11-16 18:03:17.798 D/LibBpfLoader( 684): applying relo to instruction at byte
offset: 40, insn offset 5 , insn 118
11-16 18:03:17.798 D/LibBpfLoader( 684): applying relo to instruction at byte
offset: 120, insn offset 15 , insn 118
11-16 18:03:17.798 D/LibBpfLoader( 684): applying relo to instruction at byte
offset: 200, insn offset 25 , insn 118
11-16 18:03:17.798 D/LibBpfLoader( 684): cs[0].name:tracepoint_sched_sched_switch
min_kver:0 .max_kver:ffffffff (kvers:40ebe)
11-16 18:03:17.799 I/engmode_tlc( 671): em_tlc_send_qsee : cmd is done(0x00000000)
11-16 18:03:17.800 D/LibBpfLoader( 684): bpf_prog_load lib call for
/system/etc/bpf/time_in_state.o (tracepoint_sched_sched_switch) returned fd: 16 (no
error)
11-16 18:03:17.800 D/QSEECOMAPI( 671): QSEECom_dealloc_memory
11-16 18:03:17.800 D/QSEECOMAPI( 671): QSEECom_shutdown_app, app_id = 10
11-16 18:03:17.800 D/LibBpfLoader( 684): cs[1].name:tracepoint_power_cpu_frequency
min_kver:0 .max_kver:ffffffff (kvers:40ebe)
11-16 18:03:17.800 D/LibBpfLoader( 684): bpf_prog_load lib call for
/system/etc/bpf/time_in_state.o (tracepoint_power_cpu_frequency) returned fd: 17
(no error)
11-16 18:03:17.801 I/engmode_tlc( 671): em_tlc_send_qsee : shutdown is done
11-16 18:03:17.801 I/engmode_tlc( 671): Nwd api = 0x00000000, Swd internal =
0x00000000
11-16 18:03:17.801 I/engmode_tlc( 671): Wait kill signal
11-16 18:03:17.801 I/bpfloader( 684): Loaded object:
/system/etc/bpf/time_in_state.o
11-16 18:03:17.802 I/netdClient( 686): Skipping libnetd_client init since *we* are
netd
11-16 18:03:17.804 D/LibBpfLoader( 684): Loading critical for netd ELF object
/system/etc/bpf/offload.o with license Apache 2.0
11-16 18:03:17.805 D/LibBpfLoader( 684): Loaded code section 3
(schedcls_ingress_tether_ether)
11-16 18:03:17.806 D/LibBpfLoader( 684): Loaded relo section 3
(.relschedcls/ingress/tether_ether)
11-16 18:03:17.806 D/LibBpfLoader( 684): Adding section 3 to cs list
11-16 18:03:17.806 D/LibBpfLoader( 684): Loaded code section 5
(schedcls_ingress_tether_rawip$5_4)
11-16 18:03:17.806 D/LibBpfLoader( 684): Loaded relo section 5
(.relschedcls/ingress/tether_rawip$5_4)
11-16 18:03:17.806 D/LibBpfLoader( 684): Adding section 5 to cs list
11-16 18:03:17.806 D/LibBpfLoader( 684): Loaded code section 7
(schedcls_ingress_tether_rawip$4_14)
11-16 18:03:17.806 D/LibBpfLoader( 684): Loaded relo section 7
(.relschedcls/ingress/tether_rawip$4_14)
11-16 18:03:17.806 D/LibBpfLoader( 684): Adding section 7 to cs list
11-16 18:03:17.806 D/LibBpfLoader( 684): Loaded code section 9
(schedcls_ingress_tether_rawip$stub)
11-16 18:03:17.807 D/LibBpfLoader( 684): Adding section 9 to cs list
11-16 18:03:17.807 D/LibBpfLoader( 684): bpf_create_map name tether_ingress_map,
ret: 7
11-16 18:03:17.807 D/LibBpfLoader( 684): bpf_create_map name tether_stats_map,
ret: 8
11-16 18:03:17.807 D/LibBpfLoader( 684): bpf_create_map name tether_limit_map,
ret: 9
11-16 18:03:17.807 D/LibBpfLoader( 684): map_fd found at 0 is 7 in
/system/etc/bpf/offload.o
11-16 18:03:17.807 D/LibBpfLoader( 684): map_fd found at 1 is 8 in
/system/etc/bpf/offload.o
11-16 18:03:17.807 D/LibBpfLoader( 684): map_fd found at 2 is 9 in
/system/etc/bpf/offload.o
11-16 18:03:17.807 D/LibBpfLoader( 684): applying relo to instruction at byte
offset: 304, insn offset 38 , insn 118
11-16 18:03:17.807 D/LibBpfLoader( 684): applying relo to instruction at byte
offset: 384, insn offset 48 , insn 118
11-16 18:03:17.807 D/LibBpfLoader( 684): applying relo to instruction at byte
offset: 448, insn offset 56 , insn 118
11-16 18:03:17.807 D/LibBpfLoader( 684): applying relo to instruction at byte
offset: 264, insn offset 33 , insn 118
11-16 18:03:17.807 D/LibBpfLoader( 684): applying relo to instruction at byte
offset: 344, insn offset 43 , insn 118
11-16 18:03:17.808 D/LibBpfLoader( 684): applying relo to instruction at byte
offset: 408, insn offset 51 , insn 118
11-16 18:03:17.808 D/LibBpfLoader( 684): applying relo to instruction at byte
offset: 264, insn offset 33 , insn 118
11-16 18:03:17.808 D/LibBpfLoader( 684): applying relo to instruction at byte
offset: 344, insn offset 43 , insn 118
11-16 18:03:17.808 D/LibBpfLoader( 684): applying relo to instruction at byte
offset: 408, insn offset 51 , insn 118
11-16 18:03:17.808 I/netd ( 686): netd 1.0 starting
11-16 18:03:17.808 D/LibBpfLoader( 684): bpf_prog_load lib call for
/system/etc/bpf/offload.o (schedcls_ingress_tether_ether) returned fd: 10 (no
error)
11-16 18:03:17.808 I/engmode_tlc( 671): TA reply response, pass waiting
11-16 18:03:17.808 D/LibBpfLoader( 684):
cs[1].name:schedcls_ingress_tether_rawip$5_4 min_kver:50400 .max_kver:ffffffff
(kvers:40ebe)
11-16 18:03:17.808 I/engmode_tlc( 671): Done waiting thread(isTimeOut:FALSE)
11-16 18:03:17.808 D/LibBpfLoader( 684):
cs[2].name:schedcls_ingress_tether_rawip$4_14 min_kver:40e00 .max_kver:50400
(kvers:40ebe)
11-16 18:03:17.808 I/engmode_tlc( 671): em tlc send result 0x00000000
11-16 18:03:17.808 I/engmode_tlc( 671): kill thread (537388899520)
11-16 18:03:17.808 D/LibBpfLoader( 684): bpf_prog_load lib call for
/system/etc/bpf/offload.o (schedcls_ingress_tether_rawip$4_14) returned fd: 11 (no
error)
11-16 18:03:17.808 D/LibBpfLoader( 684):
cs[3].name:schedcls_ingress_tether_rawip$stub min_kver:0 .max_kver:50400
(kvers:40ebe)
11-16 18:03:17.808 D/LibBpfLoader( 684): New bpf prog load reusing prog
/sys/fs/bpf/prog_offload_schedcls_ingress_tether_rawip, ret: 12 (no error)
11-16 18:03:17.809 I/bpfloader( 684): Loaded object: /system/etc/bpf/offload.o
11-16 18:03:17.809 I/engmode_tlc( 671): Got signal 10, tid: 537388899520
11-16 18:03:17.809 I/engmode_tlc( 671): tlc thr cleanup
11-16 18:03:17.817 I/engmode_steady( 671): ready from steady(11264)
11-16 18:03:17.823 D/TetherController( 686): Setting IP forward enable = 0
11-16 18:03:17.824 D/FirewallController( 686): Could not read /proc/self/uid_map,
max uid defaulting to 4294967294
11-16 18:03:17.828 D/IptablesRestoreController( 686): [iptables debug]iptables-
restore execute *filter
11-16 18:03:17.828 D/IptablesRestoreController( 686): :INPUT -
11-16 18:03:17.828 D/IptablesRestoreController( 686): -F INPUT
11-16 18:03:17.828 D/IptablesRestoreController( 686): :bw_INPUT -
11-16 18:03:17.828 D/IptablesRestoreController( 686): -A INPUT -j bw_INPUT
11-16 18:03:17.828 D/IptablesRestoreController( 686): :fw_INPUT -
11-16 18:03:17.828 D/IptablesRestoreController( 686): -A INPUT -j fw_INPUT
11-16 18:03:17.828 D/IptablesRestoreController( 686): COMMIT
11-16 18:03:17.828 I/engmode_steady( 671): ready from steady(69632)
11-16 18:03:17.829 I/engmode_world( 671): No server time
11-16 18:03:17.829 I/engmode_tlc( 671): EM version = 30.1.02
11-16 18:03:17.829 I/engmode_tlc( 671): EM C/C : 00000003/00000002
11-16 18:03:17.829 I/engmode_tlc( 671): TA Thread is running(537388899520/0)
11-16 18:03:17.829 I/engmode_tlc( 671): em_tlc_send_qsee : Try load app
11-16 18:03:17.829 D/QSEECOMAPI( 671): QSEECom_get_handle sb_length = 0x2e5c0
11-16 18:03:17.850 D/IptablesRestoreController( 686): [iptables debug]iptables-
restore execute done, res : 0
11-16 18:03:17.850 D/IptablesRestoreController( 686): [iptables debug]iptables-
restore execute *filter
11-16 18:03:17.850 D/IptablesRestoreController( 686): :FORWARD -
11-16 18:03:17.850 D/IptablesRestoreController( 686): -F FORWARD
11-16 18:03:17.850 D/IptablesRestoreController( 686): :oem_fwd -
11-16 18:03:17.850 D/IptablesRestoreController( 686): -A FORWARD -j oem_fwd
11-16 18:03:17.850 D/IptablesRestoreController( 686): :fw_FORWARD -
11-16 18:03:17.850 D/IptablesRestoreController( 686): -A FORWARD -j fw_FORWARD
11-16 18:03:17.850 D/IptablesRestoreController( 686): :bw_FORWARD -
11-16 18:03:17.850 D/IptablesRestoreController( 686): -A FORWARD -j bw_FORWARD
11-16 18:03:17.850 D/IptablesRestoreController( 686): :tetherctrl_FORWARD -
11-16 18:03:17.850 D/IptablesRestoreController( 686): -A FORWARD -j
tetherctrl_FORWARD
11-16 18:03:17.850 D/IptablesRestoreController( 686): COMMIT
11-16 18:03:17.850 D/QSEECOMAPI( 671): App is not loaded in QSEE
11-16 18:03:17.850 D/QSEECOMAPI( 671): app_arch = 1, total_files = 9
11-16 18:03:17.852 D/IptablesRestoreController( 686): [iptables debug]iptables-
restore execute done, res : 0
11-16 18:03:17.852 D/IptablesRestoreController( 686): [iptables debug]iptables-
restore execute *raw
11-16 18:03:17.852 D/IptablesRestoreController( 686): :PREROUTING -
11-16 18:03:17.852 D/IptablesRestoreController( 686): -F PREROUTING
11-16 18:03:17.852 D/IptablesRestoreController( 686): :clat_raw_PREROUTING -
11-16 18:03:17.852 D/IptablesRestoreController( 686): -A PREROUTING -j
clat_raw_PREROUTING
11-16 18:03:17.852 D/IptablesRestoreController( 686): :bw_raw_PREROUTING -
11-16 18:03:17.852 D/IptablesRestoreController( 686): -A PREROUTING -j
bw_raw_PREROUTING
11-16 18:03:17.852 D/IptablesRestoreController( 686): :idletimer_raw_PREROUTING -
11-16 18:03:17.852 D/IptablesRestoreController( 686): -A PREROUTING -j
idletimer_raw_PREROUTING
11-16 18:03:17.852 D/IptablesRestoreController( 686): :tetherctrl_raw_PREROUTING -
11-16 18:03:17.852 D/IptablesRestoreController( 686): -A PREROUTING -j
tetherctrl_raw_PREROUTING
11-16 18:03:17.852 D/IptablesRestoreController( 686): COMMIT
11-16 18:03:17.853 D/IptablesRestoreController( 686): [iptables debug]iptables-
restore execute done, res : 0
11-16 18:03:17.853 D/IptablesRestoreController( 686): [iptables debug]iptables-
restore execute *mangle
11-16 18:03:17.853 D/IptablesRestoreController( 686): :FORWARD -
11-16 18:03:17.853 D/IptablesRestoreController( 686): -F FORWARD
11-16 18:03:17.853 D/IptablesRestoreController( 686): :tetherctrl_mangle_FORWARD -
11-16 18:03:17.853 D/IptablesRestoreController( 686): -A FORWARD -j
tetherctrl_mangle_FORWARD
11-16 18:03:17.853 D/IptablesRestoreController( 686): COMMIT
11-16 18:03:17.854 D/IptablesRestoreController( 686): [iptables debug]iptables-
restore execute done, res : 0
11-16 18:03:17.854 D/IptablesRestoreController( 686): [iptables debug]iptables-
restore execute *mangle
11-16 18:03:17.854 D/IptablesRestoreController( 686): :INPUT -
11-16 18:03:17.854 D/IptablesRestoreController( 686): -F INPUT
11-16 18:03:17.854 D/IptablesRestoreController( 686): :wakeupctrl_mangle_INPUT -
11-16 18:03:17.854 D/IptablesRestoreController( 686): -A INPUT -j
wakeupctrl_mangle_INPUT
11-16 18:03:17.854 D/IptablesRestoreController( 686): :routectrl_mangle_INPUT -
11-16 18:03:17.854 D/IptablesRestoreController( 686): -A INPUT -j
routectrl_mangle_INPUT
11-16 18:03:17.854 D/IptablesRestoreController( 686): COMMIT
11-16 18:03:17.855 D/IptablesRestoreController( 686): [iptables debug]iptables-
restore execute done, res : 0
11-16 18:03:17.855 D/IptablesRestoreController( 686): [iptables debug]iptables-
restore execute *nat
11-16 18:03:17.855 D/IptablesRestoreController( 686): :PREROUTING -
11-16 18:03:17.855 D/IptablesRestoreController( 686): -F PREROUTING
11-16 18:03:17.855 D/IptablesRestoreController( 686): :oem_nat_pre -
11-16 18:03:17.855 D/IptablesRestoreController( 686): -A PREROUTING -j oem_nat_pre
11-16 18:03:17.855 D/IptablesRestoreController( 686): :tetherctrl_nat_PREROUTING -
11-16 18:03:17.855 D/IptablesRestoreController( 686): -A PREROUTING -j
tetherctrl_nat_PREROUTING
11-16 18:03:17.855 D/IptablesRestoreController( 686): COMMIT
11-16 18:03:17.855 D/IptablesRestoreController( 686): [iptables debug]iptables-
restore execute done, res : 0
11-16 18:03:17.855 D/IptablesRestoreController( 686): [iptables debug]iptables-
restore execute *nat
11-16 18:03:17.855 D/IptablesRestoreController( 686): :POSTROUTING -
11-16 18:03:17.855 D/IptablesRestoreController( 686): -F POSTROUTING
11-16 18:03:17.855 D/IptablesRestoreController( 686): :tetherctrl_nat_POSTROUTING
-
11-16 18:03:17.855 D/IptablesRestoreController( 686): -A POSTROUTING -j
tetherctrl_nat_POSTROUTING
11-16 18:03:17.855 D/IptablesRestoreController( 686): COMMIT
11-16 18:03:17.856 D/IptablesRestoreController( 686): [iptables debug]iptables-
restore execute done, res : 0
11-16 18:03:17.857 D/IptablesRestoreController( 686): [iptables debug]iptables-
restore execute *filter
11-16 18:03:17.857 D/IptablesRestoreController( 686): -S OUTPUT
11-16 18:03:17.857 D/IptablesRestoreController( 686): COMMIT
11-16 18:03:17.857 D/IptablesRestoreController( 686): [iptables debug]iptables-
restore execute done, res : 0
11-16 18:03:17.857 D/IptablesRestoreController( 686): [iptables debug]iptables-
restore execute *filter
11-16 18:03:17.857 D/IptablesRestoreController( 686): :oem_out -
11-16 18:03:17.857 D/IptablesRestoreController( 686): -A OUTPUT -j oem_out
11-16 18:03:17.857 D/IptablesRestoreController( 686): :fw_OUTPUT -
11-16 18:03:17.857 D/IptablesRestoreController( 686): -A OUTPUT -j fw_OUTPUT
11-16 18:03:17.857 D/IptablesRestoreController( 686): :st_OUTPUT -
11-16 18:03:17.857 D/IptablesRestoreController( 686): -A OUTPUT -j st_OUTPUT
11-16 18:03:17.857 D/IptablesRestoreController( 686): :bw_OUTPUT -
11-16 18:03:17.857 D/IptablesRestoreController( 686): -A OUTPUT -j bw_OUTPUT
11-16 18:03:17.857 D/IptablesRestoreController( 686): COMMIT
11-16 18:03:17.858 D/IptablesRestoreController( 686): [iptables debug]iptables-
restore execute done, res : 0
11-16 18:03:17.858 D/IptablesRestoreController( 686): [iptables debug]iptables-
restore execute *filter
11-16 18:03:17.858 D/IptablesRestoreController( 686): -S OUTPUT
11-16 18:03:17.858 D/IptablesRestoreController( 686): COMMIT
11-16 18:03:17.858 D/IptablesRestoreController( 686): [iptables debug]iptables-
restore execute done, res : 0
11-16 18:03:17.858 D/IptablesRestoreController( 686): [iptables debug]iptables-
restore execute *filter
11-16 18:03:17.858 D/IptablesRestoreController( 686): :oem_out -
11-16 18:03:17.858 D/IptablesRestoreController( 686): -A OUTPUT -j oem_out
11-16 18:03:17.858 D/IptablesRestoreController( 686): :fw_OUTPUT -
11-16 18:03:17.858 D/IptablesRestoreController( 686): -A OUTPUT -j fw_OUTPUT
11-16 18:03:17.858 D/IptablesRestoreController( 686): :st_OUTPUT -
11-16 18:03:17.858 D/IptablesRestoreController( 686): -A OUTPUT -j st_OUTPUT
11-16 18:03:17.858 D/IptablesRestoreController( 686): :bw_OUTPUT -
11-16 18:03:17.858 D/IptablesRestoreController( 686): -A OUTPUT -j bw_OUTPUT
11-16 18:03:17.858 D/IptablesRestoreController( 686): COMMIT
11-16 18:03:17.859 D/IptablesRestoreController( 686): [iptables debug]iptables-
restore execute done, res : 0
11-16 18:03:17.859 D/IptablesRestoreController( 686): [iptables debug]iptables-
restore execute *mangle
11-16 18:03:17.859 D/IptablesRestoreController( 686): -S POSTROUTING
11-16 18:03:17.859 D/IptablesRestoreController( 686): COMMIT
11-16 18:03:17.859 D/IptablesRestoreController( 686): [iptables debug]iptables-
restore execute done, res : 0
11-16 18:03:17.859 D/IptablesRestoreController( 686): [iptables debug]iptables-
restore execute *mangle
11-16 18:03:17.859 D/IptablesRestoreController( 686): :oem_mangle_post -
11-16 18:03:17.859 D/IptablesRestoreController( 686): -A POSTROUTING -j
oem_mangle_post
11-16 18:03:17.859 D/IptablesRestoreController( 686): :bw_mangle_POSTROUTING -
11-16 18:03:17.859 D/IptablesRestoreController( 686): -A POSTROUTING -j
bw_mangle_POSTROUTING
11-16 18:03:17.859 D/IptablesRestoreController( 686):
:idletimer_mangle_POSTROUTING -
11-16 18:03:17.859 D/IptablesRestoreController( 686): -A POSTROUTING -j
idletimer_mangle_POSTROUTING
11-16 18:03:17.859 D/IptablesRestoreController( 686): COMMIT
11-16 18:03:17.860 D/IptablesRestoreController( 686): [iptables debug]iptables-
restore execute done, res : 0
11-16 18:03:17.860 D/IptablesRestoreController( 686): [iptables debug]iptables-
restore execute *mangle
11-16 18:03:17.860 D/IptablesRestoreController( 686): -S POSTROUTING
11-16 18:03:17.860 D/IptablesRestoreController( 686): COMMIT
11-16 18:03:17.860 D/IptablesRestoreController( 686): [iptables debug]iptables-
restore execute done, res : 0
11-16 18:03:17.860 D/IptablesRestoreController( 686): [iptables debug]iptables-
restore execute *mangle
11-16 18:03:17.860 D/IptablesRestoreController( 686): :oem_mangle_post -
11-16 18:03:17.860 D/IptablesRestoreController( 686): -A POSTROUTING -j
oem_mangle_post
11-16 18:03:17.860 D/IptablesRestoreController( 686): :bw_mangle_POSTROUTING -
11-16 18:03:17.860 D/IptablesRestoreController( 686): -A POSTROUTING -j
bw_mangle_POSTROUTING
11-16 18:03:17.860 D/IptablesRestoreController( 686):
:idletimer_mangle_POSTROUTING -
11-16 18:03:17.860 D/IptablesRestoreController( 686): -A POSTROUTING -j
idletimer_mangle_POSTROUTING
11-16 18:03:17.860 D/IptablesRestoreController( 686): COMMIT
11-16 18:03:17.861 D/IptablesRestoreController( 686): [iptables debug]iptables-
restore execute done, res : 0
11-16 18:03:17.861 I/netd ( 686): Creating child chains: 33019us
11-16 18:03:17.861 I/netd ( 686): Setting up OEM hooks: 133us
11-16 18:03:17.861 D/IptablesRestoreController( 686): [iptables debug]iptables-
restore execute *filter
11-16 18:03:17.861 D/IptablesRestoreController( 686): :input_dos -
11-16 18:03:17.861 D/IptablesRestoreController( 686): -A INPUT -j input_dos
11-16 18:03:17.861 D/IptablesRestoreController( 686): COMMIT
11-16 18:03:17.863 D/IptablesRestoreController( 686): [iptables debug]iptables-
restore execute done, res : 0
11-16 18:03:17.863 D/IptablesRestoreController( 686): [iptables debug]iptables-
restore execute *filter
11-16 18:03:17.863 D/IptablesRestoreController( 686): :input_dos -
11-16 18:03:17.863 D/IptablesRestoreController( 686): -A input_dos -p tcp -m
conntrack --ctstate NEW -m limit --limit 50/sec --limit-burst 50 -j ACCEPT
11-16 18:03:17.863 D/IptablesRestoreController( 686): -A input_dos -p tcp -m
conntrack --ctstate NEW -j DROP
11-16 18:03:17.863 D/IptablesRestoreController( 686): COMMIT
11-16 18:03:17.870 D/IptablesRestoreController( 686): [iptables debug]iptables-
restore execute done, res : 0
11-16 18:03:17.870 I/netd ( 686): Setting up FirewallController hooks: 8991us
11-16 18:03:17.870 D/IptablesRestoreController( 686): [iptables debug]iptables-
restore execute *filter
11-16 18:03:17.870 D/IptablesRestoreController( 686): :tetherctrl_FORWARD -
11-16 18:03:17.870 D/IptablesRestoreController( 686): -A tetherctrl_FORWARD -j
DROP
11-16 18:03:17.870 D/IptablesRestoreController( 686): COMMIT
11-16 18:03:17.870 D/IptablesRestoreController( 686): *nat
11-16 18:03:17.870 D/IptablesRestoreController( 686): :tetherctrl_nat_POSTROUTING
-
11-16 18:03:17.870 D/IptablesRestoreController( 686): :tetherctrl_nat_PREROUTING -
11-16 18:03:17.870 D/IptablesRestoreController( 686): COMMIT
11-16 18:03:17.870 D/IptablesRestoreController( 686): [iptables debug]iptables-
restore execute done, res : 0
11-16 18:03:17.870 D/IptablesRestoreController( 686): [iptables debug]iptables-
restore execute *filter
11-16 18:03:17.870 D/IptablesRestoreController( 686): :tetherctrl_FORWARD -
11-16 18:03:17.870 D/IptablesRestoreController( 686): COMMIT
11-16 18:03:17.870 D/IptablesRestoreController( 686): *raw
11-16 18:03:17.870 D/IptablesRestoreController( 686): :tetherctrl_raw_PREROUTING -
11-16 18:03:17.870 D/IptablesRestoreController( 686): COMMIT
11-16 18:03:17.871 D/IptablesRestoreController( 686): [iptables debug]iptables-
restore execute done, res : 0
11-16 18:03:17.871 D/IptablesRestoreController( 686): [iptables debug]iptables-
restore execute *mangle
11-16 18:03:17.871 D/IptablesRestoreController( 686): -A tetherctrl_mangle_FORWARD
-p tcp --tcp-flags SYN SYN -j TCPMSS --clamp-mss-to-pmtu
11-16 18:03:17.871 D/IptablesRestoreController( 686): COMMIT
11-16 18:03:17.871 D/IptablesRestoreController( 686): [iptables debug]iptables-
restore execute done, res : 0
11-16 18:03:17.871 D/IptablesRestoreController( 686): [iptables debug]iptables-
restore execute *filter
11-16 18:03:17.871 D/IptablesRestoreController( 686): :tetherctrl_counters -
11-16 18:03:17.871 D/IptablesRestoreController( 686): COMMIT
11-16 18:03:17.872 D/IptablesRestoreController( 686): [iptables debug]iptables-
restore execute done, res : 0
11-16 18:03:17.872 I/netd ( 686): Setting up TetherController hooks: 2526us
11-16 18:03:17.872 D/IptablesRestoreController( 686): [iptables debug]iptables-
restore execute *filter
11-16 18:03:17.872 D/IptablesRestoreController( 686): -S
11-16 18:03:17.872 D/IptablesRestoreController( 686): COMMIT
11-16 18:03:17.872 I/ServiceManager( 685): Waiting for service 'statscompanion' on
'/dev/binder'...
11-16 18:03:17.873 D/IptablesRestoreController( 686): [iptables debug]iptables-
restore execute done, res : 0
11-16 18:03:17.873 D/IptablesRestoreController( 686): [iptables debug]iptables-
restore execute *filter
11-16 18:03:17.873 D/IptablesRestoreController( 686): :bw_INPUT -
11-16 18:03:17.873 D/IptablesRestoreController( 686): :bw_OUTPUT -
11-16 18:03:17.873 D/IptablesRestoreController( 686): :bw_FORWARD -
11-16 18:03:17.873 D/IptablesRestoreController( 686): :bw_happy_box -
11-16 18:03:17.873 D/IptablesRestoreController( 686): :bw_penalty_box -
11-16 18:03:17.873 D/IptablesRestoreController( 686): :bw_data_saver -
11-16 18:03:17.873 D/IptablesRestoreController( 686): :bw_costly_shared -
11-16 18:03:17.873 D/IptablesRestoreController( 686): :bw_global_alert -
11-16 18:03:17.873 D/IptablesRestoreController( 686): :bw_foc_box -
11-16 18:03:17.873 D/IptablesRestoreController( 686): COMMIT
11-16 18:03:17.873 D/IptablesRestoreController( 686): *raw
11-16 18:03:17.873 D/IptablesRestoreController( 686): :bw_raw_PREROUTING -
11-16 18:03:17.873 D/IptablesRestoreController( 686): COMMIT
11-16 18:03:17.873 D/IptablesRestoreController( 686): *mangle
11-16 18:03:17.873 D/IptablesRestoreController( 686): :bw_mangle_POSTROUTING -
11-16 18:03:17.873 D/IptablesRestoreController( 686): COMMIT
11-16 18:03:17.876 D/IptablesRestoreController( 686): [iptables debug]iptables-
restore execute done, res : 0
11-16 18:03:17.876 I/netd ( 686): Setting up BandwidthController hooks: 3599us
11-16 18:03:17.876 I/netd ( 686): Setting up IdletimerController hooks: 135us
11-16 18:03:17.876 D/IptablesRestoreController( 686): [iptables debug]iptables-
restore execute *filter
11-16 18:03:17.876 D/IptablesRestoreController( 686): :st_OUTPUT -
11-16 18:03:17.876 D/IptablesRestoreController( 686): :st_penalty_log -
11-16 18:03:17.876 D/IptablesRestoreController( 686): :st_penalty_reject -
11-16 18:03:17.876 D/IptablesRestoreController( 686): :st_clear_caught -
11-16 18:03:17.876 D/IptablesRestoreController( 686): :st_clear_detect -
11-16 18:03:17.876 D/IptablesRestoreController( 686): COMMIT
11-16 18:03:17.878 D/IptablesRestoreController( 686): [iptables debug]iptables-
restore execute done, res : 0
11-16 18:03:17.878 D/IptablesRestoreController( 686): [iptables debug]iptables-
restore execute *filter
11-16 18:03:17.878 D/IptablesRestoreController( 686): -A st_penalty_log -j
CONNMARK --or-mark 0x1000000
11-16 18:03:17.878 D/IptablesRestoreController( 686): -A st_penalty_log -j NFLOG
--nflog-group 0
11-16 18:03:17.878 D/IptablesRestoreController( 686): -A st_penalty_reject -j
CONNMARK --or-mark 0x2000000
11-16 18:03:17.878 D/IptablesRestoreController( 686): -A st_penalty_reject -j
NFLOG --nflog-group 0
11-16 18:03:17.878 D/IptablesRestoreController( 686): -A st_penalty_reject -j
REJECT
11-16 18:03:17.878 D/IptablesRestoreController( 686): -A st_clear_detect -m
connmark --mark 0x2000000/0x2000000 -j REJECT
11-16 18:03:17.878 D/IptablesRestoreController( 686): -A st_clear_detect -m
connmark --mark 0x1000000/0x1000000 -j RETURN
11-16 18:03:17.878 D/IptablesRestoreController( 686): -A st_clear_detect -p tcp -m
u32 --u32 "0>>22&0x3C@ 12>>26&0x3C@ 0&0xFFFF0000=0x16030000 &&0>>22&0x3C@
12>>26&0x3C@ 4&0x00FF0000=0x00010000" -j CONNMARK --or-mark 0x1000000
11-16 18:03:17.878 D/IptablesRestoreController( 686): -A st_clear_detect -p udp -m
u32 --u32 "0>>22&0x3C@ 8&0xFFFF0000=0x16FE0000 &&0>>22&0x3C@
20&0x00FF0000=0x00010000" -j CONNMARK --or-mark 0x1000000
11-16 18:03:17.878 D/IptablesRestoreController( 686): -A st_clear_detect -m
connmark --mark 0x1000000/0x1000000 -j RETURN
11-16 18:03:17.878 D/IptablesRestoreController( 686): -A st_clear_detect -p tcp -m
state --state ESTABLISHED -m u32 --u32 "0>>22&0x3C@ 12>>26&0x3C@ 0&0x0=0x0" -j
st_clear_caught
11-16 18:03:17.878 D/IptablesRestoreController( 686): -A st_clear_detect -p udp -j
st_clear_caught
11-16 18:03:17.878 D/IptablesRestoreController( 686): COMMIT
11-16 18:03:17.879 I/engmode_tlc( 671): Wait for ta response(50/3000)
11-16 18:03:17.880 D/IptablesRestoreController( 686): [iptables debug]iptables-
restore execute done, res : 0
11-16 18:03:17.880 D/IptablesRestoreController( 686): [iptables debug]iptables-
restore execute *filter
11-16 18:03:17.880 D/IptablesRestoreController( 686): -A st_penalty_log -j
CONNMARK --or-mark 0x1000000
11-16 18:03:17.880 D/IptablesRestoreController( 686): -A st_penalty_log -j NFLOG
--nflog-group 0
11-16 18:03:17.880 D/IptablesRestoreController( 686): -A st_penalty_reject -j
CONNMARK --or-mark 0x2000000
11-16 18:03:17.880 D/IptablesRestoreController( 686): -A st_penalty_reject -j
NFLOG --nflog-group 0
11-16 18:03:17.880 D/IptablesRestoreController( 686): -A st_penalty_reject -j
REJECT
11-16 18:03:17.880 D/IptablesRestoreController( 686): -A st_clear_detect -m
connmark --mark 0x2000000/0x2000000 -j REJECT
11-16 18:03:17.880 D/IptablesRestoreController( 686): -A st_clear_detect -m
connmark --mark 0x1000000/0x1000000 -j RETURN
11-16 18:03:17.880 D/IptablesRestoreController( 686): -A st_clear_detect -p tcp -m
u32 --u32 "52>>26&0x3C@ 40&0xFFFF0000=0x16030000 &&52>>26&0x3C@
44&0x00FF0000=0x00010000" -j CONNMARK --or-mark 0x1000000
11-16 18:03:17.880 D/IptablesRestoreController( 686): -A st_clear_detect -p udp -m
u32 --u32 "48&0xFFFF0000=0x16FE0000 &&60&0x00FF0000=0x00010000" -j CONNMARK --or-
mark 0x1000000
11-16 18:03:17.880 D/IptablesRestoreController( 686): -A st_clear_detect -m
connmark --mark 0x1000000/0x1000000 -j RETURN
11-16 18:03:17.880 D/IptablesRestoreController( 686): -A st_clear_detect -p tcp -m
state --state ESTABLISHED -m u32 --u32 "52>>26&0x3C@ 40&0x0=0x0" -j st_clear_caught
11-16 18:03:17.880 D/IptablesRestoreController( 686): -A st_clear_detect -p udp -j
st_clear_caught
11-16 18:03:17.880 D/IptablesRestoreController( 686): COMMIT
11-16 18:03:17.883 D/IptablesRestoreController( 686): [iptables debug]iptables-
restore execute done, res : 0
11-16 18:03:17.883 I/netd ( 686): Setting up StrictController hooks: 6781us
11-16 18:03:17.883 D/IptablesRestoreController( 686): [iptables debug]iptables-
restore execute *nat
11-16 18:03:17.883 D/IptablesRestoreController( 686): :mec_nat_OUTPUT -
11-16 18:03:17.883 D/IptablesRestoreController( 686): COMMIT
11-16 18:03:17.884 D/IptablesRestoreController( 686): [iptables debug]iptables-
restore execute done, res : 0
11-16 18:03:17.885 I/netd ( 686): Setting up MecController::makeMecChain()
hooks: 1609us
11-16 18:03:17.885 D/IptablesRestoreController( 686): [iptables debug]iptables-
restore execute *filter
11-16 18:03:17.885 D/IptablesRestoreController( 686): :limit -
11-16 18:03:17.885 D/IptablesRestoreController( 686): -A limit -p tcp ! --tcp-
flags FIN,SYN,RST NONE -j RETURN
11-16 18:03:17.885 D/IptablesRestoreController( 686): -A limit -p tcp --tcp-flags
ACK ACK -m length --length 0:53 -j RETURN
11-16 18:03:17.885 D/IptablesRestoreController( 686): -A limit -p tcp --dport 53
-j RETURN
11-16 18:03:17.885 D/IptablesRestoreController( 686): -A limit -p udp --dport 53
-j RETURN
11-16 18:03:17.885 D/IptablesRestoreController( 686): -A INPUT -p all -j limit
11-16 18:03:17.885 D/IptablesRestoreController( 686): COMMIT
11-16 18:03:17.889 D/IptablesRestoreController( 686): [iptables debug]iptables-
restore execute done, res : 0
11-16 18:03:17.889 I/netd ( 686): Setting up NetlimitControl hooks: 4821us
11-16 18:03:17.889 I/ClatdController( 686): 4.9+ kernel and device shipped with P
clat ebpf might work.
11-16 18:03:17.889 I/netd ( 686): Initializing ClatdController: 122us
11-16 18:03:17.891 I/netd ( 686): Initializing traffic control: 1225us
11-16 18:03:17.891 D/IptablesRestoreController( 686): [iptables debug]iptables-
restore execute *filter
11-16 18:03:17.891 D/IptablesRestoreController( 686): -S
11-16 18:03:17.891 D/IptablesRestoreController( 686): COMMIT
11-16 18:03:17.892 D/IptablesRestoreController( 686): [iptables debug]iptables-
restore execute done, res : 0
11-16 18:03:17.892 D/IptablesRestoreController( 686): [iptables debug]iptables-
restore execute *filter
11-16 18:03:17.892 D/IptablesRestoreController( 686): :bw_INPUT -
11-16 18:03:17.892 D/IptablesRestoreController( 686): :bw_OUTPUT -
11-16 18:03:17.892 D/IptablesRestoreController( 686): :bw_FORWARD -
11-16 18:03:17.892 D/IptablesRestoreController( 686): :bw_happy_box -
11-16 18:03:17.892 D/IptablesRestoreController( 686): :bw_penalty_box -
11-16 18:03:17.892 D/IptablesRestoreController( 686): :bw_data_saver -
11-16 18:03:17.892 D/IptablesRestoreController( 686): :bw_costly_shared -
11-16 18:03:17.892 D/IptablesRestoreController( 686): :bw_global_alert -
11-16 18:03:17.892 D/IptablesRestoreController( 686): :bw_foc_box -
11-16 18:03:17.892 D/IptablesRestoreController( 686): COMMIT
11-16 18:03:17.892 D/IptablesRestoreController( 686): *raw
11-16 18:03:17.892 D/IptablesRestoreController( 686): :bw_raw_PREROUTING -
11-16 18:03:17.892 D/IptablesRestoreController( 686): COMMIT
11-16 18:03:17.892 D/IptablesRestoreController( 686): *mangle
11-16 18:03:17.892 D/IptablesRestoreController( 686): :bw_mangle_POSTROUTING -
11-16 18:03:17.892 D/IptablesRestoreController( 686): COMMIT
11-16 18:03:17.894 D/IptablesRestoreController( 686): [iptables debug]iptables-
restore execute done, res : 0
11-16 18:03:17.895 D/IptablesRestoreController( 686): [iptables debug]iptables-
restore execute *filter
11-16 18:03:17.895 D/IptablesRestoreController( 686): -A bw_INPUT -j
bw_global_alert
11-16 18:03:17.895 D/IptablesRestoreController( 686): -A bw_INPUT -p esp -j RETURN
11-16 18:03:17.895 D/IptablesRestoreController( 686): -A bw_INPUT -m mark --mark
0x100000/0x100000 -j RETURN
11-16 18:03:17.895 D/IptablesRestoreController( 686):
11-16 18:03:17.895 D/IptablesRestoreController( 686): -A bw_INPUT -j MARK --or-
mark 0x100000
11-16 18:03:17.895 D/IptablesRestoreController( 686): -A bw_OUTPUT -j
bw_global_alert
11-16 18:03:17.895 D/IptablesRestoreController( 686):
11-16 18:03:17.895 D/IptablesRestoreController( 686):
11-16 18:03:17.895 D/IptablesRestoreController( 686):
11-16 18:03:17.895 D/IptablesRestoreController( 686):
11-16 18:03:17.895 D/IptablesRestoreController( 686): -A bw_costly_shared -j
bw_penalty_box
11-16 18:03:17.895 D/IptablesRestoreController( 686): -I bw_penalty_box -m bpf
--object-pinned /sys/fs/bpf/prog_netd_skfilter_blacklist_xtbpf -j REJECT
11-16 18:03:17.895 D/IptablesRestoreController( 686): -A bw_penalty_box -j
bw_happy_box
11-16 18:03:17.895 D/IptablesRestoreController( 686): -A bw_happy_box -j
bw_data_saver
11-16 18:03:17.895 D/IptablesRestoreController( 686): -A bw_data_saver -j RETURN
11-16 18:03:17.895 D/IptablesRestoreController( 686): -I bw_happy_box -m bpf
--object-pinned /sys/fs/bpf/prog_netd_skfilter_whitelist_xtbpf -j RETURN
11-16 18:03:17.895 D/IptablesRestoreController( 686): COMMIT
11-16 18:03:17.895 D/IptablesRestoreController( 686): *raw
11-16 18:03:17.895 D/IptablesRestoreController( 686): -A bw_raw_PREROUTING -i
ipsec+ -j RETURN
11-16 18:03:17.895 D/IptablesRestoreController( 686): -A bw_raw_PREROUTING -m
policy --pol ipsec --dir in -j RETURN
11-16 18:03:17.895 D/IptablesRestoreController( 686): -A bw_raw_PREROUTING -m bpf
--object-pinned /sys/fs/bpf/prog_netd_skfilter_ingress_xtbpf
11-16 18:03:17.895 D/IptablesRestoreController( 686): COMMIT
11-16 18:03:17.895 D/IptablesRestoreController( 686): *mangle
11-16 18:03:17.895 D/IptablesRestoreController( 686): -A bw_mangle_POSTROUTING -o
ipsec+ -j RETURN
11-16 18:03:17.895 D/IptablesRestoreController( 686): -A bw_mangle_POSTROUTING -m
policy --pol ipsec --dir out -j RETURN
11-16 18:03:17.895 D/IptablesRestoreController( 686): -A bw_mangle_POSTROUTING -j
MARK --set-mark 0x0/0x100000
11-16 18:03:17.895 D/IptablesRestoreController( 686): -A bw_mangle_POSTROUTING -m
owner --uid-owner clat -j RETURN
11-16 18:03:17.895 D/IptablesRestoreController( 686): -A bw_ma
11-16 18:03:17.899 D/IptablesRestoreController( 686): [iptables debug]iptables-
restore execute done, res : 0
11-16 18:03:17.899 I/netd ( 686): Enabling bandwidth control: 8226us
11-16 18:03:17.902 I/netd ( 686): Initializing RouteController: 3212us
11-16 18:03:17.902 D/XfrmController( 686): XfrmController::ipSecAddXfrmInterface,
line=1377
11-16 18:03:17.903 D/XfrmController( 686):
XfrmController::ipSecRemoveTunnelInterface, line=1590
11-16 18:03:17.903 D/XfrmController( 686): deviceName=ipsec_test
11-16 18:03:17.929 I/engmode_tlc( 671): Wait for ta response(100/3000)
11-16 18:03:17.966 I/BOOT ( 716): MSM target '', SoC 'IDP', HwID '355', SoC ver
'65536'
11-16 18:03:17.973 I/ServiceManager( 685): Waiting for service 'statscompanion' on
'/dev/binder'...
11-16 18:03:17.979 I/engmode_tlc( 671): Wait for ta response(150/3000)
11-16 18:03:18.007 D/QSEECOMAPI( 671): Loaded image: APP id = 11
11-16 18:03:18.007 I/engmode_tlc( 671): em_tlc_send_qsee : Loading app is done
11-16 18:03:18.014 D/XfrmController( 686): Sending Netlink XFRM Message:
XFRM_MSG_FLUSHSA
11-16 18:03:18.014 D/XfrmController( 686): Sending Netlink XFRM Message:
XFRM_MSG_FLUSHPOLICY
11-16 18:03:18.014 I/netd ( 686): Initializing XfrmController: 112226us
11-16 18:03:18.018 I/libnetd_resolv( 686): resolv_init: Initializing resolver
11-16 18:03:18.020 I/servicemanager( 557): Adding 'u:r:netd:s0' service
(dnsresolver:686)
11-16 18:03:18.022 I/servicemanager( 557): Adding 'u:r:netd:s0' service (netd:686)
11-16 18:03:18.029 I/engmode_tlc( 671): Wait for ta response(200/3000)
11-16 18:03:18.044 I/vaultkeeper( 649): There is no
property(ro.factory.factory_binary)
11-16 18:03:18.044 I/VaultKeeper_COMMON( 649): VK 4.1.9 [Client]
/vendor/bin/vaultkeeperd. => [Vault] VK. [CMD NO.] 316
11-16 18:03:18.044 I/VaultKeeper_COMMON( 649): [CMD:INITIALIZE]
11-16 18:03:18.046 D/QSEECOMAPI( 649): QSEECom_get_handle sb_length = 0x1ae40
11-16 18:03:18.073 I/ServiceManager( 685): Waiting for service 'statscompanion' on
'/dev/binder'...
11-16 18:03:18.080 I/engmode_tlc( 671): Wait for ta response(250/3000)
11-16 18:03:18.084 I/engmode_tlc( 671): em_tlc_send_qsee : cmd is done(0x00000000)
11-16 18:03:18.085 D/QSEECOMAPI( 649): App is not loaded in QSEE
11-16 18:03:18.085 D/QSEECOMAPI( 671): QSEECom_dealloc_memory
11-16 18:03:18.085 D/QSEECOMAPI( 671): QSEECom_shutdown_app, app_id = 11
11-16 18:03:18.086 D/QSEECOMAPI( 649): app_arch = 1, total_files = 9
11-16 18:03:18.086 I/engmode_tlc( 671): em_tlc_send_qsee : shutdown is done
11-16 18:03:18.086 I/engmode_tlc( 671): Nwd api = 0x00000000, Swd internal =
0xf02d0010
11-16 18:03:18.086 I/engmode_tlc( 671): Wait kill signal
11-16 18:03:18.087 E/ion ( 649): ioctl c0044901 failed with code -1:
Inappropriate ioctl for device
11-16 18:03:18.130 I/engmode_tlc( 671): TA reply response, pass waiting
11-16 18:03:18.130 I/engmode_tlc( 671): Done waiting thread(isTimeOut:FALSE)
11-16 18:03:18.130 I/engmode_tlc( 671): em tlc send result 0x00000000
11-16 18:03:18.130 I/engmode_tlc( 671): kill thread (537388899520)
11-16 18:03:18.130 I/engmode_tlc( 671): Got signal 10, tid: 537388899520
11-16 18:03:18.130 I/engmode_tlc( 671): tlc thr cleanup
11-16 18:03:18.130 E/engmode_world( 671): Failed emIsTokenInstalled(0xf02d0010)
11-16 18:03:18.130 I/engmode_binder_server( 671): VERSION = 20/0xf02d0010
11-16 18:03:18.130 I/engmode_cache_list( 671): clist created(20)
11-16 18:03:18.130 I/engmode_binder_server( 671): Notify To Cp count (0)
11-16 18:03:18.131 E/engmode_ril_command( 671): Failed to Connect_RILD, ret : 4
11-16 18:03:18.131 E/engmode_ril_command( 671): Connect to fail(-803209197).
11-16 18:03:18.131 I/engmode_binder_server( 671): Notify To Cp count (1)
11-16 18:03:18.131 E/engmode_ril_command( 671): Failed to Connect_RILD, ret : 4
11-16 18:03:18.131 E/engmode_ril_command( 671): Connect to fail(-803209197).
11-16 18:03:18.131 I/engmode_binder_server( 671): Notify To Cp count (2)
11-16 18:03:18.131 E/engmode_ril_command( 671): Failed to Connect_RILD, ret : 4
11-16 18:03:18.131 E/engmode_ril_command( 671): Connect to fail(-803209197).
11-16 18:03:18.131 I/engmode_binder_server( 671): Notify To Cp count (3)
11-16 18:03:18.131 E/engmode_ril_command( 671): Failed to Connect_RILD, ret : 4
11-16 18:03:18.131 E/engmode_ril_command( 671): Connect to fail(-803209197).
11-16 18:03:18.131 I/engmode_binder_server( 671): Notify To Cp count (4)
11-16 18:03:18.131 E/engmode_ril_command( 671): Failed to Connect_RILD, ret : 4
11-16 18:03:18.131 E/engmode_ril_command( 671): Connect to fail(-803209197).
11-16 18:03:18.131 I/engmode_binder_server( 671): Notify To Cp count (5)
11-16 18:03:18.131 E/engmode_ril_command( 671): Failed to Connect_RILD, ret : 4
11-16 18:03:18.131 E/engmode_ril_command( 671): Connect to fail(-803209197).
11-16 18:03:18.131 I/engmode_binder_server( 671): Notify To Cp count (6)
11-16 18:03:18.131 E/engmode_ril_command( 671): Failed to Connect_RILD, ret : 4
11-16 18:03:18.131 E/engmode_ril_command( 671): Connect to fail(-803209197).
11-16 18:03:18.131 I/engmode_binder_server( 671): Notify To Cp count (7)
11-16 18:03:18.131 E/engmode_ril_command( 671): Failed to Connect_RILD, ret : 4
11-16 18:03:18.131 E/engmode_ril_command( 671): Connect to fail(-803209197).
11-16 18:03:18.131 I/engmode_binder_server( 671): Notify To Cp count (8)
11-16 18:03:18.131 E/engmode_ril_command( 671): Failed to Connect_RILD, ret : 4
11-16 18:03:18.131 E/engmode_ril_command( 671): Connect to fail(-803209197).
11-16 18:03:18.131 I/engmode_binder_server( 671): Notify To Cp count (9)
11-16 18:03:18.131 E/engmode_ril_command( 671): Failed to Connect_RILD, ret : 4
11-16 18:03:18.131 E/engmode_ril_command( 671): Connect to fail(-803209197).
11-16 18:03:18.131 I/vndservicemanager( 559): Adding 'u:r:emservice:s0' service
(EngineeringModeService:671)
11-16 18:03:18.131 I/engmode_binder_server( 671): EngineeringModeHandlerService =
0
11-16 18:03:18.131 I/engmode_binder_server( 671): EngineeringModeHandler is now
ready
11-16 18:03:18.149 D/QSEECOMAPI( 649): Loaded image: APP id = 12
11-16 18:03:18.174 I/ServiceManager( 685): Waiting for service 'statscompanion' on
'/dev/binder'...
11-16 18:03:18.220 I/appproc ( 687): !@Boot_EBS_F: start zygote from appmain
11-16 18:03:18.221 D/AndroidRuntime( 687): >>>>>> START
com.android.internal.os.ZygoteInit uid 0 <<<<<<
11-16 18:03:18.243 D/QSEECOMAPI( 649): QSEECom_dealloc_memory
11-16 18:03:18.244 D/QSEECOMAPI( 649): QSEECom_shutdown_app, app_id = 12
11-16 18:03:18.247 I/vaultkeeper( 649): runCommand Success.(TA ret = 0)
11-16 18:03:18.249 I/vaultkeeper( 649): VAULTKEEPER SERVICE READY!
11-16 18:03:18.254 I/AndroidRuntime( 687): Using default boot image
11-16 18:03:18.254 I/AndroidRuntime( 687): Leaving lock profiling enabled
11-16 18:03:18.255 D/SecNativeFeatureCppIf( 687): encoded
11-16 18:03:18.255 D/SecNativeFeatureCppIf( 687): decoding and unzip finish
11-16 18:03:18.255 D/SecNativeFeatureCppIf( 687): use unCompDataBuff. encoded
11-16 18:03:18.256 D/SecNativeFeatureCppIf( 687): Free unCompDataBuff
11-16 18:03:18.256 D/SecNativeFeatureCppIf( 687): encoded
11-16 18:03:18.256 D/SecNativeFeatureCppIf( 687): decoding and unzip finish
11-16 18:03:18.256 D/SecNativeFeatureCppIf( 687): use unCompDataBuff. encoded
11-16 18:03:18.256 D/SecNativeFeatureCppIf( 687): Free unCompDataBuff
11-16 18:03:18.256 D/AndroidRuntime( 687): addProductProperty: pBrand1 is not null
11-16 18:03:18.256 D/AndroidRuntime( 687): addProductProperty: not brand or 7
11-16 18:03:18.261 I/zygote64( 687): option[0]=-Xzygote
11-16 18:03:18.261 I/zygote64( 687): option[1]=exit
11-16 18:03:18.261 I/zygote64( 687): option[2]=vfprintf
11-16 18:03:18.261 I/zygote64( 687): option[3]=sensitiveThread
11-16 18:03:18.261 I/zygote64( 687): option[4]=-verbose:gc
11-16 18:03:18.261 I/zygote64( 687): option[5]=-XX:PerfettoHprof=true
11-16 18:03:18.261 I/zygote64( 687): option[6]=-Xprimaryzygote
11-16 18:03:18.261 I/zygote64( 687): option[7]=-Xms8m
11-16 18:03:18.261 I/zygote64( 687): option[8]=-Xmx512m
11-16 18:03:18.261 I/zygote64( 687): option[9]=-XX:HeapMinFree=2m
11-16 18:03:18.261 I/zygote64( 687): option[10]=-XX:HeapMaxFree=8m
11-16 18:03:18.261 I/zygote64( 687): option[11]=-XX:HeapTargetUtilization=0.75
11-16 18:03:18.261 I/zygote64( 687): option[12]=-Xusejit:true
11-16 18:03:18.261 I/zygote64( 687): option[13]=-Xjitsaveprofilinginfo
11-16 18:03:18.261 I/zygote64( 687): option[14]=-XjdwpOptions:suspend=n,server=y
11-16 18:03:18.261 I/zygote64( 687): option[15]=-XjdwpProvider:default
11-16 18:03:18.261 I/zygote64( 687): option[16]=-Xopaque-jni-ids:swapable
11-16 18:03:18.261 I/zygote64( 687): option[17]=-Xlockprofthreshold:500
11-16 18:03:18.261 I/zygote64( 687): option[18]=-Xcompiler-option
11-16 18:03:18.261 I/zygote64( 687): option[19]=--instruction-set-variant=generic
11-16 18:03:18.261 I/zygote64( 687): option[20]=-Xcompiler-option
11-16 18:03:18.261 I/zygote64( 687): option[21]=--instruction-set-features=default
11-16 18:03:18.261 I/zygote64( 687): option[22]=-Xcompiler-option
11-16 18:03:18.261 I/zygote64( 687): option[23]=--generate-mini-debug-info
11-16 18:03:18.261 I/zygote64( 687): option[24]=-Ximage-compiler-option
11-16 18:03:18.261 I/zygote64( 687): option[25]=--runtime-arg
11-16 18:03:18.261 I/zygote64( 687): option[26]=-Ximage-compiler-option
11-16 18:03:18.261 I/zygote64( 687): option[27]=-Xms64m
11-16 18:03:18.261 I/zygote64( 687): option[28]=-Ximage-compiler-option
11-16 18:03:18.261 I/zygote64( 687): option[29]=--runtime-arg
11-16 18:03:18.261 I/zygote64( 687): option[30]=-Ximage-compiler-option
11-16 18:03:18.261 I/zygote64( 687): option[31]=-Xmx64m
11-16 18:03:18.261 I/zygote64( 687): option[32]=-Ximage-compiler-option
11-16 18:03:18.261 I/zygote64( 687): option[33]=--dirty-image-
objects=/system/etc/dirty-image-objects
11-16 18:03:18.261 I/zygote64( 687): option[34]=-Ximage-compiler-option
11-16 18:03:18.261 I/zygote64( 687): option[35]=--instruction-set-variant=generic
11-16 18:03:18.261 I/zygote64( 687): option[36]=-Ximage-compiler-option
11-16 18:03:18.261 I/zygote64( 687): option[37]=--instruction-set-features=default
11-16 18:03:18.261 I/zygote64( 687): option[38]=-Ximage-compiler-option
11-16 18:03:18.261 I/zygote64( 687): option[39]=--generate-mini-debug-info
11-16 18:03:18.261 I/zygote64( 687): option[40]=-Duser.locale=es-US
11-16 18:03:18.261 I/zygote64( 687): option[41]=--cpu-abilist=arm64-v8a
11-16 18:03:18.261 I/zygote64( 687): option[42]=-
Xfingerprint:samsung/a70qxtc/a70q:11/RP1A.200720.012/A705MNXXU5DUC6:user/release-
keys
11-16 18:03:18.271 W/zygote64( 687): Failed to open pruning marker:
/efs/recovery/pruning_arm64: No such file or directory
11-16 18:03:18.274 I/ServiceManager( 685): Waiting for service 'statscompanion' on
'/dev/binder'...
11-16 18:03:18.299 D/AndroidRuntime( 688): >>>>>> START
com.android.internal.os.ZygoteInit uid 0 <<<<<<
11-16 18:03:18.336 W/libc ( 524): Unable to set property "ro.sf.lcd_density" to
"480": error code: 0xb, try count : 1
11-16 18:03:18.337 W/libc ( 524): Unable to set property "ro.sf.lcd_density" to
"480": error code: 0xb, try count : 2
11-16 18:03:18.337 W/libc ( 524): Unable to set property "ro.sf.lcd_density" to
"480": error code: 0xb, try count : 3
11-16 18:03:18.344 I/AndroidRuntime( 688): Using default boot image
11-16 18:03:18.345 I/AndroidRuntime( 688): Leaving lock profiling enabled
11-16 18:03:18.346 D/SecNativeFeatureCppIf( 688): encoded
11-16 18:03:18.346 D/SecNativeFeatureCppIf( 688): decoding and unzip finish
11-16 18:03:18.346 D/SecNativeFeatureCppIf( 688): use unCompDataBuff. encoded
11-16 18:03:18.347 D/SecNativeFeatureCppIf( 688): Free unCompDataBuff
11-16 18:03:18.347 D/SecNativeFeatureCppIf( 688): encoded
11-16 18:03:18.347 D/SecNativeFeatureCppIf( 688): decoding and unzip finish
11-16 18:03:18.347 D/SecNativeFeatureCppIf( 688): use unCompDataBuff. encoded
11-16 18:03:18.347 D/SecNativeFeatureCppIf( 688): Free unCompDataBuff
11-16 18:03:18.347 D/AndroidRuntime( 688): addProductProperty: pBrand1 is not null
11-16 18:03:18.347 D/AndroidRuntime( 688): addProductProperty: not brand or 7
11-16 18:03:18.352 I/zygote ( 688): option[0]=-Xzygote
11-16 18:03:18.353 I/zygote ( 688): option[1]=exit
11-16 18:03:18.353 I/zygote ( 688): option[2]=vfprintf
11-16 18:03:18.353 I/zygote ( 688): option[3]=sensitiveThread
11-16 18:03:18.353 I/zygote ( 688): option[4]=-verbose:gc
11-16 18:03:18.353 I/zygote ( 688): option[5]=-XX:PerfettoHprof=true
11-16 18:03:18.353 I/zygote ( 688): option[6]=-Xms8m
11-16 18:03:18.353 I/zygote ( 688): option[7]=-Xmx512m
11-16 18:03:18.353 I/zygote ( 688): option[8]=-XX:HeapMinFree=2m
11-16 18:03:18.353 I/zygote ( 688): option[9]=-XX:HeapMaxFree=8m
11-16 18:03:18.353 I/zygote ( 688): option[10]=-XX:HeapTargetUtilization=0.75
11-16 18:03:18.353 I/zygote ( 688): option[11]=-Xusejit:true
11-16 18:03:18.353 I/zygote ( 688): option[12]=-Xjitsaveprofilinginfo
11-16 18:03:18.353 I/zygote ( 688): option[13]=-XjdwpOptions:suspend=n,server=y
11-16 18:03:18.353 I/zygote ( 688): option[14]=-XjdwpProvider:default
11-16 18:03:18.353 I/zygote ( 688): option[15]=-Xopaque-jni-ids:swapable
11-16 18:03:18.353 I/zygote ( 688): option[16]=-Xlockprofthreshold:500
11-16 18:03:18.353 I/zygote ( 688): option[17]=-Xcompiler-option
11-16 18:03:18.353 I/zygote ( 688): option[18]=--instruction-set-variant=cortex-
a9
11-16 18:03:18.353 I/zygote ( 688): option[19]=-Xcompiler-option
11-16 18:03:18.353 I/zygote ( 688): option[20]=--instruction-set-features=default
11-16 18:03:18.353 I/zygote ( 688): option[21]=-Xcompiler-option
11-16 18:03:18.353 I/zygote ( 688): option[22]=--generate-mini-debug-info
11-16 18:03:18.353 I/zygote ( 688): option[23]=-Ximage-compiler-option
11-16 18:03:18.353 I/zygote ( 688): option[24]=--runtime-arg
11-16 18:03:18.353 I/zygote ( 688): option[25]=-Ximage-compiler-option
11-16 18:03:18.353 I/zygote ( 688): option[26]=-Xms64m
11-16 18:03:18.353 I/zygote ( 688): option[27]=-Ximage-compiler-option
11-16 18:03:18.353 I/zygote ( 688): option[28]=--runtime-arg
11-16 18:03:18.353 I/zygote ( 688): option[29]=-Ximage-compiler-option
11-16 18:03:18.353 I/zygote ( 688): option[30]=-Xmx64m
11-16 18:03:18.353 I/zygote ( 688): option[31]=-Ximage-compiler-option
11-16 18:03:18.353 I/zygote ( 688): option[32]=--dirty-image-
objects=/system/etc/dirty-image-objects
11-16 18:03:18.353 I/zygote ( 688): option[33]=-Ximage-compiler-option
11-16 18:03:18.353 I/zygote ( 688): option[34]=--instruction-set-variant=cortex-
a9
11-16 18:03:18.353 I/zygote ( 688): option[35]=-Ximage-compiler-option
11-16 18:03:18.353 I/zygote ( 688): option[36]=--instruction-set-features=default
11-16 18:03:18.353 I/zygote ( 688): option[37]=-Ximage-compiler-option
11-16 18:03:18.353 I/zygote ( 688): option[38]=--generate-mini-debug-info
11-16 18:03:18.353 I/zygote ( 688): option[39]=-Duser.locale=es-US
11-16 18:03:18.353 I/zygote ( 688): option[40]=--cpu-abilist=armeabi-v7a,armeabi
11-16 18:03:18.353 I/zygote ( 688): option[41]=-
Xfingerprint:samsung/a70qxtc/a70q:11/RP1A.200720.012/A705MNXXU5DUC6:user/release-
keys
11-16 18:03:18.369 W/zygote ( 688): Failed to open pruning marker:
/efs/recovery/pruning_arm: No such file or directory
11-16 18:03:18.375 I/ServiceManager( 685): Waiting for service 'statscompanion' on
'/dev/binder'...
11-16 18:03:18.395 E/audit ( 667): type=1400 audit(1637103798.391:93): avc:
denied { getattr } for pid=1 comm="init" name="hostname" dev="proc" ino=26338
scontext=u:r:init:s0 tcontext=u:object_r:proc_hostname:s0 tclass=file permissive=0
SEPF_SM-A705MN_11_0008 audit_filtered
11-16 18:03:18.395 E/audit ( 667): type=1300 audit(1637103798.391:93):
arch=c00000b7 syscall=56 success=yes exit=22 a0=ffffff9c a1=b400007d9ee72cf0
a2=88241 a3=180 items=0 ppid=0 pid=1 auid=4294967295 uid=0 gid=0 euid=0 suid=0
fsuid=0 egid=0 sgid=0 fsgid=0 tty=(none) ses=4294967295 comm="init"
exe="/system/bin/init" subj=u:r:init:s0 key=(null)
11-16 18:03:18.395 E/audit ( 667): type=1327 audit(1637103798.391:93):
proctitle=2F73797374656D2F62696E2F696E69740073656C696E75785F7365747570
11-16 18:03:18.396 E/audit ( 667): type=1400 audit(1637103798.391:94): avc:
denied { getattr } for pid=1 comm="init" name="domainname" dev="proc" ino=26339
scontext=u:r:init:s0 tcontext=u:object_r:proc_hostname:s0 tclass=file permissive=0
SEPF_SM-A705MN_11_0008 audit_filtered
11-16 18:03:18.396 E/audit ( 667): type=1300 audit(1637103798.391:94):
arch=c00000b7 syscall=56 success=yes exit=22 a0=ffffff9c a1=b400007d9ee72cf0
a2=88241 a3=180 items=0 ppid=0 pid=1 auid=4294967295 uid=0 gid=0 euid=0 suid=0
fsuid=0 egid=0 sgid=0 fsgid=0 tty=(none) ses=4294967295 comm="init"
exe="/system/bin/init" subj=u:r:init:s0 key=(null)
11-16 18:03:18.396 E/audit ( 667): type=1327 audit(1637103798.391:94):
proctitle=2F73797374656D2F62696E2F696E69740073656C696E75785F7365747570
11-16 18:03:18.397 E/audit ( 667): type=1400 audit(1637103798.391:95): avc:
denied { getattr } for pid=1 comm="init" name="overcommit_memory" dev="proc"
ino=26341 scontext=u:r:init:s0 tcontext=u:object_r:proc_overcommit_memory:s0
tclass=file permissive=0 SEPF_SM-A705MN_11_0008 audit_filtered
11-16 18:03:18.397 E/audit ( 667): type=1300 audit(1637103798.391:95):
arch=c00000b7 syscall=56 success=yes exit=22 a0=ffffff9c a1=b400007daeea1890
a2=88241 a3=180 items=0 ppid=0 pid=1 auid=4294967295 uid=0 gid=0 euid=0 suid=0
fsuid=0 egid=0 sgid=0 fsgid=0 tty=(none) ses=4294967295 comm="init"
exe="/system/bin/init" subj=u:r:init:s0 key=(null)
11-16 18:03:18.397 E/audit ( 667): type=1327 audit(1637103798.391:95):
proctitle=2F73797374656D2F62696E2F696E69740073656C696E75785F7365747570
11-16 18:03:18.397 E/audit ( 667): type=1400 audit(1637103798.391:96): avc:
denied { getattr } for pid=1 comm="init" name="page-cluster" dev="proc" ino=26342
scontext=u:r:init:s0 tcontext=u:object_r:proc_page_cluster:s0 tclass=file
permissive=0 SEPF_SM-A705MN_11_0008 audit_filtered
11-16 18:03:18.397 E/audit ( 667): type=1300 audit(1637103798.391:96):
arch=c00000b7 syscall=56 success=yes exit=22 a0=ffffff9c a1=b400007daeea1890
