09-01 00:07:18.167 D/NVITEM ( 1031): : channel_read success
09-01 00:07:18.167 D/NVITEM ( 1031): : _getPacket continue read 1044 size 1024 grp
2 sub 261
09-01 00:07:18.167 D/NVITEM ( 1031): : writeData:id=1,start=356776, bytesLen:1024
09-01 00:07:18.167 D/NVITEM ( 1031): : *****memcpy packet buf to fromChannel
09-01 00:07:18.167 D/NVITEM ( 1031): : _getPacket
09-01 00:07:18.167 D/NVITEM ( 1031): : get wake_lock 0
09-01 00:07:18.167 D/NVITEM ( 1031): : channel_read success
09-01 00:07:18.167 I/OMXClient( 766): IOmx service obtained
09-01 00:07:18.167 D/NVITEM ( 1031): : _getPacket continue read 1044 size 1024 grp
2 sub 262
09-01 00:07:18.167 D/NVITEM ( 1031): : writeData:id=1,start=357800, bytesLen:1024
09-01 00:07:18.167 D/NVITEM ( 1031): : *****memcpy packet buf to fromChannel
09-01 00:07:18.167 D/NVITEM ( 1031): : _getPacket
09-01 00:07:18.168 I/OMXMaster( 812): makeComponentInstance(OMX.sprd.vpx.decoder)
in android.hardwar process
09-01 00:07:18.168 D/NVITEM ( 1031): : get wake_lock 0
09-01 00:07:18.168 D/NVITEM ( 1031): : channel_read success
09-01 00:07:18.168 D/NVITEM ( 1031): : _getPacket continue read 1044 size 1024 grp
2 sub 263
09-01 00:07:18.168 D/NVITEM ( 1031): : writeData:id=1,start=358824, bytesLen:1024
09-01 00:07:18.168 D/NVITEM ( 1031): : *****memcpy packet buf to fromChannel
09-01 00:07:18.168 D/NVITEM ( 1031): : _getPacket
09-01 00:07:18.168 D/NVITEM ( 1031): : get wake_lock 0
09-01 00:07:18.168 D/NVITEM ( 1031): : channel_read success
09-01 00:07:18.168 D/NVITEM ( 1031): : _getPacket continue read 1044 size 1024 grp
2 sub 264
09-01 00:07:18.168 D/NVITEM ( 1031): : writeData:id=1,start=359848, bytesLen:1024
09-01 00:07:18.168 D/NVITEM ( 1031): : *****memcpy packet buf to fromChannel
09-01 00:07:18.168 D/NVITEM ( 1031): : _getPacket
09-01 00:07:18.169 D/NVITEM ( 1031): : get wake_lock 0
09-01 00:07:18.169 D/NVITEM ( 1031): : channel_read success
09-01 00:07:18.169 D/NVITEM ( 1031): : _getPacket continue read 1044 size 1024 grp
2 sub 265
09-01 00:07:18.169 D/NVITEM ( 1031): : writeData:id=1,start=360872, bytesLen:1024
09-01 00:07:18.169 D/NVITEM ( 1031): : *****memcpy packet buf to fromChannel
09-01 00:07:18.169 D/NVITEM ( 1031): : _getPacket
09-01 00:07:18.169 D/NVITEM ( 1031): : get wake_lock 0
09-01 00:07:18.169 D/NVITEM ( 1031): : channel_read success
09-01 00:07:18.169 D/NVITEM ( 1031): : _getPacket continue read 1044 size 1024 grp
2 sub 266
09-01 00:07:18.169 D/NVITEM ( 1031): : writeData:id=1,start=361896, bytesLen:1024
09-01 00:07:18.169 D/NVITEM ( 1031): : *****memcpy packet buf to fromChannel
09-01 00:07:18.169 D/NVITEM ( 1031): : _getPacket
09-01 00:07:18.170 D/NVITEM ( 1031): : get wake_lock 0
09-01 00:07:18.170 D/NVITEM ( 1031): : channel_read success
09-01 00:07:18.170 D/NVITEM ( 1031): : _getPacket continue read 1044 size 1024 grp
2 sub 267
09-01 00:07:18.170 D/NVITEM ( 1031): : writeData:id=1,start=362920, bytesLen:1024
09-01 00:07:18.170 D/NVITEM ( 1031): : *****memcpy packet buf to fromChannel
09-01 00:07:18.170 D/NVITEM ( 1031): : _getPacket
09-01 00:07:18.170 D/ip_monitor-793( 1065): ipv6 dev epdg2 forwarding off
proxy_neigh off ignore_routes_with_linkdown off
09-01 00:07:18.170 D/NVITEM ( 1031): : get wake_lock 0
09-01 00:07:18.170 D/NVITEM ( 1031): : channel_read success
09-01 00:07:18.170 D/NVITEM ( 1031): : _getPacket continue read 1044 size 1024 grp
2 sub 268
09-01 00:07:18.171 D/NVITEM ( 1031): : writeData:id=1,start=363944, bytesLen:1024
09-01 00:07:18.171 D/NVITEM ( 1031): : *****memcpy packet buf to fromChannel
09-01 00:07:18.171 D/NVITEM ( 1031): : _getPacket
09-01 00:07:18.171 D/NVITEM ( 1031): : get wake_lock 0
09-01 00:07:18.171 D/NVITEM ( 1031): : channel_read success
09-01 00:07:18.171 D/NVITEM ( 1031): : _getPacket continue read 1044 size 1024 grp
2 sub 269
09-01 00:07:18.171 D/NVITEM ( 1031): : writeData:id=1,start=364968, bytesLen:1024
09-01 00:07:18.171 D/NVITEM ( 1031): : *****memcpy packet buf to fromChannel
09-01 00:07:18.171 D/NVITEM ( 1031): : _getPacket
09-01 00:07:18.172 D/NVITEM ( 1031): : get wake_lock 0
09-01 00:07:18.172 D/NVITEM ( 1031): : channel_read success
09-01 00:07:18.172 D/NVITEM ( 1031): : _getPacket continue read 1044 size 1024 grp
2 sub 270
09-01 00:07:18.172 D/NVITEM ( 1031): : writeData:id=1,start=365992, bytesLen:1024
09-01 00:07:18.172 D/NVITEM ( 1031): : *****memcpy packet buf to fromChannel
09-01 00:07:18.172 D/NVITEM ( 1031): : _getPacket
09-01 00:07:18.172 D/NVITEM ( 1031): : get wake_lock 0
09-01 00:07:18.172 D/NVITEM ( 1031): : channel_read success
09-01 00:07:18.172 D/NVITEM ( 1031): : _getPacket continue read 1044 size 1024 grp
2 sub 271
09-01 00:07:18.172 D/NVITEM ( 1031): : writeData:id=1,start=367016, bytesLen:1024
09-01 00:07:18.172 D/NVITEM ( 1031): : *****memcpy packet buf to fromChannel
09-01 00:07:18.172 D/NVITEM ( 1031): : _getPacket
09-01 00:07:18.173 D/NVITEM ( 1031): : get wake_lock 0
09-01 00:07:18.173 D/NVITEM ( 1031): : channel_read success
09-01 00:07:18.173 D/NVITEM ( 1031): : _getPacket continue read 1044 size 1024 grp
2 sub 272
09-01 00:07:18.173 D/NVITEM ( 1031): : writeData:id=1,start=368040, bytesLen:1024
09-01 00:07:18.173 D/NVITEM ( 1031): : *****memcpy packet buf to fromChannel
09-01 00:07:18.173 D/NVITEM ( 1031): : _getPacket
09-01 00:07:18.173 I/SprdSimpleOMXComponent( 812): Construct
SprdSimpleOMXComponent(0xeb080e90)
09-01 00:07:18.173 I/SPRDVPXDecoder( 812): Construct SPRDVPXDecoder, this:
0xeb080e90
09-01 00:07:18.173 I/SPRDVPXDecoder( 812): openDecoder, lib:
libomx_vpxdec_hw_sprd.so
09-01 00:07:18.173 D/NVITEM ( 1031): : get wake_lock 0
09-01 00:07:18.173 D/NVITEM ( 1031): : channel_read success
09-01 00:07:18.173 D/NVITEM ( 1031): : _getPacket continue read 1044 size 1024 grp
2 sub 273
09-01 00:07:18.173 D/NVITEM ( 1031): : writeData:id=1,start=369064, bytesLen:1024
09-01 00:07:18.173 D/NVITEM ( 1031): : *****memcpy packet buf to fromChannel
09-01 00:07:18.173 D/NVITEM ( 1031): : _getPacket
09-01 00:07:18.174 D/NVITEM ( 1031): : get wake_lock 0
09-01 00:07:18.174 D/NVITEM ( 1031): : channel_read success
09-01 00:07:18.174 D/NVITEM ( 1031): : _getPacket continue read 1044 size 1024 grp
2 sub 274
09-01 00:07:18.174 D/NVITEM ( 1031): : writeData:id=1,start=370088, bytesLen:1024
09-01 00:07:18.174 D/NVITEM ( 1031): : *****memcpy packet buf to fromChannel
09-01 00:07:18.174 D/NVITEM ( 1031): : _getPacket
09-01 00:07:18.174 D/NVITEM ( 1031): : get wake_lock 0
09-01 00:07:18.174 D/NVITEM ( 1031): : channel_read success
09-01 00:07:18.174 D/NVITEM ( 1031): : _getPacket continue read 1044 size 1024 grp
2 sub 275
09-01 00:07:18.174 D/NVITEM ( 1031): : writeData:id=1,start=371112, bytesLen:1024
09-01 00:07:18.174 D/NVITEM ( 1031): : *****memcpy packet buf to fromChannel
09-01 00:07:18.174 D/NVITEM ( 1031): : _getPacket
09-01 00:07:18.176 D/NVITEM ( 1031): : get wake_lock 0
09-01 00:07:18.176 D/NVITEM ( 1031): : channel_read success
09-01 00:07:18.176 D/NVITEM ( 1031): : _getPacket continue read 1044 size 1024 grp
2 sub 276
09-01 00:07:18.176 D/NVITEM ( 1031): : writeData:id=1,start=372136, bytesLen:1024
09-01 00:07:18.176 D/NVITEM ( 1031): : *****memcpy packet buf to fromChannel
09-01 00:07:18.176 D/NVITEM ( 1031): : _getPacket
09-01 00:07:18.176 D/NVITEM ( 1031): : get wake_lock 0
09-01 00:07:18.176 D/NVITEM ( 1031): : channel_read success
09-01 00:07:18.176 D/NVITEM ( 1031): : _getPacket continue read 1044 size 1024 grp
2 sub 277
09-01 00:07:18.176 D/NVITEM ( 1031): : writeData:id=1,start=373160, bytesLen:1024
09-01 00:07:18.176 D/NVITEM ( 1031): : *****memcpy packet buf to fromChannel
09-01 00:07:18.176 D/NVITEM ( 1031): : _getPacket
09-01 00:07:18.177 D/NVITEM ( 1031): : get wake_lock 0
09-01 00:07:18.177 D/NVITEM ( 1031): : channel_read success
09-01 00:07:18.177 D/NVITEM ( 1031): : _getPacket continue read 1044 size 1024 grp
2 sub 278
09-01 00:07:18.177 D/NVITEM ( 1031): : writeData:id=1,start=374184, bytesLen:1024
09-01 00:07:18.177 D/NVITEM ( 1031): : *****memcpy packet buf to fromChannel
09-01 00:07:18.177 D/NVITEM ( 1031): : _getPacket
09-01 00:07:18.177 D/NVITEM ( 1031): : get wake_lock 0
09-01 00:07:18.177 D/NVITEM ( 1031): : channel_read success
09-01 00:07:18.177 D/NVITEM ( 1031): : _getPacket continue read 1044 size 1024 grp
2 sub 279
09-01 00:07:18.177 D/NVITEM ( 1031): : writeData:id=1,start=375208, bytesLen:1024
09-01 00:07:18.177 D/NVITEM ( 1031): : *****memcpy packet buf to fromChannel
09-01 00:07:18.177 D/NVITEM ( 1031): : _getPacket
09-01 00:07:18.177 W/ZygoteInitThreadPool( 596): Class not found for preloading:
com.android.internal.telephony.-$$Lambda$MultiSimSettingController$55347QtGjuukX-
px3jYZkJd_z3U
09-01 00:07:18.178 W/ZygoteInitThreadPool( 596): Class not found for preloading:
com.android.internal.telephony.-$
$Lambda$MultiSimSettingController$DcLtrTEtdlCd4WOev4Zk79vrSko
09-01 00:07:18.178 W/ZygoteInitThreadPool( 596): Class not found for preloading:
com.android.internal.telephony.-$
$Lambda$MultiSimSettingController$WtGtOenjqxSBoW5BUjT-VlNoSTM
09-01 00:07:18.178 D/NVITEM ( 1031): : get wake_lock 0
09-01 00:07:18.178 D/NVITEM ( 1031): : channel_read success
09-01 00:07:18.178 D/NVITEM ( 1031): : _getPacket continue read 1044 size 1024 grp
2 sub 280
09-01 00:07:18.178 D/NVITEM ( 1031): : writeData:id=1,start=376232, bytesLen:1024
09-01 00:07:18.178 D/NVITEM ( 1031): : *****memcpy packet buf to fromChannel
09-01 00:07:18.178 D/NVITEM ( 1031): : _getPacket
09-01 00:07:18.178 D/NVITEM ( 1031): : get wake_lock 0
09-01 00:07:18.178 D/NVITEM ( 1031): : channel_read success
09-01 00:07:18.178 D/NVITEM ( 1031): : _getPacket continue read 1044 size 1024 grp
2 sub 281
09-01 00:07:18.178 D/NVITEM ( 1031): : writeData:id=1,start=377256, bytesLen:1024
09-01 00:07:18.178 D/NVITEM ( 1031): : *****memcpy packet buf to fromChannel
09-01 00:07:18.178 D/NVITEM ( 1031): : _getPacket
09-01 00:07:18.179 W/ZygoteInitThreadPool( 596): Class not found for preloading:
com.android.internal.telephony.-$
$Lambda$SubscriptionController$VCQsMNqRHpN3RyoXYzh2YUwA2yc
09-01 00:07:18.179 W/ZygoteInitThreadPool( 596): Class not found for preloading:
com.android.internal.telephony.-$$Lambda$SubscriptionController$u5xE-
urXR6ElZ50305_6guo20Fc
09-01 00:07:18.179 D/NVITEM ( 1031): : get wake_lock 0
09-01 00:07:18.179 D/NVITEM ( 1031): : channel_read success
09-01 00:07:18.179 D/NVITEM ( 1031): : _getPacket continue read 1044 size 1024 grp
2 sub 282
09-01 00:07:18.179 D/NVITEM ( 1031): : writeData:id=1,start=378280, bytesLen:1024
09-01 00:07:18.179 D/NVITEM ( 1031): : *****memcpy packet buf to fromChannel
09-01 00:07:18.179 D/NVITEM ( 1031): : _getPacket
09-01 00:07:18.179 W/ZygoteInitThreadPool( 596): Class not found for preloading:
com.android.internal.telephony.-$
$Lambda$SubscriptionInfoUpdater$ecTEeMEIjOEa2z5W3wjqiicibbY
09-01 00:07:18.179 D/NVITEM ( 1031): : get wake_lock 0
09-01 00:07:18.180 D/NVITEM ( 1031): : channel_read success
09-01 00:07:18.180 D/NVITEM ( 1031): : _getPacket continue read 1044 size 1024 grp
2 sub 283
09-01 00:07:18.180 D/NVITEM ( 1031): : writeData:id=1,start=379304, bytesLen:1024
09-01 00:07:18.180 D/NVITEM ( 1031): : *****memcpy packet buf to fromChannel
09-01 00:07:18.180 D/NVITEM ( 1031): : _getPacket
09-01 00:07:18.180 I/SPRDVPXDecoder( 812): SPRDVPXDecoder, mDumpYUVEnabled: 0,
mDumpStrmEnabled: 0
09-01 00:07:18.180 I/VSP ( 812): libomx_vpxdec_hw_sprd.so is built on Thu Aug
11 12:57:13 KST 2022, Copyright (C) Spreadtrum, Inc.
09-01 00:07:18.180 D/NVITEM ( 1031): : get wake_lock 0
09-01 00:07:18.180 D/NVITEM ( 1031): : channel_read success
09-01 00:07:18.180 D/NVITEM ( 1031): : _getPacket continue read 1044 size 1024 grp
2 sub 284
09-01 00:07:18.180 D/NVITEM ( 1031): : writeData:id=1,start=380328, bytesLen:1024
09-01 00:07:18.180 D/NVITEM ( 1031): : *****memcpy packet buf to fromChannel
09-01 00:07:18.180 D/NVITEM ( 1031): : _getPacket
09-01 00:07:18.181 D/NVITEM ( 1031): : get wake_lock 0
09-01 00:07:18.181 D/NVITEM ( 1031): : channel_read success
09-01 00:07:18.181 D/NVITEM ( 1031): : _getPacket continue read 1044 size 1024 grp
2 sub 285
09-01 00:07:18.181 D/NVITEM ( 1031): : writeData:id=1,start=381352, bytesLen:1024
09-01 00:07:18.181 D/NVITEM ( 1031): : *****memcpy packet buf to fromChannel
09-01 00:07:18.181 D/NVITEM ( 1031): : _getPacket
09-01 00:07:18.181 D/NVITEM ( 1031): : get wake_lock 0
09-01 00:07:18.181 D/NVITEM ( 1031): : channel_read success
09-01 00:07:18.181 D/NVITEM ( 1031): : _getPacket continue read 1044 size 1024 grp
2 sub 286
09-01 00:07:18.181 D/NVITEM ( 1031): : writeData:id=1,start=382376, bytesLen:1024
09-01 00:07:18.181 D/NVITEM ( 1031): : *****memcpy packet buf to fromChannel
09-01 00:07:18.181 D/NVITEM ( 1031): : _getPacket
09-01 00:07:18.182 I/SPRDVPXDecoder( 812): Get IOMMU Status: 0(Success)
09-01 00:07:18.182 D/NVITEM ( 1031): : get wake_lock 0
09-01 00:07:18.182 D/NVITEM ( 1031): : channel_read success
09-01 00:07:18.182 D/NVITEM ( 1031): : _getPacket continue read 1044 size 1024 grp
2 sub 287
09-01 00:07:18.182 D/NVITEM ( 1031): : writeData:id=1,start=383400, bytesLen:1024
09-01 00:07:18.182 D/NVITEM ( 1031): : *****memcpy packet buf to fromChannel
09-01 00:07:18.182 D/NVITEM ( 1031): : _getPacket
09-01 00:07:18.182 I/SPRD_OMX_CORE( 812): Created OMXPlugin : OMX.sprd.vpx.decoder
09-01 00:07:18.182 D/NVITEM ( 1031): : get wake_lock 0
09-01 00:07:18.182 D/NVITEM ( 1031): : channel_read success
09-01 00:07:18.182 D/NVITEM ( 1031): : _getPacket continue read 1044 size 1024 grp
2 sub 288
09-01 00:07:18.182 D/NVITEM ( 1031): : writeData:id=1,start=384424, bytesLen:1024
09-01 00:07:18.182 D/NVITEM ( 1031): : *****memcpy packet buf to fromChannel
09-01 00:07:18.182 D/NVITEM ( 1031): : _getPacket
09-01 00:07:18.183 D/NVITEM ( 1031): : get wake_lock 0
09-01 00:07:18.183 D/NVITEM ( 1031): : channel_read success
09-01 00:07:18.183 D/NVITEM ( 1031): : _getPacket continue read 1044 size 1024 grp
2 sub 289
09-01 00:07:18.183 D/NVITEM ( 1031): : writeData:id=1,start=385448, bytesLen:1024
09-01 00:07:18.183 D/NVITEM ( 1031): : *****memcpy packet buf to fromChannel
09-01 00:07:18.183 D/NVITEM ( 1031): : _getPacket
09-01 00:07:18.184 D/NVITEM ( 1031): : get wake_lock 0
09-01 00:07:18.184 D/NVITEM ( 1031): : channel_read success
09-01 00:07:18.184 D/NVITEM ( 1031): : _getPacket continue read 1044 size 1024 grp
2 sub 290
09-01 00:07:18.184 D/NVITEM ( 1031): : writeData:id=1,start=386472, bytesLen:1024
09-01 00:07:18.184 D/NVITEM ( 1031): : *****memcpy packet buf to fromChannel
09-01 00:07:18.184 D/NVITEM ( 1031): : _getPacket
09-01 00:07:18.184 I/SprdVideoDecoderOMXComponent( 812): internalGetParameter,
OMX_IndexParamVideoPortFormat, eColorFormat: 0x15
09-01 00:07:18.184 D/NVITEM ( 1031): : get wake_lock 0
09-01 00:07:18.184 D/NVITEM ( 1031): : channel_read success
09-01 00:07:18.184 D/NVITEM ( 1031): : _getPacket continue read 1044 size 1024 grp
2 sub 291
09-01 00:07:18.184 D/NVITEM ( 1031): : writeData:id=1,start=387496, bytesLen:1024
09-01 00:07:18.184 D/NVITEM ( 1031): : *****memcpy packet buf to fromChannel
09-01 00:07:18.184 D/NVITEM ( 1031): : _getPacket
09-01 00:07:18.184 I/SprdVideoDecoderOMXComponent( 812): getExtensionIndex, name:
OMX.google.android.index.describeColorFormat
09-01 00:07:18.185 D/NVITEM ( 1031): : get wake_lock 0
09-01 00:07:18.185 D/NVITEM ( 1031): : channel_read success
09-01 00:07:18.185 D/NVITEM ( 1031): : _getPacket continue read 1044 size 1024 grp
2 sub 292
09-01 00:07:18.185 D/NVITEM ( 1031): : writeData:id=1,start=388520, bytesLen:1024
09-01 00:07:18.185 D/NVITEM ( 1031): : *****memcpy packet buf to fromChannel
09-01 00:07:18.185 D/NVITEM ( 1031): : _getPacket
09-01 00:07:18.185 D/NVITEM ( 1031): : get wake_lock 0
09-01 00:07:18.185 D/NVITEM ( 1031): : channel_read success
09-01 00:07:18.185 D/NVITEM ( 1031): : _getPacket continue read 1044 size 1024 grp
2 sub 293
09-01 00:07:18.185 D/NVITEM ( 1031): : writeData:id=1,start=389544, bytesLen:1024
09-01 00:07:18.185 D/NVITEM ( 1031): : *****memcpy packet buf to fromChannel
09-01 00:07:18.185 D/NVITEM ( 1031): : _getPacket
09-01 00:07:18.185 I/SprdVideoDecoderOMXComponent( 812): getExtensionIndex, name:
OMX.google.android.index.describeColorFormat2
09-01 00:07:18.186 I/SprdVideoDecoderOMXComponent( 812): getExtensionIndex, name:
OMX.google.android.index.configureVideoTunnelMode
09-01 00:07:18.186 D/NVITEM ( 1031): : get wake_lock 0
09-01 00:07:18.186 W/OMXNodeInstance( 812):
getExtensionIndex(0xebec0a90:sprd.vpx.decoder,
OMX.google.android.index.configureVideoTunnelMode) (0x80001006)
09-01 00:07:18.186 D/NVITEM ( 1031): : channel_read success
09-01 00:07:18.186 D/NVITEM ( 1031): : _getPacket continue read 1044 size 1024 grp
2 sub 294
09-01 00:07:18.186 D/NVITEM ( 1031): : writeData:id=1,start=390568, bytesLen:1024
09-01 00:07:18.186 D/NVITEM ( 1031): : *****memcpy packet buf to fromChannel
09-01 00:07:18.186 D/NVITEM ( 1031): : _getPacket
09-01 00:07:18.186 D/MediaCodecInfo( 766): detail feature-tunneled-playback wasn't
present to remove
09-01 00:07:18.186 I/SprdVideoDecoderOMXComponent( 812): getExtensionIndex, name:
OMX.google.android.index.enableAndroidNativeBuffers
09-01 00:07:18.186 I/SprdVideoDecoderOMXComponent( 812): internalSetParameter,
enable AndroidNativeBuffer
09-01 00:07:18.186 I/SprdVideoDecoderOMXComponent( 812): getExtensionIndex, name:
OMX.google.android.index.allocateNativeHandle
09-01 00:07:18.186 I/SprdVideoDecoderOMXComponent( 812): getExtensionIndex, name:
OMX.google.android.index.storeANWBufferInMetadata
09-01 00:07:18.186 I/SprdVideoDecoderOMXComponent( 812): getExtensionIndex, name:
OMX.google.android.index.storeMetaDataInBuffers
09-01 00:07:18.186 W/OMXNodeInstance( 812):
getExtensionIndex(0xebec0a90:sprd.vpx.decoder,
OMX.google.android.index.storeMetaDataInBuffers) (0x80001006)
09-01 00:07:18.186 I/SprdVideoDecoderOMXComponent( 812): getExtensionIndex, name:
OMX.google.android.index.prepareForAdaptivePlayback
09-01 00:07:18.186 D/NVITEM ( 1031): : get wake_lock 0
09-01 00:07:18.186 D/NVITEM ( 1031): : channel_read success
09-01 00:07:18.186 D/NVITEM ( 1031): : _getPacket continue read 1044 size 1024 grp
2 sub 295
09-01 00:07:18.186 D/NVITEM ( 1031): : writeData:id=1,start=391592, bytesLen:1024
09-01 00:07:18.186 D/NVITEM ( 1031): : *****memcpy packet buf to fromChannel
09-01 00:07:18.186 D/NVITEM ( 1031): : _getPacket
09-01 00:07:18.187 D/NVITEM ( 1031): : get wake_lock 0
09-01 00:07:18.187 D/NVITEM ( 1031): : channel_read success
09-01 00:07:18.187 D/NVITEM ( 1031): : _getPacket continue read 1044 size 1024 grp
2 sub 296
09-01 00:07:18.187 D/NVITEM ( 1031): : writeData:id=1,start=392616, bytesLen:1024
09-01 00:07:18.187 D/NVITEM ( 1031): : *****memcpy packet buf to fromChannel
09-01 00:07:18.187 D/NVITEM ( 1031): : _getPacket
09-01 00:07:18.187 D/NVITEM ( 1031): : get wake_lock 0
09-01 00:07:18.187 D/NVITEM ( 1031): : channel_read success
09-01 00:07:18.187 D/NVITEM ( 1031): : _getPacket continue read 1044 size 1024 grp
2 sub 297
09-01 00:07:18.187 D/NVITEM ( 1031): : writeData:id=1,start=393640, bytesLen:1024
09-01 00:07:18.187 D/NVITEM ( 1031): : *****memcpy packet buf to fromChannel
09-01 00:07:18.187 D/NVITEM ( 1031): : _getPacket
09-01 00:07:18.188 D/NVITEM ( 1031): : get wake_lock 0
09-01 00:07:18.188 D/NVITEM ( 1031): : channel_read success
09-01 00:07:18.188 D/NVITEM ( 1031): : _getPacket continue read 1044 size 1024 grp
2 sub 298
09-01 00:07:18.188 D/NVITEM ( 1031): : writeData:id=1,start=394664, bytesLen:1024
09-01 00:07:18.188 D/NVITEM ( 1031): : *****memcpy packet buf to fromChannel
09-01 00:07:18.188 D/NVITEM ( 1031): : _getPacket
09-01 00:07:18.188 D/NVITEM ( 1031): : get wake_lock 0
09-01 00:07:18.188 D/NVITEM ( 1031): : channel_read success
09-01 00:07:18.188 D/NVITEM ( 1031): : _getPacket continue read 1044 size 1024 grp
2 sub 299
09-01 00:07:18.188 D/NVITEM ( 1031): : writeData:id=1,start=395688, bytesLen:1024
09-01 00:07:18.188 W/ZygoteInitThreadPool( 596): Class not found for preloading:
com.android.internal.telephony.IccSmsInterfaceManager$2
09-01 00:07:18.188 D/NVITEM ( 1031): : *****memcpy packet buf to fromChannel
09-01 00:07:18.188 D/NVITEM ( 1031): : _getPacket
09-01 00:07:18.189 D/NVITEM ( 1031): : get wake_lock 0
09-01 00:07:18.189 D/NVITEM ( 1031): : channel_read success
09-01 00:07:18.189 D/NVITEM ( 1031): : _getPacket continue read 1044 size 1024 grp
2 sub 300
09-01 00:07:18.189 D/NVITEM ( 1031): : writeData:id=1,start=396712, bytesLen:1024
09-01 00:07:18.189 D/NVITEM ( 1031): : *****memcpy packet buf to fromChannel
09-01 00:07:18.189 D/NVITEM ( 1031): : _getPacket
09-01 00:07:18.189 I/SPRDVPXDecoder( 812): Destruct SPRDVPXDecoder, this:
0xeb080e90
09-01 00:07:18.189 D/NVITEM ( 1031): : get wake_lock 0
09-01 00:07:18.189 D/NVITEM ( 1031): : channel_read success
09-01 00:07:18.189 D/NVITEM ( 1031): : _getPacket continue read 1044 size 1024 grp
2 sub 301
09-01 00:07:18.189 D/NVITEM ( 1031): : writeData:id=1,start=397736, bytesLen:1024
09-01 00:07:18.189 D/NVITEM ( 1031): : *****memcpy packet buf to fromChannel
09-01 00:07:18.189 D/NVITEM ( 1031): : _getPacket
09-01 00:07:18.190 D/NVITEM ( 1031): : get wake_lock 0
09-01 00:07:18.190 D/NVITEM ( 1031): : channel_read success
09-01 00:07:18.190 D/NVITEM ( 1031): : _getPacket continue read 1044 size 1024 grp
2 sub 302
09-01 00:07:18.190 D/NVITEM ( 1031): : writeData:id=1,start=398760, bytesLen:1024
09-01 00:07:18.190 D/NVITEM ( 1031): : *****memcpy packet buf to fromChannel
09-01 00:07:18.190 D/NVITEM ( 1031): : _getPacket
09-01 00:07:18.190 I/SprdVideoDecoderOMXComponent( 812): Destruct
SprdVideoDecoderOMXComponent, this: 0x0xeb080e90
09-01 00:07:18.190 I/SprdSimpleOMXComponent( 812): Destruct
SprdSimpleOMXComponent, this: 0x0xeb080e90
09-01 00:07:18.190 D/NVITEM ( 1031): : get wake_lock 0
09-01 00:07:18.190 D/NVITEM ( 1031): : channel_read success
09-01 00:07:18.190 D/NVITEM ( 1031): : _getPacket continue read 1044 size 1024 grp
2 sub 303
09-01 00:07:18.190 D/NVITEM ( 1031): : writeData:id=1,start=399784, bytesLen:1024
09-01 00:07:18.190 D/NVITEM ( 1031): : *****memcpy packet buf to fromChannel
09-01 00:07:18.191 D/NVITEM ( 1031): : _getPacket
09-01 00:07:18.191 D/NVITEM ( 1031): : get wake_lock 0
09-01 00:07:18.191 D/NVITEM ( 1031): : channel_read success
09-01 00:07:18.191 D/NVITEM ( 1031): : _getPacket continue read 1044 size 1024 grp
2 sub 304
09-01 00:07:18.191 D/NVITEM ( 1031): : writeData:id=1,start=400808, bytesLen:1024
09-01 00:07:18.191 D/NVITEM ( 1031): : *****memcpy packet buf to fromChannel
09-01 00:07:18.191 D/NVITEM ( 1031): : _getPacket
09-01 00:07:18.191 I/ACodec ( 766): [] Now uninitialized
09-01 00:07:18.192 D/NVITEM ( 1031): : get wake_lock 0
09-01 00:07:18.192 D/NVITEM ( 1031): : channel_read success
09-01 00:07:18.192 D/NVITEM ( 1031): : _getPacket continue read 1044 size 1024 grp
2 sub 305
09-01 00:07:18.192 D/NVITEM ( 1031): : writeData:id=1,start=401832, bytesLen:1024
09-01 00:07:18.192 D/NVITEM ( 1031): : *****memcpy packet buf to fromChannel
09-01 00:07:18.192 D/NVITEM ( 1031): : _getPacket
09-01 00:07:18.192 D/NVITEM ( 1031): : get wake_lock 0
09-01 00:07:18.192 D/NVITEM ( 1031): : channel_read success
09-01 00:07:18.192 D/NVITEM ( 1031): : _getPacket continue read 1044 size 1024 grp
2 sub 306
09-01 00:07:18.192 D/NVITEM ( 1031): : writeData:id=1,start=402856, bytesLen:1024
09-01 00:07:18.192 D/NVITEM ( 1031): : *****memcpy packet buf to fromChannel
09-01 00:07:18.192 D/NVITEM ( 1031): : _getPacket
09-01 00:07:18.193 D/NVITEM ( 1031): : get wake_lock 0
09-01 00:07:18.193 D/NVITEM ( 1031): : channel_read success
09-01 00:07:18.193 D/NVITEM ( 1031): : _getPacket continue read 1044 size 1024 grp
2 sub 307
09-01 00:07:18.193 D/NVITEM ( 1031): : writeData:id=1,start=403880, bytesLen:1024
09-01 00:07:18.193 D/NVITEM ( 1031): : *****memcpy packet buf to fromChannel
09-01 00:07:18.193 D/NVITEM ( 1031): : _getPacket
09-01 00:07:18.193 I/OMXClient( 766): IOmx service obtained
09-01 00:07:18.193 D/NVITEM ( 1031): : get wake_lock 0
09-01 00:07:18.193 D/NVITEM ( 1031): : channel_read success
09-01 00:07:18.193 D/NVITEM ( 1031): : _getPacket continue read 1044 size 1024 grp
2 sub 308
09-01 00:07:18.193 D/NVITEM ( 1031): : writeData:id=1,start=404904, bytesLen:1024
09-01 00:07:18.193 D/NVITEM ( 1031): : *****memcpy packet buf to fromChannel
09-01 00:07:18.194 D/NVITEM ( 1031): : _getPacket
09-01 00:07:18.194 D/NVITEM ( 1031): : get wake_lock 0
09-01 00:07:18.194 D/NVITEM ( 1031): : channel_read success
09-01 00:07:18.194 D/NVITEM ( 1031): : _getPacket continue read 1044 size 1024 grp
2 sub 309
09-01 00:07:18.194 D/NVITEM ( 1031): : writeData:id=1,start=405928, bytesLen:1024
09-01 00:07:18.194 D/NVITEM ( 1031): : *****memcpy packet buf to fromChannel
09-01 00:07:18.194 D/NVITEM ( 1031): : _getPacket
09-01 00:07:18.194 I/OMXMaster( 812): makeComponentInstance(OMX.sprd.vp9.decoder)
in android.hardwar process
09-01 00:07:18.194 D/NVITEM ( 1031): : get wake_lock 0
09-01 00:07:18.194 D/NVITEM ( 1031): : channel_read success
09-01 00:07:18.194 D/NVITEM ( 1031): : _getPacket continue read 1044 size 1024 grp
2 sub 310
09-01 00:07:18.194 D/NVITEM ( 1031): : writeData:id=1,start=406952, bytesLen:1024
09-01 00:07:18.194 D/NVITEM ( 1031): : *****memcpy packet buf to fromChannel
09-01 00:07:18.197 D/NVITEM ( 1031): : _getPacket
09-01 00:07:18.197 D/NVITEM ( 1031): : get wake_lock 0
09-01 00:07:18.197 D/NVITEM ( 1031): : channel_read success
09-01 00:07:18.197 D/NVITEM ( 1031): : _getPacket continue read 1044 size 1024 grp
2 sub 311
09-01 00:07:18.197 D/NVITEM ( 1031): : writeData:id=1,start=407976, bytesLen:1024
09-01 00:07:18.197 D/NVITEM ( 1031): : *****memcpy packet buf to fromChannel
09-01 00:07:18.197 D/NVITEM ( 1031): : _getPacket
09-01 00:07:18.198 D/NVITEM ( 1031): : get wake_lock 0
09-01 00:07:18.198 D/NVITEM ( 1031): : channel_read success
09-01 00:07:18.198 D/NVITEM ( 1031): : _getPacket continue read 1044 size 1024 grp
2 sub 312
09-01 00:07:18.198 D/NVITEM ( 1031): : writeData:id=1,start=409000, bytesLen:1024
09-01 00:07:18.198 D/NVITEM ( 1031): : *****memcpy packet buf to fromChannel
09-01 00:07:18.198 D/NVITEM ( 1031): : _getPacket
09-01 00:07:18.198 D/NVITEM ( 1031): : get wake_lock 0
09-01 00:07:18.198 D/NVITEM ( 1031): : channel_read success
09-01 00:07:18.198 D/NVITEM ( 1031): : _getPacket continue read 1044 size 1024 grp
2 sub 313
09-01 00:07:18.198 D/NVITEM ( 1031): : writeData:id=1,start=410024, bytesLen:1024
09-01 00:07:18.198 D/NVITEM ( 1031): : *****memcpy packet buf to fromChannel
09-01 00:07:18.198 D/NVITEM ( 1031): : _getPacket
09-01 00:07:18.199 D/NVITEM ( 1031): : get wake_lock 0
09-01 00:07:18.199 D/NVITEM ( 1031): : channel_read success
09-01 00:07:18.199 D/NVITEM ( 1031): : _getPacket continue read 1044 size 1024 grp
2 sub 314
09-01 00:07:18.199 D/NVITEM ( 1031): : writeData:id=1,start=411048, bytesLen:1024
09-01 00:07:18.199 D/NVITEM ( 1031): : *****memcpy packet buf to fromChannel
09-01 00:07:18.199 D/NVITEM ( 1031): : _getPacket
09-01 00:07:18.199 D/NVITEM ( 1031): : get wake_lock 0
09-01 00:07:18.199 D/NVITEM ( 1031): : channel_read success
09-01 00:07:18.199 D/NVITEM ( 1031): : _getPacket continue read 1044 size 1024 grp
2 sub 315
09-01 00:07:18.199 D/NVITEM ( 1031): : writeData:id=1,start=412072, bytesLen:1024
09-01 00:07:18.199 D/NVITEM ( 1031): : *****memcpy packet buf to fromChannel
09-01 00:07:18.199 D/NVITEM ( 1031): : _getPacket
09-01 00:07:18.199 I/ServiceManager( 779): Waiting for service 'package_native' on
'/dev/binder'...
09-01 00:07:18.200 D/NVITEM ( 1031): : get wake_lock 0
09-01 00:07:18.200 D/NVITEM ( 1031): : channel_read success
09-01 00:07:18.200 D/NVITEM ( 1031): : _getPacket continue read 1044 size 1024 grp
2 sub 316
09-01 00:07:18.200 D/NVITEM ( 1031): : writeData:id=1,start=413096, bytesLen:1024
09-01 00:07:18.200 D/NVITEM ( 1031): : *****memcpy packet buf to fromChannel
09-01 00:07:18.200 D/NVITEM ( 1031): : _getPacket
09-01 00:07:18.200 D/NVITEM ( 1031): : get wake_lock 0
09-01 00:07:18.200 D/NVITEM ( 1031): : channel_read success
09-01 00:07:18.200 D/NVITEM ( 1031): : _getPacket continue read 1044 size 1024 grp
2 sub 317
09-01 00:07:18.200 D/NVITEM ( 1031): : writeData:id=1,start=414120, bytesLen:1024
09-01 00:07:18.200 D/NVITEM ( 1031): : *****memcpy packet buf to fromChannel
09-01 00:07:18.200 D/NVITEM ( 1031): : _getPacket
09-01 00:07:18.201 D/NVITEM ( 1031): : get wake_lock 0
09-01 00:07:18.201 D/NVITEM ( 1031): : channel_read success
09-01 00:07:18.201 D/NVITEM ( 1031): : _getPacket continue read 1044 size 1024 grp
2 sub 318
09-01 00:07:18.201 D/NVITEM ( 1031): : writeData:id=1,start=415144, bytesLen:1024
09-01 00:07:18.201 D/NVITEM ( 1031): : *****memcpy packet buf to fromChannel
09-01 00:07:18.201 D/NVITEM ( 1031): : _getPacket
09-01 00:07:18.202 D/NVITEM ( 1031): : get wake_lock 0
09-01 00:07:18.202 D/NVITEM ( 1031): : channel_read success
09-01 00:07:18.202 D/NVITEM ( 1031): : _getPacket continue read 1044 size 1024 grp
2 sub 319
09-01 00:07:18.202 D/NVITEM ( 1031): : writeData:id=1,start=416168, bytesLen:1024
09-01 00:07:18.202 D/NVITEM ( 1031): : *****memcpy packet buf to fromChannel
09-01 00:07:18.202 D/NVITEM ( 1031): : _getPacket
09-01 00:07:18.202 D/NVITEM ( 1031): : get wake_lock 0
09-01 00:07:18.203 D/NVITEM ( 1031): : channel_read success
09-01 00:07:18.203 D/NVITEM ( 1031): : _getPacket continue read 1044 size 1024 grp
2 sub 320
09-01 00:07:18.203 D/NVITEM ( 1031): : writeData:id=1,start=417192, bytesLen:1024
09-01 00:07:18.203 D/NVITEM ( 1031): : *****memcpy packet buf to fromChannel
09-01 00:07:18.203 D/NVITEM ( 1031): : _getPacket
09-01 00:07:18.203 D/NVITEM ( 1031): : get wake_lock 0
09-01 00:07:18.203 D/NVITEM ( 1031): : channel_read success
09-01 00:07:18.203 D/NVITEM ( 1031): : _getPacket continue read 1044 size 1024 grp
2 sub 321
09-01 00:07:18.203 D/NVITEM ( 1031): : writeData:id=1,start=418216, bytesLen:1024
09-01 00:07:18.203 D/NVITEM ( 1031): : *****memcpy packet buf to fromChannel
09-01 00:07:18.203 D/NVITEM ( 1031): : _getPacket
09-01 00:07:18.203 I/SprdSimpleOMXComponent( 812): Construct
SprdSimpleOMXComponent(0xebe86720)
09-01 00:07:18.203 I/SPRDVP9Decoder( 812): Construct SPRDVP9Decoder, this:
0xebe86720, clear_instances: 0, secure_instances: 0, SecureFlag: 0
09-01 00:07:18.203 I/SPRDVP9Decoder( 812): openDecoder, lib:
libomx_vp9dec_hw_sprd.so
09-01 00:07:18.204 D/NVITEM ( 1031): : get wake_lock 0
09-01 00:07:18.204 D/NVITEM ( 1031): : channel_read success
09-01 00:07:18.204 D/NVITEM ( 1031): : _getPacket continue read 1044 size 1024 grp
2 sub 322
09-01 00:07:18.204 D/NVITEM ( 1031): : writeData:id=1,start=419240, bytesLen:1024
09-01 00:07:18.204 D/NVITEM ( 1031): : *****memcpy packet buf to fromChannel
09-01 00:07:18.204 D/NVITEM ( 1031): : _getPacket
09-01 00:07:18.204 D/NVITEM ( 1031): : get wake_lock 0
09-01 00:07:18.204 D/NVITEM ( 1031): : channel_read success
09-01 00:07:18.204 D/NVITEM ( 1031): : _getPacket continue read 1044 size 1024 grp
2 sub 323
09-01 00:07:18.204 D/NVITEM ( 1031): : writeData:id=1,start=420264, bytesLen:1024
09-01 00:07:18.204 D/NVITEM ( 1031): : *****memcpy packet buf to fromChannel
09-01 00:07:18.204 D/NVITEM ( 1031): : _getPacket
09-01 00:07:18.205 D/NVITEM ( 1031): : get wake_lock 0
09-01 00:07:18.205 D/NVITEM ( 1031): : channel_read success
09-01 00:07:18.205 D/NVITEM ( 1031): : _getPacket continue read 1044 size 1024 grp
2 sub 324
09-01 00:07:18.205 D/NVITEM ( 1031): : writeData:id=1,start=421288, bytesLen:1024
09-01 00:07:18.205 D/NVITEM ( 1031): : *****memcpy packet buf to fromChannel
09-01 00:07:18.205 D/NVITEM ( 1031): : _getPacket
09-01 00:07:18.205 D/NVITEM ( 1031): : get wake_lock 0
09-01 00:07:18.205 D/NVITEM ( 1031): : channel_read success
09-01 00:07:18.205 D/NVITEM ( 1031): : _getPacket continue read 1044 size 1024 grp
2 sub 325
09-01 00:07:18.205 D/NVITEM ( 1031): : writeData:id=1,start=422312, bytesLen:1024
09-01 00:07:18.205 D/NVITEM ( 1031): : *****memcpy packet buf to fromChannel
09-01 00:07:18.205 D/NVITEM ( 1031): : _getPacket
09-01 00:07:18.206 D/ip_monitor-793( 1069): 24: epdg2:
<POINTOPOINT,MULTICAST,NOARP> mtu 1500 qdisc noop state DOWN group default
09-01 00:07:18.206 D/NVITEM ( 1031): : get wake_lock 0
09-01 00:07:18.206 D/NVITEM ( 1031): : channel_read success
09-01 00:07:18.206 D/NVITEM ( 1031): : _getPacket continue read 1044 size 1024 grp
2 sub 326
09-01 00:07:18.206 D/NVITEM ( 1031): : writeData:id=1,start=423336, bytesLen:1024
09-01 00:07:18.206 D/NVITEM ( 1031): : *****memcpy packet buf to fromChannel
09-01 00:07:18.206 D/NVITEM ( 1031): : _getPacket
09-01 00:07:18.206 D/NVITEM ( 1031): : get wake_lock 0
09-01 00:07:18.206 D/NVITEM ( 1031): : channel_read success
09-01 00:07:18.206 D/NVITEM ( 1031): : _getPacket continue read 1044 size 1024 grp
2 sub 327
09-01 00:07:18.206 D/NVITEM ( 1031): : writeData:id=1,start=424360, bytesLen:1024
09-01 00:07:18.206 D/NVITEM ( 1031): : *****memcpy packet buf to fromChannel
09-01 00:07:18.206 D/NVITEM ( 1031): : _getPacket
09-01 00:07:18.207 D/NVITEM ( 1031): : get wake_lock 0
09-01 00:07:18.207 D/NVITEM ( 1031): : channel_read success
09-01 00:07:18.207 D/NVITEM ( 1031): : _getPacket continue read 1044 size 1024 grp
2 sub 328
09-01 00:07:18.207 D/NVITEM ( 1031): : writeData:id=1,start=425384, bytesLen:1024
09-01 00:07:18.207 D/NVITEM ( 1031): : *****memcpy packet buf to fromChannel
09-01 00:07:18.207 D/NVITEM ( 1031): : _getPacket
09-01 00:07:18.208 D/NVITEM ( 1031): : get wake_lock 0
09-01 00:07:18.208 D/NVITEM ( 1031): : channel_read success
09-01 00:07:18.208 D/NVITEM ( 1031): : _getPacket continue read 1044 size 1024 grp
2 sub 329
09-01 00:07:18.208 D/NVITEM ( 1031): : writeData:id=1,start=426408, bytesLen:1024
09-01 00:07:18.208 D/NVITEM ( 1031): : *****memcpy packet buf to fromChannel
09-01 00:07:18.208 D/NVITEM ( 1031): : _getPacket
09-01 00:07:18.208 D/NVITEM ( 1031): : get wake_lock 0
09-01 00:07:18.208 D/NVITEM ( 1031): : channel_read success
09-01 00:07:18.208 D/NVITEM ( 1031): : _getPacket continue read 1044 size 1024 grp
2 sub 330
09-01 00:07:18.208 D/NVITEM ( 1031): : writeData:id=1,start=427432, bytesLen:1024
09-01 00:07:18.208 D/NVITEM ( 1031): : *****memcpy packet buf to fromChannel
09-01 00:07:18.209 D/NVITEM ( 1031): : _getPacket
09-01 00:07:18.209 D/NVITEM ( 1031): : get wake_lock 0
09-01 00:07:18.209 D/NVITEM ( 1031): : channel_read success
09-01 00:07:18.209 D/NVITEM ( 1031): : _getPacket continue read 1044 size 1024 grp
2 sub 331
09-01 00:07:18.209 D/NVITEM ( 1031): : writeData:id=1,start=428456, bytesLen:1024
09-01 00:07:18.209 D/NVITEM ( 1031): : *****memcpy packet buf to fromChannel
09-01 00:07:18.209 D/NVITEM ( 1031): : _getPacket
09-01 00:07:18.209 I/SPRDVP9Decoder( 812): SPRDVP9Decoder, mDumpYUVEnabled: 0,
mDumpStrmEnabled: 0
09-01 00:07:18.209 E/SPRDVP9Decoder( 812): initDecoder start
09-01 00:07:18.209 E/SPRDVP9Decoder( 812): initDecoder VP9DecInit
09-01 00:07:18.209 I/VSP ( 812): libomx_vp9dec_hw_sprd.so is built on Thu Aug
11 12:57:13 KST 2022, Copyright (C) Spreadtrum, Inc.
09-01 00:07:18.209 D/NVITEM ( 1031): : get wake_lock 0
09-01 00:07:18.209 D/NVITEM ( 1031): : channel_read success
09-01 00:07:18.209 D/NVITEM ( 1031): : _getPacket continue read 1044 size 1024 grp
2 sub 332
09-01 00:07:18.209 D/NVITEM ( 1031): : writeData:id=1,start=429480, bytesLen:1024
09-01 00:07:18.209 D/NVITEM ( 1031): : *****memcpy packet buf to fromChannel
09-01 00:07:18.209 D/NVITEM ( 1031): : _getPacket
09-01 00:07:18.211 W/idmap2 ( 1059): failed to create idmap
09-01 00:07:18.211 D/NVITEM ( 1031): : get wake_lock 0
09-01 00:07:18.211 D/NVITEM ( 1031): : channel_read success
09-01 00:07:18.211 D/NVITEM ( 1031): : _getPacket continue read 1044 size 1024 grp
2 sub 333
09-01 00:07:18.211 D/NVITEM ( 1031): : writeData:id=1,start=430504, bytesLen:1024
09-01 00:07:18.211 D/NVITEM ( 1031): : *****memcpy packet buf to fromChannel
09-01 00:07:18.211 D/NVITEM ( 1031): : _getPacket
09-01 00:07:18.212 D/NVITEM ( 1031): : get wake_lock 0
09-01 00:07:18.212 D/NVITEM ( 1031): : channel_read success
09-01 00:07:18.212 D/NVITEM ( 1031): : _getPacket continue read 1044 size 1024 grp
2 sub 334
09-01 00:07:18.212 D/NVITEM ( 1031): : writeData:id=1,start=431528, bytesLen:1024
09-01 00:07:18.212 D/NVITEM ( 1031): : *****memcpy packet buf to fromChannel
09-01 00:07:18.212 D/NVITEM ( 1031): : _getPacket
09-01 00:07:18.212 D/NVITEM ( 1031): : get wake_lock 0
09-01 00:07:18.212 D/NVITEM ( 1031): : channel_read success
09-01 00:07:18.212 D/NVITEM ( 1031): : _getPacket continue read 1044 size 1024 grp
2 sub 335
09-01 00:07:18.212 D/NVITEM ( 1031): : writeData:id=1,start=432552, bytesLen:1024
09-01 00:07:18.212 D/NVITEM ( 1031): : *****memcpy packet buf to fromChannel
09-01 00:07:18.212 D/NVITEM ( 1031): : _getPacket
09-01 00:07:18.212 I/SPRDVP9Decoder( 812): Get IOMMU Status: 0(Success),
SecureFlag: 0
09-01 00:07:18.213 D/NVITEM ( 1031): : get wake_lock 0
09-01 00:07:18.213 D/NVITEM ( 1031): : channel_read success
09-01 00:07:18.213 D/NVITEM ( 1031): : _getPacket continue read 1044 size 1024 grp
2 sub 336
09-01 00:07:18.213 D/NVITEM ( 1031): : writeData:id=1,start=433576, bytesLen:1024
09-01 00:07:18.213 D/NVITEM ( 1031): : *****memcpy packet buf to fromChannel
09-01 00:07:18.213 D/NVITEM ( 1031): : _getPacket
09-01 00:07:18.213 I/SPRDVP9Decoder( 812): mPbuf_stream_p 0x20000000
09-01 00:07:18.213 I/SPRDVP9Decoder( 812): initCheck, mInitCheck: 0x0
09-01 00:07:18.213 I/SPRD_OMX_CORE( 812): Created OMXPlugin : OMX.sprd.vp9.decoder
09-01 00:07:18.213 D/NVITEM ( 1031): : get wake_lock 0
09-01 00:07:18.213 D/NVITEM ( 1031): : channel_read success
09-01 00:07:18.213 D/NVITEM ( 1031): : _getPacket continue read 1044 size 1024 grp
2 sub 337
09-01 00:07:18.213 D/NVITEM ( 1031): : writeData:id=1,start=434600, bytesLen:1024
09-01 00:07:18.213 D/NVITEM ( 1031): : *****memcpy packet buf to fromChannel
09-01 00:07:18.213 D/NVITEM ( 1031): : _getPacket
09-01 00:07:18.214 W/ZygoteInitThreadPool( 596): Class not found for preloading:
com.android.internal.telephony.dataconnection.DcController$DccDefaultState
09-01 00:07:18.214 D/NVITEM ( 1031): : get wake_lock 0
09-01 00:07:18.214 D/NVITEM ( 1031): : channel_read success
09-01 00:07:18.214 D/NVITEM ( 1031): : _getPacket continue read 1044 size 1024 grp
2 sub 338
09-01 00:07:18.214 D/NVITEM ( 1031): : writeData:id=1,start=435624, bytesLen:1024
09-01 00:07:18.214 D/NVITEM ( 1031): : *****memcpy packet buf to fromChannel
09-01 00:07:18.214 D/NVITEM ( 1031): : _getPacket
09-01 00:07:18.214 D/NVITEM ( 1031): : get wake_lock 0
09-01 00:07:18.214 D/NVITEM ( 1031): : channel_read success
09-01 00:07:18.214 D/NVITEM ( 1031): : _getPacket continue read 1044 size 1024 grp
2 sub 339
09-01 00:07:18.214 D/NVITEM ( 1031): : writeData:id=1,start=436648, bytesLen:1024
09-01 00:07:18.214 D/NVITEM ( 1031): : *****memcpy packet buf to fromChannel
09-01 00:07:18.214 D/NVITEM ( 1031): : _getPacket
09-01 00:07:18.215 I/SprdVideoDecoderOMXComponent( 812): internalGetParameter,
OMX_IndexParamVideoPortFormat, eColorFormat: 0x15
09-01 00:07:18.215 I/SprdVideoDecoderOMXComponent( 812): getExtensionIndex, name:
OMX.google.android.index.describeColorFormat
09-01 00:07:18.215 D/NVITEM ( 1031): : get wake_lock 0
09-01 00:07:18.215 D/NVITEM ( 1031): : channel_read success
09-01 00:07:18.215 D/NVITEM ( 1031): : _getPacket continue read 1044 size 1024 grp
2 sub 340
09-01 00:07:18.215 D/NVITEM ( 1031): : writeData:id=1,start=437672, bytesLen:1024
09-01 00:07:18.215 D/NVITEM ( 1031): : *****memcpy packet buf to fromChannel
09-01 00:07:18.215 D/NVITEM ( 1031): : _getPacket
09-01 00:07:18.215 I/SprdVideoDecoderOMXComponent( 812): getExtensionIndex, name:
OMX.google.android.index.describeColorFormat2
09-01 00:07:18.215 D/NVITEM ( 1031): : get wake_lock 0
09-01 00:07:18.215 D/NVITEM ( 1031): : channel_read success
09-01 00:07:18.215 D/NVITEM ( 1031): : _getPacket continue read 1044 size 1024 grp
2 sub 341
09-01 00:07:18.215 D/NVITEM ( 1031): : writeData:id=1,start=438696, bytesLen:1024
09-01 00:07:18.215 D/NVITEM ( 1031): : *****memcpy packet buf to fromChannel
09-01 00:07:18.216 D/NVITEM ( 1031): : _getPacket
09-01 00:07:18.216 D/NVITEM ( 1031): : get wake_lock 0
09-01 00:07:18.216 D/NVITEM ( 1031): : channel_read success
09-01 00:07:18.216 D/NVITEM ( 1031): : _getPacket continue read 1044 size 1024 grp
2 sub 342
09-01 00:07:18.216 D/NVITEM ( 1031): : writeData:id=1,start=439720, bytesLen:1024
09-01 00:07:18.216 D/NVITEM ( 1031): : *****memcpy packet buf to fromChannel
09-01 00:07:18.216 D/NVITEM ( 1031): : _getPacket
09-01 00:07:18.217 D/NVITEM ( 1031): : get wake_lock 0
09-01 00:07:18.217 D/NVITEM ( 1031): : channel_read success
09-01 00:07:18.217 D/NVITEM ( 1031): : _getPacket continue read 1044 size 1024 grp
2 sub 343
09-01 00:07:18.217 D/NVITEM ( 1031): : writeData:id=1,start=440744, bytesLen:1024
09-01 00:07:18.217 D/NVITEM ( 1031): : *****memcpy packet buf to fromChannel
09-01 00:07:18.217 D/NVITEM ( 1031): : _getPacket
09-01 00:07:18.217 I/SprdVideoDecoderOMXComponent( 812): getExtensionIndex, name:
OMX.google.android.index.configureVideoTunnelMode
09-01 00:07:18.217 W/OMXNodeInstance( 812):
getExtensionIndex(0xebec0780:sprd.vp9.decoder,
OMX.google.android.index.configureVideoTunnelMode) (0x80001006)
09-01 00:07:18.217 D/MediaCodecInfo( 766): detail feature-tunneled-playback wasn't
present to remove
09-01 00:07:18.217 I/SprdVideoDecoderOMXComponent( 812): getExtensionIndex, name:
OMX.google.android.index.enableAndroidNativeBuffers
09-01 00:07:18.217 D/NVITEM ( 1031): : get wake_lock 0
09-01 00:07:18.217 D/NVITEM ( 1031): : channel_read success
09-01 00:07:18.217 D/NVITEM ( 1031): : _getPacket continue read 1044 size 1024 grp
2 sub 344
09-01 00:07:18.217 I/SPRDVP9Decoder( 812): internalSetParameter, enable
AndroidNativeBuffer
09-01 00:07:18.217 D/NVITEM ( 1031): : writeData:id=1,start=441768, bytesLen:1024
09-01 00:07:18.217 I/SPRDVP9Decoder( 812): getExtensionIndex:
OMX.google.android.index.allocateNativeHandle
09-01 00:07:18.217 D/NVITEM ( 1031): : *****memcpy packet buf to fromChannel
09-01 00:07:18.217 E/SPRDVP9Decoder( 812): internalSetParameter, Enable/Disable
allocateNativeHandle allowed only on input port!
09-01 00:07:18.217 W/OMXNodeInstance( 812):
setParameter(0xebec0780:sprd.vp9.decoder,
OMX.google.android.index.allocateNativeHandle(0x7f000008): Output:1 en=0)
(0x8000101b)
09-01 00:07:18.217 I/SprdVideoDecoderOMXComponent( 812): getExtensionIndex, name:
OMX.google.android.index.storeANWBufferInMetadata
09-01 00:07:18.217 D/NVITEM ( 1031): : _getPacket
09-01 00:07:18.217 I/SprdVideoDecoderOMXComponent( 812): getExtensionIndex, name:
OMX.google.android.index.storeMetaDataInBuffers
09-01 00:07:18.217 W/OMXNodeInstance( 812):
getExtensionIndex(0xebec0780:sprd.vp9.decoder,
OMX.google.android.index.storeMetaDataInBuffers) (0x80001006)
09-01 00:07:18.217 I/SprdVideoDecoderOMXComponent( 812): getExtensionIndex, name:
OMX.google.android.index.prepareForAdaptivePlayback
09-01 00:07:18.218 I/SPRDVP9Decoder( 812): Destruct SPRDVP9Decoder, this:
0xebe86720, clear_instances: 1, secure_instances: 0
09-01 00:07:18.218 D/NVITEM ( 1031): : get wake_lock 0
09-01 00:07:18.218 D/NVITEM ( 1031): : channel_read success
09-01 00:07:18.218 D/NVITEM ( 1031): : _getPacket continue read 1044 size 1024 grp
2 sub 345
09-01 00:07:18.218 D/NVITEM ( 1031): : writeData:id=1,start=442792, bytesLen:1024
09-01 00:07:18.218 D/NVITEM ( 1031): : *****memcpy packet buf to fromChannel
09-01 00:07:18.218 D/NVITEM ( 1031): : _getPacket
09-01 00:07:18.218 D/NVITEM ( 1031): : get wake_lock 0
09-01 00:07:18.218 D/NVITEM ( 1031): : channel_read success
09-01 00:07:18.218 D/NVITEM ( 1031): : _getPacket continue read 1044 size 1024 grp
2 sub 346
09-01 00:07:18.218 D/NVITEM ( 1031): : writeData:id=1,start=443816, bytesLen:1024
09-01 00:07:18.218 D/NVITEM ( 1031): : *****memcpy packet buf to fromChannel
09-01 00:07:18.218 D/NVITEM ( 1031): : _getPacket
09-01 00:07:18.219 D/NVITEM ( 1031): : get wake_lock 0
09-01 00:07:18.219 D/NVITEM ( 1031): : channel_read success
09-01 00:07:18.219 D/NVITEM ( 1031): : _getPacket continue read 1044 size 1024 grp
2 sub 347
09-01 00:07:18.219 D/NVITEM ( 1031): : writeData:id=1,start=444840, bytesLen:1024
09-01 00:07:18.219 D/NVITEM ( 1031): : *****memcpy packet buf to fromChannel
09-01 00:07:18.219 D/NVITEM ( 1031): : _getPacket
09-01 00:07:18.219 I/SprdVideoDecoderOMXComponent( 812): Destruct
SprdVideoDecoderOMXComponent, this: 0x0xebe86720
09-01 00:07:18.219 I/SprdSimpleOMXComponent( 812): Destruct
SprdSimpleOMXComponent, this: 0x0xebe86720
09-01 00:07:18.219 D/NVITEM ( 1031): : get wake_lock 0
09-01 00:07:18.219 D/NVITEM ( 1031): : channel_read success
09-01 00:07:18.219 D/NVITEM ( 1031): : _getPacket continue read 1044 size 1024 grp
2 sub 348
09-01 00:07:18.219 D/NVITEM ( 1031): : writeData:id=1,start=445864, bytesLen:1024
09-01 00:07:18.219 D/NVITEM ( 1031): : *****memcpy packet buf to fromChannel
09-01 00:07:18.219 D/NVITEM ( 1031): : _getPacket
09-01 00:07:18.220 I/ACodec ( 766): [] Now uninitialized
09-01 00:07:18.220 D/NVITEM ( 1031): : get wake_lock 0
09-01 00:07:18.220 D/NVITEM ( 1031): : channel_read success
09-01 00:07:18.220 D/NVITEM ( 1031): : _getPacket continue read 1044 size 1024 grp
2 sub 349
09-01 00:07:18.220 D/NVITEM ( 1031): : writeData:id=1,start=446888, bytesLen:1024
09-01 00:07:18.220 D/NVITEM ( 1031): : *****memcpy packet buf to fromChannel
09-01 00:07:18.220 D/NVITEM ( 1031): : _getPacket
09-01 00:07:18.221 D/NVITEM ( 1031): : get wake_lock 0
09-01 00:07:18.221 D/NVITEM ( 1031): : channel_read success
09-01 00:07:18.221 D/NVITEM ( 1031): : _getPacket continue read 1044 size 1024 grp
2 sub 350
09-01 00:07:18.221 D/NVITEM ( 1031): : writeData:id=1,start=447912, bytesLen:1024
09-01 00:07:18.221 D/NVITEM ( 1031): : *****memcpy packet buf to fromChannel
09-01 00:07:18.221 D/NVITEM ( 1031): : _getPacket
09-01 00:07:18.221 I/audio_hw_param( 603): upload_audio_profile_param_firmware:2,
ret(0)
09-01 00:07:18.221 I/audio_hw_param( 603): load_audio_param check audio param
load_status:0x7b
09-01 00:07:18.221 I/audio_hw_control( 603): load audio param success
09-01 00:07:18.221 I/audio_hw_param( 603): get_audio_param_mode type:4 param_id:68
param_mode:2e default_mode:44
09-01 00:07:18.222 I/audio_hw_control( 603): set_speaker_pa_default_config set
inner_pa :0x12f
09-01 00:07:18.222 I/audio_hw_control( 603): audio_param_thread profile:2 Exit
load_status:0x7f
09-01 00:07:18.222 D/NVITEM ( 1031): : get wake_lock 0
09-01 00:07:18.222 I/OMXClient( 766): IOmx service obtained
09-01 00:07:18.222 D/NVITEM ( 1031): : channel_read success
09-01 00:07:18.222 D/NVITEM ( 1031): : _getPacket continue read 1044 size 1024 grp
2 sub 351
09-01 00:07:18.222 D/NVITEM ( 1031): : writeData:id=1,start=448936, bytesLen:1024
09-01 00:07:18.222 D/NVITEM ( 1031): : *****memcpy packet buf to fromChannel
09-01 00:07:18.222 D/NVITEM ( 1031): : _getPacket
09-01 00:07:18.222 I/OMXMaster( 812):
makeComponentInstance(OMX.sprd.vp9.decoder.secure) in android.hardwar process
09-01 00:07:18.222 D/NVITEM ( 1031): : get wake_lock 0
09-01 00:07:18.222 D/NVITEM ( 1031): : channel_read success
09-01 00:07:18.222 D/NVITEM ( 1031): : _getPacket continue read 1044 size 1024 grp
2 sub 352
09-01 00:07:18.222 D/NVITEM ( 1031): : writeData:id=1,start=449960, bytesLen:1024
09-01 00:07:18.223 D/NVITEM ( 1031): : *****memcpy packet buf to fromChannel
09-01 00:07:18.223 D/NVITEM ( 1031): : _getPacket
09-01 00:07:18.223 D/NVITEM ( 1031): : get wake_lock 0
09-01 00:07:18.223 D/NVITEM ( 1031): : channel_read success
09-01 00:07:18.223 D/NVITEM ( 1031): : _getPacket continue read 1044 size 1024 grp
2 sub 353
09-01 00:07:18.223 D/NVITEM ( 1031): : writeData:id=1,start=450984, bytesLen:1024
09-01 00:07:18.223 D/NVITEM ( 1031): : *****memcpy packet buf to fromChannel
09-01 00:07:18.223 D/NVITEM ( 1031): : _getPacket
09-01 00:07:18.223 D/NVITEM ( 1031): : get wake_lock 0
09-01 00:07:18.223 D/NVITEM ( 1031): : channel_read success
09-01 00:07:18.223 D/NVITEM ( 1031): : _getPacket continue read 1044 size 1024 grp
2 sub 354
09-01 00:07:18.224 D/NVITEM ( 1031): : writeData:id=1,start=452008, bytesLen:1024
09-01 00:07:18.224 D/NVITEM ( 1031): : *****memcpy packet buf to fromChannel
09-01 00:07:18.224 D/NVITEM ( 1031): : _getPacket
09-01 00:07:18.224 D/NVITEM ( 1031): : get wake_lock 0
09-01 00:07:18.224 D/NVITEM ( 1031): : channel_read success
09-01 00:07:18.224 D/NVITEM ( 1031): : _getPacket continue read 1044 size 1024 grp
2 sub 355
09-01 00:07:18.224 D/NVITEM ( 1031): : writeData:id=1,start=453032, bytesLen:1024
09-01 00:07:18.224 D/NVITEM ( 1031): : *****memcpy packet buf to fromChannel
09-01 00:07:18.224 D/NVITEM ( 1031): : _getPacket
09-01 00:07:18.225 D/NVITEM ( 1031): : get wake_lock 0
09-01 00:07:18.225 I/SprdSimpleOMXComponent( 812): Construct
SprdSimpleOMXComponent(0xebe81e60)
09-01 00:07:18.225 D/NVITEM ( 1031): : channel_read success
09-01 00:07:18.225 D/NVITEM ( 1031): : _getPacket continue read 1044 size 1024 grp
2 sub 356
09-01 00:07:18.225 I/SPRDVP9Decoder( 812): Construct SPRDVP9Decoder, this:
0xebe81e60, clear_instances: 0, secure_instances: 0, SecureFlag: 1
09-01 00:07:18.225 I/SPRDVP9Decoder( 812): openDecoder, lib:
libomx_vp9dec_hw_sprd_secure.so
09-01 00:07:18.225 D/NVITEM ( 1031): : writeData:id=1,start=454056, bytesLen:1024
09-01 00:07:18.225 D/NVITEM ( 1031): : *****memcpy packet buf to fromChannel
09-01 00:07:18.225 D/NVITEM ( 1031): : _getPacket
09-01 00:07:18.225 W/ZygoteInitThreadPool( 596): Class not found for preloading:
com.android.internal.telephony.imsphone.-$
$Lambda$ImsPhoneCallTracker$QlPVd_3u4_verjHUDnkn6zaSe54
09-01 00:07:18.225 D/NVITEM ( 1031): : get wake_lock 0
09-01 00:07:18.225 D/NVITEM ( 1031): : channel_read success
09-01 00:07:18.225 D/NVITEM ( 1031): : _getPacket continue read 1044 size 1024 grp
2 sub 357
09-01 00:07:18.225 D/NVITEM ( 1031): : writeData:id=1,start=455080, bytesLen:1024
09-01 00:07:18.225 D/NVITEM ( 1031): : *****memcpy packet buf to fromChannel
09-01 00:07:18.225 D/NVITEM ( 1031): : _getPacket
09-01 00:07:18.227 D/NVITEM ( 1031): : get wake_lock 0
09-01 00:07:18.227 D/NVITEM ( 1031): : channel_read success
09-01 00:07:18.227 D/NVITEM ( 1031): : _getPacket continue read 1044 size 1024 grp
2 sub 358
