09-01 00:07:18.227 D/NVITEM ( 1031): : writeData:id=1,start=456104, bytesLen:1024
09-01 00:07:18.227 D/NVITEM ( 1031): : *****memcpy packet buf to fromChannel
09-01 00:07:18.227 D/NVITEM ( 1031): : _getPacket
09-01 00:07:18.227 D/NVITEM ( 1031): : get wake_lock 0
09-01 00:07:18.227 D/NVITEM ( 1031): : channel_read success
09-01 00:07:18.227 D/NVITEM ( 1031): : _getPacket continue read 1044 size 1024 grp
2 sub 359
09-01 00:07:18.227 D/NVITEM ( 1031): : writeData:id=1,start=457128, bytesLen:1024
09-01 00:07:18.227 D/NVITEM ( 1031): : *****memcpy packet buf to fromChannel
09-01 00:07:18.227 D/NVITEM ( 1031): : _getPacket
09-01 00:07:18.228 D/NVITEM ( 1031): : get wake_lock 0
09-01 00:07:18.228 D/NVITEM ( 1031): : channel_read success
09-01 00:07:18.228 D/NVITEM ( 1031): : _getPacket continue read 1044 size 1024 grp
2 sub 360
09-01 00:07:18.228 D/NVITEM ( 1031): : writeData:id=1,start=458152, bytesLen:1024
09-01 00:07:18.228 D/NVITEM ( 1031): : *****memcpy packet buf to fromChannel
09-01 00:07:18.228 D/NVITEM ( 1031): : _getPacket
09-01 00:07:18.228 D/NVITEM ( 1031): : get wake_lock 0
09-01 00:07:18.228 D/NVITEM ( 1031): : channel_read success
09-01 00:07:18.228 D/NVITEM ( 1031): : _getPacket continue read 1044 size 1024 grp
2 sub 361
09-01 00:07:18.228 D/NVITEM ( 1031): : writeData:id=1,start=459176, bytesLen:1024
09-01 00:07:18.228 D/NVITEM ( 1031): : *****memcpy packet buf to fromChannel
09-01 00:07:18.228 D/NVITEM ( 1031): : _getPacket
09-01 00:07:18.229 D/NVITEM ( 1031): : get wake_lock 0
09-01 00:07:18.229 D/NVITEM ( 1031): : channel_read success
09-01 00:07:18.229 D/NVITEM ( 1031): : _getPacket continue read 1044 size 1024 grp
2 sub 362
09-01 00:07:18.229 D/NVITEM ( 1031): : writeData:id=1,start=460200, bytesLen:1024
09-01 00:07:18.229 D/NVITEM ( 1031): : *****memcpy packet buf to fromChannel
09-01 00:07:18.229 D/NVITEM ( 1031): : _getPacket
09-01 00:07:18.229 D/NVITEM ( 1031): : get wake_lock 0
09-01 00:07:18.229 D/NVITEM ( 1031): : channel_read success
09-01 00:07:18.229 D/NVITEM ( 1031): : _getPacket continue read 1044 size 1024 grp
2 sub 363
09-01 00:07:18.229 D/NVITEM ( 1031): : writeData:id=1,start=461224, bytesLen:1024
09-01 00:07:18.229 D/NVITEM ( 1031): : *****memcpy packet buf to fromChannel
09-01 00:07:18.229 D/NVITEM ( 1031): : _getPacket
09-01 00:07:18.230 D/NVITEM ( 1031): : get wake_lock 0
09-01 00:07:18.230 D/NVITEM ( 1031): : channel_read success
09-01 00:07:18.230 D/NVITEM ( 1031): : _getPacket continue read 1044 size 1024 grp
2 sub 364
09-01 00:07:18.230 D/NVITEM ( 1031): : writeData:id=1,start=462248, bytesLen:1024
09-01 00:07:18.230 D/NVITEM ( 1031): : *****memcpy packet buf to fromChannel
09-01 00:07:18.230 D/NVITEM ( 1031): : _getPacket
09-01 00:07:18.230 D/NVITEM ( 1031): : get wake_lock 0
09-01 00:07:18.230 D/NVITEM ( 1031): : channel_read success
09-01 00:07:18.230 D/NVITEM ( 1031): : _getPacket continue read 1044 size 1024 grp
2 sub 365
09-01 00:07:18.230 D/NVITEM ( 1031): : writeData:id=1,start=463272, bytesLen:1024
09-01 00:07:18.230 D/NVITEM ( 1031): : *****memcpy packet buf to fromChannel
09-01 00:07:18.231 D/ip_monitor-793( 1072): link/none
09-01 00:07:18.231 D/NVITEM ( 1031): : _getPacket
09-01 00:07:18.231 D/NVITEM ( 1031): : get wake_lock 0
09-01 00:07:18.231 D/NVITEM ( 1031): : channel_read success
09-01 00:07:18.231 D/NVITEM ( 1031): : _getPacket continue read 1044 size 1024 grp
2 sub 366
09-01 00:07:18.231 D/NVITEM ( 1031): : writeData:id=1,start=464296, bytesLen:1024
09-01 00:07:18.231 D/NVITEM ( 1031): : *****memcpy packet buf to fromChannel
09-01 00:07:18.231 D/NVITEM ( 1031): : _getPacket
09-01 00:07:18.232 D/NVITEM ( 1031): : get wake_lock 0
09-01 00:07:18.232 D/NVITEM ( 1031): : channel_read success
09-01 00:07:18.232 D/NVITEM ( 1031): : _getPacket continue read 1044 size 1024 grp
2 sub 367
09-01 00:07:18.232 D/NVITEM ( 1031): : writeData:id=1,start=465320, bytesLen:1024
09-01 00:07:18.232 D/NVITEM ( 1031): : *****memcpy packet buf to fromChannel
09-01 00:07:18.232 D/NVITEM ( 1031): : _getPacket
09-01 00:07:18.232 D/NVITEM ( 1031): : get wake_lock 0
09-01 00:07:18.232 D/NVITEM ( 1031): : channel_read success
09-01 00:07:18.232 D/NVITEM ( 1031): : _getPacket continue read 1044 size 1024 grp
2 sub 368
09-01 00:07:18.232 D/NVITEM ( 1031): : writeData:id=1,start=466344, bytesLen:1024
09-01 00:07:18.232 D/NVITEM ( 1031): : *****memcpy packet buf to fromChannel
09-01 00:07:18.232 D/NVITEM ( 1031): : _getPacket
09-01 00:07:18.232 I/SPRDVP9Decoder( 812): SPRDVP9Decoder, mDumpYUVEnabled: 0,
mDumpStrmEnabled: 0
09-01 00:07:18.232 E/SPRDVP9Decoder( 812): initDecoder start
09-01 00:07:18.232 E/SPRDVP9Decoder( 812): initDecoder VP9DecInit
09-01 00:07:18.232 I/VSP ( 812): libomx_vp9dec_hw_sprd.so is built on Thu Aug
11 12:57:13 KST 2022, Copyright (C) Spreadtrum, Inc.
09-01 00:07:18.233 D/NVITEM ( 1031): : get wake_lock 0
09-01 00:07:18.233 D/NVITEM ( 1031): : channel_read success
09-01 00:07:18.233 D/NVITEM ( 1031): : _getPacket continue read 1044 size 1024 grp
2 sub 369
09-01 00:07:18.233 D/NVITEM ( 1031): : writeData:id=1,start=467368, bytesLen:1024
09-01 00:07:18.233 D/NVITEM ( 1031): : *****memcpy packet buf to fromChannel
09-01 00:07:18.233 D/NVITEM ( 1031): : _getPacket
09-01 00:07:18.233 D/NVITEM ( 1031): : get wake_lock 0
09-01 00:07:18.233 D/NVITEM ( 1031): : channel_read success
09-01 00:07:18.233 D/NVITEM ( 1031): : _getPacket continue read 1044 size 1024 grp
2 sub 370
09-01 00:07:18.233 D/NVITEM ( 1031): : writeData:id=1,start=468392, bytesLen:1024
09-01 00:07:18.233 D/NVITEM ( 1031): : *****memcpy packet buf to fromChannel
09-01 00:07:18.233 D/NVITEM ( 1031): : _getPacket
09-01 00:07:18.234 D/NVITEM ( 1031): : get wake_lock 0
09-01 00:07:18.234 D/NVITEM ( 1031): : channel_read success
09-01 00:07:18.234 D/NVITEM ( 1031): : _getPacket continue read 1044 size 1024 grp
2 sub 371
09-01 00:07:18.234 D/NVITEM ( 1031): : writeData:id=1,start=469416, bytesLen:1024
09-01 00:07:18.234 D/NVITEM ( 1031): : *****memcpy packet buf to fromChannel
09-01 00:07:18.234 D/NVITEM ( 1031): : _getPacket
09-01 00:07:18.234 W/ZygoteInitThreadPool( 596): Class not found for preloading:
com.android.internal.widget.-$$Lambda$gPQuiuEDuOmrh2MixBcV6a5gu5s
09-01 00:07:18.234 D/NVITEM ( 1031): : get wake_lock 0
09-01 00:07:18.234 D/NVITEM ( 1031): : channel_read success
09-01 00:07:18.234 D/NVITEM ( 1031): : _getPacket continue read 1044 size 1024 grp
2 sub 372
09-01 00:07:18.234 D/NVITEM ( 1031): : writeData:id=1,start=470440, bytesLen:1024
09-01 00:07:18.234 D/NVITEM ( 1031): : *****memcpy packet buf to fromChannel
09-01 00:07:18.234 D/NVITEM ( 1031): : _getPacket
09-01 00:07:18.235 W/ZygoteInitThreadPool( 596): Class not found for preloading:
com.android.internal.widget.LockPatternUtils$2
09-01 00:07:18.235 D/NVITEM ( 1031): : get wake_lock 0
09-01 00:07:18.235 D/NVITEM ( 1031): : channel_read success
09-01 00:07:18.235 D/NVITEM ( 1031): : _getPacket continue read 1044 size 1024 grp
2 sub 373
09-01 00:07:18.235 D/NVITEM ( 1031): : writeData:id=1,start=471464, bytesLen:1024
09-01 00:07:18.235 D/NVITEM ( 1031): : *****memcpy packet buf to fromChannel
09-01 00:07:18.235 D/NVITEM ( 1031): : _getPacket
09-01 00:07:18.236 D/NVITEM ( 1031): : get wake_lock 0
09-01 00:07:18.236 D/NVITEM ( 1031): : channel_read success
09-01 00:07:18.236 D/NVITEM ( 1031): : _getPacket continue read 1044 size 1024 grp
2 sub 374
09-01 00:07:18.236 D/NVITEM ( 1031): : writeData:id=1,start=472488, bytesLen:1024
09-01 00:07:18.236 D/NVITEM ( 1031): : *****memcpy packet buf to fromChannel
09-01 00:07:18.236 D/NVITEM ( 1031): : _getPacket
09-01 00:07:18.236 D/vendor.sprd.hardware.trusty@1.0-TructyClientProvider( 650):
request to create new client com.android.trusty.vsp
09-01 00:07:18.236 D/NVITEM ( 1031): : get wake_lock 0
09-01 00:07:18.236 D/NVITEM ( 1031): : channel_read success
09-01 00:07:18.236 D/NVITEM ( 1031): : _getPacket continue read 1044 size 1024 grp
2 sub 375
09-01 00:07:18.236 D/NVITEM ( 1031): : writeData:id=1,start=473512, bytesLen:1024
09-01 00:07:18.236 D/NVITEM ( 1031): : *****memcpy packet buf to fromChannel
09-01 00:07:18.236 D/NVITEM ( 1031): : _getPacket
09-01 00:07:18.237 D/NVITEM ( 1031): : get wake_lock 0
09-01 00:07:18.237 D/NVITEM ( 1031): : channel_read success
09-01 00:07:18.237 D/NVITEM ( 1031): : _getPacket continue read 1044 size 1024 grp
2 sub 376
09-01 00:07:18.237 D/NVITEM ( 1031): : writeData:id=1,start=474536, bytesLen:1024
09-01 00:07:18.237 D/NVITEM ( 1031): : *****memcpy packet buf to fromChannel
09-01 00:07:18.237 D/NVITEM ( 1031): : _getPacket
09-01 00:07:18.237 D/vendor.sprd.hardware.trusty@1.0-TructyClient( 650): connect
to com.android.trusty.vsp success
09-01 00:07:18.237 I/VSP_CA ( 812): open_tee_vsp: vsp_ca connect ta,
handle=0xebec12e0
09-01 00:07:18.237 D/VSP_CA ( 812): Enter trusty_vsp_call, cmd is 40000000,
in_size = 4
09-01 00:07:18.237 D/NVITEM ( 1031): : get wake_lock 0
09-01 00:07:18.237 D/NVITEM ( 1031): : channel_read success
09-01 00:07:18.237 D/NVITEM ( 1031): : _getPacket continue read 1044 size 1024 grp
2 sub 377
09-01 00:07:18.237 D/NVITEM ( 1031): : writeData:id=1,start=475560, bytesLen:1024
09-01 00:07:18.237 D/NVITEM ( 1031): : *****memcpy packet buf to fromChannel
09-01 00:07:18.237 D/NVITEM ( 1031): : _getPacket
09-01 00:07:18.238 D/NVITEM ( 1031): : get wake_lock 0
09-01 00:07:18.238 D/NVITEM ( 1031): : channel_read success
09-01 00:07:18.238 D/NVITEM ( 1031): : _getPacket continue read 1044 size 1024 grp
2 sub 378
09-01 00:07:18.238 D/NVITEM ( 1031): : writeData:id=1,start=476584, bytesLen:1024
09-01 00:07:18.238 D/NVITEM ( 1031): : *****memcpy packet buf to fromChannel
09-01 00:07:18.238 D/NVITEM ( 1031): : _getPacket
09-01 00:07:18.238 D/NVITEM ( 1031): : get wake_lock 0
09-01 00:07:18.238 D/NVITEM ( 1031): : channel_read success
09-01 00:07:18.238 D/NVITEM ( 1031): : _getPacket continue read 1044 size 1024 grp
2 sub 379
09-01 00:07:18.238 D/NVITEM ( 1031): : writeData:id=1,start=477608, bytesLen:1024
09-01 00:07:18.239 D/NVITEM ( 1031): : *****memcpy packet buf to fromChannel
09-01 00:07:18.239 D/NVITEM ( 1031): : _getPacket
09-01 00:07:18.239 D/VSP_CA ( 812): trusty_vsp_call, 92, recv info size 364
09-01 00:07:18.239 D/VSP_CA ( 812): CA read response(40000001) from TA, out_size
is 360.
09-01 00:07:18.239 I/VSP ( 812): InitInTos 11, result=0, out size 360
09-01 00:07:18.239 I/VSP ( 812): VP9DecInit, 180, ret= 0, out size 360,
instance id 0
09-01 00:07:18.239 I/SPRDVP9Decoder( 812): Get IOMMU Status: 0(Success),
SecureFlag: 1
09-01 00:07:18.239 D/NVITEM ( 1031): : get wake_lock 0
09-01 00:07:18.239 D/NVITEM ( 1031): : channel_read success
09-01 00:07:18.239 D/NVITEM ( 1031): : _getPacket continue read 1044 size 1024 grp
2 sub 380
09-01 00:07:18.239 D/NVITEM ( 1031): : writeData:id=1,start=478632, bytesLen:1024
09-01 00:07:18.239 D/NVITEM ( 1031): : *****memcpy packet buf to fromChannel
09-01 00:07:18.239 D/NVITEM ( 1031): : _getPacket
09-01 00:07:18.239 I/SPRDVP9Decoder( 812): mPbuf_stream_p 0xa4bec000
09-01 00:07:18.239 I/SPRDVP9Decoder( 812): initCheck, mInitCheck: 0x0
09-01 00:07:18.239 I/SPRD_OMX_CORE( 812): Created OMXPlugin :
OMX.sprd.vp9.decoder.secure
09-01 00:07:18.239 D/NVITEM ( 1031): : get wake_lock 0
09-01 00:07:18.239 D/NVITEM ( 1031): : channel_read success
09-01 00:07:18.239 D/NVITEM ( 1031): : _getPacket continue read 1044 size 1024 grp
2 sub 381
09-01 00:07:18.240 D/NVITEM ( 1031): : writeData:id=1,start=479656, bytesLen:1024
09-01 00:07:18.240 D/NVITEM ( 1031): : *****memcpy packet buf to fromChannel
09-01 00:07:18.240 D/NVITEM ( 1031): : _getPacket
09-01 00:07:18.240 I/SprdVideoDecoderOMXComponent( 812): internalGetParameter,
OMX_IndexParamVideoPortFormat, eColorFormat: 0x15
09-01 00:07:18.240 D/NVITEM ( 1031): : get wake_lock 0
09-01 00:07:18.240 D/NVITEM ( 1031): : channel_read success
09-01 00:07:18.240 D/NVITEM ( 1031): : _getPacket continue read 1044 size 1024 grp
2 sub 382
09-01 00:07:18.240 D/NVITEM ( 1031): : writeData:id=1,start=480680, bytesLen:1024
09-01 00:07:18.240 D/NVITEM ( 1031): : *****memcpy packet buf to fromChannel
09-01 00:07:18.240 D/NVITEM ( 1031): : _getPacket
09-01 00:07:18.240 I/SprdVideoDecoderOMXComponent( 812): getExtensionIndex, name:
OMX.google.android.index.describeColorFormat
09-01 00:07:18.240 I/SprdVideoDecoderOMXComponent( 812): getExtensionIndex, name:
OMX.google.android.index.describeColorFormat2
09-01 00:07:18.241 D/NVITEM ( 1031): : get wake_lock 0
09-01 00:07:18.241 D/NVITEM ( 1031): : channel_read success
09-01 00:07:18.241 D/NVITEM ( 1031): : _getPacket continue read 1044 size 1024 grp
2 sub 383
09-01 00:07:18.241 D/NVITEM ( 1031): : writeData:id=1,start=481704, bytesLen:1024
09-01 00:07:18.241 D/NVITEM ( 1031): : *****memcpy packet buf to fromChannel
09-01 00:07:18.241 D/NVITEM ( 1031): : _getPacket
09-01 00:07:18.241 I/SprdVideoDecoderOMXComponent( 812): getExtensionIndex, name:
OMX.google.android.index.configureVideoTunnelMode
09-01 00:07:18.241 W/OMXNodeInstance( 812):
getExtensionIndex(0xebec0a90:sprd.vp9.decoder.secure,
OMX.google.android.index.configureVideoTunnelMode) (0x80001006)
09-01 00:07:18.241 D/MediaCodecInfo( 766): detail feature-tunneled-playback wasn't
present to remove
09-01 00:07:18.241 I/SprdVideoDecoderOMXComponent( 812): getExtensionIndex, name:
OMX.google.android.index.enableAndroidNativeBuffers
09-01 00:07:18.241 I/SPRDVP9Decoder( 812): internalSetParameter, enable
AndroidNativeBuffer
09-01 00:07:18.241 I/SPRDVP9Decoder( 812): getExtensionIndex:
OMX.google.android.index.allocateNativeHandle
09-01 00:07:18.241 E/SPRDVP9Decoder( 812): internalSetParameter, Enable/Disable
allocateNativeHandle allowed only on input port!
09-01 00:07:18.241 D/NVITEM ( 1031): : get wake_lock 0
09-01 00:07:18.241 W/OMXNodeInstance( 812):
setParameter(0xebec0a90:sprd.vp9.decoder.secure,
OMX.google.android.index.allocateNativeHandle(0x7f000008): Output:1 en=0)
(0x8000101b)
09-01 00:07:18.241 I/SprdVideoDecoderOMXComponent( 812): getExtensionIndex, name:
OMX.google.android.index.storeANWBufferInMetadata
09-01 00:07:18.241 I/SprdVideoDecoderOMXComponent( 812): getExtensionIndex, name:
OMX.google.android.index.storeMetaDataInBuffers
09-01 00:07:18.241 W/OMXNodeInstance( 812):
getExtensionIndex(0xebec0a90:sprd.vp9.decoder.secure,
OMX.google.android.index.storeMetaDataInBuffers) (0x80001006)
09-01 00:07:18.241 D/NVITEM ( 1031): : channel_read success
09-01 00:07:18.241 D/NVITEM ( 1031): : _getPacket continue read 1044 size 1024 grp
2 sub 384
09-01 00:07:18.241 D/NVITEM ( 1031): : writeData:id=1,start=482728, bytesLen:1024
09-01 00:07:18.241 D/NVITEM ( 1031): : *****memcpy packet buf to fromChannel
09-01 00:07:18.241 D/NVITEM ( 1031): : _getPacket
09-01 00:07:18.242 D/NVITEM ( 1031): : get wake_lock 0
09-01 00:07:18.242 D/NVITEM ( 1031): : channel_read success
09-01 00:07:18.242 D/NVITEM ( 1031): : _getPacket continue read 1044 size 1024 grp
2 sub 385
09-01 00:07:18.242 D/NVITEM ( 1031): : writeData:id=1,start=483752, bytesLen:1024
09-01 00:07:18.242 D/NVITEM ( 1031): : *****memcpy packet buf to fromChannel
09-01 00:07:18.242 D/NVITEM ( 1031): : _getPacket
09-01 00:07:18.242 D/NVITEM ( 1031): : get wake_lock 0
09-01 00:07:18.242 D/NVITEM ( 1031): : channel_read success
09-01 00:07:18.242 D/NVITEM ( 1031): : _getPacket continue read 1044 size 1024 grp
2 sub 386
09-01 00:07:18.242 D/NVITEM ( 1031): : writeData:id=1,start=484776, bytesLen:1024
09-01 00:07:18.242 D/NVITEM ( 1031): : *****memcpy packet buf to fromChannel
09-01 00:07:18.242 D/NVITEM ( 1031): : _getPacket
09-01 00:07:18.243 D/NVITEM ( 1031): : get wake_lock 0
09-01 00:07:18.243 D/NVITEM ( 1031): : channel_read success
09-01 00:07:18.243 D/NVITEM ( 1031): : _getPacket continue read 1044 size 1024 grp
2 sub 387
09-01 00:07:18.243 D/NVITEM ( 1031): : writeData:id=1,start=485800, bytesLen:1024
09-01 00:07:18.243 D/NVITEM ( 1031): : *****memcpy packet buf to fromChannel
09-01 00:07:18.243 D/NVITEM ( 1031): : _getPacket
09-01 00:07:18.243 D/NVITEM ( 1031): : get wake_lock 0
09-01 00:07:18.243 D/NVITEM ( 1031): : channel_read success
09-01 00:07:18.243 D/NVITEM ( 1031): : _getPacket continue read 1044 size 1024 grp
2 sub 388
09-01 00:07:18.243 D/NVITEM ( 1031): : writeData:id=1,start=486824, bytesLen:1024
09-01 00:07:18.243 D/NVITEM ( 1031): : *****memcpy packet buf to fromChannel
09-01 00:07:18.244 D/NVITEM ( 1031): : _getPacket
09-01 00:07:18.244 D/NVITEM ( 1031): : get wake_lock 0
09-01 00:07:18.244 D/NVITEM ( 1031): : channel_read success
09-01 00:07:18.244 D/NVITEM ( 1031): : _getPacket continue read 1044 size 1024 grp
2 sub 389
09-01 00:07:18.244 D/NVITEM ( 1031): : writeData:id=1,start=487848, bytesLen:1024
09-01 00:07:18.244 D/NVITEM ( 1031): : *****memcpy packet buf to fromChannel
09-01 00:07:18.244 D/NVITEM ( 1031): : _getPacket
09-01 00:07:18.245 D/NVITEM ( 1031): : get wake_lock 0
09-01 00:07:18.245 D/NVITEM ( 1031): : channel_read success
09-01 00:07:18.245 D/NVITEM ( 1031): : _getPacket continue read 1044 size 1024 grp
2 sub 390
09-01 00:07:18.245 D/NVITEM ( 1031): : writeData:id=1,start=488872, bytesLen:1024
09-01 00:07:18.245 D/NVITEM ( 1031): : *****memcpy packet buf to fromChannel
09-01 00:07:18.245 D/NVITEM ( 1031): : _getPacket
09-01 00:07:18.245 D/NVITEM ( 1031): : get wake_lock 0
09-01 00:07:18.245 D/NVITEM ( 1031): : channel_read success
09-01 00:07:18.245 D/NVITEM ( 1031): : _getPacket continue read 1044 size 1024 grp
2 sub 391
09-01 00:07:18.245 D/NVITEM ( 1031): : writeData:id=1,start=489896, bytesLen:1024
09-01 00:07:18.245 D/NVITEM ( 1031): : *****memcpy packet buf to fromChannel
09-01 00:07:18.245 D/NVITEM ( 1031): : _getPacket
09-01 00:07:18.246 D/NVITEM ( 1031): : get wake_lock 0
09-01 00:07:18.246 D/NVITEM ( 1031): : channel_read success
09-01 00:07:18.246 D/NVITEM ( 1031): : _getPacket continue read 1044 size 1024 grp
2 sub 392
09-01 00:07:18.246 D/NVITEM ( 1031): : writeData:id=1,start=490920, bytesLen:1024
09-01 00:07:18.246 D/NVITEM ( 1031): : *****memcpy packet buf to fromChannel
09-01 00:07:18.246 D/NVITEM ( 1031): : _getPacket
09-01 00:07:18.246 I/SprdVideoDecoderOMXComponent( 812): getExtensionIndex, name:
OMX.google.android.index.prepareForAdaptivePlayback
09-01 00:07:18.246 D/NVITEM ( 1031): : get wake_lock 0
09-01 00:07:18.246 D/NVITEM ( 1031): : channel_read success
09-01 00:07:18.246 D/NVITEM ( 1031): : _getPacket continue read 1044 size 1024 grp
2 sub 393
09-01 00:07:18.246 D/NVITEM ( 1031): : writeData:id=1,start=491944, bytesLen:1024
09-01 00:07:18.246 D/NVITEM ( 1031): : *****memcpy packet buf to fromChannel
09-01 00:07:18.246 D/NVITEM ( 1031): : _getPacket
09-01 00:07:18.247 I/SPRDVP9Decoder( 812): Destruct SPRDVP9Decoder, this:
0xebe81e60, clear_instances: 0, secure_instances: 1
09-01 00:07:18.247 D/VSP_CA ( 812): Enter trusty_vsp_call, cmd is 40000006,
in_size = 0
09-01 00:07:18.248 D/VSP_CA ( 812): trusty_vsp_call, 92, recv info size 364
09-01 00:07:18.248 D/VSP_CA ( 812): CA read response(40000007) from TA, out_size
is 360.
09-01 00:07:18.248 I/VSP ( 812): ReleaseRefBufInTos 20,result=0, out size 360
09-01 00:07:18.248 D/NVITEM ( 1031): : get wake_lock 0
09-01 00:07:18.248 D/VSP_CA ( 812): Enter trusty_vsp_call, cmd is 40000008,
in_size = 0
09-01 00:07:18.248 D/NVITEM ( 1031): : channel_read success
09-01 00:07:18.248 D/NVITEM ( 1031): : _getPacket continue read 1044 size 1024 grp
2 sub 394
09-01 00:07:18.248 D/NVITEM ( 1031): : writeData:id=1,start=492968, bytesLen:1024
09-01 00:07:18.248 D/NVITEM ( 1031): : *****memcpy packet buf to fromChannel
09-01 00:07:18.248 D/NVITEM ( 1031): : _getPacket
09-01 00:07:18.248 D/NVITEM ( 1031): : get wake_lock 0
09-01 00:07:18.248 D/NVITEM ( 1031): : channel_read success
09-01 00:07:18.248 D/NVITEM ( 1031): : _getPacket continue read 1044 size 1024 grp
2 sub 395
09-01 00:07:18.248 D/NVITEM ( 1031): : writeData:id=1,start=493992, bytesLen:1024
09-01 00:07:18.248 D/NVITEM ( 1031): : *****memcpy packet buf to fromChannel
09-01 00:07:18.248 D/NVITEM ( 1031): : _getPacket
09-01 00:07:18.249 I/ServiceManager( 764): Waiting for service 'package_native' on
'/dev/binder'...
09-01 00:07:18.249 D/VSP_CA ( 812): trusty_vsp_call, 92, recv info size 4
09-01 00:07:18.249 D/VSP_CA ( 812): CA read response(40000009) from TA, out_size
is 0.
09-01 00:07:18.249 I/VSP ( 812): ReleaseInTos 28,result=0
09-01 00:07:18.249 I/VSP_CA ( 812): close_tee_vsp: handle -336850208 disconnect
ta.
09-01 00:07:18.249 D/NVITEM ( 1031): : get wake_lock 0
09-01 00:07:18.249 D/NVITEM ( 1031): : channel_read success
09-01 00:07:18.249 D/NVITEM ( 1031): : _getPacket continue read 1044 size 1024 grp
2 sub 396
09-01 00:07:18.249 D/NVITEM ( 1031): : writeData:id=1,start=495016, bytesLen:1024
09-01 00:07:18.249 D/NVITEM ( 1031): : *****memcpy packet buf to fromChannel
09-01 00:07:18.249 D/NVITEM ( 1031): : _getPacket
09-01 00:07:18.249 D/vendor.sprd.hardware.trusty@1.0-TructyClient( 650): client is
to be closed
09-01 00:07:18.249 D/ip_monitor-793( 1075): ipv6 dev epdg2 forwarding on
09-01 00:07:18.249 E/vendor.sprd.hardware.trusty@1.0-TructyClient( 650): client
has been closed
09-01 00:07:18.249 D/NVITEM ( 1031): : get wake_lock 0
09-01 00:07:18.249 D/NVITEM ( 1031): : channel_read success
09-01 00:07:18.249 D/NVITEM ( 1031): : _getPacket continue read 1044 size 1024 grp
2 sub 397
09-01 00:07:18.249 D/NVITEM ( 1031): : writeData:id=1,start=496040, bytesLen:1024
09-01 00:07:18.249 D/NVITEM ( 1031): : *****memcpy packet buf to fromChannel
09-01 00:07:18.249 D/NVITEM ( 1031): : _getPacket
09-01 00:07:18.250 I/SprdVideoDecoderOMXComponent( 812): Destruct
SprdVideoDecoderOMXComponent, this: 0x0xebe81e60
09-01 00:07:18.250 I/SprdSimpleOMXComponent( 812): Destruct
SprdSimpleOMXComponent, this: 0x0xebe81e60
09-01 00:07:18.250 D/NVITEM ( 1031): : get wake_lock 0
09-01 00:07:18.250 D/NVITEM ( 1031): : channel_read success
09-01 00:07:18.250 D/NVITEM ( 1031): : _getPacket continue read 1044 size 1024 grp
2 sub 398
09-01 00:07:18.250 D/NVITEM ( 1031): : writeData:id=1,start=497064, bytesLen:1024
09-01 00:07:18.250 D/NVITEM ( 1031): : *****memcpy packet buf to fromChannel
09-01 00:07:18.250 D/NVITEM ( 1031): : _getPacket
09-01 00:07:18.250 D/NVITEM ( 1031): : get wake_lock 0
09-01 00:07:18.250 D/NVITEM ( 1031): : channel_read success
09-01 00:07:18.250 D/NVITEM ( 1031): : _getPacket continue read 1044 size 1024 grp
2 sub 399
09-01 00:07:18.250 D/NVITEM ( 1031): : writeData:id=1,start=498088, bytesLen:1024
09-01 00:07:18.250 D/NVITEM ( 1031): : *****memcpy packet buf to fromChannel
09-01 00:07:18.250 I/ACodec ( 766): [] Now uninitialized
09-01 00:07:18.250 D/NVITEM ( 1031): : _getPacket
09-01 00:07:18.251 D/NVITEM ( 1031): : get wake_lock 0
09-01 00:07:18.251 D/NVITEM ( 1031): : channel_read success
09-01 00:07:18.251 D/NVITEM ( 1031): : _getPacket continue read 1044 size 1024 grp
2 sub 400
09-01 00:07:18.251 D/NVITEM ( 1031): : writeData:id=1,start=499112, bytesLen:1024
09-01 00:07:18.251 D/NVITEM ( 1031): : *****memcpy packet buf to fromChannel
09-01 00:07:18.251 D/NVITEM ( 1031): : _getPacket
09-01 00:07:18.251 D/NVITEM ( 1031): : get wake_lock 0
09-01 00:07:18.251 D/NVITEM ( 1031): : channel_read success
09-01 00:07:18.251 D/NVITEM ( 1031): : _getPacket continue read 1044 size 1024 grp
2 sub 401
09-01 00:07:18.251 D/NVITEM ( 1031): : writeData:id=1,start=500136, bytesLen:1024
09-01 00:07:18.251 D/NVITEM ( 1031): : *****memcpy packet buf to fromChannel
09-01 00:07:18.251 D/NVITEM ( 1031): : _getPacket
09-01 00:07:18.252 I/OMXClient( 766): IOmx service obtained
09-01 00:07:18.252 I/OMXMaster( 812): makeComponentInstance(OMX.sprd.h264.encoder)
in android.hardwar process
09-01 00:07:18.252 D/NVITEM ( 1031): : get wake_lock 0
09-01 00:07:18.252 D/NVITEM ( 1031): : channel_read success
09-01 00:07:18.252 D/NVITEM ( 1031): : _getPacket continue read 1044 size 1024 grp
2 sub 402
09-01 00:07:18.252 D/NVITEM ( 1031): : writeData:id=1,start=501160, bytesLen:1024
09-01 00:07:18.252 D/NVITEM ( 1031): : *****memcpy packet buf to fromChannel
09-01 00:07:18.252 D/NVITEM ( 1031): : _getPacket
09-01 00:07:18.252 D/NVITEM ( 1031): : get wake_lock 0
09-01 00:07:18.253 D/NVITEM ( 1031): : channel_read success
09-01 00:07:18.253 D/NVITEM ( 1031): : _getPacket continue read 1044 size 1024 grp
2 sub 403
09-01 00:07:18.253 D/NVITEM ( 1031): : writeData:id=1,start=502184, bytesLen:1024
09-01 00:07:18.253 D/NVITEM ( 1031): : *****memcpy packet buf to fromChannel
09-01 00:07:18.253 D/NVITEM ( 1031): : _getPacket
09-01 00:07:18.253 D/NVITEM ( 1031): : get wake_lock 0
09-01 00:07:18.253 D/NVITEM ( 1031): : channel_read success
09-01 00:07:18.253 D/NVITEM ( 1031): : _getPacket continue read 1044 size 1024 grp
2 sub 404
09-01 00:07:18.253 D/NVITEM ( 1031): : writeData:id=1,start=503208, bytesLen:1024
09-01 00:07:18.253 D/NVITEM ( 1031): : *****memcpy packet buf to fromChannel
09-01 00:07:18.253 D/NVITEM ( 1031): : _getPacket
09-01 00:07:18.254 D/NVITEM ( 1031): : get wake_lock 0
09-01 00:07:18.254 D/NVITEM ( 1031): : channel_read success
09-01 00:07:18.254 D/NVITEM ( 1031): : _getPacket continue read 1044 size 1024 grp
2 sub 405
09-01 00:07:18.254 D/NVITEM ( 1031): : writeData:id=1,start=504232, bytesLen:1024
09-01 00:07:18.254 D/NVITEM ( 1031): : *****memcpy packet buf to fromChannel
09-01 00:07:18.254 D/NVITEM ( 1031): : _getPacket
09-01 00:07:18.254 D/NVITEM ( 1031): : get wake_lock 0
09-01 00:07:18.254 D/NVITEM ( 1031): : channel_read success
09-01 00:07:18.254 D/NVITEM ( 1031): : _getPacket continue read 1044 size 1024 grp
2 sub 406
09-01 00:07:18.254 D/NVITEM ( 1031): : writeData:id=1,start=505256, bytesLen:1024
09-01 00:07:18.254 D/NVITEM ( 1031): : *****memcpy packet buf to fromChannel
09-01 00:07:18.254 D/NVITEM ( 1031): : _getPacket
09-01 00:07:18.255 D/NVITEM ( 1031): : get wake_lock 0
09-01 00:07:18.255 D/NVITEM ( 1031): : channel_read success
09-01 00:07:18.255 D/NVITEM ( 1031): : _getPacket continue read 1044 size 1024 grp
2 sub 407
09-01 00:07:18.255 D/NVITEM ( 1031): : writeData:id=1,start=506280, bytesLen:1024
09-01 00:07:18.255 D/NVITEM ( 1031): : *****memcpy packet buf to fromChannel
09-01 00:07:18.255 D/NVITEM ( 1031): : _getPacket
09-01 00:07:18.255 D/NVITEM ( 1031): : get wake_lock 0
09-01 00:07:18.255 D/NVITEM ( 1031): : channel_read success
09-01 00:07:18.255 D/NVITEM ( 1031): : _getPacket continue read 1044 size 1024 grp
2 sub 408
09-01 00:07:18.255 D/NVITEM ( 1031): : writeData:id=1,start=507304, bytesLen:1024
09-01 00:07:18.255 D/NVITEM ( 1031): : *****memcpy packet buf to fromChannel
09-01 00:07:18.255 D/NVITEM ( 1031): : _getPacket
09-01 00:07:18.256 D/NVITEM ( 1031): : get wake_lock 0
09-01 00:07:18.256 D/NVITEM ( 1031): : channel_read success
09-01 00:07:18.256 D/NVITEM ( 1031): : _getPacket continue read 1044 size 1024 grp
2 sub 409
09-01 00:07:18.256 D/NVITEM ( 1031): : writeData:id=1,start=508328, bytesLen:1024
09-01 00:07:18.256 D/NVITEM ( 1031): : *****memcpy packet buf to fromChannel
09-01 00:07:18.256 D/NVITEM ( 1031): : _getPacket
09-01 00:07:18.256 D/NVITEM ( 1031): : get wake_lock 0
09-01 00:07:18.256 D/NVITEM ( 1031): : channel_read success
09-01 00:07:18.256 D/NVITEM ( 1031): : _getPacket continue read 1044 size 1024 grp
2 sub 410
09-01 00:07:18.256 D/NVITEM ( 1031): : writeData:id=1,start=509352, bytesLen:1024
09-01 00:07:18.256 D/NVITEM ( 1031): : *****memcpy packet buf to fromChannel
09-01 00:07:18.257 D/NVITEM ( 1031): : _getPacket
09-01 00:07:18.257 D/NVITEM ( 1031): : get wake_lock 0
09-01 00:07:18.257 D/NVITEM ( 1031): : channel_read success
09-01 00:07:18.257 D/NVITEM ( 1031): : _getPacket continue read 1044 size 1024 grp
2 sub 411
09-01 00:07:18.257 D/NVITEM ( 1031): : writeData:id=1,start=510376, bytesLen:1024
09-01 00:07:18.257 D/NVITEM ( 1031): : *****memcpy packet buf to fromChannel
09-01 00:07:18.257 D/NVITEM ( 1031): : _getPacket
09-01 00:07:18.258 D/NVITEM ( 1031): : get wake_lock 0
09-01 00:07:18.258 D/NVITEM ( 1031): : channel_read success
09-01 00:07:18.258 D/NVITEM ( 1031): : _getPacket continue read 1044 size 1024 grp
2 sub 412
09-01 00:07:18.258 D/NVITEM ( 1031): : writeData:id=1,start=511400, bytesLen:1024
09-01 00:07:18.258 D/NVITEM ( 1031): : *****memcpy packet buf to fromChannel
09-01 00:07:18.258 D/NVITEM ( 1031): : _getPacket
09-01 00:07:18.258 D/NVITEM ( 1031): : get wake_lock 0
09-01 00:07:18.258 D/NVITEM ( 1031): : channel_read success
09-01 00:07:18.258 D/NVITEM ( 1031): : _getPacket continue read 1044 size 1024 grp
2 sub 413
09-01 00:07:18.258 D/NVITEM ( 1031): : writeData:id=1,start=512424, bytesLen:1024
09-01 00:07:18.258 D/NVITEM ( 1031): : *****memcpy packet buf to fromChannel
09-01 00:07:18.258 D/NVITEM ( 1031): : _getPacket
09-01 00:07:18.259 D/NVITEM ( 1031): : get wake_lock 0
09-01 00:07:18.259 D/NVITEM ( 1031): : channel_read success
09-01 00:07:18.259 D/NVITEM ( 1031): : _getPacket continue read 1044 size 1024 grp
2 sub 414
09-01 00:07:18.259 D/NVITEM ( 1031): : writeData:id=1,start=513448, bytesLen:1024
09-01 00:07:18.259 D/NVITEM ( 1031): : *****memcpy packet buf to fromChannel
09-01 00:07:18.259 D/NVITEM ( 1031): : _getPacket
09-01 00:07:18.260 D/NVITEM ( 1031): : get wake_lock 0
09-01 00:07:18.260 D/NVITEM ( 1031): : channel_read success
09-01 00:07:18.260 D/NVITEM ( 1031): : _getPacket continue read 1044 size 1024 grp
2 sub 415
09-01 00:07:18.260 D/NVITEM ( 1031): : writeData:id=1,start=514472, bytesLen:1024
09-01 00:07:18.260 D/NVITEM ( 1031): : *****memcpy packet buf to fromChannel
09-01 00:07:18.260 D/NVITEM ( 1031): : _getPacket
09-01 00:07:18.260 D/NVITEM ( 1031): : get wake_lock 0
09-01 00:07:18.260 D/NVITEM ( 1031): : channel_read success
09-01 00:07:18.260 D/NVITEM ( 1031): : _getPacket continue read 1044 size 1024 grp
2 sub 416
09-01 00:07:18.260 D/NVITEM ( 1031): : writeData:id=1,start=515496, bytesLen:1024
09-01 00:07:18.260 D/NVITEM ( 1031): : *****memcpy packet buf to fromChannel
09-01 00:07:18.260 D/NVITEM ( 1031): : _getPacket
09-01 00:07:18.261 D/NVITEM ( 1031): : get wake_lock 0
09-01 00:07:18.261 D/NVITEM ( 1031): : channel_read success
09-01 00:07:18.261 D/NVITEM ( 1031): : _getPacket continue read 1044 size 1024 grp
2 sub 417
09-01 00:07:18.261 D/NVITEM ( 1031): : writeData:id=1,start=516520, bytesLen:1024
09-01 00:07:18.261 D/NVITEM ( 1031): : *****memcpy packet buf to fromChannel
09-01 00:07:18.261 D/NVITEM ( 1031): : _getPacket
09-01 00:07:18.261 D/NVITEM ( 1031): : get wake_lock 0
09-01 00:07:18.261 D/NVITEM ( 1031): : channel_read success
09-01 00:07:18.261 D/NVITEM ( 1031): : _getPacket continue read 1044 size 1024 grp
2 sub 418
09-01 00:07:18.261 D/NVITEM ( 1031): : writeData:id=1,start=517544, bytesLen:1024
09-01 00:07:18.261 D/NVITEM ( 1031): : *****memcpy packet buf to fromChannel
09-01 00:07:18.262 D/NVITEM ( 1031): : _getPacket
09-01 00:07:18.262 D/NVITEM ( 1031): : get wake_lock 0
09-01 00:07:18.262 D/NVITEM ( 1031): : channel_read success
09-01 00:07:18.262 D/NVITEM ( 1031): : _getPacket continue read 1044 size 1024 grp
2 sub 419
09-01 00:07:18.262 D/NVITEM ( 1031): : writeData:id=1,start=518568, bytesLen:1024
09-01 00:07:18.262 D/NVITEM ( 1031): : *****memcpy packet buf to fromChannel
09-01 00:07:18.262 D/NVITEM ( 1031): : _getPacket
09-01 00:07:18.262 D/NVITEM ( 1031): : get wake_lock 0
09-01 00:07:18.262 D/NVITEM ( 1031): : channel_read success
09-01 00:07:18.262 D/NVITEM ( 1031): : _getPacket continue read 1044 size 1024 grp
2 sub 420
09-01 00:07:18.262 D/NVITEM ( 1031): : writeData:id=1,start=519592, bytesLen:1024
09-01 00:07:18.262 D/NVITEM ( 1031): : *****memcpy packet buf to fromChannel
09-01 00:07:18.262 D/NVITEM ( 1031): : _getPacket
09-01 00:07:18.263 I/SprdSimpleOMXComponent( 812): Construct
SprdSimpleOMXComponent(0xebe05ce0)
09-01 00:07:18.263 D/NVITEM ( 1031): : get wake_lock 0
09-01 00:07:18.263 D/NVITEM ( 1031): : channel_read success
09-01 00:07:18.263 I/SprdVideoEncoderOMXComponent( 812): Construct
SprdVideoEncoderOMXComponent, this: 0x0xebe05ce0
09-01 00:07:18.263 D/NVITEM ( 1031): : _getPacket continue read 1044 size 1024 grp
2 sub 421
09-01 00:07:18.263 D/NVITEM ( 1031): : writeData:id=1,start=520616, bytesLen:1024
09-01 00:07:18.263 D/NVITEM ( 1031): : *****memcpy packet buf to fromChannel
09-01 00:07:18.263 I/SPRDAVCEncoder( 812): Construct SPRDAVCEncoder, this:
0x0xebe05ce0, SecureFlag: 0
09-01 00:07:18.263 I/SPRDAVCEncoder( 812): openEncoder, lib:
libomx_avcenc_hw_sprd.so
09-01 00:07:18.263 D/NVITEM ( 1031): : _getPacket
09-01 00:07:18.263 D/NVITEM ( 1031): : get wake_lock 0
09-01 00:07:18.263 D/NVITEM ( 1031): : channel_read success
09-01 00:07:18.263 D/NVITEM ( 1031): : _getPacket continue read 1044 size 1024 grp
2 sub 422
09-01 00:07:18.263 D/NVITEM ( 1031): : writeData:id=1,start=521640, bytesLen:1024
09-01 00:07:18.263 D/NVITEM ( 1031): : *****memcpy packet buf to fromChannel
09-01 00:07:18.263 D/NVITEM ( 1031): : _getPacket
09-01 00:07:18.264 D/NVITEM ( 1031): : get wake_lock 0
09-01 00:07:18.264 D/NVITEM ( 1031): : channel_read success
09-01 00:07:18.264 D/NVITEM ( 1031): : _getPacket continue read 1044 size 1024 grp
2 sub 423
09-01 00:07:18.264 D/NVITEM ( 1031): : writeData:id=1,start=522664, bytesLen:1024
09-01 00:07:18.264 D/NVITEM ( 1031): : *****memcpy packet buf to fromChannel
09-01 00:07:18.264 D/NVITEM ( 1031): : _getPacket
09-01 00:07:18.264 D/NVITEM ( 1031): : get wake_lock 0
09-01 00:07:18.264 D/NVITEM ( 1031): : channel_read success
09-01 00:07:18.264 D/NVITEM ( 1031): : _getPacket continue read 1044 size 1024 grp
2 sub 424
09-01 00:07:18.265 D/NVITEM ( 1031): : writeData:id=1,start=523688, bytesLen:1024
09-01 00:07:18.265 D/NVITEM ( 1031): : *****memcpy packet buf to fromChannel
09-01 00:07:18.265 D/NVITEM ( 1031): : _getPacket
09-01 00:07:18.265 D/NVITEM ( 1031): : get wake_lock 0
09-01 00:07:18.265 D/NVITEM ( 1031): : channel_read success
09-01 00:07:18.265 D/NVITEM ( 1031): : _getPacket continue read 1044 size 1024 grp
2 sub 425
09-01 00:07:18.265 D/NVITEM ( 1031): : writeData:id=1,start=524712, bytesLen:1024
09-01 00:07:18.265 D/NVITEM ( 1031): : *****memcpy packet buf to fromChannel
09-01 00:07:18.265 D/NVITEM ( 1031): : _getPacket
09-01 00:07:18.266 D/NVITEM ( 1031): : get wake_lock 0
09-01 00:07:18.266 D/NVITEM ( 1031): : channel_read success
09-01 00:07:18.266 D/NVITEM ( 1031): : _getPacket continue read 1044 size 1024 grp
2 sub 426
09-01 00:07:18.266 D/NVITEM ( 1031): : writeData:id=1,start=525736, bytesLen:1024
09-01 00:07:18.266 D/NVITEM ( 1031): : *****memcpy packet buf to fromChannel
09-01 00:07:18.266 D/NVITEM ( 1031): : _getPacket
09-01 00:07:18.266 D/ip_monitor-793( 1077): ipv4 dev epdg3 forwarding off rp_filter
off mc_forwarding off proxy_neigh off ignore_routes_with_linkdown off
09-01 00:07:18.266 D/NVITEM ( 1031): : get wake_lock 0
09-01 00:07:18.266 D/NVITEM ( 1031): : channel_read success
09-01 00:07:18.266 D/NVITEM ( 1031): : _getPacket continue read 1044 size 1024 grp
2 sub 427
09-01 00:07:18.266 D/NVITEM ( 1031): : writeData:id=1,start=526760, bytesLen:1024
09-01 00:07:18.266 D/NVITEM ( 1031): : *****memcpy packet buf to fromChannel
09-01 00:07:18.267 D/NVITEM ( 1031): : _getPacket
09-01 00:07:18.267 D/NVITEM ( 1031): : get wake_lock 0
09-01 00:07:18.267 D/NVITEM ( 1031): : channel_read success
09-01 00:07:18.267 D/NVITEM ( 1031): : _getPacket continue read 1044 size 1024 grp
2 sub 428
09-01 00:07:18.267 D/NVITEM ( 1031): : writeData:id=1,start=527784, bytesLen:1024
09-01 00:07:18.267 D/NVITEM ( 1031): : *****memcpy packet buf to fromChannel
09-01 00:07:18.267 D/NVITEM ( 1031): : _getPacket
09-01 00:07:18.267 I/ServiceManager( 594): Waiting for service 'statscompanion' on
'/dev/binder'...
09-01 00:07:18.267 D/NVITEM ( 1031): : get wake_lock 0
09-01 00:07:18.267 D/NVITEM ( 1031): : channel_read success
09-01 00:07:18.267 D/NVITEM ( 1031): : _getPacket continue read 1044 size 1024 grp
2 sub 429
09-01 00:07:18.267 D/NVITEM ( 1031): : writeData:id=1,start=528808, bytesLen:1024
09-01 00:07:18.267 D/NVITEM ( 1031): : *****memcpy packet buf to fromChannel
09-01 00:07:18.267 D/NVITEM ( 1031): : _getPacket
09-01 00:07:18.268 D/NVITEM ( 1031): : get wake_lock 0
09-01 00:07:18.268 D/NVITEM ( 1031): : channel_read success
09-01 00:07:18.268 D/NVITEM ( 1031): : _getPacket continue read 1044 size 1024 grp
2 sub 430
09-01 00:07:18.268 D/NVITEM ( 1031): : writeData:id=1,start=529832, bytesLen:1024
09-01 00:07:18.268 D/NVITEM ( 1031): : *****memcpy packet buf to fromChannel
09-01 00:07:18.268 D/NVITEM ( 1031): : _getPacket
09-01 00:07:18.268 D/NVITEM ( 1031): : get wake_lock 0
09-01 00:07:18.268 D/NVITEM ( 1031): : channel_read success
09-01 00:07:18.268 D/NVITEM ( 1031): : _getPacket continue read 1044 size 1024 grp
2 sub 431
09-01 00:07:18.268 D/NVITEM ( 1031): : writeData:id=1,start=530856, bytesLen:1024
09-01 00:07:18.268 D/NVITEM ( 1031): : *****memcpy packet buf to fromChannel
09-01 00:07:18.268 D/NVITEM ( 1031): : _getPacket
09-01 00:07:18.269 D/NVITEM ( 1031): : get wake_lock 0
09-01 00:07:18.269 D/NVITEM ( 1031): : channel_read success
09-01 00:07:18.269 D/NVITEM ( 1031): : _getPacket continue read 1044 size 1024 grp
2 sub 432
09-01 00:07:18.269 D/NVITEM ( 1031): : writeData:id=1,start=531880, bytesLen:1024
09-01 00:07:18.269 D/NVITEM ( 1031): : *****memcpy packet buf to fromChannel
09-01 00:07:18.269 D/NVITEM ( 1031): : _getPacket
09-01 00:07:18.269 D/NVITEM ( 1031): : get wake_lock 0
09-01 00:07:18.269 D/NVITEM ( 1031): : channel_read success
09-01 00:07:18.269 D/NVITEM ( 1031): : _getPacket continue read 1044 size 1024 grp
2 sub 433
09-01 00:07:18.269 D/NVITEM ( 1031): : writeData:id=1,start=532904, bytesLen:1024
09-01 00:07:18.270 D/NVITEM ( 1031): : *****memcpy packet buf to fromChannel
09-01 00:07:18.270 D/NVITEM ( 1031): : _getPacket
09-01 00:07:18.270 D/NVITEM ( 1031): : get wake_lock 0
09-01 00:07:18.270 D/NVITEM ( 1031): : channel_read success
09-01 00:07:18.270 D/NVITEM ( 1031): : _getPacket continue read 1044 size 1024 grp
2 sub 434
09-01 00:07:18.270 D/NVITEM ( 1031): : writeData:id=1,start=533928, bytesLen:1024
09-01 00:07:18.270 D/NVITEM ( 1031): : *****memcpy packet buf to fromChannel
09-01 00:07:18.270 D/NVITEM ( 1031): : _getPacket
09-01 00:07:18.271 D/NVITEM ( 1031): : get wake_lock 0
09-01 00:07:18.271 D/NVITEM ( 1031): : channel_read success
09-01 00:07:18.271 D/NVITEM ( 1031): : _getPacket continue read 1044 size 1024 grp
2 sub 435
09-01 00:07:18.271 D/NVITEM ( 1031): : writeData:id=1,start=534952, bytesLen:1024
09-01 00:07:18.271 D/NVITEM ( 1031): : *****memcpy packet buf to fromChannel
09-01 00:07:18.271 D/NVITEM ( 1031): : _getPacket
09-01 00:07:18.271 D/NVITEM ( 1031): : get wake_lock 0
09-01 00:07:18.271 D/NVITEM ( 1031): : channel_read success
09-01 00:07:18.271 D/NVITEM ( 1031): : _getPacket continue read 1044 size 1024 grp
2 sub 436
09-01 00:07:18.271 D/NVITEM ( 1031): : writeData:id=1,start=535976, bytesLen:1024
09-01 00:07:18.271 D/NVITEM ( 1031): : *****memcpy packet buf to fromChannel
09-01 00:07:18.271 D/NVITEM ( 1031): : _getPacket
09-01 00:07:18.272 D/NVITEM ( 1031): : get wake_lock 0
09-01 00:07:18.272 D/NVITEM ( 1031): : channel_read success
09-01 00:07:18.272 D/NVITEM ( 1031): : _getPacket continue read 1044 size 1024 grp
2 sub 437
09-01 00:07:18.272 D/NVITEM ( 1031): : writeData:id=1,start=537000, bytesLen:1024
09-01 00:07:18.272 D/NVITEM ( 1031): : *****memcpy packet buf to fromChannel
09-01 00:07:18.272 D/NVITEM ( 1031): : _getPacket
09-01 00:07:18.272 I/SPRDAVCEncoder( 812): SPRDAVCEncoder, line:217, name:
OMX.sprd.h264.encoder
09-01 00:07:18.272 I/SPRDAVCEncoder( 812): SPRDAVCEncoder, mDumpYUVEnabled: 0,
mDumpStrmEnabled: 0
09-01 00:07:18.272 D/NVITEM ( 1031): : get wake_lock 0
09-01 00:07:18.272 D/NVITEM ( 1031): : channel_read success
09-01 00:07:18.272 D/NVITEM ( 1031): : _getPacket continue read 1044 size 1024 grp
2 sub 438
09-01 00:07:18.272 D/NVITEM ( 1031): : writeData:id=1,start=538024, bytesLen:1024
09-01 00:07:18.272 D/NVITEM ( 1031): : *****memcpy packet buf to fromChannel
09-01 00:07:18.272 D/NVITEM ( 1031): : _getPacket
09-01 00:07:18.273 D/NVITEM ( 1031): : get wake_lock 0
09-01 00:07:18.273 D/NVITEM ( 1031): : channel_read success
09-01 00:07:18.273 D/NVITEM ( 1031): : _getPacket continue read 1044 size 1024 grp
2 sub 439
09-01 00:07:18.273 D/NVITEM ( 1031): : writeData:id=1,start=539048, bytesLen:1024
09-01 00:07:18.273 D/NVITEM ( 1031): : *****memcpy packet buf to fromChannel
09-01 00:07:18.273 D/NVITEM ( 1031): : _getPacket
09-01 00:07:18.273 D/NVITEM ( 1031): : get wake_lock 0
09-01 00:07:18.273 D/NVITEM ( 1031): : channel_read success
09-01 00:07:18.273 D/NVITEM ( 1031): : _getPacket continue read 1044 size 1024 grp
2 sub 440
09-01 00:07:18.273 D/NVITEM ( 1031): : writeData:id=1,start=540072, bytesLen:1024
09-01 00:07:18.273 D/NVITEM ( 1031): : *****memcpy packet buf to fromChannel
09-01 00:07:18.273 D/NVITEM ( 1031): : _getPacket
09-01 00:07:18.273 I/VSP ( 812): libomx_avcenc_hw_sprd.so is built on Thu Aug
11 12:57:13 KST 2022, Copyright (C) Spreadtrum, Inc.
09-01 00:07:18.275 D/NVITEM ( 1031): : get wake_lock 0
09-01 00:07:18.275 D/NVITEM ( 1031): : channel_read success
09-01 00:07:18.275 D/NVITEM ( 1031): : _getPacket continue read 1044 size 1024 grp
2 sub 441
09-01 00:07:18.275 D/NVITEM ( 1031): : writeData:id=1,start=541096, bytesLen:1024
09-01 00:07:18.275 D/NVITEM ( 1031): : *****memcpy packet buf to fromChannel
09-01 00:07:18.275 D/NVITEM ( 1031): : _getPacket
09-01 00:07:18.276 D/NVITEM ( 1031): : get wake_lock 0
09-01 00:07:18.276 D/NVITEM ( 1031): : channel_read success
09-01 00:07:18.276 D/NVITEM ( 1031): : _getPacket continue read 1044 size 1024 grp
2 sub 442
09-01 00:07:18.276 D/NVITEM ( 1031): : writeData:id=1,start=542120, bytesLen:1024
09-01 00:07:18.276 D/NVITEM ( 1031): : *****memcpy packet buf to fromChannel
09-01 00:07:18.276 D/NVITEM ( 1031): : _getPacket
09-01 00:07:18.276 I/SPRDAVCEncoder( 812): Construct SPRDAVCEncoder, Capability:
profile 100, level 41, max wh=1920 3840
09-01 00:07:18.276 I/SPRDAVCEncoder( 812): Enc needAign:0
09-01 00:07:18.276 I/SPRDAVCEncoder( 812): Get IOMMU Status: 0(Success) ,
mSecureFlag: 0
09-01 00:07:18.276 I/SPRD_OMX_CORE( 812): Created OMXPlugin :
OMX.sprd.h264.encoder
09-01 00:07:18.276 D/NVITEM ( 1031): : get wake_lock 0
09-01 00:07:18.276 D/NVITEM ( 1031): : channel_read success
09-01 00:07:18.276 D/NVITEM ( 1031): : _getPacket continue read 1044 size 1024 grp
2 sub 443
09-01 00:07:18.276 D/NVITEM ( 1031): : writeData:id=1,start=543144, bytesLen:1024
09-01 00:07:18.276 D/NVITEM ( 1031): : *****memcpy packet buf to fromChannel
09-01 00:07:18.276 D/NVITEM ( 1031): : _getPacket
09-01 00:07:18.276 I/SPRDAVCEncoder( 812): internalSetParameter, 561, cmd index:
0x1000017
09-01 00:07:18.276 D/NVITEM ( 1031): : get wake_lock 0
09-01 00:07:18.277 D/NVITEM ( 1031): : channel_read success
09-01 00:07:18.277 D/NVITEM ( 1031): : _getPacket continue read 1044 size 1024 grp
2 sub 444
09-01 00:07:18.277 D/NVITEM ( 1031): : writeData:id=1,start=544168, bytesLen:1024
09-01 00:07:18.277 D/NVITEM ( 1031): : *****memcpy packet buf to fromChannel
09-01 00:07:18.277 D/NVITEM ( 1031): : _getPacket
09-01 00:07:18.277 D/NVITEM ( 1031): : get wake_lock 0
09-01 00:07:18.277 D/NVITEM ( 1031): : channel_read success
09-01 00:07:18.277 D/NVITEM ( 1031): : _getPacket continue read 1044 size 1024 grp
2 sub 445
09-01 00:07:18.277 D/NVITEM ( 1031): : writeData:id=1,start=545192, bytesLen:1024
09-01 00:07:18.277 D/NVITEM ( 1031): : *****memcpy packet buf to fromChannel
09-01 00:07:18.277 D/NVITEM ( 1031): : _getPacket
09-01 00:07:18.278 D/NVITEM ( 1031): : get wake_lock 0
09-01 00:07:18.278 D/NVITEM ( 1031): : channel_read success
09-01 00:07:18.278 D/NVITEM ( 1031): : _getPacket continue read 1044 size 1024 grp
2 sub 446
09-01 00:07:18.278 D/NVITEM ( 1031): : writeData:id=1,start=546216, bytesLen:1024
09-01 00:07:18.278 D/NVITEM ( 1031): : *****memcpy packet buf to fromChannel
09-01 00:07:18.278 D/NVITEM ( 1031): : _getPacket
09-01 00:07:18.278 D/NVITEM ( 1031): : get wake_lock 0
09-01 00:07:18.278 D/NVITEM ( 1031): : channel_read success
09-01 00:07:18.278 D/NVITEM ( 1031): : _getPacket continue read 1044 size 1024 grp
2 sub 447
09-01 00:07:18.278 D/NVITEM ( 1031): : writeData:id=1,start=547240, bytesLen:1024
09-01 00:07:18.278 D/NVITEM ( 1031): : *****memcpy packet buf to fromChannel
09-01 00:07:18.278 D/NVITEM ( 1031): : _getPacket
09-01 00:07:18.279 I/SPRDAVCEncoder( 812): getExtensionIndex:
OMX.google.android.index.allocateNativeHandle
09-01 00:07:18.279 I/SprdVideoEncoderOMXComponent( 812): internalGetParameter,
DescribeColorFormat: 0x7fd00001, w h = 128 128
09-01 00:07:18.279 D/NVITEM ( 1031): : get wake_lock 0
09-01 00:07:18.279 D/NVITEM ( 1031): : channel_read success
09-01 00:07:18.279 D/NVITEM ( 1031): : _getPacket continue read 1044 size 1024 grp
2 sub 448
09-01 00:07:18.279 D/NVITEM ( 1031): : writeData:id=1,start=548264, bytesLen:1024
09-01 00:07:18.279 D/NVITEM ( 1031): : *****memcpy packet buf to fromChannel
09-01 00:07:18.279 D/NVITEM ( 1031): : _getPacket
09-01 00:07:18.279 I/SprdVideoEncoderOMXComponent( 812): internalGetParameter,
DescribeColorFormat: 0x15, w h = 128 128
09-01 00:07:18.279 D/NVITEM ( 1031): : get wake_lock 0
09-01 00:07:18.279 D/NVITEM ( 1031): : channel_read success
09-01 00:07:18.279 D/NVITEM ( 1031): : _getPacket continue read 1044 size 1024 grp
2 sub 449
09-01 00:07:18.279 D/NVITEM ( 1031): : writeData:id=1,start=549288, bytesLen:1024
09-01 00:07:18.279 D/NVITEM ( 1031): : *****memcpy packet buf to fromChannel
09-01 00:07:18.279 D/NVITEM ( 1031): : _getPacket
09-01 00:07:18.279 I/SprdVideoEncoderOMXComponent( 812): internalGetParameter,
DescribeColorFormat: 0x13, w h = 128 128
09-01 00:07:18.280 D/NVITEM ( 1031): : get wake_lock 0
09-01 00:07:18.280 D/NVITEM ( 1031): : channel_read success
09-01 00:07:18.280 D/NVITEM ( 1031): : _getPacket continue read 1044 size 1024 grp
2 sub 450
09-01 00:07:18.280 D/NVITEM ( 1031): : writeData:id=1,start=550312, bytesLen:1024
09-01 00:07:18.280 D/NVITEM ( 1031): : *****memcpy packet buf to fromChannel
09-01 00:07:18.280 D/NVITEM ( 1031): : _getPacket
09-01 00:07:18.280 I/SprdVideoEncoderOMXComponent( 812): internalGetParameter,
DescribeColorFormat: 0x7f000789, w h = 128 128
09-01 00:07:18.280 W/SprdVideoEncoderOMXComponent( 812): do not know color format
0x7f000789 = 2130708361
09-01 00:07:18.280 W/OMXNodeInstance( 812):
getParameter(0xebec0a90:sprd.h264.encoder, ??(0x7f00000f)) (0x80001019)
09-01 00:07:18.280 W/OMXUtils( 766): do not know color format 0x7f000789 =
2130708361
09-01 00:07:18.280 D/NVITEM ( 1031): : get wake_lock 0
09-01 00:07:18.280 D/NVITEM ( 1031): : channel_read success
09-01 00:07:18.280 D/NVITEM ( 1031): : _getPacket continue read 1044 size 1024 grp
2 sub 451
09-01 00:07:18.280 D/NVITEM ( 1031): : writeData:id=1,start=551336, bytesLen:1024
09-01 00:07:18.280 D/NVITEM ( 1031): : *****memcpy packet buf to fromChannel
09-01 00:07:18.280 D/NVITEM ( 1031): : _getPacket
09-01 00:07:18.281 W/OMXNodeInstance( 812):
getConfig(0xebec0a90:sprd.h264.encoder, ConfigAndroidIntraRefresh(0x6f60000a))
(0x80001001)
09-01 00:07:18.281 D/NVITEM ( 1031): : get wake_lock 0
09-01 00:07:18.281 D/NVITEM ( 1031): : channel_read success
09-01 00:07:18.281 D/NVITEM ( 1031): : _getPacket continue read 1044 size 1024 grp
2 sub 452
09-01 00:07:18.281 D/NVITEM ( 1031): : writeData:id=1,start=552360, bytesLen:1024
09-01 00:07:18.281 D/NVITEM ( 1031): : *****memcpy packet buf to fromChannel
09-01 00:07:18.281 D/NVITEM ( 1031): : _getPacket
09-01 00:07:18.281 W/OMXNodeInstance( 812):
getParameter(0xebec0a90:sprd.h264.encoder, ParamVideoIntraRefresh(0x6000006))
(0x8000101a)
09-01 00:07:18.281 D/MediaCodecInfo( 766): detail feature-frame-parsing wasn't
present to remove
09-01 00:07:18.281 D/NVITEM ( 1031): : get wake_lock 0
09-01 00:07:18.281 D/NVITEM ( 1031): : channel_read success
09-01 00:07:18.281 D/NVITEM ( 1031): : _getPacket continue read 1044 size 1024 grp
2 sub 453
09-01 00:07:18.281 D/NVITEM ( 1031): : writeData:id=1,start=553384, bytesLen:1024
09-01 00:07:18.281 D/NVITEM ( 1031): : *****memcpy packet buf to fromChannel
09-01 00:07:18.281 D/NVITEM ( 1031): : _getPacket
09-01 00:07:18.282 I/SPRDAVCEncoder( 812): Destruct SPRDAVCEncoder, this:
0x0xebe05ce0
09-01 00:07:18.282 D/NVITEM ( 1031): : get wake_lock 0
09-01 00:07:18.282 D/NVITEM ( 1031): : channel_read success
09-01 00:07:18.282 D/NVITEM ( 1031): : _getPacket continue read 1044 size 1024 grp
2 sub 454
09-01 00:07:18.282 D/NVITEM ( 1031): : writeData:id=1,start=554408, bytesLen:1024
09-01 00:07:18.282 D/NVITEM ( 1031): : *****memcpy packet buf to fromChannel
09-01 00:07:18.282 D/NVITEM ( 1031): : _getPacket
09-01 00:07:18.282 I/SprdVideoEncoderOMXComponent( 812): Destruct
SprdVideoEncoderOMXComponent, this: 0x0xebe05ce0
09-01 00:07:18.282 I/SprdSimpleOMXComponent( 812): Destruct
SprdSimpleOMXComponent, this: 0x0xebe05ce0
09-01 00:07:18.282 D/NVITEM ( 1031): : get wake_lock 0
09-01 00:07:18.282 D/NVITEM ( 1031): : channel_read success
09-01 00:07:18.282 D/NVITEM ( 1031): : _getPacket continue read 1044 size 1024 grp
2 sub 455
09-01 00:07:18.282 D/NVITEM ( 1031): : writeData:id=1,start=555432, bytesLen:1024
09-01 00:07:18.282 D/NVITEM ( 1031): : *****memcpy packet buf to fromChannel
09-01 00:07:18.282 D/NVITEM ( 1031): : _getPacket
09-01 00:07:18.283 D/NVITEM ( 1031): : get wake_lock 0
09-01 00:07:18.283 D/NVITEM ( 1031): : channel_read success
09-01 00:07:18.283 D/NVITEM ( 1031): : _getPacket continue read 1044 size 1024 grp
2 sub 456
09-01 00:07:18.283 D/NVITEM ( 1031): : writeData:id=1,start=556456, bytesLen:1024
09-01 00:07:18.283 D/NVITEM ( 1031): : *****memcpy packet buf to fromChannel
09-01 00:07:18.283 D/NVITEM ( 1031): : _getPacket
09-01 00:07:18.283 D/NVITEM ( 1031): : get wake_lock 0
09-01 00:07:18.284 D/NVITEM ( 1031): : channel_read success
09-01 00:07:18.284 D/NVITEM ( 1031): : _getPacket continue read 1044 size 1024 grp
2 sub 457
09-01 00:07:18.284 D/NVITEM ( 1031): : writeData:id=1,start=557480, bytesLen:1024
09-01 00:07:18.284 D/NVITEM ( 1031): : *****memcpy packet buf to fromChannel
09-01 00:07:18.284 I/ACodec ( 766): [] Now uninitialized
09-01 00:07:18.284 D/NVITEM ( 1031): : _getPacket
09-01 00:07:18.284 D/NVITEM ( 1031): : get wake_lock 0
