09-01 00:07:18.417 D/NVITEM ( 1031): : *****memcpy packet buf to fromChannel
09-01 00:07:18.418 D/NVITEM ( 1031): : _getPacket
09-01 00:07:18.418 D/NVITEM ( 1031): : get wake_lock 0
09-01 00:07:18.418 D/NVITEM ( 1031): : channel_read success
09-01 00:07:18.418 D/NVITEM ( 1031): : _getPacket continue read 1044 size 1024 grp
2 sub 678
09-01 00:07:18.418 D/NVITEM ( 1031): : writeData:id=1,start=783784, bytesLen:1024
09-01 00:07:18.418 D/NVITEM ( 1031): : *****memcpy packet buf to fromChannel
09-01 00:07:18.418 D/NVITEM ( 1031): : _getPacket
09-01 00:07:18.419 D/NVITEM ( 1031): : get wake_lock 0
09-01 00:07:18.419 D/NVITEM ( 1031): : channel_read success
09-01 00:07:18.419 D/NVITEM ( 1031): : _getPacket continue read 1044 size 1024 grp
2 sub 679
09-01 00:07:18.419 D/NVITEM ( 1031): : writeData:id=1,start=784808, bytesLen:1024
09-01 00:07:18.419 D/NVITEM ( 1031): : *****memcpy packet buf to fromChannel
09-01 00:07:18.419 D/NVITEM ( 1031): : _getPacket
09-01 00:07:18.419 D/NVITEM ( 1031): : get wake_lock 0
09-01 00:07:18.419 D/NVITEM ( 1031): : channel_read success
09-01 00:07:18.419 D/NVITEM ( 1031): : _getPacket continue read 1044 size 1024 grp
2 sub 680
09-01 00:07:18.419 D/NVITEM ( 1031): : writeData:id=1,start=785832, bytesLen:1024
09-01 00:07:18.419 D/NVITEM ( 1031): : *****memcpy packet buf to fromChannel
09-01 00:07:18.419 D/NVITEM ( 1031): : _getPacket
09-01 00:07:18.420 D/NVITEM ( 1031): : get wake_lock 0
09-01 00:07:18.420 D/NVITEM ( 1031): : channel_read success
09-01 00:07:18.420 D/NVITEM ( 1031): : _getPacket continue read 1044 size 1024 grp
2 sub 681
09-01 00:07:18.420 D/NVITEM ( 1031): : writeData:id=1,start=786856, bytesLen:1024
09-01 00:07:18.420 D/NVITEM ( 1031): : *****memcpy packet buf to fromChannel
09-01 00:07:18.420 D/NVITEM ( 1031): : _getPacket
09-01 00:07:18.420 D/NVITEM ( 1031): : get wake_lock 0
09-01 00:07:18.420 D/NVITEM ( 1031): : channel_read success
09-01 00:07:18.420 D/NVITEM ( 1031): : _getPacket continue read 1044 size 1024 grp
2 sub 682
09-01 00:07:18.420 D/NVITEM ( 1031): : writeData:id=1,start=787880, bytesLen:1024
09-01 00:07:18.420 D/NVITEM ( 1031): : *****memcpy packet buf to fromChannel
09-01 00:07:18.420 D/NVITEM ( 1031): : _getPacket
09-01 00:07:18.421 D/NVITEM ( 1031): : get wake_lock 0
09-01 00:07:18.421 D/NVITEM ( 1031): : channel_read success
09-01 00:07:18.421 D/NVITEM ( 1031): : _getPacket continue read 1044 size 1024 grp
2 sub 683
09-01 00:07:18.421 D/NVITEM ( 1031): : writeData:id=1,start=788904, bytesLen:1024
09-01 00:07:18.421 D/NVITEM ( 1031): : *****memcpy packet buf to fromChannel
09-01 00:07:18.421 D/NVITEM ( 1031): : _getPacket
09-01 00:07:18.421 D/NVITEM ( 1031): : get wake_lock 0
09-01 00:07:18.421 D/NVITEM ( 1031): : channel_read success
09-01 00:07:18.421 D/NVITEM ( 1031): : _getPacket continue read 1044 size 1024 grp
2 sub 684
09-01 00:07:18.421 D/NVITEM ( 1031): : writeData:id=1,start=789928, bytesLen:1024
09-01 00:07:18.421 D/NVITEM ( 1031): : *****memcpy packet buf to fromChannel
09-01 00:07:18.421 D/NVITEM ( 1031): : _getPacket
09-01 00:07:18.422 D/NVITEM ( 1031): : get wake_lock 0
09-01 00:07:18.422 D/NVITEM ( 1031): : channel_read success
09-01 00:07:18.422 D/NVITEM ( 1031): : _getPacket continue read 1044 size 1024 grp
2 sub 685
09-01 00:07:18.422 D/NVITEM ( 1031): : writeData:id=1,start=790952, bytesLen:1024
09-01 00:07:18.422 D/NVITEM ( 1031): : *****memcpy packet buf to fromChannel
09-01 00:07:18.422 D/NVITEM ( 1031): : _getPacket
09-01 00:07:18.422 D/NVITEM ( 1031): : get wake_lock 0
09-01 00:07:18.422 D/NVITEM ( 1031): : channel_read success
09-01 00:07:18.422 D/NVITEM ( 1031): : _getPacket continue read 1044 size 1024 grp
2 sub 686
09-01 00:07:18.422 D/NVITEM ( 1031): : writeData:id=1,start=791976, bytesLen:1024
09-01 00:07:18.422 D/NVITEM ( 1031): : *****memcpy packet buf to fromChannel
09-01 00:07:18.422 D/NVITEM ( 1031): : _getPacket
09-01 00:07:18.423 D/NVITEM ( 1031): : get wake_lock 0
09-01 00:07:18.423 D/NVITEM ( 1031): : channel_read success
09-01 00:07:18.423 D/NVITEM ( 1031): : _getPacket continue read 1044 size 1024 grp
2 sub 687
09-01 00:07:18.423 D/NVITEM ( 1031): : writeData:id=1,start=793000, bytesLen:1024
09-01 00:07:18.423 D/NVITEM ( 1031): : *****memcpy packet buf to fromChannel
09-01 00:07:18.423 D/NVITEM ( 1031): : _getPacket
09-01 00:07:18.423 D/NVITEM ( 1031): : get wake_lock 0
09-01 00:07:18.423 D/NVITEM ( 1031): : channel_read success
09-01 00:07:18.423 D/NVITEM ( 1031): : _getPacket continue read 1044 size 1024 grp
2 sub 688
09-01 00:07:18.423 D/NVITEM ( 1031): : writeData:id=1,start=794024, bytesLen:1024
09-01 00:07:18.423 D/NVITEM ( 1031): : *****memcpy packet buf to fromChannel
09-01 00:07:18.423 D/NVITEM ( 1031): : _getPacket
09-01 00:07:18.424 D/NVITEM ( 1031): : get wake_lock 0
09-01 00:07:18.424 D/NVITEM ( 1031): : channel_read success
09-01 00:07:18.424 D/NVITEM ( 1031): : _getPacket continue read 1044 size 1024 grp
2 sub 689
09-01 00:07:18.424 D/NVITEM ( 1031): : writeData:id=1,start=795048, bytesLen:1024
09-01 00:07:18.424 D/NVITEM ( 1031): : *****memcpy packet buf to fromChannel
09-01 00:07:18.424 D/NVITEM ( 1031): : _getPacket
09-01 00:07:18.424 D/NVITEM ( 1031): : get wake_lock 0
09-01 00:07:18.424 D/NVITEM ( 1031): : channel_read success
09-01 00:07:18.424 D/NVITEM ( 1031): : _getPacket continue read 1044 size 1024 grp
2 sub 690
09-01 00:07:18.424 D/NVITEM ( 1031): : writeData:id=1,start=796072, bytesLen:1024
09-01 00:07:18.424 D/NVITEM ( 1031): : *****memcpy packet buf to fromChannel
09-01 00:07:18.424 D/NVITEM ( 1031): : _getPacket
09-01 00:07:18.425 D/NVITEM ( 1031): : get wake_lock 0
09-01 00:07:18.425 D/NVITEM ( 1031): : channel_read success
09-01 00:07:18.425 D/NVITEM ( 1031): : _getPacket continue read 1044 size 1024 grp
2 sub 691
09-01 00:07:18.425 D/NVITEM ( 1031): : writeData:id=1,start=797096, bytesLen:1024
09-01 00:07:18.425 D/NVITEM ( 1031): : *****memcpy packet buf to fromChannel
09-01 00:07:18.425 D/NVITEM ( 1031): : _getPacket
09-01 00:07:18.426 D/NVITEM ( 1031): : get wake_lock 0
09-01 00:07:18.426 D/NVITEM ( 1031): : channel_read success
09-01 00:07:18.426 D/NVITEM ( 1031): : _getPacket continue read 1044 size 1024 grp
2 sub 692
09-01 00:07:18.426 D/NVITEM ( 1031): : writeData:id=1,start=798120, bytesLen:1024
09-01 00:07:18.426 D/NVITEM ( 1031): : *****memcpy packet buf to fromChannel
09-01 00:07:18.426 D/NVITEM ( 1031): : _getPacket
09-01 00:07:18.426 D/NVITEM ( 1031): : get wake_lock 0
09-01 00:07:18.426 D/NVITEM ( 1031): : channel_read success
09-01 00:07:18.426 D/NVITEM ( 1031): : _getPacket continue read 1044 size 1024 grp
2 sub 693
09-01 00:07:18.426 D/NVITEM ( 1031): : writeData:id=1,start=799144, bytesLen:1024
09-01 00:07:18.426 D/NVITEM ( 1031): : *****memcpy packet buf to fromChannel
09-01 00:07:18.426 D/NVITEM ( 1031): : _getPacket
09-01 00:07:18.427 D/NVITEM ( 1031): : get wake_lock 0
09-01 00:07:18.427 D/NVITEM ( 1031): : channel_read success
09-01 00:07:18.427 D/NVITEM ( 1031): : _getPacket continue read 1044 size 1024 grp
2 sub 694
09-01 00:07:18.427 D/NVITEM ( 1031): : writeData:id=1,start=800168, bytesLen:1024
09-01 00:07:18.427 D/NVITEM ( 1031): : *****memcpy packet buf to fromChannel
09-01 00:07:18.427 D/NVITEM ( 1031): : _getPacket
09-01 00:07:18.427 D/NVITEM ( 1031): : get wake_lock 0
09-01 00:07:18.427 D/NVITEM ( 1031): : channel_read success
09-01 00:07:18.427 D/NVITEM ( 1031): : _getPacket continue read 1044 size 1024 grp
2 sub 695
09-01 00:07:18.427 D/NVITEM ( 1031): : writeData:id=1,start=801192, bytesLen:1024
09-01 00:07:18.427 D/NVITEM ( 1031): : *****memcpy packet buf to fromChannel
09-01 00:07:18.427 D/NVITEM ( 1031): : _getPacket
09-01 00:07:18.428 D/ip_monitor-793( 1096): ipv6 dev epdg4 forwarding on
09-01 00:07:18.428 D/NVITEM ( 1031): : get wake_lock 0
09-01 00:07:18.428 D/NVITEM ( 1031): : channel_read success
09-01 00:07:18.428 D/NVITEM ( 1031): : _getPacket continue read 1044 size 1024 grp
2 sub 696
09-01 00:07:18.428 D/NVITEM ( 1031): : writeData:id=1,start=802216, bytesLen:1024
09-01 00:07:18.428 D/NVITEM ( 1031): : *****memcpy packet buf to fromChannel
09-01 00:07:18.428 D/NVITEM ( 1031): : _getPacket
09-01 00:07:18.428 D/NVITEM ( 1031): : get wake_lock 0
09-01 00:07:18.428 D/NVITEM ( 1031): : channel_read success
09-01 00:07:18.428 D/NVITEM ( 1031): : _getPacket continue read 1044 size 1024 grp
2 sub 697
09-01 00:07:18.428 D/NVITEM ( 1031): : writeData:id=1,start=803240, bytesLen:1024
09-01 00:07:18.428 D/NVITEM ( 1031): : *****memcpy packet buf to fromChannel
09-01 00:07:18.428 D/NVITEM ( 1031): : _getPacket
09-01 00:07:18.429 D/NVITEM ( 1031): : get wake_lock 0
09-01 00:07:18.429 D/NVITEM ( 1031): : channel_read success
09-01 00:07:18.429 D/NVITEM ( 1031): : _getPacket continue read 1044 size 1024 grp
2 sub 698
09-01 00:07:18.429 D/NVITEM ( 1031): : writeData:id=1,start=804264, bytesLen:1024
09-01 00:07:18.429 D/NVITEM ( 1031): : *****memcpy packet buf to fromChannel
09-01 00:07:18.429 D/NVITEM ( 1031): : _getPacket
09-01 00:07:18.429 D/NVITEM ( 1031): : get wake_lock 0
09-01 00:07:18.429 D/NVITEM ( 1031): : channel_read success
09-01 00:07:18.429 D/NVITEM ( 1031): : _getPacket continue read 1044 size 1024 grp
2 sub 699
09-01 00:07:18.429 D/NVITEM ( 1031): : writeData:id=1,start=805288, bytesLen:1024
09-01 00:07:18.429 D/NVITEM ( 1031): : *****memcpy packet buf to fromChannel
09-01 00:07:18.430 D/NVITEM ( 1031): : _getPacket
09-01 00:07:18.430 D/NVITEM ( 1031): : get wake_lock 0
09-01 00:07:18.430 D/NVITEM ( 1031): : channel_read success
09-01 00:07:18.430 D/NVITEM ( 1031): : _getPacket continue read 1044 size 1024 grp
2 sub 700
09-01 00:07:18.430 D/NVITEM ( 1031): : writeData:id=1,start=806312, bytesLen:1024
09-01 00:07:18.430 D/NVITEM ( 1031): : *****memcpy packet buf to fromChannel
09-01 00:07:18.430 D/NVITEM ( 1031): : _getPacket
09-01 00:07:18.430 D/NVITEM ( 1031): : get wake_lock 0
09-01 00:07:18.430 D/NVITEM ( 1031): : channel_read success
09-01 00:07:18.430 D/NVITEM ( 1031): : _getPacket continue read 1044 size 1024 grp
2 sub 701
09-01 00:07:18.430 D/NVITEM ( 1031): : writeData:id=1,start=807336, bytesLen:1024
09-01 00:07:18.430 D/NVITEM ( 1031): : *****memcpy packet buf to fromChannel
09-01 00:07:18.430 D/NVITEM ( 1031): : _getPacket
09-01 00:07:18.431 D/NVITEM ( 1031): : get wake_lock 0
09-01 00:07:18.431 D/NVITEM ( 1031): : channel_read success
09-01 00:07:18.431 D/NVITEM ( 1031): : _getPacket continue read 1044 size 1024 grp
2 sub 702
09-01 00:07:18.431 D/NVITEM ( 1031): : writeData:id=1,start=808360, bytesLen:1024
09-01 00:07:18.431 D/NVITEM ( 1031): : *****memcpy packet buf to fromChannel
09-01 00:07:18.431 D/NVITEM ( 1031): : _getPacket
09-01 00:07:18.431 D/NVITEM ( 1031): : get wake_lock 0
09-01 00:07:18.431 D/NVITEM ( 1031): : channel_read success
09-01 00:07:18.431 D/NVITEM ( 1031): : _getPacket continue read 1044 size 1024 grp
2 sub 703
09-01 00:07:18.431 D/NVITEM ( 1031): : writeData:id=1,start=809384, bytesLen:1024
09-01 00:07:18.431 D/NVITEM ( 1031): : *****memcpy packet buf to fromChannel
09-01 00:07:18.431 D/NVITEM ( 1031): : _getPacket
09-01 00:07:18.432 D/NVITEM ( 1031): : get wake_lock 0
09-01 00:07:18.432 D/NVITEM ( 1031): : channel_read success
09-01 00:07:18.432 D/NVITEM ( 1031): : _getPacket continue read 1044 size 1024 grp
2 sub 704
09-01 00:07:18.432 D/NVITEM ( 1031): : writeData:id=1,start=810408, bytesLen:1024
09-01 00:07:18.432 D/NVITEM ( 1031): : *****memcpy packet buf to fromChannel
09-01 00:07:18.432 D/NVITEM ( 1031): : _getPacket
09-01 00:07:18.432 D/NVITEM ( 1031): : get wake_lock 0
09-01 00:07:18.432 D/NVITEM ( 1031): : channel_read success
09-01 00:07:18.433 D/NVITEM ( 1031): : _getPacket continue read 1044 size 1024 grp
2 sub 705
09-01 00:07:18.433 D/NVITEM ( 1031): : writeData:id=1,start=811432, bytesLen:1024
09-01 00:07:18.433 D/NVITEM ( 1031): : *****memcpy packet buf to fromChannel
09-01 00:07:18.433 D/NVITEM ( 1031): : _getPacket
09-01 00:07:18.434 D/NVITEM ( 1031): : get wake_lock 0
09-01 00:07:18.434 D/NVITEM ( 1031): : channel_read success
09-01 00:07:18.434 D/NVITEM ( 1031): : _getPacket continue read 1044 size 1024 grp
2 sub 706
09-01 00:07:18.434 D/NVITEM ( 1031): : writeData:id=1,start=812456, bytesLen:1024
09-01 00:07:18.434 D/NVITEM ( 1031): : *****memcpy packet buf to fromChannel
09-01 00:07:18.434 D/NVITEM ( 1031): : _getPacket
09-01 00:07:18.435 D/NVITEM ( 1031): : get wake_lock 0
09-01 00:07:18.435 D/NVITEM ( 1031): : channel_read success
09-01 00:07:18.435 D/NVITEM ( 1031): : _getPacket continue read 1044 size 1024 grp
2 sub 707
09-01 00:07:18.435 D/NVITEM ( 1031): : writeData:id=1,start=813480, bytesLen:1024
09-01 00:07:18.435 D/NVITEM ( 1031): : *****memcpy packet buf to fromChannel
09-01 00:07:18.435 D/NVITEM ( 1031): : _getPacket
09-01 00:07:18.435 D/NVITEM ( 1031): : get wake_lock 0
09-01 00:07:18.435 D/NVITEM ( 1031): : channel_read success
09-01 00:07:18.435 D/NVITEM ( 1031): : _getPacket continue read 1044 size 1024 grp
2 sub 708
09-01 00:07:18.435 D/NVITEM ( 1031): : writeData:id=1,start=814504, bytesLen:1024
09-01 00:07:18.435 D/NVITEM ( 1031): : *****memcpy packet buf to fromChannel
09-01 00:07:18.435 D/NVITEM ( 1031): : _getPacket
09-01 00:07:18.436 D/NVITEM ( 1031): : get wake_lock 0
09-01 00:07:18.436 D/NVITEM ( 1031): : channel_read success
09-01 00:07:18.436 D/NVITEM ( 1031): : _getPacket continue read 1044 size 1024 grp
2 sub 709
09-01 00:07:18.436 D/NVITEM ( 1031): : writeData:id=1,start=815528, bytesLen:1024
09-01 00:07:18.436 D/NVITEM ( 1031): : *****memcpy packet buf to fromChannel
09-01 00:07:18.436 D/NVITEM ( 1031): : _getPacket
09-01 00:07:18.436 D/NVITEM ( 1031): : get wake_lock 0
09-01 00:07:18.436 D/NVITEM ( 1031): : channel_read success
09-01 00:07:18.436 D/NVITEM ( 1031): : _getPacket continue read 1044 size 1024 grp
2 sub 710
09-01 00:07:18.436 D/NVITEM ( 1031): : writeData:id=1,start=816552, bytesLen:1024
09-01 00:07:18.436 D/NVITEM ( 1031): : *****memcpy packet buf to fromChannel
09-01 00:07:18.436 D/NVITEM ( 1031): : _getPacket
09-01 00:07:18.437 D/NVITEM ( 1031): : get wake_lock 0
09-01 00:07:18.437 D/NVITEM ( 1031): : channel_read success
09-01 00:07:18.437 D/NVITEM ( 1031): : _getPacket continue read 1044 size 1024 grp
2 sub 711
09-01 00:07:18.437 D/NVITEM ( 1031): : writeData:id=1,start=817576, bytesLen:1024
09-01 00:07:18.437 D/NVITEM ( 1031): : *****memcpy packet buf to fromChannel
09-01 00:07:18.437 D/NVITEM ( 1031): : _getPacket
09-01 00:07:18.437 V/C2Store ( 833): in ~ComponentModule
09-01 00:07:18.437 V/C2Store ( 833): unloading dll
09-01 00:07:18.437 D/NVITEM ( 1031): : get wake_lock 0
09-01 00:07:18.437 D/NVITEM ( 1031): : channel_read success
09-01 00:07:18.437 D/NVITEM ( 1031): : _getPacket continue read 1044 size 1024 grp
2 sub 712
09-01 00:07:18.437 D/NVITEM ( 1031): : writeData:id=1,start=818600, bytesLen:1024
09-01 00:07:18.438 D/NVITEM ( 1031): : *****memcpy packet buf to fromChannel
09-01 00:07:18.438 V/C2Store ( 833): in init
09-01 00:07:18.438 V/C2Store ( 833): loading dll
09-01 00:07:18.438 D/NVITEM ( 1031): : _getPacket
09-01 00:07:18.438 D/NVITEM ( 1031): : get wake_lock 0
09-01 00:07:18.438 D/NVITEM ( 1031): : channel_read success
09-01 00:07:18.438 D/NVITEM ( 1031): : _getPacket continue read 1044 size 1024 grp
2 sub 713
09-01 00:07:18.438 D/NVITEM ( 1031): : writeData:id=1,start=819624, bytesLen:1024
09-01 00:07:18.438 D/NVITEM ( 1031): : *****memcpy packet buf to fromChannel
09-01 00:07:18.438 D/NVITEM ( 1031): : _getPacket
09-01 00:07:18.439 D/NVITEM ( 1031): : get wake_lock 0
09-01 00:07:18.439 D/NVITEM ( 1031): : channel_read success
09-01 00:07:18.439 D/NVITEM ( 1031): : _getPacket continue read 1044 size 1024 grp
2 sub 714
09-01 00:07:18.439 D/NVITEM ( 1031): : writeData:id=1,start=820648, bytesLen:1024
09-01 00:07:18.439 D/NVITEM ( 1031): : *****memcpy packet buf to fromChannel
09-01 00:07:18.439 D/NVITEM ( 1031): : _getPacket
09-01 00:07:18.439 D/NVITEM ( 1031): : get wake_lock 0
09-01 00:07:18.439 D/NVITEM ( 1031): : channel_read success
09-01 00:07:18.439 D/NVITEM ( 1031): : _getPacket continue read 1044 size 1024 grp
2 sub 715
09-01 00:07:18.439 D/NVITEM ( 1031): : writeData:id=1,start=821672, bytesLen:1024
09-01 00:07:18.439 D/NVITEM ( 1031): : *****memcpy packet buf to fromChannel
09-01 00:07:18.439 D/NVITEM ( 1031): : _getPacket
09-01 00:07:18.440 D/NVITEM ( 1031): : get wake_lock 0
09-01 00:07:18.440 D/NVITEM ( 1031): : channel_read success
09-01 00:07:18.440 D/NVITEM ( 1031): : _getPacket continue read 1044 size 1024 grp
2 sub 716
09-01 00:07:18.440 D/NVITEM ( 1031): : writeData:id=1,start=822696, bytesLen:1024
09-01 00:07:18.440 D/NVITEM ( 1031): : *****memcpy packet buf to fromChannel
09-01 00:07:18.440 D/NVITEM ( 1031): : _getPacket
09-01 00:07:18.440 D/NVITEM ( 1031): : get wake_lock 0
09-01 00:07:18.440 D/NVITEM ( 1031): : channel_read success
09-01 00:07:18.440 D/NVITEM ( 1031): : _getPacket continue read 1044 size 1024 grp
2 sub 717
09-01 00:07:18.440 D/NVITEM ( 1031): : writeData:id=1,start=823720, bytesLen:1024
09-01 00:07:18.440 D/NVITEM ( 1031): : *****memcpy packet buf to fromChannel
09-01 00:07:18.440 D/NVITEM ( 1031): : _getPacket
09-01 00:07:18.441 D/NVITEM ( 1031): : get wake_lock 0
09-01 00:07:18.441 D/NVITEM ( 1031): : channel_read success
09-01 00:07:18.441 D/NVITEM ( 1031): : _getPacket continue read 1044 size 1024 grp
2 sub 718
09-01 00:07:18.441 D/NVITEM ( 1031): : writeData:id=1,start=824744, bytesLen:1024
09-01 00:07:18.441 D/NVITEM ( 1031): : *****memcpy packet buf to fromChannel
09-01 00:07:18.441 D/NVITEM ( 1031): : _getPacket
09-01 00:07:18.441 D/NVITEM ( 1031): : get wake_lock 0
09-01 00:07:18.441 D/NVITEM ( 1031): : channel_read success
09-01 00:07:18.441 D/NVITEM ( 1031): : _getPacket continue read 1044 size 1024 grp
2 sub 719
09-01 00:07:18.441 D/NVITEM ( 1031): : writeData:id=1,start=825768, bytesLen:1024
09-01 00:07:18.441 D/NVITEM ( 1031): : *****memcpy packet buf to fromChannel
09-01 00:07:18.441 D/NVITEM ( 1031): : _getPacket
09-01 00:07:18.442 D/NVITEM ( 1031): : get wake_lock 0
09-01 00:07:18.442 D/NVITEM ( 1031): : channel_read success
09-01 00:07:18.442 D/NVITEM ( 1031): : _getPacket continue read 1044 size 1024 grp
2 sub 720
09-01 00:07:18.442 D/NVITEM ( 1031): : writeData:id=1,start=826792, bytesLen:1024
09-01 00:07:18.442 D/NVITEM ( 1031): : *****memcpy packet buf to fromChannel
09-01 00:07:18.442 D/NVITEM ( 1031): : _getPacket
09-01 00:07:18.442 D/NVITEM ( 1031): : get wake_lock 0
09-01 00:07:18.442 D/NVITEM ( 1031): : channel_read success
09-01 00:07:18.442 D/NVITEM ( 1031): : _getPacket continue read 1044 size 1024 grp
2 sub 721
09-01 00:07:18.442 D/NVITEM ( 1031): : writeData:id=1,start=827816, bytesLen:1024
09-01 00:07:18.443 D/NVITEM ( 1031): : *****memcpy packet buf to fromChannel
09-01 00:07:18.443 D/NVITEM ( 1031): : _getPacket
09-01 00:07:18.443 D/NVITEM ( 1031): : get wake_lock 0
09-01 00:07:18.443 D/NVITEM ( 1031): : channel_read success
09-01 00:07:18.443 D/NVITEM ( 1031): : _getPacket continue read 1044 size 1024 grp
2 sub 722
09-01 00:07:18.443 D/NVITEM ( 1031): : writeData:id=1,start=828840, bytesLen:1024
09-01 00:07:18.443 D/NVITEM ( 1031): : *****memcpy packet buf to fromChannel
09-01 00:07:18.443 D/NVITEM ( 1031): : _getPacket
09-01 00:07:18.444 D/NVITEM ( 1031): : get wake_lock 0
09-01 00:07:18.444 D/NVITEM ( 1031): : channel_read success
09-01 00:07:18.444 D/NVITEM ( 1031): : _getPacket continue read 1044 size 1024 grp
2 sub 723
09-01 00:07:18.444 D/NVITEM ( 1031): : writeData:id=1,start=829864, bytesLen:1024
09-01 00:07:18.444 D/NVITEM ( 1031): : *****memcpy packet buf to fromChannel
09-01 00:07:18.444 D/NVITEM ( 1031): : _getPacket
09-01 00:07:18.444 D/NVITEM ( 1031): : get wake_lock 0
09-01 00:07:18.444 D/NVITEM ( 1031): : channel_read success
09-01 00:07:18.444 D/NVITEM ( 1031): : _getPacket continue read 1044 size 1024 grp
2 sub 724
09-01 00:07:18.444 D/NVITEM ( 1031): : writeData:id=1,start=830888, bytesLen:1024
09-01 00:07:18.444 D/NVITEM ( 1031): : *****memcpy packet buf to fromChannel
09-01 00:07:18.444 D/NVITEM ( 1031): : _getPacket
09-01 00:07:18.445 D/NVITEM ( 1031): : get wake_lock 0
09-01 00:07:18.445 D/NVITEM ( 1031): : channel_read success
09-01 00:07:18.445 D/NVITEM ( 1031): : _getPacket continue read 1044 size 1024 grp
2 sub 725
09-01 00:07:18.445 D/NVITEM ( 1031): : writeData:id=1,start=831912, bytesLen:1024
09-01 00:07:18.445 D/NVITEM ( 1031): : *****memcpy packet buf to fromChannel
09-01 00:07:18.445 D/NVITEM ( 1031): : _getPacket
09-01 00:07:18.445 D/NVITEM ( 1031): : get wake_lock 0
09-01 00:07:18.445 D/NVITEM ( 1031): : channel_read success
09-01 00:07:18.445 D/NVITEM ( 1031): : _getPacket continue read 1044 size 1024 grp
2 sub 726
09-01 00:07:18.445 D/NVITEM ( 1031): : writeData:id=1,start=832936, bytesLen:1024
09-01 00:07:18.445 D/NVITEM ( 1031): : *****memcpy packet buf to fromChannel
09-01 00:07:18.445 D/NVITEM ( 1031): : _getPacket
09-01 00:07:18.446 D/NVITEM ( 1031): : get wake_lock 0
09-01 00:07:18.446 D/NVITEM ( 1031): : channel_read success
09-01 00:07:18.446 D/NVITEM ( 1031): : _getPacket continue read 1044 size 1024 grp
2 sub 727
09-01 00:07:18.446 D/NVITEM ( 1031): : writeData:id=1,start=833960, bytesLen:1024
09-01 00:07:18.446 D/NVITEM ( 1031): : *****memcpy packet buf to fromChannel
09-01 00:07:18.446 D/NVITEM ( 1031): : _getPacket
09-01 00:07:18.446 D/NVITEM ( 1031): : get wake_lock 0
09-01 00:07:18.446 D/NVITEM ( 1031): : channel_read success
09-01 00:07:18.446 D/NVITEM ( 1031): : _getPacket continue read 1044 size 1024 grp
2 sub 728
09-01 00:07:18.446 D/NVITEM ( 1031): : writeData:id=1,start=834984, bytesLen:1024
09-01 00:07:18.446 D/NVITEM ( 1031): : *****memcpy packet buf to fromChannel
09-01 00:07:18.446 D/NVITEM ( 1031): : _getPacket
09-01 00:07:18.447 D/NVITEM ( 1031): : get wake_lock 0
09-01 00:07:18.447 D/NVITEM ( 1031): : channel_read success
09-01 00:07:18.447 D/NVITEM ( 1031): : _getPacket continue read 1044 size 1024 grp
2 sub 729
09-01 00:07:18.447 D/NVITEM ( 1031): : writeData:id=1,start=836008, bytesLen:1024
09-01 00:07:18.447 D/NVITEM ( 1031): : *****memcpy packet buf to fromChannel
09-01 00:07:18.447 D/NVITEM ( 1031): : _getPacket
09-01 00:07:18.447 D/NVITEM ( 1031): : get wake_lock 0
09-01 00:07:18.447 D/NVITEM ( 1031): : channel_read success
09-01 00:07:18.447 D/NVITEM ( 1031): : _getPacket continue read 1044 size 1024 grp
2 sub 730
09-01 00:07:18.447 D/NVITEM ( 1031): : writeData:id=1,start=837032, bytesLen:1024
09-01 00:07:18.447 D/NVITEM ( 1031): : *****memcpy packet buf to fromChannel
09-01 00:07:18.448 D/NVITEM ( 1031): : _getPacket
09-01 00:07:18.448 D/NVITEM ( 1031): : get wake_lock 0
09-01 00:07:18.448 D/NVITEM ( 1031): : channel_read success
09-01 00:07:18.448 D/NVITEM ( 1031): : _getPacket continue read 1044 size 1024 grp
2 sub 731
09-01 00:07:18.448 D/NVITEM ( 1031): : writeData:id=1,start=838056, bytesLen:1024
09-01 00:07:18.448 D/NVITEM ( 1031): : *****memcpy packet buf to fromChannel
09-01 00:07:18.448 D/NVITEM ( 1031): : _getPacket
09-01 00:07:18.449 D/NVITEM ( 1031): : get wake_lock 0
09-01 00:07:18.449 D/NVITEM ( 1031): : channel_read success
09-01 00:07:18.449 D/NVITEM ( 1031): : _getPacket continue read 1044 size 1024 grp
2 sub 732
09-01 00:07:18.449 D/NVITEM ( 1031): : writeData:id=1,start=839080, bytesLen:1024
09-01 00:07:18.449 D/NVITEM ( 1031): : *****memcpy packet buf to fromChannel
09-01 00:07:18.449 D/NVITEM ( 1031): : _getPacket
09-01 00:07:18.449 D/NVITEM ( 1031): : get wake_lock 0
09-01 00:07:18.449 D/NVITEM ( 1031): : channel_read success
09-01 00:07:18.449 D/NVITEM ( 1031): : _getPacket continue read 1044 size 1024 grp
2 sub 733
09-01 00:07:18.449 D/NVITEM ( 1031): : writeData:id=1,start=840104, bytesLen:1024
09-01 00:07:18.449 D/NVITEM ( 1031): : *****memcpy packet buf to fromChannel
09-01 00:07:18.449 D/NVITEM ( 1031): : _getPacket
09-01 00:07:18.449 I/ServiceManager( 764): Waiting for service 'package_native' on
'/dev/binder'...
09-01 00:07:18.450 D/NVITEM ( 1031): : get wake_lock 0
09-01 00:07:18.450 D/NVITEM ( 1031): : channel_read success
09-01 00:07:18.450 D/NVITEM ( 1031): : _getPacket continue read 1044 size 1024 grp
2 sub 734
09-01 00:07:18.450 D/NVITEM ( 1031): : writeData:id=1,start=841128, bytesLen:1024
09-01 00:07:18.450 D/NVITEM ( 1031): : *****memcpy packet buf to fromChannel
09-01 00:07:18.450 D/NVITEM ( 1031): : _getPacket
09-01 00:07:18.450 D/NVITEM ( 1031): : get wake_lock 0
09-01 00:07:18.450 D/NVITEM ( 1031): : channel_read success
09-01 00:07:18.450 D/NVITEM ( 1031): : _getPacket continue read 1044 size 1024 grp
2 sub 735
09-01 00:07:18.450 D/NVITEM ( 1031): : writeData:id=1,start=842152, bytesLen:1024
09-01 00:07:18.450 D/NVITEM ( 1031): : *****memcpy packet buf to fromChannel
09-01 00:07:18.450 D/NVITEM ( 1031): : _getPacket
09-01 00:07:18.451 D/NVITEM ( 1031): : get wake_lock 0
09-01 00:07:18.451 D/NVITEM ( 1031): : channel_read success
09-01 00:07:18.451 D/NVITEM ( 1031): : _getPacket continue read 1044 size 1024 grp
2 sub 736
09-01 00:07:18.451 D/NVITEM ( 1031): : writeData:id=1,start=843176, bytesLen:1024
09-01 00:07:18.451 D/NVITEM ( 1031): : *****memcpy packet buf to fromChannel
09-01 00:07:18.451 D/NVITEM ( 1031): : _getPacket
09-01 00:07:18.451 D/NVITEM ( 1031): : get wake_lock 0
09-01 00:07:18.451 D/NVITEM ( 1031): : channel_read success
09-01 00:07:18.451 D/NVITEM ( 1031): : _getPacket continue read 1044 size 1024 grp
2 sub 737
09-01 00:07:18.451 D/NVITEM ( 1031): : writeData:id=1,start=844200, bytesLen:1024
09-01 00:07:18.451 D/NVITEM ( 1031): : *****memcpy packet buf to fromChannel
09-01 00:07:18.451 D/NVITEM ( 1031): : _getPacket
09-01 00:07:18.452 D/NVITEM ( 1031): : get wake_lock 0
09-01 00:07:18.452 D/NVITEM ( 1031): : channel_read success
09-01 00:07:18.452 D/NVITEM ( 1031): : _getPacket continue read 1044 size 1024 grp
2 sub 738
09-01 00:07:18.452 D/NVITEM ( 1031): : writeData:id=1,start=845224, bytesLen:1024
09-01 00:07:18.452 D/NVITEM ( 1031): : *****memcpy packet buf to fromChannel
09-01 00:07:18.452 D/NVITEM ( 1031): : _getPacket
09-01 00:07:18.452 D/NVITEM ( 1031): : get wake_lock 0
09-01 00:07:18.452 D/NVITEM ( 1031): : channel_read success
09-01 00:07:18.452 D/NVITEM ( 1031): : _getPacket continue read 1044 size 1024 grp
2 sub 739
09-01 00:07:18.452 D/NVITEM ( 1031): : writeData:id=1,start=846248, bytesLen:1024
09-01 00:07:18.452 D/NVITEM ( 1031): : *****memcpy packet buf to fromChannel
09-01 00:07:18.452 V/C2Store ( 833): in ~ComponentModule
09-01 00:07:18.452 D/NVITEM ( 1031): : _getPacket
09-01 00:07:18.452 V/C2Store ( 833): unloading dll
09-01 00:07:18.452 V/C2Store ( 833): in init
09-01 00:07:18.452 V/C2Store ( 833): loading dll
09-01 00:07:18.453 D/NVITEM ( 1031): : get wake_lock 0
09-01 00:07:18.453 D/NVITEM ( 1031): : channel_read success
09-01 00:07:18.453 D/NVITEM ( 1031): : _getPacket continue read 1044 size 1024 grp
2 sub 740
09-01 00:07:18.453 D/NVITEM ( 1031): : writeData:id=1,start=847272, bytesLen:1024
09-01 00:07:18.453 D/NVITEM ( 1031): : *****memcpy packet buf to fromChannel
09-01 00:07:18.453 D/NVITEM ( 1031): : _getPacket
09-01 00:07:18.453 D/NVITEM ( 1031): : get wake_lock 0
09-01 00:07:18.453 D/NVITEM ( 1031): : channel_read success
09-01 00:07:18.453 D/NVITEM ( 1031): : _getPacket continue read 1044 size 1024 grp
2 sub 741
09-01 00:07:18.453 D/NVITEM ( 1031): : writeData:id=1,start=848296, bytesLen:1024
09-01 00:07:18.453 D/NVITEM ( 1031): : *****memcpy packet buf to fromChannel
09-01 00:07:18.454 D/NVITEM ( 1031): : _getPacket
09-01 00:07:18.454 D/NVITEM ( 1031): : get wake_lock 0
09-01 00:07:18.454 D/NVITEM ( 1031): : channel_read success
09-01 00:07:18.454 D/NVITEM ( 1031): : _getPacket continue read 1044 size 1024 grp
2 sub 742
09-01 00:07:18.454 D/NVITEM ( 1031): : writeData:id=1,start=849320, bytesLen:1024
09-01 00:07:18.454 D/NVITEM ( 1031): : *****memcpy packet buf to fromChannel
09-01 00:07:18.454 D/NVITEM ( 1031): : _getPacket
09-01 00:07:18.454 D/NVITEM ( 1031): : get wake_lock 0
09-01 00:07:18.454 D/NVITEM ( 1031): : channel_read success
09-01 00:07:18.454 D/NVITEM ( 1031): : _getPacket continue read 1044 size 1024 grp
2 sub 743
09-01 00:07:18.454 D/NVITEM ( 1031): : writeData:id=1,start=850344, bytesLen:1024
09-01 00:07:18.454 D/NVITEM ( 1031): : *****memcpy packet buf to fromChannel
09-01 00:07:18.454 D/NVITEM ( 1031): : _getPacket
09-01 00:07:18.455 D/NVITEM ( 1031): : get wake_lock 0
09-01 00:07:18.455 D/NVITEM ( 1031): : channel_read success
09-01 00:07:18.455 D/NVITEM ( 1031): : _getPacket continue read 1044 size 1024 grp
2 sub 744
09-01 00:07:18.455 D/NVITEM ( 1031): : writeData:id=1,start=851368, bytesLen:1024
09-01 00:07:18.455 D/NVITEM ( 1031): : *****memcpy packet buf to fromChannel
09-01 00:07:18.455 D/NVITEM ( 1031): : _getPacket
09-01 00:07:18.455 D/NVITEM ( 1031): : get wake_lock 0
09-01 00:07:18.455 D/NVITEM ( 1031): : channel_read success
09-01 00:07:18.455 D/NVITEM ( 1031): : _getPacket continue read 1044 size 1024 grp
2 sub 745
09-01 00:07:18.455 D/NVITEM ( 1031): : writeData:id=1,start=852392, bytesLen:1024
09-01 00:07:18.455 D/NVITEM ( 1031): : *****memcpy packet buf to fromChannel
09-01 00:07:18.456 D/NVITEM ( 1031): : _getPacket
09-01 00:07:18.456 D/NVITEM ( 1031): : get wake_lock 0
09-01 00:07:18.456 D/NVITEM ( 1031): : channel_read success
09-01 00:07:18.456 D/NVITEM ( 1031): : _getPacket continue read 1044 size 1024 grp
2 sub 746
09-01 00:07:18.456 D/NVITEM ( 1031): : writeData:id=1,start=853416, bytesLen:1024
09-01 00:07:18.456 D/NVITEM ( 1031): : *****memcpy packet buf to fromChannel
09-01 00:07:18.456 D/NVITEM ( 1031): : _getPacket
09-01 00:07:18.456 D/NVITEM ( 1031): : get wake_lock 0
09-01 00:07:18.456 D/NVITEM ( 1031): : channel_read success
09-01 00:07:18.456 D/NVITEM ( 1031): : _getPacket continue read 1044 size 1024 grp
2 sub 747
09-01 00:07:18.456 D/NVITEM ( 1031): : writeData:id=1,start=854440, bytesLen:1024
09-01 00:07:18.456 D/NVITEM ( 1031): : *****memcpy packet buf to fromChannel
09-01 00:07:18.457 D/NVITEM ( 1031): : _getPacket
09-01 00:07:18.457 D/NVITEM ( 1031): : get wake_lock 0
09-01 00:07:18.457 D/NVITEM ( 1031): : channel_read success
09-01 00:07:18.457 D/NVITEM ( 1031): : _getPacket continue read 1044 size 1024 grp
2 sub 748
09-01 00:07:18.457 D/NVITEM ( 1031): : writeData:id=1,start=855464, bytesLen:1024
09-01 00:07:18.457 D/NVITEM ( 1031): : *****memcpy packet buf to fromChannel
09-01 00:07:18.457 D/NVITEM ( 1031): : _getPacket
09-01 00:07:18.458 D/NVITEM ( 1031): : get wake_lock 0
09-01 00:07:18.458 D/NVITEM ( 1031): : channel_read success
09-01 00:07:18.458 D/NVITEM ( 1031): : _getPacket continue read 1044 size 1024 grp
2 sub 749
09-01 00:07:18.458 D/NVITEM ( 1031): : writeData:id=1,start=856488, bytesLen:1024
09-01 00:07:18.458 D/NVITEM ( 1031): : *****memcpy packet buf to fromChannel
09-01 00:07:18.458 D/NVITEM ( 1031): : _getPacket
09-01 00:07:18.458 D/NVITEM ( 1031): : get wake_lock 0
09-01 00:07:18.458 D/NVITEM ( 1031): : channel_read success
09-01 00:07:18.458 D/NVITEM ( 1031): : _getPacket continue read 1044 size 1024 grp
2 sub 750
09-01 00:07:18.458 D/NVITEM ( 1031): : writeData:id=1,start=857512, bytesLen:1024
09-01 00:07:18.458 D/NVITEM ( 1031): : *****memcpy packet buf to fromChannel
09-01 00:07:18.458 D/NVITEM ( 1031): : _getPacket
09-01 00:07:18.459 D/NVITEM ( 1031): : get wake_lock 0
09-01 00:07:18.459 D/NVITEM ( 1031): : channel_read success
09-01 00:07:18.459 D/NVITEM ( 1031): : _getPacket continue read 1044 size 1024 grp
2 sub 751
09-01 00:07:18.459 D/NVITEM ( 1031): : writeData:id=1,start=858536, bytesLen:1024
09-01 00:07:18.459 D/NVITEM ( 1031): : *****memcpy packet buf to fromChannel
09-01 00:07:18.459 D/NVITEM ( 1031): : _getPacket
09-01 00:07:18.459 D/NVITEM ( 1031): : get wake_lock 0
09-01 00:07:18.459 D/NVITEM ( 1031): : channel_read success
09-01 00:07:18.459 D/NVITEM ( 1031): : _getPacket continue read 1044 size 1024 grp
2 sub 752
09-01 00:07:18.459 D/NVITEM ( 1031): : writeData:id=1,start=859560, bytesLen:1024
09-01 00:07:18.459 D/NVITEM ( 1031): : *****memcpy packet buf to fromChannel
09-01 00:07:18.459 D/NVITEM ( 1031): : _getPacket
09-01 00:07:18.459 V/C2Store ( 833): in ~ComponentModule
09-01 00:07:18.459 V/C2Store ( 833): unloading dll
09-01 00:07:18.460 V/C2Store ( 833): in init
09-01 00:07:18.460 V/C2Store ( 833): loading dll
09-01 00:07:18.460 W/ZygoteInitThreadPool( 596): Class not found for preloading:
android.net.shared.Inet4AddressUtils
09-01 00:07:18.460 W/ZygoteInitThreadPool( 596): Class not found for preloading:
android.net.shared.InetAddressUtils
09-01 00:07:18.460 D/NVITEM ( 1031): : get wake_lock 0
09-01 00:07:18.460 D/NVITEM ( 1031): : channel_read success
09-01 00:07:18.460 D/NVITEM ( 1031): : _getPacket continue read 1044 size 1024 grp
2 sub 753
09-01 00:07:18.460 D/NVITEM ( 1031): : writeData:id=1,start=860584, bytesLen:1024
09-01 00:07:18.460 D/NVITEM ( 1031): : *****memcpy packet buf to fromChannel
09-01 00:07:18.460 D/NVITEM ( 1031): : _getPacket
09-01 00:07:18.460 D/NVITEM ( 1031): : get wake_lock 0
09-01 00:07:18.460 D/NVITEM ( 1031): : channel_read success
09-01 00:07:18.460 D/NVITEM ( 1031): : _getPacket continue read 1044 size 1024 grp
2 sub 754
09-01 00:07:18.460 D/NVITEM ( 1031): : writeData:id=1,start=861608, bytesLen:1024
09-01 00:07:18.460 D/NVITEM ( 1031): : *****memcpy packet buf to fromChannel
09-01 00:07:18.460 D/NVITEM ( 1031): : _getPacket
09-01 00:07:18.461 D/NVITEM ( 1031): : get wake_lock 0
09-01 00:07:18.461 D/NVITEM ( 1031): : channel_read success
09-01 00:07:18.461 D/NVITEM ( 1031): : _getPacket continue read 1044 size 1024 grp
2 sub 755
09-01 00:07:18.461 D/NVITEM ( 1031): : writeData:id=1,start=862632, bytesLen:1024
09-01 00:07:18.461 D/NVITEM ( 1031): : *****memcpy packet buf to fromChannel
09-01 00:07:18.461 D/NVITEM ( 1031): : _getPacket
09-01 00:07:18.461 D/NVITEM ( 1031): : get wake_lock 0
09-01 00:07:18.461 D/NVITEM ( 1031): : channel_read success
09-01 00:07:18.461 D/NVITEM ( 1031): : _getPacket continue read 1044 size 1024 grp
2 sub 756
09-01 00:07:18.461 D/NVITEM ( 1031): : writeData:id=1,start=863656, bytesLen:1024
09-01 00:07:18.461 D/NVITEM ( 1031): : *****memcpy packet buf to fromChannel
09-01 00:07:18.462 D/NVITEM ( 1031): : _getPacket
09-01 00:07:18.462 D/NVITEM ( 1031): : get wake_lock 0
09-01 00:07:18.462 D/NVITEM ( 1031): : channel_read success
09-01 00:07:18.462 D/NVITEM ( 1031): : _getPacket continue read 1044 size 1024 grp
2 sub 757
09-01 00:07:18.462 D/NVITEM ( 1031): : writeData:id=1,start=864680, bytesLen:1024
09-01 00:07:18.462 D/NVITEM ( 1031): : *****memcpy packet buf to fromChannel
09-01 00:07:18.462 D/NVITEM ( 1031): : _getPacket
09-01 00:07:18.463 D/NVITEM ( 1031): : get wake_lock 0
09-01 00:07:18.463 D/NVITEM ( 1031): : channel_read success
09-01 00:07:18.463 D/NVITEM ( 1031): : _getPacket continue read 1044 size 1024 grp
2 sub 758
09-01 00:07:18.463 D/NVITEM ( 1031): : writeData:id=1,start=865704, bytesLen:1024
09-01 00:07:18.463 D/NVITEM ( 1031): : *****memcpy packet buf to fromChannel
09-01 00:07:18.463 D/NVITEM ( 1031): : _getPacket
09-01 00:07:18.463 D/NVITEM ( 1031): : get wake_lock 0
09-01 00:07:18.463 D/NVITEM ( 1031): : channel_read success
09-01 00:07:18.463 D/NVITEM ( 1031): : _getPacket continue read 1044 size 1024 grp
2 sub 759
09-01 00:07:18.463 D/NVITEM ( 1031): : writeData:id=1,start=866728, bytesLen:1024
09-01 00:07:18.463 D/NVITEM ( 1031): : *****memcpy packet buf to fromChannel
09-01 00:07:18.463 D/NVITEM ( 1031): : _getPacket
09-01 00:07:18.464 D/NVITEM ( 1031): : get wake_lock 0
09-01 00:07:18.464 D/NVITEM ( 1031): : channel_read success
09-01 00:07:18.464 D/NVITEM ( 1031): : _getPacket continue read 1044 size 1024 grp
2 sub 760
09-01 00:07:18.464 D/NVITEM ( 1031): : writeData:id=1,start=867752, bytesLen:1024
09-01 00:07:18.464 D/NVITEM ( 1031): : *****memcpy packet buf to fromChannel
09-01 00:07:18.464 D/NVITEM ( 1031): : _getPacket
09-01 00:07:18.464 D/NVITEM ( 1031): : get wake_lock 0
09-01 00:07:18.464 D/NVITEM ( 1031): : channel_read success
09-01 00:07:18.464 D/NVITEM ( 1031): : _getPacket continue read 1044 size 1024 grp
2 sub 761
09-01 00:07:18.464 D/NVITEM ( 1031): : writeData:id=1,start=868776, bytesLen:1024
09-01 00:07:18.464 D/NVITEM ( 1031): : *****memcpy packet buf to fromChannel
09-01 00:07:18.464 D/NVITEM ( 1031): : _getPacket
09-01 00:07:18.465 D/NVITEM ( 1031): : get wake_lock 0
09-01 00:07:18.465 D/NVITEM ( 1031): : channel_read success
09-01 00:07:18.465 D/NVITEM ( 1031): : _getPacket continue read 1044 size 1024 grp
2 sub 762
09-01 00:07:18.465 D/NVITEM ( 1031): : writeData:id=1,start=869800, bytesLen:1024
09-01 00:07:18.465 D/NVITEM ( 1031): : *****memcpy packet buf to fromChannel
09-01 00:07:18.465 D/NVITEM ( 1031): : _getPacket
09-01 00:07:18.465 D/NVITEM ( 1031): : get wake_lock 0
09-01 00:07:18.465 D/NVITEM ( 1031): : channel_read success
09-01 00:07:18.465 D/NVITEM ( 1031): : _getPacket continue read 1044 size 1024 grp
2 sub 763
09-01 00:07:18.465 D/NVITEM ( 1031): : writeData:id=1,start=870824, bytesLen:1024
09-01 00:07:18.465 D/NVITEM ( 1031): : *****memcpy packet buf to fromChannel
09-01 00:07:18.465 V/C2Store ( 833): in ~ComponentModule
09-01 00:07:18.465 V/C2Store ( 833): unloading dll
09-01 00:07:18.465 D/NVITEM ( 1031): : _getPacket
09-01 00:07:18.465 V/C2Store ( 833): in init
09-01 00:07:18.465 V/C2Store ( 833): loading dll
09-01 00:07:18.466 D/NVITEM ( 1031): : get wake_lock 0
09-01 00:07:18.466 D/NVITEM ( 1031): : channel_read success
09-01 00:07:18.466 D/NVITEM ( 1031): : _getPacket continue read 1044 size 1024 grp
2 sub 764
09-01 00:07:18.466 D/NVITEM ( 1031): : writeData:id=1,start=871848, bytesLen:1024
09-01 00:07:18.466 D/NVITEM ( 1031): : *****memcpy packet buf to fromChannel
09-01 00:07:18.466 D/NVITEM ( 1031): : _getPacket
09-01 00:07:18.466 D/NVITEM ( 1031): : get wake_lock 0
09-01 00:07:18.466 D/NVITEM ( 1031): : channel_read success
09-01 00:07:18.466 D/NVITEM ( 1031): : _getPacket continue read 1044 size 1024 grp
2 sub 765
09-01 00:07:18.466 D/NVITEM ( 1031): : writeData:id=1,start=872872, bytesLen:1024
09-01 00:07:18.466 D/NVITEM ( 1031): : *****memcpy packet buf to fromChannel
09-01 00:07:18.466 D/NVITEM ( 1031): : _getPacket
09-01 00:07:18.467 V/ZygoteInitThreadPool( 596): Class
android.icu.text.AnyTransliterator was preloaded took to much time: 610ms
09-01 00:07:18.467 D/NVITEM ( 1031): : get wake_lock 0
09-01 00:07:18.467 D/NVITEM ( 1031): : channel_read success
09-01 00:07:18.467 D/NVITEM ( 1031): : _getPacket continue read 1044 size 1024 grp
2 sub 766
09-01 00:07:18.467 D/NVITEM ( 1031): : writeData:id=1,start=873896, bytesLen:1024
09-01 00:07:18.467 D/NVITEM ( 1031): : *****memcpy packet buf to fromChannel
09-01 00:07:18.467 D/NVITEM ( 1031): : _getPacket
09-01 00:07:18.467 D/NVITEM ( 1031): : get wake_lock 0
09-01 00:07:18.467 D/NVITEM ( 1031): : channel_read success
09-01 00:07:18.467 D/NVITEM ( 1031): : _getPacket continue read 1044 size 1024 grp
2 sub 767
09-01 00:07:18.467 D/NVITEM ( 1031): : writeData:id=1,start=874920, bytesLen:1024
09-01 00:07:18.467 D/NVITEM ( 1031): : *****memcpy packet buf to fromChannel
09-01 00:07:18.467 D/NVITEM ( 1031): : _getPacket
09-01 00:07:18.468 D/NVITEM ( 1031): : get wake_lock 0
09-01 00:07:18.468 D/NVITEM ( 1031): : channel_read success
09-01 00:07:18.468 D/NVITEM ( 1031): : _getPacket continue read 1044 size 1024 grp
2 sub 768
09-01 00:07:18.468 D/NVITEM ( 1031): : writeData:id=1,start=875944, bytesLen:1024
09-01 00:07:18.468 D/NVITEM ( 1031): : *****memcpy packet buf to fromChannel
09-01 00:07:18.468 D/NVITEM ( 1031): : _getPacket
09-01 00:07:18.468 D/NVITEM ( 1031): : get wake_lock 0
09-01 00:07:18.468 D/NVITEM ( 1031): : channel_read success
09-01 00:07:18.468 D/NVITEM ( 1031): : _getPacket continue read 1044 size 1024 grp
2 sub 769
09-01 00:07:18.468 D/NVITEM ( 1031): : writeData:id=1,start=876968, bytesLen:1024
09-01 00:07:18.468 D/NVITEM ( 1031): : *****memcpy packet buf to fromChannel
09-01 00:07:18.469 D/NVITEM ( 1031): : _getPacket
09-01 00:07:18.469 D/NVITEM ( 1031): : get wake_lock 0
09-01 00:07:18.469 D/NVITEM ( 1031): : channel_read success
09-01 00:07:18.469 D/NVITEM ( 1031): : _getPacket continue read 1044 size 1024 grp
2 sub 770
09-01 00:07:18.469 D/NVITEM ( 1031): : writeData:id=1,start=877992, bytesLen:1024
09-01 00:07:18.469 D/NVITEM ( 1031): : *****memcpy packet buf to fromChannel
09-01 00:07:18.469 D/NVITEM ( 1031): : _getPacket
09-01 00:07:18.469 I/ServiceManager( 594): Waiting for service 'statscompanion' on
'/dev/binder'...
09-01 00:07:18.469 D/NVITEM ( 1031): : get wake_lock 0
09-01 00:07:18.469 D/NVITEM ( 1031): : channel_read success
09-01 00:07:18.469 D/NVITEM ( 1031): : _getPacket continue read 1044 size 1024 grp
2 sub 771
09-01 00:07:18.469 D/NVITEM ( 1031): : writeData:id=1,start=879016, bytesLen:1024
09-01 00:07:18.469 D/NVITEM ( 1031): : *****memcpy packet buf to fromChannel
09-01 00:07:18.470 D/NVITEM ( 1031): : _getPacket
09-01 00:07:18.470 D/NVITEM ( 1031): : get wake_lock 0
09-01 00:07:18.470 D/NVITEM ( 1031): : channel_read success
09-01 00:07:18.470 D/NVITEM ( 1031): : _getPacket continue read 1044 size 1024 grp
2 sub 772
09-01 00:07:18.470 D/NVITEM ( 1031): : writeData:id=1,start=880040, bytesLen:1024
09-01 00:07:18.470 D/NVITEM ( 1031): : *****memcpy packet buf to fromChannel
09-01 00:07:18.470 D/NVITEM ( 1031): : _getPacket
09-01 00:07:18.470 D/NVITEM ( 1031): : get wake_lock 0
09-01 00:07:18.471 D/NVITEM ( 1031): : channel_read success
09-01 00:07:18.471 D/NVITEM ( 1031): : _getPacket continue read 1044 size 1024 grp
2 sub 773
09-01 00:07:18.471 D/NVITEM ( 1031): : writeData:id=1,start=881064, bytesLen:1024
09-01 00:07:18.471 D/NVITEM ( 1031): : *****memcpy packet buf to fromChannel
09-01 00:07:18.471 D/NVITEM ( 1031): : _getPacket
09-01 00:07:18.471 D/NVITEM ( 1031): : get wake_lock 0
09-01 00:07:18.471 D/NVITEM ( 1031): : channel_read success
09-01 00:07:18.471 D/NVITEM ( 1031): : _getPacket continue read 1044 size 1024 grp
2 sub 774
09-01 00:07:18.471 D/NVITEM ( 1031): : writeData:id=1,start=882088, bytesLen:1024
09-01 00:07:18.471 D/NVITEM ( 1031): : *****memcpy packet buf to fromChannel
09-01 00:07:18.471 D/NVITEM ( 1031): : _getPacket
09-01 00:07:18.471 V/C2Store ( 833): in ~ComponentModule
09-01 00:07:18.472 V/C2Store ( 833): unloading dll
09-01 00:07:18.472 D/NVITEM ( 1031): : get wake_lock 0
09-01 00:07:18.472 D/NVITEM ( 1031): : channel_read success
09-01 00:07:18.472 D/NVITEM ( 1031): : _getPacket continue read 1044 size 1024 grp
2 sub 775
09-01 00:07:18.472 D/NVITEM ( 1031): : writeData:id=1,start=883112, bytesLen:1024
09-01 00:07:18.472 D/NVITEM ( 1031): : *****memcpy packet buf to fromChannel
09-01 00:07:18.472 D/NVITEM ( 1031): : _getPacket
09-01 00:07:18.472 V/C2Store ( 833): in init
09-01 00:07:18.472 V/C2Store ( 833): loading dll
09-01 00:07:18.472 D/NVITEM ( 1031): : get wake_lock 0
09-01 00:07:18.472 D/NVITEM ( 1031): : channel_read success
09-01 00:07:18.472 D/NVITEM ( 1031): : _getPacket continue read 1044 size 1024 grp
2 sub 776
09-01 00:07:18.472 D/NVITEM ( 1031): : writeData:id=1,start=884136, bytesLen:1024
09-01 00:07:18.472 D/NVITEM ( 1031): : *****memcpy packet buf to fromChannel
09-01 00:07:18.472 D/NVITEM ( 1031): : _getPacket
09-01 00:07:18.473 D/NVITEM ( 1031): : get wake_lock 0
09-01 00:07:18.473 D/NVITEM ( 1031): : channel_read success
09-01 00:07:18.473 D/NVITEM ( 1031): : _getPacket continue read 1044 size 1024 grp
2 sub 777
09-01 00:07:18.473 D/NVITEM ( 1031): : writeData:id=1,start=885160, bytesLen:1024
09-01 00:07:18.473 D/NVITEM ( 1031): : *****memcpy packet buf to fromChannel
09-01 00:07:18.473 D/NVITEM ( 1031): : _getPacket
09-01 00:07:18.473 W/ZygoteInitThreadPool( 596): Completed : android.icu.text
classes took 616ms
09-01 00:07:18.473 D/NVITEM ( 1031): : get wake_lock 0
09-01 00:07:18.473 D/NVITEM ( 1031): : channel_read success
09-01 00:07:18.473 D/NVITEM ( 1031): : _getPacket continue read 1044 size 1024 grp
2 sub 778
09-01 00:07:18.473 D/NVITEM ( 1031): : writeData:id=1,start=886184, bytesLen:1024
09-01 00:07:18.473 D/NVITEM ( 1031): : *****memcpy packet buf to fromChannel
09-01 00:07:18.473 D/NVITEM ( 1031): : _getPacket
09-01 00:07:18.474 D/NVITEM ( 1031): : get wake_lock 0
09-01 00:07:18.474 D/NVITEM ( 1031): : channel_read success
09-01 00:07:18.474 D/NVITEM ( 1031): : _getPacket continue read 1044 size 1024 grp
2 sub 779
09-01 00:07:18.474 D/NVITEM ( 1031): : writeData:id=1,start=887208, bytesLen:1024
09-01 00:07:18.474 D/NVITEM ( 1031): : *****memcpy packet buf to fromChannel
09-01 00:07:18.474 D/NVITEM ( 1031): : _getPacket
09-01 00:07:18.474 D/NVITEM ( 1031): : get wake_lock 0
09-01 00:07:18.474 D/NVITEM ( 1031): : channel_read success
09-01 00:07:18.474 D/NVITEM ( 1031): : _getPacket continue read 1044 size 1024 grp
2 sub 780
09-01 00:07:18.474 D/NVITEM ( 1031): : writeData:id=1,start=888232, bytesLen:1024
09-01 00:07:18.474 D/NVITEM ( 1031): : *****memcpy packet buf to fromChannel
09-01 00:07:18.474 D/NVITEM ( 1031): : _getPacket
09-01 00:07:18.475 D/NVITEM ( 1031): : get wake_lock 0
09-01 00:07:18.475 D/NVITEM ( 1031): : channel_read success
09-01 00:07:18.475 D/NVITEM ( 1031): : _getPacket continue read 1044 size 1024 grp
2 sub 781
09-01 00:07:18.475 D/NVITEM ( 1031): : writeData:id=1,start=889256, bytesLen:1024
09-01 00:07:18.475 D/NVITEM ( 1031): : *****memcpy packet buf to fromChannel
09-01 00:07:18.475 D/NVITEM ( 1031): : _getPacket
09-01 00:07:18.475 D/NVITEM ( 1031): : get wake_lock 0
09-01 00:07:18.475 D/NVITEM ( 1031): : channel_read success
09-01 00:07:18.475 D/NVITEM ( 1031): : _getPacket continue read 1044 size 1024 grp
2 sub 782
09-01 00:07:18.475 D/NVITEM ( 1031): : writeData:id=1,start=890280, bytesLen:1024
09-01 00:07:18.475 D/NVITEM ( 1031): : *****memcpy packet buf to fromChannel
09-01 00:07:18.475 D/NVITEM ( 1031): : _getPacket
09-01 00:07:18.476 D/NVITEM ( 1031): : get wake_lock 0
09-01 00:07:18.476 D/NVITEM ( 1031): : channel_read success
09-01 00:07:18.476 D/NVITEM ( 1031): : _getPacket continue read 1044 size 1024 grp
2 sub 783
09-01 00:07:18.476 D/NVITEM ( 1031): : writeData:id=1,start=891304, bytesLen:1024
09-01 00:07:18.476 D/NVITEM ( 1031): : *****memcpy packet buf to fromChannel
09-01 00:07:18.476 D/NVITEM ( 1031): : _getPacket
09-01 00:07:18.476 D/NVITEM ( 1031): : get wake_lock 0
09-01 00:07:18.476 D/NVITEM ( 1031): : channel_read success
09-01 00:07:18.476 D/NVITEM ( 1031): : _getPacket continue read 1044 size 1024 grp
2 sub 784
09-01 00:07:18.476 D/NVITEM ( 1031): : writeData:id=1,start=892328, bytesLen:1024
09-01 00:07:18.476 D/NVITEM ( 1031): : *****memcpy packet buf to fromChannel
09-01 00:07:18.476 D/NVITEM ( 1031): : _getPacket
09-01 00:07:18.477 D/NVITEM ( 1031): : get wake_lock 0
09-01 00:07:18.477 D/NVITEM ( 1031): : channel_read success
09-01 00:07:18.477 D/NVITEM ( 1031): : _getPacket continue read 1044 size 1024 grp
2 sub 785
09-01 00:07:18.477 D/NVITEM ( 1031): : writeData:id=1,start=893352, bytesLen:1024
09-01 00:07:18.477 D/NVITEM ( 1031): : *****memcpy packet buf to fromChannel
09-01 00:07:18.477 D/NVITEM ( 1031): : _getPacket
09-01 00:07:18.477 D/NVITEM ( 1031): : get wake_lock 0
09-01 00:07:18.477 D/NVITEM ( 1031): : channel_read success
09-01 00:07:18.477 D/NVITEM ( 1031): : _getPacket continue read 1044 size 1024 grp
2 sub 786
09-01 00:07:18.477 D/NVITEM ( 1031): : writeData:id=1,start=894376, bytesLen:1024
09-01 00:07:18.477 D/NVITEM ( 1031): : *****memcpy packet buf to fromChannel
09-01 00:07:18.477 D/NVITEM ( 1031): : _getPacket
09-01 00:07:18.478 D/NVITEM ( 1031): : get wake_lock 0
09-01 00:07:18.478 D/NVITEM ( 1031): : channel_read success
09-01 00:07:18.478 D/NVITEM ( 1031): : _getPacket continue read 1044 size 1024 grp
2 sub 787
09-01 00:07:18.478 D/NVITEM ( 1031): : writeData:id=1,start=895400, bytesLen:1024
09-01 00:07:18.478 D/NVITEM ( 1031): : *****memcpy packet buf to fromChannel
09-01 00:07:18.478 D/NVITEM ( 1031): : _getPacket
09-01 00:07:18.478 V/C2Store ( 833): in ~ComponentModule
09-01 00:07:18.478 V/C2Store ( 833): unloading dll
09-01 00:07:18.478 V/C2Store ( 833): in init
09-01 00:07:18.478 V/C2Store ( 833): loading dll
09-01 00:07:18.478 D/NVITEM ( 1031): : get wake_lock 0
09-01 00:07:18.478 D/NVITEM ( 1031): : channel_read success
09-01 00:07:18.478 D/NVITEM ( 1031): : _getPacket continue read 1044 size 1024 grp
2 sub 788
09-01 00:07:18.478 D/NVITEM ( 1031): : writeData:id=1,start=896424, bytesLen:1024
09-01 00:07:18.478 D/NVITEM ( 1031): : *****memcpy packet buf to fromChannel
09-01 00:07:18.479 D/NVITEM ( 1031): : _getPacket
09-01 00:07:18.479 D/NVITEM ( 1031): : get wake_lock 0
09-01 00:07:18.479 D/NVITEM ( 1031): : channel_read success
09-01 00:07:18.479 D/NVITEM ( 1031): : _getPacket continue read 1044 size 1024 grp
2 sub 789
09-01 00:07:18.479 D/NVITEM ( 1031): : writeData:id=1,start=897448, bytesLen:1024
09-01 00:07:18.479 D/NVITEM ( 1031): : *****memcpy packet buf to fromChannel
09-01 00:07:18.479 D/NVITEM ( 1031): : _getPacket
09-01 00:07:18.479 D/NVITEM ( 1031): : get wake_lock 0
09-01 00:07:18.479 D/NVITEM ( 1031): : channel_read success
09-01 00:07:18.479 D/NVITEM ( 1031): : _getPacket continue read 1044 size 1024 grp
2 sub 790
09-01 00:07:18.479 D/NVITEM ( 1031): : writeData:id=1,start=898472, bytesLen:1024
09-01 00:07:18.479 D/NVITEM ( 1031): : *****memcpy packet buf to fromChannel
09-01 00:07:18.480 D/NVITEM ( 1031): : _getPacket
09-01 00:07:18.480 D/NVITEM ( 1031): : get wake_lock 0
09-01 00:07:18.480 D/NVITEM ( 1031): : channel_read success
09-01 00:07:18.480 D/NVITEM ( 1031): : _getPacket continue read 1044 size 1024 grp
2 sub 791
09-01 00:07:18.480 D/NVITEM ( 1031): : writeData:id=1,start=899496, bytesLen:1024
09-01 00:07:18.480 D/NVITEM ( 1031): : *****memcpy packet buf to fromChannel
09-01 00:07:18.480 D/NVITEM ( 1031): : _getPacket
09-01 00:07:18.480 D/NVITEM ( 1031): : get wake_lock 0
09-01 00:07:18.480 D/NVITEM ( 1031): : channel_read success
09-01 00:07:18.480 D/NVITEM ( 1031): : _getPacket continue read 1044 size 1024 grp
2 sub 792
09-01 00:07:18.480 D/NVITEM ( 1031): : writeData:id=1,start=900520, bytesLen:1024
09-01 00:07:18.480 D/NVITEM ( 1031): : *****memcpy packet buf to fromChannel
