09-01 00:07:17.959 D/NVITEM ( 1031): : _getPacket start read 1044 size 1024 grp 2
sub 0
09-01 00:07:17.959 D/NVITEM ( 1031): : writeData:id=1,start=0, bytesLen:984
09-01 00:07:17.960 D/NVITEM ( 1031): : ramDisk_Read enter
09-01 00:07:17.965 I/ServiceManager( 594): Waiting for service 'statscompanion' on
'/dev/binder'...
09-01 00:07:17.970 I/audio_hw_param( 603): upload_audio_profile_param_firmware:1,
ret(0)
09-01 00:07:17.970 I/audio_hw_param( 603): load_audio_param check audio param
load_status:0x79
09-01 00:07:17.970 I/audio_hw_control( 603): audio_param_thread profile:1 Exit
load_status:0x7b
09-01 00:07:17.971 D/NVITEM ( 1031): : crc = 0xa66f,checksum=0xa66f
09-01 00:07:17.971 D/NVITEM ( 1031): : checksum_64=1
09-01 00:07:17.971 D/NVITEM ( 1031): : partId2:/dev/block/by-name/l_runtimenv2
read success!
09-01 00:07:17.971 D/NVITEM ( 1031): : *****memcpy packet buf to fromChannel
09-01 00:07:17.971 D/NVITEM ( 1031): : _getPacket
09-01 00:07:17.971 D/NVITEM ( 1031): : get wake_lock 0
09-01 00:07:17.971 D/NVITEM ( 1031): : channel_read success
09-01 00:07:17.971 D/NVITEM ( 1031): : _getPacket continue read 1044 size 1024 grp
2 sub 1
09-01 00:07:17.971 D/NVITEM ( 1031): : writeData:id=1,start=984, bytesLen:552
09-01 00:07:17.971 D/NVITEM ( 1031): : *****memcpy packet buf to fromChannel
09-01 00:07:17.971 D/NVITEM ( 1031): : writeData:id=1,start=5632, bytesLen:452
09-01 00:07:17.971 D/NVITEM ( 1031): : *****memcpy packet buf to fromChannel
09-01 00:07:17.971 D/NVITEM ( 1031): : _getPacket
09-01 00:07:17.972 D/NVITEM ( 1031): : get wake_lock 0
09-01 00:07:17.972 D/NVITEM ( 1031): : channel_read success
09-01 00:07:17.972 D/NVITEM ( 1031): : _getPacket continue read 1044 size 1024 grp
2 sub 2
09-01 00:07:17.972 D/NVITEM ( 1031): : writeData:id=1,start=6084, bytesLen:60
09-01 00:07:17.972 D/NVITEM ( 1031): : *****memcpy packet buf to fromChannel
09-01 00:07:17.972 D/NVITEM ( 1031): : writeData:id=1,start=6656, bytesLen:944
09-01 00:07:17.972 D/NVITEM ( 1031): : *****memcpy packet buf to fromChannel
09-01 00:07:17.972 D/NVITEM ( 1031): : _getPacket
09-01 00:07:17.972 D/NVITEM ( 1031): : get wake_lock 0
09-01 00:07:17.972 D/NVITEM ( 1031): : channel_read success
09-01 00:07:17.972 D/NVITEM ( 1031): : _getPacket continue read 1044 size 1024 grp
2 sub 3
09-01 00:07:17.972 D/NVITEM ( 1031): : writeData:id=1,start=7600, bytesLen:1024
09-01 00:07:17.972 D/NVITEM ( 1031): : *****memcpy packet buf to fromChannel
09-01 00:07:17.972 D/NVITEM ( 1031): : _getPacket
09-01 00:07:17.973 D/NVITEM ( 1031): : get wake_lock 0
09-01 00:07:17.973 D/NVITEM ( 1031): : channel_read success
09-01 00:07:17.973 D/NVITEM ( 1031): : _getPacket continue read 1044 size 1024 grp
2 sub 4
09-01 00:07:17.973 D/NVITEM ( 1031): : writeData:id=1,start=8624, bytesLen:592
09-01 00:07:17.973 D/NVITEM ( 1031): : *****memcpy packet buf to fromChannel
09-01 00:07:17.973 D/NVITEM ( 1031): : writeData:id=1,start=9728, bytesLen:412
09-01 00:07:17.973 D/NVITEM ( 1031): : *****memcpy packet buf to fromChannel
09-01 00:07:17.973 D/NVITEM ( 1031): : _getPacket
09-01 00:07:17.973 D/NVITEM ( 1031): : get wake_lock 0
09-01 00:07:17.973 D/NVITEM ( 1031): : channel_read success
09-01 00:07:17.973 D/NVITEM ( 1031): : _getPacket continue read 1044 size 1024 grp
2 sub 5
09-01 00:07:17.973 D/NVITEM ( 1031): : writeData:id=1,start=10140, bytesLen:100
09-01 00:07:17.973 D/NVITEM ( 1031): : *****memcpy packet buf to fromChannel
09-01 00:07:17.973 D/NVITEM ( 1031): : writeData:id=1,start=11776, bytesLen:904
09-01 00:07:17.974 D/NVITEM ( 1031): : *****memcpy packet buf to fromChannel
09-01 00:07:17.974 D/NVITEM ( 1031): : _getPacket
09-01 00:07:17.974 D/ip_monitor-793( 1042): ipv6 dev epdg1 forwarding off
proxy_neigh off ignore_routes_with_linkdown off
09-01 00:07:17.974 D/NVITEM ( 1031): : get wake_lock 0
09-01 00:07:17.974 D/NVITEM ( 1031): : channel_read success
09-01 00:07:17.974 D/NVITEM ( 1031): : _getPacket continue read 1044 size 1024 grp
2 sub 6
09-01 00:07:17.974 D/NVITEM ( 1031): : writeData:id=1,start=12680, bytesLen:120
09-01 00:07:17.974 D/NVITEM ( 1031): : *****memcpy packet buf to fromChannel
09-01 00:07:17.974 D/NVITEM ( 1031): : writeData:id=1,start=21504, bytesLen:884
09-01 00:07:17.974 D/NVITEM ( 1031): : *****memcpy packet buf to fromChannel
09-01 00:07:17.974 D/NVITEM ( 1031): : _getPacket
09-01 00:07:17.975 I/SPRDAVCDecoder( 812): SPRDAVCDecoder, mDumpYUVEnabled: 0,
mDumpStrmEnabled: 0
09-01 00:07:17.975 D/NVITEM ( 1031): : get wake_lock 0
09-01 00:07:17.975 D/NVITEM ( 1031): : channel_read success
09-01 00:07:17.975 D/NVITEM ( 1031): : _getPacket continue read 1044 size 1024 grp
2 sub 7
09-01 00:07:17.975 D/NVITEM ( 1031): : writeData:id=1,start=22388, bytesLen:140
09-01 00:07:17.975 D/NVITEM ( 1031): : *****memcpy packet buf to fromChannel
09-01 00:07:17.975 D/NVITEM ( 1031): : writeData:id=1,start=32768, bytesLen:864
09-01 00:07:17.975 D/NVITEM ( 1031): : *****memcpy packet buf to fromChannel
09-01 00:07:17.975 D/NVITEM ( 1031): : _getPacket
09-01 00:07:17.975 I/VSP ( 812): H264DecInit, 370
09-01 00:07:17.975 I/VSP ( 812): libomx_avcdec_hw_sprd.so is built on Thu Aug
11 12:57:13 KST 2022, Copyright (C) Spreadtrum, Inc.
09-01 00:07:17.975 D/NVITEM ( 1031): : get wake_lock 0
09-01 00:07:17.975 D/NVITEM ( 1031): : channel_read success
09-01 00:07:17.975 D/NVITEM ( 1031): : _getPacket continue read 1044 size 1024 grp
2 sub 8
09-01 00:07:17.976 D/NVITEM ( 1031): : writeData:id=1,start=33632, bytesLen:1024
09-01 00:07:17.976 D/NVITEM ( 1031): : *****memcpy packet buf to fromChannel
09-01 00:07:17.976 D/NVITEM ( 1031): : _getPacket
09-01 00:07:17.976 D/NVITEM ( 1031): : get wake_lock 0
09-01 00:07:17.976 D/NVITEM ( 1031): : channel_read success
09-01 00:07:17.977 D/NVITEM ( 1031): : _getPacket continue read 1044 size 1024 grp
2 sub 9
09-01 00:07:17.977 D/NVITEM ( 1031): : writeData:id=1,start=34656, bytesLen:1024
09-01 00:07:17.977 D/NVITEM ( 1031): : *****memcpy packet buf to fromChannel
09-01 00:07:17.977 D/NVITEM ( 1031): : _getPacket
09-01 00:07:17.977 D/NVITEM ( 1031): : get wake_lock 0
09-01 00:07:17.977 D/NVITEM ( 1031): : channel_read success
09-01 00:07:17.977 D/NVITEM ( 1031): : _getPacket continue read 1044 size 1024 grp
2 sub 10
09-01 00:07:17.977 D/NVITEM ( 1031): : writeData:id=1,start=35680, bytesLen:160
09-01 00:07:17.977 D/NVITEM ( 1031): : *****memcpy packet buf to fromChannel
09-01 00:07:17.977 D/NVITEM ( 1031): : writeData:id=1,start=36352, bytesLen:512
09-01 00:07:17.977 D/NVITEM ( 1031): : *****memcpy packet buf to fromChannel
09-01 00:07:17.977 D/NVITEM ( 1031): : writeData:id=1,start=37888, bytesLen:312
09-01 00:07:17.977 D/NVITEM ( 1031): : *****memcpy packet buf to fromChannel
09-01 00:07:17.977 D/NVITEM ( 1031): : _getPacket
09-01 00:07:17.977 D/NVITEM ( 1031): : get wake_lock 0
09-01 00:07:17.977 D/NVITEM ( 1031): : channel_read success
09-01 00:07:17.977 D/NVITEM ( 1031): : _getPacket continue read 1044 size 1024 grp
2 sub 11
09-01 00:07:17.977 D/NVITEM ( 1031): : writeData:id=1,start=38200, bytesLen:1024
09-01 00:07:17.977 D/NVITEM ( 1031): : *****memcpy packet buf to fromChannel
09-01 00:07:17.978 D/NVITEM ( 1031): : _getPacket
09-01 00:07:17.978 D/NVITEM ( 1031): : get wake_lock 0
09-01 00:07:17.978 D/NVITEM ( 1031): : channel_read success
09-01 00:07:17.978 D/NVITEM ( 1031): : _getPacket continue read 1044 size 1024 grp
2 sub 12
09-01 00:07:17.978 D/NVITEM ( 1031): : writeData:id=1,start=39224, bytesLen:712
09-01 00:07:17.978 D/NVITEM ( 1031): : *****memcpy packet buf to fromChannel
09-01 00:07:17.978 D/NVITEM ( 1031): : writeData:id=1,start=40960, bytesLen:292
09-01 00:07:17.978 D/NVITEM ( 1031): : *****memcpy packet buf to fromChannel
09-01 00:07:17.978 D/NVITEM ( 1031): : _getPacket
09-01 00:07:17.979 D/NVITEM ( 1031): : get wake_lock 0
09-01 00:07:17.979 D/NVITEM ( 1031): : channel_read success
09-01 00:07:17.979 D/NVITEM ( 1031): : _getPacket continue read 1044 size 1024 grp
2 sub 13
09-01 00:07:17.979 D/NVITEM ( 1031): : writeData:id=1,start=41252, bytesLen:1024
09-01 00:07:17.979 D/NVITEM ( 1031): : *****memcpy packet buf to fromChannel
09-01 00:07:17.979 D/NVITEM ( 1031): : _getPacket
09-01 00:07:17.979 D/NVITEM ( 1031): : get wake_lock 0
09-01 00:07:17.979 D/NVITEM ( 1031): : channel_read success
09-01 00:07:17.979 D/NVITEM ( 1031): : _getPacket continue read 1044 size 1024 grp
2 sub 14
09-01 00:07:17.979 D/NVITEM ( 1031): : writeData:id=1,start=42276, bytesLen:1024
09-01 00:07:17.979 D/NVITEM ( 1031): : *****memcpy packet buf to fromChannel
09-01 00:07:17.979 D/NVITEM ( 1031): : _getPacket
09-01 00:07:17.981 D/NVITEM ( 1031): : get wake_lock 0
09-01 00:07:17.981 D/NVITEM ( 1031): : channel_read success
09-01 00:07:17.981 D/NVITEM ( 1031): : _getPacket continue read 1044 size 1024 grp
2 sub 15
09-01 00:07:17.981 D/NVITEM ( 1031): : writeData:id=1,start=43300, bytesLen:220
09-01 00:07:17.981 D/NVITEM ( 1031): : *****memcpy packet buf to fromChannel
09-01 00:07:17.981 D/NVITEM ( 1031): : writeData:id=1,start=44544, bytesLen:512
09-01 00:07:17.981 D/NVITEM ( 1031): : *****memcpy packet buf to fromChannel
09-01 00:07:17.981 D/NVITEM ( 1031): : writeData:id=1,start=47104, bytesLen:252
09-01 00:07:17.981 D/NVITEM ( 1031): : *****memcpy packet buf to fromChannel
09-01 00:07:17.981 D/NVITEM ( 1031): : _getPacket
09-01 00:07:17.982 D/NVITEM ( 1031): : get wake_lock 0
09-01 00:07:17.982 D/NVITEM ( 1031): : channel_read success
09-01 00:07:17.982 D/NVITEM ( 1031): : _getPacket continue read 1044 size 1024 grp
2 sub 16
09-01 00:07:17.982 D/NVITEM ( 1031): : writeData:id=1,start=47356, bytesLen:1024
09-01 00:07:17.982 D/NVITEM ( 1031): : *****memcpy packet buf to fromChannel
09-01 00:07:17.982 D/NVITEM ( 1031): : _getPacket
09-01 00:07:17.982 D/vendor.sprd.hardware.trusty@1.0-TructyClientProvider( 650):
request to create new client com.android.trusty.vsp
09-01 00:07:17.982 D/NVITEM ( 1031): : get wake_lock 0
09-01 00:07:17.982 D/NVITEM ( 1031): : channel_read success
09-01 00:07:17.982 D/NVITEM ( 1031): : _getPacket continue read 1044 size 1024 grp
2 sub 17
09-01 00:07:17.982 D/NVITEM ( 1031): : writeData:id=1,start=48380, bytesLen:1024
09-01 00:07:17.982 D/NVITEM ( 1031): : *****memcpy packet buf to fromChannel
09-01 00:07:17.982 D/NVITEM ( 1031): : _getPacket
09-01 00:07:17.983 D/NVITEM ( 1031): : get wake_lock 0
09-01 00:07:17.983 D/NVITEM ( 1031): : channel_read success
09-01 00:07:17.983 D/NVITEM ( 1031): : _getPacket continue read 1044 size 1024 grp
2 sub 18
09-01 00:07:17.983 D/NVITEM ( 1031): : writeData:id=1,start=49404, bytesLen:1024
09-01 00:07:17.983 D/NVITEM ( 1031): : *****memcpy packet buf to fromChannel
09-01 00:07:17.983 D/NVITEM ( 1031): : _getPacket
09-01 00:07:17.983 D/vendor.sprd.hardware.trusty@1.0-TructyClient( 650): connect
to com.android.trusty.vsp success
09-01 00:07:17.983 I/VSP_CA ( 812): open_tee_vsp: vsp_ca connect ta,
handle=0xebec12e0
09-01 00:07:17.983 D/VSP_CA ( 812): Enter trusty_vsp_call, cmd is 00, in_size = 4
09-01 00:07:17.983 D/NVITEM ( 1031): : get wake_lock 0
09-01 00:07:17.983 D/NVITEM ( 1031): : channel_read success
09-01 00:07:17.983 D/NVITEM ( 1031): : _getPacket continue read 1044 size 1024 grp
2 sub 19
09-01 00:07:17.983 D/NVITEM ( 1031): : writeData:id=1,start=50428, bytesLen:260
09-01 00:07:17.983 D/NVITEM ( 1031): : *****memcpy packet buf to fromChannel
09-01 00:07:17.983 D/NVITEM ( 1031): : writeData:id=1,start=52224, bytesLen:512
09-01 00:07:17.983 D/NVITEM ( 1031): : *****memcpy packet buf to fromChannel
09-01 00:07:17.983 D/NVITEM ( 1031): : writeData:id=1,start=55296, bytesLen:212
09-01 00:07:17.983 D/NVITEM ( 1031): : *****memcpy packet buf to fromChannel
09-01 00:07:17.984 D/NVITEM ( 1031): : _getPacket
09-01 00:07:17.985 D/NVITEM ( 1031): : get wake_lock 0
09-01 00:07:17.985 D/NVITEM ( 1031): : channel_read success
09-01 00:07:17.985 D/NVITEM ( 1031): : _getPacket continue read 1044 size 1024 grp
2 sub 20
09-01 00:07:17.985 D/NVITEM ( 1031): : writeData:id=1,start=55508, bytesLen:300
09-01 00:07:17.985 D/NVITEM ( 1031): : *****memcpy packet buf to fromChannel
09-01 00:07:17.985 D/NVITEM ( 1031): : writeData:id=1,start=65536, bytesLen:512
09-01 00:07:17.985 D/NVITEM ( 1031): : *****memcpy packet buf to fromChannel
09-01 00:07:17.985 D/NVITEM ( 1031): : writeData:id=1,start=70144, bytesLen:172
09-01 00:07:17.985 D/NVITEM ( 1031): : *****memcpy packet buf to fromChannel
09-01 00:07:17.985 D/NVITEM ( 1031): : _getPacket
09-01 00:07:17.985 D/NVITEM ( 1031): : get wake_lock 0
09-01 00:07:17.985 D/NVITEM ( 1031): : channel_read success
09-01 00:07:17.985 D/NVITEM ( 1031): : _getPacket continue read 1044 size 1024 grp
2 sub 21
09-01 00:07:17.985 D/NVITEM ( 1031): : writeData:id=1,start=70316, bytesLen:340
09-01 00:07:17.985 D/NVITEM ( 1031): : *****memcpy packet buf to fromChannel
09-01 00:07:17.985 D/NVITEM ( 1031): : writeData:id=1,start=71168, bytesLen:664
09-01 00:07:17.985 D/NVITEM ( 1031): : *****memcpy packet buf to fromChannel
09-01 00:07:17.985 D/NVITEM ( 1031): : _getPacket
09-01 00:07:17.985 D/VSP_CA ( 812): trusty_vsp_call, 92, recv info size 364
09-01 00:07:17.986 D/VSP_CA ( 812): CA read response(1) from TA, out_size is 360.
09-01 00:07:17.986 I/VSP ( 812): InitInTos 11, result=0, out size 360
09-01 00:07:17.986 I/VSP ( 812): H264DecInit, 451, ret= 0, out size 360,
instance id 0
09-01 00:07:17.986 I/SPRDAVCDecoder( 812): initDecoder, Capability: profile 100,
level 51, max wh=1920 3840
09-01 00:07:17.986 I/SPRDAVCDecoder( 812): Get IOMMU Status: 0
09-01 00:07:17.986 I/SPRDAVCDecoder( 812): allocateStreamBuffer, 0xa4bec000 -
0xe93b7000 - 2097152
09-01 00:07:17.986 I/SPRDAVCDecoder( 812): initCheck, mInitCheck: 0x0
09-01 00:07:17.986 I/SPRD_OMX_CORE( 812): Created OMXPlugin :
OMX.sprd.h264.decoder.secure
09-01 00:07:17.986 D/NVITEM ( 1031): : get wake_lock 0
09-01 00:07:17.986 D/NVITEM ( 1031): : channel_read success
09-01 00:07:17.986 D/NVITEM ( 1031): : _getPacket continue read 1044 size 1024 grp
2 sub 22
09-01 00:07:17.986 D/NVITEM ( 1031): : writeData:id=1,start=71832, bytesLen:1024
09-01 00:07:17.986 D/NVITEM ( 1031): : *****memcpy packet buf to fromChannel
09-01 00:07:17.987 D/NVITEM ( 1031): : _getPacket
09-01 00:07:17.987 D/NVITEM ( 1031): : get wake_lock 0
09-01 00:07:17.987 D/NVITEM ( 1031): : channel_read success
09-01 00:07:17.987 D/NVITEM ( 1031): : _getPacket continue read 1044 size 1024 grp
2 sub 23
09-01 00:07:17.987 D/NVITEM ( 1031): : writeData:id=1,start=72856, bytesLen:872
09-01 00:07:17.987 D/NVITEM ( 1031): : *****memcpy packet buf to fromChannel
09-01 00:07:17.987 D/NVITEM ( 1031): : writeData:id=1,start=74240, bytesLen:132
09-01 00:07:17.987 D/NVITEM ( 1031): : *****memcpy packet buf to fromChannel
09-01 00:07:17.988 I/SprdVideoDecoderOMXComponent( 812): internalGetParameter,
OMX_IndexParamVideoPortFormat, eColorFormat: 0x15
09-01 00:07:17.988 I/SprdVideoDecoderOMXComponent( 812): getExtensionIndex, name:
OMX.google.android.index.describeColorFormat
09-01 00:07:17.988 D/NVITEM ( 1031): : _getPacket
09-01 00:07:17.988 I/SprdVideoDecoderOMXComponent( 812): getExtensionIndex, name:
OMX.google.android.index.describeColorFormat2
09-01 00:07:17.988 I/SprdVideoDecoderOMXComponent( 812): getExtensionIndex, name:
OMX.google.android.index.configureVideoTunnelMode
09-01 00:07:17.988 W/OMXNodeInstance( 812):
getExtensionIndex(0xebec0010:sprd.h264.decoder.secure,
OMX.google.android.index.configureVideoTunnelMode) (0x80001006)
09-01 00:07:17.988 D/NVITEM ( 1031): : get wake_lock 0
09-01 00:07:17.988 D/MediaCodecInfo( 766): detail feature-tunneled-playback wasn't
present to remove
09-01 00:07:17.988 D/NVITEM ( 1031): : channel_read success
09-01 00:07:17.988 D/NVITEM ( 1031): : _getPacket continue read 1044 size 1024 grp
2 sub 24
09-01 00:07:17.988 D/NVITEM ( 1031): : writeData:id=1,start=74372, bytesLen:380
09-01 00:07:17.988 D/NVITEM ( 1031): : *****memcpy packet buf to fromChannel
09-01 00:07:17.988 D/NVITEM ( 1031): : writeData:id=1,start=76288, bytesLen:624
09-01 00:07:17.988 D/NVITEM ( 1031): : *****memcpy packet buf to fromChannel
09-01 00:07:17.988 D/NVITEM ( 1031): : _getPacket
09-01 00:07:17.988 I/SprdVideoDecoderOMXComponent( 812): getExtensionIndex, name:
OMX.google.android.index.enableAndroidNativeBuffers
09-01 00:07:17.988 I/SPRDAVCDecoder( 812): internalSetParameter, enable
AndroidNativeBuffer
09-01 00:07:17.988 I/SPRDAVCDecoder( 812): getExtensionIndex:
OMX.google.android.index.allocateNativeHandle
09-01 00:07:17.988 E/SPRDAVCDecoder( 812): internalSetParameter, Enable/Disable
allocateNativeHandle allowed only on input port!
09-01 00:07:17.989 W/OMXNodeInstance( 812):
setParameter(0xebec0010:sprd.h264.decoder.secure,
OMX.google.android.index.allocateNativeHandle(0x7f000008): Output:1 en=0)
(0x8000101b)
09-01 00:07:17.989 I/SprdVideoDecoderOMXComponent( 812): getExtensionIndex, name:
OMX.google.android.index.storeANWBufferInMetadata
09-01 00:07:17.989 I/SprdVideoDecoderOMXComponent( 812): getExtensionIndex, name:
OMX.google.android.index.storeMetaDataInBuffers
09-01 00:07:17.989 W/OMXNodeInstance( 812):
getExtensionIndex(0xebec0010:sprd.h264.decoder.secure,
OMX.google.android.index.storeMetaDataInBuffers) (0x80001006)
09-01 00:07:17.989 D/NVITEM ( 1031): : get wake_lock 0
09-01 00:07:17.989 D/NVITEM ( 1031): : channel_read success
09-01 00:07:17.989 D/NVITEM ( 1031): : _getPacket continue read 1044 size 1024 grp
2 sub 25
09-01 00:07:17.989 I/SprdVideoDecoderOMXComponent( 812): getExtensionIndex, name:
OMX.google.android.index.prepareForAdaptivePlayback
09-01 00:07:17.989 D/NVITEM ( 1031): : writeData:id=1,start=76912, bytesLen:400
09-01 00:07:17.989 D/NVITEM ( 1031): : *****memcpy packet buf to fromChannel
09-01 00:07:17.989 D/NVITEM ( 1031): : writeData:id=1,start=86016, bytesLen:604
09-01 00:07:17.989 D/NVITEM ( 1031): : *****memcpy packet buf to fromChannel
09-01 00:07:17.989 D/NVITEM ( 1031): : _getPacket
09-01 00:07:17.989 D/NVITEM ( 1031): : get wake_lock 0
09-01 00:07:17.989 D/NVITEM ( 1031): : channel_read success
09-01 00:07:17.990 D/NVITEM ( 1031): : _getPacket continue read 1044 size 1024 grp
2 sub 26
09-01 00:07:17.990 D/NVITEM ( 1031): : writeData:id=1,start=86620, bytesLen:420
09-01 00:07:17.990 D/NVITEM ( 1031): : *****memcpy packet buf to fromChannel
09-01 00:07:17.990 D/NVITEM ( 1031): : writeData:id=1,start=97280, bytesLen:584
09-01 00:07:17.990 D/NVITEM ( 1031): : *****memcpy packet buf to fromChannel
09-01 00:07:17.990 D/NVITEM ( 1031): : _getPacket
09-01 00:07:17.990 D/NVITEM ( 1031): : get wake_lock 0
09-01 00:07:17.990 D/NVITEM ( 1031): : channel_read success
09-01 00:07:17.990 D/NVITEM ( 1031): : _getPacket continue read 1044 size 1024 grp
2 sub 27
09-01 00:07:17.990 D/NVITEM ( 1031): : writeData:id=1,start=97864, bytesLen:1024
09-01 00:07:17.990 D/NVITEM ( 1031): : *****memcpy packet buf to fromChannel
09-01 00:07:17.990 D/NVITEM ( 1031): : _getPacket
09-01 00:07:17.990 I/SPRDAVCDecoder( 812): Destruct SPRDAVCDecoder, this:
0xebe07180, clear_instances: 0, secure_instances: 1
09-01 00:07:17.990 I/SPRDAVCDecoder( 812): releaseStreamBuffer, 0xa4bec000 -
0xe93b7000 - 2097152
09-01 00:07:17.990 I/VSP ( 812): H264Dec_ReleaseRefBuffers, 36
09-01 00:07:17.990 D/VSP_CA ( 812): Enter trusty_vsp_call, cmd is 06, in_size = 0
09-01 00:07:17.991 D/VSP_CA ( 812): trusty_vsp_call, 92, recv info size 364
09-01 00:07:17.991 D/VSP_CA ( 812): CA read response(7) from TA, out_size is 360.
09-01 00:07:17.991 I/VSP ( 812): ReleaseRefBufInTos 20,result=0, out size 360
09-01 00:07:17.991 D/VSP_CA ( 812): Enter trusty_vsp_call, cmd is 08, in_size = 0
09-01 00:07:17.993 D/NVITEM ( 1031): : get wake_lock 0
09-01 00:07:17.993 D/NVITEM ( 1031): : channel_read success
09-01 00:07:17.993 D/NVITEM ( 1031): : _getPacket continue read 1044 size 1024 grp
2 sub 28
09-01 00:07:17.993 D/NVITEM ( 1031): : writeData:id=1,start=98888, bytesLen:1024
09-01 00:07:17.993 D/NVITEM ( 1031): : *****memcpy packet buf to fromChannel
09-01 00:07:17.993 D/NVITEM ( 1031): : _getPacket
09-01 00:07:17.994 D/NVITEM ( 1031): : get wake_lock 0
09-01 00:07:17.994 D/NVITEM ( 1031): : channel_read success
09-01 00:07:17.994 D/NVITEM ( 1031): : _getPacket continue read 1044 size 1024 grp
2 sub 29
09-01 00:07:17.994 D/NVITEM ( 1031): : writeData:id=1,start=99912, bytesLen:440
09-01 00:07:17.994 D/NVITEM ( 1031): : *****memcpy packet buf to fromChannel
09-01 00:07:17.994 D/NVITEM ( 1031): : writeData:id=1,start=100864, bytesLen:512
09-01 00:07:17.994 D/NVITEM ( 1031): : *****memcpy packet buf to fromChannel
09-01 00:07:17.994 D/NVITEM ( 1031): : writeData:id=1,start=102400, bytesLen:32
09-01 00:07:17.994 D/NVITEM ( 1031): : *****memcpy packet buf to fromChannel
09-01 00:07:17.995 D/VSP_CA ( 812): trusty_vsp_call, 92, recv info size 4
09-01 00:07:17.995 D/VSP_CA ( 812): CA read response(9) from TA, out_size is 0.
09-01 00:07:17.995 I/VSP ( 812): ReleaseInTos 28,result=0
09-01 00:07:17.995 I/VSP_CA ( 812): close_tee_vsp: handle -336850208 disconnect
ta.
09-01 00:07:17.996 D/NVITEM ( 1031): : _getPacket
09-01 00:07:17.996 D/vendor.sprd.hardware.trusty@1.0-TructyClient( 650): client is
to be closed
09-01 00:07:17.996 D/NVITEM ( 1031): : get wake_lock 0
09-01 00:07:17.996 E/vendor.sprd.hardware.trusty@1.0-TructyClient( 650): client
has been closed
09-01 00:07:17.996 D/NVITEM ( 1031): : channel_read success
09-01 00:07:17.996 D/NVITEM ( 1031): : _getPacket continue read 1044 size 1024 grp
2 sub 30
09-01 00:07:17.996 D/NVITEM ( 1031): : writeData:id=1,start=102432, bytesLen:1024
09-01 00:07:17.996 D/NVITEM ( 1031): : *****memcpy packet buf to fromChannel
09-01 00:07:17.996 D/NVITEM ( 1031): : _getPacket
09-01 00:07:17.996 I/ServiceManager( 779): Waiting for service 'package_native' on
'/dev/binder'...
09-01 00:07:17.996 E/BootAnimationLoader( 965): !@BootAnimation : Could not open
'/sys/class/lcd/panel/ux_color'
09-01 00:07:17.996 D/NVITEM ( 1031): : get wake_lock 0
09-01 00:07:17.996 D/NVITEM ( 1031): : channel_read success
09-01 00:07:17.996 D/NVITEM ( 1031): : _getPacket continue read 1044 size 1024 grp
2 sub 31
09-01 00:07:17.996 E/BootAnimationLoader( 965): !@BootAnimation : Could not open
'/sys/class/lcd/panel/window_type'
09-01 00:07:17.996 D/NVITEM ( 1031): : writeData:id=1,start=103456, bytesLen:992
09-01 00:07:17.996 D/NVITEM ( 1031): : *****memcpy packet buf to fromChannel
09-01 00:07:17.996 D/NVITEM ( 1031): : writeData:id=1,start=105472, bytesLen:12
09-01 00:07:17.996 E/BootAnimationLoader( 965): !@BootAnimation : User doesn't use
Samsung's LCD, User use Fake LCD
09-01 00:07:17.996 D/NVITEM ( 1031): : *****memcpy packet buf to fromChannel
09-01 00:07:17.996 D/NVITEM ( 1031): : _getPacket
09-01 00:07:17.996 I/BootAnimationLoader( 965): ret=2, fps:12, interval:83333
09-01 00:07:17.996 E/BootAnimationLoader( 965): !@BootAnimation : mps_code = MXO
09-01 00:07:17.996 E/BootAnimationLoader( 965): !@BootAnimation : [Chameleon]
Carrier animation is not supported...
09-01 00:07:17.997 E/BootAnimationLoader( 965): !@BootAnimation : After fota,
Start fota bootanimation
09-01 00:07:17.997 D/NVITEM ( 1031): : get wake_lock 0
09-01 00:07:17.997 D/NVITEM ( 1031): : channel_read success
09-01 00:07:17.997 D/NVITEM ( 1031): : _getPacket continue read 1044 size 1024 grp
2 sub 32
09-01 00:07:17.997 D/NVITEM ( 1031): : writeData:id=1,start=105484, bytesLen:1024
09-01 00:07:17.997 D/NVITEM ( 1031): : *****memcpy packet buf to fromChannel
09-01 00:07:17.997 D/NVITEM ( 1031): : _getPacket
09-01 00:07:17.997 I/SprdVideoDecoderOMXComponent( 812): Destruct
SprdVideoDecoderOMXComponent, this: 0x0xebe07180
09-01 00:07:17.997 I/SprdSimpleOMXComponent( 812): Destruct
SprdSimpleOMXComponent, this: 0x0xebe07180
09-01 00:07:17.997 D/NVITEM ( 1031): : get wake_lock 0
09-01 00:07:17.997 D/NVITEM ( 1031): : channel_read success
09-01 00:07:17.997 D/NVITEM ( 1031): : _getPacket continue read 1044 size 1024 grp
2 sub 33
09-01 00:07:17.997 D/NVITEM ( 1031): : writeData:id=1,start=106508, bytesLen:1024
09-01 00:07:17.997 D/NVITEM ( 1031): : *****memcpy packet buf to fromChannel
09-01 00:07:17.997 D/NVITEM ( 1031): : _getPacket
09-01 00:07:17.998 D/NVITEM ( 1031): : get wake_lock 0
09-01 00:07:17.998 D/NVITEM ( 1031): : channel_read success
09-01 00:07:17.998 D/NVITEM ( 1031): : _getPacket continue read 1044 size 1024 grp
2 sub 34
09-01 00:07:17.998 D/NVITEM ( 1031): : writeData:id=1,start=107532, bytesLen:500
09-01 00:07:17.998 D/NVITEM ( 1031): : *****memcpy packet buf to fromChannel
09-01 00:07:17.998 D/NVITEM ( 1031): : writeData:id=1,start=109056, bytesLen:504
09-01 00:07:17.998 D/NVITEM ( 1031): : *****memcpy packet buf to fromChannel
09-01 00:07:17.998 D/NVITEM ( 1031): : _getPacket
09-01 00:07:17.998 D/NVITEM ( 1031): : get wake_lock 0
09-01 00:07:17.998 D/NVITEM ( 1031): : channel_read success
09-01 00:07:17.998 D/NVITEM ( 1031): : _getPacket continue read 1044 size 1024 grp
2 sub 35
09-01 00:07:17.998 D/NVITEM ( 1031): : writeData:id=1,start=109560, bytesLen:8
09-01 00:07:17.998 D/NVITEM ( 1031): : *****memcpy packet buf to fromChannel
09-01 00:07:17.999 D/NVITEM ( 1031): : writeData:id=1,start=111616, bytesLen:996
09-01 00:07:17.999 D/NVITEM ( 1031): : *****memcpy packet buf to fromChannel
09-01 00:07:17.999 D/NVITEM ( 1031): : _getPacket
09-01 00:07:17.999 E/BootAnimationLoader( 965): !@BootAnimation : Because there is
no fota resource, Proceed to the general process
09-01 00:07:17.999 D/NVITEM ( 1031): : get wake_lock 0
09-01 00:07:17.999 D/NVITEM ( 1031): : channel_read success
09-01 00:07:17.999 D/NVITEM ( 1031): : _getPacket continue read 1044 size 1024 grp
2 sub 36
09-01 00:07:17.999 D/NVITEM ( 1031): : writeData:id=1,start=112612, bytesLen:1024
09-01 00:07:17.999 D/NVITEM ( 1031): : *****memcpy packet buf to fromChannel
09-01 00:07:17.999 D/NVITEM ( 1031): : _getPacket
09-01 00:07:17.999 V/ZygoteInitThreadPool( 596): Class android.util.TimeUtils was
preloaded took to much time: 102ms
09-01 00:07:17.999 E/BootAnimationLoader( 965): !@BootAnimation : Load sequence
resource = /system/media/bootsamsung.qmg
09-01 00:07:17.999 D/NVITEM ( 1031): : get wake_lock 0
09-01 00:07:17.999 D/NVITEM ( 1031): : channel_read success
09-01 00:07:17.999 D/NVITEM ( 1031): : _getPacket continue read 1044 size 1024 grp
2 sub 37
09-01 00:07:17.999 D/NVITEM ( 1031): : writeData:id=1,start=113636, bytesLen:1024
09-01 00:07:17.999 D/NVITEM ( 1031): : *****memcpy packet buf to fromChannel
09-01 00:07:17.999 D/NVITEM ( 1031): : _getPacket
09-01 00:07:18.000 E/BootAnimationLoader( 965): !@BootAnimation : Load loop
resource = /system/media/bootsamsungloop.qmg
09-01 00:07:18.000 E/BootAnimationLoader( 965): !@BootAnimation : [Encryption
info]crypt_state = encrypted, crypt_input_window = 0, crypt_type = 0
09-01 00:07:18.000 D/NVITEM ( 1031): : get wake_lock 0
09-01 00:07:18.000 D/NVITEM ( 1031): : channel_read success
09-01 00:07:18.000 D/NVITEM ( 1031): : _getPacket continue read 1044 size 1024 grp
2 sub 38
09-01 00:07:18.000 D/NVITEM ( 1031): : writeData:id=1,start=114660, bytesLen:540
09-01 00:07:18.000 D/NVITEM ( 1031): : *****memcpy packet buf to fromChannel
09-01 00:07:18.000 D/NVITEM ( 1031): : writeData:id=1,start=116736, bytesLen:464
09-01 00:07:18.000 D/NVITEM ( 1031): : *****memcpy packet buf to fromChannel
09-01 00:07:18.000 D/NVITEM ( 1031): : _getPacket
09-01 00:07:18.000 D/NVITEM ( 1031): : get wake_lock 0
09-01 00:07:18.000 D/NVITEM ( 1031): : channel_read success
09-01 00:07:18.000 D/NVITEM ( 1031): : _getPacket continue read 1044 size 1024 grp
2 sub 39
09-01 00:07:18.000 D/NVITEM ( 1031): : writeData:id=1,start=117200, bytesLen:48
09-01 00:07:18.000 D/NVITEM ( 1031): : *****memcpy packet buf to fromChannel
09-01 00:07:18.000 D/NVITEM ( 1031): : writeData:id=1,start=119808, bytesLen:512
09-01 00:07:18.000 D/NVITEM ( 1031): : *****memcpy packet buf to fromChannel
09-01 00:07:18.000 D/NVITEM ( 1031): : writeData:id=1,start=130048, bytesLen:424
09-01 00:07:18.000 D/NVITEM ( 1031): : *****memcpy packet buf to fromChannel
09-01 00:07:18.001 D/NVITEM ( 1031): : _getPacket
09-01 00:07:18.001 D/NVITEM ( 1031): : get wake_lock 0
09-01 00:07:18.001 D/NVITEM ( 1031): : channel_read success
09-01 00:07:18.001 D/NVITEM ( 1031): : _getPacket continue read 1044 size 1024 grp
2 sub 40
09-01 00:07:18.001 D/NVITEM ( 1031): : writeData:id=1,start=130472, bytesLen:1024
09-01 00:07:18.001 D/NVITEM ( 1031): : *****memcpy packet buf to fromChannel
09-01 00:07:18.001 D/NVITEM ( 1031): : _getPacket
09-01 00:07:18.002 W/ZygoteInitThreadPool( 596): Class not found for preloading:
android.view.-$$Lambda$PYGleuqIeCxjTD1pJqqx1opFv1g
09-01 00:07:18.002 D/SecNativeFeatureCppIf( 965): encoded
09-01 00:07:18.002 W/ZygoteInitThreadPool( 596): Class not found for preloading:
android.view.-$$Lambda$SurfaceView$w68OV7dB_zKVNsA-r0IrAUtyWas
09-01 00:07:18.002 D/SecNativeFeatureCppIf( 965): decoding and unzip finish
09-01 00:07:18.002 D/SecNativeFeatureCppIf( 965): use unCompDataBuff. encoded
09-01 00:07:18.002 D/NVITEM ( 1031): : get wake_lock 0
09-01 00:07:18.002 D/NVITEM ( 1031): : channel_read success
09-01 00:07:18.002 D/NVITEM ( 1031): : _getPacket continue read 1044 size 1024 grp
2 sub 41
09-01 00:07:18.002 D/NVITEM ( 1031): : writeData:id=1,start=131496, bytesLen:1024
09-01 00:07:18.002 D/NVITEM ( 1031): : *****memcpy packet buf to fromChannel
09-01 00:07:18.002 D/NVITEM ( 1031): : _getPacket
09-01 00:07:18.003 W/ZygoteInitThreadPool( 596): Class not found for preloading:
android.view.-$$Lambda$cZhmLzK8aetUdx4VlP9w5jR7En0
09-01 00:07:18.003 D/NVITEM ( 1031): : get wake_lock 0
09-01 00:07:18.003 D/NVITEM ( 1031): : channel_read success
09-01 00:07:18.003 D/NVITEM ( 1031): : _getPacket continue read 1044 size 1024 grp
2 sub 42
09-01 00:07:18.003 D/NVITEM ( 1031): : writeData:id=1,start=132520, bytesLen:1024
09-01 00:07:18.003 D/NVITEM ( 1031): : *****memcpy packet buf to fromChannel
09-01 00:07:18.003 D/NVITEM ( 1031): : _getPacket
09-01 00:07:18.003 D/NVITEM ( 1031): : get wake_lock 0
09-01 00:07:18.003 D/NVITEM ( 1031): : channel_read success
09-01 00:07:18.003 D/NVITEM ( 1031): : _getPacket continue read 1044 size 1024 grp
2 sub 43
09-01 00:07:18.003 D/NVITEM ( 1031): : writeData:id=1,start=133544, bytesLen:1024
09-01 00:07:18.003 D/NVITEM ( 1031): : *****memcpy packet buf to fromChannel
09-01 00:07:18.003 D/NVITEM ( 1031): : _getPacket
09-01 00:07:18.004 D/NVITEM ( 1031): : get wake_lock 0
09-01 00:07:18.004 D/NVITEM ( 1031): : channel_read success
09-01 00:07:18.004 D/NVITEM ( 1031): : _getPacket continue read 1044 size 1024 grp
2 sub 44
09-01 00:07:18.004 D/NVITEM ( 1031): : writeData:id=1,start=134568, bytesLen:1024
09-01 00:07:18.004 D/NVITEM ( 1031): : *****memcpy packet buf to fromChannel
09-01 00:07:18.004 D/NVITEM ( 1031): : _getPacket
09-01 00:07:18.004 I/ACodec ( 766): [] Now uninitialized
09-01 00:07:18.005 D/NVITEM ( 1031): : get wake_lock 0
09-01 00:07:18.005 D/NVITEM ( 1031): : channel_read success
09-01 00:07:18.005 D/NVITEM ( 1031): : _getPacket continue read 1044 size 1024 grp
2 sub 45
09-01 00:07:18.005 D/NVITEM ( 1031): : writeData:id=1,start=135592, bytesLen:1024
09-01 00:07:18.005 D/NVITEM ( 1031): : *****memcpy packet buf to fromChannel
09-01 00:07:18.005 D/NVITEM ( 1031): : _getPacket
09-01 00:07:18.006 D/SecNativeFeatureCppIf( 965): Free unCompDataBuff
09-01 00:07:18.006 I/OMXClient( 766): IOmx service obtained
09-01 00:07:18.006 D/SecNativeFeatureCppIf( 965): encoded
09-01 00:07:18.006 D/SecNativeFeatureCppIf( 965): decoding and unzip finish
09-01 00:07:18.006 D/SecNativeFeatureCppIf( 965): use unCompDataBuff. encoded
09-01 00:07:18.006 I/OMXMaster( 812): makeComponentInstance(OMX.sprd.h263.decoder)
in android.hardwar process
09-01 00:07:18.006 D/NVITEM ( 1031): : get wake_lock 0
09-01 00:07:18.006 D/NVITEM ( 1031): : channel_read success
09-01 00:07:18.006 D/SecNativeFeatureCppIf( 965): Free unCompDataBuff
09-01 00:07:18.006 D/NVITEM ( 1031): : _getPacket continue read 1044 size 1024 grp
2 sub 46
09-01 00:07:18.006 D/NVITEM ( 1031): : writeData:id=1,start=136616, bytesLen:1024
09-01 00:07:18.006 D/NVITEM ( 1031): : *****memcpy packet buf to fromChannel
09-01 00:07:18.006 D/NVITEM ( 1031): : _getPacket
09-01 00:07:18.007 D/NVITEM ( 1031): : get wake_lock 0
09-01 00:07:18.007 D/NVITEM ( 1031): : channel_read success
09-01 00:07:18.007 D/NVITEM ( 1031): : _getPacket continue read 1044 size 1024 grp
2 sub 47
09-01 00:07:18.007 D/NVITEM ( 1031): : writeData:id=1,start=137640, bytesLen:1024
09-01 00:07:18.007 D/NVITEM ( 1031): : *****memcpy packet buf to fromChannel
09-01 00:07:18.007 D/NVITEM ( 1031): : _getPacket
09-01 00:07:18.007 D/NVITEM ( 1031): : get wake_lock 0
09-01 00:07:18.007 D/NVITEM ( 1031): : channel_read success
09-01 00:07:18.007 D/NVITEM ( 1031): : _getPacket continue read 1044 size 1024 grp
2 sub 48
09-01 00:07:18.007 D/NVITEM ( 1031): : writeData:id=1,start=138664, bytesLen:1024
09-01 00:07:18.007 D/NVITEM ( 1031): : *****memcpy packet buf to fromChannel
09-01 00:07:18.007 D/NVITEM ( 1031): : _getPacket
09-01 00:07:18.008 D/NVITEM ( 1031): : get wake_lock 0
09-01 00:07:18.008 D/NVITEM ( 1031): : channel_read success
09-01 00:07:18.008 D/NVITEM ( 1031): : _getPacket continue read 1044 size 1024 grp
2 sub 49
09-01 00:07:18.008 D/NVITEM ( 1031): : writeData:id=1,start=139688, bytesLen:1024
09-01 00:07:18.008 D/NVITEM ( 1031): : *****memcpy packet buf to fromChannel
09-01 00:07:18.008 D/NVITEM ( 1031): : _getPacket
09-01 00:07:18.008 D/NVITEM ( 1031): : get wake_lock 0
09-01 00:07:18.008 D/NVITEM ( 1031): : channel_read success
09-01 00:07:18.008 D/NVITEM ( 1031): : _getPacket continue read 1044 size 1024 grp
2 sub 50
09-01 00:07:18.008 D/NVITEM ( 1031): : writeData:id=1,start=140712, bytesLen:1024
09-01 00:07:18.008 D/NVITEM ( 1031): : *****memcpy packet buf to fromChannel
09-01 00:07:18.008 D/NVITEM ( 1031): : _getPacket
09-01 00:07:18.009 I/BootAnimationLoader( 965): !@BootAnimation : activeId is 0 <
0
09-01 00:07:18.009 I/SprdSimpleOMXComponent( 812): Construct
SprdSimpleOMXComponent(0xeb080e90)
09-01 00:07:18.009 I/SPRDMPEG4Decoder( 812): Construct SPRDMPEG4Decoder, this:
0x0xeb080e90
09-01 00:07:18.009 I/SPRDMPEG4Decoder( 812): openDecoder, lib:
libomx_m4vh263dec_hw_sprd.so
09-01 00:07:18.009 D/NVITEM ( 1031): : get wake_lock 0
09-01 00:07:18.009 D/NVITEM ( 1031): : channel_read success
09-01 00:07:18.009 D/NVITEM ( 1031): : _getPacket continue read 1044 size 1024 grp
2 sub 51
09-01 00:07:18.009 D/NVITEM ( 1031): : writeData:id=1,start=141736, bytesLen:1024
09-01 00:07:18.009 D/NVITEM ( 1031): : *****memcpy packet buf to fromChannel
09-01 00:07:18.009 D/NVITEM ( 1031): : _getPacket
09-01 00:07:18.010 D/NVITEM ( 1031): : get wake_lock 0
09-01 00:07:18.010 D/NVITEM ( 1031): : channel_read success
09-01 00:07:18.010 D/NVITEM ( 1031): : _getPacket continue read 1044 size 1024 grp
2 sub 52
09-01 00:07:18.010 D/NVITEM ( 1031): : writeData:id=1,start=142760, bytesLen:1024
09-01 00:07:18.010 D/NVITEM ( 1031): : *****memcpy packet buf to fromChannel
09-01 00:07:18.010 D/NVITEM ( 1031): : _getPacket
09-01 00:07:18.010 I/BootAnimationLoader( 965): !@BootAnimation : main resolution
w = 720, h = 1600
09-01 00:07:18.010 I/BootAnimationLoader( 965): !@BootAnimation : createSurface
RGB565
09-01 00:07:18.010 D/NVITEM ( 1031): : get wake_lock 0
09-01 00:07:18.010 D/NVITEM ( 1031): : channel_read success
09-01 00:07:18.010 D/NVITEM ( 1031): : _getPacket continue read 1044 size 1024 grp
2 sub 53
09-01 00:07:18.010 D/NVITEM ( 1031): : writeData:id=1,start=143784, bytesLen:1024
09-01 00:07:18.010 D/NVITEM ( 1031): : *****memcpy packet buf to fromChannel
09-01 00:07:18.010 D/NVITEM ( 1031): : _getPacket
09-01 00:07:18.010 I/SurfaceFlinger( 663): id=1 createSurf (720x1600),4 flag=0,
samsungani565#0
09-01 00:07:18.011 D/NVITEM ( 1031): : get wake_lock 0
09-01 00:07:18.011 D/NVITEM ( 1031): : channel_read success
09-01 00:07:18.011 D/NVITEM ( 1031): : _getPacket continue read 1044 size 1024 grp
2 sub 54
09-01 00:07:18.011 D/NVITEM ( 1031): : writeData:id=1,start=144808, bytesLen:1024
09-01 00:07:18.011 D/NVITEM ( 1031): : *****memcpy packet buf to fromChannel
09-01 00:07:18.011 D/NVITEM ( 1031): : _getPacket
09-01 00:07:18.011 D/NVITEM ( 1031): : get wake_lock 0
09-01 00:07:18.011 D/NVITEM ( 1031): : channel_read success
09-01 00:07:18.011 D/NVITEM ( 1031): : _getPacket continue read 1044 size 1024 grp
2 sub 55
09-01 00:07:18.011 D/NVITEM ( 1031): : writeData:id=1,start=145832, bytesLen:1024
09-01 00:07:18.011 D/NVITEM ( 1031): : *****memcpy packet buf to fromChannel
09-01 00:07:18.011 D/NVITEM ( 1031): : _getPacket
09-01 00:07:18.012 D/NVITEM ( 1031): : get wake_lock 0
09-01 00:07:18.012 D/NVITEM ( 1031): : channel_read success
09-01 00:07:18.012 D/NVITEM ( 1031): : _getPacket continue read 1044 size 1024 grp
2 sub 56
09-01 00:07:18.012 D/NVITEM ( 1031): : writeData:id=1,start=146856, bytesLen:1024
09-01 00:07:18.012 D/NVITEM ( 1031): : *****memcpy packet buf to fromChannel
09-01 00:07:18.012 D/NVITEM ( 1031): : _getPacket
09-01 00:07:18.012 D/NVITEM ( 1031): : get wake_lock 0
09-01 00:07:18.012 D/NVITEM ( 1031): : channel_read success
09-01 00:07:18.012 D/NVITEM ( 1031): : _getPacket continue read 1044 size 1024 grp
2 sub 57
09-01 00:07:18.012 D/NVITEM ( 1031): : writeData:id=1,start=147880, bytesLen:1024
09-01 00:07:18.012 D/NVITEM ( 1031): : *****memcpy packet buf to fromChannel
09-01 00:07:18.012 D/NVITEM ( 1031): : _getPacket
09-01 00:07:18.013 D/NVITEM ( 1031): : get wake_lock 0
09-01 00:07:18.013 D/NVITEM ( 1031): : channel_read success
09-01 00:07:18.013 D/NVITEM ( 1031): : _getPacket continue read 1044 size 1024 grp
2 sub 58
09-01 00:07:18.013 D/NVITEM ( 1031): : writeData:id=1,start=148904, bytesLen:1024
09-01 00:07:18.013 D/NVITEM ( 1031): : *****memcpy packet buf to fromChannel
09-01 00:07:18.013 D/NVITEM ( 1031): : _getPacket
09-01 00:07:18.013 I/VSP ( 812): libomx_m4vh263dec_hw_sprd.so is built on Thu
Aug 11 12:57:13 KST 2022, Copyright (C) Spreadtrum, Inc.
09-01 00:07:18.013 D/NVITEM ( 1031): : get wake_lock 0
09-01 00:07:18.013 D/NVITEM ( 1031): : channel_read success
09-01 00:07:18.013 D/NVITEM ( 1031): : _getPacket continue read 1044 size 1024 grp
2 sub 59
09-01 00:07:18.013 D/NVITEM ( 1031): : writeData:id=1,start=149928, bytesLen:1024
09-01 00:07:18.013 D/NVITEM ( 1031): : *****memcpy packet buf to fromChannel
09-01 00:07:18.013 D/NVITEM ( 1031): : _getPacket
09-01 00:07:18.014 D/NVITEM ( 1031): : get wake_lock 0
09-01 00:07:18.014 D/NVITEM ( 1031): : channel_read success
09-01 00:07:18.014 D/NVITEM ( 1031): : _getPacket continue read 1044 size 1024 grp
2 sub 60
09-01 00:07:18.014 D/NVITEM ( 1031): : writeData:id=1,start=150952, bytesLen:1024
09-01 00:07:18.014 D/NVITEM ( 1031): : *****memcpy packet buf to fromChannel
09-01 00:07:18.014 D/NVITEM ( 1031): : _getPacket
09-01 00:07:18.014 D/NVITEM ( 1031): : get wake_lock 0
09-01 00:07:18.014 D/NVITEM ( 1031): : channel_read success
09-01 00:07:18.014 D/NVITEM ( 1031): : _getPacket continue read 1044 size 1024 grp
2 sub 61
09-01 00:07:18.014 D/NVITEM ( 1031): : writeData:id=1,start=151976, bytesLen:1024
09-01 00:07:18.014 D/NVITEM ( 1031): : *****memcpy packet buf to fromChannel
09-01 00:07:18.015 D/NVITEM ( 1031): : _getPacket
09-01 00:07:18.015 D/NVITEM ( 1031): : get wake_lock 0
09-01 00:07:18.015 D/NVITEM ( 1031): : channel_read success
09-01 00:07:18.015 D/NVITEM ( 1031): : _getPacket continue read 1044 size 1024 grp
2 sub 62
09-01 00:07:18.015 D/NVITEM ( 1031): : writeData:id=1,start=153000, bytesLen:1024
09-01 00:07:18.015 D/NVITEM ( 1031): : *****memcpy packet buf to fromChannel
09-01 00:07:18.015 D/NVITEM ( 1031): : _getPacket
09-01 00:07:18.015 I/SPRDMPEG4Decoder( 812): Get IOMMU Status: 0(Success)
09-01 00:07:18.016 D/NVITEM ( 1031): : get wake_lock 0
09-01 00:07:18.016 D/NVITEM ( 1031): : channel_read success
09-01 00:07:18.016 D/NVITEM ( 1031): : _getPacket continue read 1044 size 1024 grp
2 sub 63
09-01 00:07:18.016 D/NVITEM ( 1031): : writeData:id=1,start=154024, bytesLen:1024
09-01 00:07:18.016 D/NVITEM ( 1031): : *****memcpy packet buf to fromChannel
09-01 00:07:18.016 D/NVITEM ( 1031): : _getPacket
09-01 00:07:18.016 I/SPRDMPEG4Decoder( 812): pmem 0x20000000 - 0x0xe935d000 -
1536000
09-01 00:07:18.016 I/SPRDMPEG4Decoder( 812): SPRDMPEG4Decoder, mDumpYUVEnabled: 0,
mDumpStrmEnabled: 0
09-01 00:07:18.016 I/SPRD_OMX_CORE( 812): Created OMXPlugin :
OMX.sprd.h263.decoder
09-01 00:07:18.016 D/NVITEM ( 1031): : get wake_lock 0
09-01 00:07:18.016 D/NVITEM ( 1031): : channel_read success
09-01 00:07:18.016 D/NVITEM ( 1031): : _getPacket continue read 1044 size 1024 grp
2 sub 64
09-01 00:07:18.016 D/NVITEM ( 1031): : writeData:id=1,start=155048, bytesLen:1024
09-01 00:07:18.016 D/NVITEM ( 1031): : *****memcpy packet buf to fromChannel
09-01 00:07:18.016 D/NVITEM ( 1031): : _getPacket
09-01 00:07:18.017 D/NVITEM ( 1031): : get wake_lock 0
09-01 00:07:18.017 D/NVITEM ( 1031): : channel_read success
09-01 00:07:18.017 D/NVITEM ( 1031): : _getPacket continue read 1044 size 1024 grp
2 sub 65
09-01 00:07:18.017 D/NVITEM ( 1031): : writeData:id=1,start=156072, bytesLen:1024
09-01 00:07:18.017 D/NVITEM ( 1031): : *****memcpy packet buf to fromChannel
09-01 00:07:18.017 D/NVITEM ( 1031): : _getPacket
09-01 00:07:18.017 D/NVITEM ( 1031): : get wake_lock 0
09-01 00:07:18.017 D/NVITEM ( 1031): : channel_read success
09-01 00:07:18.017 D/NVITEM ( 1031): : _getPacket continue read 1044 size 1024 grp
2 sub 66
09-01 00:07:18.017 D/NVITEM ( 1031): : writeData:id=1,start=157096, bytesLen:1024
09-01 00:07:18.017 D/NVITEM ( 1031): : *****memcpy packet buf to fromChannel
09-01 00:07:18.017 D/NVITEM ( 1031): : _getPacket
09-01 00:07:18.017 D/ip_monitor-793( 1044): 23: epdg1:
<POINTOPOINT,MULTICAST,NOARP> mtu 1500 qdisc noop state DOWN group default
09-01 00:07:18.018 D/NVITEM ( 1031): : get wake_lock 0
09-01 00:07:18.018 D/NVITEM ( 1031): : channel_read success
09-01 00:07:18.018 D/NVITEM ( 1031): : _getPacket continue read 1044 size 1024 grp
2 sub 67
09-01 00:07:18.018 D/NVITEM ( 1031): : writeData:id=1,start=158120, bytesLen:1024
09-01 00:07:18.018 D/NVITEM ( 1031): : *****memcpy packet buf to fromChannel
09-01 00:07:18.018 D/NVITEM ( 1031): : _getPacket
09-01 00:07:18.018 D/NVITEM ( 1031): : get wake_lock 0
09-01 00:07:18.018 D/NVITEM ( 1031): : channel_read success
09-01 00:07:18.018 D/NVITEM ( 1031): : _getPacket continue read 1044 size 1024 grp
2 sub 68
09-01 00:07:18.018 D/NVITEM ( 1031): : writeData:id=1,start=159144, bytesLen:1024
09-01 00:07:18.018 D/NVITEM ( 1031): : *****memcpy packet buf to fromChannel
09-01 00:07:18.018 D/NVITEM ( 1031): : _getPacket
09-01 00:07:18.019 D/NVITEM ( 1031): : get wake_lock 0
09-01 00:07:18.019 D/NVITEM ( 1031): : channel_read success
09-01 00:07:18.019 D/NVITEM ( 1031): : _getPacket continue read 1044 size 1024 grp
2 sub 69
09-01 00:07:18.019 D/NVITEM ( 1031): : writeData:id=1,start=160168, bytesLen:1024
09-01 00:07:18.019 D/NVITEM ( 1031): : *****memcpy packet buf to fromChannel
09-01 00:07:18.019 D/NVITEM ( 1031): : _getPacket
09-01 00:07:18.019 D/NVITEM ( 1031): : get wake_lock 0
09-01 00:07:18.019 D/NVITEM ( 1031): : channel_read success
09-01 00:07:18.019 D/NVITEM ( 1031): : _getPacket continue read 1044 size 1024 grp
2 sub 70
09-01 00:07:18.019 D/NVITEM ( 1031): : writeData:id=1,start=161192, bytesLen:1024
09-01 00:07:18.019 D/NVITEM ( 1031): : *****memcpy packet buf to fromChannel
09-01 00:07:18.019 D/NVITEM ( 1031): : _getPacket
09-01 00:07:18.020 D/NVITEM ( 1031): : get wake_lock 0
09-01 00:07:18.020 D/NVITEM ( 1031): : channel_read success
09-01 00:07:18.020 D/NVITEM ( 1031): : _getPacket continue read 1044 size 1024 grp
2 sub 71
09-01 00:07:18.020 D/NVITEM ( 1031): : writeData:id=1,start=162216, bytesLen:1024
09-01 00:07:18.020 D/NVITEM ( 1031): : *****memcpy packet buf to fromChannel
09-01 00:07:18.020 D/NVITEM ( 1031): : _getPacket
09-01 00:07:18.020 D/NVITEM ( 1031): : get wake_lock 0
09-01 00:07:18.020 D/NVITEM ( 1031): : channel_read success
09-01 00:07:18.020 D/NVITEM ( 1031): : _getPacket continue read 1044 size 1024 grp
2 sub 72
09-01 00:07:18.020 D/NVITEM ( 1031): : writeData:id=1,start=163240, bytesLen:1024
09-01 00:07:18.020 D/NVITEM ( 1031): : *****memcpy packet buf to fromChannel
09-01 00:07:18.020 D/NVITEM ( 1031): : _getPacket
09-01 00:07:18.021 D/NVITEM ( 1031): : get wake_lock 0
09-01 00:07:18.021 D/NVITEM ( 1031): : channel_read success
09-01 00:07:18.021 D/NVITEM ( 1031): : _getPacket continue read 1044 size 1024 grp
2 sub 73
09-01 00:07:18.021 D/NVITEM ( 1031): : writeData:id=1,start=164264, bytesLen:1024
09-01 00:07:18.021 D/NVITEM ( 1031): : *****memcpy packet buf to fromChannel
09-01 00:07:18.021 D/NVITEM ( 1031): : _getPacket
09-01 00:07:18.021 D/NVITEM ( 1031): : get wake_lock 0
09-01 00:07:18.021 D/NVITEM ( 1031): : channel_read success
09-01 00:07:18.021 D/NVITEM ( 1031): : _getPacket continue read 1044 size 1024 grp
2 sub 74
09-01 00:07:18.021 D/NVITEM ( 1031): : writeData:id=1,start=165288, bytesLen:1024
09-01 00:07:18.021 D/NVITEM ( 1031): : *****memcpy packet buf to fromChannel
09-01 00:07:18.021 D/NVITEM ( 1031): : _getPacket
09-01 00:07:18.022 D/NVITEM ( 1031): : get wake_lock 0
09-01 00:07:18.022 D/NVITEM ( 1031): : channel_read success
09-01 00:07:18.022 D/NVITEM ( 1031): : _getPacket continue read 1044 size 1024 grp
2 sub 75
09-01 00:07:18.022 D/NVITEM ( 1031): : writeData:id=1,start=166312, bytesLen:1024
09-01 00:07:18.022 D/NVITEM ( 1031): : *****memcpy packet buf to fromChannel
09-01 00:07:18.022 V/SamsungPowerSound( 968): [Exit] SamsungPowerSoundObserver
threadFunc
09-01 00:07:18.022 D/NVITEM ( 1031): : _getPacket
09-01 00:07:18.022 V/SamsungPowerSound( 968): -------- SamsungPowerSoundObserver
Destructor ---------
09-01 00:07:18.022 V/SamsungPowerSound( 968): -------- SamsungPowerSoundPlayer
Destructor ---------
09-01 00:07:18.022 D/NVITEM ( 1031): : get wake_lock 0
09-01 00:07:18.023 D/NVITEM ( 1031): : channel_read success
09-01 00:07:18.023 D/NVITEM ( 1031): : _getPacket continue read 1044 size 1024 grp
2 sub 76
09-01 00:07:18.023 I/BpBinder( 968): onLastStrongRef automatically unlinking death
recipients: <uncached descriptor>
09-01 00:07:18.023 I/BpBinder( 968): onLastStrongRef automatically unlinking death
recipients: <uncached descriptor>
09-01 00:07:18.026 I/BootAnimationLoader( 965): !@BootAnimation : activeId is 0 <
0
09-01 00:07:18.027 I/BootAnimationLoader( 965): !@BootAnimation : main resolution
w = 720, h = 1600
09-01 00:07:18.027 I/BootAnimationLoader( 965): !@BootAnimation :
BootAnimData_STATUS = 0x3
09-01 00:07:18.029 D/NVITEM ( 1031): : writeData:id=1,start=167336, bytesLen:1024
09-01 00:07:18.029 D/NVITEM ( 1031): : *****memcpy packet buf to fromChannel
09-01 00:07:18.029 D/NVITEM ( 1031): : _getPacket
09-01 00:07:18.029 E/BootAnimation( 965): /sys/class/sec/led/led_pattern: open
error, fd = -1
09-01 00:07:18.029 E/BootAnimationLoader( 965): !@BootAnimation : draw Start
09-01 00:07:18.029 D/NVITEM ( 1031): : get wake_lock 0
09-01 00:07:18.029 D/NVITEM ( 1031): : channel_read success
09-01 00:07:18.029 D/NVITEM ( 1031): : _getPacket continue read 1044 size 1024 grp
2 sub 77
09-01 00:07:18.029 I/BootAnimationLoader( 965): !@BootAnimation : Number of frames
drawn 1
09-01 00:07:18.029 D/NVITEM ( 1031): : writeData:id=1,start=168360, bytesLen:1024
09-01 00:07:18.029 D/NVITEM ( 1031): : *****memcpy packet buf to fromChannel
09-01 00:07:18.029 D/NVITEM ( 1031): : _getPacket
09-01 00:07:18.030 D/NVITEM ( 1031): : get wake_lock 0
09-01 00:07:18.030 D/NVITEM ( 1031): : channel_read success
09-01 00:07:18.030 D/NVITEM ( 1031): : _getPacket continue read 1044 size 1024 grp
2 sub 78
09-01 00:07:18.030 D/NVITEM ( 1031): : writeData:id=1,start=169384, bytesLen:1024
09-01 00:07:18.030 D/NVITEM ( 1031): : *****memcpy packet buf to fromChannel
09-01 00:07:18.030 D/NVITEM ( 1031): : _getPacket
09-01 00:07:18.030 D/NVITEM ( 1031): : get wake_lock 0
09-01 00:07:18.030 D/NVITEM ( 1031): : channel_read success
09-01 00:07:18.030 D/NVITEM ( 1031): : _getPacket continue read 1044 size 1024 grp
2 sub 79
09-01 00:07:18.030 D/NVITEM ( 1031): : writeData:id=1,start=170408, bytesLen:1024
09-01 00:07:18.030 D/NVITEM ( 1031): : *****memcpy packet buf to fromChannel
09-01 00:07:18.030 D/NVITEM ( 1031): : _getPacket
09-01 00:07:18.031 D/NVITEM ( 1031): : get wake_lock 0
09-01 00:07:18.031 D/NVITEM ( 1031): : channel_read success
09-01 00:07:18.031 D/NVITEM ( 1031): : _getPacket continue read 1044 size 1024 grp
2 sub 80
09-01 00:07:18.031 D/NVITEM ( 1031): : writeData:id=1,start=171432, bytesLen:1024
09-01 00:07:18.031 D/NVITEM ( 1031): : *****memcpy packet buf to fromChannel
09-01 00:07:18.031 D/NVITEM ( 1031): : _getPacket
09-01 00:07:18.032 D/NVITEM ( 1031): : get wake_lock 0
09-01 00:07:18.032 D/NVITEM ( 1031): : channel_read success
09-01 00:07:18.032 D/NVITEM ( 1031): : _getPacket continue read 1044 size 1024 grp
2 sub 81
09-01 00:07:18.032 D/NVITEM ( 1031): : writeData:id=1,start=172456, bytesLen:1024
09-01 00:07:18.032 D/NVITEM ( 1031): : *****memcpy packet buf to fromChannel
09-01 00:07:18.032 D/NVITEM ( 1031): : _getPacket
09-01 00:07:18.032 D/NVITEM ( 1031): : get wake_lock 0
09-01 00:07:18.032 D/NVITEM ( 1031): : channel_read success
09-01 00:07:18.032 D/NVITEM ( 1031): : _getPacket continue read 1044 size 1024 grp
2 sub 82
09-01 00:07:18.032 D/NVITEM ( 1031): : writeData:id=1,start=173480, bytesLen:1024
09-01 00:07:18.032 D/NVITEM ( 1031): : *****memcpy packet buf to fromChannel
09-01 00:07:18.032 D/NVITEM ( 1031): : _getPacket
09-01 00:07:18.032 I/SprdVideoDecoderOMXComponent( 812): internalGetParameter,
OMX_IndexParamVideoPortFormat, eColorFormat: 0x15
09-01 00:07:18.032 I/SprdVideoDecoderOMXComponent( 812): getExtensionIndex, name:
OMX.google.android.index.describeColorFormat
09-01 00:07:18.033 I/SprdVideoDecoderOMXComponent( 812): getExtensionIndex, name:
OMX.google.android.index.describeColorFormat2
09-01 00:07:18.033 D/NVITEM ( 1031): : get wake_lock 0
09-01 00:07:18.033 D/NVITEM ( 1031): : channel_read success
09-01 00:07:18.033 D/NVITEM ( 1031): : _getPacket continue read 1044 size 1024 grp
2 sub 83
09-01 00:07:18.033 D/NVITEM ( 1031): : writeData:id=1,start=174504, bytesLen:1024
