09-01 00:07:18.481 D/NVITEM ( 1031): : _getPacket
09-01 00:07:18.481 D/NVITEM ( 1031): : get wake_lock 0
09-01 00:07:18.481 D/NVITEM ( 1031): : channel_read success
09-01 00:07:18.481 D/NVITEM ( 1031): : _getPacket continue read 1044 size 1024 grp
2 sub 793
09-01 00:07:18.481 D/NVITEM ( 1031): : writeData:id=1,start=901544, bytesLen:1024
09-01 00:07:18.481 D/NVITEM ( 1031): : *****memcpy packet buf to fromChannel
09-01 00:07:18.481 D/NVITEM ( 1031): : _getPacket
09-01 00:07:18.481 D/NVITEM ( 1031): : get wake_lock 0
09-01 00:07:18.482 D/NVITEM ( 1031): : channel_read success
09-01 00:07:18.482 D/NVITEM ( 1031): : _getPacket continue read 1044 size 1024 grp
2 sub 794
09-01 00:07:18.482 D/NVITEM ( 1031): : writeData:id=1,start=902568, bytesLen:1024
09-01 00:07:18.482 D/NVITEM ( 1031): : *****memcpy packet buf to fromChannel
09-01 00:07:18.482 D/NVITEM ( 1031): : _getPacket
09-01 00:07:18.482 D/NVITEM ( 1031): : get wake_lock 0
09-01 00:07:18.482 D/NVITEM ( 1031): : channel_read success
09-01 00:07:18.482 D/NVITEM ( 1031): : _getPacket continue read 1044 size 1024 grp
2 sub 795
09-01 00:07:18.482 D/NVITEM ( 1031): : writeData:id=1,start=903592, bytesLen:1024
09-01 00:07:18.482 D/NVITEM ( 1031): : *****memcpy packet buf to fromChannel
09-01 00:07:18.482 D/NVITEM ( 1031): : _getPacket
09-01 00:07:18.483 D/NVITEM ( 1031): : get wake_lock 0
09-01 00:07:18.483 D/NVITEM ( 1031): : channel_read success
09-01 00:07:18.483 D/NVITEM ( 1031): : _getPacket continue read 1044 size 1024 grp
2 sub 796
09-01 00:07:18.483 D/NVITEM ( 1031): : writeData:id=1,start=904616, bytesLen:1024
09-01 00:07:18.483 D/NVITEM ( 1031): : *****memcpy packet buf to fromChannel
09-01 00:07:18.483 D/NVITEM ( 1031): : _getPacket
09-01 00:07:18.483 D/NVITEM ( 1031): : get wake_lock 0
09-01 00:07:18.483 D/NVITEM ( 1031): : channel_read success
09-01 00:07:18.483 D/NVITEM ( 1031): : _getPacket continue read 1044 size 1024 grp
2 sub 797
09-01 00:07:18.483 D/NVITEM ( 1031): : writeData:id=1,start=905640, bytesLen:1024
09-01 00:07:18.483 D/NVITEM ( 1031): : *****memcpy packet buf to fromChannel
09-01 00:07:18.483 D/NVITEM ( 1031): : _getPacket
09-01 00:07:18.484 D/NVITEM ( 1031): : get wake_lock 0
09-01 00:07:18.484 D/NVITEM ( 1031): : channel_read success
09-01 00:07:18.484 D/NVITEM ( 1031): : _getPacket continue read 1044 size 1024 grp
2 sub 798
09-01 00:07:18.484 D/NVITEM ( 1031): : writeData:id=1,start=906664, bytesLen:1024
09-01 00:07:18.484 D/NVITEM ( 1031): : *****memcpy packet buf to fromChannel
09-01 00:07:18.484 D/NVITEM ( 1031): : _getPacket
09-01 00:07:18.484 D/NVITEM ( 1031): : get wake_lock 0
09-01 00:07:18.484 D/NVITEM ( 1031): : channel_read success
09-01 00:07:18.484 D/NVITEM ( 1031): : _getPacket continue read 1044 size 1024 grp
2 sub 799
09-01 00:07:18.484 D/NVITEM ( 1031): : writeData:id=1,start=907688, bytesLen:1024
09-01 00:07:18.484 D/NVITEM ( 1031): : *****memcpy packet buf to fromChannel
09-01 00:07:18.484 D/NVITEM ( 1031): : _getPacket
09-01 00:07:18.485 D/NVITEM ( 1031): : get wake_lock 0
09-01 00:07:18.485 D/NVITEM ( 1031): : channel_read success
09-01 00:07:18.485 D/NVITEM ( 1031): : _getPacket continue read 1044 size 1024 grp
2 sub 800
09-01 00:07:18.485 D/NVITEM ( 1031): : writeData:id=1,start=908712, bytesLen:1024
09-01 00:07:18.485 D/NVITEM ( 1031): : *****memcpy packet buf to fromChannel
09-01 00:07:18.485 D/NVITEM ( 1031): : _getPacket
09-01 00:07:18.485 D/NVITEM ( 1031): : get wake_lock 0
09-01 00:07:18.485 D/NVITEM ( 1031): : channel_read success
09-01 00:07:18.485 D/NVITEM ( 1031): : _getPacket continue read 1044 size 1024 grp
2 sub 801
09-01 00:07:18.485 D/NVITEM ( 1031): : writeData:id=1,start=909736, bytesLen:1024
09-01 00:07:18.485 D/NVITEM ( 1031): : *****memcpy packet buf to fromChannel
09-01 00:07:18.485 D/NVITEM ( 1031): : _getPacket
09-01 00:07:18.486 D/NVITEM ( 1031): : get wake_lock 0
09-01 00:07:18.486 D/NVITEM ( 1031): : channel_read success
09-01 00:07:18.486 D/NVITEM ( 1031): : _getPacket continue read 1044 size 1024 grp
2 sub 802
09-01 00:07:18.486 D/NVITEM ( 1031): : writeData:id=1,start=910760, bytesLen:1024
09-01 00:07:18.486 D/NVITEM ( 1031): : *****memcpy packet buf to fromChannel
09-01 00:07:18.486 D/NVITEM ( 1031): : _getPacket
09-01 00:07:18.486 D/NVITEM ( 1031): : get wake_lock 0
09-01 00:07:18.486 D/NVITEM ( 1031): : channel_read success
09-01 00:07:18.486 D/NVITEM ( 1031): : _getPacket continue read 1044 size 1024 grp
2 sub 803
09-01 00:07:18.486 D/NVITEM ( 1031): : writeData:id=1,start=911784, bytesLen:1024
09-01 00:07:18.486 D/NVITEM ( 1031): : *****memcpy packet buf to fromChannel
09-01 00:07:18.486 V/C2Store ( 833): in ~ComponentModule
09-01 00:07:18.487 V/C2Store ( 833): unloading dll
09-01 00:07:18.487 D/NVITEM ( 1031): : _getPacket
09-01 00:07:18.487 V/C2Store ( 833): in init
09-01 00:07:18.487 V/C2Store ( 833): loading dll
09-01 00:07:18.487 D/NVITEM ( 1031): : get wake_lock 0
09-01 00:07:18.487 D/NVITEM ( 1031): : channel_read success
09-01 00:07:18.487 D/NVITEM ( 1031): : _getPacket continue read 1044 size 1024 grp
2 sub 804
09-01 00:07:18.487 D/NVITEM ( 1031): : writeData:id=1,start=912808, bytesLen:1024
09-01 00:07:18.487 D/NVITEM ( 1031): : *****memcpy packet buf to fromChannel
09-01 00:07:18.487 D/NVITEM ( 1031): : _getPacket
09-01 00:07:18.488 D/NVITEM ( 1031): : get wake_lock 0
09-01 00:07:18.488 D/NVITEM ( 1031): : channel_read success
09-01 00:07:18.488 D/NVITEM ( 1031): : _getPacket continue read 1044 size 1024 grp
2 sub 805
09-01 00:07:18.488 D/NVITEM ( 1031): : writeData:id=1,start=913832, bytesLen:1024
09-01 00:07:18.488 D/NVITEM ( 1031): : *****memcpy packet buf to fromChannel
09-01 00:07:18.488 D/NVITEM ( 1031): : _getPacket
09-01 00:07:18.488 D/NVITEM ( 1031): : get wake_lock 0
09-01 00:07:18.488 D/NVITEM ( 1031): : channel_read success
09-01 00:07:18.488 D/NVITEM ( 1031): : _getPacket continue read 1044 size 1024 grp
2 sub 806
09-01 00:07:18.488 D/NVITEM ( 1031): : writeData:id=1,start=914856, bytesLen:1024
09-01 00:07:18.488 D/NVITEM ( 1031): : *****memcpy packet buf to fromChannel
09-01 00:07:18.488 D/NVITEM ( 1031): : _getPacket
09-01 00:07:18.489 D/NVITEM ( 1031): : get wake_lock 0
09-01 00:07:18.489 D/NVITEM ( 1031): : channel_read success
09-01 00:07:18.489 D/NVITEM ( 1031): : _getPacket continue read 1044 size 1024 grp
2 sub 807
09-01 00:07:18.489 D/NVITEM ( 1031): : writeData:id=1,start=915880, bytesLen:1024
09-01 00:07:18.489 D/NVITEM ( 1031): : *****memcpy packet buf to fromChannel
09-01 00:07:18.489 D/NVITEM ( 1031): : _getPacket
09-01 00:07:18.489 D/NVITEM ( 1031): : get wake_lock 0
09-01 00:07:18.489 D/NVITEM ( 1031): : channel_read success
09-01 00:07:18.489 D/NVITEM ( 1031): : _getPacket continue read 1044 size 1024 grp
2 sub 808
09-01 00:07:18.489 D/NVITEM ( 1031): : writeData:id=1,start=916904, bytesLen:1024
09-01 00:07:18.489 D/NVITEM ( 1031): : *****memcpy packet buf to fromChannel
09-01 00:07:18.489 D/NVITEM ( 1031): : _getPacket
09-01 00:07:18.490 D/NVITEM ( 1031): : get wake_lock 0
09-01 00:07:18.490 D/NVITEM ( 1031): : channel_read success
09-01 00:07:18.490 D/NVITEM ( 1031): : _getPacket continue read 1044 size 1024 grp
2 sub 809
09-01 00:07:18.490 D/NVITEM ( 1031): : writeData:id=1,start=917928, bytesLen:1024
09-01 00:07:18.490 D/NVITEM ( 1031): : *****memcpy packet buf to fromChannel
09-01 00:07:18.490 D/NVITEM ( 1031): : _getPacket
09-01 00:07:18.490 D/NVITEM ( 1031): : get wake_lock 0
09-01 00:07:18.490 D/NVITEM ( 1031): : channel_read success
09-01 00:07:18.490 D/NVITEM ( 1031): : _getPacket continue read 1044 size 1024 grp
2 sub 810
09-01 00:07:18.490 D/NVITEM ( 1031): : writeData:id=1,start=918952, bytesLen:1024
09-01 00:07:18.490 D/NVITEM ( 1031): : *****memcpy packet buf to fromChannel
09-01 00:07:18.490 D/NVITEM ( 1031): : _getPacket
09-01 00:07:18.491 D/NVITEM ( 1031): : get wake_lock 0
09-01 00:07:18.491 D/NVITEM ( 1031): : channel_read success
09-01 00:07:18.491 D/NVITEM ( 1031): : _getPacket continue read 1044 size 1024 grp
2 sub 811
09-01 00:07:18.491 D/NVITEM ( 1031): : writeData:id=1,start=919976, bytesLen:1024
09-01 00:07:18.491 D/NVITEM ( 1031): : *****memcpy packet buf to fromChannel
09-01 00:07:18.491 D/NVITEM ( 1031): : _getPacket
09-01 00:07:18.491 D/NVITEM ( 1031): : get wake_lock 0
09-01 00:07:18.491 D/NVITEM ( 1031): : channel_read success
09-01 00:07:18.491 D/NVITEM ( 1031): : _getPacket continue read 1044 size 1024 grp
2 sub 812
09-01 00:07:18.491 D/NVITEM ( 1031): : writeData:id=1,start=921000, bytesLen:1024
09-01 00:07:18.491 D/NVITEM ( 1031): : *****memcpy packet buf to fromChannel
09-01 00:07:18.491 D/NVITEM ( 1031): : _getPacket
09-01 00:07:18.492 D/NVITEM ( 1031): : get wake_lock 0
09-01 00:07:18.492 D/NVITEM ( 1031): : channel_read success
09-01 00:07:18.492 D/NVITEM ( 1031): : _getPacket continue read 1044 size 1024 grp
2 sub 813
09-01 00:07:18.492 D/NVITEM ( 1031): : writeData:id=1,start=922024, bytesLen:1024
09-01 00:07:18.492 D/NVITEM ( 1031): : *****memcpy packet buf to fromChannel
09-01 00:07:18.492 D/NVITEM ( 1031): : _getPacket
09-01 00:07:18.492 D/NVITEM ( 1031): : get wake_lock 0
09-01 00:07:18.492 D/NVITEM ( 1031): : channel_read success
09-01 00:07:18.492 D/NVITEM ( 1031): : _getPacket continue read 1044 size 1024 grp
2 sub 814
09-01 00:07:18.492 D/NVITEM ( 1031): : writeData:id=1,start=923048, bytesLen:1024
09-01 00:07:18.492 D/NVITEM ( 1031): : *****memcpy packet buf to fromChannel
09-01 00:07:18.493 D/NVITEM ( 1031): : _getPacket
09-01 00:07:18.493 D/NVITEM ( 1031): : get wake_lock 0
09-01 00:07:18.493 D/NVITEM ( 1031): : channel_read success
09-01 00:07:18.493 D/NVITEM ( 1031): : _getPacket continue read 1044 size 1024 grp
2 sub 815
09-01 00:07:18.493 D/NVITEM ( 1031): : writeData:id=1,start=924072, bytesLen:1024
09-01 00:07:18.493 D/NVITEM ( 1031): : *****memcpy packet buf to fromChannel
09-01 00:07:18.493 D/NVITEM ( 1031): : _getPacket
09-01 00:07:18.493 D/NVITEM ( 1031): : get wake_lock 0
09-01 00:07:18.493 D/NVITEM ( 1031): : channel_read success
09-01 00:07:18.494 D/NVITEM ( 1031): : _getPacket continue read 1044 size 1024 grp
2 sub 816
09-01 00:07:18.494 D/NVITEM ( 1031): : writeData:id=1,start=925096, bytesLen:1024
09-01 00:07:18.494 D/NVITEM ( 1031): : *****memcpy packet buf to fromChannel
09-01 00:07:18.494 D/NVITEM ( 1031): : _getPacket
09-01 00:07:18.494 D/NVITEM ( 1031): : get wake_lock 0
09-01 00:07:18.494 D/NVITEM ( 1031): : channel_read success
09-01 00:07:18.494 D/NVITEM ( 1031): : _getPacket continue read 1044 size 1024 grp
2 sub 817
09-01 00:07:18.494 D/NVITEM ( 1031): : writeData:id=1,start=926120, bytesLen:1024
09-01 00:07:18.494 D/NVITEM ( 1031): : *****memcpy packet buf to fromChannel
09-01 00:07:18.494 D/NVITEM ( 1031): : _getPacket
09-01 00:07:18.495 D/NVITEM ( 1031): : get wake_lock 0
09-01 00:07:18.495 D/NVITEM ( 1031): : channel_read success
09-01 00:07:18.495 D/NVITEM ( 1031): : _getPacket continue read 1044 size 620 grp
2 sub 818
09-01 00:07:18.495 D/NVITEM ( 1031): : writeData:id=1,start=927144, bytesLen:600
09-01 00:07:18.495 D/NVITEM ( 1031): : *****memcpy packet buf to fromChannel
09-01 00:07:18.495 D/NVITEM ( 1031): : sync _syncGetTail success
09-01 00:07:18.495 D/NVITEM ( 1031): : backupData
09-01 00:07:18.495 D/NVITEM ( 1031): : saveToDisk
09-01 00:07:18.495 D/NVITEM ( 1031): : __getData
09-01 00:07:18.495 D/NVITEM ( 1031): : ***has dirty data,do write***
09-01 00:07:18.495 D/NVITEM ( 1031): : partId2:checksum_64=1
09-01 00:07:18.495 V/C2Store ( 833): in ~ComponentModule
09-01 00:07:18.495 V/C2Store ( 833): unloading dll
09-01 00:07:18.495 V/C2Store ( 833): in init
09-01 00:07:18.495 V/C2Store ( 833): loading dll
09-01 00:07:18.496 D/NVITEM ( 1031): : write backup header
09-01 00:07:18.501 I/ServiceManager( 779): Waiting for service 'package_native' on
'/dev/binder'...
09-01 00:07:18.501 I/mediaswcodec( 833): missing struct descriptor
#Param::CoreIndex(--004) for field values of struct #Param::CoreIndex(F-12004)
09-01 00:07:18.502 I/mediaswcodec( 833): missing struct descriptor
#Param::CoreIndex(--1812) for field values of struct #Param::CoreIndex(F-11812)
09-01 00:07:18.502 V/C2Store ( 833): in ~ComponentModule
09-01 00:07:18.502 V/C2Store ( 833): unloading dll
09-01 00:07:18.502 V/C2Store ( 833): in init
09-01 00:07:18.502 V/C2Store ( 833): loading dll
09-01 00:07:18.515 D/NVITEM ( 1031): : partId2:ori image write finished 1!
09-01 00:07:18.516 D/NVITEM ( 1031): : write origin header
09-01 00:07:18.522 W/ZygoteInitThreadPool( 596): Completed : 0 ~ 5955 took 672ms
09-01 00:07:18.534 D/NVITEM ( 1031): : partId2:bak image write finished 1!
09-01 00:07:18.534 D/NVITEM ( 1031): : _syncReset: wake lock bEnable = 0!
09-01 00:07:18.534 D/NVITEM ( 1031): : release wake lock
09-01 00:07:18.534 D/NVITEM ( 1031): : _getPacket
09-01 00:07:18.534 D/NVITEM ( 1031): : get wake_lock 1
09-01 00:07:18.534 D/NVITEM ( 1031): : channel_read: wake lock bEnable = 1!
09-01 00:07:18.535 D/NVITEM ( 1031): : channel_read success
09-01 00:07:18.535 D/NVITEM ( 1031): : _getPacket start read 1044 size 40 grp 3
sub 0
09-01 00:07:18.535 D/NVITEM ( 1031): : sync _syncGetTail success
09-01 00:07:18.535 D/NVITEM ( 1031): : backupData
09-01 00:07:18.535 D/NVITEM ( 1031): : saveToDisk
09-01 00:07:18.535 D/NVITEM ( 1031): : __getData
09-01 00:07:18.535 D/NVITEM ( 1031): : _syncReset: wake lock bEnable = 0!
09-01 00:07:18.535 V/C2Store ( 833): in ~ComponentModule
09-01 00:07:18.535 D/NVITEM ( 1031): : release wake lock
09-01 00:07:18.535 V/C2Store ( 833): unloading dll
09-01 00:07:18.535 D/NVITEM ( 1031): : _getPacket
09-01 00:07:18.535 V/C2Store ( 833): in init
09-01 00:07:18.535 V/C2Store ( 833): loading dll
09-01 00:07:18.541 V/C2Store ( 833): in ~ComponentModule
09-01 00:07:18.542 V/C2Store ( 833): unloading dll
09-01 00:07:18.542 V/C2Store ( 833): in init
09-01 00:07:18.542 V/C2Store ( 833): loading dll
09-01 00:07:18.548 V/C2Store ( 833): in ~ComponentModule
09-01 00:07:18.548 V/C2Store ( 833): unloading dll
09-01 00:07:18.548 V/C2Store ( 833): in init
09-01 00:07:18.548 V/C2Store ( 833): loading dll
09-01 00:07:18.550 I/ServiceManager( 764): Waiting for service 'package_native' on
'/dev/binder'...
09-01 00:07:18.553 V/C2Store ( 833): in ~ComponentModule
09-01 00:07:18.553 V/C2Store ( 833): unloading dll
09-01 00:07:18.553 V/C2Store ( 833): in init
09-01 00:07:18.554 V/C2Store ( 833): loading dll
09-01 00:07:18.560 V/C2Store ( 833): in ~ComponentModule
09-01 00:07:18.560 V/C2Store ( 833): unloading dll
09-01 00:07:18.560 V/C2Store ( 833): in init
09-01 00:07:18.560 V/C2Store ( 833): loading dll
09-01 00:07:18.567 V/C2Store ( 833): in ~ComponentModule
09-01 00:07:18.567 V/C2Store ( 833): unloading dll
09-01 00:07:18.567 V/C2Store ( 833): in init
09-01 00:07:18.567 V/C2Store ( 833): loading dll
09-01 00:07:18.570 I/ServiceManager( 594): Waiting for service 'statscompanion' on
'/dev/binder'...
09-01 00:07:18.574 V/C2Store ( 833): in ~ComponentModule
09-01 00:07:18.574 V/C2Store ( 833): unloading dll
09-01 00:07:18.574 V/C2Store ( 833): in init
09-01 00:07:18.574 V/C2Store ( 833): loading dll
09-01 00:07:18.583 V/C2Store ( 833): in ~ComponentModule
09-01 00:07:18.583 V/C2Store ( 833): unloading dll
09-01 00:07:18.583 V/C2Store ( 833): in init
09-01 00:07:18.583 V/C2Store ( 833): loading dll
09-01 00:07:18.591 I/mediaswcodec( 833): missing struct descriptor
#Param::CoreIndex(--004) for field values of struct #Param::CoreIndex(F-12004)
09-01 00:07:18.592 I/mediaswcodec( 833): missing struct descriptor
#Param::CoreIndex(--1812) for field values of struct #Param::CoreIndex(F-11812)
09-01 00:07:18.592 V/C2Store ( 833): in ~ComponentModule
09-01 00:07:18.592 V/C2Store ( 833): unloading dll
09-01 00:07:18.592 V/C2Store ( 833): in init
09-01 00:07:18.592 V/C2Store ( 833): loading dll
09-01 00:07:18.598 V/C2Store ( 833): in ~ComponentModule
09-01 00:07:18.598 V/C2Store ( 833): unloading dll
09-01 00:07:18.598 V/C2Store ( 833): in init
09-01 00:07:18.598 V/C2Store ( 833): loading dll
09-01 00:07:18.602 I/ServiceManager( 779): Waiting for service 'package_native' on
'/dev/binder'...
09-01 00:07:18.604 V/C2Store ( 833): in ~ComponentModule
09-01 00:07:18.604 V/C2Store ( 833): unloading dll
09-01 00:07:18.605 V/C2Store ( 833): in init
09-01 00:07:18.605 V/C2Store ( 833): loading dll
09-01 00:07:18.612 V/C2Store ( 833): in ~ComponentModule
09-01 00:07:18.612 V/C2Store ( 833): unloading dll
09-01 00:07:18.612 V/C2Store ( 833): in init
09-01 00:07:18.612 V/C2Store ( 833): loading dll
09-01 00:07:18.619 V/C2Store ( 833): in ~ComponentModule
09-01 00:07:18.619 V/C2Store ( 833): unloading dll
09-01 00:07:18.619 V/C2Store ( 833): in init
09-01 00:07:18.619 V/C2Store ( 833): loading dll
09-01 00:07:18.631 V/C2Store ( 833): in ~ComponentModule
09-01 00:07:18.631 V/C2Store ( 833): unloading dll
09-01 00:07:18.631 V/C2Store ( 833): in init
09-01 00:07:18.632 V/C2Store ( 833): loading dll
09-01 00:07:18.638 V/C2Store ( 833): in ~ComponentModule
09-01 00:07:18.638 V/C2Store ( 833): unloading dll
09-01 00:07:18.638 V/C2Store ( 833): in init
09-01 00:07:18.638 V/C2Store ( 833): loading dll
09-01 00:07:18.644 V/C2Store ( 833): in ~ComponentModule
09-01 00:07:18.644 V/C2Store ( 833): unloading dll
09-01 00:07:18.644 V/C2Store ( 833): in init
09-01 00:07:18.644 V/C2Store ( 833): loading dll
09-01 00:07:18.651 I/ServiceManager( 764): Waiting for service 'package_native' on
'/dev/binder'...
09-01 00:07:18.652 V/C2Store ( 833): in ~ComponentModule
09-01 00:07:18.652 V/C2Store ( 833): unloading dll
09-01 00:07:18.652 V/C2Store ( 833): in init
09-01 00:07:18.652 V/C2Store ( 833): loading dll
09-01 00:07:18.662 V/C2Store ( 833): in ~ComponentModule
09-01 00:07:18.663 V/C2Store ( 833): unloading dll
09-01 00:07:18.663 V/C2Store ( 833): in init
09-01 00:07:18.663 V/C2Store ( 833): loading dll
09-01 00:07:18.669 I/C2SoftVpxEnc( 833): setting temporal layering 0 + 0
09-01 00:07:18.670 V/C2Store ( 833): in ~ComponentModule
09-01 00:07:18.670 V/C2Store ( 833): unloading dll
09-01 00:07:18.671 V/C2Store ( 833): in init
09-01 00:07:18.671 V/C2Store ( 833): loading dll
09-01 00:07:18.671 I/ServiceManager( 594): Waiting for service 'statscompanion' on
'/dev/binder'...
09-01 00:07:18.677 V/C2Store ( 833): in ~ComponentModule
09-01 00:07:18.677 V/C2Store ( 833): unloading dll
09-01 00:07:18.678 V/C2Store ( 833): in init
09-01 00:07:18.678 V/C2Store ( 833): loading dll
09-01 00:07:18.683 I/C2SoftVpxEnc( 833): setting temporal layering 0 + 0
09-01 00:07:18.684 V/C2Store ( 833): in ~ComponentModule
09-01 00:07:18.684 V/C2Store ( 833): unloading dll
09-01 00:07:18.685 E/MediaCodecsXmlParser( 766): >>>SEC codec
09-01 00:07:18.685 D/MediaCodecsXmlParser( 766): parsing
/apex/com.android.media.swcodec/etc/media_codecs.xml...
09-01 00:07:18.689 D/MediaCodecsXmlParser( 766): disabling c2.android.gsm.decoder
09-01 00:07:18.692 D/MediaCodecsXmlParser( 766): disabling
c2.android.mpeg2.decoder
09-01 00:07:18.695 D/MediaCodecsXmlParser( 766): Cannot find
/apex/com.android.media.swcodec/etc/media_codecs.xml
09-01 00:07:18.695 E/MediaCodecsXmlParser( 766): >>>SEC codec
09-01 00:07:18.696 D/MediaCodecsXmlParser( 766): parsing
/vendor/etc/media_codecs_sec_primary.xml...
09-01 00:07:18.698 D/MediaCodecsXmlParser( 766): parsing
/vendor/etc/media_codecs_ddp.xml...
09-01 00:07:18.698 D/MediaCodecsXmlParser( 766): parsing
/vendor/etc/media_codecs_ac4.xml...
09-01 00:07:18.699 D/MediaCodecsXmlParser( 766): parsing
/vendor/etc/media_codecs_sec_video_primary.xml...
09-01 00:07:18.699 D/MediaCodecsXmlParser( 766): parsing
/vendor/etc/media_codecs_c2.xml...
09-01 00:07:18.700 D/MediaCodecsXmlParser( 766): parsing
/vendor/etc/media_codecs_performance_c2.xml...
09-01 00:07:18.702 E/MediaCodecsXmlParser( 766): >>>SEC codec
09-01 00:07:18.702 D/MediaCodecsXmlParser( 766): parsing
/vendor/etc/media_codecs_sec_primary.xml...
09-01 00:07:18.702 D/MediaCodecsXmlParser( 766): MediaCodec: cannot add existing
codec at line 19 of /vendor/etc/media_codecs_sec_primary.xml
09-01 00:07:18.702 D/MediaCodecsXmlParser( 766): MediaCodec: cannot add existing
codec at line 31 of /vendor/etc/media_codecs_sec_primary.xml
09-01 00:07:18.702 D/MediaCodecsXmlParser( 766): MediaCodec: cannot add existing
codec at line 48 of /vendor/etc/media_codecs_sec_primary.xml
09-01 00:07:18.702 D/MediaCodecsXmlParser( 766): MediaCodec: cannot add existing
codec at line 53 of /vendor/etc/media_codecs_sec_primary.xml
09-01 00:07:18.702 D/MediaCodecsXmlParser( 766): MediaCodec: cannot add existing
codec at line 60 of /vendor/etc/media_codecs_sec_primary.xml
09-01 00:07:18.702 D/MediaCodecsXmlParser( 766): parsing
/vendor/etc/media_codecs_ddp.xml...
09-01 00:07:18.702 D/MediaCodecsXmlParser( 766): MediaCodec: cannot add existing
codec at line 20 of /vendor/etc/media_codecs_ddp.xml
09-01 00:07:18.703 D/MediaCodecsXmlParser( 766): MediaCodec: cannot add existing
codec at line 25 of /vendor/etc/media_codecs_ddp.xml
09-01 00:07:18.703 I/ServiceManager( 779): Waiting for service 'package_native' on
'/dev/binder'...
09-01 00:07:18.703 D/MediaCodecsXmlParser( 766): MediaCodec: cannot add existing
codec at line 30 of /vendor/etc/media_codecs_ddp.xml
09-01 00:07:18.703 D/MediaCodecsXmlParser( 766): parsing
/vendor/etc/media_codecs_ac4.xml...
09-01 00:07:18.703 D/MediaCodecsXmlParser( 766): MediaCodec: cannot add existing
codec at line 19 of /vendor/etc/media_codecs_ac4.xml
09-01 00:07:18.703 D/MediaCodecsXmlParser( 766): parsing
/vendor/etc/media_codecs_sec_video_primary.xml...
09-01 00:07:18.703 D/MediaCodecsXmlParser( 766): MediaCodec: cannot add existing
codec at line 32 of /vendor/etc/media_codecs_sec_video_primary.xml
09-01 00:07:18.703 D/MediaCodecsXmlParser( 766): MediaCodec: cannot add existing
codec at line 38 of /vendor/etc/media_codecs_sec_video_primary.xml
09-01 00:07:18.703 D/MediaCodecsXmlParser( 766): MediaCodec: cannot add existing
codec at line 42 of /vendor/etc/media_codecs_sec_video_primary.xml
09-01 00:07:18.704 D/MediaCodecsXmlParser( 766): parsing
/vendor/etc/media_codecs_c2_sec.xml...
09-01 00:07:18.705 D/MediaCodecsXmlParser( 766): parsing
/vendor/etc/media_codecs_performance.xml...
09-01 00:07:18.705 D/MediaCodecsXmlParser( 766): MediaCodec: cannot update non-
existing codec at line 18 of /vendor/etc/media_codecs_performance.xml
09-01 00:07:18.705 D/MediaCodecsXmlParser( 766): MediaCodec: cannot update non-
existing codec at line 24 of /vendor/etc/media_codecs_performance.xml
09-01 00:07:18.705 D/MediaCodecsXmlParser( 766): MediaCodec: cannot update non-
existing codec at line 32 of /vendor/etc/media_codecs_performance.xml
09-01 00:07:18.705 D/MediaCodecsXmlParser( 766): MediaCodec: cannot update non-
existing codec at line 37 of /vendor/etc/media_codecs_performance.xml
09-01 00:07:18.705 D/MediaCodecsXmlParser( 766): MediaCodec: cannot update non-
existing codec at line 44 of /vendor/etc/media_codecs_performance.xml
09-01 00:07:18.705 D/MediaCodecsXmlParser( 766): MediaCodec: cannot update non-
existing codec at line 51 of /vendor/etc/media_codecs_performance.xml
09-01 00:07:18.705 D/MediaCodecsXmlParser( 766): MediaCodec: cannot update non-
existing codec at line 59 of /vendor/etc/media_codecs_performance.xml
09-01 00:07:18.705 D/MediaCodecsXmlParser( 766): MediaCodec: cannot update non-
existing codec at line 67 of /vendor/etc/media_codecs_performance.xml
09-01 00:07:18.705 D/MediaCodecsXmlParser( 766): MediaCodec: cannot update non-
existing codec at line 71 of /vendor/etc/media_codecs_performance.xml
09-01 00:07:18.706 D/MediaCodecsXmlParser( 766): MediaCodec: cannot update non-
existing codec at line 78 of /vendor/etc/media_codecs_performance.xml
09-01 00:07:18.706 D/MediaCodecsXmlParser( 766): MediaCodec: cannot update non-
existing codec at line 85 of /vendor/etc/media_codecs_performance.xml
09-01 00:07:18.706 D/MediaCodecsXmlParser( 766): MediaCodec: cannot update non-
existing codec at line 92 of /vendor/etc/media_codecs_performance.xml
09-01 00:07:18.706 E/MediaCodecsXmlParser( 766): >>>SEC codec
09-01 00:07:18.706 D/MediaCodecsXmlParser( 766): parsing
/vendor/etc/media_codecs_sec_primary.xml...
09-01 00:07:18.706 D/MediaCodecsXmlParser( 766): MediaCodec: cannot add existing
codec at line 19 of /vendor/etc/media_codecs_sec_primary.xml
09-01 00:07:18.706 D/MediaCodecsXmlParser( 766): MediaCodec: cannot add existing
codec at line 31 of /vendor/etc/media_codecs_sec_primary.xml
09-01 00:07:18.706 D/MediaCodecsXmlParser( 766): MediaCodec: cannot add existing
codec at line 48 of /vendor/etc/media_codecs_sec_primary.xml
09-01 00:07:18.706 D/MediaCodecsXmlParser( 766): MediaCodec: cannot add existing
codec at line 53 of /vendor/etc/media_codecs_sec_primary.xml
09-01 00:07:18.707 D/MediaCodecsXmlParser( 766): MediaCodec: cannot add existing
codec at line 60 of /vendor/etc/media_codecs_sec_primary.xml
09-01 00:07:18.707 D/MediaCodecsXmlParser( 766): parsing
/vendor/etc/media_codecs_ddp.xml...
09-01 00:07:18.707 D/MediaCodecsXmlParser( 766): MediaCodec: cannot add existing
codec at line 20 of /vendor/etc/media_codecs_ddp.xml
09-01 00:07:18.707 D/MediaCodecsXmlParser( 766): MediaCodec: cannot add existing
codec at line 25 of /vendor/etc/media_codecs_ddp.xml
09-01 00:07:18.707 D/MediaCodecsXmlParser( 766): MediaCodec: cannot add existing
codec at line 30 of /vendor/etc/media_codecs_ddp.xml
09-01 00:07:18.707 D/MediaCodecsXmlParser( 766): parsing
/vendor/etc/media_codecs_ac4.xml...
09-01 00:07:18.707 D/MediaCodecsXmlParser( 766): MediaCodec: cannot add existing
codec at line 19 of /vendor/etc/media_codecs_ac4.xml
09-01 00:07:18.707 D/MediaCodecsXmlParser( 766): parsing
/vendor/etc/media_codecs_sec_video_primary.xml...
09-01 00:07:18.707 D/MediaCodecsXmlParser( 766): MediaCodec: cannot add existing
codec at line 32 of /vendor/etc/media_codecs_sec_video_primary.xml
09-01 00:07:18.708 D/MediaCodecsXmlParser( 766): MediaCodec: cannot add existing
codec at line 38 of /vendor/etc/media_codecs_sec_video_primary.xml
09-01 00:07:18.708 D/MediaCodecsXmlParser( 766): MediaCodec: cannot add existing
codec at line 42 of /vendor/etc/media_codecs_sec_video_primary.xml
09-01 00:07:18.708 D/MediaCodecsXmlParser( 766): Cannot find
/vendor/etc/media_codecs_sec_video_primary.xml
09-01 00:07:18.708 D/MediaCodecsXmlParser( 766): parsing
/vendor/etc/media_codecs_performance.xml...
09-01 00:07:18.708 D/MediaCodecsXmlParser( 766): MediaCodec: cannot update non-
existing codec at line 18 of /vendor/etc/media_codecs_performance.xml
09-01 00:07:18.708 D/MediaCodecsXmlParser( 766): MediaCodec: cannot update non-
existing codec at line 24 of /vendor/etc/media_codecs_performance.xml
09-01 00:07:18.708 D/MediaCodecsXmlParser( 766): MediaCodec: cannot update non-
existing codec at line 32 of /vendor/etc/media_codecs_performance.xml
09-01 00:07:18.708 D/MediaCodecsXmlParser( 766): MediaCodec: cannot update non-
existing codec at line 37 of /vendor/etc/media_codecs_performance.xml
09-01 00:07:18.708 D/MediaCodecsXmlParser( 766): MediaCodec: cannot update non-
existing codec at line 44 of /vendor/etc/media_codecs_performance.xml
09-01 00:07:18.708 D/MediaCodecsXmlParser( 766): MediaCodec: cannot update non-
existing codec at line 51 of /vendor/etc/media_codecs_performance.xml
09-01 00:07:18.708 D/MediaCodecsXmlParser( 766): MediaCodec: cannot update non-
existing codec at line 59 of /vendor/etc/media_codecs_performance.xml
09-01 00:07:18.708 D/MediaCodecsXmlParser( 766): MediaCodec: cannot update non-
existing codec at line 67 of /vendor/etc/media_codecs_performance.xml
09-01 00:07:18.708 D/MediaCodecsXmlParser( 766): MediaCodec: cannot update non-
existing codec at line 71 of /vendor/etc/media_codecs_performance.xml
09-01 00:07:18.709 D/MediaCodecsXmlParser( 766): MediaCodec: cannot update non-
existing codec at line 78 of /vendor/etc/media_codecs_performance.xml
09-01 00:07:18.709 D/MediaCodecsXmlParser( 766): MediaCodec: cannot update non-
existing codec at line 85 of /vendor/etc/media_codecs_performance.xml
09-01 00:07:18.709 D/MediaCodecsXmlParser( 766): MediaCodec: cannot update non-
existing codec at line 92 of /vendor/etc/media_codecs_performance.xml
09-01 00:07:18.709 E/MediaCodecsXmlParser( 766): >>>SEC codec
09-01 00:07:18.709 D/MediaCodecsXmlParser( 766): parsing
/vendor/etc/media_codecs_sec_primary.xml...
09-01 00:07:18.709 D/MediaCodecsXmlParser( 766): MediaCodec: cannot add existing
codec at line 19 of /vendor/etc/media_codecs_sec_primary.xml
09-01 00:07:18.709 D/MediaCodecsXmlParser( 766): MediaCodec: cannot add existing
codec at line 31 of /vendor/etc/media_codecs_sec_primary.xml
09-01 00:07:18.709 D/MediaCodecsXmlParser( 766): MediaCodec: cannot add existing
codec at line 48 of /vendor/etc/media_codecs_sec_primary.xml
09-01 00:07:18.709 D/MediaCodecsXmlParser( 766): MediaCodec: cannot add existing
codec at line 53 of /vendor/etc/media_codecs_sec_primary.xml
09-01 00:07:18.709 D/MediaCodecsXmlParser( 766): MediaCodec: cannot add existing
codec at line 60 of /vendor/etc/media_codecs_sec_primary.xml
09-01 00:07:18.710 D/MediaCodecsXmlParser( 766): parsing
/vendor/etc/media_codecs_ddp.xml...
09-01 00:07:18.710 D/MediaCodecsXmlParser( 766): MediaCodec: cannot add existing
codec at line 20 of /vendor/etc/media_codecs_ddp.xml
09-01 00:07:18.710 D/MediaCodecsXmlParser( 766): MediaCodec: cannot add existing
codec at line 25 of /vendor/etc/media_codecs_ddp.xml
09-01 00:07:18.710 D/MediaCodecsXmlParser( 766): MediaCodec: cannot add existing
codec at line 30 of /vendor/etc/media_codecs_ddp.xml
09-01 00:07:18.710 D/MediaCodecsXmlParser( 766): parsing
/vendor/etc/media_codecs_ac4.xml...
09-01 00:07:18.710 D/MediaCodecsXmlParser( 766): MediaCodec: cannot add existing
codec at line 19 of /vendor/etc/media_codecs_ac4.xml
09-01 00:07:18.710 D/MediaCodecsXmlParser( 766): parsing
/vendor/etc/media_codecs_sec_video_primary.xml...
09-01 00:07:18.710 D/MediaCodecsXmlParser( 766): MediaCodec: cannot add existing
codec at line 32 of /vendor/etc/media_codecs_sec_video_primary.xml
09-01 00:07:18.710 D/MediaCodecsXmlParser( 766): MediaCodec: cannot add existing
codec at line 38 of /vendor/etc/media_codecs_sec_video_primary.xml
09-01 00:07:18.710 D/MediaCodecsXmlParser( 766): MediaCodec: cannot add existing
codec at line 42 of /vendor/etc/media_codecs_sec_video_primary.xml
09-01 00:07:18.710 D/MediaCodecsXmlParser( 766): parsing
/vendor/etc/dax3_media_codecs_dolby_audio.xml...
09-01 00:07:18.712 D/MediaCodecsXmlParser( 766): ignoring Alias specified not
directly in a MediaCodec at line 40 of
/vendor/etc/dax3_media_codecs_dolby_audio.xml
09-01 00:07:18.712 D/MediaCodecsXmlParser( 766): ignoring Alias specified not
directly in a MediaCodec at line 46 of
/vendor/etc/dax3_media_codecs_dolby_audio.xml
09-01 00:07:18.712 D/MediaCodecsXmlParser( 766): ignoring Alias specified not
directly in a MediaCodec at line 52 of
/vendor/etc/dax3_media_codecs_dolby_audio.xml
09-01 00:07:18.712 D/MediaCodecsXmlParser( 766): parsing
/vendor/etc/media_codecs_performance.xml...
09-01 00:07:18.713 D/MediaCodecsXmlParser( 766): MediaCodec: cannot update non-
existing codec at line 18 of /vendor/etc/media_codecs_performance.xml
09-01 00:07:18.713 D/MediaCodecsXmlParser( 766): MediaCodec: cannot update non-
existing codec at line 24 of /vendor/etc/media_codecs_performance.xml
09-01 00:07:18.713 D/MediaCodecsXmlParser( 766): MediaCodec: cannot update non-
existing codec at line 32 of /vendor/etc/media_codecs_performance.xml
09-01 00:07:18.713 D/MediaCodecsXmlParser( 766): MediaCodec: cannot update non-
existing codec at line 37 of /vendor/etc/media_codecs_performance.xml
09-01 00:07:18.713 D/MediaCodecsXmlParser( 766): MediaCodec: cannot update non-
existing codec at line 44 of /vendor/etc/media_codecs_performance.xml
09-01 00:07:18.713 D/MediaCodecsXmlParser( 766): MediaCodec: cannot update non-
existing codec at line 51 of /vendor/etc/media_codecs_performance.xml
09-01 00:07:18.713 D/MediaCodecsXmlParser( 766): MediaCodec: cannot update non-
existing codec at line 59 of /vendor/etc/media_codecs_performance.xml
09-01 00:07:18.713 D/MediaCodecsXmlParser( 766): MediaCodec: cannot update non-
existing codec at line 67 of /vendor/etc/media_codecs_performance.xml
09-01 00:07:18.713 D/MediaCodecsXmlParser( 766): MediaCodec: cannot update non-
existing codec at line 71 of /vendor/etc/media_codecs_performance.xml
09-01 00:07:18.714 D/MediaCodecsXmlParser( 766): MediaCodec: cannot update non-
existing codec at line 78 of /vendor/etc/media_codecs_performance.xml
09-01 00:07:18.714 D/MediaCodecsXmlParser( 766): MediaCodec: cannot update non-
existing codec at line 85 of /vendor/etc/media_codecs_performance.xml
09-01 00:07:18.714 D/MediaCodecsXmlParser( 766): MediaCodec: cannot update non-
existing codec at line 92 of /vendor/etc/media_codecs_performance.xml
09-01 00:07:18.715 E/MediaCodecsXmlParser( 766): >>>SEC codec
09-01 00:07:18.715 D/MediaCodecsXmlParser( 766): parsing
/vendor/etc/media_codecs_sec_primary.xml...
09-01 00:07:18.715 D/MediaCodecsXmlParser( 766): MediaCodec: cannot add existing
codec at line 19 of /vendor/etc/media_codecs_sec_primary.xml
09-01 00:07:18.715 D/MediaCodecsXmlParser( 766): MediaCodec: cannot add existing
codec at line 31 of /vendor/etc/media_codecs_sec_primary.xml
09-01 00:07:18.715 D/MediaCodecsXmlParser( 766): MediaCodec: cannot add existing
codec at line 48 of /vendor/etc/media_codecs_sec_primary.xml
09-01 00:07:18.715 D/MediaCodecsXmlParser( 766): MediaCodec: cannot add existing
codec at line 53 of /vendor/etc/media_codecs_sec_primary.xml
09-01 00:07:18.715 D/MediaCodecsXmlParser( 766): MediaCodec: cannot add existing
codec at line 60 of /vendor/etc/media_codecs_sec_primary.xml
09-01 00:07:18.716 D/MediaCodecsXmlParser( 766): parsing
/vendor/etc/media_codecs_ddp.xml...
09-01 00:07:18.716 D/MediaCodecsXmlParser( 766): MediaCodec: cannot add existing
codec at line 20 of /vendor/etc/media_codecs_ddp.xml
09-01 00:07:18.716 D/MediaCodecsXmlParser( 766): MediaCodec: cannot add existing
codec at line 25 of /vendor/etc/media_codecs_ddp.xml
09-01 00:07:18.716 D/MediaCodecsXmlParser( 766): MediaCodec: cannot add existing
codec at line 30 of /vendor/etc/media_codecs_ddp.xml
09-01 00:07:18.716 D/MediaCodecsXmlParser( 766): parsing
/vendor/etc/media_codecs_ac4.xml...
09-01 00:07:18.716 D/MediaCodecsXmlParser( 766): MediaCodec: cannot add existing
codec at line 19 of /vendor/etc/media_codecs_ac4.xml
09-01 00:07:18.717 D/MediaCodecsXmlParser( 766): parsing
/vendor/etc/media_codecs_sec_video_primary.xml...
09-01 00:07:18.717 D/MediaCodecsXmlParser( 766): MediaCodec: cannot add existing
codec at line 32 of /vendor/etc/media_codecs_sec_video_primary.xml
09-01 00:07:18.717 D/MediaCodecsXmlParser( 766): MediaCodec: cannot add existing
codec at line 38 of /vendor/etc/media_codecs_sec_video_primary.xml
09-01 00:07:18.717 D/MediaCodecsXmlParser( 766): MediaCodec: cannot add existing
codec at line 42 of /vendor/etc/media_codecs_sec_video_primary.xml
09-01 00:07:18.717 D/MediaCodecsXmlParser( 766): parsing
/vendor/etc/media_codecs.xml...
09-01 00:07:18.718 D/MediaCodecsXmlParser( 766): parsing
/vendor/etc/media_codecs_google_audio.xml...
09-01 00:07:18.719 D/MediaCodecsXmlParser( 766): parsing
/vendor/etc/media_codecs_google_telephony.xml...
09-01 00:07:18.721 D/MediaCodecsXmlParser( 766): parsing
/vendor/etc/media_codecs_performance.xml...
09-01 00:07:18.724 I/C2SecAacDec( 812): in CreateCodec2Factory
09-01 00:07:18.724 I/SEC_componentStore( 812): GetCodec2SecComponentStore+++++++++
++++
09-01 00:07:18.724 I/SEC_componentStore( 812):
GetCodec2SecComponentStore--------------default
09-01 00:07:18.726 I/Codec2InfoBuilder( 766): adding type 'audio/mp4a-latm'
09-01 00:07:18.729 I/C2SecAacDec( 812): in DestroyCodec2Factory
09-01 00:07:18.730 I/C2SecAmrNBDec( 812): in CreateCodec2Factory
09-01 00:07:18.730 I/SEC_componentStore( 812): GetCodec2SecComponentStore+++++++++
++++
09-01 00:07:18.730 I/SEC_componentStore( 812):
GetCodec2SecComponentStore--------------default
09-01 00:07:18.732 I/Codec2InfoBuilder( 766): adding type 'audio/3gpp'
09-01 00:07:18.733 I/C2SecAmrNBDec( 812): in DestroyCodec2Factory
09-01 00:07:18.734 I/C2SecAmrWBDec( 812): in CreateCodec2Factory
09-01 00:07:18.734 I/SEC_componentStore( 812): GetCodec2SecComponentStore+++++++++
++++
09-01 00:07:18.734 I/SEC_componentStore( 812):
GetCodec2SecComponentStore--------------default
09-01 00:07:18.736 I/Codec2InfoBuilder( 766): adding type 'audio/amr-wb'
09-01 00:07:18.737 I/C2SecAmrWBDec( 812): in DestroyCodec2Factory
09-01 00:07:18.738 I/C2SecFlacDec( 812): in CreateCodec2Factory
09-01 00:07:18.738 I/SEC_componentStore( 812): GetCodec2SecComponentStore+++++++++
++++
09-01 00:07:18.738 I/SEC_componentStore( 812):
GetCodec2SecComponentStore--------------default
09-01 00:07:18.740 I/Codec2InfoBuilder( 766): adding type 'audio/flac'
09-01 00:07:18.741 I/C2SecFlacDec( 812): in DestroyCodec2Factory
09-01 00:07:18.742 I/C2SecImaDec( 812): in CreateCodec2Factory
09-01 00:07:18.742 I/SEC_componentStore( 812): GetCodec2SecComponentStore+++++++++
++++
09-01 00:07:18.742 I/SEC_componentStore( 812):
GetCodec2SecComponentStore--------------default
09-01 00:07:18.745 I/Codec2InfoBuilder( 766): adding type 'audio/x-ima'
09-01 00:07:18.746 I/C2SecImaDec( 812): in DestroyCodec2Factory
09-01 00:07:18.746 I/C2SecMp3Dec( 812): in CreateCodec2Factory
09-01 00:07:18.746 I/SEC_componentStore( 812): GetCodec2SecComponentStore+++++++++
++++
09-01 00:07:18.746 I/SEC_componentStore( 812):
GetCodec2SecComponentStore--------------default
09-01 00:07:18.750 I/Codec2InfoBuilder( 766): adding type 'audio/mpeg'
09-01 00:07:18.750 I/Codec2InfoBuilder( 766): adding type 'audio/mpeg-L1'
09-01 00:07:18.750 I/Codec2InfoBuilder( 766): adding type 'audio/mpeg-L2'
09-01 00:07:18.751 I/C2SecMp3Dec( 812): in DestroyCodec2Factory
09-01 00:07:18.751 I/SEC_componentStore( 812): GetCodec2SecComponentStore+++++++++
++++
09-01 00:07:18.751 I/SEC_componentStore( 812):
GetCodec2SecComponentStore--------------default
09-01 00:07:18.751 I/ServiceManager( 764): Waiting for service 'package_native' on
'/dev/binder'...
09-01 00:07:18.755 I/Codec2InfoBuilder( 766): adding type 'video/mp4v-es'
09-01 00:07:18.757 E/refnotify( 827): RefNotify open /dev/stime_pm failed, error:
No such device
09-01 00:07:18.757 I/SEC_componentStore( 812): GetCodec2SecComponentStore+++++++++
++++
09-01 00:07:18.757 I/SEC_componentStore( 812):
GetCodec2SecComponentStore--------------default
09-01 00:07:18.760 I/Codec2InfoBuilder( 766): adding type 'video/wvc1'
09-01 00:07:18.761 I/Codec2InfoBuilder( 766): adding type 'video/x-ms-wmv'
09-01 00:07:18.763 I/SEC_componentStore( 812): GetCodec2SecComponentStore+++++++++
++++
09-01 00:07:18.763 I/SEC_componentStore( 812):
GetCodec2SecComponentStore--------------default
09-01 00:07:18.770 I/Codec2InfoBuilder( 766): adding type 'audio/ac4'
09-01 00:07:18.771 I/SEC_componentStore( 812): GetCodec2SecComponentStore+++++++++
++++
09-01 00:07:18.771 I/SEC_componentStore( 812):
GetCodec2SecComponentStore--------------default
09-01 00:07:18.772 I/ServiceManager( 594): Waiting for service 'statscompanion' on
'/dev/binder'...
09-01 00:07:18.776 I/Codec2InfoBuilder( 766): adding type 'audio/ac3'
09-01 00:07:18.777 I/Codec2InfoBuilder( 766): adding type 'audio/eac3'
09-01 00:07:18.778 I/Codec2InfoBuilder( 766): adding type 'audio/eac3-joc'
09-01 00:07:18.779 V/C2Store ( 833): in init
09-01 00:07:18.779 V/C2Store ( 833): loading dll
09-01 00:07:18.786 D/io_stats( 403): !@ 179,0 r 249752 2035938 w 668 11440 d 159
5452 f 193 172 iot 36120 31218 th 102400 0 0 pt 0 inp 1 0 66.506
09-01 00:07:18.786 I/Codec2InfoBuilder( 766): adding type 'audio/mp4a-latm'
09-01 00:07:18.791 D/nhMonitorService( 838): nhmonitorService: vold.sdcard0.state=
09-01 00:07:18.791 D/nhMonitorService( 838): nhmonitorService: sdcard not
ok :48,Success
09-01 00:07:18.793 V/C2Store ( 833): in init
09-01 00:07:18.793 V/C2Store ( 833): loading dll
09-01 00:07:18.793 V/C2Store ( 833): in ~ComponentModule
09-01 00:07:18.793 V/C2Store ( 833): unloading dll
09-01 00:07:18.796 I/Codec2InfoBuilder( 766): adding type 'audio/mp4a-latm'
09-01 00:07:18.800 V/C2Store ( 833): in ~ComponentModule
09-01 00:07:18.800 V/C2Store ( 833): in init
09-01 00:07:18.800 V/C2Store ( 833): loading dll
09-01 00:07:18.800 V/C2Store ( 833): unloading dll
09-01 00:07:18.803 I/ServiceManager( 779): Waiting for service 'package_native' on
'/dev/binder'...
09-01 00:07:18.804 I/Codec2InfoBuilder( 766): adding type 'audio/3gpp'
09-01 00:07:18.805 V/C2Store ( 833): in ~ComponentModule
09-01 00:07:18.805 V/C2Store ( 833): unloading dll
09-01 00:07:18.805 V/C2Store ( 833): in init
09-01 00:07:18.805 V/C2Store ( 833): loading dll
09-01 00:07:18.811 I/Codec2InfoBuilder( 766): adding type 'audio/3gpp'
09-01 00:07:18.812 V/C2Store ( 833): in init
09-01 00:07:18.812 V/C2Store ( 833): in ~ComponentModule
09-01 00:07:18.812 V/C2Store ( 833): loading dll
09-01 00:07:18.812 V/C2Store ( 833): unloading dll
09-01 00:07:18.817 I/Codec2InfoBuilder( 766): adding type 'audio/amr-wb'
09-01 00:07:18.818 V/ZygoteInitThreadPool( 596): Class
android.graphics.fonts.SystemFonts was preloaded took to much time: 449ms
09-01 00:07:18.818 W/ZygoteInitThreadPool( 596): Completed : 5955 ~ 11910 took
961ms
09-01 00:07:18.818 V/C2Store ( 833): in init
09-01 00:07:18.818 V/C2Store ( 833): loading dll
09-01 00:07:18.818 V/C2Store ( 833): in ~ComponentModule
09-01 00:07:18.818 V/C2Store ( 833): unloading dll
09-01 00:07:18.822 I/Codec2InfoBuilder( 766): adding type 'audio/amr-wb'
09-01 00:07:18.822 V/C2Store ( 833): in ~ComponentModule
09-01 00:07:18.822 V/C2Store ( 833): unloading dll
09-01 00:07:18.822 V/C2Store ( 833): in init
09-01 00:07:18.822 V/C2Store ( 833): loading dll
09-01 00:07:18.827 I/Codec2InfoBuilder( 766): adding type 'video/av01'
09-01 00:07:18.829 V/C2Store ( 833): in ~ComponentModule
09-01 00:07:18.829 V/C2Store ( 833): in init
09-01 00:07:18.830 V/C2Store ( 833): loading dll
09-01 00:07:18.830 V/C2Store ( 833): unloading dll
09-01 00:07:18.835 I/Codec2InfoBuilder( 766): adding type 'video/avc'
09-01 00:07:18.839 V/C2Store ( 833): in ~ComponentModule
09-01 00:07:18.839 V/C2Store ( 833): in init
09-01 00:07:18.840 V/C2Store ( 833): loading dll
09-01 00:07:18.840 V/C2Store ( 833): unloading dll
09-01 00:07:18.841 I/mediaswcodec( 833): missing struct descriptor
#Param::CoreIndex(--004) for field values of struct #Param::CoreIndex(F-12004)
09-01 00:07:18.842 I/mediaswcodec( 833): missing struct descriptor
#Param::CoreIndex(--1812) for field values of struct #Param::CoreIndex(F-11812)
09-01 00:07:18.843 I/mediaswcodec( 833): missing struct descriptor
#Param::CoreIndex(--004) for field values of struct #Param::CoreIndex(F-12004)
09-01 00:07:18.844 I/mediaswcodec( 833): missing struct descriptor
#Param::CoreIndex(--1812) for field values of struct #Param::CoreIndex(F-11812)
09-01 00:07:18.845 I/Codec2InfoBuilder( 766): adding type 'video/avc'
09-01 00:07:18.848 V/C2Store ( 833): in init
09-01 00:07:18.848 V/C2Store ( 833): in ~ComponentModule
09-01 00:07:18.848 V/C2Store ( 833): loading dll
09-01 00:07:18.848 V/C2Store ( 833): unloading dll
09-01 00:07:18.851 V/ZygoteInitThreadPool( 596): Class android.graphics.Typeface
was preloaded took to much time: 1002ms
09-01 00:07:18.851 W/ZygoteInitThreadPool( 596): Completed :
android.graphics.Typeface took 1002ms
09-01 00:07:18.852 I/ServiceManager( 764): Waiting for service 'package_native' on
'/dev/binder'...
09-01 00:07:18.853 I/Codec2InfoBuilder( 766): adding type 'audio/flac'
09-01 00:07:18.854 V/C2Store ( 833): in init
09-01 00:07:18.854 V/C2Store ( 833): loading dll
09-01 00:07:18.854 V/C2Store ( 833): in ~ComponentModule
09-01 00:07:18.854 V/C2Store ( 833): unloading dll
09-01 00:07:18.858 I/Codec2InfoBuilder( 766): adding type 'audio/flac'
09-01 00:07:18.860 V/C2Store ( 833): in ~ComponentModule
09-01 00:07:18.860 V/C2Store ( 833): in init
09-01 00:07:18.860 V/C2Store ( 833): loading dll
09-01 00:07:18.860 V/C2Store ( 833): unloading dll
09-01 00:07:18.862 D/ZygoteInitThreadPool( 596): Done preloading
09-01 00:07:18.862 I/Zygote ( 596): ...preloaded 12126 parallelPreloadClasses in
1178ms.
09-01 00:07:18.863 I/zygote64( 596): VMRuntime.preloadDexCaches starting
09-01 00:07:18.864 I/BootAnimationLoader( 965): !@BootAnimation : Number of frames
drawn 11
09-01 00:07:18.864 I/Codec2InfoBuilder( 766): adding type 'audio/g711-alaw'
09-01 00:07:18.865 V/C2Store ( 833): in ~ComponentModule
09-01 00:07:18.865 V/C2Store ( 833): unloading dll
09-01 00:07:18.865 V/C2Store ( 833): in init
09-01 00:07:18.865 V/C2Store ( 833): loading dll
09-01 00:07:18.868 I/Codec2InfoBuilder( 766): adding type 'audio/g711-mlaw'
09-01 00:07:18.869 D/ENGPC: ( 666): [tid:0]try_connect: connect
cp_time_sync_server socket error(Connection refused), try_num=4
09-01 00:07:18.869 D/ENGPC: ( 666):
09-01 00:07:18.869 D/ENGPC: ( 666): [tid:0]timesync: total_conn=1
09-01 00:07:18.869 D/ENGPC: ( 666):
09-01 00:07:18.869 V/C2Store ( 833): in ~ComponentModule
09-01 00:07:18.869 V/C2Store ( 833): unloading dll
09-01 00:07:18.872 I/ServiceManager( 594): Waiting for service 'statscompanion' on
'/dev/binder'...
09-01 00:07:18.872 V/C2Store ( 833): in init
09-01 00:07:18.872 V/C2Store ( 833): loading dll
09-01 00:07:18.875 D/Codec2InfoBuilder( 766): codec entry for
'c2.android.gsm.decoder' is disabled
09-01 00:07:18.875 V/C2Store ( 833): in ~ComponentModule
09-01 00:07:18.875 V/C2Store ( 833): in init
09-01 00:07:18.875 V/C2Store ( 833): unloading dll
09-01 00:07:18.875 V/C2Store ( 833): loading dll
09-01 00:07:18.879 I/Codec2InfoBuilder( 766): adding type 'video/3gpp'
09-01 00:07:18.882 V/C2Store ( 833): in ~ComponentModule
09-01 00:07:18.882 V/C2Store ( 833): in init
09-01 00:07:18.882 V/C2Store ( 833): loading dll
09-01 00:07:18.882 V/C2Store ( 833): unloading dll
09-01 00:07:18.887 I/Codec2InfoBuilder( 766): adding type 'video/3gpp'
09-01 00:07:18.889 V/C2Store ( 833): in ~ComponentModule
09-01 00:07:18.890 V/C2Store ( 833): unloading dll
09-01 00:07:18.890 V/C2Store ( 833): in init
09-01 00:07:18.890 V/C2Store ( 833): loading dll
09-01 00:07:18.898 I/Codec2InfoBuilder( 766): adding type 'video/hevc'
09-01 00:07:18.902 V/C2Store ( 833): in init
09-01 00:07:18.902 V/C2Store ( 833): loading dll
09-01 00:07:18.903 V/C2Store ( 833): in ~ComponentModule
09-01 00:07:18.903 V/C2Store ( 833): unloading dll
09-01 00:07:18.904 I/mediaswcodec( 833): missing struct descriptor
#Param::CoreIndex(--004) for field values of struct #Param::CoreIndex(F-12004)
09-01 00:07:18.904 I/ServiceManager( 779): Waiting for service 'package_native' on
'/dev/binder'...
09-01 00:07:18.905 I/mediaswcodec( 833): missing struct descriptor
#Param::CoreIndex(--1812) for field values of struct #Param::CoreIndex(F-11812)
09-01 00:07:18.906 I/mediaswcodec( 833): missing struct descriptor
#Param::CoreIndex(--004) for field values of struct #Param::CoreIndex(F-12004)
09-01 00:07:18.908 I/mediaswcodec( 833): missing struct descriptor
#Param::CoreIndex(--1812) for field values of struct #Param::CoreIndex(F-11812)
09-01 00:07:18.909 I/Codec2InfoBuilder( 766): adding type 'video/hevc'
09-01 00:07:18.912 V/C2Store ( 833): in init
09-01 00:07:18.912 V/C2Store ( 833): in ~ComponentModule
09-01 00:07:18.912 V/C2Store ( 833): loading dll
09-01 00:07:18.912 V/C2Store ( 833): unloading dll
09-01 00:07:18.916 I/Codec2InfoBuilder( 766): adding type 'audio/mpeg'
09-01 00:07:18.917 V/C2Store ( 833): in ~ComponentModule
09-01 00:07:18.917 V/C2Store ( 833): unloading dll
09-01 00:07:18.917 V/C2Store ( 833): in init
09-01 00:07:18.917 V/C2Store ( 833): loading dll
09-01 00:07:18.928 D/Codec2InfoBuilder( 766): codec entry for
'c2.android.mpeg2.decoder' is disabled
09-01 00:07:18.929 V/C2Store ( 833): in ~ComponentModule
09-01 00:07:18.930 V/C2Store ( 833): unloading dll
09-01 00:07:18.930 V/C2Store ( 833): in init
09-01 00:07:18.930 V/C2Store ( 833): loading dll
09-01 00:07:18.930 I/zygote64( 596): VMRuntime.preloadDexCaches strings
total=550119 before=13944 after=13944
09-01 00:07:18.930 I/zygote64( 596): VMRuntime.preloadDexCaches types total=50883
before=14149 after=14363
09-01 00:07:18.930 I/zygote64( 596): VMRuntime.preloadDexCaches fields
total=229460 before=16830 after=17909
09-01 00:07:18.930 I/zygote64( 596): VMRuntime.preloadDexCaches methods
total=406581 before=21515 after=21515
09-01 00:07:18.930 I/zygote64( 596): VMRuntime.preloadDexCaches finished
09-01 00:07:18.930 D/Zygote64Timing( 596): PreloadClasses took to complete: 1246ms
09-01 00:07:18.930 I/Zygote ( 596): !@Boot_EBS_F:
CacheNonBootClasspathClassLoaders
09-01 00:07:18.934 I/Codec2InfoBuilder( 766): adding type 'video/mp4v-es'
09-01 00:07:18.936 V/C2Store ( 833): in init
09-01 00:07:18.937 V/C2Store ( 833): loading dll
09-01 00:07:18.937 V/C2Store ( 833): in ~ComponentModule
09-01 00:07:18.937 V/C2Store ( 833): unloading dll
09-01 00:07:18.941 I/Codec2InfoBuilder( 766): adding type 'video/mp4v-es'
09-01 00:07:18.944 V/C2Store ( 833): in ~ComponentModule
09-01 00:07:18.944 V/C2Store ( 833): in init
09-01 00:07:18.944 V/C2Store ( 833): loading dll
09-01 00:07:18.944 V/C2Store ( 833): unloading dll
09-01 00:07:18.947 I/zygote64( 596): The ClassLoaderContext is a special shared
library.
09-01 00:07:18.951 I/Codec2InfoBuilder( 766): adding type 'audio/opus'
09-01 00:07:18.952 V/C2Store ( 833): in ~ComponentModule
09-01 00:07:18.952 V/C2Store ( 833): unloading dll
09-01 00:07:18.952 V/C2Store ( 833): in init
09-01 00:07:18.952 V/C2Store ( 833): loading dll
09-01 00:07:18.953 I/ServiceManager( 764): Waiting for service 'package_native' on
'/dev/binder'...
09-01 00:07:18.960 I/Codec2InfoBuilder( 766): adding type 'audio/opus'
09-01 00:07:18.961 V/C2Store ( 833): in ~ComponentModule
09-01 00:07:18.961 V/C2Store ( 833): in init
09-01 00:07:18.961 V/C2Store ( 833): loading dll
09-01 00:07:18.961 V/C2Store ( 833): unloading dll
09-01 00:07:18.968 I/Codec2InfoBuilder( 766): adding type 'audio/raw'
09-01 00:07:18.969 V/C2Store ( 833): in init
09-01 00:07:18.969 V/C2Store ( 833): loading dll
09-01 00:07:18.970 V/C2Store ( 833): in ~ComponentModule
09-01 00:07:18.970 V/C2Store ( 833): unloading dll
