09-01 00:07:18.033 D/NVITEM ( 1031): : *****memcpy packet buf to fromChannel
09-01 00:07:18.033 W/ZygoteInitThreadPool( 596): Class not found for preloading:
android.view.autofill.-$$Lambda$AutofillManager$AutofillManagerClient$vxNm6RuuD-
r5pkiSxNSBBd1w_Qc
09-01 00:07:18.033 D/NVITEM ( 1031): : _getPacket
09-01 00:07:18.033 D/NVITEM ( 1031): : get wake_lock 0
09-01 00:07:18.033 D/NVITEM ( 1031): : channel_read success
09-01 00:07:18.033 D/NVITEM ( 1031): : _getPacket continue read 1044 size 1024 grp
2 sub 84
09-01 00:07:18.033 D/NVITEM ( 1031): : writeData:id=1,start=175528, bytesLen:1024
09-01 00:07:18.033 D/NVITEM ( 1031): : *****memcpy packet buf to fromChannel
09-01 00:07:18.033 D/NVITEM ( 1031): : _getPacket
09-01 00:07:18.033 I/SprdVideoDecoderOMXComponent( 812): getExtensionIndex, name:
OMX.google.android.index.configureVideoTunnelMode
09-01 00:07:18.033 W/OMXNodeInstance( 812):
getExtensionIndex(0xebec0010:sprd.h263.decoder,
OMX.google.android.index.configureVideoTunnelMode) (0x80001006)
09-01 00:07:18.033 D/MediaCodecInfo( 766): detail feature-tunneled-playback wasn't
present to remove
09-01 00:07:18.034 I/SprdVideoDecoderOMXComponent( 812): getExtensionIndex, name:
OMX.google.android.index.enableAndroidNativeBuffers
09-01 00:07:18.034 I/SprdVideoDecoderOMXComponent( 812): internalSetParameter,
enable AndroidNativeBuffer
09-01 00:07:18.034 I/SprdVideoDecoderOMXComponent( 812): getExtensionIndex, name:
OMX.google.android.index.allocateNativeHandle
09-01 00:07:18.034 I/SprdVideoDecoderOMXComponent( 812): getExtensionIndex, name:
OMX.google.android.index.storeANWBufferInMetadata
09-01 00:07:18.034 I/SprdVideoDecoderOMXComponent( 812): getExtensionIndex, name:
OMX.google.android.index.storeMetaDataInBuffers
09-01 00:07:18.034 W/OMXNodeInstance( 812):
getExtensionIndex(0xebec0010:sprd.h263.decoder,
OMX.google.android.index.storeMetaDataInBuffers) (0x80001006)
09-01 00:07:18.034 D/NVITEM ( 1031): : get wake_lock 0
09-01 00:07:18.034 D/NVITEM ( 1031): : channel_read success
09-01 00:07:18.034 D/NVITEM ( 1031): : _getPacket continue read 1044 size 1024 grp
2 sub 85
09-01 00:07:18.034 D/NVITEM ( 1031): : writeData:id=1,start=176552, bytesLen:1024
09-01 00:07:18.034 D/NVITEM ( 1031): : *****memcpy packet buf to fromChannel
09-01 00:07:18.034 D/NVITEM ( 1031): : _getPacket
09-01 00:07:18.034 I/SprdVideoDecoderOMXComponent( 812): getExtensionIndex, name:
OMX.google.android.index.prepareForAdaptivePlayback
09-01 00:07:18.034 D/NVITEM ( 1031): : get wake_lock 0
09-01 00:07:18.034 D/NVITEM ( 1031): : channel_read success
09-01 00:07:18.034 D/NVITEM ( 1031): : _getPacket continue read 1044 size 1024 grp
2 sub 86
09-01 00:07:18.034 W/ZygoteInitThreadPool( 596): Class not found for preloading:
android.view.contentcapture.-$$Lambda$MainContentCaptureSession$1$JPRO-
nNGZpgXrKr4QC_iQiTbQx0
09-01 00:07:18.035 W/ZygoteInitThreadPool( 596): Class not found for preloading:
android.view.contentcapture.-$
$Lambda$MainContentCaptureSession$1$Xhq3WJibbalS1G_W3PRC2m7muhM
09-01 00:07:18.035 D/NVITEM ( 1031): : writeData:id=1,start=177576, bytesLen:1024
09-01 00:07:18.035 D/NVITEM ( 1031): : *****memcpy packet buf to fromChannel
09-01 00:07:18.035 D/NVITEM ( 1031): : _getPacket
09-01 00:07:18.035 D/NVITEM ( 1031): : get wake_lock 0
09-01 00:07:18.035 D/NVITEM ( 1031): : channel_read success
09-01 00:07:18.035 D/NVITEM ( 1031): : _getPacket continue read 1044 size 1024 grp
2 sub 87
09-01 00:07:18.035 D/NVITEM ( 1031): : writeData:id=1,start=178600, bytesLen:1024
09-01 00:07:18.035 D/NVITEM ( 1031): : *****memcpy packet buf to fromChannel
09-01 00:07:18.035 D/NVITEM ( 1031): : _getPacket
09-01 00:07:18.036 I/SPRDMPEG4Decoder( 812): Destruct SPRDMPEG4Decoder, this:
0x0xeb080e90
09-01 00:07:18.036 D/NVITEM ( 1031): : get wake_lock 0
09-01 00:07:18.036 D/NVITEM ( 1031): : channel_read success
09-01 00:07:18.036 D/NVITEM ( 1031): : _getPacket continue read 1044 size 1024 grp
2 sub 88
09-01 00:07:18.036 D/NVITEM ( 1031): : writeData:id=1,start=179624, bytesLen:1024
09-01 00:07:18.036 D/NVITEM ( 1031): : *****memcpy packet buf to fromChannel
09-01 00:07:18.036 D/NVITEM ( 1031): : _getPacket
09-01 00:07:18.037 D/NVITEM ( 1031): : get wake_lock 0
09-01 00:07:18.037 D/NVITEM ( 1031): : channel_read success
09-01 00:07:18.037 D/NVITEM ( 1031): : _getPacket continue read 1044 size 1024 grp
2 sub 89
09-01 00:07:18.037 D/NVITEM ( 1031): : writeData:id=1,start=180648, bytesLen:1024
09-01 00:07:18.037 D/NVITEM ( 1031): : *****memcpy packet buf to fromChannel
09-01 00:07:18.037 I/SprdVideoDecoderOMXComponent( 812): Destruct
SprdVideoDecoderOMXComponent, this: 0x0xeb080e90
09-01 00:07:18.037 D/NVITEM ( 1031): : _getPacket
09-01 00:07:18.037 I/SprdSimpleOMXComponent( 812): Destruct
SprdSimpleOMXComponent, this: 0x0xeb080e90
09-01 00:07:18.037 D/NVITEM ( 1031): : get wake_lock 0
09-01 00:07:18.037 D/NVITEM ( 1031): : channel_read success
09-01 00:07:18.037 D/NVITEM ( 1031): : _getPacket continue read 1044 size 1024 grp
2 sub 90
09-01 00:07:18.037 D/NVITEM ( 1031): : writeData:id=1,start=181672, bytesLen:1024
09-01 00:07:18.037 D/NVITEM ( 1031): : *****memcpy packet buf to fromChannel
09-01 00:07:18.037 D/NVITEM ( 1031): : _getPacket
09-01 00:07:18.038 D/NVITEM ( 1031): : get wake_lock 0
09-01 00:07:18.038 D/NVITEM ( 1031): : channel_read success
09-01 00:07:18.038 D/NVITEM ( 1031): : _getPacket continue read 1044 size 1024 grp
2 sub 91
09-01 00:07:18.038 D/NVITEM ( 1031): : writeData:id=1,start=182696, bytesLen:1024
09-01 00:07:18.038 D/NVITEM ( 1031): : *****memcpy packet buf to fromChannel
09-01 00:07:18.038 D/NVITEM ( 1031): : _getPacket
09-01 00:07:18.038 I/ACodec ( 766): [] Now uninitialized
09-01 00:07:18.038 D/NVITEM ( 1031): : get wake_lock 0
09-01 00:07:18.038 D/NVITEM ( 1031): : channel_read success
09-01 00:07:18.038 D/NVITEM ( 1031): : _getPacket continue read 1044 size 1024 grp
2 sub 92
09-01 00:07:18.038 D/NVITEM ( 1031): : writeData:id=1,start=183720, bytesLen:1024
09-01 00:07:18.038 D/NVITEM ( 1031): : *****memcpy packet buf to fromChannel
09-01 00:07:18.038 D/NVITEM ( 1031): : _getPacket
09-01 00:07:18.039 D/NVITEM ( 1031): : get wake_lock 0
09-01 00:07:18.039 D/NVITEM ( 1031): : channel_read success
09-01 00:07:18.039 D/NVITEM ( 1031): : _getPacket continue read 1044 size 1024 grp
2 sub 93
09-01 00:07:18.039 D/NVITEM ( 1031): : writeData:id=1,start=184744, bytesLen:1024
09-01 00:07:18.039 D/NVITEM ( 1031): : *****memcpy packet buf to fromChannel
09-01 00:07:18.039 D/NVITEM ( 1031): : _getPacket
09-01 00:07:18.039 D/NVITEM ( 1031): : get wake_lock 0
09-01 00:07:18.039 D/NVITEM ( 1031): : channel_read success
09-01 00:07:18.039 D/NVITEM ( 1031): : _getPacket continue read 1044 size 1024 grp
2 sub 94
09-01 00:07:18.039 D/NVITEM ( 1031): : writeData:id=1,start=185768, bytesLen:1024
09-01 00:07:18.039 D/NVITEM ( 1031): : *****memcpy packet buf to fromChannel
09-01 00:07:18.039 D/NVITEM ( 1031): : _getPacket
09-01 00:07:18.040 D/NVITEM ( 1031): : get wake_lock 0
09-01 00:07:18.040 D/NVITEM ( 1031): : channel_read success
09-01 00:07:18.040 D/NVITEM ( 1031): : _getPacket continue read 1044 size 1024 grp
2 sub 95
09-01 00:07:18.040 D/NVITEM ( 1031): : writeData:id=1,start=186792, bytesLen:1024
09-01 00:07:18.040 D/NVITEM ( 1031): : *****memcpy packet buf to fromChannel
09-01 00:07:18.040 D/NVITEM ( 1031): : _getPacket
09-01 00:07:18.040 D/NVITEM ( 1031): : get wake_lock 0
09-01 00:07:18.040 D/NVITEM ( 1031): : channel_read success
09-01 00:07:18.040 D/NVITEM ( 1031): : _getPacket continue read 1044 size 1024 grp
2 sub 96
09-01 00:07:18.040 D/NVITEM ( 1031): : writeData:id=1,start=187816, bytesLen:1024
09-01 00:07:18.040 D/NVITEM ( 1031): : *****memcpy packet buf to fromChannel
09-01 00:07:18.040 D/NVITEM ( 1031): : _getPacket
09-01 00:07:18.041 I/BootAnimationLoader( 965): !@ Bootanimation : Start
callBootanimServiceFinishCheckThread
09-01 00:07:18.041 D/NVITEM ( 1031): : get wake_lock 0
09-01 00:07:18.041 D/NVITEM ( 1031): : channel_read success
09-01 00:07:18.041 D/NVITEM ( 1031): : _getPacket continue read 1044 size 1024 grp
2 sub 97
09-01 00:07:18.041 D/NVITEM ( 1031): : writeData:id=1,start=188840, bytesLen:1024
09-01 00:07:18.041 D/NVITEM ( 1031): : *****memcpy packet buf to fromChannel
09-01 00:07:18.041 D/NVITEM ( 1031): : _getPacket
09-01 00:07:18.042 D/NVITEM ( 1031): : get wake_lock 0
09-01 00:07:18.042 D/NVITEM ( 1031): : channel_read success
09-01 00:07:18.042 D/NVITEM ( 1031): : _getPacket continue read 1044 size 1024 grp
2 sub 98
09-01 00:07:18.042 D/NVITEM ( 1031): : writeData:id=1,start=189864, bytesLen:1024
09-01 00:07:18.042 D/NVITEM ( 1031): : *****memcpy packet buf to fromChannel
09-01 00:07:18.042 D/NVITEM ( 1031): : _getPacket
09-01 00:07:18.042 D/NVITEM ( 1031): : get wake_lock 0
09-01 00:07:18.042 V/APM_AudioPolicyManager( 654): releaseAudioPatch() patch 6
09-01 00:07:18.042 D/NVITEM ( 1031): : channel_read success
09-01 00:07:18.042 D/NVITEM ( 1031): : _getPacket continue read 1044 size 1024 grp
2 sub 99
09-01 00:07:18.042 D/NVITEM ( 1031): : writeData:id=1,start=190888, bytesLen:1024
09-01 00:07:18.042 V/APM_AudioPolicyManager( 654): releaseAudioPatch() mUidCached
1041 patchDesc->mUid 1041 uid 1041
09-01 00:07:18.042 D/NVITEM ( 1031): : *****memcpy packet buf to fromChannel
09-01 00:07:18.042 V/APM_AudioPolicyManager( 654): releaseAudioPatchInternal patch
6
09-01 00:07:18.042 D/NVITEM ( 1031): : _getPacket
09-01 00:07:18.042 V/ZygoteInitThreadPool( 596): Class
android.content.pm.InstantAppResolveInfo$InstantAppDigest was preloaded took to
much time: 87ms
09-01 00:07:18.042 V/APM_AudioPolicyManager( 654): getNewOutputDevices selected
devices AUDIO_DEVICE_NONE
09-01 00:07:18.042 V/APM_AudioPolicyManager( 654): setOutputDevices device
AUDIO_DEVICE_NONE delayMs 0
09-01 00:07:18.042 V/APM_AudioPolicyManager( 654): setOutputDevices() prevDevice
{type:0x2,@:}
09-01 00:07:18.043 D/NVITEM ( 1031): : get wake_lock 0
09-01 00:07:18.043 D/NVITEM ( 1031): : channel_read success
09-01 00:07:18.043 D/NVITEM ( 1031): : _getPacket continue read 1044 size 1024 grp
2 sub 100
09-01 00:07:18.043 D/NVITEM ( 1031): : writeData:id=1,start=191912, bytesLen:1024
09-01 00:07:18.043 D/NVITEM ( 1031): : *****memcpy packet buf to fromChannel
09-01 00:07:18.043 D/NVITEM ( 1031): : _getPacket
09-01 00:07:18.043 I/gralloc4( 613): allocate: id=26500000005, hal_format=RGB565,
mali_format=RGB565, afbc=false, usage=CPU_RW|GPU_R|HWC, size=720x1600, stride=736,
name=samsungani565#0
09-01 00:07:18.043 D/NVITEM ( 1031): : get wake_lock 0
09-01 00:07:18.043 D/NVITEM ( 1031): : channel_read success
09-01 00:07:18.043 D/NVITEM ( 1031): : _getPacket continue read 1044 size 1024 grp
2 sub 101
09-01 00:07:18.043 D/NVITEM ( 1031): : writeData:id=1,start=192936, bytesLen:1024
09-01 00:07:18.043 D/NVITEM ( 1031): : *****memcpy packet buf to fromChannel
09-01 00:07:18.043 D/NVITEM ( 1031): : _getPacket
09-01 00:07:18.043 V/APM_AudioPolicyManager( 654): setOutputDevices changing
device to AUDIO_DEVICE_NONE
09-01 00:07:18.044 W/ZygoteInitThreadPool( 596): Class not found for preloading:
android.view.contentcapture.MainContentCaptureSession$1
09-01 00:07:18.044 I/OMXClient( 766): IOmx service obtained
09-01 00:07:18.044 I/OMXMaster( 812): makeComponentInstance(OMX.sprd.hevc.decoder)
in android.hardwar process
09-01 00:07:18.044 D/NVITEM ( 1031): : get wake_lock 0
09-01 00:07:18.044 D/NVITEM ( 1031): : channel_read success
09-01 00:07:18.044 D/NVITEM ( 1031): : _getPacket continue read 1044 size 1024 grp
2 sub 102
09-01 00:07:18.044 D/NVITEM ( 1031): : writeData:id=1,start=193960, bytesLen:1024
09-01 00:07:18.044 D/NVITEM ( 1031): : *****memcpy packet buf to fromChannel
09-01 00:07:18.044 D/NVITEM ( 1031): : _getPacket
09-01 00:07:18.045 D/NVITEM ( 1031): : get wake_lock 0
09-01 00:07:18.045 D/NVITEM ( 1031): : channel_read success
09-01 00:07:18.045 D/NVITEM ( 1031): : _getPacket continue read 1044 size 1024 grp
2 sub 103
09-01 00:07:18.045 D/NVITEM ( 1031): : writeData:id=1,start=194984, bytesLen:1024
09-01 00:07:18.045 D/NVITEM ( 1031): : *****memcpy packet buf to fromChannel
09-01 00:07:18.045 D/NVITEM ( 1031): : _getPacket
09-01 00:07:18.046 D/NVITEM ( 1031): : get wake_lock 0
09-01 00:07:18.046 D/NVITEM ( 1031): : channel_read success
09-01 00:07:18.046 D/NVITEM ( 1031): : _getPacket continue read 1044 size 1024 grp
2 sub 104
09-01 00:07:18.046 D/NVITEM ( 1031): : writeData:id=1,start=196008, bytesLen:1024
09-01 00:07:18.046 D/NVITEM ( 1031): : *****memcpy packet buf to fromChannel
09-01 00:07:18.046 D/NVITEM ( 1031): : _getPacket
09-01 00:07:18.046 V/APM_AudioPolicyManager( 654): resetOutputDevice()
releaseAudioPatch returned 0
09-01 00:07:18.047 D/NVITEM ( 1031): : get wake_lock 0
09-01 00:07:18.047 D/NVITEM ( 1031): : channel_read success
09-01 00:07:18.047 D/NVITEM ( 1031): : _getPacket continue read 1044 size 1024 grp
2 sub 105
09-01 00:07:18.047 D/NVITEM ( 1031): : writeData:id=1,start=197032, bytesLen:1024
09-01 00:07:18.047 D/NVITEM ( 1031): : *****memcpy packet buf to fromChannel
09-01 00:07:18.047 D/NVITEM ( 1031): : _getPacket
09-01 00:07:18.047 I/ServiceManager( 764): Waiting for service 'package_native' on
'/dev/binder'...
09-01 00:07:18.047 D/NVITEM ( 1031): : get wake_lock 0
09-01 00:07:18.047 D/NVITEM ( 1031): : channel_read success
09-01 00:07:18.047 D/NVITEM ( 1031): : _getPacket continue read 1044 size 1024 grp
2 sub 106
09-01 00:07:18.047 D/NVITEM ( 1031): : writeData:id=1,start=198056, bytesLen:1024
09-01 00:07:18.047 D/NVITEM ( 1031): : *****memcpy packet buf to fromChannel
09-01 00:07:18.047 D/NVITEM ( 1031): : _getPacket
09-01 00:07:18.047 V/APM_AudioPolicyManager( 654): computeVolume: stream 10, index
0, volume 0.000000, deviceTypes 0x2
09-01 00:07:18.047 V/APM_AudioPolicyManager( 654): computeVolume: stream 4, index
0, volume 0.000000, deviceTypes 0x2
09-01 00:07:18.047 V/APM_AudioPolicyManager( 654): checkAndSetVolume cannot set
volume group 3 volume with force use = 0 for comm
09-01 00:07:18.047 V/APM_AudioPolicyManager( 654): computeVolume: stream 8, index
0, volume 0.000000, deviceTypes 0x2
09-01 00:07:18.048 D/NVITEM ( 1031): : get wake_lock 0
09-01 00:07:18.048 D/NVITEM ( 1031): : channel_read success
09-01 00:07:18.048 D/NVITEM ( 1031): : _getPacket continue read 1044 size 1024 grp
2 sub 107
09-01 00:07:18.048 D/NVITEM ( 1031): : writeData:id=1,start=199080, bytesLen:1024
09-01 00:07:18.048 D/NVITEM ( 1031): : *****memcpy packet buf to fromChannel
09-01 00:07:18.048 D/NVITEM ( 1031): : _getPacket
09-01 00:07:18.048 D/NVITEM ( 1031): : get wake_lock 0
09-01 00:07:18.048 D/NVITEM ( 1031): : channel_read success
09-01 00:07:18.048 D/NVITEM ( 1031): : _getPacket continue read 1044 size 1024 grp
2 sub 108
09-01 00:07:18.048 V/APM_AudioPolicyManager( 654): computeVolume: camera shutter
sound volume 0.000000
09-01 00:07:18.048 D/NVITEM ( 1031): : writeData:id=1,start=200104, bytesLen:1024
09-01 00:07:18.048 D/NVITEM ( 1031): : *****memcpy packet buf to fromChannel
09-01 00:07:18.048 D/NVITEM ( 1031): : _getPacket
09-01 00:07:18.048 V/APM_AudioPolicyManager( 654): computeVolume: stream 3, index
0, volume 0.000000, deviceTypes 0x2
09-01 00:07:18.048 V/APM_AudioPolicyManager( 654): computeVolume: stream 3, index
1, volume 0.003981, deviceTypes 0x2
09-01 00:07:18.048 V/APM_AudioPolicyManager( 654): computeVolume: stream 5, index
0, volume 0.000000, deviceTypes 0x2
09-01 00:07:18.048 V/APM_AudioPolicyManager( 654): computeVolume: stream 2, index
0, volume 0.000000, deviceTypes 0x2
09-01 00:07:18.048 V/APM_AudioPolicyManager( 654): computeVolume: stream 1, index
0, volume 0.000000, deviceTypes 0x2
09-01 00:07:18.048 D/NVITEM ( 1031): : get wake_lock 0
09-01 00:07:18.049 D/NVITEM ( 1031): : channel_read success
09-01 00:07:18.049 D/NVITEM ( 1031): : _getPacket continue read 1044 size 1024 grp
2 sub 109
09-01 00:07:18.049 D/NVITEM ( 1031): : writeData:id=1,start=201128, bytesLen:1024
09-01 00:07:18.049 D/NVITEM ( 1031): : *****memcpy packet buf to fromChannel
09-01 00:07:18.049 D/NVITEM ( 1031): : _getPacket
09-01 00:07:18.049 V/APM_AudioPolicyManager( 654): computeVolume: stream 9, index
0, volume 0.000000, deviceTypes 0x2
09-01 00:07:18.049 V/APM_AudioPolicyManager( 654): computeVolume: stream 0, index
0, volume 0.000000, deviceTypes 0x2
09-01 00:07:18.050 V/APM_AudioPolicyManager( 654): computeVolume use music stream
11, stream=AUDIO_STREAM_ASSISTANT
09-01 00:07:18.050 V/APM_AudioPolicyManager( 654): computeVolume: stream 3, index
0, volume 0.000000, deviceTypes 0x2
09-01 00:07:18.050 V/APM_AudioPolicyManager( 654): releaseAudioPatch() patch 4
09-01 00:07:18.050 V/APM_AudioPolicyManager( 654): releaseAudioPatch() mUidCached
1041 patchDesc->mUid 1041 uid 1041
09-01 00:07:18.050 V/APM_AudioPolicyManager( 654): releaseAudioPatchInternal patch
4
09-01 00:07:18.050 V/APM_AudioPolicyManager( 654): getNewOutputDevices selected
devices AUDIO_DEVICE_NONE
09-01 00:07:18.050 V/APM_AudioPolicyManager( 654): setOutputDevices device
AUDIO_DEVICE_NONE delayMs 0
09-01 00:07:18.050 D/NVITEM ( 1031): : get wake_lock 0
09-01 00:07:18.050 D/NVITEM ( 1031): : channel_read success
09-01 00:07:18.050 V/APM_AudioPolicyManager( 654): setOutputDevices() prevDevice
{type:0x2,@:}
09-01 00:07:18.050 D/NVITEM ( 1031): : _getPacket continue read 1044 size 1024 grp
2 sub 110
09-01 00:07:18.050 D/NVITEM ( 1031): : writeData:id=1,start=202152, bytesLen:1024
09-01 00:07:18.050 D/NVITEM ( 1031): : *****memcpy packet buf to fromChannel
09-01 00:07:18.050 D/NVITEM ( 1031): : _getPacket
09-01 00:07:18.050 V/APM_AudioPolicyManager( 654): setOutputDevices changing
device to AUDIO_DEVICE_NONE
09-01 00:07:18.050 W/ZygoteInitThreadPool( 596): Class not found for preloading:
android.content.res.-$$Lambda$Resources$4msWUw7LKsgLexLZjIfWa4oguq4
09-01 00:07:18.051 V/APM_AudioPolicyManager( 654): resetOutputDevice()
releaseAudioPatch returned 0
09-01 00:07:18.051 D/NVITEM ( 1031): : get wake_lock 0
09-01 00:07:18.051 D/NVITEM ( 1031): : channel_read success
09-01 00:07:18.051 D/NVITEM ( 1031): : _getPacket continue read 1044 size 1024 grp
2 sub 111
09-01 00:07:18.051 D/NVITEM ( 1031): : writeData:id=1,start=203176, bytesLen:1024
09-01 00:07:18.051 D/NVITEM ( 1031): : *****memcpy packet buf to fromChannel
09-01 00:07:18.051 D/NVITEM ( 1031): : _getPacket
09-01 00:07:18.051 D/NVITEM ( 1031): : get wake_lock 0
09-01 00:07:18.051 D/NVITEM ( 1031): : channel_read success
09-01 00:07:18.051 D/NVITEM ( 1031): : _getPacket continue read 1044 size 1024 grp
2 sub 112
09-01 00:07:18.051 D/NVITEM ( 1031): : writeData:id=1,start=204200, bytesLen:1024
09-01 00:07:18.051 D/NVITEM ( 1031): : *****memcpy packet buf to fromChannel
09-01 00:07:18.051 D/NVITEM ( 1031): : _getPacket
09-01 00:07:18.051 V/APM_AudioPolicyManager( 654): computeVolume: stream 10, index
0, volume 0.000000, deviceTypes 0x2
09-01 00:07:18.051 V/APM_AudioPolicyManager( 654): computeVolume: stream 4, index
0, volume 0.000000, deviceTypes 0x2
09-01 00:07:18.051 V/APM_AudioPolicyManager( 654): checkAndSetVolume cannot set
volume group 3 volume with force use = 0 for comm
09-01 00:07:18.051 V/APM_AudioPolicyManager( 654): computeVolume: stream 8, index
0, volume 0.000000, deviceTypes 0x2
09-01 00:07:18.056 D/NVITEM ( 1031): : get wake_lock 0
09-01 00:07:18.057 D/NVITEM ( 1031): : channel_read success
09-01 00:07:18.058 D/NVITEM ( 1031): : _getPacket continue read 1044 size 1024 grp
2 sub 113
09-01 00:07:18.058 D/NVITEM ( 1031): : writeData:id=1,start=205224, bytesLen:1024
09-01 00:07:18.058 D/NVITEM ( 1031): : *****memcpy packet buf to fromChannel
09-01 00:07:18.058 D/NVITEM ( 1031): : _getPacket
09-01 00:07:18.058 D/NVITEM ( 1031): : get wake_lock 0
09-01 00:07:18.058 D/NVITEM ( 1031): : channel_read success
09-01 00:07:18.058 D/NVITEM ( 1031): : _getPacket continue read 1044 size 1024 grp
2 sub 114
09-01 00:07:18.058 D/NVITEM ( 1031): : writeData:id=1,start=206248, bytesLen:1024
09-01 00:07:18.058 D/NVITEM ( 1031): : *****memcpy packet buf to fromChannel
09-01 00:07:18.058 D/NVITEM ( 1031): : _getPacket
09-01 00:07:18.059 V/APM_AudioPolicyManager( 654): computeVolume: camera shutter
sound volume 0.000000
09-01 00:07:18.059 V/APM_AudioPolicyManager( 654): computeVolume: stream 3, index
0, volume 0.000000, deviceTypes 0x2
09-01 00:07:18.059 V/APM_AudioPolicyManager( 654): computeVolume: stream 3, index
1, volume 0.003981, deviceTypes 0x2
09-01 00:07:18.059 V/APM_AudioPolicyManager( 654): computeVolume: stream 5, index
0, volume 0.000000, deviceTypes 0x2
09-01 00:07:18.059 V/APM_AudioPolicyManager( 654): computeVolume: stream 2, index
0, volume 0.000000, deviceTypes 0x2
09-01 00:07:18.059 D/NVITEM ( 1031): : get wake_lock 0
09-01 00:07:18.059 V/APM_AudioPolicyManager( 654): computeVolume: stream 1, index
0, volume 0.000000, deviceTypes 0x2
09-01 00:07:18.059 D/NVITEM ( 1031): : channel_read success
09-01 00:07:18.059 D/NVITEM ( 1031): : _getPacket continue read 1044 size 1024 grp
2 sub 115
09-01 00:07:18.059 D/NVITEM ( 1031): : writeData:id=1,start=207272, bytesLen:1024
09-01 00:07:18.059 D/NVITEM ( 1031): : *****memcpy packet buf to fromChannel
09-01 00:07:18.059 D/NVITEM ( 1031): : _getPacket
09-01 00:07:18.059 D/NVITEM ( 1031): : get wake_lock 0
09-01 00:07:18.059 D/NVITEM ( 1031): : channel_read success
09-01 00:07:18.059 D/NVITEM ( 1031): : _getPacket continue read 1044 size 1024 grp
2 sub 116
09-01 00:07:18.059 D/NVITEM ( 1031): : writeData:id=1,start=208296, bytesLen:1024
09-01 00:07:18.059 D/NVITEM ( 1031): : *****memcpy packet buf to fromChannel
09-01 00:07:18.059 D/NVITEM ( 1031): : _getPacket
09-01 00:07:18.059 I/SprdSimpleOMXComponent( 812): Construct
SprdSimpleOMXComponent(0xeb003260)
09-01 00:07:18.059 I/SPRDHEVCDecoder( 812): Construct SPRDHEVCDecoder, this:
0xeb003260, clear_instances: 0, secure_instances: 0, SecureFlag: 0
09-01 00:07:18.059 I/SPRDHEVCDecoder( 812): openDecoder, lib:
libomx_hevcdec_hw_sprd.so
09-01 00:07:18.060 V/APM_AudioPolicyManager( 654): computeVolume: stream 9, index
0, volume 0.000000, deviceTypes 0x2
09-01 00:07:18.060 V/APM_AudioPolicyManager( 654): computeVolume: stream 0, index
0, volume 0.000000, deviceTypes 0x2
09-01 00:07:18.061 I/audio_hw_param( 603): init_sprd_audio_param_from_xml
profile:2 end 0xd8b4 offset:0xd8b4
09-01 00:07:18.061 V/APM_AudioPolicyManager( 654): computeVolume use music stream
11, stream=AUDIO_STREAM_ASSISTANT
09-01 00:07:18.062 D/NVITEM ( 1031): : get wake_lock 0
09-01 00:07:18.062 D/NVITEM ( 1031): : channel_read success
09-01 00:07:18.062 D/NVITEM ( 1031): : _getPacket continue read 1044 size 1024 grp
2 sub 117
09-01 00:07:18.062 D/NVITEM ( 1031): : writeData:id=1,start=209320, bytesLen:1024
09-01 00:07:18.062 D/NVITEM ( 1031): : *****memcpy packet buf to fromChannel
09-01 00:07:18.062 D/NVITEM ( 1031): : _getPacket
09-01 00:07:18.063 D/NVITEM ( 1031): : get wake_lock 0
09-01 00:07:18.063 D/NVITEM ( 1031): : channel_read success
09-01 00:07:18.063 D/NVITEM ( 1031): : _getPacket continue read 1044 size 1024 grp
2 sub 118
09-01 00:07:18.063 D/NVITEM ( 1031): : writeData:id=1,start=210344, bytesLen:1024
09-01 00:07:18.063 D/NVITEM ( 1031): : *****memcpy packet buf to fromChannel
09-01 00:07:18.063 D/NVITEM ( 1031): : _getPacket
09-01 00:07:18.064 I/audio_hw_param( 603): check audio param profile:2
buffer_size:55500 param size:55476 header size:24
09-01 00:07:18.064 I/audio_hw_param( 603): release_xml_handle:0xe9942b70
09-01 00:07:18.065 I/ServiceManager( 594): Waiting for service 'statscompanion' on
'/dev/binder'...
09-01 00:07:18.066 D/ip_monitor-793( 1051): link/none
09-01 00:07:18.069 I/VSP ( 812): libomx_hevcdec_hw_sprd.so is built on Thu Aug
11 12:57:13 KST 2022, Copyright (C) Spreadtrum, Inc.
09-01 00:07:18.069 V/APM_AudioPolicyManager( 654): computeVolume: stream 3, index
0, volume 0.000000, deviceTypes 0x2
09-01 00:07:18.069 D/NVITEM ( 1031): : get wake_lock 0
09-01 00:07:18.069 D/NVITEM ( 1031): : channel_read success
09-01 00:07:18.069 D/NVITEM ( 1031): : _getPacket continue read 1044 size 1024 grp
2 sub 119
09-01 00:07:18.069 D/NVITEM ( 1031): : writeData:id=1,start=211368, bytesLen:1024
09-01 00:07:18.069 D/NVITEM ( 1031): : *****memcpy packet buf to fromChannel
09-01 00:07:18.069 D/NVITEM ( 1031): : _getPacket
09-01 00:07:18.070 D/NVITEM ( 1031): : get wake_lock 0
09-01 00:07:18.070 D/NVITEM ( 1031): : channel_read success
09-01 00:07:18.070 D/NVITEM ( 1031): : _getPacket continue read 1044 size 1024 grp
2 sub 120
09-01 00:07:18.070 D/NVITEM ( 1031): : writeData:id=1,start=212392, bytesLen:1024
09-01 00:07:18.070 D/NVITEM ( 1031): : *****memcpy packet buf to fromChannel
09-01 00:07:18.070 D/NVITEM ( 1031): : _getPacket
09-01 00:07:18.070 I/SPRDHEVCDecoder( 812): initDecoder, Capability: profile 1,
level 4096, max wh=1920 3840
09-01 00:07:18.070 D/NVITEM ( 1031): : get wake_lock 0
09-01 00:07:18.070 I/SPRDHEVCDecoder( 812): Get IOMMU Status: 0(Success),
mSecureFlag: 0
09-01 00:07:18.070 D/NVITEM ( 1031): : channel_read success
09-01 00:07:18.070 D/NVITEM ( 1031): : _getPacket continue read 1044 size 1024 grp
2 sub 121
09-01 00:07:18.070 D/NVITEM ( 1031): : writeData:id=1,start=213416, bytesLen:1024
09-01 00:07:18.070 D/NVITEM ( 1031): : *****memcpy packet buf to fromChannel
09-01 00:07:18.070 D/NVITEM ( 1031): : _getPacket
09-01 00:07:18.070 I/SPRDHEVCDecoder( 812): allocateStreamBuffer, 0x20000000 -
0xe93d7000 - 3145728
09-01 00:07:18.070 I/SPRDHEVCDecoder( 812): SPRDHEVCDecoder, mDumpYUVEnabled: 0,
mDumpStrmEnabled: 0
09-01 00:07:18.070 I/SPRDHEVCDecoder( 812): initCheck, mInitCheck: 0x0
09-01 00:07:18.071 I/SPRD_OMX_CORE( 812): Created OMXPlugin :
OMX.sprd.hevc.decoder
09-01 00:07:18.071 D/NVITEM ( 1031): : get wake_lock 0
09-01 00:07:18.071 D/NVITEM ( 1031): : channel_read success
09-01 00:07:18.071 D/NVITEM ( 1031): : _getPacket continue read 1044 size 1024 grp
2 sub 122
09-01 00:07:18.071 D/NVITEM ( 1031): : writeData:id=1,start=214440, bytesLen:1024
09-01 00:07:18.071 D/NVITEM ( 1031): : *****memcpy packet buf to fromChannel
09-01 00:07:18.071 D/NVITEM ( 1031): : _getPacket
09-01 00:07:18.071 D/NVITEM ( 1031): : get wake_lock 0
09-01 00:07:18.071 D/NVITEM ( 1031): : channel_read success
09-01 00:07:18.071 D/NVITEM ( 1031): : _getPacket continue read 1044 size 1024 grp
2 sub 123
09-01 00:07:18.071 D/NVITEM ( 1031): : writeData:id=1,start=215464, bytesLen:1024
09-01 00:07:18.071 D/NVITEM ( 1031): : *****memcpy packet buf to fromChannel
09-01 00:07:18.071 D/NVITEM ( 1031): : _getPacket
09-01 00:07:18.072 D/NVITEM ( 1031): : get wake_lock 0
09-01 00:07:18.072 D/NVITEM ( 1031): : channel_read success
09-01 00:07:18.072 D/NVITEM ( 1031): : _getPacket continue read 1044 size 1024 grp
2 sub 124
09-01 00:07:18.072 D/NVITEM ( 1031): : writeData:id=1,start=216488, bytesLen:1024
09-01 00:07:18.072 D/NVITEM ( 1031): : *****memcpy packet buf to fromChannel
09-01 00:07:18.072 D/NVITEM ( 1031): : _getPacket
09-01 00:07:18.072 D/NVITEM ( 1031): : get wake_lock 0
09-01 00:07:18.072 D/NVITEM ( 1031): : channel_read success
09-01 00:07:18.072 D/NVITEM ( 1031): : _getPacket continue read 1044 size 1024 grp
2 sub 125
09-01 00:07:18.072 D/NVITEM ( 1031): : writeData:id=1,start=217512, bytesLen:1024
09-01 00:07:18.072 D/NVITEM ( 1031): : *****memcpy packet buf to fromChannel
09-01 00:07:18.072 D/NVITEM ( 1031): : _getPacket
09-01 00:07:18.073 D/NVITEM ( 1031): : get wake_lock 0
09-01 00:07:18.073 D/NVITEM ( 1031): : channel_read success
09-01 00:07:18.073 D/NVITEM ( 1031): : _getPacket continue read 1044 size 1024 grp
2 sub 126
09-01 00:07:18.073 D/NVITEM ( 1031): : writeData:id=1,start=218536, bytesLen:1024
09-01 00:07:18.073 D/NVITEM ( 1031): : *****memcpy packet buf to fromChannel
09-01 00:07:18.073 D/NVITEM ( 1031): : _getPacket
09-01 00:07:18.073 D/NVITEM ( 1031): : get wake_lock 0
09-01 00:07:18.073 D/NVITEM ( 1031): : channel_read success
09-01 00:07:18.073 D/NVITEM ( 1031): : _getPacket continue read 1044 size 1024 grp
2 sub 127
09-01 00:07:18.073 D/NVITEM ( 1031): : writeData:id=1,start=219560, bytesLen:1024
09-01 00:07:18.073 D/NVITEM ( 1031): : *****memcpy packet buf to fromChannel
09-01 00:07:18.073 D/NVITEM ( 1031): : _getPacket
09-01 00:07:18.074 D/NVITEM ( 1031): : get wake_lock 0
09-01 00:07:18.074 D/NVITEM ( 1031): : channel_read success
09-01 00:07:18.074 D/NVITEM ( 1031): : _getPacket continue read 1044 size 1024 grp
2 sub 128
09-01 00:07:18.074 D/NVITEM ( 1031): : writeData:id=1,start=220584, bytesLen:1024
09-01 00:07:18.074 D/NVITEM ( 1031): : *****memcpy packet buf to fromChannel
09-01 00:07:18.074 D/NVITEM ( 1031): : _getPacket
09-01 00:07:18.075 D/NVITEM ( 1031): : get wake_lock 0
09-01 00:07:18.075 D/NVITEM ( 1031): : channel_read success
09-01 00:07:18.075 D/NVITEM ( 1031): : _getPacket continue read 1044 size 1024 grp
2 sub 129
09-01 00:07:18.075 D/NVITEM ( 1031): : writeData:id=1,start=221608, bytesLen:1024
09-01 00:07:18.075 D/NVITEM ( 1031): : *****memcpy packet buf to fromChannel
09-01 00:07:18.075 D/NVITEM ( 1031): : _getPacket
09-01 00:07:18.075 I/SprdVideoDecoderOMXComponent( 812): internalGetParameter,
OMX_IndexParamVideoPortFormat, eColorFormat: 0x15
09-01 00:07:18.075 I/SprdVideoDecoderOMXComponent( 812): getExtensionIndex, name:
OMX.google.android.index.describeColorFormat
09-01 00:07:18.075 I/SprdVideoDecoderOMXComponent( 812): getExtensionIndex, name:
OMX.google.android.index.describeColorFormat2
09-01 00:07:18.075 D/NVITEM ( 1031): : get wake_lock 0
09-01 00:07:18.075 D/NVITEM ( 1031): : channel_read success
09-01 00:07:18.075 D/NVITEM ( 1031): : _getPacket continue read 1044 size 1024 grp
2 sub 130
09-01 00:07:18.075 D/NVITEM ( 1031): : writeData:id=1,start=222632, bytesLen:1024
09-01 00:07:18.075 D/NVITEM ( 1031): : *****memcpy packet buf to fromChannel
09-01 00:07:18.075 I/SprdVideoDecoderOMXComponent( 812): getExtensionIndex, name:
OMX.google.android.index.configureVideoTunnelMode
09-01 00:07:18.075 D/NVITEM ( 1031): : _getPacket
09-01 00:07:18.075 W/OMXNodeInstance( 812):
getExtensionIndex(0xebec0010:sprd.hevc.decoder,
OMX.google.android.index.configureVideoTunnelMode) (0x80001006)
09-01 00:07:18.075 D/MediaCodecInfo( 766): detail feature-tunneled-playback wasn't
present to remove
09-01 00:07:18.075 I/SprdVideoDecoderOMXComponent( 812): getExtensionIndex, name:
OMX.google.android.index.enableAndroidNativeBuffers
09-01 00:07:18.075 I/SPRDHEVCDecoder( 812): internalSetParameter, enable
AndroidNativeBuffer
09-01 00:07:18.075 I/SPRDHEVCDecoder( 812): getExtensionIndex:
OMX.google.android.index.allocateNativeHandle
09-01 00:07:18.076 E/SPRDHEVCDecoder( 812): internalSetParameter, Enable/Disable
allocateNativeHandle allowed only on input port!
09-01 00:07:18.076 W/OMXNodeInstance( 812):
setParameter(0xebec0010:sprd.hevc.decoder,
OMX.google.android.index.allocateNativeHandle(0x7f000008): Output:1 en=0)
(0x8000101b)
09-01 00:07:18.076 I/SprdVideoDecoderOMXComponent( 812): getExtensionIndex, name:
OMX.google.android.index.storeANWBufferInMetadata
09-01 00:07:18.076 I/SprdVideoDecoderOMXComponent( 812): getExtensionIndex, name:
OMX.google.android.index.storeMetaDataInBuffers
09-01 00:07:18.076 W/OMXNodeInstance( 812):
getExtensionIndex(0xebec0010:sprd.hevc.decoder,
OMX.google.android.index.storeMetaDataInBuffers) (0x80001006)
09-01 00:07:18.076 D/NVITEM ( 1031): : get wake_lock 0
09-01 00:07:18.076 D/NVITEM ( 1031): : channel_read success
09-01 00:07:18.076 D/NVITEM ( 1031): : _getPacket continue read 1044 size 1024 grp
2 sub 131
09-01 00:07:18.076 D/NVITEM ( 1031): : writeData:id=1,start=223656, bytesLen:1024
09-01 00:07:18.076 D/NVITEM ( 1031): : *****memcpy packet buf to fromChannel
09-01 00:07:18.076 D/NVITEM ( 1031): : _getPacket
09-01 00:07:18.076 D/NVITEM ( 1031): : get wake_lock 0
09-01 00:07:18.076 D/NVITEM ( 1031): : channel_read success
09-01 00:07:18.076 D/NVITEM ( 1031): : _getPacket continue read 1044 size 1024 grp
2 sub 132
09-01 00:07:18.076 D/NVITEM ( 1031): : writeData:id=1,start=224680, bytesLen:1024
09-01 00:07:18.076 D/NVITEM ( 1031): : *****memcpy packet buf to fromChannel
09-01 00:07:18.076 D/NVITEM ( 1031): : _getPacket
09-01 00:07:18.077 D/NVITEM ( 1031): : get wake_lock 0
09-01 00:07:18.077 D/NVITEM ( 1031): : channel_read success
09-01 00:07:18.077 D/NVITEM ( 1031): : _getPacket continue read 1044 size 1024 grp
2 sub 133
09-01 00:07:18.077 D/NVITEM ( 1031): : writeData:id=1,start=225704, bytesLen:1024
09-01 00:07:18.077 D/NVITEM ( 1031): : *****memcpy packet buf to fromChannel
09-01 00:07:18.077 D/NVITEM ( 1031): : _getPacket
09-01 00:07:18.077 I/SprdVideoDecoderOMXComponent( 812): getExtensionIndex, name:
OMX.google.android.index.prepareForAdaptivePlayback
09-01 00:07:18.077 I/SPRDHEVCDecoder( 812): Destruct SPRDHEVCDecoder, this:
0xeb003260, clear_instances: 1, secure_instances: 0
09-01 00:07:18.077 I/SPRDHEVCDecoder( 812): releaseStreamBuffer, 0x20000000 -
0xe93d7000 - 3145728
09-01 00:07:18.077 D/NVITEM ( 1031): : get wake_lock 0
09-01 00:07:18.077 D/NVITEM ( 1031): : channel_read success
09-01 00:07:18.077 D/NVITEM ( 1031): : _getPacket continue read 1044 size 1024 grp
2 sub 134
09-01 00:07:18.077 D/NVITEM ( 1031): : writeData:id=1,start=226728, bytesLen:1024
09-01 00:07:18.077 D/NVITEM ( 1031): : *****memcpy packet buf to fromChannel
09-01 00:07:18.077 D/NVITEM ( 1031): : _getPacket
09-01 00:07:18.078 D/NVITEM ( 1031): : get wake_lock 0
09-01 00:07:18.078 D/NVITEM ( 1031): : channel_read success
09-01 00:07:18.078 D/NVITEM ( 1031): : _getPacket continue read 1044 size 1024 grp
2 sub 135
09-01 00:07:18.078 D/NVITEM ( 1031): : writeData:id=1,start=227752, bytesLen:1024
09-01 00:07:18.078 D/NVITEM ( 1031): : *****memcpy packet buf to fromChannel
09-01 00:07:18.078 D/NVITEM ( 1031): : _getPacket
09-01 00:07:18.078 I/SprdVideoDecoderOMXComponent( 812): Destruct
SprdVideoDecoderOMXComponent, this: 0x0xeb003260
09-01 00:07:18.078 I/SprdSimpleOMXComponent( 812): Destruct
SprdSimpleOMXComponent, this: 0x0xeb003260
09-01 00:07:18.078 D/NVITEM ( 1031): : get wake_lock 0
09-01 00:07:18.078 D/NVITEM ( 1031): : channel_read success
09-01 00:07:18.078 D/NVITEM ( 1031): : _getPacket continue read 1044 size 1024 grp
2 sub 136
09-01 00:07:18.078 D/NVITEM ( 1031): : writeData:id=1,start=228776, bytesLen:1024
09-01 00:07:18.078 D/NVITEM ( 1031): : *****memcpy packet buf to fromChannel
09-01 00:07:18.078 D/NVITEM ( 1031): : _getPacket
09-01 00:07:18.079 D/NVITEM ( 1031): : get wake_lock 0
09-01 00:07:18.079 D/NVITEM ( 1031): : channel_read success
09-01 00:07:18.079 D/NVITEM ( 1031): : _getPacket continue read 1044 size 1024 grp
2 sub 137
09-01 00:07:18.079 D/NVITEM ( 1031): : writeData:id=1,start=229800, bytesLen:1024
09-01 00:07:18.079 D/NVITEM ( 1031): : *****memcpy packet buf to fromChannel
09-01 00:07:18.079 I/ACodec ( 766): [] Now uninitialized
09-01 00:07:18.079 D/NVITEM ( 1031): : _getPacket
09-01 00:07:18.079 W/ZygoteInitThreadPool( 596): Class not found for preloading:
android.widget.ActionMenuPresenter$OverflowMenuButton$1
09-01 00:07:18.079 D/NVITEM ( 1031): : get wake_lock 0
09-01 00:07:18.079 D/NVITEM ( 1031): : channel_read success
09-01 00:07:18.079 D/NVITEM ( 1031): : _getPacket continue read 1044 size 1024 grp
2 sub 138
09-01 00:07:18.079 D/NVITEM ( 1031): : writeData:id=1,start=230824, bytesLen:1024
09-01 00:07:18.079 D/NVITEM ( 1031): : *****memcpy packet buf to fromChannel
09-01 00:07:18.079 D/NVITEM ( 1031): : _getPacket
09-01 00:07:18.080 D/NVITEM ( 1031): : get wake_lock 0
09-01 00:07:18.080 D/NVITEM ( 1031): : channel_read success
09-01 00:07:18.080 D/NVITEM ( 1031): : _getPacket continue read 1044 size 1024 grp
2 sub 139
09-01 00:07:18.080 D/NVITEM ( 1031): : writeData:id=1,start=231848, bytesLen:1024
09-01 00:07:18.080 D/NVITEM ( 1031): : *****memcpy packet buf to fromChannel
09-01 00:07:18.080 D/NVITEM ( 1031): : _getPacket
09-01 00:07:18.080 I/OMXClient( 766): IOmx service obtained
09-01 00:07:18.080 I/OMXMaster( 812):
makeComponentInstance(OMX.sprd.hevc.decoder.secure) in android.hardwar process
09-01 00:07:18.080 D/NVITEM ( 1031): : get wake_lock 0
09-01 00:07:18.080 D/NVITEM ( 1031): : channel_read success
09-01 00:07:18.080 D/NVITEM ( 1031): : _getPacket continue read 1044 size 1024 grp
2 sub 140
09-01 00:07:18.080 D/NVITEM ( 1031): : writeData:id=1,start=232872, bytesLen:1024
09-01 00:07:18.080 D/NVITEM ( 1031): : *****memcpy packet buf to fromChannel
09-01 00:07:18.081 D/NVITEM ( 1031): : _getPacket
09-01 00:07:18.081 D/NVITEM ( 1031): : get wake_lock 0
09-01 00:07:18.081 D/NVITEM ( 1031): : channel_read success
09-01 00:07:18.081 D/NVITEM ( 1031): : _getPacket continue read 1044 size 1024 grp
2 sub 141
09-01 00:07:18.081 D/NVITEM ( 1031): : writeData:id=1,start=233896, bytesLen:1024
09-01 00:07:18.081 D/NVITEM ( 1031): : *****memcpy packet buf to fromChannel
09-01 00:07:18.081 D/NVITEM ( 1031): : _getPacket
09-01 00:07:18.081 D/NVITEM ( 1031): : get wake_lock 0
09-01 00:07:18.082 D/NVITEM ( 1031): : channel_read success
09-01 00:07:18.082 D/NVITEM ( 1031): : _getPacket continue read 1044 size 1024 grp
2 sub 142
09-01 00:07:18.082 D/NVITEM ( 1031): : writeData:id=1,start=234920, bytesLen:1024
09-01 00:07:18.082 D/NVITEM ( 1031): : *****memcpy packet buf to fromChannel
09-01 00:07:18.082 D/NVITEM ( 1031): : _getPacket
09-01 00:07:18.082 I/SprdSimpleOMXComponent( 812): Construct
SprdSimpleOMXComponent(0xeb003260)
09-01 00:07:18.082 I/SPRDHEVCDecoder( 812): Construct SPRDHEVCDecoder, this:
0xeb003260, clear_instances: 0, secure_instances: 0, SecureFlag: 1
09-01 00:07:18.082 I/SPRDHEVCDecoder( 812): openDecoder, lib:
libomx_hevcdec_hw_sprd_secure.so
09-01 00:07:18.082 D/NVITEM ( 1031): : get wake_lock 0
09-01 00:07:18.082 D/NVITEM ( 1031): : channel_read success
09-01 00:07:18.082 D/NVITEM ( 1031): : _getPacket continue read 1044 size 1024 grp
2 sub 143
09-01 00:07:18.082 D/NVITEM ( 1031): : writeData:id=1,start=235944, bytesLen:1024
09-01 00:07:18.082 D/NVITEM ( 1031): : *****memcpy packet buf to fromChannel
09-01 00:07:18.082 D/NVITEM ( 1031): : _getPacket
09-01 00:07:18.083 D/NVITEM ( 1031): : get wake_lock 0
09-01 00:07:18.083 D/NVITEM ( 1031): : channel_read success
09-01 00:07:18.083 D/NVITEM ( 1031): : _getPacket continue read 1044 size 1024 grp
2 sub 144
09-01 00:07:18.083 D/NVITEM ( 1031): : writeData:id=1,start=236968, bytesLen:1024
09-01 00:07:18.083 D/NVITEM ( 1031): : *****memcpy packet buf to fromChannel
09-01 00:07:18.083 D/NVITEM ( 1031): : _getPacket
09-01 00:07:18.083 D/NVITEM ( 1031): : get wake_lock 0
09-01 00:07:18.083 D/NVITEM ( 1031): : channel_read success
09-01 00:07:18.083 D/NVITEM ( 1031): : _getPacket continue read 1044 size 1024 grp
2 sub 145
09-01 00:07:18.083 D/NVITEM ( 1031): : writeData:id=1,start=237992, bytesLen:1024
09-01 00:07:18.083 D/NVITEM ( 1031): : *****memcpy packet buf to fromChannel
09-01 00:07:18.083 D/NVITEM ( 1031): : _getPacket
09-01 00:07:18.084 D/NVITEM ( 1031): : get wake_lock 0
09-01 00:07:18.084 D/NVITEM ( 1031): : channel_read success
09-01 00:07:18.084 D/NVITEM ( 1031): : _getPacket continue read 1044 size 1024 grp
2 sub 146
09-01 00:07:18.084 D/NVITEM ( 1031): : writeData:id=1,start=239016, bytesLen:1024
09-01 00:07:18.084 D/NVITEM ( 1031): : *****memcpy packet buf to fromChannel
09-01 00:07:18.084 D/NVITEM ( 1031): : _getPacket
09-01 00:07:18.084 D/NVITEM ( 1031): : get wake_lock 0
09-01 00:07:18.084 D/NVITEM ( 1031): : channel_read success
09-01 00:07:18.084 D/NVITEM ( 1031): : _getPacket continue read 1044 size 1024 grp
2 sub 147
09-01 00:07:18.084 D/NVITEM ( 1031): : writeData:id=1,start=240040, bytesLen:1024
09-01 00:07:18.084 D/NVITEM ( 1031): : *****memcpy packet buf to fromChannel
09-01 00:07:18.084 D/NVITEM ( 1031): : _getPacket
09-01 00:07:18.085 D/NVITEM ( 1031): : get wake_lock 0
09-01 00:07:18.085 D/NVITEM ( 1031): : channel_read success
09-01 00:07:18.085 D/NVITEM ( 1031): : _getPacket continue read 1044 size 1024 grp
2 sub 148
09-01 00:07:18.085 D/NVITEM ( 1031): : writeData:id=1,start=241064, bytesLen:1024
09-01 00:07:18.085 D/NVITEM ( 1031): : *****memcpy packet buf to fromChannel
09-01 00:07:18.085 D/NVITEM ( 1031): : _getPacket
09-01 00:07:18.085 D/NVITEM ( 1031): : get wake_lock 0
09-01 00:07:18.085 D/NVITEM ( 1031): : channel_read success
09-01 00:07:18.085 D/NVITEM ( 1031): : _getPacket continue read 1044 size 1024 grp
2 sub 149
09-01 00:07:18.085 D/NVITEM ( 1031): : writeData:id=1,start=242088, bytesLen:1024
09-01 00:07:18.085 D/NVITEM ( 1031): : *****memcpy packet buf to fromChannel
09-01 00:07:18.085 D/NVITEM ( 1031): : _getPacket
09-01 00:07:18.086 D/NVITEM ( 1031): : get wake_lock 0
09-01 00:07:18.086 D/NVITEM ( 1031): : channel_read success
09-01 00:07:18.086 D/NVITEM ( 1031): : _getPacket continue read 1044 size 1024 grp
2 sub 150
09-01 00:07:18.086 D/NVITEM ( 1031): : writeData:id=1,start=243112, bytesLen:1024
09-01 00:07:18.086 D/NVITEM ( 1031): : *****memcpy packet buf to fromChannel
09-01 00:07:18.086 D/NVITEM ( 1031): : _getPacket
09-01 00:07:18.086 D/NVITEM ( 1031): : get wake_lock 0
09-01 00:07:18.086 D/NVITEM ( 1031): : channel_read success
09-01 00:07:18.086 D/NVITEM ( 1031): : _getPacket continue read 1044 size 1024 grp
2 sub 151
09-01 00:07:18.086 D/NVITEM ( 1031): : writeData:id=1,start=244136, bytesLen:1024
09-01 00:07:18.086 D/NVITEM ( 1031): : *****memcpy packet buf to fromChannel
09-01 00:07:18.086 D/NVITEM ( 1031): : _getPacket
09-01 00:07:18.087 D/NVITEM ( 1031): : get wake_lock 0
09-01 00:07:18.087 D/NVITEM ( 1031): : channel_read success
09-01 00:07:18.087 D/NVITEM ( 1031): : _getPacket continue read 1044 size 1024 grp
2 sub 152
09-01 00:07:18.087 D/NVITEM ( 1031): : writeData:id=1,start=245160, bytesLen:1024
09-01 00:07:18.087 D/NVITEM ( 1031): : *****memcpy packet buf to fromChannel
09-01 00:07:18.087 D/NVITEM ( 1031): : _getPacket
09-01 00:07:18.087 I/VSP ( 812): libomx_hevcdec_hw_sprd.so is built on Thu Aug
11 12:57:13 KST 2022, Copyright (C) Spreadtrum, Inc.
09-01 00:07:18.087 D/NVITEM ( 1031): : get wake_lock 0
09-01 00:07:18.087 D/NVITEM ( 1031): : channel_read success
09-01 00:07:18.087 D/NVITEM ( 1031): : _getPacket continue read 1044 size 1024 grp
2 sub 153
09-01 00:07:18.087 D/NVITEM ( 1031): : writeData:id=1,start=246184, bytesLen:1024
09-01 00:07:18.087 D/NVITEM ( 1031): : *****memcpy packet buf to fromChannel
09-01 00:07:18.087 D/NVITEM ( 1031): : _getPacket
09-01 00:07:18.088 D/NVITEM ( 1031): : get wake_lock 0
09-01 00:07:18.088 D/NVITEM ( 1031): : channel_read success
09-01 00:07:18.088 D/NVITEM ( 1031): : _getPacket continue read 1044 size 1024 grp
2 sub 154
09-01 00:07:18.088 D/NVITEM ( 1031): : writeData:id=1,start=247208, bytesLen:1024
09-01 00:07:18.088 D/NVITEM ( 1031): : *****memcpy packet buf to fromChannel
09-01 00:07:18.088 D/NVITEM ( 1031): : _getPacket
09-01 00:07:18.089 D/NVITEM ( 1031): : get wake_lock 0
09-01 00:07:18.089 D/NVITEM ( 1031): : channel_read success
09-01 00:07:18.089 D/NVITEM ( 1031): : _getPacket continue read 1044 size 1024 grp
2 sub 155
09-01 00:07:18.089 D/NVITEM ( 1031): : writeData:id=1,start=248232, bytesLen:1024
09-01 00:07:18.089 D/NVITEM ( 1031): : *****memcpy packet buf to fromChannel
09-01 00:07:18.089 D/NVITEM ( 1031): : _getPacket
09-01 00:07:18.089 D/NVITEM ( 1031): : get wake_lock 0
09-01 00:07:18.089 D/NVITEM ( 1031): : channel_read success
09-01 00:07:18.089 D/NVITEM ( 1031): : _getPacket continue read 1044 size 1024 grp
2 sub 156
09-01 00:07:18.089 D/NVITEM ( 1031): : writeData:id=1,start=249256, bytesLen:1024
09-01 00:07:18.089 D/NVITEM ( 1031): : *****memcpy packet buf to fromChannel
09-01 00:07:18.089 D/NVITEM ( 1031): : _getPacket
09-01 00:07:18.090 D/NVITEM ( 1031): : get wake_lock 0
09-01 00:07:18.090 D/NVITEM ( 1031): : channel_read success
09-01 00:07:18.090 D/NVITEM ( 1031): : _getPacket continue read 1044 size 1024 grp
2 sub 157
09-01 00:07:18.090 D/NVITEM ( 1031): : writeData:id=1,start=250280, bytesLen:1024
09-01 00:07:18.090 D/NVITEM ( 1031): : *****memcpy packet buf to fromChannel
09-01 00:07:18.090 D/NVITEM ( 1031): : _getPacket
09-01 00:07:18.090 D/NVITEM ( 1031): : get wake_lock 0
09-01 00:07:18.090 D/NVITEM ( 1031): : channel_read success
09-01 00:07:18.090 D/NVITEM ( 1031): : _getPacket continue read 1044 size 1024 grp
2 sub 158
09-01 00:07:18.090 D/NVITEM ( 1031): : writeData:id=1,start=251304, bytesLen:1024
09-01 00:07:18.090 D/NVITEM ( 1031): : *****memcpy packet buf to fromChannel
09-01 00:07:18.090 D/NVITEM ( 1031): : _getPacket
09-01 00:07:18.091 D/NVITEM ( 1031): : get wake_lock 0
09-01 00:07:18.091 D/NVITEM ( 1031): : channel_read success
09-01 00:07:18.091 D/NVITEM ( 1031): : _getPacket continue read 1044 size 1024 grp
2 sub 159
09-01 00:07:18.091 D/NVITEM ( 1031): : writeData:id=1,start=252328, bytesLen:1024
09-01 00:07:18.091 D/NVITEM ( 1031): : *****memcpy packet buf to fromChannel
09-01 00:07:18.091 D/NVITEM ( 1031): : _getPacket
09-01 00:07:18.091 D/NVITEM ( 1031): : get wake_lock 0
09-01 00:07:18.091 D/NVITEM ( 1031): : channel_read success
09-01 00:07:18.091 D/NVITEM ( 1031): : _getPacket continue read 1044 size 1024 grp
2 sub 160
09-01 00:07:18.091 D/NVITEM ( 1031): : writeData:id=1,start=253352, bytesLen:1024
09-01 00:07:18.091 D/NVITEM ( 1031): : *****memcpy packet buf to fromChannel
09-01 00:07:18.091 D/NVITEM ( 1031): : _getPacket
09-01 00:07:18.093 D/NVITEM ( 1031): : get wake_lock 0
09-01 00:07:18.093 D/NVITEM ( 1031): : channel_read success
09-01 00:07:18.093 D/NVITEM ( 1031): : _getPacket continue read 1044 size 1024 grp
2 sub 161
09-01 00:07:18.093 D/NVITEM ( 1031): : writeData:id=1,start=254376, bytesLen:1024
09-01 00:07:18.093 D/NVITEM ( 1031): : *****memcpy packet buf to fromChannel
09-01 00:07:18.093 D/NVITEM ( 1031): : _getPacket
09-01 00:07:18.093 D/NVITEM ( 1031): : get wake_lock 0
09-01 00:07:18.093 D/NVITEM ( 1031): : channel_read success
09-01 00:07:18.093 D/NVITEM ( 1031): : _getPacket continue read 1044 size 1024 grp
2 sub 162
09-01 00:07:18.093 D/NVITEM ( 1031): : writeData:id=1,start=255400, bytesLen:1024
09-01 00:07:18.093 D/NVITEM ( 1031): : *****memcpy packet buf to fromChannel
09-01 00:07:18.093 D/NVITEM ( 1031): : _getPacket
09-01 00:07:18.094 D/vendor.sprd.hardware.trusty@1.0-TructyClientProvider( 650):
request to create new client com.android.trusty.vsp
09-01 00:07:18.094 D/NVITEM ( 1031): : get wake_lock 0
09-01 00:07:18.094 D/NVITEM ( 1031): : channel_read success
09-01 00:07:18.094 D/NVITEM ( 1031): : _getPacket continue read 1044 size 1024 grp
2 sub 163
09-01 00:07:18.094 D/NVITEM ( 1031): : writeData:id=1,start=256424, bytesLen:1024
09-01 00:07:18.094 D/NVITEM ( 1031): : *****memcpy packet buf to fromChannel
09-01 00:07:18.094 D/NVITEM ( 1031): : _getPacket
09-01 00:07:18.094 D/vendor.sprd.hardware.trusty@1.0-TructyClient( 650): connect
to com.android.trusty.vsp success
09-01 00:07:18.094 D/NVITEM ( 1031): : get wake_lock 0
09-01 00:07:18.094 D/NVITEM ( 1031): : channel_read success
09-01 00:07:18.094 D/NVITEM ( 1031): : _getPacket continue read 1044 size 1024 grp
2 sub 164
09-01 00:07:18.094 D/NVITEM ( 1031): : writeData:id=1,start=257448, bytesLen:1024
09-01 00:07:18.094 D/NVITEM ( 1031): : *****memcpy packet buf to fromChannel
09-01 00:07:18.094 D/NVITEM ( 1031): : _getPacket
09-01 00:07:18.095 I/VSP_CA ( 812): open_tee_vsp: vsp_ca connect ta,
handle=0xebec0780
09-01 00:07:18.095 D/VSP_CA ( 812): Enter trusty_vsp_call, cmd is 20000000,
in_size = 4
09-01 00:07:18.095 D/NVITEM ( 1031): : get wake_lock 0
09-01 00:07:18.095 D/NVITEM ( 1031): : channel_read success
09-01 00:07:18.095 D/NVITEM ( 1031): : _getPacket continue read 1044 size 1024 grp
2 sub 165
09-01 00:07:18.095 D/NVITEM ( 1031): : writeData:id=1,start=258472, bytesLen:1024
09-01 00:07:18.095 D/NVITEM ( 1031): : *****memcpy packet buf to fromChannel
09-01 00:07:18.095 D/NVITEM ( 1031): : _getPacket
09-01 00:07:18.095 D/NVITEM ( 1031): : get wake_lock 0
09-01 00:07:18.096 D/NVITEM ( 1031): : channel_read success
09-01 00:07:18.096 D/NVITEM ( 1031): : _getPacket continue read 1044 size 1024 grp
2 sub 166
09-01 00:07:18.096 D/NVITEM ( 1031): : writeData:id=1,start=259496, bytesLen:1024
09-01 00:07:18.096 D/NVITEM ( 1031): : *****memcpy packet buf to fromChannel
09-01 00:07:18.096 D/NVITEM ( 1031): : _getPacket
09-01 00:07:18.096 D/VSP_CA ( 812): trusty_vsp_call, 92, recv info size 364
09-01 00:07:18.096 D/VSP_CA ( 812): CA read response(20000001) from TA, out_size
is 360.
09-01 00:07:18.096 I/VSP ( 812): InitInTos 11, result=0, out size 360
09-01 00:07:18.096 I/VSP ( 812): H265DecInit, 367, ret= 0, out size 360,
instance id 0
09-01 00:07:18.096 I/SPRDHEVCDecoder( 812): initDecoder, Capability: profile 1,
level 4096, max wh=1920 3840
09-01 00:07:18.096 I/SPRDHEVCDecoder( 812): Get IOMMU Status: 0(Success),
mSecureFlag: 1
09-01 00:07:18.096 I/SPRDHEVCDecoder( 812): allocateStreamBuffer, 0xa4bec000 -
0xe92dd000 - 3145728
09-01 00:07:18.096 I/SPRDHEVCDecoder( 812): SPRDHEVCDecoder, mDumpYUVEnabled: 0,
mDumpStrmEnabled: 0
09-01 00:07:18.096 I/SPRDHEVCDecoder( 812): initCheck, mInitCheck: 0x0
09-01 00:07:18.096 I/SPRD_OMX_CORE( 812): Created OMXPlugin :
OMX.sprd.hevc.decoder.secure
09-01 00:07:18.096 D/NVITEM ( 1031): : get wake_lock 0
09-01 00:07:18.096 D/NVITEM ( 1031): : channel_read success
09-01 00:07:18.096 D/NVITEM ( 1031): : _getPacket continue read 1044 size 1024 grp
2 sub 167
09-01 00:07:18.096 D/NVITEM ( 1031): : writeData:id=1,start=260520, bytesLen:1024
09-01 00:07:18.096 D/NVITEM ( 1031): : *****memcpy packet buf to fromChannel
09-01 00:07:18.096 D/NVITEM ( 1031): : _getPacket
09-01 00:07:18.097 D/NVITEM ( 1031): : get wake_lock 0
09-01 00:07:18.097 D/NVITEM ( 1031): : channel_read success
09-01 00:07:18.097 D/NVITEM ( 1031): : _getPacket continue read 1044 size 1024 grp
2 sub 168
09-01 00:07:18.097 D/NVITEM ( 1031): : writeData:id=1,start=261544, bytesLen:1024
09-01 00:07:18.097 D/NVITEM ( 1031): : *****memcpy packet buf to fromChannel
09-01 00:07:18.097 D/NVITEM ( 1031): : _getPacket
09-01 00:07:18.097 I/ServiceManager( 779): Waiting for service 'package_native' on
'/dev/binder'...
09-01 00:07:18.097 D/NVITEM ( 1031): : get wake_lock 0
09-01 00:07:18.097 D/NVITEM ( 1031): : channel_read success
09-01 00:07:18.097 D/NVITEM ( 1031): : _getPacket continue read 1044 size 1024 grp
2 sub 169
