09-01 00:07:18.097 D/NVITEM ( 1031): : writeData:id=1,start=262568, bytesLen:1024
09-01 00:07:18.097 D/NVITEM ( 1031): : *****memcpy packet buf to fromChannel
09-01 00:07:18.097 D/NVITEM ( 1031): : _getPacket
09-01 00:07:18.098 D/NVITEM ( 1031): : get wake_lock 0
09-01 00:07:18.098 D/NVITEM ( 1031): : channel_read success
09-01 00:07:18.098 D/NVITEM ( 1031): : _getPacket continue read 1044 size 1024 grp
2 sub 170
09-01 00:07:18.098 D/NVITEM ( 1031): : writeData:id=1,start=263592, bytesLen:1024
09-01 00:07:18.098 D/NVITEM ( 1031): : *****memcpy packet buf to fromChannel
09-01 00:07:18.098 I/SprdVideoDecoderOMXComponent( 812): internalGetParameter,
OMX_IndexParamVideoPortFormat, eColorFormat: 0x15
09-01 00:07:18.098 D/NVITEM ( 1031): : _getPacket
09-01 00:07:18.098 I/SprdVideoDecoderOMXComponent( 812): getExtensionIndex, name:
OMX.google.android.index.describeColorFormat
09-01 00:07:18.098 I/SprdVideoDecoderOMXComponent( 812): getExtensionIndex, name:
OMX.google.android.index.describeColorFormat2
09-01 00:07:18.098 D/NVITEM ( 1031): : get wake_lock 0
09-01 00:07:18.098 D/NVITEM ( 1031): : channel_read success
09-01 00:07:18.098 D/NVITEM ( 1031): : _getPacket continue read 1044 size 1024 grp
2 sub 171
09-01 00:07:18.098 D/NVITEM ( 1031): : writeData:id=1,start=264616, bytesLen:1024
09-01 00:07:18.098 D/NVITEM ( 1031): : *****memcpy packet buf to fromChannel
09-01 00:07:18.098 I/SprdVideoDecoderOMXComponent( 812): getExtensionIndex, name:
OMX.google.android.index.configureVideoTunnelMode
09-01 00:07:18.098 W/OMXNodeInstance( 812):
getExtensionIndex(0xebec0a90:sprd.hevc.decoder.secure,
OMX.google.android.index.configureVideoTunnelMode) (0x80001006)
09-01 00:07:18.098 D/NVITEM ( 1031): : _getPacket
09-01 00:07:18.099 D/MediaCodecInfo( 766): detail feature-tunneled-playback wasn't
present to remove
09-01 00:07:18.099 I/SprdVideoDecoderOMXComponent( 812): getExtensionIndex, name:
OMX.google.android.index.enableAndroidNativeBuffers
09-01 00:07:18.099 I/SPRDHEVCDecoder( 812): internalSetParameter, enable
AndroidNativeBuffer
09-01 00:07:18.099 I/SPRDHEVCDecoder( 812): getExtensionIndex:
OMX.google.android.index.allocateNativeHandle
09-01 00:07:18.099 E/SPRDHEVCDecoder( 812): internalSetParameter, Enable/Disable
allocateNativeHandle allowed only on input port!
09-01 00:07:18.099 W/OMXNodeInstance( 812):
setParameter(0xebec0a90:sprd.hevc.decoder.secure,
OMX.google.android.index.allocateNativeHandle(0x7f000008): Output:1 en=0)
(0x8000101b)
09-01 00:07:18.099 I/SprdVideoDecoderOMXComponent( 812): getExtensionIndex, name:
OMX.google.android.index.storeANWBufferInMetadata
09-01 00:07:18.099 I/SprdVideoDecoderOMXComponent( 812): getExtensionIndex, name:
OMX.google.android.index.storeMetaDataInBuffers
09-01 00:07:18.099 W/OMXNodeInstance( 812):
getExtensionIndex(0xebec0a90:sprd.hevc.decoder.secure,
OMX.google.android.index.storeMetaDataInBuffers) (0x80001006)
09-01 00:07:18.099 I/SprdVideoDecoderOMXComponent( 812): getExtensionIndex, name:
OMX.google.android.index.prepareForAdaptivePlayback
09-01 00:07:18.099 D/NVITEM ( 1031): : get wake_lock 0
09-01 00:07:18.099 D/NVITEM ( 1031): : channel_read success
09-01 00:07:18.099 D/NVITEM ( 1031): : _getPacket continue read 1044 size 1024 grp
2 sub 172
09-01 00:07:18.099 D/NVITEM ( 1031): : writeData:id=1,start=265640, bytesLen:1024
09-01 00:07:18.099 D/NVITEM ( 1031): : *****memcpy packet buf to fromChannel
09-01 00:07:18.099 D/NVITEM ( 1031): : _getPacket
09-01 00:07:18.099 I/SPRDHEVCDecoder( 812): Destruct SPRDHEVCDecoder, this:
0xeb003260, clear_instances: 0, secure_instances: 1
09-01 00:07:18.099 I/SPRDHEVCDecoder( 812): releaseStreamBuffer, 0xa4bec000 -
0xe92dd000 - 3145728
09-01 00:07:18.099 D/VSP_CA ( 812): Enter trusty_vsp_call, cmd is 20000008,
in_size = 0
09-01 00:07:18.099 D/NVITEM ( 1031): : get wake_lock 0
09-01 00:07:18.099 D/NVITEM ( 1031): : channel_read success
09-01 00:07:18.099 D/NVITEM ( 1031): : _getPacket continue read 1044 size 1024 grp
2 sub 173
09-01 00:07:18.099 D/NVITEM ( 1031): : writeData:id=1,start=266664, bytesLen:1024
09-01 00:07:18.099 D/NVITEM ( 1031): : *****memcpy packet buf to fromChannel
09-01 00:07:18.099 D/NVITEM ( 1031): : _getPacket
09-01 00:07:18.100 E/libc ( 965): Access denied finding property
"persist.vendor.sf.fbc"
09-01 00:07:18.100 E/libc ( 965): Access denied finding property
"persist.vendor.gpu.fbc"
09-01 00:07:18.100 D/VSP_CA ( 812): trusty_vsp_call, 92, recv info size 4
09-01 00:07:18.100 E/libc ( 965): Access denied finding property
"persist.vendor.vsp.fbc"
09-01 00:07:18.100 D/NVITEM ( 1031): : get wake_lock 0
09-01 00:07:18.100 D/VSP_CA ( 812): CA read response(20000009) from TA, out_size
is 0.
09-01 00:07:18.100 D/NVITEM ( 1031): : channel_read success
09-01 00:07:18.100 D/NVITEM ( 1031): : _getPacket continue read 1044 size 1024 grp
2 sub 174
09-01 00:07:18.100 I/VSP ( 812): ReleaseInTos 28,result=0
09-01 00:07:18.100 D/NVITEM ( 1031): : writeData:id=1,start=267688, bytesLen:1024
09-01 00:07:18.100 D/NVITEM ( 1031): : *****memcpy packet buf to fromChannel
09-01 00:07:18.100 I/VSP_CA ( 812): close_tee_vsp: handle -336853120 disconnect
ta.
09-01 00:07:18.100 D/NVITEM ( 1031): : _getPacket
09-01 00:07:18.100 D/vendor.sprd.hardware.trusty@1.0-TructyClient( 650): client is
to be closed
09-01 00:07:18.100 E/vendor.sprd.hardware.trusty@1.0-TructyClient( 650): client
has been closed
09-01 00:07:18.101 E/ion ( 965): ioctl c0044901 failed with code -1:
Inappropriate ioctl for device
09-01 00:07:18.101 I/SprdVideoDecoderOMXComponent( 812): Destruct
SprdVideoDecoderOMXComponent, this: 0x0xeb003260
09-01 00:07:18.101 I/SprdSimpleOMXComponent( 812): Destruct
SprdSimpleOMXComponent, this: 0x0xeb003260
09-01 00:07:18.102 I/ACodec ( 766): [] Now uninitialized
09-01 00:07:18.103 I/OMXClient( 766): IOmx service obtained
09-01 00:07:18.103 I/OMXMaster( 812): makeComponentInstance(OMX.SEC.mpeg4.sw.dec)
in android.hardwar process
09-01 00:07:18.104 D/NVITEM ( 1031): : get wake_lock 0
09-01 00:07:18.105 D/NVITEM ( 1031): : channel_read success
09-01 00:07:18.105 D/NVITEM ( 1031): : _getPacket continue read 1044 size 1024 grp
2 sub 175
09-01 00:07:18.105 D/NVITEM ( 1031): : writeData:id=1,start=268712, bytesLen:1024
09-01 00:07:18.105 D/NVITEM ( 1031): : *****memcpy packet buf to fromChannel
09-01 00:07:18.105 D/NVITEM ( 1031): : _getPacket
09-01 00:07:18.105 D/NVITEM ( 1031): : get wake_lock 0
09-01 00:07:18.105 D/NVITEM ( 1031): : channel_read success
09-01 00:07:18.105 D/NVITEM ( 1031): : _getPacket continue read 1044 size 1024 grp
2 sub 176
09-01 00:07:18.105 D/NVITEM ( 1031): : writeData:id=1,start=269736, bytesLen:1024
09-01 00:07:18.105 D/NVITEM ( 1031): : *****memcpy packet buf to fromChannel
09-01 00:07:18.105 D/NVITEM ( 1031): : _getPacket
09-01 00:07:18.106 D/NVITEM ( 1031): : get wake_lock 0
09-01 00:07:18.106 D/NVITEM ( 1031): : channel_read success
09-01 00:07:18.106 D/NVITEM ( 1031): : _getPacket continue read 1044 size 1024 grp
2 sub 177
09-01 00:07:18.106 D/NVITEM ( 1031): : writeData:id=1,start=270760, bytesLen:1024
09-01 00:07:18.106 D/NVITEM ( 1031): : *****memcpy packet buf to fromChannel
09-01 00:07:18.106 D/NVITEM ( 1031): : _getPacket
09-01 00:07:18.106 D/NVITEM ( 1031): : get wake_lock 0
09-01 00:07:18.106 D/NVITEM ( 1031): : channel_read success
09-01 00:07:18.106 D/NVITEM ( 1031): : _getPacket continue read 1044 size 1024 grp
2 sub 178
09-01 00:07:18.106 D/NVITEM ( 1031): : writeData:id=1,start=271784, bytesLen:1024
09-01 00:07:18.106 D/NVITEM ( 1031): : *****memcpy packet buf to fromChannel
09-01 00:07:18.106 D/NVITEM ( 1031): : _getPacket
09-01 00:07:18.107 D/NVITEM ( 1031): : get wake_lock 0
09-01 00:07:18.107 D/NVITEM ( 1031): : channel_read success
09-01 00:07:18.107 D/NVITEM ( 1031): : _getPacket continue read 1044 size 1024 grp
2 sub 179
09-01 00:07:18.107 D/NVITEM ( 1031): : writeData:id=1,start=272808, bytesLen:1024
09-01 00:07:18.107 D/NVITEM ( 1031): : *****memcpy packet buf to fromChannel
09-01 00:07:18.107 D/NVITEM ( 1031): : _getPacket
09-01 00:07:18.107 I/SurfaceFlinger( 663): Enter boot animation
09-01 00:07:18.107 D/NVITEM ( 1031): : get wake_lock 0
09-01 00:07:18.108 D/NVITEM ( 1031): : channel_read success
09-01 00:07:18.108 D/NVITEM ( 1031): : _getPacket continue read 1044 size 1024 grp
2 sub 180
09-01 00:07:18.108 D/NVITEM ( 1031): : writeData:id=1,start=273832, bytesLen:1024
09-01 00:07:18.108 D/NVITEM ( 1031): : *****memcpy packet buf to fromChannel
09-01 00:07:18.108 D/NVITEM ( 1031): : _getPacket
09-01 00:07:18.108 D/NVITEM ( 1031): : get wake_lock 0
09-01 00:07:18.108 D/NVITEM ( 1031): : channel_read success
09-01 00:07:18.108 D/NVITEM ( 1031): : _getPacket continue read 1044 size 1024 grp
2 sub 181
09-01 00:07:18.108 D/NVITEM ( 1031): : writeData:id=1,start=274856, bytesLen:1024
09-01 00:07:18.108 D/NVITEM ( 1031): : *****memcpy packet buf to fromChannel
09-01 00:07:18.108 D/NVITEM ( 1031): : _getPacket
09-01 00:07:18.108 E/FMQ ( 663): grantorIdx must be less than 3
09-01 00:07:18.109 D/NVITEM ( 1031): : get wake_lock 0
09-01 00:07:18.109 I/gralloc4( 613): allocate: id=26500000006, hal_format=RGB565,
mali_format=RGB565, afbc=false, usage=CPU_RW|GPU_R|HWC, size=720x1600, stride=736,
name=samsungani565#0
09-01 00:07:18.109 D/NVITEM ( 1031): : channel_read success
09-01 00:07:18.109 D/NVITEM ( 1031): : _getPacket continue read 1044 size 1024 grp
2 sub 182
09-01 00:07:18.109 D/NVITEM ( 1031): : writeData:id=1,start=275880, bytesLen:1024
09-01 00:07:18.109 D/NVITEM ( 1031): : *****memcpy packet buf to fromChannel
09-01 00:07:18.109 D/NVITEM ( 1031): : _getPacket
09-01 00:07:18.109 E/FMQ ( 614): grantorIdx must be less than 3
09-01 00:07:18.109 D/NVITEM ( 1031): : get wake_lock 0
09-01 00:07:18.109 D/NVITEM ( 1031): : channel_read success
09-01 00:07:18.109 D/NVITEM ( 1031): : _getPacket continue read 1044 size 1024 grp
2 sub 183
09-01 00:07:18.109 D/NVITEM ( 1031): : writeData:id=1,start=276904, bytesLen:1024
09-01 00:07:18.109 D/NVITEM ( 1031): : *****memcpy packet buf to fromChannel
09-01 00:07:18.109 D/NVITEM ( 1031): : _getPacket
09-01 00:07:18.110 D/NVITEM ( 1031): : get wake_lock 0
09-01 00:07:18.110 D/NVITEM ( 1031): : channel_read success
09-01 00:07:18.110 D/NVITEM ( 1031): : _getPacket continue read 1044 size 1024 grp
2 sub 184
09-01 00:07:18.110 D/NVITEM ( 1031): : writeData:id=1,start=277928, bytesLen:1024
09-01 00:07:18.110 D/NVITEM ( 1031): : *****memcpy packet buf to fromChannel
09-01 00:07:18.110 E/FMQ ( 614): grantorIdx must be less than 3
09-01 00:07:18.110 D/NVITEM ( 1031): : _getPacket
09-01 00:07:18.110 E/FMQ ( 663): grantorIdx must be less than 3
09-01 00:07:18.111 D/NVITEM ( 1031): : get wake_lock 0
09-01 00:07:18.111 D/NVITEM ( 1031): : channel_read success
09-01 00:07:18.111 D/NVITEM ( 1031): : _getPacket continue read 1044 size 1024 grp
2 sub 185
09-01 00:07:18.111 D/NVITEM ( 1031): : writeData:id=1,start=278952, bytesLen:1024
09-01 00:07:18.111 D/NVITEM ( 1031): : *****memcpy packet buf to fromChannel
09-01 00:07:18.111 D/NVITEM ( 1031): : _getPacket
09-01 00:07:18.113 D/NVITEM ( 1031): : get wake_lock 0
09-01 00:07:18.113 D/NVITEM ( 1031): : channel_read success
09-01 00:07:18.113 D/NVITEM ( 1031): : _getPacket continue read 1044 size 1024 grp
2 sub 186
09-01 00:07:18.113 D/NVITEM ( 1031): : writeData:id=1,start=279976, bytesLen:1024
09-01 00:07:18.113 D/NVITEM ( 1031): : *****memcpy packet buf to fromChannel
09-01 00:07:18.113 D/NVITEM ( 1031): : _getPacket
09-01 00:07:18.114 D/NVITEM ( 1031): : get wake_lock 0
09-01 00:07:18.114 D/NVITEM ( 1031): : channel_read success
09-01 00:07:18.114 D/NVITEM ( 1031): : _getPacket continue read 1044 size 1024 grp
2 sub 187
09-01 00:07:18.114 D/NVITEM ( 1031): : writeData:id=1,start=281000, bytesLen:1024
09-01 00:07:18.114 D/NVITEM ( 1031): : *****memcpy packet buf to fromChannel
09-01 00:07:18.114 D/NVITEM ( 1031): : _getPacket
09-01 00:07:18.114 D/SurfaceFlinger( 663): Display 0 HWC layers:
09-01 00:07:18.114 D/SurfaceFlinger( 663): DEVICE | 0xb4000078ea5d94b0 | 0000
| RGB_565 | 0.0 0.0 720.0 1600.0 | 0 0 720 1600 |
samsungani565#0
09-01 00:07:18.114 D/SurfaceFlinger( 663):
09-01 00:07:18.114 D/NVITEM ( 1031): : get wake_lock 0
09-01 00:07:18.114 D/NVITEM ( 1031): : channel_read success
09-01 00:07:18.114 D/NVITEM ( 1031): : _getPacket continue read 1044 size 1024 grp
2 sub 188
09-01 00:07:18.114 D/NVITEM ( 1031): : writeData:id=1,start=282024, bytesLen:1024
09-01 00:07:18.114 D/NVITEM ( 1031): : *****memcpy packet buf to fromChannel
09-01 00:07:18.114 D/NVITEM ( 1031): : _getPacket
09-01 00:07:18.115 D/NVITEM ( 1031): : get wake_lock 0
09-01 00:07:18.115 D/NVITEM ( 1031): : channel_read success
09-01 00:07:18.115 D/NVITEM ( 1031): : _getPacket continue read 1044 size 1024 grp
2 sub 189
09-01 00:07:18.115 D/NVITEM ( 1031): : writeData:id=1,start=283048, bytesLen:1024
09-01 00:07:18.115 D/NVITEM ( 1031): : *****memcpy packet buf to fromChannel
09-01 00:07:18.115 D/NVITEM ( 1031): : _getPacket
09-01 00:07:18.115 D/NVITEM ( 1031): : get wake_lock 0
09-01 00:07:18.115 D/NVITEM ( 1031): : channel_read success
09-01 00:07:18.115 D/NVITEM ( 1031): : _getPacket continue read 1044 size 1024 grp
2 sub 190
09-01 00:07:18.115 D/NVITEM ( 1031): : writeData:id=1,start=284072, bytesLen:1024
09-01 00:07:18.115 D/NVITEM ( 1031): : *****memcpy packet buf to fromChannel
09-01 00:07:18.115 D/NVITEM ( 1031): : _getPacket
09-01 00:07:18.116 E/ActivityRecognitionHardware( 596): activity_recognition HAL
is deprecated. class_init is effectively a no-op
09-01 00:07:18.116 D/NVITEM ( 1031): : get wake_lock 0
09-01 00:07:18.116 D/NVITEM ( 1031): : channel_read success
09-01 00:07:18.116 D/NVITEM ( 1031): : _getPacket continue read 1044 size 1024 grp
2 sub 191
09-01 00:07:18.116 D/NVITEM ( 1031): : writeData:id=1,start=285096, bytesLen:1024
09-01 00:07:18.116 D/NVITEM ( 1031): : *****memcpy packet buf to fromChannel
09-01 00:07:18.116 D/NVITEM ( 1031): : _getPacket
09-01 00:07:18.116 D/NVITEM ( 1031): : get wake_lock 0
09-01 00:07:18.116 D/NVITEM ( 1031): : channel_read success
09-01 00:07:18.116 D/NVITEM ( 1031): : _getPacket continue read 1044 size 1024 grp
2 sub 192
09-01 00:07:18.116 D/NVITEM ( 1031): : writeData:id=1,start=286120, bytesLen:1024
09-01 00:07:18.116 D/NVITEM ( 1031): : *****memcpy packet buf to fromChannel
09-01 00:07:18.116 D/NVITEM ( 1031): : _getPacket
09-01 00:07:18.117 D/NVITEM ( 1031): : get wake_lock 0
09-01 00:07:18.121 W/OMXNodeInstance( 812):
getExtensionIndex(0xebec0a90:SEC.mpeg4.sw.dec,
OMX.google.android.index.configureVideoTunnelMode) (0x8000101a)
09-01 00:07:18.121 D/MediaCodecInfo( 766): detail feature-tunneled-playback wasn't
present to remove
09-01 00:07:18.121 W/OMXNodeInstance( 812):
getExtensionIndex(0xebec0a90:SEC.mpeg4.sw.dec,
OMX.google.android.index.enableAndroidNativeBuffers) (0x8000101a)
09-01 00:07:18.121 W/OMXNodeInstance( 812):
setParameter(0xebec0a90:SEC.mpeg4.sw.dec,
OMX.google.android.index.prepareForAdaptivePlayback(0x7f020105): Output:1 en=1
max=1280x720) (0x8000101a)
09-01 00:07:18.121 D/MediaCodecInfo( 766): detail feature-adaptive-playback wasn't
present to remove
09-01 00:07:18.121 I/SEC_BASE_COMP( 812): [OMX.SEC.mpeg4.sw.dec]:
Initial/Uninitial transition state (1,0)
09-01 00:07:18.122 I/ACodec ( 766): [] Now uninitialized
09-01 00:07:18.122 D/NVITEM ( 1031): : channel_read success
09-01 00:07:18.122 D/NVITEM ( 1031): : _getPacket continue read 1044 size 1024 grp
2 sub 193
09-01 00:07:18.122 D/NVITEM ( 1031): : writeData:id=1,start=287144, bytesLen:1024
09-01 00:07:18.122 D/NVITEM ( 1031): : *****memcpy packet buf to fromChannel
09-01 00:07:18.122 D/NVITEM ( 1031): : _getPacket
09-01 00:07:18.123 D/NVITEM ( 1031): : get wake_lock 0
09-01 00:07:18.123 D/NVITEM ( 1031): : channel_read success
09-01 00:07:18.123 D/NVITEM ( 1031): : _getPacket continue read 1044 size 1024 grp
2 sub 194
09-01 00:07:18.123 D/NVITEM ( 1031): : writeData:id=1,start=288168, bytesLen:1024
09-01 00:07:18.123 D/NVITEM ( 1031): : *****memcpy packet buf to fromChannel
09-01 00:07:18.123 D/NVITEM ( 1031): : _getPacket
09-01 00:07:18.124 D/NVITEM ( 1031): : get wake_lock 0
09-01 00:07:18.124 D/NVITEM ( 1031): : channel_read success
09-01 00:07:18.124 D/NVITEM ( 1031): : _getPacket continue read 1044 size 1024 grp
2 sub 195
09-01 00:07:18.124 D/NVITEM ( 1031): : writeData:id=1,start=289192, bytesLen:1024
09-01 00:07:18.124 D/NVITEM ( 1031): : *****memcpy packet buf to fromChannel
09-01 00:07:18.124 D/NVITEM ( 1031): : _getPacket
09-01 00:07:18.124 I/OMXClient( 766): IOmx service obtained
09-01 00:07:18.124 I/OMXMaster( 812):
makeComponentInstance(OMX.sprd.mpeg4.decoder) in android.hardwar process
09-01 00:07:18.125 D/NVITEM ( 1031): : get wake_lock 0
09-01 00:07:18.125 D/NVITEM ( 1031): : channel_read success
09-01 00:07:18.125 D/NVITEM ( 1031): : _getPacket continue read 1044 size 1024 grp
2 sub 196
09-01 00:07:18.125 D/NVITEM ( 1031): : writeData:id=1,start=290216, bytesLen:1024
09-01 00:07:18.125 D/NVITEM ( 1031): : *****memcpy packet buf to fromChannel
09-01 00:07:18.125 D/NVITEM ( 1031): : _getPacket
09-01 00:07:18.125 D/NVITEM ( 1031): : get wake_lock 0
09-01 00:07:18.125 D/NVITEM ( 1031): : channel_read success
09-01 00:07:18.125 D/NVITEM ( 1031): : _getPacket continue read 1044 size 1024 grp
2 sub 197
09-01 00:07:18.125 D/NVITEM ( 1031): : writeData:id=1,start=291240, bytesLen:1024
09-01 00:07:18.125 D/NVITEM ( 1031): : *****memcpy packet buf to fromChannel
09-01 00:07:18.125 D/NVITEM ( 1031): : _getPacket
09-01 00:07:18.126 D/NVITEM ( 1031): : get wake_lock 0
09-01 00:07:18.126 D/NVITEM ( 1031): : channel_read success
09-01 00:07:18.126 D/NVITEM ( 1031): : _getPacket continue read 1044 size 1024 grp
2 sub 198
09-01 00:07:18.126 D/NVITEM ( 1031): : writeData:id=1,start=292264, bytesLen:1024
09-01 00:07:18.126 D/NVITEM ( 1031): : *****memcpy packet buf to fromChannel
09-01 00:07:18.126 D/NVITEM ( 1031): : _getPacket
09-01 00:07:18.126 I/SprdSimpleOMXComponent( 812): Construct
SprdSimpleOMXComponent(0xeb080e90)
09-01 00:07:18.126 I/SPRDMPEG4Decoder( 812): Construct SPRDMPEG4Decoder, this:
0x0xeb080e90
09-01 00:07:18.126 I/SPRDMPEG4Decoder( 812): openDecoder, lib:
libomx_m4vh263dec_hw_sprd.so
09-01 00:07:18.126 D/NVITEM ( 1031): : get wake_lock 0
09-01 00:07:18.126 D/NVITEM ( 1031): : channel_read success
09-01 00:07:18.126 D/NVITEM ( 1031): : _getPacket continue read 1044 size 1024 grp
2 sub 199
09-01 00:07:18.126 D/NVITEM ( 1031): : writeData:id=1,start=293288, bytesLen:1024
09-01 00:07:18.126 D/NVITEM ( 1031): : *****memcpy packet buf to fromChannel
09-01 00:07:18.126 D/NVITEM ( 1031): : _getPacket
09-01 00:07:18.126 I/VSP ( 812): libomx_m4vh263dec_hw_sprd.so is built on Thu
Aug 11 12:57:13 KST 2022, Copyright (C) Spreadtrum, Inc.
09-01 00:07:18.127 D/NVITEM ( 1031): : get wake_lock 0
09-01 00:07:18.127 D/NVITEM ( 1031): : channel_read success
09-01 00:07:18.127 D/NVITEM ( 1031): : _getPacket continue read 1044 size 1024 grp
2 sub 200
09-01 00:07:18.127 D/NVITEM ( 1031): : writeData:id=1,start=294312, bytesLen:1024
09-01 00:07:18.127 D/NVITEM ( 1031): : *****memcpy packet buf to fromChannel
09-01 00:07:18.127 D/NVITEM ( 1031): : _getPacket
09-01 00:07:18.127 D/NVITEM ( 1031): : get wake_lock 0
09-01 00:07:18.127 D/NVITEM ( 1031): : channel_read success
09-01 00:07:18.127 D/NVITEM ( 1031): : _getPacket continue read 1044 size 1024 grp
2 sub 201
09-01 00:07:18.127 D/NVITEM ( 1031): : writeData:id=1,start=295336, bytesLen:1024
09-01 00:07:18.127 D/NVITEM ( 1031): : *****memcpy packet buf to fromChannel
09-01 00:07:18.127 D/NVITEM ( 1031): : _getPacket
09-01 00:07:18.128 I/SPRDMPEG4Decoder( 812): Get IOMMU Status: 0(Success)
09-01 00:07:18.128 D/NVITEM ( 1031): : get wake_lock 0
09-01 00:07:18.128 D/NVITEM ( 1031): : channel_read success
09-01 00:07:18.128 D/NVITEM ( 1031): : _getPacket continue read 1044 size 1024 grp
2 sub 202
09-01 00:07:18.128 D/NVITEM ( 1031): : writeData:id=1,start=296360, bytesLen:1024
09-01 00:07:18.128 D/NVITEM ( 1031): : *****memcpy packet buf to fromChannel
09-01 00:07:18.128 D/NVITEM ( 1031): : _getPacket
09-01 00:07:18.128 I/SPRDMPEG4Decoder( 812): pmem 0x20000000 - 0x0xe935d000 -
1536000
09-01 00:07:18.128 I/SPRDMPEG4Decoder( 812): SPRDMPEG4Decoder, mDumpYUVEnabled: 0,
mDumpStrmEnabled: 0
09-01 00:07:18.128 I/SPRD_OMX_CORE( 812): Created OMXPlugin :
OMX.sprd.mpeg4.decoder
09-01 00:07:18.128 D/ip_monitor-793( 1055): ipv6 dev epdg1 forwarding on
09-01 00:07:18.128 D/NVITEM ( 1031): : get wake_lock 0
09-01 00:07:18.128 D/NVITEM ( 1031): : channel_read success
09-01 00:07:18.128 D/NVITEM ( 1031): : _getPacket continue read 1044 size 1024 grp
2 sub 203
09-01 00:07:18.128 D/NVITEM ( 1031): : writeData:id=1,start=297384, bytesLen:1024
09-01 00:07:18.128 D/NVITEM ( 1031): : *****memcpy packet buf to fromChannel
09-01 00:07:18.128 D/NVITEM ( 1031): : _getPacket
09-01 00:07:18.129 D/NVITEM ( 1031): : get wake_lock 0
09-01 00:07:18.129 D/NVITEM ( 1031): : channel_read success
09-01 00:07:18.129 D/NVITEM ( 1031): : _getPacket continue read 1044 size 1024 grp
2 sub 204
09-01 00:07:18.129 D/NVITEM ( 1031): : writeData:id=1,start=298408, bytesLen:1024
09-01 00:07:18.129 D/NVITEM ( 1031): : *****memcpy packet buf to fromChannel
09-01 00:07:18.129 D/NVITEM ( 1031): : _getPacket
09-01 00:07:18.129 D/NVITEM ( 1031): : get wake_lock 0
09-01 00:07:18.129 D/NVITEM ( 1031): : channel_read success
09-01 00:07:18.129 D/NVITEM ( 1031): : _getPacket continue read 1044 size 1024 grp
2 sub 205
09-01 00:07:18.129 D/NVITEM ( 1031): : writeData:id=1,start=299432, bytesLen:1024
09-01 00:07:18.129 D/NVITEM ( 1031): : *****memcpy packet buf to fromChannel
09-01 00:07:18.129 D/NVITEM ( 1031): : _getPacket
09-01 00:07:18.130 D/NVITEM ( 1031): : get wake_lock 0
09-01 00:07:18.130 D/NVITEM ( 1031): : channel_read success
09-01 00:07:18.130 D/NVITEM ( 1031): : _getPacket continue read 1044 size 1024 grp
2 sub 206
09-01 00:07:18.130 D/NVITEM ( 1031): : writeData:id=1,start=300456, bytesLen:1024
09-01 00:07:18.130 D/NVITEM ( 1031): : *****memcpy packet buf to fromChannel
09-01 00:07:18.130 D/NVITEM ( 1031): : _getPacket
09-01 00:07:18.130 D/NVITEM ( 1031): : get wake_lock 0
09-01 00:07:18.130 D/NVITEM ( 1031): : channel_read success
09-01 00:07:18.130 D/NVITEM ( 1031): : _getPacket continue read 1044 size 1024 grp
2 sub 207
09-01 00:07:18.130 D/NVITEM ( 1031): : writeData:id=1,start=301480, bytesLen:1024
09-01 00:07:18.130 D/NVITEM ( 1031): : *****memcpy packet buf to fromChannel
09-01 00:07:18.130 D/NVITEM ( 1031): : _getPacket
09-01 00:07:18.131 D/NVITEM ( 1031): : get wake_lock 0
09-01 00:07:18.131 D/NVITEM ( 1031): : channel_read success
09-01 00:07:18.131 D/NVITEM ( 1031): : _getPacket continue read 1044 size 1024 grp
2 sub 208
09-01 00:07:18.131 D/NVITEM ( 1031): : writeData:id=1,start=302504, bytesLen:1024
09-01 00:07:18.131 D/NVITEM ( 1031): : *****memcpy packet buf to fromChannel
09-01 00:07:18.131 D/NVITEM ( 1031): : _getPacket
09-01 00:07:18.132 D/NVITEM ( 1031): : get wake_lock 0
09-01 00:07:18.132 D/NVITEM ( 1031): : channel_read success
09-01 00:07:18.132 D/NVITEM ( 1031): : _getPacket continue read 1044 size 1024 grp
2 sub 209
09-01 00:07:18.132 D/NVITEM ( 1031): : writeData:id=1,start=303528, bytesLen:1024
09-01 00:07:18.132 D/NVITEM ( 1031): : *****memcpy packet buf to fromChannel
09-01 00:07:18.132 D/NVITEM ( 1031): : _getPacket
09-01 00:07:18.132 D/NVITEM ( 1031): : get wake_lock 0
09-01 00:07:18.132 D/NVITEM ( 1031): : channel_read success
09-01 00:07:18.132 D/NVITEM ( 1031): : _getPacket continue read 1044 size 1024 grp
2 sub 210
09-01 00:07:18.132 D/NVITEM ( 1031): : writeData:id=1,start=304552, bytesLen:1024
09-01 00:07:18.132 D/NVITEM ( 1031): : *****memcpy packet buf to fromChannel
09-01 00:07:18.132 D/NVITEM ( 1031): : _getPacket
09-01 00:07:18.133 D/NVITEM ( 1031): : get wake_lock 0
09-01 00:07:18.133 D/NVITEM ( 1031): : channel_read success
09-01 00:07:18.133 D/NVITEM ( 1031): : _getPacket continue read 1044 size 1024 grp
2 sub 211
09-01 00:07:18.133 D/NVITEM ( 1031): : writeData:id=1,start=305576, bytesLen:1024
09-01 00:07:18.133 D/NVITEM ( 1031): : *****memcpy packet buf to fromChannel
09-01 00:07:18.133 D/NVITEM ( 1031): : _getPacket
09-01 00:07:18.133 D/NVITEM ( 1031): : get wake_lock 0
09-01 00:07:18.133 D/NVITEM ( 1031): : channel_read success
09-01 00:07:18.133 D/NVITEM ( 1031): : _getPacket continue read 1044 size 1024 grp
2 sub 212
09-01 00:07:18.133 D/NVITEM ( 1031): : writeData:id=1,start=306600, bytesLen:1024
09-01 00:07:18.133 D/NVITEM ( 1031): : *****memcpy packet buf to fromChannel
09-01 00:07:18.133 D/NVITEM ( 1031): : _getPacket
09-01 00:07:18.134 D/NVITEM ( 1031): : get wake_lock 0
09-01 00:07:18.134 D/NVITEM ( 1031): : channel_read success
09-01 00:07:18.134 D/NVITEM ( 1031): : _getPacket continue read 1044 size 1024 grp
2 sub 213
09-01 00:07:18.134 D/NVITEM ( 1031): : writeData:id=1,start=307624, bytesLen:1024
09-01 00:07:18.134 D/NVITEM ( 1031): : *****memcpy packet buf to fromChannel
09-01 00:07:18.135 D/NVITEM ( 1031): : _getPacket
09-01 00:07:18.135 D/NVITEM ( 1031): : get wake_lock 0
09-01 00:07:18.135 D/NVITEM ( 1031): : channel_read success
09-01 00:07:18.135 D/NVITEM ( 1031): : _getPacket continue read 1044 size 1024 grp
2 sub 214
09-01 00:07:18.135 D/NVITEM ( 1031): : writeData:id=1,start=308648, bytesLen:1024
09-01 00:07:18.135 D/NVITEM ( 1031): : *****memcpy packet buf to fromChannel
09-01 00:07:18.135 D/NVITEM ( 1031): : _getPacket
09-01 00:07:18.136 D/NVITEM ( 1031): : get wake_lock 0
09-01 00:07:18.136 D/NVITEM ( 1031): : channel_read success
09-01 00:07:18.136 D/NVITEM ( 1031): : _getPacket continue read 1044 size 1024 grp
2 sub 215
09-01 00:07:18.137 D/NVITEM ( 1031): : writeData:id=1,start=309672, bytesLen:1024
09-01 00:07:18.137 D/NVITEM ( 1031): : *****memcpy packet buf to fromChannel
09-01 00:07:18.137 D/NVITEM ( 1031): : _getPacket
09-01 00:07:18.137 D/NVITEM ( 1031): : get wake_lock 0
09-01 00:07:18.137 D/NVITEM ( 1031): : channel_read success
09-01 00:07:18.137 D/NVITEM ( 1031): : _getPacket continue read 1044 size 1024 grp
2 sub 216
09-01 00:07:18.137 D/NVITEM ( 1031): : writeData:id=1,start=310696, bytesLen:1024
09-01 00:07:18.137 D/NVITEM ( 1031): : *****memcpy packet buf to fromChannel
09-01 00:07:18.137 D/NVITEM ( 1031): : _getPacket
09-01 00:07:18.137 D/NVITEM ( 1031): : get wake_lock 0
09-01 00:07:18.137 D/NVITEM ( 1031): : channel_read success
09-01 00:07:18.137 D/NVITEM ( 1031): : _getPacket continue read 1044 size 1024 grp
2 sub 217
09-01 00:07:18.137 D/NVITEM ( 1031): : writeData:id=1,start=311720, bytesLen:1024
09-01 00:07:18.137 D/NVITEM ( 1031): : *****memcpy packet buf to fromChannel
09-01 00:07:18.137 D/NVITEM ( 1031): : _getPacket
09-01 00:07:18.138 D/NVITEM ( 1031): : get wake_lock 0
09-01 00:07:18.138 D/NVITEM ( 1031): : channel_read success
09-01 00:07:18.138 D/NVITEM ( 1031): : _getPacket continue read 1044 size 1024 grp
2 sub 218
09-01 00:07:18.138 D/NVITEM ( 1031): : writeData:id=1,start=312744, bytesLen:1024
09-01 00:07:18.138 D/NVITEM ( 1031): : *****memcpy packet buf to fromChannel
09-01 00:07:18.138 D/NVITEM ( 1031): : _getPacket
09-01 00:07:18.140 D/NVITEM ( 1031): : get wake_lock 0
09-01 00:07:18.140 D/NVITEM ( 1031): : channel_read success
09-01 00:07:18.140 D/NVITEM ( 1031): : _getPacket continue read 1044 size 1024 grp
2 sub 219
09-01 00:07:18.140 D/NVITEM ( 1031): : writeData:id=1,start=313768, bytesLen:1024
09-01 00:07:18.140 D/NVITEM ( 1031): : *****memcpy packet buf to fromChannel
09-01 00:07:18.140 D/NVITEM ( 1031): : _getPacket
09-01 00:07:18.141 D/NVITEM ( 1031): : get wake_lock 0
09-01 00:07:18.141 D/NVITEM ( 1031): : channel_read success
09-01 00:07:18.141 D/NVITEM ( 1031): : _getPacket continue read 1044 size 1024 grp
2 sub 220
09-01 00:07:18.141 D/NVITEM ( 1031): : writeData:id=1,start=314792, bytesLen:1024
09-01 00:07:18.141 D/NVITEM ( 1031): : *****memcpy packet buf to fromChannel
09-01 00:07:18.141 D/NVITEM ( 1031): : _getPacket
09-01 00:07:18.141 D/NVITEM ( 1031): : get wake_lock 0
09-01 00:07:18.141 D/NVITEM ( 1031): : channel_read success
09-01 00:07:18.141 D/NVITEM ( 1031): : _getPacket continue read 1044 size 1024 grp
2 sub 221
09-01 00:07:18.141 D/NVITEM ( 1031): : writeData:id=1,start=315816, bytesLen:1024
09-01 00:07:18.141 D/NVITEM ( 1031): : *****memcpy packet buf to fromChannel
09-01 00:07:18.141 D/NVITEM ( 1031): : _getPacket
09-01 00:07:18.142 D/NVITEM ( 1031): : get wake_lock 0
09-01 00:07:18.142 D/NVITEM ( 1031): : channel_read success
09-01 00:07:18.142 D/NVITEM ( 1031): : _getPacket continue read 1044 size 1024 grp
2 sub 222
09-01 00:07:18.142 D/NVITEM ( 1031): : writeData:id=1,start=316840, bytesLen:1024
09-01 00:07:18.142 D/NVITEM ( 1031): : *****memcpy packet buf to fromChannel
09-01 00:07:18.142 D/NVITEM ( 1031): : _getPacket
09-01 00:07:18.142 D/NVITEM ( 1031): : get wake_lock 0
09-01 00:07:18.142 D/NVITEM ( 1031): : channel_read success
09-01 00:07:18.142 D/NVITEM ( 1031): : _getPacket continue read 1044 size 1024 grp
2 sub 223
09-01 00:07:18.142 D/NVITEM ( 1031): : writeData:id=1,start=317864, bytesLen:1024
09-01 00:07:18.142 D/NVITEM ( 1031): : *****memcpy packet buf to fromChannel
09-01 00:07:18.142 D/NVITEM ( 1031): : _getPacket
09-01 00:07:18.143 D/NVITEM ( 1031): : get wake_lock 0
09-01 00:07:18.143 D/NVITEM ( 1031): : channel_read success
09-01 00:07:18.143 D/NVITEM ( 1031): : _getPacket continue read 1044 size 1024 grp
2 sub 224
09-01 00:07:18.143 D/NVITEM ( 1031): : writeData:id=1,start=318888, bytesLen:1024
09-01 00:07:18.143 D/NVITEM ( 1031): : *****memcpy packet buf to fromChannel
09-01 00:07:18.143 D/NVITEM ( 1031): : _getPacket
09-01 00:07:18.143 W/ZygoteInitThreadPool( 596): Class not found for preloading:
com.android.internal.infra.-$$Lambda$T7zIZMFnvwrmtbuTMXLaZHHp-9s
09-01 00:07:18.143 D/NVITEM ( 1031): : get wake_lock 0
09-01 00:07:18.143 D/NVITEM ( 1031): : channel_read success
09-01 00:07:18.143 D/NVITEM ( 1031): : _getPacket continue read 1044 size 1024 grp
2 sub 225
09-01 00:07:18.143 D/NVITEM ( 1031): : writeData:id=1,start=319912, bytesLen:1024
09-01 00:07:18.143 D/NVITEM ( 1031): : *****memcpy packet buf to fromChannel
09-01 00:07:18.143 D/NVITEM ( 1031): : _getPacket
09-01 00:07:18.143 W/ZygoteInitThreadPool( 596): Class not found for preloading:
com.android.internal.infra.-$$Lambda$XuWfs8-IsKaNygi8YjlVGjedkIw
09-01 00:07:18.143 W/ZygoteInitThreadPool( 596): Class not found for preloading:
com.android.internal.infra.-$$Lambda$qN_gooelzsUiBhYWznXKzb-8_wA
09-01 00:07:18.144 W/ZygoteInitThreadPool( 596): Class not found for preloading:
com.android.internal.infra.-$$Lambda$rAXGjry3wPGKviARzTYfDiY7xrs
09-01 00:07:18.144 D/NVITEM ( 1031): : get wake_lock 0
09-01 00:07:18.144 D/NVITEM ( 1031): : channel_read success
09-01 00:07:18.144 D/NVITEM ( 1031): : _getPacket continue read 1044 size 1024 grp
2 sub 226
09-01 00:07:18.144 D/NVITEM ( 1031): : writeData:id=1,start=320936, bytesLen:1024
09-01 00:07:18.144 D/NVITEM ( 1031): : *****memcpy packet buf to fromChannel
09-01 00:07:18.144 D/NVITEM ( 1031): : _getPacket
09-01 00:07:18.144 D/NVITEM ( 1031): : get wake_lock 0
09-01 00:07:18.144 D/NVITEM ( 1031): : channel_read success
09-01 00:07:18.144 D/NVITEM ( 1031): : _getPacket continue read 1044 size 1024 grp
2 sub 227
09-01 00:07:18.144 D/NVITEM ( 1031): : writeData:id=1,start=321960, bytesLen:1024
09-01 00:07:18.144 D/NVITEM ( 1031): : *****memcpy packet buf to fromChannel
09-01 00:07:18.144 D/NVITEM ( 1031): : _getPacket
09-01 00:07:18.145 D/NVITEM ( 1031): : get wake_lock 0
09-01 00:07:18.145 D/NVITEM ( 1031): : channel_read success
09-01 00:07:18.145 D/NVITEM ( 1031): : _getPacket continue read 1044 size 1024 grp
2 sub 228
09-01 00:07:18.145 D/NVITEM ( 1031): : writeData:id=1,start=322984, bytesLen:1024
09-01 00:07:18.145 D/NVITEM ( 1031): : *****memcpy packet buf to fromChannel
09-01 00:07:18.145 D/NVITEM ( 1031): : _getPacket
09-01 00:07:18.145 D/NVITEM ( 1031): : get wake_lock 0
09-01 00:07:18.145 D/NVITEM ( 1031): : channel_read success
09-01 00:07:18.145 D/NVITEM ( 1031): : _getPacket continue read 1044 size 1024 grp
2 sub 229
09-01 00:07:18.145 D/NVITEM ( 1031): : writeData:id=1,start=324008, bytesLen:1024
09-01 00:07:18.145 D/NVITEM ( 1031): : *****memcpy packet buf to fromChannel
09-01 00:07:18.146 D/NVITEM ( 1031): : _getPacket
09-01 00:07:18.146 D/NVITEM ( 1031): : get wake_lock 0
09-01 00:07:18.146 D/NVITEM ( 1031): : channel_read success
09-01 00:07:18.146 D/NVITEM ( 1031): : _getPacket continue read 1044 size 1024 grp
2 sub 230
09-01 00:07:18.146 D/NVITEM ( 1031): : writeData:id=1,start=325032, bytesLen:1024
09-01 00:07:18.146 D/NVITEM ( 1031): : *****memcpy packet buf to fromChannel
09-01 00:07:18.146 D/NVITEM ( 1031): : _getPacket
09-01 00:07:18.147 D/NVITEM ( 1031): : get wake_lock 0
09-01 00:07:18.147 D/NVITEM ( 1031): : channel_read success
09-01 00:07:18.147 D/NVITEM ( 1031): : _getPacket continue read 1044 size 1024 grp
2 sub 231
09-01 00:07:18.147 D/NVITEM ( 1031): : writeData:id=1,start=326056, bytesLen:1024
09-01 00:07:18.147 D/NVITEM ( 1031): : *****memcpy packet buf to fromChannel
09-01 00:07:18.147 I/SprdVideoDecoderOMXComponent( 812): internalGetParameter,
OMX_IndexParamVideoPortFormat, eColorFormat: 0x15
09-01 00:07:18.147 D/NVITEM ( 1031): : _getPacket
09-01 00:07:18.147 I/SprdVideoDecoderOMXComponent( 812): getExtensionIndex, name:
OMX.google.android.index.describeColorFormat
09-01 00:07:18.147 I/SprdVideoDecoderOMXComponent( 812): getExtensionIndex, name:
OMX.google.android.index.describeColorFormat2
09-01 00:07:18.148 D/NVITEM ( 1031): : get wake_lock 0
09-01 00:07:18.148 D/NVITEM ( 1031): : channel_read success
09-01 00:07:18.148 I/ServiceManager( 764): Waiting for service 'package_native' on
'/dev/binder'...
09-01 00:07:18.148 D/NVITEM ( 1031): : _getPacket continue read 1044 size 1024 grp
2 sub 232
09-01 00:07:18.148 D/NVITEM ( 1031): : writeData:id=1,start=327080, bytesLen:1024
09-01 00:07:18.148 D/NVITEM ( 1031): : *****memcpy packet buf to fromChannel
09-01 00:07:18.148 D/NVITEM ( 1031): : _getPacket
09-01 00:07:18.148 I/SprdVideoDecoderOMXComponent( 812): getExtensionIndex, name:
OMX.google.android.index.configureVideoTunnelMode
09-01 00:07:18.148 W/OMXNodeInstance( 812):
getExtensionIndex(0xebec0a90:sprd.mpeg4.decoder,
OMX.google.android.index.configureVideoTunnelMode) (0x80001006)
09-01 00:07:18.148 D/ip_monitor-793( 1064): ipv4 dev epdg2 forwarding off rp_filter
off mc_forwarding off proxy_neigh off ignore_routes_with_linkdown off
09-01 00:07:18.148 D/MediaCodecInfo( 766): detail feature-tunneled-playback wasn't
present to remove
09-01 00:07:18.148 D/NVITEM ( 1031): : get wake_lock 0
09-01 00:07:18.148 D/NVITEM ( 1031): : channel_read success
09-01 00:07:18.148 D/NVITEM ( 1031): : _getPacket continue read 1044 size 1024 grp
2 sub 233
09-01 00:07:18.148 D/NVITEM ( 1031): : writeData:id=1,start=328104, bytesLen:1024
09-01 00:07:18.148 D/NVITEM ( 1031): : *****memcpy packet buf to fromChannel
09-01 00:07:18.148 I/SprdVideoDecoderOMXComponent( 812): getExtensionIndex, name:
OMX.google.android.index.enableAndroidNativeBuffers
09-01 00:07:18.148 I/SprdVideoDecoderOMXComponent( 812): internalSetParameter,
enable AndroidNativeBuffer
09-01 00:07:18.148 I/SprdVideoDecoderOMXComponent( 812): getExtensionIndex, name:
OMX.google.android.index.allocateNativeHandle
09-01 00:07:18.148 I/SprdVideoDecoderOMXComponent( 812): getExtensionIndex, name:
OMX.google.android.index.storeANWBufferInMetadata
09-01 00:07:18.148 I/SprdVideoDecoderOMXComponent( 812): getExtensionIndex, name:
OMX.google.android.index.storeMetaDataInBuffers
09-01 00:07:18.148 W/OMXNodeInstance( 812):
getExtensionIndex(0xebec0a90:sprd.mpeg4.decoder,
OMX.google.android.index.storeMetaDataInBuffers) (0x80001006)
09-01 00:07:18.148 D/NVITEM ( 1031): : _getPacket
09-01 00:07:18.151 D/NVITEM ( 1031): : get wake_lock 0
09-01 00:07:18.151 D/NVITEM ( 1031): : channel_read success
09-01 00:07:18.151 D/NVITEM ( 1031): : _getPacket continue read 1044 size 1024 grp
2 sub 234
09-01 00:07:18.151 D/NVITEM ( 1031): : writeData:id=1,start=329128, bytesLen:1024
09-01 00:07:18.151 D/NVITEM ( 1031): : *****memcpy packet buf to fromChannel
09-01 00:07:18.151 D/NVITEM ( 1031): : _getPacket
09-01 00:07:18.151 I/SprdVideoDecoderOMXComponent( 812): getExtensionIndex, name:
OMX.google.android.index.prepareForAdaptivePlayback
09-01 00:07:18.152 D/NVITEM ( 1031): : get wake_lock 0
09-01 00:07:18.152 D/NVITEM ( 1031): : channel_read success
09-01 00:07:18.152 D/NVITEM ( 1031): : _getPacket continue read 1044 size 1024 grp
2 sub 235
09-01 00:07:18.152 D/NVITEM ( 1031): : writeData:id=1,start=330152, bytesLen:1024
09-01 00:07:18.152 D/NVITEM ( 1031): : *****memcpy packet buf to fromChannel
09-01 00:07:18.152 I/SPRDMPEG4Decoder( 812): Destruct SPRDMPEG4Decoder, this:
0x0xeb080e90
09-01 00:07:18.152 D/NVITEM ( 1031): : _getPacket
09-01 00:07:18.152 D/NVITEM ( 1031): : get wake_lock 0
09-01 00:07:18.152 D/NVITEM ( 1031): : channel_read success
09-01 00:07:18.152 D/NVITEM ( 1031): : _getPacket continue read 1044 size 1024 grp
2 sub 236
09-01 00:07:18.152 D/NVITEM ( 1031): : writeData:id=1,start=331176, bytesLen:1024
09-01 00:07:18.152 D/NVITEM ( 1031): : *****memcpy packet buf to fromChannel
09-01 00:07:18.152 D/NVITEM ( 1031): : _getPacket
09-01 00:07:18.152 I/SprdVideoDecoderOMXComponent( 812): Destruct
SprdVideoDecoderOMXComponent, this: 0x0xeb080e90
09-01 00:07:18.152 I/SprdSimpleOMXComponent( 812): Destruct
SprdSimpleOMXComponent, this: 0x0xeb080e90
09-01 00:07:18.153 D/NVITEM ( 1031): : get wake_lock 0
09-01 00:07:18.153 D/NVITEM ( 1031): : channel_read success
09-01 00:07:18.153 D/NVITEM ( 1031): : _getPacket continue read 1044 size 1024 grp
2 sub 237
09-01 00:07:18.153 I/ACodec ( 766): [] Now uninitialized
09-01 00:07:18.153 D/NVITEM ( 1031): : writeData:id=1,start=332200, bytesLen:1024
09-01 00:07:18.153 D/NVITEM ( 1031): : *****memcpy packet buf to fromChannel
09-01 00:07:18.153 D/NVITEM ( 1031): : _getPacket
09-01 00:07:18.153 D/NVITEM ( 1031): : get wake_lock 0
09-01 00:07:18.153 D/NVITEM ( 1031): : channel_read success
09-01 00:07:18.153 D/NVITEM ( 1031): : _getPacket continue read 1044 size 1024 grp
2 sub 238
09-01 00:07:18.153 D/NVITEM ( 1031): : writeData:id=1,start=333224, bytesLen:1024
09-01 00:07:18.153 D/NVITEM ( 1031): : *****memcpy packet buf to fromChannel
09-01 00:07:18.153 D/NVITEM ( 1031): : _getPacket
09-01 00:07:18.153 W/ZygoteInitThreadPool( 596): Class not found for preloading:
com.android.internal.os.-$$Lambda$BatteryStatsImpl$7bfIWpn8X2h-hSzLD6dcuK4Ljuw
09-01 00:07:18.154 W/ZygoteInitThreadPool( 596): Class not found for preloading:
com.android.internal.os.-$$Lambda$BatteryStatsImpl$B-TmZhQb712ePnuJTxvMe7P-YwQ
09-01 00:07:18.154 W/ZygoteInitThreadPool( 596): Class not found for preloading:
com.android.internal.os.-$$Lambda$BatteryStatsImpl$Xvt9xdVPtevMWGIjcbxXf0_mr_c
09-01 00:07:18.154 D/NVITEM ( 1031): : get wake_lock 0
09-01 00:07:18.154 D/NVITEM ( 1031): : channel_read success
09-01 00:07:18.154 D/NVITEM ( 1031): : _getPacket continue read 1044 size 1024 grp
2 sub 239
09-01 00:07:18.154 D/NVITEM ( 1031): : writeData:id=1,start=334248, bytesLen:1024
09-01 00:07:18.154 D/NVITEM ( 1031): : *****memcpy packet buf to fromChannel
09-01 00:07:18.154 W/ZygoteInitThreadPool( 596): Class not found for preloading:
com.android.internal.os.-$$Lambda$BatteryStatsImpl$_l2oiaRDRhjCXI_PwXPsAhrgegI
09-01 00:07:18.154 D/NVITEM ( 1031): : _getPacket
09-01 00:07:18.154 W/ZygoteInitThreadPool( 596): Class not found for preloading:
com.android.internal.os.-$$Lambda$BinderCallsStats$-YP-7pwoNn8TN0iTmo5Q1r2lQz0
09-01 00:07:18.154 W/ZygoteInitThreadPool( 596): Class not found for preloading:
com.android.internal.os.-$$Lambda$BinderCallsStats$Vota0PqfoPWckjXH35wE48myGdk
09-01 00:07:18.154 I/OMXClient( 766): IOmx service obtained
09-01 00:07:18.154 D/NVITEM ( 1031): : get wake_lock 0
09-01 00:07:18.154 D/NVITEM ( 1031): : channel_read success
09-01 00:07:18.154 D/NVITEM ( 1031): : _getPacket continue read 1044 size 1024 grp
2 sub 240
09-01 00:07:18.154 D/NVITEM ( 1031): : writeData:id=1,start=335272, bytesLen:1024
09-01 00:07:18.154 W/ZygoteInitThreadPool( 596): Class not found for preloading:
com.android.internal.os.-$$Lambda$BinderCallsStats$iPOmTqbqUiHzgsAugINuZgf9tls
09-01 00:07:18.154 D/NVITEM ( 1031): : *****memcpy packet buf to fromChannel
09-01 00:07:18.154 D/NVITEM ( 1031): : _getPacket
09-01 00:07:18.154 I/OMXMaster( 812): makeComponentInstance(OMX.SEC.vc1.sw.dec) in
android.hardwar process
09-01 00:07:18.155 D/NVITEM ( 1031): : get wake_lock 0
09-01 00:07:18.155 D/NVITEM ( 1031): : channel_read success
09-01 00:07:18.155 D/NVITEM ( 1031): : _getPacket continue read 1044 size 1024 grp
2 sub 241
09-01 00:07:18.155 D/NVITEM ( 1031): : writeData:id=1,start=336296, bytesLen:1024
09-01 00:07:18.155 D/NVITEM ( 1031): : *****memcpy packet buf to fromChannel
09-01 00:07:18.155 D/NVITEM ( 1031): : _getPacket
09-01 00:07:18.155 D/NVITEM ( 1031): : get wake_lock 0
09-01 00:07:18.155 D/NVITEM ( 1031): : channel_read success
09-01 00:07:18.155 D/NVITEM ( 1031): : _getPacket continue read 1044 size 1024 grp
2 sub 242
09-01 00:07:18.155 D/NVITEM ( 1031): : writeData:id=1,start=337320, bytesLen:1024
09-01 00:07:18.155 D/NVITEM ( 1031): : *****memcpy packet buf to fromChannel
09-01 00:07:18.155 D/NVITEM ( 1031): : _getPacket
09-01 00:07:18.156 D/NVITEM ( 1031): : get wake_lock 0
09-01 00:07:18.156 D/NVITEM ( 1031): : channel_read success
09-01 00:07:18.156 D/NVITEM ( 1031): : _getPacket continue read 1044 size 1024 grp
2 sub 243
09-01 00:07:18.156 D/NVITEM ( 1031): : writeData:id=1,start=338344, bytesLen:1024
09-01 00:07:18.156 D/NVITEM ( 1031): : *****memcpy packet buf to fromChannel
09-01 00:07:18.156 D/NVITEM ( 1031): : _getPacket
09-01 00:07:18.157 D/NVITEM ( 1031): : get wake_lock 0
09-01 00:07:18.157 D/NVITEM ( 1031): : channel_read success
09-01 00:07:18.157 D/NVITEM ( 1031): : _getPacket continue read 1044 size 1024 grp
2 sub 244
09-01 00:07:18.157 D/NVITEM ( 1031): : writeData:id=1,start=339368, bytesLen:1024
09-01 00:07:18.157 D/NVITEM ( 1031): : *****memcpy packet buf to fromChannel
09-01 00:07:18.157 D/NVITEM ( 1031): : _getPacket
09-01 00:07:18.158 D/NVITEM ( 1031): : get wake_lock 0
09-01 00:07:18.158 D/NVITEM ( 1031): : channel_read success
09-01 00:07:18.158 D/NVITEM ( 1031): : _getPacket continue read 1044 size 1024 grp
2 sub 245
09-01 00:07:18.158 D/NVITEM ( 1031): : writeData:id=1,start=340392, bytesLen:1024
09-01 00:07:18.158 D/NVITEM ( 1031): : *****memcpy packet buf to fromChannel
09-01 00:07:18.158 D/NVITEM ( 1031): : _getPacket
09-01 00:07:18.158 D/NVITEM ( 1031): : get wake_lock 0
09-01 00:07:18.158 D/NVITEM ( 1031): : channel_read success
09-01 00:07:18.158 D/NVITEM ( 1031): : _getPacket continue read 1044 size 1024 grp
2 sub 246
09-01 00:07:18.158 D/NVITEM ( 1031): : writeData:id=1,start=341416, bytesLen:1024
09-01 00:07:18.158 D/NVITEM ( 1031): : *****memcpy packet buf to fromChannel
09-01 00:07:18.158 D/NVITEM ( 1031): : _getPacket
09-01 00:07:18.159 I/zygote64( 596): Verified 1541 classes from mainline modules
in 323.796ms
09-01 00:07:18.159 D/NVITEM ( 1031): : get wake_lock 0
09-01 00:07:18.159 D/NVITEM ( 1031): : channel_read success
09-01 00:07:18.159 D/NVITEM ( 1031): : _getPacket continue read 1044 size 1024 grp
2 sub 247
09-01 00:07:18.159 D/NVITEM ( 1031): : writeData:id=1,start=342440, bytesLen:1024
09-01 00:07:18.159 D/NVITEM ( 1031): : *****memcpy packet buf to fromChannel
09-01 00:07:18.159 D/NVITEM ( 1031): : _getPacket
09-01 00:07:18.159 D/NVITEM ( 1031): : get wake_lock 0
09-01 00:07:18.159 D/NVITEM ( 1031): : channel_read success
09-01 00:07:18.159 D/NVITEM ( 1031): : _getPacket continue read 1044 size 1024 grp
2 sub 248
09-01 00:07:18.159 D/NVITEM ( 1031): : writeData:id=1,start=343464, bytesLen:1024
09-01 00:07:18.159 D/NVITEM ( 1031): : *****memcpy packet buf to fromChannel
09-01 00:07:18.160 D/NVITEM ( 1031): : _getPacket
09-01 00:07:18.160 D/NVITEM ( 1031): : get wake_lock 0
09-01 00:07:18.160 D/NVITEM ( 1031): : channel_read success
09-01 00:07:18.160 D/NVITEM ( 1031): : _getPacket continue read 1044 size 1024 grp
2 sub 249
09-01 00:07:18.160 D/NVITEM ( 1031): : writeData:id=1,start=344488, bytesLen:1024
09-01 00:07:18.160 D/NVITEM ( 1031): : *****memcpy packet buf to fromChannel
09-01 00:07:18.160 D/NVITEM ( 1031): : _getPacket
09-01 00:07:18.160 D/NVITEM ( 1031): : get wake_lock 0
09-01 00:07:18.161 D/NVITEM ( 1031): : channel_read success
09-01 00:07:18.161 D/NVITEM ( 1031): : _getPacket continue read 1044 size 1024 grp
2 sub 250
09-01 00:07:18.161 D/NVITEM ( 1031): : writeData:id=1,start=345512, bytesLen:1024
09-01 00:07:18.161 D/NVITEM ( 1031): : *****memcpy packet buf to fromChannel
09-01 00:07:18.161 D/NVITEM ( 1031): : _getPacket
09-01 00:07:18.161 D/NVITEM ( 1031): : get wake_lock 0
09-01 00:07:18.161 D/NVITEM ( 1031): : channel_read success
09-01 00:07:18.161 D/NVITEM ( 1031): : _getPacket continue read 1044 size 1024 grp
2 sub 251
09-01 00:07:18.161 D/NVITEM ( 1031): : writeData:id=1,start=346536, bytesLen:1024
09-01 00:07:18.161 D/NVITEM ( 1031): : *****memcpy packet buf to fromChannel
09-01 00:07:18.161 D/NVITEM ( 1031): : _getPacket
09-01 00:07:18.161 W/OMXNodeInstance( 812):
getParameter(0xebec0a90:SEC.vc1.sw.dec,
ParamVideoProfileLevelQuerySupported(0x600000f)) (0x8000101a)
09-01 00:07:18.162 D/NVITEM ( 1031): : get wake_lock 0
09-01 00:07:18.162 D/NVITEM ( 1031): : channel_read success
09-01 00:07:18.162 D/NVITEM ( 1031): : _getPacket continue read 1044 size 1024 grp
2 sub 252
09-01 00:07:18.162 D/NVITEM ( 1031): : writeData:id=1,start=347560, bytesLen:1024
09-01 00:07:18.162 D/NVITEM ( 1031): : *****memcpy packet buf to fromChannel
09-01 00:07:18.162 D/NVITEM ( 1031): : _getPacket
09-01 00:07:18.162 D/NVITEM ( 1031): : get wake_lock 0
09-01 00:07:18.162 D/NVITEM ( 1031): : channel_read success
09-01 00:07:18.162 D/NVITEM ( 1031): : _getPacket continue read 1044 size 1024 grp
2 sub 253
09-01 00:07:18.162 D/NVITEM ( 1031): : writeData:id=1,start=348584, bytesLen:1024
09-01 00:07:18.162 D/NVITEM ( 1031): : *****memcpy packet buf to fromChannel
09-01 00:07:18.162 D/NVITEM ( 1031): : _getPacket
09-01 00:07:18.163 D/NVITEM ( 1031): : get wake_lock 0
09-01 00:07:18.163 D/NVITEM ( 1031): : channel_read success
09-01 00:07:18.163 D/NVITEM ( 1031): : _getPacket continue read 1044 size 1024 grp
2 sub 254
09-01 00:07:18.163 D/NVITEM ( 1031): : writeData:id=1,start=349608, bytesLen:1024
09-01 00:07:18.163 D/NVITEM ( 1031): : *****memcpy packet buf to fromChannel
09-01 00:07:18.163 D/NVITEM ( 1031): : _getPacket
09-01 00:07:18.163 W/OMXNodeInstance( 812):
getExtensionIndex(0xebec0a90:SEC.vc1.sw.dec,
OMX.google.android.index.configureVideoTunnelMode) (0x8000101a)
09-01 00:07:18.163 D/MediaCodecInfo( 766): detail feature-tunneled-playback wasn't
present to remove
09-01 00:07:18.163 D/NVITEM ( 1031): : get wake_lock 0
09-01 00:07:18.163 D/NVITEM ( 1031): : channel_read success
09-01 00:07:18.163 D/NVITEM ( 1031): : _getPacket continue read 1044 size 1024 grp
2 sub 255
09-01 00:07:18.163 D/NVITEM ( 1031): : writeData:id=1,start=350632, bytesLen:1024
09-01 00:07:18.163 D/NVITEM ( 1031): : *****memcpy packet buf to fromChannel
09-01 00:07:18.163 D/NVITEM ( 1031): : _getPacket
09-01 00:07:18.163 W/OMXNodeInstance( 812):
getExtensionIndex(0xebec0a90:SEC.vc1.sw.dec,
OMX.google.android.index.enableAndroidNativeBuffers) (0x8000101a)
09-01 00:07:18.164 W/OMXNodeInstance( 812):
setParameter(0xebec0a90:SEC.vc1.sw.dec,
OMX.google.android.index.prepareForAdaptivePlayback(0x7f020105): Output:1 en=1
max=1280x720) (0x8000101a)
09-01 00:07:18.164 D/MediaCodecInfo( 766): detail feature-adaptive-playback wasn't
present to remove
09-01 00:07:18.164 I/SEC_BASE_COMP( 812): [OMX.SEC.vc1.sw.dec]: Initial/Uninitial
transition state (1,0)
09-01 00:07:18.164 D/NVITEM ( 1031): : get wake_lock 0
09-01 00:07:18.164 D/NVITEM ( 1031): : channel_read success
09-01 00:07:18.164 D/NVITEM ( 1031): : _getPacket continue read 1044 size 1024 grp
2 sub 256
09-01 00:07:18.164 D/NVITEM ( 1031): : writeData:id=1,start=351656, bytesLen:1024
09-01 00:07:18.164 D/NVITEM ( 1031): : *****memcpy packet buf to fromChannel
09-01 00:07:18.164 D/NVITEM ( 1031): : _getPacket
09-01 00:07:18.164 D/NVITEM ( 1031): : get wake_lock 0
09-01 00:07:18.164 D/NVITEM ( 1031): : channel_read success
09-01 00:07:18.164 D/NVITEM ( 1031): : _getPacket continue read 1044 size 1024 grp
2 sub 257
09-01 00:07:18.164 D/NVITEM ( 1031): : writeData:id=1,start=352680, bytesLen:1024
09-01 00:07:18.164 D/NVITEM ( 1031): : *****memcpy packet buf to fromChannel
09-01 00:07:18.164 D/NVITEM ( 1031): : _getPacket
09-01 00:07:18.165 D/NVITEM ( 1031): : get wake_lock 0
09-01 00:07:18.165 D/NVITEM ( 1031): : channel_read success
09-01 00:07:18.165 D/NVITEM ( 1031): : _getPacket continue read 1044 size 1024 grp
2 sub 258
09-01 00:07:18.165 D/NVITEM ( 1031): : writeData:id=1,start=353704, bytesLen:1024
09-01 00:07:18.165 D/NVITEM ( 1031): : *****memcpy packet buf to fromChannel
09-01 00:07:18.165 D/NVITEM ( 1031): : _getPacket
09-01 00:07:18.165 D/NVITEM ( 1031): : get wake_lock 0
09-01 00:07:18.165 D/NVITEM ( 1031): : channel_read success
09-01 00:07:18.165 D/NVITEM ( 1031): : _getPacket continue read 1044 size 1024 grp
2 sub 259
09-01 00:07:18.165 D/NVITEM ( 1031): : writeData:id=1,start=354728, bytesLen:1024
09-01 00:07:18.165 D/NVITEM ( 1031): : *****memcpy packet buf to fromChannel
09-01 00:07:18.165 D/NVITEM ( 1031): : _getPacket
09-01 00:07:18.166 D/NVITEM ( 1031): : get wake_lock 0
09-01 00:07:18.166 D/NVITEM ( 1031): : channel_read success
09-01 00:07:18.166 I/ServiceManager( 594): Waiting for service 'statscompanion' on
'/dev/binder'...
09-01 00:07:18.166 D/NVITEM ( 1031): : _getPacket continue read 1044 size 1024 grp
2 sub 260
09-01 00:07:18.166 D/NVITEM ( 1031): : writeData:id=1,start=355752, bytesLen:1024
09-01 00:07:18.166 D/NVITEM ( 1031): : *****memcpy packet buf to fromChannel
09-01 00:07:18.166 D/NVITEM ( 1031): : _getPacket
09-01 00:07:18.166 I/ACodec ( 766): [] Now uninitialized
09-01 00:07:18.167 D/NVITEM ( 1031): : get wake_lock 0
