09-01 00:07:18.284 D/NVITEM ( 1031): : channel_read success
09-01 00:07:18.284 D/NVITEM ( 1031): : _getPacket continue read 1044 size 1024 grp
2 sub 458
09-01 00:07:18.284 D/NVITEM ( 1031): : writeData:id=1,start=558504, bytesLen:1024
09-01 00:07:18.284 D/NVITEM ( 1031): : *****memcpy packet buf to fromChannel
09-01 00:07:18.284 D/NVITEM ( 1031): : _getPacket
09-01 00:07:18.285 D/NVITEM ( 1031): : get wake_lock 0
09-01 00:07:18.285 D/NVITEM ( 1031): : channel_read success
09-01 00:07:18.285 D/NVITEM ( 1031): : _getPacket continue read 1044 size 1024 grp
2 sub 459
09-01 00:07:18.285 D/NVITEM ( 1031): : writeData:id=1,start=559528, bytesLen:1024
09-01 00:07:18.285 D/NVITEM ( 1031): : *****memcpy packet buf to fromChannel
09-01 00:07:18.285 D/NVITEM ( 1031): : _getPacket
09-01 00:07:18.285 D/NVITEM ( 1031): : get wake_lock 0
09-01 00:07:18.285 D/NVITEM ( 1031): : channel_read success
09-01 00:07:18.285 D/NVITEM ( 1031): : _getPacket continue read 1044 size 1024 grp
2 sub 460
09-01 00:07:18.285 D/NVITEM ( 1031): : writeData:id=1,start=560552, bytesLen:1024
09-01 00:07:18.285 D/NVITEM ( 1031): : *****memcpy packet buf to fromChannel
09-01 00:07:18.285 D/NVITEM ( 1031): : _getPacket
09-01 00:07:18.286 D/NVITEM ( 1031): : get wake_lock 0
09-01 00:07:18.286 D/NVITEM ( 1031): : channel_read success
09-01 00:07:18.286 D/NVITEM ( 1031): : _getPacket continue read 1044 size 1024 grp
2 sub 461
09-01 00:07:18.286 D/NVITEM ( 1031): : writeData:id=1,start=561576, bytesLen:1024
09-01 00:07:18.286 D/NVITEM ( 1031): : *****memcpy packet buf to fromChannel
09-01 00:07:18.286 D/NVITEM ( 1031): : _getPacket
09-01 00:07:18.286 D/ip_monitor-793( 1080): ipv6 dev epdg3 forwarding off
proxy_neigh off ignore_routes_with_linkdown off
09-01 00:07:18.286 D/NVITEM ( 1031): : get wake_lock 0
09-01 00:07:18.286 D/NVITEM ( 1031): : channel_read success
09-01 00:07:18.286 D/NVITEM ( 1031): : _getPacket continue read 1044 size 1024 grp
2 sub 462
09-01 00:07:18.286 D/NVITEM ( 1031): : writeData:id=1,start=562600, bytesLen:1024
09-01 00:07:18.286 D/NVITEM ( 1031): : *****memcpy packet buf to fromChannel
09-01 00:07:18.286 D/NVITEM ( 1031): : _getPacket
09-01 00:07:18.287 D/NVITEM ( 1031): : get wake_lock 0
09-01 00:07:18.287 D/NVITEM ( 1031): : channel_read success
09-01 00:07:18.287 D/NVITEM ( 1031): : _getPacket continue read 1044 size 1024 grp
2 sub 463
09-01 00:07:18.287 D/NVITEM ( 1031): : writeData:id=1,start=563624, bytesLen:1024
09-01 00:07:18.287 D/NVITEM ( 1031): : *****memcpy packet buf to fromChannel
09-01 00:07:18.287 D/NVITEM ( 1031): : _getPacket
09-01 00:07:18.287 D/NVITEM ( 1031): : get wake_lock 0
09-01 00:07:18.287 D/NVITEM ( 1031): : channel_read success
09-01 00:07:18.287 D/NVITEM ( 1031): : _getPacket continue read 1044 size 1024 grp
2 sub 464
09-01 00:07:18.287 D/NVITEM ( 1031): : writeData:id=1,start=564648, bytesLen:1024
09-01 00:07:18.287 D/NVITEM ( 1031): : *****memcpy packet buf to fromChannel
09-01 00:07:18.287 D/NVITEM ( 1031): : _getPacket
09-01 00:07:18.287 I/OMXClient( 766): IOmx service obtained
09-01 00:07:18.288 I/OMXMaster( 812): makeComponentInstance(OMX.sprd.h265.encoder)
in android.hardwar process
09-01 00:07:18.288 D/NVITEM ( 1031): : get wake_lock 0
09-01 00:07:18.288 D/NVITEM ( 1031): : channel_read success
09-01 00:07:18.288 D/NVITEM ( 1031): : _getPacket continue read 1044 size 1024 grp
2 sub 465
09-01 00:07:18.288 D/NVITEM ( 1031): : writeData:id=1,start=565672, bytesLen:1024
09-01 00:07:18.288 D/NVITEM ( 1031): : *****memcpy packet buf to fromChannel
09-01 00:07:18.288 D/NVITEM ( 1031): : _getPacket
09-01 00:07:18.288 D/NVITEM ( 1031): : get wake_lock 0
09-01 00:07:18.288 D/NVITEM ( 1031): : channel_read success
09-01 00:07:18.288 D/NVITEM ( 1031): : _getPacket continue read 1044 size 1024 grp
2 sub 466
09-01 00:07:18.288 D/NVITEM ( 1031): : writeData:id=1,start=566696, bytesLen:1024
09-01 00:07:18.288 D/NVITEM ( 1031): : *****memcpy packet buf to fromChannel
09-01 00:07:18.289 D/NVITEM ( 1031): : _getPacket
09-01 00:07:18.289 D/NVITEM ( 1031): : get wake_lock 0
09-01 00:07:18.289 D/NVITEM ( 1031): : channel_read success
09-01 00:07:18.289 D/NVITEM ( 1031): : _getPacket continue read 1044 size 1024 grp
2 sub 467
09-01 00:07:18.289 D/NVITEM ( 1031): : writeData:id=1,start=567720, bytesLen:1024
09-01 00:07:18.289 D/NVITEM ( 1031): : *****memcpy packet buf to fromChannel
09-01 00:07:18.289 D/NVITEM ( 1031): : _getPacket
09-01 00:07:18.289 D/NVITEM ( 1031): : get wake_lock 0
09-01 00:07:18.289 D/NVITEM ( 1031): : channel_read success
09-01 00:07:18.289 D/NVITEM ( 1031): : _getPacket continue read 1044 size 1024 grp
2 sub 468
09-01 00:07:18.289 D/NVITEM ( 1031): : writeData:id=1,start=568744, bytesLen:1024
09-01 00:07:18.289 D/NVITEM ( 1031): : *****memcpy packet buf to fromChannel
09-01 00:07:18.290 D/NVITEM ( 1031): : _getPacket
09-01 00:07:18.290 D/NVITEM ( 1031): : get wake_lock 0
09-01 00:07:18.290 D/NVITEM ( 1031): : channel_read success
09-01 00:07:18.290 D/NVITEM ( 1031): : _getPacket continue read 1044 size 1024 grp
2 sub 469
09-01 00:07:18.290 D/NVITEM ( 1031): : writeData:id=1,start=569768, bytesLen:1024
09-01 00:07:18.290 D/NVITEM ( 1031): : *****memcpy packet buf to fromChannel
09-01 00:07:18.290 D/NVITEM ( 1031): : _getPacket
09-01 00:07:18.290 D/NVITEM ( 1031): : get wake_lock 0
09-01 00:07:18.290 D/NVITEM ( 1031): : channel_read success
09-01 00:07:18.290 D/NVITEM ( 1031): : _getPacket continue read 1044 size 1024 grp
2 sub 470
09-01 00:07:18.290 D/NVITEM ( 1031): : writeData:id=1,start=570792, bytesLen:1024
09-01 00:07:18.290 D/NVITEM ( 1031): : *****memcpy packet buf to fromChannel
09-01 00:07:18.291 D/NVITEM ( 1031): : _getPacket
09-01 00:07:18.291 D/NVITEM ( 1031): : get wake_lock 0
09-01 00:07:18.291 D/NVITEM ( 1031): : channel_read success
09-01 00:07:18.291 D/NVITEM ( 1031): : _getPacket continue read 1044 size 1024 grp
2 sub 471
09-01 00:07:18.291 D/NVITEM ( 1031): : writeData:id=1,start=571816, bytesLen:1024
09-01 00:07:18.291 D/NVITEM ( 1031): : *****memcpy packet buf to fromChannel
09-01 00:07:18.291 D/NVITEM ( 1031): : _getPacket
09-01 00:07:18.291 D/NVITEM ( 1031): : get wake_lock 0
09-01 00:07:18.291 D/NVITEM ( 1031): : channel_read success
09-01 00:07:18.291 D/NVITEM ( 1031): : _getPacket continue read 1044 size 1024 grp
2 sub 472
09-01 00:07:18.292 D/NVITEM ( 1031): : writeData:id=1,start=572840, bytesLen:1024
09-01 00:07:18.292 D/NVITEM ( 1031): : *****memcpy packet buf to fromChannel
09-01 00:07:18.292 D/NVITEM ( 1031): : _getPacket
09-01 00:07:18.292 D/NVITEM ( 1031): : get wake_lock 0
09-01 00:07:18.292 D/NVITEM ( 1031): : channel_read success
09-01 00:07:18.292 D/NVITEM ( 1031): : _getPacket continue read 1044 size 1024 grp
2 sub 473
09-01 00:07:18.292 D/NVITEM ( 1031): : writeData:id=1,start=573864, bytesLen:1024
09-01 00:07:18.292 D/NVITEM ( 1031): : *****memcpy packet buf to fromChannel
09-01 00:07:18.292 D/NVITEM ( 1031): : _getPacket
09-01 00:07:18.293 D/NVITEM ( 1031): : get wake_lock 0
09-01 00:07:18.293 D/NVITEM ( 1031): : channel_read success
09-01 00:07:18.293 D/NVITEM ( 1031): : _getPacket continue read 1044 size 1024 grp
2 sub 474
09-01 00:07:18.293 D/NVITEM ( 1031): : writeData:id=1,start=574888, bytesLen:1024
09-01 00:07:18.293 D/NVITEM ( 1031): : *****memcpy packet buf to fromChannel
09-01 00:07:18.293 D/NVITEM ( 1031): : _getPacket
09-01 00:07:18.293 D/NVITEM ( 1031): : get wake_lock 0
09-01 00:07:18.293 D/NVITEM ( 1031): : channel_read success
09-01 00:07:18.293 D/NVITEM ( 1031): : _getPacket continue read 1044 size 1024 grp
2 sub 475
09-01 00:07:18.293 D/NVITEM ( 1031): : writeData:id=1,start=575912, bytesLen:1024
09-01 00:07:18.293 D/NVITEM ( 1031): : *****memcpy packet buf to fromChannel
09-01 00:07:18.293 D/NVITEM ( 1031): : _getPacket
09-01 00:07:18.294 D/NVITEM ( 1031): : get wake_lock 0
09-01 00:07:18.294 D/NVITEM ( 1031): : channel_read success
09-01 00:07:18.294 D/NVITEM ( 1031): : _getPacket continue read 1044 size 1024 grp
2 sub 476
09-01 00:07:18.294 D/NVITEM ( 1031): : writeData:id=1,start=576936, bytesLen:1024
09-01 00:07:18.294 D/NVITEM ( 1031): : *****memcpy packet buf to fromChannel
09-01 00:07:18.294 D/NVITEM ( 1031): : _getPacket
09-01 00:07:18.294 D/NVITEM ( 1031): : get wake_lock 0
09-01 00:07:18.294 D/NVITEM ( 1031): : channel_read success
09-01 00:07:18.294 D/NVITEM ( 1031): : _getPacket continue read 1044 size 1024 grp
2 sub 477
09-01 00:07:18.294 D/NVITEM ( 1031): : writeData:id=1,start=577960, bytesLen:1024
09-01 00:07:18.294 D/NVITEM ( 1031): : *****memcpy packet buf to fromChannel
09-01 00:07:18.294 D/NVITEM ( 1031): : _getPacket
09-01 00:07:18.295 D/NVITEM ( 1031): : get wake_lock 0
09-01 00:07:18.295 D/NVITEM ( 1031): : channel_read success
09-01 00:07:18.295 D/NVITEM ( 1031): : _getPacket continue read 1044 size 1024 grp
2 sub 478
09-01 00:07:18.295 D/NVITEM ( 1031): : writeData:id=1,start=578984, bytesLen:1024
09-01 00:07:18.295 D/NVITEM ( 1031): : *****memcpy packet buf to fromChannel
09-01 00:07:18.295 D/NVITEM ( 1031): : _getPacket
09-01 00:07:18.295 D/NVITEM ( 1031): : get wake_lock 0
09-01 00:07:18.295 D/NVITEM ( 1031): : channel_read success
09-01 00:07:18.295 D/NVITEM ( 1031): : _getPacket continue read 1044 size 1024 grp
2 sub 479
09-01 00:07:18.295 D/NVITEM ( 1031): : writeData:id=1,start=580008, bytesLen:1024
09-01 00:07:18.295 D/NVITEM ( 1031): : *****memcpy packet buf to fromChannel
09-01 00:07:18.297 D/NVITEM ( 1031): : _getPacket
09-01 00:07:18.297 D/NVITEM ( 1031): : get wake_lock 0
09-01 00:07:18.297 D/NVITEM ( 1031): : channel_read success
09-01 00:07:18.297 D/NVITEM ( 1031): : _getPacket continue read 1044 size 1024 grp
2 sub 480
09-01 00:07:18.297 D/NVITEM ( 1031): : writeData:id=1,start=581032, bytesLen:1024
09-01 00:07:18.297 D/NVITEM ( 1031): : *****memcpy packet buf to fromChannel
09-01 00:07:18.297 D/NVITEM ( 1031): : _getPacket
09-01 00:07:18.300 D/NVITEM ( 1031): : get wake_lock 0
09-01 00:07:18.300 D/NVITEM ( 1031): : channel_read success
09-01 00:07:18.300 D/NVITEM ( 1031): : _getPacket continue read 1044 size 1024 grp
2 sub 481
09-01 00:07:18.300 D/NVITEM ( 1031): : writeData:id=1,start=582056, bytesLen:1024
09-01 00:07:18.300 D/NVITEM ( 1031): : *****memcpy packet buf to fromChannel
09-01 00:07:18.300 D/NVITEM ( 1031): : _getPacket
09-01 00:07:18.300 I/ServiceManager( 779): Waiting for service 'package_native' on
'/dev/binder'...
09-01 00:07:18.300 D/NVITEM ( 1031): : get wake_lock 0
09-01 00:07:18.300 D/NVITEM ( 1031): : channel_read success
09-01 00:07:18.300 D/NVITEM ( 1031): : _getPacket continue read 1044 size 1024 grp
2 sub 482
09-01 00:07:18.300 D/NVITEM ( 1031): : writeData:id=1,start=583080, bytesLen:1024
09-01 00:07:18.300 D/NVITEM ( 1031): : *****memcpy packet buf to fromChannel
09-01 00:07:18.300 D/NVITEM ( 1031): : _getPacket
09-01 00:07:18.301 D/NVITEM ( 1031): : get wake_lock 0
09-01 00:07:18.301 D/NVITEM ( 1031): : channel_read success
09-01 00:07:18.301 D/NVITEM ( 1031): : _getPacket continue read 1044 size 1024 grp
2 sub 483
09-01 00:07:18.301 D/NVITEM ( 1031): : writeData:id=1,start=584104, bytesLen:1024
09-01 00:07:18.301 D/NVITEM ( 1031): : *****memcpy packet buf to fromChannel
09-01 00:07:18.301 D/NVITEM ( 1031): : _getPacket
09-01 00:07:18.301 D/NVITEM ( 1031): : get wake_lock 0
09-01 00:07:18.301 D/NVITEM ( 1031): : channel_read success
09-01 00:07:18.301 D/NVITEM ( 1031): : _getPacket continue read 1044 size 1024 grp
2 sub 484
09-01 00:07:18.301 D/NVITEM ( 1031): : writeData:id=1,start=585128, bytesLen:1024
09-01 00:07:18.301 D/NVITEM ( 1031): : *****memcpy packet buf to fromChannel
09-01 00:07:18.301 D/NVITEM ( 1031): : _getPacket
09-01 00:07:18.301 I/SprdSimpleOMXComponent( 812): Construct
SprdSimpleOMXComponent(0xebe05ce0)
09-01 00:07:18.301 I/SprdVideoEncoderOMXComponent( 812): Construct
SprdVideoEncoderOMXComponent, this: 0x0xebe05ce0
09-01 00:07:18.301 I/SPRDHEVCEncoder( 812): Construct SPRDHEVCEncoder, this:
0x0xebe05ce0
09-01 00:07:18.301 I/SPRDHEVCEncoder( 812): openEncoder, lib:
libomx_hevcenc_hw_sprd.so
09-01 00:07:18.302 D/NVITEM ( 1031): : get wake_lock 0
09-01 00:07:18.302 D/NVITEM ( 1031): : channel_read success
09-01 00:07:18.302 D/NVITEM ( 1031): : _getPacket continue read 1044 size 1024 grp
2 sub 485
09-01 00:07:18.302 D/NVITEM ( 1031): : writeData:id=1,start=586152, bytesLen:1024
09-01 00:07:18.302 D/NVITEM ( 1031): : *****memcpy packet buf to fromChannel
09-01 00:07:18.302 D/NVITEM ( 1031): : _getPacket
09-01 00:07:18.302 D/NVITEM ( 1031): : get wake_lock 0
09-01 00:07:18.302 D/NVITEM ( 1031): : channel_read success
09-01 00:07:18.302 D/NVITEM ( 1031): : _getPacket continue read 1044 size 1024 grp
2 sub 486
09-01 00:07:18.302 D/NVITEM ( 1031): : writeData:id=1,start=587176, bytesLen:1024
09-01 00:07:18.302 D/NVITEM ( 1031): : *****memcpy packet buf to fromChannel
09-01 00:07:18.302 D/NVITEM ( 1031): : _getPacket
09-01 00:07:18.303 D/NVITEM ( 1031): : get wake_lock 0
09-01 00:07:18.303 D/NVITEM ( 1031): : channel_read success
09-01 00:07:18.303 D/NVITEM ( 1031): : _getPacket continue read 1044 size 1024 grp
2 sub 487
09-01 00:07:18.303 D/NVITEM ( 1031): : writeData:id=1,start=588200, bytesLen:1024
09-01 00:07:18.303 D/NVITEM ( 1031): : *****memcpy packet buf to fromChannel
09-01 00:07:18.303 D/NVITEM ( 1031): : _getPacket
09-01 00:07:18.303 D/ip_monitor-793( 1082): 25: epdg3:
<POINTOPOINT,MULTICAST,NOARP> mtu 1500 qdisc noop state DOWN group default
09-01 00:07:18.303 D/NVITEM ( 1031): : get wake_lock 0
09-01 00:07:18.303 D/NVITEM ( 1031): : channel_read success
09-01 00:07:18.303 D/NVITEM ( 1031): : _getPacket continue read 1044 size 1024 grp
2 sub 488
09-01 00:07:18.303 D/NVITEM ( 1031): : writeData:id=1,start=589224, bytesLen:1024
09-01 00:07:18.303 D/NVITEM ( 1031): : *****memcpy packet buf to fromChannel
09-01 00:07:18.303 D/NVITEM ( 1031): : _getPacket
09-01 00:07:18.304 D/NVITEM ( 1031): : get wake_lock 0
09-01 00:07:18.304 D/NVITEM ( 1031): : channel_read success
09-01 00:07:18.304 D/NVITEM ( 1031): : _getPacket continue read 1044 size 1024 grp
2 sub 489
09-01 00:07:18.304 D/NVITEM ( 1031): : writeData:id=1,start=590248, bytesLen:1024
09-01 00:07:18.304 D/NVITEM ( 1031): : *****memcpy packet buf to fromChannel
09-01 00:07:18.304 D/NVITEM ( 1031): : _getPacket
09-01 00:07:18.305 D/NVITEM ( 1031): : get wake_lock 0
09-01 00:07:18.305 D/NVITEM ( 1031): : channel_read success
09-01 00:07:18.305 D/NVITEM ( 1031): : _getPacket continue read 1044 size 1024 grp
2 sub 490
09-01 00:07:18.305 D/NVITEM ( 1031): : writeData:id=1,start=591272, bytesLen:1024
09-01 00:07:18.305 D/NVITEM ( 1031): : *****memcpy packet buf to fromChannel
09-01 00:07:18.305 D/NVITEM ( 1031): : _getPacket
09-01 00:07:18.305 D/NVITEM ( 1031): : get wake_lock 0
09-01 00:07:18.305 D/NVITEM ( 1031): : channel_read success
09-01 00:07:18.305 D/NVITEM ( 1031): : _getPacket continue read 1044 size 1024 grp
2 sub 491
09-01 00:07:18.305 D/NVITEM ( 1031): : writeData:id=1,start=592296, bytesLen:1024
09-01 00:07:18.305 D/NVITEM ( 1031): : *****memcpy packet buf to fromChannel
09-01 00:07:18.305 D/NVITEM ( 1031): : _getPacket
09-01 00:07:18.306 D/NVITEM ( 1031): : get wake_lock 0
09-01 00:07:18.306 D/NVITEM ( 1031): : channel_read success
09-01 00:07:18.306 D/NVITEM ( 1031): : _getPacket continue read 1044 size 1024 grp
2 sub 492
09-01 00:07:18.306 D/NVITEM ( 1031): : writeData:id=1,start=593320, bytesLen:1024
09-01 00:07:18.306 D/NVITEM ( 1031): : *****memcpy packet buf to fromChannel
09-01 00:07:18.306 D/NVITEM ( 1031): : _getPacket
09-01 00:07:18.306 D/NVITEM ( 1031): : get wake_lock 0
09-01 00:07:18.306 D/NVITEM ( 1031): : channel_read success
09-01 00:07:18.306 D/NVITEM ( 1031): : _getPacket continue read 1044 size 1024 grp
2 sub 493
09-01 00:07:18.306 D/NVITEM ( 1031): : writeData:id=1,start=594344, bytesLen:1024
09-01 00:07:18.306 D/NVITEM ( 1031): : *****memcpy packet buf to fromChannel
09-01 00:07:18.306 D/NVITEM ( 1031): : _getPacket
09-01 00:07:18.307 D/NVITEM ( 1031): : get wake_lock 0
09-01 00:07:18.307 D/NVITEM ( 1031): : channel_read success
09-01 00:07:18.307 D/NVITEM ( 1031): : _getPacket continue read 1044 size 1024 grp
2 sub 494
09-01 00:07:18.307 D/NVITEM ( 1031): : writeData:id=1,start=595368, bytesLen:1024
09-01 00:07:18.307 D/NVITEM ( 1031): : *****memcpy packet buf to fromChannel
09-01 00:07:18.307 D/NVITEM ( 1031): : _getPacket
09-01 00:07:18.307 D/NVITEM ( 1031): : get wake_lock 0
09-01 00:07:18.307 D/NVITEM ( 1031): : channel_read success
09-01 00:07:18.307 D/NVITEM ( 1031): : _getPacket continue read 1044 size 1024 grp
2 sub 495
09-01 00:07:18.307 D/NVITEM ( 1031): : writeData:id=1,start=596392, bytesLen:1024
09-01 00:07:18.307 D/NVITEM ( 1031): : *****memcpy packet buf to fromChannel
09-01 00:07:18.307 D/NVITEM ( 1031): : _getPacket
09-01 00:07:18.308 I/SPRDHEVCEncoder( 812): SPRDHEVCEncoder, line:109, name:
OMX.sprd.h265.encoder
09-01 00:07:18.308 I/SPRDHEVCEncoder( 812): SPRDHEVCEncoder, mDumpYUVEnabled: 0,
mDumpStrmEnabled: 0
09-01 00:07:18.308 D/NVITEM ( 1031): : get wake_lock 0
09-01 00:07:18.308 I/VSP ( 812): libomx_hevcenc_hw_sprd.so is built on Thu Aug
11 12:57:13 KST 2022, Copyright (C) Spreadtrum, Inc.
09-01 00:07:18.308 D/NVITEM ( 1031): : channel_read success
09-01 00:07:18.308 D/NVITEM ( 1031): : _getPacket continue read 1044 size 1024 grp
2 sub 496
09-01 00:07:18.308 D/NVITEM ( 1031): : writeData:id=1,start=597416, bytesLen:1024
09-01 00:07:18.308 D/NVITEM ( 1031): : *****memcpy packet buf to fromChannel
09-01 00:07:18.308 D/NVITEM ( 1031): : _getPacket
09-01 00:07:18.309 D/NVITEM ( 1031): : get wake_lock 0
09-01 00:07:18.309 D/NVITEM ( 1031): : channel_read success
09-01 00:07:18.309 D/NVITEM ( 1031): : _getPacket continue read 1044 size 1024 grp
2 sub 497
09-01 00:07:18.309 D/NVITEM ( 1031): : writeData:id=1,start=598440, bytesLen:1024
09-01 00:07:18.309 D/NVITEM ( 1031): : *****memcpy packet buf to fromChannel
09-01 00:07:18.309 D/NVITEM ( 1031): : _getPacket
09-01 00:07:18.309 D/NVITEM ( 1031): : get wake_lock 0
09-01 00:07:18.309 D/NVITEM ( 1031): : channel_read success
09-01 00:07:18.309 D/NVITEM ( 1031): : _getPacket continue read 1044 size 1024 grp
2 sub 498
09-01 00:07:18.309 D/NVITEM ( 1031): : writeData:id=1,start=599464, bytesLen:1024
09-01 00:07:18.309 D/NVITEM ( 1031): : *****memcpy packet buf to fromChannel
09-01 00:07:18.309 D/NVITEM ( 1031): : _getPacket
09-01 00:07:18.310 D/NVITEM ( 1031): : get wake_lock 0
09-01 00:07:18.310 D/NVITEM ( 1031): : channel_read success
09-01 00:07:18.310 D/NVITEM ( 1031): : _getPacket continue read 1044 size 1024 grp
2 sub 499
09-01 00:07:18.310 D/NVITEM ( 1031): : writeData:id=1,start=600488, bytesLen:1024
09-01 00:07:18.310 D/NVITEM ( 1031): : *****memcpy packet buf to fromChannel
09-01 00:07:18.310 D/NVITEM ( 1031): : _getPacket
09-01 00:07:18.310 D/NVITEM ( 1031): : get wake_lock 0
09-01 00:07:18.310 D/NVITEM ( 1031): : channel_read success
09-01 00:07:18.310 D/NVITEM ( 1031): : _getPacket continue read 1044 size 1024 grp
2 sub 500
09-01 00:07:18.310 D/NVITEM ( 1031): : writeData:id=1,start=601512, bytesLen:1024
09-01 00:07:18.310 D/NVITEM ( 1031): : *****memcpy packet buf to fromChannel
09-01 00:07:18.310 D/NVITEM ( 1031): : _getPacket
09-01 00:07:18.310 I/SPRDHEVCEncoder( 812): Enc needAign:0
09-01 00:07:18.310 I/SPRDHEVCEncoder( 812): Get IOMMU Status: 0(Success)
09-01 00:07:18.311 I/SPRDHEVCEncoder( 812): Construct SPRDHEVCEncoder, Capability:
profile 1, level 4096, max wh=1920 3840
09-01 00:07:18.311 I/SPRD_OMX_CORE( 812): Created OMXPlugin :
OMX.sprd.h265.encoder
09-01 00:07:18.311 D/NVITEM ( 1031): : get wake_lock 0
09-01 00:07:18.311 D/NVITEM ( 1031): : channel_read success
09-01 00:07:18.311 D/NVITEM ( 1031): : _getPacket continue read 1044 size 1024 grp
2 sub 501
09-01 00:07:18.311 D/NVITEM ( 1031): : writeData:id=1,start=602536, bytesLen:1024
09-01 00:07:18.311 D/NVITEM ( 1031): : *****memcpy packet buf to fromChannel
09-01 00:07:18.311 D/NVITEM ( 1031): : _getPacket
09-01 00:07:18.311 D/NVITEM ( 1031): : get wake_lock 0
09-01 00:07:18.311 D/NVITEM ( 1031): : channel_read success
09-01 00:07:18.311 D/NVITEM ( 1031): : _getPacket continue read 1044 size 1024 grp
2 sub 502
09-01 00:07:18.311 D/NVITEM ( 1031): : writeData:id=1,start=603560, bytesLen:1024
09-01 00:07:18.311 D/NVITEM ( 1031): : *****memcpy packet buf to fromChannel
09-01 00:07:18.311 D/NVITEM ( 1031): : _getPacket
09-01 00:07:18.312 D/NVITEM ( 1031): : get wake_lock 0
09-01 00:07:18.312 D/NVITEM ( 1031): : channel_read success
09-01 00:07:18.312 D/NVITEM ( 1031): : _getPacket continue read 1044 size 1024 grp
2 sub 503
09-01 00:07:18.312 D/NVITEM ( 1031): : writeData:id=1,start=604584, bytesLen:1024
09-01 00:07:18.312 D/NVITEM ( 1031): : *****memcpy packet buf to fromChannel
09-01 00:07:18.312 D/NVITEM ( 1031): : _getPacket
09-01 00:07:18.312 D/NVITEM ( 1031): : get wake_lock 0
09-01 00:07:18.312 D/NVITEM ( 1031): : channel_read success
09-01 00:07:18.312 D/NVITEM ( 1031): : _getPacket continue read 1044 size 1024 grp
2 sub 504
09-01 00:07:18.312 D/NVITEM ( 1031): : writeData:id=1,start=605608, bytesLen:1024
09-01 00:07:18.312 D/NVITEM ( 1031): : *****memcpy packet buf to fromChannel
09-01 00:07:18.312 D/NVITEM ( 1031): : _getPacket
09-01 00:07:18.313 D/NVITEM ( 1031): : get wake_lock 0
09-01 00:07:18.313 D/NVITEM ( 1031): : channel_read success
09-01 00:07:18.313 D/NVITEM ( 1031): : _getPacket continue read 1044 size 1024 grp
2 sub 505
09-01 00:07:18.313 D/NVITEM ( 1031): : writeData:id=1,start=606632, bytesLen:1024
09-01 00:07:18.313 D/NVITEM ( 1031): : *****memcpy packet buf to fromChannel
09-01 00:07:18.313 D/NVITEM ( 1031): : _getPacket
09-01 00:07:18.313 D/NVITEM ( 1031): : get wake_lock 0
09-01 00:07:18.313 D/NVITEM ( 1031): : channel_read success
09-01 00:07:18.313 D/NVITEM ( 1031): : _getPacket continue read 1044 size 1024 grp
2 sub 506
09-01 00:07:18.313 D/NVITEM ( 1031): : writeData:id=1,start=607656, bytesLen:1024
09-01 00:07:18.313 D/NVITEM ( 1031): : *****memcpy packet buf to fromChannel
09-01 00:07:18.313 D/NVITEM ( 1031): : _getPacket
09-01 00:07:18.314 D/NVITEM ( 1031): : get wake_lock 0
09-01 00:07:18.314 D/NVITEM ( 1031): : channel_read success
09-01 00:07:18.314 D/NVITEM ( 1031): : _getPacket continue read 1044 size 1024 grp
2 sub 507
09-01 00:07:18.314 D/NVITEM ( 1031): : writeData:id=1,start=608680, bytesLen:1024
09-01 00:07:18.314 D/NVITEM ( 1031): : *****memcpy packet buf to fromChannel
09-01 00:07:18.314 D/NVITEM ( 1031): : _getPacket
09-01 00:07:18.314 D/NVITEM ( 1031): : get wake_lock 0
09-01 00:07:18.314 D/NVITEM ( 1031): : channel_read success
09-01 00:07:18.314 D/NVITEM ( 1031): : _getPacket continue read 1044 size 1024 grp
2 sub 508
09-01 00:07:18.314 D/NVITEM ( 1031): : writeData:id=1,start=609704, bytesLen:1024
09-01 00:07:18.314 D/NVITEM ( 1031): : *****memcpy packet buf to fromChannel
09-01 00:07:18.314 D/NVITEM ( 1031): : _getPacket
09-01 00:07:18.316 I/zygote ( 597): Verified 1541 classes from mainline modules
in 332.392ms
09-01 00:07:18.315 D/NVITEM ( 1031): : get wake_lock 0
09-01 00:07:18.318 D/NVITEM ( 1031): : channel_read success
09-01 00:07:18.318 D/NVITEM ( 1031): : _getPacket continue read 1044 size 1024 grp
2 sub 509
09-01 00:07:18.318 D/NVITEM ( 1031): : writeData:id=1,start=610728, bytesLen:1024
09-01 00:07:18.318 D/NVITEM ( 1031): : *****memcpy packet buf to fromChannel
09-01 00:07:18.318 D/NVITEM ( 1031): : _getPacket
09-01 00:07:18.318 D/NVITEM ( 1031): : get wake_lock 0
09-01 00:07:18.318 D/NVITEM ( 1031): : channel_read success
09-01 00:07:18.318 D/NVITEM ( 1031): : _getPacket continue read 1044 size 1024 grp
2 sub 510
09-01 00:07:18.318 D/NVITEM ( 1031): : writeData:id=1,start=611752, bytesLen:1024
09-01 00:07:18.318 D/NVITEM ( 1031): : *****memcpy packet buf to fromChannel
09-01 00:07:18.318 D/NVITEM ( 1031): : _getPacket
09-01 00:07:18.319 D/NVITEM ( 1031): : get wake_lock 0
09-01 00:07:18.319 D/NVITEM ( 1031): : channel_read success
09-01 00:07:18.319 I/SprdVideoEncoderOMXComponent( 812): internalGetParameter,
DescribeColorFormat: 0x7fd00001, w h = 128 128
09-01 00:07:18.319 D/NVITEM ( 1031): : _getPacket continue read 1044 size 1024 grp
2 sub 511
09-01 00:07:18.319 D/NVITEM ( 1031): : writeData:id=1,start=612776, bytesLen:1024
09-01 00:07:18.319 D/NVITEM ( 1031): : *****memcpy packet buf to fromChannel
09-01 00:07:18.319 D/NVITEM ( 1031): : _getPacket
09-01 00:07:18.319 I/SprdVideoEncoderOMXComponent( 812): internalGetParameter,
DescribeColorFormat: 0x15, w h = 128 128
09-01 00:07:18.319 D/NVITEM ( 1031): : get wake_lock 0
09-01 00:07:18.319 D/NVITEM ( 1031): : channel_read success
09-01 00:07:18.319 D/NVITEM ( 1031): : _getPacket continue read 1044 size 1024 grp
2 sub 512
09-01 00:07:18.319 D/NVITEM ( 1031): : writeData:id=1,start=613800, bytesLen:1024
09-01 00:07:18.319 D/NVITEM ( 1031): : *****memcpy packet buf to fromChannel
09-01 00:07:18.319 D/NVITEM ( 1031): : _getPacket
09-01 00:07:18.320 I/SprdVideoEncoderOMXComponent( 812): internalGetParameter,
DescribeColorFormat: 0x13, w h = 128 128
09-01 00:07:18.320 D/NVITEM ( 1031): : get wake_lock 0
09-01 00:07:18.320 D/NVITEM ( 1031): : channel_read success
09-01 00:07:18.320 D/NVITEM ( 1031): : _getPacket continue read 1044 size 1024 grp
2 sub 513
09-01 00:07:18.320 D/NVITEM ( 1031): : writeData:id=1,start=614824, bytesLen:1024
09-01 00:07:18.320 D/NVITEM ( 1031): : *****memcpy packet buf to fromChannel
09-01 00:07:18.320 D/NVITEM ( 1031): : _getPacket
09-01 00:07:18.320 I/SprdVideoEncoderOMXComponent( 812): internalGetParameter,
DescribeColorFormat: 0x7f000789, w h = 128 128
09-01 00:07:18.320 W/SprdVideoEncoderOMXComponent( 812): do not know color format
0x7f000789 = 2130708361
09-01 00:07:18.320 W/OMXNodeInstance( 812):
getParameter(0xebec0a90:sprd.h265.encoder, ??(0x7f00000f)) (0x80001019)
09-01 00:07:18.320 W/OMXUtils( 766): do not know color format 0x7f000789 =
2130708361
09-01 00:07:18.320 D/NVITEM ( 1031): : get wake_lock 0
09-01 00:07:18.320 D/NVITEM ( 1031): : channel_read success
09-01 00:07:18.320 D/NVITEM ( 1031): : _getPacket continue read 1044 size 1024 grp
2 sub 514
09-01 00:07:18.320 D/NVITEM ( 1031): : writeData:id=1,start=615848, bytesLen:1024
09-01 00:07:18.320 D/NVITEM ( 1031): : *****memcpy packet buf to fromChannel
09-01 00:07:18.320 D/NVITEM ( 1031): : _getPacket
09-01 00:07:18.320 W/OMXNodeInstance( 812):
getConfig(0xebec0a90:sprd.h265.encoder, ConfigAndroidIntraRefresh(0x6f60000a))
(0x80001001)
09-01 00:07:18.321 W/OMXNodeInstance( 812):
getParameter(0xebec0a90:sprd.h265.encoder, ParamVideoIntraRefresh(0x6000006))
(0x8000101a)
09-01 00:07:18.321 D/MediaCodecInfo( 766): detail feature-frame-parsing wasn't
present to remove
09-01 00:07:18.321 D/NVITEM ( 1031): : get wake_lock 0
09-01 00:07:18.321 D/NVITEM ( 1031): : channel_read success
09-01 00:07:18.321 D/NVITEM ( 1031): : _getPacket continue read 1044 size 1024 grp
2 sub 515
09-01 00:07:18.321 D/NVITEM ( 1031): : writeData:id=1,start=616872, bytesLen:1024
09-01 00:07:18.321 D/NVITEM ( 1031): : *****memcpy packet buf to fromChannel
09-01 00:07:18.321 I/SPRDHEVCEncoder( 812): Destruct SPRDHEVCEncoder, this:
0x0xebe05ce0
09-01 00:07:18.321 D/NVITEM ( 1031): : _getPacket
09-01 00:07:18.322 D/NVITEM ( 1031): : get wake_lock 0
09-01 00:07:18.322 D/NVITEM ( 1031): : channel_read success
09-01 00:07:18.322 D/NVITEM ( 1031): : _getPacket continue read 1044 size 1024 grp
2 sub 516
09-01 00:07:18.322 D/NVITEM ( 1031): : writeData:id=1,start=617896, bytesLen:1024
09-01 00:07:18.322 D/NVITEM ( 1031): : *****memcpy packet buf to fromChannel
09-01 00:07:18.322 D/NVITEM ( 1031): : _getPacket
09-01 00:07:18.322 D/NVITEM ( 1031): : get wake_lock 0
09-01 00:07:18.322 D/NVITEM ( 1031): : channel_read success
09-01 00:07:18.322 D/NVITEM ( 1031): : _getPacket continue read 1044 size 1024 grp
2 sub 517
09-01 00:07:18.322 D/NVITEM ( 1031): : writeData:id=1,start=618920, bytesLen:1024
09-01 00:07:18.322 D/NVITEM ( 1031): : *****memcpy packet buf to fromChannel
09-01 00:07:18.322 D/ip_monitor-793( 1085): link/none
09-01 00:07:18.322 D/NVITEM ( 1031): : _getPacket
09-01 00:07:18.322 I/SprdVideoEncoderOMXComponent( 812): Destruct
SprdVideoEncoderOMXComponent, this: 0x0xebe05ce0
09-01 00:07:18.322 I/SprdSimpleOMXComponent( 812): Destruct
SprdSimpleOMXComponent, this: 0x0xebe05ce0
09-01 00:07:18.323 D/NVITEM ( 1031): : get wake_lock 0
09-01 00:07:18.323 D/NVITEM ( 1031): : channel_read success
09-01 00:07:18.323 D/NVITEM ( 1031): : _getPacket continue read 1044 size 1024 grp
2 sub 518
09-01 00:07:18.323 D/NVITEM ( 1031): : writeData:id=1,start=619944, bytesLen:1024
09-01 00:07:18.323 D/NVITEM ( 1031): : *****memcpy packet buf to fromChannel
09-01 00:07:18.323 D/NVITEM ( 1031): : _getPacket
09-01 00:07:18.323 D/NVITEM ( 1031): : get wake_lock 0
09-01 00:07:18.323 D/NVITEM ( 1031): : channel_read success
09-01 00:07:18.323 D/NVITEM ( 1031): : _getPacket continue read 1044 size 1024 grp
2 sub 519
09-01 00:07:18.323 D/NVITEM ( 1031): : writeData:id=1,start=620968, bytesLen:1024
09-01 00:07:18.323 D/NVITEM ( 1031): : *****memcpy packet buf to fromChannel
09-01 00:07:18.323 D/NVITEM ( 1031): : _getPacket
09-01 00:07:18.324 D/NVITEM ( 1031): : get wake_lock 0
09-01 00:07:18.324 D/NVITEM ( 1031): : channel_read success
09-01 00:07:18.324 D/NVITEM ( 1031): : _getPacket continue read 1044 size 1024 grp
2 sub 520
09-01 00:07:18.324 D/NVITEM ( 1031): : writeData:id=1,start=621992, bytesLen:1024
09-01 00:07:18.324 D/NVITEM ( 1031): : *****memcpy packet buf to fromChannel
09-01 00:07:18.324 D/NVITEM ( 1031): : _getPacket
09-01 00:07:18.325 D/NVITEM ( 1031): : get wake_lock 0
09-01 00:07:18.325 D/NVITEM ( 1031): : channel_read success
09-01 00:07:18.325 D/NVITEM ( 1031): : _getPacket continue read 1044 size 1024 grp
2 sub 521
09-01 00:07:18.325 D/NVITEM ( 1031): : writeData:id=1,start=623016, bytesLen:1024
09-01 00:07:18.325 D/NVITEM ( 1031): : *****memcpy packet buf to fromChannel
09-01 00:07:18.325 D/NVITEM ( 1031): : _getPacket
09-01 00:07:18.325 D/NVITEM ( 1031): : get wake_lock 0
09-01 00:07:18.325 D/NVITEM ( 1031): : channel_read success
09-01 00:07:18.325 D/NVITEM ( 1031): : _getPacket continue read 1044 size 1024 grp
2 sub 522
09-01 00:07:18.325 D/NVITEM ( 1031): : writeData:id=1,start=624040, bytesLen:1024
09-01 00:07:18.325 D/NVITEM ( 1031): : *****memcpy packet buf to fromChannel
09-01 00:07:18.325 D/NVITEM ( 1031): : _getPacket
09-01 00:07:18.326 D/NVITEM ( 1031): : get wake_lock 0
09-01 00:07:18.326 D/NVITEM ( 1031): : channel_read success
09-01 00:07:18.326 D/NVITEM ( 1031): : _getPacket continue read 1044 size 1024 grp
2 sub 523
09-01 00:07:18.326 D/NVITEM ( 1031): : writeData:id=1,start=625064, bytesLen:1024
09-01 00:07:18.326 D/NVITEM ( 1031): : *****memcpy packet buf to fromChannel
09-01 00:07:18.326 D/NVITEM ( 1031): : _getPacket
09-01 00:07:18.326 I/Codec2Client( 766): Available Codec2 services: "default"
"software"
09-01 00:07:18.326 D/NVITEM ( 1031): : get wake_lock 0
09-01 00:07:18.327 D/NVITEM ( 1031): : channel_read success
09-01 00:07:18.327 D/NVITEM ( 1031): : _getPacket continue read 1044 size 1024 grp
2 sub 524
09-01 00:07:18.327 D/NVITEM ( 1031): : writeData:id=1,start=626088, bytesLen:1024
09-01 00:07:18.327 D/NVITEM ( 1031): : *****memcpy packet buf to fromChannel
09-01 00:07:18.327 D/NVITEM ( 1031): : _getPacket
09-01 00:07:18.327 D/NVITEM ( 1031): : get wake_lock 0
09-01 00:07:18.327 D/NVITEM ( 1031): : channel_read success
09-01 00:07:18.327 D/NVITEM ( 1031): : _getPacket continue read 1044 size 1024 grp
2 sub 525
09-01 00:07:18.327 D/NVITEM ( 1031): : writeData:id=1,start=627112, bytesLen:1024
09-01 00:07:18.327 D/NVITEM ( 1031): : *****memcpy packet buf to fromChannel
09-01 00:07:18.327 D/NVITEM ( 1031): : _getPacket
09-01 00:07:18.327 D/NVITEM ( 1031): : get wake_lock 0
09-01 00:07:18.327 D/NVITEM ( 1031): : channel_read success
09-01 00:07:18.327 D/NVITEM ( 1031): : _getPacket continue read 1044 size 1024 grp
2 sub 526
09-01 00:07:18.327 D/NVITEM ( 1031): : writeData:id=1,start=628136, bytesLen:1024
09-01 00:07:18.327 D/NVITEM ( 1031): : *****memcpy packet buf to fromChannel
09-01 00:07:18.328 D/NVITEM ( 1031): : _getPacket
09-01 00:07:18.328 D/NVITEM ( 1031): : get wake_lock 0
09-01 00:07:18.328 D/NVITEM ( 1031): : channel_read success
09-01 00:07:18.328 D/NVITEM ( 1031): : _getPacket continue read 1044 size 1024 grp
2 sub 527
09-01 00:07:18.328 D/NVITEM ( 1031): : writeData:id=1,start=629160, bytesLen:1024
09-01 00:07:18.328 D/NVITEM ( 1031): : *****memcpy packet buf to fromChannel
09-01 00:07:18.328 D/NVITEM ( 1031): : _getPacket
09-01 00:07:18.329 D/NVITEM ( 1031): : get wake_lock 0
09-01 00:07:18.329 D/NVITEM ( 1031): : channel_read success
09-01 00:07:18.329 D/NVITEM ( 1031): : _getPacket continue read 1044 size 1024 grp
2 sub 528
09-01 00:07:18.329 D/NVITEM ( 1031): : writeData:id=1,start=630184, bytesLen:1024
09-01 00:07:18.329 D/NVITEM ( 1031): : *****memcpy packet buf to fromChannel
09-01 00:07:18.329 D/NVITEM ( 1031): : _getPacket
09-01 00:07:18.329 D/NVITEM ( 1031): : get wake_lock 0
09-01 00:07:18.329 D/NVITEM ( 1031): : channel_read success
09-01 00:07:18.329 D/NVITEM ( 1031): : _getPacket continue read 1044 size 1024 grp
2 sub 529
09-01 00:07:18.329 D/NVITEM ( 1031): : writeData:id=1,start=631208, bytesLen:1024
09-01 00:07:18.329 D/NVITEM ( 1031): : *****memcpy packet buf to fromChannel
09-01 00:07:18.329 D/NVITEM ( 1031): : _getPacket
09-01 00:07:18.330 D/NVITEM ( 1031): : get wake_lock 0
09-01 00:07:18.330 D/NVITEM ( 1031): : channel_read success
09-01 00:07:18.330 D/NVITEM ( 1031): : _getPacket continue read 1044 size 1024 grp
2 sub 530
09-01 00:07:18.330 D/NVITEM ( 1031): : writeData:id=1,start=632232, bytesLen:1024
09-01 00:07:18.330 D/NVITEM ( 1031): : *****memcpy packet buf to fromChannel
09-01 00:07:18.330 D/NVITEM ( 1031): : _getPacket
09-01 00:07:18.330 D/NVITEM ( 1031): : get wake_lock 0
09-01 00:07:18.330 D/NVITEM ( 1031): : channel_read success
09-01 00:07:18.330 D/NVITEM ( 1031): : _getPacket continue read 1044 size 1024 grp
2 sub 531
09-01 00:07:18.330 D/NVITEM ( 1031): : writeData:id=1,start=633256, bytesLen:1024
09-01 00:07:18.330 D/NVITEM ( 1031): : *****memcpy packet buf to fromChannel
09-01 00:07:18.330 D/NVITEM ( 1031): : _getPacket
09-01 00:07:18.331 D/NVITEM ( 1031): : get wake_lock 0
09-01 00:07:18.331 D/NVITEM ( 1031): : channel_read success
09-01 00:07:18.331 D/NVITEM ( 1031): : _getPacket continue read 1044 size 1024 grp
2 sub 532
09-01 00:07:18.331 D/NVITEM ( 1031): : writeData:id=1,start=634280, bytesLen:1024
09-01 00:07:18.331 D/NVITEM ( 1031): : *****memcpy packet buf to fromChannel
09-01 00:07:18.331 D/NVITEM ( 1031): : _getPacket
09-01 00:07:18.331 D/NVITEM ( 1031): : get wake_lock 0
09-01 00:07:18.331 D/NVITEM ( 1031): : channel_read success
09-01 00:07:18.331 D/NVITEM ( 1031): : _getPacket continue read 1044 size 1024 grp
2 sub 533
09-01 00:07:18.331 D/NVITEM ( 1031): : writeData:id=1,start=635304, bytesLen:1024
09-01 00:07:18.331 D/NVITEM ( 1031): : *****memcpy packet buf to fromChannel
09-01 00:07:18.331 D/NVITEM ( 1031): : _getPacket
09-01 00:07:18.332 D/NVITEM ( 1031): : get wake_lock 0
09-01 00:07:18.332 D/NVITEM ( 1031): : channel_read success
09-01 00:07:18.332 D/NVITEM ( 1031): : _getPacket continue read 1044 size 1024 grp
2 sub 534
09-01 00:07:18.332 D/NVITEM ( 1031): : writeData:id=1,start=636328, bytesLen:1024
09-01 00:07:18.332 D/NVITEM ( 1031): : *****memcpy packet buf to fromChannel
09-01 00:07:18.332 D/NVITEM ( 1031): : _getPacket
09-01 00:07:18.332 I/C2SecAacDec( 812): in CreateCodec2Factory
09-01 00:07:18.332 I/SEC_componentStore( 812): GetCodec2SecComponentStore+++++++++
++++
09-01 00:07:18.332 I/SEC_componentStore( 812):
GetCodec2SecComponentStore--------------default
09-01 00:07:18.332 D/NVITEM ( 1031): : get wake_lock 0
09-01 00:07:18.332 D/NVITEM ( 1031): : channel_read success
09-01 00:07:18.332 D/NVITEM ( 1031): : _getPacket continue read 1044 size 1024 grp
2 sub 535
09-01 00:07:18.332 D/NVITEM ( 1031): : writeData:id=1,start=637352, bytesLen:1024
09-01 00:07:18.332 D/NVITEM ( 1031): : *****memcpy packet buf to fromChannel
09-01 00:07:18.332 D/NVITEM ( 1031): : _getPacket
09-01 00:07:18.333 D/NVITEM ( 1031): : get wake_lock 0
09-01 00:07:18.333 D/NVITEM ( 1031): : channel_read success
09-01 00:07:18.333 D/NVITEM ( 1031): : _getPacket continue read 1044 size 1024 grp
2 sub 536
09-01 00:07:18.333 D/NVITEM ( 1031): : writeData:id=1,start=638376, bytesLen:1024
09-01 00:07:18.333 D/NVITEM ( 1031): : *****memcpy packet buf to fromChannel
09-01 00:07:18.333 D/NVITEM ( 1031): : _getPacket
09-01 00:07:18.333 D/NVITEM ( 1031): : get wake_lock 0
09-01 00:07:18.333 D/NVITEM ( 1031): : channel_read success
09-01 00:07:18.333 D/NVITEM ( 1031): : _getPacket continue read 1044 size 1024 grp
2 sub 537
09-01 00:07:18.333 D/NVITEM ( 1031): : writeData:id=1,start=639400, bytesLen:1024
09-01 00:07:18.333 D/NVITEM ( 1031): : *****memcpy packet buf to fromChannel
09-01 00:07:18.333 D/NVITEM ( 1031): : _getPacket
09-01 00:07:18.334 D/NVITEM ( 1031): : get wake_lock 0
09-01 00:07:18.334 D/NVITEM ( 1031): : channel_read success
09-01 00:07:18.334 D/NVITEM ( 1031): : _getPacket continue read 1044 size 1024 grp
2 sub 538
09-01 00:07:18.334 D/NVITEM ( 1031): : writeData:id=1,start=640424, bytesLen:1024
09-01 00:07:18.334 D/NVITEM ( 1031): : *****memcpy packet buf to fromChannel
09-01 00:07:18.334 D/NVITEM ( 1031): : _getPacket
09-01 00:07:18.334 D/NVITEM ( 1031): : get wake_lock 0
09-01 00:07:18.334 D/NVITEM ( 1031): : channel_read success
09-01 00:07:18.334 D/NVITEM ( 1031): : _getPacket continue read 1044 size 1024 grp
2 sub 539
09-01 00:07:18.334 D/NVITEM ( 1031): : writeData:id=1,start=641448, bytesLen:1024
09-01 00:07:18.334 D/NVITEM ( 1031): : *****memcpy packet buf to fromChannel
09-01 00:07:18.335 D/NVITEM ( 1031): : _getPacket
09-01 00:07:18.335 D/NVITEM ( 1031): : get wake_lock 0
09-01 00:07:18.335 D/NVITEM ( 1031): : channel_read success
09-01 00:07:18.335 D/NVITEM ( 1031): : _getPacket continue read 1044 size 1024 grp
2 sub 540
09-01 00:07:18.335 D/NVITEM ( 1031): : writeData:id=1,start=642472, bytesLen:1024
09-01 00:07:18.335 D/NVITEM ( 1031): : *****memcpy packet buf to fromChannel
09-01 00:07:18.335 D/NVITEM ( 1031): : _getPacket
09-01 00:07:18.336 D/NVITEM ( 1031): : get wake_lock 0
09-01 00:07:18.336 D/NVITEM ( 1031): : channel_read success
09-01 00:07:18.336 D/NVITEM ( 1031): : _getPacket continue read 1044 size 1024 grp
2 sub 541
09-01 00:07:18.336 D/NVITEM ( 1031): : writeData:id=1,start=643496, bytesLen:1024
09-01 00:07:18.336 D/NVITEM ( 1031): : *****memcpy packet buf to fromChannel
09-01 00:07:18.336 D/NVITEM ( 1031): : _getPacket
09-01 00:07:18.336 D/NVITEM ( 1031): : get wake_lock 0
09-01 00:07:18.336 D/NVITEM ( 1031): : channel_read success
09-01 00:07:18.336 D/NVITEM ( 1031): : _getPacket continue read 1044 size 1024 grp
2 sub 542
09-01 00:07:18.336 D/NVITEM ( 1031): : writeData:id=1,start=644520, bytesLen:1024
09-01 00:07:18.336 D/NVITEM ( 1031): : *****memcpy packet buf to fromChannel
09-01 00:07:18.336 D/NVITEM ( 1031): : _getPacket
09-01 00:07:18.337 D/NVITEM ( 1031): : get wake_lock 0
09-01 00:07:18.337 D/NVITEM ( 1031): : channel_read success
09-01 00:07:18.337 D/NVITEM ( 1031): : _getPacket continue read 1044 size 1024 grp
2 sub 543
09-01 00:07:18.337 D/NVITEM ( 1031): : writeData:id=1,start=645544, bytesLen:1024
09-01 00:07:18.337 D/NVITEM ( 1031): : *****memcpy packet buf to fromChannel
09-01 00:07:18.337 D/NVITEM ( 1031): : _getPacket
09-01 00:07:18.338 I/C2SecAacDec( 812): in DestroyCodec2Factory
09-01 00:07:18.339 D/NVITEM ( 1031): : get wake_lock 0
09-01 00:07:18.339 D/NVITEM ( 1031): : channel_read success
09-01 00:07:18.339 D/NVITEM ( 1031): : _getPacket continue read 1044 size 1024 grp
2 sub 544
09-01 00:07:18.339 D/NVITEM ( 1031): : writeData:id=1,start=646568, bytesLen:1024
09-01 00:07:18.339 D/NVITEM ( 1031): : *****memcpy packet buf to fromChannel
09-01 00:07:18.339 D/NVITEM ( 1031): : _getPacket
09-01 00:07:18.339 D/NVITEM ( 1031): : get wake_lock 0
09-01 00:07:18.339 D/NVITEM ( 1031): : channel_read success
09-01 00:07:18.339 D/NVITEM ( 1031): : _getPacket continue read 1044 size 1024 grp
2 sub 545
09-01 00:07:18.339 D/NVITEM ( 1031): : writeData:id=1,start=647592, bytesLen:1024
09-01 00:07:18.339 D/NVITEM ( 1031): : *****memcpy packet buf to fromChannel
09-01 00:07:18.339 D/NVITEM ( 1031): : _getPacket
09-01 00:07:18.340 I/C2SecAmrNBDec( 812): in CreateCodec2Factory
09-01 00:07:18.340 D/NVITEM ( 1031): : get wake_lock 0
09-01 00:07:18.340 D/NVITEM ( 1031): : channel_read success
09-01 00:07:18.340 I/SEC_componentStore( 812): GetCodec2SecComponentStore+++++++++
++++
09-01 00:07:18.340 D/NVITEM ( 1031): : _getPacket continue read 1044 size 1024 grp
2 sub 546
09-01 00:07:18.340 D/NVITEM ( 1031): : writeData:id=1,start=648616, bytesLen:1024
09-01 00:07:18.340 I/SEC_componentStore( 812):
GetCodec2SecComponentStore--------------default
09-01 00:07:18.340 D/NVITEM ( 1031): : *****memcpy packet buf to fromChannel
09-01 00:07:18.340 D/NVITEM ( 1031): : _getPacket
09-01 00:07:18.340 D/NVITEM ( 1031): : get wake_lock 0
09-01 00:07:18.340 D/NVITEM ( 1031): : channel_read success
09-01 00:07:18.340 D/NVITEM ( 1031): : _getPacket continue read 1044 size 1024 grp
2 sub 547
09-01 00:07:18.340 D/NVITEM ( 1031): : writeData:id=1,start=649640, bytesLen:1024
09-01 00:07:18.340 D/NVITEM ( 1031): : *****memcpy packet buf to fromChannel
09-01 00:07:18.340 D/NVITEM ( 1031): : _getPacket
09-01 00:07:18.340 I/C2SecAmrNBDec( 812): in DestroyCodec2Factory
09-01 00:07:18.340 D/ip_monitor-793( 1087): ipv6 dev epdg3 forwarding on
09-01 00:07:18.341 D/NVITEM ( 1031): : get wake_lock 0
09-01 00:07:18.341 D/NVITEM ( 1031): : channel_read success
09-01 00:07:18.341 D/NVITEM ( 1031): : _getPacket continue read 1044 size 1024 grp
2 sub 548
09-01 00:07:18.341 D/NVITEM ( 1031): : writeData:id=1,start=650664, bytesLen:1024
09-01 00:07:18.341 D/NVITEM ( 1031): : *****memcpy packet buf to fromChannel
09-01 00:07:18.341 D/NVITEM ( 1031): : _getPacket
09-01 00:07:18.342 D/NVITEM ( 1031): : get wake_lock 0
09-01 00:07:18.342 D/NVITEM ( 1031): : channel_read success
09-01 00:07:18.342 D/NVITEM ( 1031): : _getPacket continue read 1044 size 1024 grp
2 sub 549
09-01 00:07:18.342 D/NVITEM ( 1031): : writeData:id=1,start=651688, bytesLen:1024
09-01 00:07:18.342 D/NVITEM ( 1031): : *****memcpy packet buf to fromChannel
09-01 00:07:18.342 D/NVITEM ( 1031): : _getPacket
09-01 00:07:18.342 D/NVITEM ( 1031): : get wake_lock 0
09-01 00:07:18.343 D/NVITEM ( 1031): : channel_read success
09-01 00:07:18.343 D/NVITEM ( 1031): : _getPacket continue read 1044 size 1024 grp
2 sub 550
09-01 00:07:18.343 D/NVITEM ( 1031): : writeData:id=1,start=652712, bytesLen:1024
09-01 00:07:18.343 D/NVITEM ( 1031): : *****memcpy packet buf to fromChannel
09-01 00:07:18.343 I/C2SecAmrWBDec( 812): in CreateCodec2Factory
09-01 00:07:18.343 D/NVITEM ( 1031): : _getPacket
09-01 00:07:18.343 I/SEC_componentStore( 812): GetCodec2SecComponentStore+++++++++
++++
09-01 00:07:18.343 I/SEC_componentStore( 812):
GetCodec2SecComponentStore--------------default
09-01 00:07:18.343 D/NVITEM ( 1031): : get wake_lock 0
09-01 00:07:18.343 D/NVITEM ( 1031): : channel_read success
09-01 00:07:18.343 D/NVITEM ( 1031): : _getPacket continue read 1044 size 1024 grp
2 sub 551
09-01 00:07:18.343 D/NVITEM ( 1031): : writeData:id=1,start=653736, bytesLen:1024
09-01 00:07:18.343 D/NVITEM ( 1031): : *****memcpy packet buf to fromChannel
09-01 00:07:18.343 D/NVITEM ( 1031): : _getPacket
09-01 00:07:18.344 D/NVITEM ( 1031): : get wake_lock 0
09-01 00:07:18.344 D/NVITEM ( 1031): : channel_read success
09-01 00:07:18.344 D/NVITEM ( 1031): : _getPacket continue read 1044 size 1024 grp
2 sub 552
09-01 00:07:18.344 D/NVITEM ( 1031): : writeData:id=1,start=654760, bytesLen:1024
09-01 00:07:18.344 D/NVITEM ( 1031): : *****memcpy packet buf to fromChannel
09-01 00:07:18.344 I/C2SecAmrWBDec( 812): in DestroyCodec2Factory
09-01 00:07:18.344 D/NVITEM ( 1031): : _getPacket
09-01 00:07:18.345 D/NVITEM ( 1031): : get wake_lock 0
09-01 00:07:18.345 D/NVITEM ( 1031): : channel_read success
09-01 00:07:18.345 D/NVITEM ( 1031): : _getPacket continue read 1044 size 1024 grp
2 sub 553
09-01 00:07:18.345 D/NVITEM ( 1031): : writeData:id=1,start=655784, bytesLen:1024
09-01 00:07:18.345 D/NVITEM ( 1031): : *****memcpy packet buf to fromChannel
09-01 00:07:18.345 D/NVITEM ( 1031): : _getPacket
09-01 00:07:18.345 D/NVITEM ( 1031): : get wake_lock 0
09-01 00:07:18.345 D/NVITEM ( 1031): : channel_read success
09-01 00:07:18.345 D/NVITEM ( 1031): : _getPacket continue read 1044 size 1024 grp
2 sub 554
09-01 00:07:18.345 D/NVITEM ( 1031): : writeData:id=1,start=656808, bytesLen:1024
09-01 00:07:18.345 D/NVITEM ( 1031): : *****memcpy packet buf to fromChannel
09-01 00:07:18.345 D/NVITEM ( 1031): : _getPacket
09-01 00:07:18.346 D/NVITEM ( 1031): : get wake_lock 0
09-01 00:07:18.346 D/NVITEM ( 1031): : channel_read success
09-01 00:07:18.346 D/NVITEM ( 1031): : _getPacket continue read 1044 size 1024 grp
2 sub 555
09-01 00:07:18.346 D/NVITEM ( 1031): : writeData:id=1,start=657832, bytesLen:1024
09-01 00:07:18.346 D/NVITEM ( 1031): : *****memcpy packet buf to fromChannel
09-01 00:07:18.346 I/C2SecFlacDec( 812): in CreateCodec2Factory
09-01 00:07:18.346 D/NVITEM ( 1031): : _getPacket
09-01 00:07:18.346 I/SEC_componentStore( 812): GetCodec2SecComponentStore+++++++++
++++
09-01 00:07:18.346 I/SEC_componentStore( 812):
GetCodec2SecComponentStore--------------default
09-01 00:07:18.346 D/NVITEM ( 1031): : get wake_lock 0
09-01 00:07:18.346 D/NVITEM ( 1031): : channel_read success
09-01 00:07:18.346 D/NVITEM ( 1031): : _getPacket continue read 1044 size 1024 grp
2 sub 556
09-01 00:07:18.346 D/NVITEM ( 1031): : writeData:id=1,start=658856, bytesLen:1024
09-01 00:07:18.346 D/NVITEM ( 1031): : *****memcpy packet buf to fromChannel
09-01 00:07:18.346 D/NVITEM ( 1031): : _getPacket
09-01 00:07:18.347 I/C2SecFlacDec( 812): in DestroyCodec2Factory
09-01 00:07:18.347 V/ZygoteInitThreadPool( 596): Class
com.android.internal.telephony.GsmAlphabet was preloaded took to much time: 498ms
09-01 00:07:18.347 W/ZygoteInitThreadPool( 596): Completed :
com.android.internal.telephony.GsmAlphabet took 498ms
09-01 00:07:18.348 I/C2SecImaDec( 812): in CreateCodec2Factory
09-01 00:07:18.348 I/SEC_componentStore( 812): GetCodec2SecComponentStore+++++++++
++++
09-01 00:07:18.348 I/SEC_componentStore( 812):
GetCodec2SecComponentStore--------------default
09-01 00:07:18.349 D/NVITEM ( 1031): : get wake_lock 0
09-01 00:07:18.349 D/NVITEM ( 1031): : channel_read success
09-01 00:07:18.349 D/NVITEM ( 1031): : _getPacket continue read 1044 size 1024 grp
2 sub 557
09-01 00:07:18.349 D/NVITEM ( 1031): : writeData:id=1,start=659880, bytesLen:1024
09-01 00:07:18.349 D/NVITEM ( 1031): : *****memcpy packet buf to fromChannel
09-01 00:07:18.349 D/NVITEM ( 1031): : _getPacket
09-01 00:07:18.349 I/ServiceManager( 764): Waiting for service 'package_native' on
'/dev/binder'...
09-01 00:07:18.349 I/C2SecImaDec( 812): in DestroyCodec2Factory
09-01 00:07:18.349 D/NVITEM ( 1031): : get wake_lock 0
09-01 00:07:18.349 D/NVITEM ( 1031): : channel_read success
09-01 00:07:18.349 D/NVITEM ( 1031): : _getPacket continue read 1044 size 1024 grp
2 sub 558
09-01 00:07:18.349 D/NVITEM ( 1031): : writeData:id=1,start=660904, bytesLen:1024
09-01 00:07:18.349 D/NVITEM ( 1031): : *****memcpy packet buf to fromChannel
09-01 00:07:18.349 D/NVITEM ( 1031): : _getPacket
09-01 00:07:18.350 D/NVITEM ( 1031): : get wake_lock 0
09-01 00:07:18.350 D/NVITEM ( 1031): : channel_read success
09-01 00:07:18.350 D/NVITEM ( 1031): : _getPacket continue read 1044 size 1024 grp
2 sub 559
09-01 00:07:18.350 D/NVITEM ( 1031): : writeData:id=1,start=661928, bytesLen:1024
09-01 00:07:18.350 D/NVITEM ( 1031): : *****memcpy packet buf to fromChannel
09-01 00:07:18.350 D/NVITEM ( 1031): : _getPacket
09-01 00:07:18.350 D/NVITEM ( 1031): : get wake_lock 0
09-01 00:07:18.350 I/C2SecMp3Dec( 812): in CreateCodec2Factory
09-01 00:07:18.350 D/NVITEM ( 1031): : channel_read success
09-01 00:07:18.350 D/NVITEM ( 1031): : _getPacket continue read 1044 size 1024 grp
2 sub 560
09-01 00:07:18.350 D/NVITEM ( 1031): : writeData:id=1,start=662952, bytesLen:1024
09-01 00:07:18.350 D/NVITEM ( 1031): : *****memcpy packet buf to fromChannel
09-01 00:07:18.350 I/SEC_componentStore( 812): GetCodec2SecComponentStore+++++++++
++++
09-01 00:07:18.350 I/SEC_componentStore( 812):
GetCodec2SecComponentStore--------------default
09-01 00:07:18.350 D/NVITEM ( 1031): : _getPacket
09-01 00:07:18.351 D/NVITEM ( 1031): : get wake_lock 0
09-01 00:07:18.351 D/NVITEM ( 1031): : channel_read success
09-01 00:07:18.351 D/NVITEM ( 1031): : _getPacket continue read 1044 size 1024 grp
2 sub 561
09-01 00:07:18.351 D/NVITEM ( 1031): : writeData:id=1,start=663976, bytesLen:1024
09-01 00:07:18.351 D/NVITEM ( 1031): : *****memcpy packet buf to fromChannel
09-01 00:07:18.351 D/NVITEM ( 1031): : _getPacket
09-01 00:07:18.351 I/C2SecMp3Dec( 812): in DestroyCodec2Factory
09-01 00:07:18.351 D/NVITEM ( 1031): : get wake_lock 0
09-01 00:07:18.351 D/NVITEM ( 1031): : channel_read success
09-01 00:07:18.351 D/NVITEM ( 1031): : _getPacket continue read 1044 size 1024 grp
2 sub 562
09-01 00:07:18.351 D/NVITEM ( 1031): : writeData:id=1,start=665000, bytesLen:1024
09-01 00:07:18.351 D/NVITEM ( 1031): : *****memcpy packet buf to fromChannel
09-01 00:07:18.351 D/NVITEM ( 1031): : _getPacket
09-01 00:07:18.352 D/NVITEM ( 1031): : get wake_lock 0
09-01 00:07:18.352 D/NVITEM ( 1031): : channel_read success
09-01 00:07:18.352 D/NVITEM ( 1031): : _getPacket continue read 1044 size 1024 grp
2 sub 563
09-01 00:07:18.352 D/NVITEM ( 1031): : writeData:id=1,start=666024, bytesLen:1024
09-01 00:07:18.352 D/NVITEM ( 1031): : *****memcpy packet buf to fromChannel
09-01 00:07:18.352 D/NVITEM ( 1031): : _getPacket
09-01 00:07:18.352 D/NVITEM ( 1031): : get wake_lock 0
09-01 00:07:18.352 D/NVITEM ( 1031): : channel_read success
09-01 00:07:18.352 D/NVITEM ( 1031): : _getPacket continue read 1044 size 1024 grp
2 sub 564
