09-01 00:07:18.352 D/NVITEM ( 1031): : writeData:id=1,start=667048, bytesLen:1024
09-01 00:07:18.352 D/NVITEM ( 1031): : *****memcpy packet buf to fromChannel
09-01 00:07:18.353 D/NVITEM ( 1031): : _getPacket
09-01 00:07:18.353 I/SEC_componentStore( 812): GetCodec2SecComponentStore+++++++++
++++
09-01 00:07:18.353 I/SEC_componentStore( 812):
GetCodec2SecComponentStore--------------default
09-01 00:07:18.353 D/NVITEM ( 1031): : get wake_lock 0
09-01 00:07:18.353 D/NVITEM ( 1031): : channel_read success
09-01 00:07:18.353 D/NVITEM ( 1031): : _getPacket continue read 1044 size 1024 grp
2 sub 565
09-01 00:07:18.353 D/NVITEM ( 1031): : writeData:id=1,start=668072, bytesLen:1024
09-01 00:07:18.354 D/NVITEM ( 1031): : *****memcpy packet buf to fromChannel
09-01 00:07:18.355 D/NVITEM ( 1031): : _getPacket
09-01 00:07:18.355 D/NVITEM ( 1031): : get wake_lock 0
09-01 00:07:18.355 D/NVITEM ( 1031): : channel_read success
09-01 00:07:18.355 D/NVITEM ( 1031): : _getPacket continue read 1044 size 1024 grp
2 sub 566
09-01 00:07:18.355 D/NVITEM ( 1031): : writeData:id=1,start=669096, bytesLen:1024
09-01 00:07:18.355 D/NVITEM ( 1031): : *****memcpy packet buf to fromChannel
09-01 00:07:18.355 I/SEC_componentStore( 812): GetCodec2SecComponentStore+++++++++
++++
09-01 00:07:18.355 I/SEC_componentStore( 812):
GetCodec2SecComponentStore--------------default
09-01 00:07:18.355 D/NVITEM ( 1031): : _getPacket
09-01 00:07:18.355 D/NVITEM ( 1031): : get wake_lock 0
09-01 00:07:18.355 D/NVITEM ( 1031): : channel_read success
09-01 00:07:18.355 D/NVITEM ( 1031): : _getPacket continue read 1044 size 1024 grp
2 sub 567
09-01 00:07:18.355 D/NVITEM ( 1031): : writeData:id=1,start=670120, bytesLen:1024
09-01 00:07:18.355 D/NVITEM ( 1031): : *****memcpy packet buf to fromChannel
09-01 00:07:18.355 D/NVITEM ( 1031): : _getPacket
09-01 00:07:18.356 D/NVITEM ( 1031): : get wake_lock 0
09-01 00:07:18.356 D/NVITEM ( 1031): : channel_read success
09-01 00:07:18.356 D/NVITEM ( 1031): : _getPacket continue read 1044 size 1024 grp
2 sub 568
09-01 00:07:18.356 D/NVITEM ( 1031): : writeData:id=1,start=671144, bytesLen:1024
09-01 00:07:18.356 D/NVITEM ( 1031): : *****memcpy packet buf to fromChannel
09-01 00:07:18.356 D/NVITEM ( 1031): : _getPacket
09-01 00:07:18.356 D/NVITEM ( 1031): : get wake_lock 0
09-01 00:07:18.357 D/NVITEM ( 1031): : channel_read success
09-01 00:07:18.357 D/NVITEM ( 1031): : _getPacket continue read 1044 size 1024 grp
2 sub 569
09-01 00:07:18.357 D/NVITEM ( 1031): : writeData:id=1,start=672168, bytesLen:1024
09-01 00:07:18.357 D/NVITEM ( 1031): : *****memcpy packet buf to fromChannel
09-01 00:07:18.357 D/NVITEM ( 1031): : _getPacket
09-01 00:07:18.357 D/NVITEM ( 1031): : get wake_lock 0
09-01 00:07:18.357 D/NVITEM ( 1031): : channel_read success
09-01 00:07:18.357 D/NVITEM ( 1031): : _getPacket continue read 1044 size 1024 grp
2 sub 570
09-01 00:07:18.357 D/NVITEM ( 1031): : writeData:id=1,start=673192, bytesLen:1024
09-01 00:07:18.357 D/NVITEM ( 1031): : *****memcpy packet buf to fromChannel
09-01 00:07:18.357 D/NVITEM ( 1031): : _getPacket
09-01 00:07:18.358 D/NVITEM ( 1031): : get wake_lock 0
09-01 00:07:18.358 D/NVITEM ( 1031): : channel_read success
09-01 00:07:18.358 D/NVITEM ( 1031): : _getPacket continue read 1044 size 1024 grp
2 sub 571
09-01 00:07:18.358 D/NVITEM ( 1031): : writeData:id=1,start=674216, bytesLen:1024
09-01 00:07:18.358 D/NVITEM ( 1031): : *****memcpy packet buf to fromChannel
09-01 00:07:18.358 D/NVITEM ( 1031): : _getPacket
09-01 00:07:18.358 D/NVITEM ( 1031): : get wake_lock 0
09-01 00:07:18.358 D/NVITEM ( 1031): : channel_read success
09-01 00:07:18.358 D/NVITEM ( 1031): : _getPacket continue read 1044 size 1024 grp
2 sub 572
09-01 00:07:18.358 D/NVITEM ( 1031): : writeData:id=1,start=675240, bytesLen:1024
09-01 00:07:18.358 D/NVITEM ( 1031): : *****memcpy packet buf to fromChannel
09-01 00:07:18.358 D/NVITEM ( 1031): : _getPacket
09-01 00:07:18.358 I/SEC_componentStore( 812): GetCodec2SecComponentStore+++++++++
++++
09-01 00:07:18.359 I/SEC_componentStore( 812):
GetCodec2SecComponentStore--------------default
09-01 00:07:18.360 D/NVITEM ( 1031): : get wake_lock 0
09-01 00:07:18.360 D/NVITEM ( 1031): : channel_read success
09-01 00:07:18.360 D/NVITEM ( 1031): : _getPacket continue read 1044 size 1024 grp
2 sub 573
09-01 00:07:18.360 D/NVITEM ( 1031): : writeData:id=1,start=676264, bytesLen:1024
09-01 00:07:18.360 D/NVITEM ( 1031): : *****memcpy packet buf to fromChannel
09-01 00:07:18.360 D/NVITEM ( 1031): : _getPacket
09-01 00:07:18.360 D/NVITEM ( 1031): : get wake_lock 0
09-01 00:07:18.360 D/NVITEM ( 1031): : channel_read success
09-01 00:07:18.360 D/NVITEM ( 1031): : _getPacket continue read 1044 size 1024 grp
2 sub 574
09-01 00:07:18.360 D/NVITEM ( 1031): : writeData:id=1,start=677288, bytesLen:1024
09-01 00:07:18.360 D/NVITEM ( 1031): : *****memcpy packet buf to fromChannel
09-01 00:07:18.360 D/NVITEM ( 1031): : _getPacket
09-01 00:07:18.361 D/NVITEM ( 1031): : get wake_lock 0
09-01 00:07:18.361 D/NVITEM ( 1031): : channel_read success
09-01 00:07:18.361 D/NVITEM ( 1031): : _getPacket continue read 1044 size 1024 grp
2 sub 575
09-01 00:07:18.361 D/NVITEM ( 1031): : writeData:id=1,start=678312, bytesLen:1024
09-01 00:07:18.361 D/NVITEM ( 1031): : *****memcpy packet buf to fromChannel
09-01 00:07:18.361 D/NVITEM ( 1031): : _getPacket
09-01 00:07:18.361 D/ip_monitor-793( 1090): ipv4 dev epdg4 forwarding off rp_filter
off mc_forwarding off proxy_neigh off ignore_routes_with_linkdown off
09-01 00:07:18.361 D/NVITEM ( 1031): : get wake_lock 0
09-01 00:07:18.361 D/NVITEM ( 1031): : channel_read success
09-01 00:07:18.361 D/NVITEM ( 1031): : _getPacket continue read 1044 size 1024 grp
2 sub 576
09-01 00:07:18.361 D/NVITEM ( 1031): : writeData:id=1,start=679336, bytesLen:1024
09-01 00:07:18.361 D/NVITEM ( 1031): : *****memcpy packet buf to fromChannel
09-01 00:07:18.361 D/NVITEM ( 1031): : _getPacket
09-01 00:07:18.363 D/NVITEM ( 1031): : get wake_lock 0
09-01 00:07:18.363 D/NVITEM ( 1031): : channel_read success
09-01 00:07:18.363 D/NVITEM ( 1031): : _getPacket continue read 1044 size 1024 grp
2 sub 577
09-01 00:07:18.363 D/NVITEM ( 1031): : writeData:id=1,start=680360, bytesLen:1024
09-01 00:07:18.363 D/NVITEM ( 1031): : *****memcpy packet buf to fromChannel
09-01 00:07:18.363 D/NVITEM ( 1031): : _getPacket
09-01 00:07:18.364 D/NVITEM ( 1031): : get wake_lock 0
09-01 00:07:18.364 D/NVITEM ( 1031): : channel_read success
09-01 00:07:18.364 D/NVITEM ( 1031): : _getPacket continue read 1044 size 1024 grp
2 sub 578
09-01 00:07:18.364 D/NVITEM ( 1031): : writeData:id=1,start=681384, bytesLen:1024
09-01 00:07:18.364 D/NVITEM ( 1031): : *****memcpy packet buf to fromChannel
09-01 00:07:18.364 D/NVITEM ( 1031): : _getPacket
09-01 00:07:18.364 D/NVITEM ( 1031): : get wake_lock 0
09-01 00:07:18.364 D/NVITEM ( 1031): : channel_read success
09-01 00:07:18.364 D/NVITEM ( 1031): : _getPacket continue read 1044 size 1024 grp
2 sub 579
09-01 00:07:18.364 D/NVITEM ( 1031): : writeData:id=1,start=682408, bytesLen:1024
09-01 00:07:18.364 D/NVITEM ( 1031): : *****memcpy packet buf to fromChannel
09-01 00:07:18.364 D/NVITEM ( 1031): : _getPacket
09-01 00:07:18.365 D/NVITEM ( 1031): : get wake_lock 0
09-01 00:07:18.365 D/NVITEM ( 1031): : channel_read success
09-01 00:07:18.365 D/NVITEM ( 1031): : _getPacket continue read 1044 size 1024 grp
2 sub 580
09-01 00:07:18.365 D/NVITEM ( 1031): : writeData:id=1,start=683432, bytesLen:1024
09-01 00:07:18.365 D/NVITEM ( 1031): : *****memcpy packet buf to fromChannel
09-01 00:07:18.365 D/NVITEM ( 1031): : _getPacket
09-01 00:07:18.365 D/NVITEM ( 1031): : get wake_lock 0
09-01 00:07:18.365 D/NVITEM ( 1031): : channel_read success
09-01 00:07:18.365 D/NVITEM ( 1031): : _getPacket continue read 1044 size 1024 grp
2 sub 581
09-01 00:07:18.365 D/NVITEM ( 1031): : writeData:id=1,start=684456, bytesLen:1024
09-01 00:07:18.365 D/NVITEM ( 1031): : *****memcpy packet buf to fromChannel
09-01 00:07:18.365 D/NVITEM ( 1031): : _getPacket
09-01 00:07:18.366 D/NVITEM ( 1031): : get wake_lock 0
09-01 00:07:18.366 D/NVITEM ( 1031): : channel_read success
09-01 00:07:18.366 D/NVITEM ( 1031): : _getPacket continue read 1044 size 1024 grp
2 sub 582
09-01 00:07:18.366 D/NVITEM ( 1031): : writeData:id=1,start=685480, bytesLen:1024
09-01 00:07:18.366 D/NVITEM ( 1031): : *****memcpy packet buf to fromChannel
09-01 00:07:18.366 D/NVITEM ( 1031): : _getPacket
09-01 00:07:18.366 D/NVITEM ( 1031): : get wake_lock 0
09-01 00:07:18.366 D/NVITEM ( 1031): : channel_read success
09-01 00:07:18.366 D/NVITEM ( 1031): : _getPacket continue read 1044 size 1024 grp
2 sub 583
09-01 00:07:18.366 D/NVITEM ( 1031): : writeData:id=1,start=686504, bytesLen:1024
09-01 00:07:18.366 D/NVITEM ( 1031): : *****memcpy packet buf to fromChannel
09-01 00:07:18.366 D/NVITEM ( 1031): : _getPacket
09-01 00:07:18.367 D/NVITEM ( 1031): : get wake_lock 0
09-01 00:07:18.367 D/NVITEM ( 1031): : channel_read success
09-01 00:07:18.367 D/NVITEM ( 1031): : _getPacket continue read 1044 size 1024 grp
2 sub 584
09-01 00:07:18.367 D/NVITEM ( 1031): : writeData:id=1,start=687528, bytesLen:1024
09-01 00:07:18.367 D/NVITEM ( 1031): : *****memcpy packet buf to fromChannel
09-01 00:07:18.367 D/NVITEM ( 1031): : _getPacket
09-01 00:07:18.367 D/NVITEM ( 1031): : get wake_lock 0
09-01 00:07:18.367 D/NVITEM ( 1031): : channel_read success
09-01 00:07:18.367 D/NVITEM ( 1031): : _getPacket continue read 1044 size 1024 grp
2 sub 585
09-01 00:07:18.367 D/NVITEM ( 1031): : writeData:id=1,start=688552, bytesLen:1024
09-01 00:07:18.367 D/NVITEM ( 1031): : *****memcpy packet buf to fromChannel
09-01 00:07:18.367 D/NVITEM ( 1031): : _getPacket
09-01 00:07:18.368 I/ServiceManager( 594): Waiting for service 'statscompanion' on
'/dev/binder'...
09-01 00:07:18.368 D/NVITEM ( 1031): : get wake_lock 0
09-01 00:07:18.368 D/NVITEM ( 1031): : channel_read success
09-01 00:07:18.368 D/NVITEM ( 1031): : _getPacket continue read 1044 size 1024 grp
2 sub 586
09-01 00:07:18.368 D/NVITEM ( 1031): : writeData:id=1,start=689576, bytesLen:1024
09-01 00:07:18.368 D/NVITEM ( 1031): : *****memcpy packet buf to fromChannel
09-01 00:07:18.368 D/NVITEM ( 1031): : _getPacket
09-01 00:07:18.369 D/NVITEM ( 1031): : get wake_lock 0
09-01 00:07:18.369 D/NVITEM ( 1031): : channel_read success
09-01 00:07:18.369 D/NVITEM ( 1031): : _getPacket continue read 1044 size 1024 grp
2 sub 587
09-01 00:07:18.369 D/NVITEM ( 1031): : writeData:id=1,start=690600, bytesLen:1024
09-01 00:07:18.369 D/NVITEM ( 1031): : *****memcpy packet buf to fromChannel
09-01 00:07:18.369 D/NVITEM ( 1031): : _getPacket
09-01 00:07:18.369 D/NVITEM ( 1031): : get wake_lock 0
09-01 00:07:18.369 D/NVITEM ( 1031): : channel_read success
09-01 00:07:18.369 D/NVITEM ( 1031): : _getPacket continue read 1044 size 1024 grp
2 sub 588
09-01 00:07:18.369 D/NVITEM ( 1031): : writeData:id=1,start=691624, bytesLen:1024
09-01 00:07:18.369 D/NVITEM ( 1031): : *****memcpy packet buf to fromChannel
09-01 00:07:18.369 D/NVITEM ( 1031): : _getPacket
09-01 00:07:18.370 D/NVITEM ( 1031): : get wake_lock 0
09-01 00:07:18.370 D/NVITEM ( 1031): : channel_read success
09-01 00:07:18.370 D/NVITEM ( 1031): : _getPacket continue read 1044 size 1024 grp
2 sub 589
09-01 00:07:18.370 D/NVITEM ( 1031): : writeData:id=1,start=692648, bytesLen:1024
09-01 00:07:18.370 D/NVITEM ( 1031): : *****memcpy packet buf to fromChannel
09-01 00:07:18.370 D/NVITEM ( 1031): : _getPacket
09-01 00:07:18.370 D/NVITEM ( 1031): : get wake_lock 0
09-01 00:07:18.370 D/NVITEM ( 1031): : channel_read success
09-01 00:07:18.370 D/NVITEM ( 1031): : _getPacket continue read 1044 size 1024 grp
2 sub 590
09-01 00:07:18.370 D/NVITEM ( 1031): : writeData:id=1,start=693672, bytesLen:1024
09-01 00:07:18.370 D/NVITEM ( 1031): : *****memcpy packet buf to fromChannel
09-01 00:07:18.370 D/NVITEM ( 1031): : _getPacket
09-01 00:07:18.371 D/NVITEM ( 1031): : get wake_lock 0
09-01 00:07:18.371 D/NVITEM ( 1031): : channel_read success
09-01 00:07:18.371 D/NVITEM ( 1031): : _getPacket continue read 1044 size 1024 grp
2 sub 591
09-01 00:07:18.371 D/NVITEM ( 1031): : writeData:id=1,start=694696, bytesLen:1024
09-01 00:07:18.371 D/NVITEM ( 1031): : *****memcpy packet buf to fromChannel
09-01 00:07:18.371 D/NVITEM ( 1031): : _getPacket
09-01 00:07:18.371 I/SEC_componentStore( 812): GetCodec2SecComponentStore+++++++++
++++
09-01 00:07:18.371 I/SEC_componentStore( 812):
GetCodec2SecComponentStore--------------default
09-01 00:07:18.371 D/NVITEM ( 1031): : get wake_lock 0
09-01 00:07:18.371 D/NVITEM ( 1031): : channel_read success
09-01 00:07:18.371 D/NVITEM ( 1031): : _getPacket continue read 1044 size 1024 grp
2 sub 592
09-01 00:07:18.371 D/NVITEM ( 1031): : writeData:id=1,start=695720, bytesLen:1024
09-01 00:07:18.371 D/NVITEM ( 1031): : *****memcpy packet buf to fromChannel
09-01 00:07:18.371 D/NVITEM ( 1031): : _getPacket
09-01 00:07:18.372 D/NVITEM ( 1031): : get wake_lock 0
09-01 00:07:18.372 D/NVITEM ( 1031): : channel_read success
09-01 00:07:18.372 D/NVITEM ( 1031): : _getPacket continue read 1044 size 1024 grp
2 sub 593
09-01 00:07:18.372 D/NVITEM ( 1031): : writeData:id=1,start=696744, bytesLen:1024
09-01 00:07:18.372 D/NVITEM ( 1031): : *****memcpy packet buf to fromChannel
09-01 00:07:18.372 D/NVITEM ( 1031): : _getPacket
09-01 00:07:18.372 D/NVITEM ( 1031): : get wake_lock 0
09-01 00:07:18.372 D/NVITEM ( 1031): : channel_read success
09-01 00:07:18.372 D/NVITEM ( 1031): : _getPacket continue read 1044 size 1024 grp
2 sub 594
09-01 00:07:18.372 D/NVITEM ( 1031): : writeData:id=1,start=697768, bytesLen:1024
09-01 00:07:18.372 D/NVITEM ( 1031): : *****memcpy packet buf to fromChannel
09-01 00:07:18.372 D/NVITEM ( 1031): : _getPacket
09-01 00:07:18.373 D/NVITEM ( 1031): : get wake_lock 0
09-01 00:07:18.373 D/NVITEM ( 1031): : channel_read success
09-01 00:07:18.373 D/NVITEM ( 1031): : _getPacket continue read 1044 size 1024 grp
2 sub 595
09-01 00:07:18.373 D/NVITEM ( 1031): : writeData:id=1,start=698792, bytesLen:1024
09-01 00:07:18.373 D/NVITEM ( 1031): : *****memcpy packet buf to fromChannel
09-01 00:07:18.373 D/NVITEM ( 1031): : _getPacket
09-01 00:07:18.373 D/NVITEM ( 1031): : get wake_lock 0
09-01 00:07:18.373 D/NVITEM ( 1031): : channel_read success
09-01 00:07:18.373 D/NVITEM ( 1031): : _getPacket continue read 1044 size 1024 grp
2 sub 596
09-01 00:07:18.373 D/NVITEM ( 1031): : writeData:id=1,start=699816, bytesLen:1024
09-01 00:07:18.373 D/NVITEM ( 1031): : *****memcpy packet buf to fromChannel
09-01 00:07:18.373 D/NVITEM ( 1031): : _getPacket
09-01 00:07:18.374 D/NVITEM ( 1031): : get wake_lock 0
09-01 00:07:18.374 D/NVITEM ( 1031): : channel_read success
09-01 00:07:18.374 D/NVITEM ( 1031): : _getPacket continue read 1044 size 1024 grp
2 sub 597
09-01 00:07:18.374 D/NVITEM ( 1031): : writeData:id=1,start=700840, bytesLen:1024
09-01 00:07:18.374 D/NVITEM ( 1031): : *****memcpy packet buf to fromChannel
09-01 00:07:18.374 D/NVITEM ( 1031): : _getPacket
09-01 00:07:18.374 D/NVITEM ( 1031): : get wake_lock 0
09-01 00:07:18.374 D/NVITEM ( 1031): : channel_read success
09-01 00:07:18.374 D/NVITEM ( 1031): : _getPacket continue read 1044 size 1024 grp
2 sub 598
09-01 00:07:18.374 D/NVITEM ( 1031): : writeData:id=1,start=701864, bytesLen:1024
09-01 00:07:18.374 D/NVITEM ( 1031): : *****memcpy packet buf to fromChannel
09-01 00:07:18.374 D/NVITEM ( 1031): : _getPacket
09-01 00:07:18.375 D/NVITEM ( 1031): : get wake_lock 0
09-01 00:07:18.375 D/NVITEM ( 1031): : channel_read success
09-01 00:07:18.375 D/NVITEM ( 1031): : _getPacket continue read 1044 size 1024 grp
2 sub 599
09-01 00:07:18.375 D/NVITEM ( 1031): : writeData:id=1,start=702888, bytesLen:1024
09-01 00:07:18.375 D/NVITEM ( 1031): : *****memcpy packet buf to fromChannel
09-01 00:07:18.375 D/NVITEM ( 1031): : _getPacket
09-01 00:07:18.375 D/NVITEM ( 1031): : get wake_lock 0
09-01 00:07:18.375 D/NVITEM ( 1031): : channel_read success
09-01 00:07:18.375 D/NVITEM ( 1031): : _getPacket continue read 1044 size 1024 grp
2 sub 600
09-01 00:07:18.375 D/NVITEM ( 1031): : writeData:id=1,start=703912, bytesLen:1024
09-01 00:07:18.375 D/NVITEM ( 1031): : *****memcpy packet buf to fromChannel
09-01 00:07:18.375 D/NVITEM ( 1031): : _getPacket
09-01 00:07:18.376 D/NVITEM ( 1031): : get wake_lock 0
09-01 00:07:18.376 D/NVITEM ( 1031): : channel_read success
09-01 00:07:18.376 D/NVITEM ( 1031): : _getPacket continue read 1044 size 1024 grp
2 sub 601
09-01 00:07:18.376 D/NVITEM ( 1031): : writeData:id=1,start=704936, bytesLen:1024
09-01 00:07:18.376 D/NVITEM ( 1031): : *****memcpy packet buf to fromChannel
09-01 00:07:18.376 D/NVITEM ( 1031): : _getPacket
09-01 00:07:18.376 D/NVITEM ( 1031): : get wake_lock 0
09-01 00:07:18.377 D/NVITEM ( 1031): : channel_read success
09-01 00:07:18.377 D/NVITEM ( 1031): : _getPacket continue read 1044 size 1024 grp
2 sub 602
09-01 00:07:18.377 D/NVITEM ( 1031): : writeData:id=1,start=705960, bytesLen:1024
09-01 00:07:18.377 D/NVITEM ( 1031): : *****memcpy packet buf to fromChannel
09-01 00:07:18.377 D/NVITEM ( 1031): : _getPacket
09-01 00:07:18.377 D/NVITEM ( 1031): : get wake_lock 0
09-01 00:07:18.377 D/NVITEM ( 1031): : channel_read success
09-01 00:07:18.377 D/NVITEM ( 1031): : _getPacket continue read 1044 size 1024 grp
2 sub 603
09-01 00:07:18.377 D/NVITEM ( 1031): : writeData:id=1,start=706984, bytesLen:1024
09-01 00:07:18.377 D/NVITEM ( 1031): : *****memcpy packet buf to fromChannel
09-01 00:07:18.377 D/NVITEM ( 1031): : _getPacket
09-01 00:07:18.378 D/NVITEM ( 1031): : get wake_lock 0
09-01 00:07:18.378 D/NVITEM ( 1031): : channel_read success
09-01 00:07:18.378 D/NVITEM ( 1031): : _getPacket continue read 1044 size 1024 grp
2 sub 604
09-01 00:07:18.378 D/NVITEM ( 1031): : writeData:id=1,start=708008, bytesLen:1024
09-01 00:07:18.378 D/NVITEM ( 1031): : *****memcpy packet buf to fromChannel
09-01 00:07:18.378 D/NVITEM ( 1031): : _getPacket
09-01 00:07:18.378 D/NVITEM ( 1031): : get wake_lock 0
09-01 00:07:18.378 D/NVITEM ( 1031): : channel_read success
09-01 00:07:18.378 D/NVITEM ( 1031): : _getPacket continue read 1044 size 1024 grp
2 sub 605
09-01 00:07:18.378 D/NVITEM ( 1031): : writeData:id=1,start=709032, bytesLen:1024
09-01 00:07:18.378 D/NVITEM ( 1031): : *****memcpy packet buf to fromChannel
09-01 00:07:18.378 D/NVITEM ( 1031): : _getPacket
09-01 00:07:18.379 D/NVITEM ( 1031): : get wake_lock 0
09-01 00:07:18.379 D/NVITEM ( 1031): : channel_read success
09-01 00:07:18.379 D/NVITEM ( 1031): : _getPacket continue read 1044 size 1024 grp
2 sub 606
09-01 00:07:18.379 D/NVITEM ( 1031): : writeData:id=1,start=710056, bytesLen:1024
09-01 00:07:18.379 D/NVITEM ( 1031): : *****memcpy packet buf to fromChannel
09-01 00:07:18.379 D/NVITEM ( 1031): : _getPacket
09-01 00:07:18.379 D/ip_monitor-793( 1091): ipv6 dev epdg4 forwarding off
proxy_neigh off ignore_routes_with_linkdown off
09-01 00:07:18.379 V/C2Store ( 833): in init
09-01 00:07:18.379 V/C2Store ( 833): loading dll
09-01 00:07:18.379 D/NVITEM ( 1031): : get wake_lock 0
09-01 00:07:18.379 D/NVITEM ( 1031): : channel_read success
09-01 00:07:18.379 D/NVITEM ( 1031): : _getPacket continue read 1044 size 1024 grp
2 sub 607
09-01 00:07:18.379 D/NVITEM ( 1031): : writeData:id=1,start=711080, bytesLen:1024
09-01 00:07:18.379 D/NVITEM ( 1031): : *****memcpy packet buf to fromChannel
09-01 00:07:18.379 D/NVITEM ( 1031): : _getPacket
09-01 00:07:18.380 D/NVITEM ( 1031): : get wake_lock 0
09-01 00:07:18.380 D/NVITEM ( 1031): : channel_read success
09-01 00:07:18.380 D/NVITEM ( 1031): : _getPacket continue read 1044 size 1024 grp
2 sub 608
09-01 00:07:18.380 D/NVITEM ( 1031): : writeData:id=1,start=712104, bytesLen:1024
09-01 00:07:18.380 D/NVITEM ( 1031): : *****memcpy packet buf to fromChannel
09-01 00:07:18.380 D/NVITEM ( 1031): : _getPacket
09-01 00:07:18.380 I/zygote64( 596):
Thread[9,tid=1026,Native,Thread*=0xb40000737e389dd0,peer=0x13440318,"0 ~ 5955
(preloading: android.media.CamcorderProfile)"] recursive attempt to load library
"libmedia_jni.so"
09-01 00:07:18.380 D/NVITEM ( 1031): : get wake_lock 0
09-01 00:07:18.380 D/NVITEM ( 1031): : channel_read success
09-01 00:07:18.380 D/NVITEM ( 1031): : _getPacket continue read 1044 size 1024 grp
2 sub 609
09-01 00:07:18.380 D/NVITEM ( 1031): : writeData:id=1,start=713128, bytesLen:1024
09-01 00:07:18.380 D/NVITEM ( 1031): : *****memcpy packet buf to fromChannel
09-01 00:07:18.380 D/NVITEM ( 1031): : _getPacket
09-01 00:07:18.381 D/NVITEM ( 1031): : get wake_lock 0
09-01 00:07:18.381 D/NVITEM ( 1031): : channel_read success
09-01 00:07:18.381 D/NVITEM ( 1031): : _getPacket continue read 1044 size 1024 grp
2 sub 610
09-01 00:07:18.381 D/NVITEM ( 1031): : writeData:id=1,start=714152, bytesLen:1024
09-01 00:07:18.381 D/NVITEM ( 1031): : *****memcpy packet buf to fromChannel
09-01 00:07:18.381 D/NVITEM ( 1031): : _getPacket
09-01 00:07:18.381 D/NVITEM ( 1031): : get wake_lock 0
09-01 00:07:18.381 D/NVITEM ( 1031): : channel_read success
09-01 00:07:18.381 D/NVITEM ( 1031): : _getPacket continue read 1044 size 1024 grp
2 sub 611
09-01 00:07:18.381 D/NVITEM ( 1031): : writeData:id=1,start=715176, bytesLen:1024
09-01 00:07:18.381 D/NVITEM ( 1031): : *****memcpy packet buf to fromChannel
09-01 00:07:18.381 D/NVITEM ( 1031): : _getPacket
09-01 00:07:18.382 D/NVITEM ( 1031): : get wake_lock 0
09-01 00:07:18.382 D/NVITEM ( 1031): : channel_read success
09-01 00:07:18.382 D/NVITEM ( 1031): : _getPacket continue read 1044 size 1024 grp
2 sub 612
09-01 00:07:18.382 D/NVITEM ( 1031): : writeData:id=1,start=716200, bytesLen:1024
09-01 00:07:18.382 D/NVITEM ( 1031): : *****memcpy packet buf to fromChannel
09-01 00:07:18.382 D/NVITEM ( 1031): : _getPacket
09-01 00:07:18.382 D/NVITEM ( 1031): : get wake_lock 0
09-01 00:07:18.382 D/NVITEM ( 1031): : channel_read success
09-01 00:07:18.382 D/NVITEM ( 1031): : _getPacket continue read 1044 size 1024 grp
2 sub 613
09-01 00:07:18.382 D/NVITEM ( 1031): : writeData:id=1,start=717224, bytesLen:1024
09-01 00:07:18.382 D/NVITEM ( 1031): : *****memcpy packet buf to fromChannel
09-01 00:07:18.383 D/NVITEM ( 1031): : _getPacket
09-01 00:07:18.383 D/NVITEM ( 1031): : get wake_lock 0
09-01 00:07:18.383 D/NVITEM ( 1031): : channel_read success
09-01 00:07:18.383 D/NVITEM ( 1031): : _getPacket continue read 1044 size 1024 grp
2 sub 614
09-01 00:07:18.383 D/NVITEM ( 1031): : writeData:id=1,start=718248, bytesLen:1024
09-01 00:07:18.383 D/NVITEM ( 1031): : *****memcpy packet buf to fromChannel
09-01 00:07:18.383 D/NVITEM ( 1031): : _getPacket
09-01 00:07:18.383 D/NVITEM ( 1031): : get wake_lock 0
09-01 00:07:18.384 D/NVITEM ( 1031): : channel_read success
09-01 00:07:18.384 D/NVITEM ( 1031): : _getPacket continue read 1044 size 1024 grp
2 sub 615
09-01 00:07:18.384 D/NVITEM ( 1031): : writeData:id=1,start=719272, bytesLen:1024
09-01 00:07:18.384 D/NVITEM ( 1031): : *****memcpy packet buf to fromChannel
09-01 00:07:18.384 D/NVITEM ( 1031): : _getPacket
09-01 00:07:18.384 D/NVITEM ( 1031): : get wake_lock 0
09-01 00:07:18.384 D/NVITEM ( 1031): : channel_read success
09-01 00:07:18.384 D/NVITEM ( 1031): : _getPacket continue read 1044 size 1024 grp
2 sub 616
09-01 00:07:18.384 D/NVITEM ( 1031): : writeData:id=1,start=720296, bytesLen:1024
09-01 00:07:18.384 D/NVITEM ( 1031): : *****memcpy packet buf to fromChannel
09-01 00:07:18.384 D/NVITEM ( 1031): : _getPacket
09-01 00:07:18.385 D/NVITEM ( 1031): : get wake_lock 0
09-01 00:07:18.385 D/NVITEM ( 1031): : channel_read success
09-01 00:07:18.385 D/NVITEM ( 1031): : _getPacket continue read 1044 size 1024 grp
2 sub 617
09-01 00:07:18.385 D/NVITEM ( 1031): : writeData:id=1,start=721320, bytesLen:1024
09-01 00:07:18.385 D/NVITEM ( 1031): : *****memcpy packet buf to fromChannel
09-01 00:07:18.385 D/NVITEM ( 1031): : _getPacket
09-01 00:07:18.385 D/NVITEM ( 1031): : get wake_lock 0
09-01 00:07:18.385 D/NVITEM ( 1031): : channel_read success
09-01 00:07:18.385 D/NVITEM ( 1031): : _getPacket continue read 1044 size 1024 grp
2 sub 618
09-01 00:07:18.385 D/NVITEM ( 1031): : writeData:id=1,start=722344, bytesLen:1024
09-01 00:07:18.385 D/NVITEM ( 1031): : *****memcpy packet buf to fromChannel
09-01 00:07:18.385 D/NVITEM ( 1031): : _getPacket
09-01 00:07:18.386 D/NVITEM ( 1031): : get wake_lock 0
09-01 00:07:18.386 D/NVITEM ( 1031): : channel_read success
09-01 00:07:18.386 D/NVITEM ( 1031): : _getPacket continue read 1044 size 1024 grp
2 sub 619
09-01 00:07:18.386 D/NVITEM ( 1031): : writeData:id=1,start=723368, bytesLen:1024
09-01 00:07:18.386 D/NVITEM ( 1031): : *****memcpy packet buf to fromChannel
09-01 00:07:18.386 D/NVITEM ( 1031): : _getPacket
09-01 00:07:18.386 I/zygote64( 596):
Thread[9,tid=1026,Native,Thread*=0xb40000737e389dd0,peer=0x13440318,"0 ~ 5955
(preloading: android.media.CamcorderProfile)"] recursive attempt to load library
"libmedia_jni.so"
09-01 00:07:18.386 D/NVITEM ( 1031): : get wake_lock 0
09-01 00:07:18.386 D/NVITEM ( 1031): : channel_read success
09-01 00:07:18.386 D/NVITEM ( 1031): : _getPacket continue read 1044 size 1024 grp
2 sub 620
09-01 00:07:18.386 D/NVITEM ( 1031): : writeData:id=1,start=724392, bytesLen:1024
09-01 00:07:18.386 D/NVITEM ( 1031): : *****memcpy packet buf to fromChannel
09-01 00:07:18.386 D/NVITEM ( 1031): : _getPacket
09-01 00:07:18.387 D/MtpDeviceJNI( 596): register_android_mtp_MtpDevice
09-01 00:07:18.387 D/NVITEM ( 1031): : get wake_lock 0
09-01 00:07:18.387 D/NVITEM ( 1031): : channel_read success
09-01 00:07:18.387 D/NVITEM ( 1031): : _getPacket continue read 1044 size 1024 grp
2 sub 621
09-01 00:07:18.387 D/NVITEM ( 1031): : writeData:id=1,start=725416, bytesLen:1024
09-01 00:07:18.387 D/NVITEM ( 1031): : *****memcpy packet buf to fromChannel
09-01 00:07:18.387 D/NVITEM ( 1031): : _getPacket
09-01 00:07:18.387 I/zygote64( 596):
Thread[9,tid=1026,Native,Thread*=0xb40000737e389dd0,peer=0x13440318,"0 ~ 5955
(preloading: android.media.CamcorderProfile)"] recursive attempt to load library
"libmedia_jni.so"
09-01 00:07:18.387 I/zygote64( 596):
Thread[9,tid=1026,Native,Thread*=0xb40000737e389dd0,peer=0x13440318,"0 ~ 5955
(preloading: android.media.CamcorderProfile)"] recursive attempt to load library
"libmedia_jni.so"
09-01 00:07:18.387 D/NVITEM ( 1031): : get wake_lock 0
09-01 00:07:18.387 D/NVITEM ( 1031): : channel_read success
09-01 00:07:18.387 D/NVITEM ( 1031): : _getPacket continue read 1044 size 1024 grp
2 sub 622
09-01 00:07:18.387 D/NVITEM ( 1031): : writeData:id=1,start=726440, bytesLen:1024
09-01 00:07:18.387 D/NVITEM ( 1031): : *****memcpy packet buf to fromChannel
09-01 00:07:18.387 D/NVITEM ( 1031): : _getPacket
09-01 00:07:18.388 D/NVITEM ( 1031): : get wake_lock 0
09-01 00:07:18.388 D/NVITEM ( 1031): : channel_read success
09-01 00:07:18.388 D/NVITEM ( 1031): : _getPacket continue read 1044 size 1024 grp
2 sub 623
09-01 00:07:18.388 D/NVITEM ( 1031): : writeData:id=1,start=727464, bytesLen:1024
09-01 00:07:18.388 D/NVITEM ( 1031): : *****memcpy packet buf to fromChannel
09-01 00:07:18.388 D/NVITEM ( 1031): : _getPacket
09-01 00:07:18.388 D/NVITEM ( 1031): : get wake_lock 0
09-01 00:07:18.388 D/NVITEM ( 1031): : channel_read success
09-01 00:07:18.388 D/NVITEM ( 1031): : _getPacket continue read 1044 size 1024 grp
2 sub 624
09-01 00:07:18.388 D/NVITEM ( 1031): : writeData:id=1,start=728488, bytesLen:1024
09-01 00:07:18.388 D/NVITEM ( 1031): : *****memcpy packet buf to fromChannel
09-01 00:07:18.388 D/NVITEM ( 1031): : _getPacket
09-01 00:07:18.389 D/NVITEM ( 1031): : get wake_lock 0
09-01 00:07:18.389 D/NVITEM ( 1031): : channel_read success
09-01 00:07:18.389 D/NVITEM ( 1031): : _getPacket continue read 1044 size 1024 grp
2 sub 625
09-01 00:07:18.389 D/NVITEM ( 1031): : writeData:id=1,start=729512, bytesLen:1024
09-01 00:07:18.389 D/NVITEM ( 1031): : *****memcpy packet buf to fromChannel
09-01 00:07:18.389 D/NVITEM ( 1031): : _getPacket
09-01 00:07:18.389 D/NVITEM ( 1031): : get wake_lock 0
09-01 00:07:18.389 D/NVITEM ( 1031): : channel_read success
09-01 00:07:18.389 D/NVITEM ( 1031): : _getPacket continue read 1044 size 1024 grp
2 sub 626
09-01 00:07:18.389 D/NVITEM ( 1031): : writeData:id=1,start=730536, bytesLen:1024
09-01 00:07:18.389 D/NVITEM ( 1031): : *****memcpy packet buf to fromChannel
09-01 00:07:18.389 D/NVITEM ( 1031): : _getPacket
09-01 00:07:18.390 D/NVITEM ( 1031): : get wake_lock 0
09-01 00:07:18.390 D/NVITEM ( 1031): : channel_read success
09-01 00:07:18.390 D/NVITEM ( 1031): : _getPacket continue read 1044 size 1024 grp
2 sub 627
09-01 00:07:18.390 D/NVITEM ( 1031): : writeData:id=1,start=731560, bytesLen:1024
09-01 00:07:18.390 D/NVITEM ( 1031): : *****memcpy packet buf to fromChannel
09-01 00:07:18.390 D/NVITEM ( 1031): : _getPacket
09-01 00:07:18.390 D/NVITEM ( 1031): : get wake_lock 0
09-01 00:07:18.391 D/NVITEM ( 1031): : channel_read success
09-01 00:07:18.391 D/NVITEM ( 1031): : _getPacket continue read 1044 size 1024 grp
2 sub 628
09-01 00:07:18.391 D/NVITEM ( 1031): : writeData:id=1,start=732584, bytesLen:1024
09-01 00:07:18.391 D/NVITEM ( 1031): : *****memcpy packet buf to fromChannel
09-01 00:07:18.391 D/NVITEM ( 1031): : _getPacket
09-01 00:07:18.391 D/NVITEM ( 1031): : get wake_lock 0
09-01 00:07:18.391 D/NVITEM ( 1031): : channel_read success
09-01 00:07:18.391 D/NVITEM ( 1031): : _getPacket continue read 1044 size 1024 grp
2 sub 629
09-01 00:07:18.391 D/NVITEM ( 1031): : writeData:id=1,start=733608, bytesLen:1024
09-01 00:07:18.391 D/NVITEM ( 1031): : *****memcpy packet buf to fromChannel
09-01 00:07:18.391 D/NVITEM ( 1031): : _getPacket
09-01 00:07:18.392 D/NVITEM ( 1031): : get wake_lock 0
09-01 00:07:18.392 D/NVITEM ( 1031): : channel_read success
09-01 00:07:18.392 D/NVITEM ( 1031): : _getPacket continue read 1044 size 1024 grp
2 sub 630
09-01 00:07:18.392 D/NVITEM ( 1031): : writeData:id=1,start=734632, bytesLen:1024
09-01 00:07:18.392 D/NVITEM ( 1031): : *****memcpy packet buf to fromChannel
09-01 00:07:18.392 D/NVITEM ( 1031): : _getPacket
09-01 00:07:18.392 D/NVITEM ( 1031): : get wake_lock 0
09-01 00:07:18.392 D/NVITEM ( 1031): : channel_read success
09-01 00:07:18.392 D/NVITEM ( 1031): : _getPacket continue read 1044 size 1024 grp
2 sub 631
09-01 00:07:18.392 D/NVITEM ( 1031): : writeData:id=1,start=735656, bytesLen:1024
09-01 00:07:18.392 D/NVITEM ( 1031): : *****memcpy packet buf to fromChannel
09-01 00:07:18.392 D/NVITEM ( 1031): : _getPacket
09-01 00:07:18.393 D/NVITEM ( 1031): : get wake_lock 0
09-01 00:07:18.393 D/NVITEM ( 1031): : channel_read success
09-01 00:07:18.393 D/NVITEM ( 1031): : _getPacket continue read 1044 size 1024 grp
2 sub 632
09-01 00:07:18.393 D/NVITEM ( 1031): : writeData:id=1,start=736680, bytesLen:1024
09-01 00:07:18.393 D/NVITEM ( 1031): : *****memcpy packet buf to fromChannel
09-01 00:07:18.393 D/NVITEM ( 1031): : _getPacket
09-01 00:07:18.393 D/NVITEM ( 1031): : get wake_lock 0
09-01 00:07:18.393 D/NVITEM ( 1031): : channel_read success
09-01 00:07:18.393 D/NVITEM ( 1031): : _getPacket continue read 1044 size 1024 grp
2 sub 633
09-01 00:07:18.393 D/NVITEM ( 1031): : writeData:id=1,start=737704, bytesLen:1024
09-01 00:07:18.393 D/NVITEM ( 1031): : *****memcpy packet buf to fromChannel
09-01 00:07:18.393 D/NVITEM ( 1031): : _getPacket
09-01 00:07:18.394 D/NVITEM ( 1031): : get wake_lock 0
09-01 00:07:18.394 D/NVITEM ( 1031): : channel_read success
09-01 00:07:18.394 D/NVITEM ( 1031): : _getPacket continue read 1044 size 1024 grp
2 sub 634
09-01 00:07:18.394 D/NVITEM ( 1031): : writeData:id=1,start=738728, bytesLen:1024
09-01 00:07:18.394 D/NVITEM ( 1031): : *****memcpy packet buf to fromChannel
09-01 00:07:18.394 D/NVITEM ( 1031): : _getPacket
09-01 00:07:18.394 D/NVITEM ( 1031): : get wake_lock 0
09-01 00:07:18.394 D/NVITEM ( 1031): : channel_read success
09-01 00:07:18.394 D/NVITEM ( 1031): : _getPacket continue read 1044 size 1024 grp
2 sub 635
09-01 00:07:18.394 D/NVITEM ( 1031): : writeData:id=1,start=739752, bytesLen:1024
09-01 00:07:18.394 D/NVITEM ( 1031): : *****memcpy packet buf to fromChannel
09-01 00:07:18.394 D/NVITEM ( 1031): : _getPacket
09-01 00:07:18.395 D/NVITEM ( 1031): : get wake_lock 0
09-01 00:07:18.395 D/NVITEM ( 1031): : channel_read success
09-01 00:07:18.395 D/NVITEM ( 1031): : _getPacket continue read 1044 size 1024 grp
2 sub 636
09-01 00:07:18.395 D/NVITEM ( 1031): : writeData:id=1,start=740776, bytesLen:1024
09-01 00:07:18.395 D/NVITEM ( 1031): : *****memcpy packet buf to fromChannel
09-01 00:07:18.395 D/NVITEM ( 1031): : _getPacket
09-01 00:07:18.395 D/ip_monitor-793( 1094): 26: epdg4:
<POINTOPOINT,MULTICAST,NOARP> mtu 1500 qdisc noop state DOWN group default
09-01 00:07:18.395 D/NVITEM ( 1031): : get wake_lock 0
09-01 00:07:18.395 D/NVITEM ( 1031): : channel_read success
09-01 00:07:18.395 D/NVITEM ( 1031): : _getPacket continue read 1044 size 1024 grp
2 sub 637
09-01 00:07:18.395 D/NVITEM ( 1031): : writeData:id=1,start=741800, bytesLen:1024
09-01 00:07:18.395 D/NVITEM ( 1031): : *****memcpy packet buf to fromChannel
09-01 00:07:18.395 D/NVITEM ( 1031): : _getPacket
09-01 00:07:18.396 D/NVITEM ( 1031): : get wake_lock 0
09-01 00:07:18.396 D/NVITEM ( 1031): : channel_read success
09-01 00:07:18.396 D/NVITEM ( 1031): : _getPacket continue read 1044 size 1024 grp
2 sub 638
09-01 00:07:18.396 D/NVITEM ( 1031): : writeData:id=1,start=742824, bytesLen:1024
09-01 00:07:18.396 D/NVITEM ( 1031): : *****memcpy packet buf to fromChannel
09-01 00:07:18.396 D/NVITEM ( 1031): : _getPacket
09-01 00:07:18.396 D/NVITEM ( 1031): : get wake_lock 0
09-01 00:07:18.397 D/NVITEM ( 1031): : channel_read success
09-01 00:07:18.397 D/NVITEM ( 1031): : _getPacket continue read 1044 size 1024 grp
2 sub 639
09-01 00:07:18.397 D/NVITEM ( 1031): : writeData:id=1,start=743848, bytesLen:1024
09-01 00:07:18.397 D/NVITEM ( 1031): : *****memcpy packet buf to fromChannel
09-01 00:07:18.397 D/NVITEM ( 1031): : _getPacket
09-01 00:07:18.397 D/NVITEM ( 1031): : get wake_lock 0
09-01 00:07:18.397 D/NVITEM ( 1031): : channel_read success
09-01 00:07:18.397 D/NVITEM ( 1031): : _getPacket continue read 1044 size 1024 grp
2 sub 640
09-01 00:07:18.397 D/NVITEM ( 1031): : writeData:id=1,start=744872, bytesLen:1024
09-01 00:07:18.397 D/NVITEM ( 1031): : *****memcpy packet buf to fromChannel
09-01 00:07:18.397 D/NVITEM ( 1031): : _getPacket
09-01 00:07:18.398 D/NVITEM ( 1031): : get wake_lock 0
09-01 00:07:18.398 D/NVITEM ( 1031): : channel_read success
09-01 00:07:18.398 D/NVITEM ( 1031): : _getPacket continue read 1044 size 1024 grp
2 sub 641
09-01 00:07:18.398 D/NVITEM ( 1031): : writeData:id=1,start=745896, bytesLen:1024
09-01 00:07:18.398 D/NVITEM ( 1031): : *****memcpy packet buf to fromChannel
09-01 00:07:18.398 D/NVITEM ( 1031): : _getPacket
09-01 00:07:18.398 D/NVITEM ( 1031): : get wake_lock 0
09-01 00:07:18.398 D/NVITEM ( 1031): : channel_read success
09-01 00:07:18.398 D/NVITEM ( 1031): : _getPacket continue read 1044 size 1024 grp
2 sub 642
09-01 00:07:18.398 D/NVITEM ( 1031): : writeData:id=1,start=746920, bytesLen:1024
09-01 00:07:18.398 D/NVITEM ( 1031): : *****memcpy packet buf to fromChannel
09-01 00:07:18.398 D/NVITEM ( 1031): : _getPacket
09-01 00:07:18.399 D/NVITEM ( 1031): : get wake_lock 0
09-01 00:07:18.399 D/NVITEM ( 1031): : channel_read success
09-01 00:07:18.399 D/NVITEM ( 1031): : _getPacket continue read 1044 size 1024 grp
2 sub 643
09-01 00:07:18.399 D/NVITEM ( 1031): : writeData:id=1,start=747944, bytesLen:1024
09-01 00:07:18.399 D/NVITEM ( 1031): : *****memcpy packet buf to fromChannel
09-01 00:07:18.399 D/NVITEM ( 1031): : _getPacket
09-01 00:07:18.399 D/NVITEM ( 1031): : get wake_lock 0
09-01 00:07:18.399 D/NVITEM ( 1031): : channel_read success
09-01 00:07:18.399 D/NVITEM ( 1031): : _getPacket continue read 1044 size 1024 grp
2 sub 644
09-01 00:07:18.399 D/NVITEM ( 1031): : writeData:id=1,start=748968, bytesLen:1024
09-01 00:07:18.399 D/NVITEM ( 1031): : *****memcpy packet buf to fromChannel
09-01 00:07:18.399 D/NVITEM ( 1031): : _getPacket
09-01 00:07:18.400 D/NVITEM ( 1031): : get wake_lock 0
09-01 00:07:18.400 D/NVITEM ( 1031): : channel_read success
09-01 00:07:18.400 D/NVITEM ( 1031): : _getPacket continue read 1044 size 1024 grp
2 sub 645
09-01 00:07:18.400 D/NVITEM ( 1031): : writeData:id=1,start=749992, bytesLen:1024
09-01 00:07:18.400 D/NVITEM ( 1031): : *****memcpy packet buf to fromChannel
09-01 00:07:18.400 D/NVITEM ( 1031): : _getPacket
09-01 00:07:18.401 I/ServiceManager( 779): Waiting for service 'package_native' on
'/dev/binder'...
09-01 00:07:18.401 D/NVITEM ( 1031): : get wake_lock 0
09-01 00:07:18.401 D/NVITEM ( 1031): : channel_read success
09-01 00:07:18.401 D/NVITEM ( 1031): : _getPacket continue read 1044 size 1024 grp
2 sub 646
09-01 00:07:18.401 D/NVITEM ( 1031): : writeData:id=1,start=751016, bytesLen:1024
09-01 00:07:18.401 D/NVITEM ( 1031): : *****memcpy packet buf to fromChannel
09-01 00:07:18.401 D/NVITEM ( 1031): : _getPacket
09-01 00:07:18.401 D/NVITEM ( 1031): : get wake_lock 0
09-01 00:07:18.401 D/NVITEM ( 1031): : channel_read success
09-01 00:07:18.401 D/NVITEM ( 1031): : _getPacket continue read 1044 size 1024 grp
2 sub 647
09-01 00:07:18.401 D/NVITEM ( 1031): : writeData:id=1,start=752040, bytesLen:1024
09-01 00:07:18.401 D/NVITEM ( 1031): : *****memcpy packet buf to fromChannel
09-01 00:07:18.402 D/NVITEM ( 1031): : _getPacket
09-01 00:07:18.402 D/NVITEM ( 1031): : get wake_lock 0
09-01 00:07:18.402 D/NVITEM ( 1031): : channel_read success
09-01 00:07:18.402 D/NVITEM ( 1031): : _getPacket continue read 1044 size 1024 grp
2 sub 648
09-01 00:07:18.402 D/NVITEM ( 1031): : writeData:id=1,start=753064, bytesLen:1024
09-01 00:07:18.402 D/NVITEM ( 1031): : *****memcpy packet buf to fromChannel
09-01 00:07:18.402 D/NVITEM ( 1031): : _getPacket
09-01 00:07:18.402 D/NVITEM ( 1031): : get wake_lock 0
09-01 00:07:18.403 D/NVITEM ( 1031): : channel_read success
09-01 00:07:18.403 D/NVITEM ( 1031): : _getPacket continue read 1044 size 1024 grp
2 sub 649
09-01 00:07:18.403 D/NVITEM ( 1031): : writeData:id=1,start=754088, bytesLen:1024
09-01 00:07:18.403 D/NVITEM ( 1031): : *****memcpy packet buf to fromChannel
09-01 00:07:18.403 D/NVITEM ( 1031): : _getPacket
09-01 00:07:18.403 D/NVITEM ( 1031): : get wake_lock 0
09-01 00:07:18.403 D/NVITEM ( 1031): : channel_read success
09-01 00:07:18.403 D/NVITEM ( 1031): : _getPacket continue read 1044 size 1024 grp
2 sub 650
09-01 00:07:18.403 D/NVITEM ( 1031): : writeData:id=1,start=755112, bytesLen:1024
09-01 00:07:18.403 D/NVITEM ( 1031): : *****memcpy packet buf to fromChannel
09-01 00:07:18.403 D/NVITEM ( 1031): : _getPacket
09-01 00:07:18.403 D/NVITEM ( 1031): : get wake_lock 0
09-01 00:07:18.403 D/NVITEM ( 1031): : channel_read success
09-01 00:07:18.404 D/NVITEM ( 1031): : _getPacket continue read 1044 size 1024 grp
2 sub 651
09-01 00:07:18.404 D/NVITEM ( 1031): : writeData:id=1,start=756136, bytesLen:1024
09-01 00:07:18.404 D/NVITEM ( 1031): : *****memcpy packet buf to fromChannel
09-01 00:07:18.404 D/NVITEM ( 1031): : _getPacket
09-01 00:07:18.404 D/NVITEM ( 1031): : get wake_lock 0
09-01 00:07:18.404 D/NVITEM ( 1031): : channel_read success
09-01 00:07:18.404 D/NVITEM ( 1031): : _getPacket continue read 1044 size 1024 grp
2 sub 652
09-01 00:07:18.404 D/NVITEM ( 1031): : writeData:id=1,start=757160, bytesLen:1024
09-01 00:07:18.404 D/NVITEM ( 1031): : *****memcpy packet buf to fromChannel
09-01 00:07:18.404 D/NVITEM ( 1031): : _getPacket
09-01 00:07:18.404 D/NVITEM ( 1031): : get wake_lock 0
09-01 00:07:18.405 D/NVITEM ( 1031): : channel_read success
09-01 00:07:18.405 D/NVITEM ( 1031): : _getPacket continue read 1044 size 1024 grp
2 sub 653
09-01 00:07:18.405 D/NVITEM ( 1031): : writeData:id=1,start=758184, bytesLen:1024
09-01 00:07:18.405 D/NVITEM ( 1031): : *****memcpy packet buf to fromChannel
09-01 00:07:18.405 D/NVITEM ( 1031): : _getPacket
09-01 00:07:18.405 D/NVITEM ( 1031): : get wake_lock 0
09-01 00:07:18.405 D/NVITEM ( 1031): : channel_read success
09-01 00:07:18.405 D/NVITEM ( 1031): : _getPacket continue read 1044 size 1024 grp
2 sub 654
09-01 00:07:18.405 D/NVITEM ( 1031): : writeData:id=1,start=759208, bytesLen:1024
09-01 00:07:18.405 D/NVITEM ( 1031): : *****memcpy packet buf to fromChannel
09-01 00:07:18.405 D/NVITEM ( 1031): : _getPacket
09-01 00:07:18.406 D/NVITEM ( 1031): : get wake_lock 0
09-01 00:07:18.406 D/NVITEM ( 1031): : channel_read success
09-01 00:07:18.406 D/NVITEM ( 1031): : _getPacket continue read 1044 size 1024 grp
2 sub 655
09-01 00:07:18.406 D/NVITEM ( 1031): : writeData:id=1,start=760232, bytesLen:1024
09-01 00:07:18.406 D/NVITEM ( 1031): : *****memcpy packet buf to fromChannel
09-01 00:07:18.406 D/NVITEM ( 1031): : _getPacket
09-01 00:07:18.406 D/NVITEM ( 1031): : get wake_lock 0
09-01 00:07:18.406 D/NVITEM ( 1031): : channel_read success
09-01 00:07:18.406 D/NVITEM ( 1031): : _getPacket continue read 1044 size 1024 grp
2 sub 656
09-01 00:07:18.406 D/NVITEM ( 1031): : writeData:id=1,start=761256, bytesLen:1024
09-01 00:07:18.406 D/NVITEM ( 1031): : *****memcpy packet buf to fromChannel
09-01 00:07:18.406 D/NVITEM ( 1031): : _getPacket
09-01 00:07:18.407 D/NVITEM ( 1031): : get wake_lock 0
09-01 00:07:18.407 D/NVITEM ( 1031): : channel_read success
09-01 00:07:18.407 D/NVITEM ( 1031): : _getPacket continue read 1044 size 1024 grp
2 sub 657
09-01 00:07:18.407 D/NVITEM ( 1031): : writeData:id=1,start=762280, bytesLen:1024
09-01 00:07:18.407 D/NVITEM ( 1031): : *****memcpy packet buf to fromChannel
09-01 00:07:18.407 D/NVITEM ( 1031): : _getPacket
09-01 00:07:18.407 D/NVITEM ( 1031): : get wake_lock 0
09-01 00:07:18.407 D/NVITEM ( 1031): : channel_read success
09-01 00:07:18.407 D/NVITEM ( 1031): : _getPacket continue read 1044 size 1024 grp
2 sub 658
09-01 00:07:18.407 D/NVITEM ( 1031): : writeData:id=1,start=763304, bytesLen:1024
09-01 00:07:18.407 D/NVITEM ( 1031): : *****memcpy packet buf to fromChannel
09-01 00:07:18.407 D/NVITEM ( 1031): : _getPacket
09-01 00:07:18.408 D/NVITEM ( 1031): : get wake_lock 0
09-01 00:07:18.408 D/NVITEM ( 1031): : channel_read success
09-01 00:07:18.408 D/NVITEM ( 1031): : _getPacket continue read 1044 size 1024 grp
2 sub 659
09-01 00:07:18.408 D/NVITEM ( 1031): : writeData:id=1,start=764328, bytesLen:1024
09-01 00:07:18.408 D/NVITEM ( 1031): : *****memcpy packet buf to fromChannel
09-01 00:07:18.408 D/NVITEM ( 1031): : _getPacket
09-01 00:07:18.408 V/ZygoteInitThreadPool( 596): Class
android.media.CamcorderProfile was preloaded took to much time: 136ms
09-01 00:07:18.408 D/NVITEM ( 1031): : get wake_lock 0
09-01 00:07:18.408 D/NVITEM ( 1031): : channel_read success
09-01 00:07:18.408 D/NVITEM ( 1031): : _getPacket continue read 1044 size 1024 grp
2 sub 660
09-01 00:07:18.408 D/NVITEM ( 1031): : writeData:id=1,start=765352, bytesLen:1024
09-01 00:07:18.408 D/NVITEM ( 1031): : *****memcpy packet buf to fromChannel
09-01 00:07:18.408 D/NVITEM ( 1031): : _getPacket
09-01 00:07:18.409 D/NVITEM ( 1031): : get wake_lock 0
09-01 00:07:18.409 D/NVITEM ( 1031): : channel_read success
09-01 00:07:18.409 D/NVITEM ( 1031): : _getPacket continue read 1044 size 1024 grp
2 sub 661
09-01 00:07:18.409 D/NVITEM ( 1031): : writeData:id=1,start=766376, bytesLen:1024
09-01 00:07:18.409 D/NVITEM ( 1031): : *****memcpy packet buf to fromChannel
09-01 00:07:18.409 D/NVITEM ( 1031): : _getPacket
09-01 00:07:18.409 D/NVITEM ( 1031): : get wake_lock 0
09-01 00:07:18.409 D/NVITEM ( 1031): : channel_read success
09-01 00:07:18.409 D/NVITEM ( 1031): : _getPacket continue read 1044 size 1024 grp
2 sub 662
09-01 00:07:18.409 D/NVITEM ( 1031): : writeData:id=1,start=767400, bytesLen:1024
09-01 00:07:18.409 D/NVITEM ( 1031): : *****memcpy packet buf to fromChannel
09-01 00:07:18.409 D/NVITEM ( 1031): : _getPacket
09-01 00:07:18.410 D/NVITEM ( 1031): : get wake_lock 0
09-01 00:07:18.410 D/NVITEM ( 1031): : channel_read success
09-01 00:07:18.410 D/NVITEM ( 1031): : _getPacket continue read 1044 size 1024 grp
2 sub 663
09-01 00:07:18.410 D/NVITEM ( 1031): : writeData:id=1,start=768424, bytesLen:1024
09-01 00:07:18.410 D/NVITEM ( 1031): : *****memcpy packet buf to fromChannel
09-01 00:07:18.410 D/NVITEM ( 1031): : _getPacket
09-01 00:07:18.410 D/NVITEM ( 1031): : get wake_lock 0
09-01 00:07:18.410 D/NVITEM ( 1031): : channel_read success
09-01 00:07:18.410 D/NVITEM ( 1031): : _getPacket continue read 1044 size 1024 grp
2 sub 664
09-01 00:07:18.410 D/NVITEM ( 1031): : writeData:id=1,start=769448, bytesLen:1024
09-01 00:07:18.410 D/NVITEM ( 1031): : *****memcpy packet buf to fromChannel
09-01 00:07:18.411 D/NVITEM ( 1031): : _getPacket
09-01 00:07:18.411 D/ip_monitor-793( 1095): link/none
09-01 00:07:18.411 D/NVITEM ( 1031): : get wake_lock 0
09-01 00:07:18.411 D/NVITEM ( 1031): : channel_read success
09-01 00:07:18.411 D/NVITEM ( 1031): : _getPacket continue read 1044 size 1024 grp
2 sub 665
09-01 00:07:18.411 D/NVITEM ( 1031): : writeData:id=1,start=770472, bytesLen:1024
09-01 00:07:18.411 D/NVITEM ( 1031): : *****memcpy packet buf to fromChannel
09-01 00:07:18.411 D/NVITEM ( 1031): : _getPacket
09-01 00:07:18.411 D/NVITEM ( 1031): : get wake_lock 0
09-01 00:07:18.412 D/NVITEM ( 1031): : channel_read success
09-01 00:07:18.412 D/NVITEM ( 1031): : _getPacket continue read 1044 size 1024 grp
2 sub 666
09-01 00:07:18.412 D/NVITEM ( 1031): : writeData:id=1,start=771496, bytesLen:1024
09-01 00:07:18.412 D/NVITEM ( 1031): : *****memcpy packet buf to fromChannel
09-01 00:07:18.412 D/NVITEM ( 1031): : _getPacket
09-01 00:07:18.412 D/NVITEM ( 1031): : get wake_lock 0
09-01 00:07:18.412 D/NVITEM ( 1031): : channel_read success
09-01 00:07:18.412 D/NVITEM ( 1031): : _getPacket continue read 1044 size 1024 grp
2 sub 667
09-01 00:07:18.412 D/NVITEM ( 1031): : writeData:id=1,start=772520, bytesLen:1024
09-01 00:07:18.412 D/NVITEM ( 1031): : *****memcpy packet buf to fromChannel
09-01 00:07:18.412 D/NVITEM ( 1031): : _getPacket
09-01 00:07:18.413 D/NVITEM ( 1031): : get wake_lock 0
09-01 00:07:18.413 D/NVITEM ( 1031): : channel_read success
09-01 00:07:18.413 D/NVITEM ( 1031): : _getPacket continue read 1044 size 1024 grp
2 sub 668
09-01 00:07:18.413 D/NVITEM ( 1031): : writeData:id=1,start=773544, bytesLen:1024
09-01 00:07:18.413 D/NVITEM ( 1031): : *****memcpy packet buf to fromChannel
09-01 00:07:18.413 D/NVITEM ( 1031): : _getPacket
09-01 00:07:18.413 D/NVITEM ( 1031): : get wake_lock 0
09-01 00:07:18.413 D/NVITEM ( 1031): : channel_read success
09-01 00:07:18.413 D/NVITEM ( 1031): : _getPacket continue read 1044 size 1024 grp
2 sub 669
09-01 00:07:18.413 D/NVITEM ( 1031): : writeData:id=1,start=774568, bytesLen:1024
09-01 00:07:18.413 D/NVITEM ( 1031): : *****memcpy packet buf to fromChannel
09-01 00:07:18.413 D/NVITEM ( 1031): : _getPacket
09-01 00:07:18.414 D/NVITEM ( 1031): : get wake_lock 0
09-01 00:07:18.414 D/NVITEM ( 1031): : channel_read success
09-01 00:07:18.414 D/NVITEM ( 1031): : _getPacket continue read 1044 size 1024 grp
2 sub 670
09-01 00:07:18.414 D/NVITEM ( 1031): : writeData:id=1,start=775592, bytesLen:1024
09-01 00:07:18.414 D/NVITEM ( 1031): : *****memcpy packet buf to fromChannel
09-01 00:07:18.414 D/NVITEM ( 1031): : _getPacket
09-01 00:07:18.414 D/NVITEM ( 1031): : get wake_lock 0
09-01 00:07:18.414 D/NVITEM ( 1031): : channel_read success
09-01 00:07:18.414 D/NVITEM ( 1031): : _getPacket continue read 1044 size 1024 grp
2 sub 671
09-01 00:07:18.414 D/NVITEM ( 1031): : writeData:id=1,start=776616, bytesLen:1024
09-01 00:07:18.414 D/NVITEM ( 1031): : *****memcpy packet buf to fromChannel
09-01 00:07:18.414 D/NVITEM ( 1031): : _getPacket
09-01 00:07:18.415 D/NVITEM ( 1031): : get wake_lock 0
09-01 00:07:18.415 D/NVITEM ( 1031): : channel_read success
09-01 00:07:18.415 D/NVITEM ( 1031): : _getPacket continue read 1044 size 1024 grp
2 sub 672
09-01 00:07:18.415 D/NVITEM ( 1031): : writeData:id=1,start=777640, bytesLen:1024
09-01 00:07:18.415 D/NVITEM ( 1031): : *****memcpy packet buf to fromChannel
09-01 00:07:18.415 D/NVITEM ( 1031): : _getPacket
09-01 00:07:18.415 W/ZygoteInitThreadPool( 596): Class not found for preloading:
android.media.MediaRouter$Static$Client$1
09-01 00:07:18.415 W/ZygoteInitThreadPool( 596): Class not found for preloading:
android.media.MediaRouter$Static$Client$2
09-01 00:07:18.415 D/NVITEM ( 1031): : get wake_lock 0
09-01 00:07:18.415 D/NVITEM ( 1031): : channel_read success
09-01 00:07:18.415 D/NVITEM ( 1031): : _getPacket continue read 1044 size 1024 grp
2 sub 673
09-01 00:07:18.415 D/NVITEM ( 1031): : writeData:id=1,start=778664, bytesLen:1024
09-01 00:07:18.415 D/NVITEM ( 1031): : *****memcpy packet buf to fromChannel
09-01 00:07:18.415 D/NVITEM ( 1031): : _getPacket
09-01 00:07:18.416 D/NVITEM ( 1031): : get wake_lock 0
09-01 00:07:18.416 D/NVITEM ( 1031): : channel_read success
09-01 00:07:18.416 D/NVITEM ( 1031): : _getPacket continue read 1044 size 1024 grp
2 sub 674
09-01 00:07:18.416 D/NVITEM ( 1031): : writeData:id=1,start=779688, bytesLen:1024
09-01 00:07:18.416 D/NVITEM ( 1031): : *****memcpy packet buf to fromChannel
09-01 00:07:18.416 D/NVITEM ( 1031): : _getPacket
09-01 00:07:18.416 D/NVITEM ( 1031): : get wake_lock 0
09-01 00:07:18.416 D/NVITEM ( 1031): : channel_read success
09-01 00:07:18.416 D/NVITEM ( 1031): : _getPacket continue read 1044 size 1024 grp
2 sub 675
09-01 00:07:18.416 D/NVITEM ( 1031): : writeData:id=1,start=780712, bytesLen:1024
09-01 00:07:18.416 D/NVITEM ( 1031): : *****memcpy packet buf to fromChannel
09-01 00:07:18.417 D/NVITEM ( 1031): : _getPacket
09-01 00:07:18.417 D/NVITEM ( 1031): : get wake_lock 0
09-01 00:07:18.417 D/NVITEM ( 1031): : channel_read success
09-01 00:07:18.417 D/NVITEM ( 1031): : _getPacket continue read 1044 size 1024 grp
2 sub 676
09-01 00:07:18.417 D/NVITEM ( 1031): : writeData:id=1,start=781736, bytesLen:1024
09-01 00:07:18.417 D/NVITEM ( 1031): : *****memcpy packet buf to fromChannel
09-01 00:07:18.417 D/NVITEM ( 1031): : _getPacket
09-01 00:07:18.417 D/NVITEM ( 1031): : get wake_lock 0
09-01 00:07:18.417 D/NVITEM ( 1031): : channel_read success
09-01 00:07:18.417 D/NVITEM ( 1031): : _getPacket continue read 1044 size 1024 grp
2 sub 677
09-01 00:07:18.417 D/NVITEM ( 1031): : writeData:id=1,start=782760, bytesLen:1024
