04-02 19:15:02.561 15588 16054 D IJKMEDIA: Before avformat_find_stream_info() pos:
14603 bytes read:16384 seeks:0 nb_streams:2
04-02 19:15:02.562 15588 16052 D IJKMEDIA: FFP_MSG_OPEN_INPUT:
04-02 19:15:02.562 15588 16054 D IJKMEDIA: nal_unit_type: 7, nal_ref_idc: 3
04-02 19:15:02.562 15588 16054 D IJKMEDIA: nal_unit_type: 8, nal_ref_idc: 3
04-02 19:15:02.566 15588 16054 V IJKMEDIA: stream 0, sample 0, dts -40000
04-02 19:15:02.566 15588 16054 V IJKMEDIA: stream 1, sample 0, dts 0
04-02 19:15:02.767 15588 16054 D IJKMEDIA: nal_unit_type: 6, nal_ref_idc: 0
04-02 19:15:02.767 15588 16054 D IJKMEDIA: nal_unit_type: 5, nal_ref_idc: 3
04-02 19:15:02.767 15588 16054 D IJKMEDIA: Format yuv420p chosen by get_format().
04-02 19:15:02.767 15588 16054 I IJKMEDIA: Reinit context to 1280x720, pix_fmt:
yuv420p
04-02 19:15:02.772 15588 16054 D IJKMEDIA: no picture
04-02 19:15:02.797 15588 16054 V IJKMEDIA: stream 0, sample 1, dts 0
04-02 19:15:02.797 15588 16054 V IJKMEDIA: stream 1, sample 0, dts 0
04-02 19:15:02.797 15588 16054 V IJKMEDIA: stream 0, sample 2, dts 40000
04-02 19:15:02.797 15588 16054 V IJKMEDIA: stream 1, sample 0, dts 0
04-02 19:15:02.797 15588 16054 V IJKMEDIA: stream 0, sample 3, dts 80000
04-02 19:15:02.797 15588 16054 V IJKMEDIA: stream 1, sample 0, dts 0
04-02 19:15:02.798 15588 16054 V IJKMEDIA: stream 0, sample 4, dts 120000
04-02 19:15:02.798 15588 16054 V IJKMEDIA: stream 1, sample 0, dts 0
04-02 19:15:02.798 15588 16054 V IJKMEDIA: stream 0, sample 5, dts 160000
04-02 19:15:02.798 15588 16054 V IJKMEDIA: stream 1, sample 0, dts 0
04-02 19:15:02.798 15588 16054 V IJKMEDIA: stream 0, sample 6, dts 200000
04-02 19:15:02.798 15588 16054 V IJKMEDIA: stream 1, sample 0, dts 0
04-02 19:15:02.798 15588 16054 V IJKMEDIA: stream 0, sample 7, dts 240000
04-02 19:15:02.798 15588 16054 V IJKMEDIA: stream 1, sample 0, dts 0
04-02 19:15:02.803 15588 16054 V IJKMEDIA: stream 0, sample 8, dts 280000
04-02 19:15:02.803 15588 16054 V IJKMEDIA: stream 1, sample 0, dts 0
04-02 19:15:02.816 15588 16054 V IJKMEDIA: stream 0, sample 9, dts 320000
04-02 19:15:02.816 15588 16054 V IJKMEDIA: stream 1, sample 0, dts 0
04-02 19:15:02.816 15588 16054 V IJKMEDIA: stream 0, sample 10, dts 360000
04-02 19:15:02.816 15588 16054 V IJKMEDIA: stream 1, sample 0, dts 0
04-02 19:15:02.832 15588 16054 V IJKMEDIA: stream 0, sample 11, dts 400000
04-02 19:15:02.832 15588 16054 V IJKMEDIA: stream 1, sample 0, dts 0
04-02 19:15:02.832 15588 16054 V IJKMEDIA: stream 0, sample 12, dts 440000
04-02 19:15:02.832 15588 16054 V IJKMEDIA: stream 1, sample 0, dts 0
04-02 19:15:02.833 15588 16054 D IJKMEDIA: All info found
04-02 19:15:02.833 15588 16054 V IJKMEDIA: stream 0: start_time: 0.000 duration:
30.000
04-02 19:15:02.833 15588 16054 V IJKMEDIA: stream 1: start_time: 0.000 duration:
30.000
04-02 19:15:02.833 15588 16054 V IJKMEDIA: format: start_time: 0.000 duration:
30.000 bitrate=810 kb/s
04-02 19:15:02.834 15588 16054 D IJKMEDIA: After avformat_find_stream_info() pos:
88370 bytes read:90112 seeks:0 frames:13
04-02 19:15:02.834 15588 16054 I IJKMEDIA: max_frame_duration: 10.000
04-02 19:15:02.834 15588 16052 D IJKMEDIA: FFP_MSG_FIND_STREAM_INFO:
04-02 19:15:02.834 15588 16054 I IJKMEDIA: Input #0, mov,mp4,m4a,3gp,3g2,mj2, from
'http://127.0.0.1:39309/https%3A%2F%2Fvideo.sosomod.me%2Fattachments%2Fvideo
%2F162%2FPhyBZwpjce5Mi6QQRE7w3bYj5x3nkQH6.mp4':
04-02 19:15:02.834 15588 16054 I IJKMEDIA: Metadata:
04-02 19:15:02.834 15588 16054 I IJKMEDIA: major_brand :
04-02 19:15:02.834 15588 16054 I IJKMEDIA: mp42
04-02 19:15:02.834 15588 16054 I IJKMEDIA:
04-02 19:15:02.834 15588 16054 I IJKMEDIA: minor_version :
04-02 19:15:02.834 15588 16054 I IJKMEDIA: 0
04-02 19:15:02.834 15588 16054 I IJKMEDIA:
04-02 19:15:02.834 15588 16054 I IJKMEDIA: compatible_brands:
04-02 19:15:02.834 15588 16054 I IJKMEDIA: isommp42
04-02 19:15:02.834 15588 16054 I IJKMEDIA:
04-02 19:15:02.834 15588 16054 I IJKMEDIA: creation_time :
04-02 19:15:02.834 15588 16054 I IJKMEDIA: 2022-08-19T00:10:31.000000Z
04-02 19:15:02.834 15588 16054 I IJKMEDIA:
04-02 19:15:02.834 15588 16054 I IJKMEDIA: Duration:
04-02 19:15:02.834 15588 16054 I IJKMEDIA: 00:00:30.00
04-02 19:15:02.834 15588 16054 I IJKMEDIA: , start:
04-02 19:15:02.834 15588 16054 I IJKMEDIA: 0.000000
04-02 19:15:02.834 15588 16054 I IJKMEDIA: , bitrate:
04-02 19:15:02.834 15588 16054 I IJKMEDIA: 810 kb/s
04-02 19:15:02.834 15588 16054 I IJKMEDIA:
04-02 19:15:02.834 15588 16054 I IJKMEDIA: Stream #0:0
04-02 19:15:02.834 15588 16054 I IJKMEDIA: (und)
04-02 19:15:02.835 15588 16054 D IJKMEDIA: , 12, 1/12800
04-02 19:15:02.835 15588 16054 I IJKMEDIA: : Video: h264, 1 reference frame (avc1 /
0x31637661), yuv420p(tv, bt709, left), 1280x720 [SAR 1:1 DAR 16:9], 0/1, 678 kb/s
04-02 19:15:02.835 15588 16054 I IJKMEDIA: ,
04-02 19:15:02.835 15588 16054 I IJKMEDIA: 25 fps,
04-02 19:15:02.835 15588 16054 I IJKMEDIA: 25 tbr,
04-02 19:15:02.835 15588 16054 I IJKMEDIA: 12800 tbn,
04-02 19:15:02.835 15588 16054 I IJKMEDIA: 50 tbc
04-02 19:15:02.835 15588 16054 I IJKMEDIA: (default)
04-02 19:15:02.835 15588 16054 I IJKMEDIA:
04-02 19:15:02.835 15588 16054 I IJKMEDIA: Metadata:
04-02 19:15:02.835 15588 16054 I IJKMEDIA: creation_time :
04-02 19:15:02.835 15588 16054 I IJKMEDIA: 2022-08-19T00:10:31.000000Z
04-02 19:15:02.835 15588 16054 I IJKMEDIA:
04-02 19:15:02.835 15588 16054 I IJKMEDIA: handler_name :
04-02 19:15:02.835 15588 16054 I IJKMEDIA: ISO Media file produced by Google Inc.
Created on: 08/18/2022.
04-02 19:15:02.835 15588 16054 I IJKMEDIA:
04-02 19:15:02.835 15588 16054 I IJKMEDIA: Stream #0:1
04-02 19:15:02.835 15588 16054 I IJKMEDIA: (eng)
04-02 19:15:02.835 15588 16054 D IJKMEDIA: , 1, 1/44100
04-02 19:15:02.835 15588 16054 I IJKMEDIA: : Audio: aac (mp4a / 0x6134706D), 44100
Hz, stereo, fltp, 128 kb/s
04-02 19:15:02.835 15588 16054 I IJKMEDIA: (default)
04-02 19:15:02.835 15588 16054 I IJKMEDIA:
04-02 19:15:02.835 15588 16054 I IJKMEDIA: Metadata:
04-02 19:15:02.835 15588 16054 I IJKMEDIA: creation_time :
04-02 19:15:02.835 15588 16054 I IJKMEDIA: 2022-08-19T00:10:31.000000Z
04-02 19:15:02.835 15588 16054 I IJKMEDIA:
04-02 19:15:02.835 15588 16054 I IJKMEDIA: handler_name :
04-02 19:15:02.835 15588 16054 I IJKMEDIA: ISO Media file produced by Google Inc.
Created on: 08/18/2022.
04-02 19:15:02.835 15588 16054 I IJKMEDIA:
04-02 19:15:02.835 15588 16054 I IJKMEDIA: SDL_Android_AudioTrack:
CHANNEL_OUT_STEREO
04-02 19:15:02.835 15588 16054 I IJKMEDIA: SDL_Android_AudioTrack:
ENCODING_PCM_16BIT
04-02 19:15:02.851 15588 16054 D AudioTrack: set() streamType -1, sampleRate 44100,
format 0x1, channelMask 0x3, frameCount 7072, flags #0, notificationFrames 0,
sessionId 0, transferType 3, uid -1, pid -1 cbf 1
04-02 19:15:02.851 15588 16054 D AudioTrack: gATLogLevel = 0
04-02 19:15:02.852 15588 16054 D AudioTrack: set(): Building AudioTrack with
attributes: usage=1 content=2 flags=0xa00 tags=[]
04-02 19:15:02.866 15588 16054 D AudioTrack: createTrack state 0 output.outputId=21
04-02 19:15:02.872 15588 16054 W AudioTrack: Use of stream types is deprecated for
operations other than volume control
04-02 19:15:02.872 15588 16054 W AudioTrack: See the documentation of AudioTrack()
for what to use instead with android.media.AudioAttributes to qualify your playback
use case
04-02 19:15:02.872 15588 16054 I IJKMEDIA: SDL_Android_AudioTrack_new_from_spec:
init volume as 1.000000/(0.000000,1.000000)
04-02 19:15:02.872 15588 16054 D AudioTrack: setVolume left 1.000 right 1.000 ,
callingPid 15588
04-02 19:15:02.872 15588 16054 I IJKMEDIA: audio_session_id = 150497
04-02 19:15:02.873 15588 16054 I IJKMEDIA: AudioCodec: avcodec, aac
04-02 19:15:02.873 15588 16064 I IJKMEDIA: SDL_RunThread: [16064] ff_aout_android
04-02 19:15:02.873 15588 16054 D IJKMEDIA: detected 8 logical cores
04-02 19:15:02.873 15588 16054 D IJKMEDIA: nal_unit_type: 7, nal_ref_idc: 3
04-02 19:15:02.873 15588 16054 D IJKMEDIA: nal_unit_type: 8, nal_ref_idc: 3
04-02 19:15:02.873 15588 16064 D AudioTrack: start(16571): prior
state:STATE_STOPPED output 21 stream 3 session 150497
04-02 19:15:02.874 15588 16065 I IJKMEDIA: SDL_RunThread: [16065] ff_audio_dec
04-02 19:15:02.874 15588 16064 D voice_scence_discern: add name:sample_rate,
value:44100
04-02 19:15:02.874 15588 16064 V voice_scence_discern: add name:sample_rate
value:44100 list:0xaefec2d0
04-02 19:15:02.874 15588 16064 D voice_scence_discern: add name:channels, value:2
04-02 19:15:02.874 15588 16064 V voice_scence_discern: add name:channels value:2
list:0xaefec2d0
04-02 19:15:02.874 15588 16064 D voice_scence_discern: init_scence_config ++
04-02 19:15:02.875 15588 16054 I IJKMEDIA: VideoCodec: avcodec, h264
04-02 19:15:02.875 15588 16054 W IJKMEDIA: fps: 25.000000 (normal)
04-02 19:15:02.875 15588 16054 W IJKMEDIA: fps: 25.000000 (normal)
04-02 19:15:02.875 15588 16052 D IJKMEDIA: FFP_MSG_COMPONENT_OPEN:
04-02 19:15:02.875 15588 16075 I IJKMEDIA: SDL_RunThread: [16075] ff_video_dec
04-02 19:15:02.875 15588 16052 D IJKMEDIA: FFP_MSG_VIDEO_SIZE_CHANGED: 1280, 720
04-02 19:15:02.876 15588 16064 D MMListParser: onlineVersion -1 defaultVersion
20210702
04-02 19:15:02.876 15588 16054 V IJKMEDIA: stream 0, sample 12, dts 440000
04-02 19:15:02.876 15588 16054 V IJKMEDIA: stream 1, sample 1, dts 23220
04-02 19:15:02.876 15588 16054 V IJKMEDIA: stream 0, sample 12, dts 440000
04-02 19:15:02.876 15588 16054 V IJKMEDIA: stream 1, sample 2, dts 46440
04-02 19:15:02.876 15588 16054 V IJKMEDIA: stream 0, sample 12, dts 440000
04-02 19:15:02.876 15588 16054 V IJKMEDIA: stream 1, sample 3, dts 69660
04-02 19:15:02.876 15588 16054 V IJKMEDIA: stream 0, sample 12, dts 440000
04-02 19:15:02.876 15588 16054 V IJKMEDIA: stream 1, sample 4, dts 92880
04-02 19:15:02.876 15588 16054 V IJKMEDIA: stream 0, sample 12, dts 440000
04-02 19:15:02.876 15588 16054 V IJKMEDIA: stream 1, sample 5, dts 116100
04-02 19:15:02.876 15588 16054 V IJKMEDIA: stream 0, sample 12, dts 440000
04-02 19:15:02.876 15588 16054 V IJKMEDIA: stream 1, sample 6, dts 139320
04-02 19:15:02.876 15588 16054 V IJKMEDIA: stream 0, sample 12, dts 440000
04-02 19:15:02.876 15588 16054 V IJKMEDIA: stream 1, sample 7, dts 162540
04-02 19:15:02.876 15588 16054 V IJKMEDIA: stream 0, sample 12, dts 440000
04-02 19:15:02.876 15588 16054 V IJKMEDIA: stream 1, sample 8, dts 185760
04-02 19:15:02.876 15588 16054 V IJKMEDIA: stream 0, sample 12, dts 440000
04-02 19:15:02.876 15588 16054 V IJKMEDIA: stream 1, sample 9, dts 208980
04-02 19:15:02.876 15588 16054 V IJKMEDIA: stream 0, sample 12, dts 440000
04-02 19:15:02.876 15588 16054 V IJKMEDIA: stream 1, sample 10, dts 232200
04-02 19:15:02.876 15588 16054 V IJKMEDIA: stream 0, sample 12, dts 440000
04-02 19:15:02.876 15588 16054 V IJKMEDIA: stream 1, sample 11, dts 255420
04-02 19:15:02.876 15588 16052 D IJKMEDIA: FFP_MSG_SAR_CHANGED: 1, 1
04-02 19:15:02.876 15588 16054 V IJKMEDIA: stream 0, sample 12, dts 440000
04-02 19:15:02.876 15588 16054 V IJKMEDIA: stream 1, sample 12, dts 278639
04-02 19:15:02.876 15588 16054 V IJKMEDIA: stream 0, sample 12, dts 440000
04-02 19:15:02.876 15588 16054 V IJKMEDIA: stream 1, sample 13, dts 301859
04-02 19:15:02.876 15588 16054 V IJKMEDIA: stream 0, sample 12, dts 440000
04-02 19:15:02.876 15588 16054 V IJKMEDIA: stream 1, sample 14, dts 325079
04-02 19:15:02.876 15588 16054 V IJKMEDIA: stream 0, sample 12, dts 440000
04-02 19:15:02.876 15588 16054 V IJKMEDIA: stream 1, sample 15, dts 348299
04-02 19:15:02.876 15588 16054 V IJKMEDIA: stream 0, sample 12, dts 440000
04-02 19:15:02.876 15588 16054 V IJKMEDIA: stream 1, sample 16, dts 371519
04-02 19:15:02.876 15588 16054 V IJKMEDIA: stream 0, sample 12, dts 440000
04-02 19:15:02.876 15588 16054 V IJKMEDIA: stream 1, sample 17, dts 394739
04-02 19:15:02.876 15588 16054 V IJKMEDIA: stream 0, sample 12, dts 440000
04-02 19:15:02.876 15588 16054 V IJKMEDIA: stream 1, sample 18, dts 417959
04-02 19:15:02.876 15588 16054 V IJKMEDIA: stream 0, sample 12, dts 440000
04-02 19:15:02.876 15588 16054 V IJKMEDIA: stream 1, sample 19, dts 441179
04-02 19:15:02.876 15588 16054 V IJKMEDIA: stream 0, sample 12, dts 440000
04-02 19:15:02.876 15588 16054 V IJKMEDIA: stream 1, sample 20, dts 464399
04-02 19:15:02.876 15588 16054 V IJKMEDIA: stream 0, sample 12, dts 440000
04-02 19:15:02.876 15588 16054 V IJKMEDIA: stream 1, sample 21, dts 487619
04-02 19:15:02.876 15588 16054 V IJKMEDIA: stream 0, sample 13, dts 480000
04-02 19:15:02.876 15588 16054 V IJKMEDIA: stream 1, sample 21, dts 487619
04-02 19:15:02.876 15588 16054 V IJKMEDIA: stream 0, sample 14, dts 520000
04-02 19:15:02.876 15588 16054 V IJKMEDIA: stream 1, sample 21, dts 487619
04-02 19:15:02.876 15588 16054 V IJKMEDIA: stream 0, sample 15, dts 560000
04-02 19:15:02.876 15588 16054 V IJKMEDIA: stream 1, sample 21, dts 487619
04-02 19:15:02.876 15588 16054 V IJKMEDIA: stream 0, sample 16, dts 600000
04-02 19:15:02.876 15588 16054 V IJKMEDIA: stream 1, sample 21, dts 487619
04-02 19:15:02.877 15588 16052 D IJKMEDIA: ijkmp_get_msg: FFP_MSG_PREPARED
04-02 19:15:02.877 15588 16052 D IJKMEDIA: FFP_MSG_PREPARED:
04-02 19:15:02.879 15588 16064 V voice_scence_discern: apk_list:0xa376e2a0
04-02 19:15:02.879 15588 16064 D voice_scence_discern: apk name:com.tencent.mm
04-02 19:15:02.879 15588 16064 D voice_scence_discern: Scence
name:voice_playback_mm
04-02 19:15:02.879 15588 16064 D voice_scence_discern: pAttribute-
>name :sample_rate
04-02 19:15:02.879 15588 16064 D voice_scence_discern: pAttribute->value :16000
04-02 19:15:02.879 15588 16064 D voice_scence_discern: pAttribute->name :channels
04-02 19:15:02.879 15588 16064 D voice_scence_discern: pAttribute->value :1
04-02 19:15:02.879 15588 16064 D voice_scence_discern: Scence name:voice_record_mm
04-02 19:15:02.879 15588 15588 D IJKMEDIA: IjkMediaPlayer_setVolume
04-02 19:15:02.879 15588 15588 D IJKMEDIA: ijkmp_android_set_volume(0.000000,
0.000000)
04-02 19:15:02.879 15588 15588 D IJKMEDIA: ffpipeline_set_volume
04-02 19:15:02.879 15588 15588 D IJKMEDIA: ijkmp_android_set_volume(0.000000,
0.000000)=void
04-02 19:15:02.879 15588 16064 D voice_scence_discern: pAttribute-
>name :sample_rate
04-02 19:15:02.879 15588 16064 D voice_scence_discern: pAttribute->value :16000
04-02 19:15:02.879 15588 16064 D voice_scence_discern: pAttribute->name :channels
04-02 19:15:02.879 15588 16064 D voice_scence_discern: pAttribute->value :1
04-02 19:15:02.879 15588 16064 D voice_scence_discern: apk
name:com.ngame.allstar.eu
04-02 19:15:02.879 15588 16064 D voice_scence_discern: Scence
name:voice_playback_tmgp
04-02 19:15:02.879 15588 16064 D voice_scence_discern: pAttribute-
>name :sample_rate
04-02 19:15:02.879 15588 16064 D voice_scence_discern: pAttribute->value :16000
04-02 19:15:02.879 15588 16064 D voice_scence_discern: pAttribute->name :channels
04-02 19:15:02.879 15588 16064 D voice_scence_discern: pAttribute->value :1
04-02 19:15:02.879 15588 16064 D voice_scence_discern: Scence
name:voice_record_tmgp
04-02 19:15:02.879 15588 16064 D voice_scence_discern: pAttribute-
>name :sample_rate
04-02 19:15:02.879 15588 16064 D voice_scence_discern: pAttribute->value :16000
04-02 19:15:02.879 15588 16064 D voice_scence_discern: pAttribute->name :channels
04-02 19:15:02.879 15588 16064 D voice_scence_discern: pAttribute->value :1
04-02 19:15:02.880 15588 16064 D voice_scence_discern: Scence
name:audio_playback_tmgp
04-02 19:15:02.880 15588 16064 D voice_scence_discern: pAttribute-
>name :sample_rate
04-02 19:15:02.880 15588 16064 D voice_scence_discern: pAttribute->value :48000|
24000|44100
04-02 19:15:02.880 15588 16064 D voice_scence_discern: pAttribute->name :channels
04-02 19:15:02.880 15588 16064 D voice_scence_discern: pAttribute->value :2
04-02 19:15:02.880 15588 16064 D voice_scence_discern: apk name:com.tencent.ig
04-02 19:15:02.880 15588 16064 D voice_scence_discern: Scence
name:voice_playback_effect_game
04-02 19:15:02.880 15588 16064 D voice_scence_discern: pAttribute-
>name :sample_rate
04-02 19:15:02.880 15588 16064 D voice_scence_discern: pAttribute->value :16000
04-02 19:15:02.880 15588 16064 D voice_scence_discern: pAttribute->name :channels
04-02 19:15:02.880 15588 16064 D voice_scence_discern: pAttribute->value :1
04-02 19:15:02.880 15588 16064 D voice_scence_discern: Scence
name:voice_record_effect_game
04-02 19:15:02.880 15588 16064 D voice_scence_discern: pAttribute-
>name :sample_rate
04-02 19:15:02.880 15588 16064 D voice_scence_discern: pAttribute->value :8000|
16000|44100
04-02 19:15:02.880 15588 16064 D voice_scence_discern: pAttribute->name :channels
04-02 19:15:02.880 15588 16064 D voice_scence_discern: pAttribute->value :1
04-02 19:15:02.880 15588 16064 D voice_scence_discern: Scence
name:audio_playback_effect_game
04-02 19:15:02.880 15588 16064 D voice_scence_discern: pAttribute-
>name :sample_rate
04-02 19:15:02.880 15588 16064 D voice_scence_discern: pAttribute->value :48000|
24000|44100
04-02 19:15:02.880 15588 16064 D voice_scence_discern: pAttribute->name :channels
04-02 19:15:02.880 15588 16064 D voice_scence_discern: pAttribute->value :2
04-02 19:15:02.880 15588 16064 D voice_scence_discern: apk
name:com.tencent.tmgp.sgame
04-02 19:15:02.880 15588 16064 D voice_scence_discern: Scence
name:voice_playback_tmgp
04-02 19:15:02.880 15588 16064 D voice_scence_discern: pAttribute-
>name :sample_rate
04-02 19:15:02.880 15588 16064 D voice_scence_discern: pAttribute->value :16000
04-02 19:15:02.880 15588 16064 D voice_scence_discern: pAttribute->name :channels
04-02 19:15:02.880 15588 16064 D voice_scence_discern: pAttribute->value :1
04-02 19:15:02.880 15588 16064 D voice_scence_discern: Scence
name:voice_record_tmgp
04-02 19:15:02.880 15588 16064 D voice_scence_discern: pAttribute-
>name :sample_rate
04-02 19:15:02.880 15588 16064 D voice_scence_discern: pAttribute->value :16000
04-02 19:15:02.880 15588 16064 D voice_scence_discern: pAttribute->name :channels
04-02 19:15:02.880 15588 16064 D voice_scence_discern: pAttribute->value :1
04-02 19:15:02.880 15588 16064 D voice_scence_discern: Scence
name:audio_playback_tmgp
04-02 19:15:02.880 15588 16064 D voice_scence_discern: pAttribute-
>name :sample_rate
04-02 19:15:02.880 15588 16064 D voice_scence_discern: pAttribute->value :48000|
24000|44100
04-02 19:15:02.880 15588 16064 D voice_scence_discern: pAttribute->name :channels
04-02 19:15:02.880 15588 16064 D voice_scence_discern: pAttribute->value :2
04-02 19:15:02.880 15588 16064 D voice_scence_discern: apk
name:com.tencent.tmgp.pubgmhd
04-02 19:15:02.880 15588 16064 D voice_scence_discern: Scence
name:voice_playback_effect_game
04-02 19:15:02.880 15588 16064 D voice_scence_discern: pAttribute-
>name :sample_rate
04-02 19:15:02.880 15588 16064 D voice_scence_discern: pAttribute->value :16000
04-02 19:15:02.880 15588 16064 D voice_scence_discern: pAttribute->name :channels
04-02 19:15:02.880 15588 16064 D voice_scence_discern: pAttribute->value :1
04-02 19:15:02.880 15588 16064 D voice_scence_discern: Scence
name:voice_record_effect_game
04-02 19:15:02.880 15588 16064 D voice_scence_discern: pAttribute-
>name :sample_rate
04-02 19:15:02.880 15588 16064 D voice_scence_discern: pAttribute->value :8000|
16000|44100
04-02 19:15:02.880 15588 16064 D voice_scence_discern: pAttribute->name :channels
04-02 19:15:02.880 15588 16064 D voice_scence_discern: pAttribute->value :1
04-02 19:15:02.880 15588 16064 D voice_scence_discern: Scence
name:audio_playback_effect_game
04-02 19:15:02.880 15588 16064 D voice_scence_discern: pAttribute-
>name :sample_rate
04-02 19:15:02.880 15588 16064 D voice_scence_discern: pAttribute->value :48000|
24000|44100
04-02 19:15:02.880 15588 16064 D voice_scence_discern: pAttribute->name :channels
04-02 19:15:02.880 15588 16064 D voice_scence_discern: pAttribute->value :2
04-02 19:15:02.880 15588 16064 D voice_scence_discern: apk
name:com.tencent.tmgp.pubgm
04-02 19:15:02.880 15588 16064 D voice_scence_discern: Scence
name:voice_playback_effect_game
04-02 19:15:02.880 15588 16064 D voice_scence_discern: pAttribute-
>name :sample_rate
04-02 19:15:02.880 15588 16064 D voice_scence_discern: pAttribute->value :16000
04-02 19:15:02.880 15588 16064 D voice_scence_discern: pAttribute->name :channels
04-02 19:15:02.880 15588 16064 D voice_scence_discern: pAttribute->value :1
04-02 19:15:02.880 15588 16064 D voice_scence_discern: Scence
name:voice_record_effect_game
04-02 19:15:02.880 15588 16064 D voice_scence_discern: pAttribute-
>name :sample_rate
04-02 19:15:02.880 15588 16064 D voice_scence_discern: pAttribute->value :8000|
16000|44100
04-02 19:15:02.880 15588 16064 D voice_scence_discern: pAttribute->name :channels
04-02 19:15:02.880 15588 16064 D voice_scence_discern: pAttribute->value :1
04-02 19:15:02.880 15588 16064 D voice_scence_discern: Scence
name:audio_playback_effect_game
04-02 19:15:02.880 15588 16052 D IJKMEDIA: FFP_MSG_VIDEO_ROTATION_CHANGED: 0
04-02 19:15:02.880 15588 16064 D voice_scence_discern: pAttribute-
>name :sample_rate
04-02 19:15:02.880 15588 16064 D voice_scence_discern: pAttribute->value :48000|
24000|44100
04-02 19:15:02.880 15588 16064 D voice_scence_discern: pAttribute->name :channels
04-02 19:15:02.880 15588 16064 D voice_scence_discern: pAttribute->value :2
04-02 19:15:02.880 15588 16064 D voice_scence_discern: apk name:com.tencent.tmgp.cf
04-02 19:15:02.880 15588 16064 D voice_scence_discern: Scence
name:voice_playback_effect_game
04-02 19:15:02.880 15588 16064 D voice_scence_discern: pAttribute-
>name :sample_rate
04-02 19:15:02.880 15588 16064 D voice_scence_discern: pAttribute->value :16000
04-02 19:15:02.880 15588 16064 D voice_scence_discern: pAttribute->name :channels
04-02 19:15:02.880 15588 16064 D voice_scence_discern: pAttribute->value :1
04-02 19:15:02.880 15588 16064 D voice_scence_discern: Scence
name:voice_record_effect_game
04-02 19:15:02.880 15588 16064 D voice_scence_discern: pAttribute-
>name :sample_rate
04-02 19:15:02.880 15588 16064 D voice_scence_discern: pAttribute->value :8000|
16000|44100
04-02 19:15:02.880 15588 16064 D voice_scence_discern: pAttribute->name :channels
04-02 19:15:02.880 15588 16064 D voice_scence_discern: pAttribute->value :1
04-02 19:15:02.880 15588 16064 D voice_scence_discern: Scence
name:audio_playback_effect_game
04-02 19:15:02.880 15588 16064 D voice_scence_discern: pAttribute-
>name :sample_rate
04-02 19:15:02.880 15588 16064 D voice_scence_discern: pAttribute->value :48000|
24000|44100
04-02 19:15:02.880 15588 16064 D voice_scence_discern: pAttribute->name :channels
04-02 19:15:02.880 15588 16064 D voice_scence_discern: pAttribute->value :2
04-02 19:15:02.880 15588 16064 D voice_scence_discern: apk
name:com.netease.dwrg.nearme.gamecenter
04-02 19:15:02.880 15588 16064 D voice_scence_discern: Scence
name:voice_playback_effect_game
04-02 19:15:02.880 15588 16064 D voice_scence_discern: pAttribute-
>name :sample_rate
04-02 19:15:02.880 15588 16064 D voice_scence_discern: pAttribute->value :16000
04-02 19:15:02.880 15588 16064 D voice_scence_discern: pAttribute->name :channels
04-02 19:15:02.880 15588 16064 D voice_scence_discern: pAttribute->value :1
04-02 19:15:02.880 15588 16064 D voice_scence_discern: Scence
name:voice_record_effect_game
04-02 19:15:02.880 15588 16064 D voice_scence_discern: pAttribute-
>name :sample_rate
04-02 19:15:02.880 15588 16064 D voice_scence_discern: pAttribute->value :8000|
16000|44100
04-02 19:15:02.881 15588 16064 D voice_scence_discern: pAttribute->name :channels
04-02 19:15:02.881 15588 16064 D voice_scence_discern: pAttribute->value :1
04-02 19:15:02.881 15588 16064 D voice_scence_discern: Scence
name:audio_playback_effect_game
04-02 19:15:02.881 15588 16064 D voice_scence_discern: pAttribute-
>name :sample_rate
04-02 19:15:02.881 15588 16064 D voice_scence_discern: pAttribute->value :48000|
24000|44100
04-02 19:15:02.881 15588 16064 D voice_scence_discern: pAttribute->name :channels
04-02 19:15:02.881 15588 16066 D IJKMEDIA: nal_unit_type: 6, nal_ref_idc: 0
04-02 19:15:02.881 15588 16064 D voice_scence_discern: pAttribute->value :2
04-02 19:15:02.881 15588 16064 D voice_scence_discern: apk
name:com.netease.hyxd.nearme.gamecenter
04-02 19:15:02.881 15588 16064 D voice_scence_discern: Scence
name:voice_playback_effect_game
04-02 19:15:02.881 15588 16064 D voice_scence_discern: pAttribute-
>name :sample_rate
04-02 19:15:02.881 15588 16064 D voice_scence_discern: pAttribute->value :16000
04-02 19:15:02.881 15588 16064 D voice_scence_discern: pAttribute->name :channels
04-02 19:15:02.881 15588 16064 D voice_scence_discern: pAttribute->value :1
04-02 19:15:02.881 15588 16064 D voice_scence_discern: Scence
name:voice_record_effect_game
04-02 19:15:02.881 15588 16066 D IJKMEDIA: nal_unit_type: 5, nal_ref_idc: 3
04-02 19:15:02.881 15588 16064 D voice_scence_discern: pAttribute-
>name :sample_rate
04-02 19:15:02.881 15588 16064 D voice_scence_discern: pAttribute->value :8000|
16000|44100
04-02 19:15:02.881 15588 16064 D voice_scence_discern: pAttribute->name :channels
04-02 19:15:02.881 15588 16064 D voice_scence_discern: pAttribute->value :1
04-02 19:15:02.881 15588 16066 D IJKMEDIA: Format yuv420p chosen by get_format().
04-02 19:15:02.881 15588 16066 I IJKMEDIA: Reinit context to 1280x720, pix_fmt:
yuv420p
04-02 19:15:02.881 15588 16064 D voice_scence_discern: Scence
name:audio_playback_effect_game
04-02 19:15:02.881 15588 16064 D voice_scence_discern: pAttribute-
>name :sample_rate
04-02 19:15:02.881 15588 16064 D voice_scence_discern: pAttribute->value :44100
04-02 19:15:02.881 15588 16064 D voice_scence_discern: pAttribute->name :channels
04-02 19:15:02.881 15588 16064 D voice_scence_discern: pAttribute->value :1
04-02 19:15:02.881 15588 16064 D voice_scence_discern: Scence
name:audio_playback_effect_game
04-02 19:15:02.881 15588 16064 D voice_scence_discern: pAttribute-
>name :sample_rate
04-02 19:15:02.881 15588 16064 D voice_scence_discern: pAttribute->value :48000|
24000|44100
04-02 19:15:02.881 15588 16064 D voice_scence_discern: pAttribute->name :channels
04-02 19:15:02.881 15588 16064 D voice_scence_discern: pAttribute->value :2
04-02 19:15:02.881 15588 16064 D voice_scence_discern: apk
name:com.tencent.mobileqq
04-02 19:15:02.881 15588 16064 D voice_scence_discern: Scence
name:voice_playback_mm
04-02 19:15:02.881 15588 16064 D voice_scence_discern: pAttribute-
>name :sample_rate
04-02 19:15:02.881 15588 16064 D voice_scence_discern: pAttribute->value :16000
04-02 19:15:02.881 15588 16064 D voice_scence_discern: pAttribute->name :channels
04-02 19:15:02.881 15588 16064 D voice_scence_discern: pAttribute->value :1
04-02 19:15:02.881 15588 16064 D voice_scence_discern: Scence name:voice_record_mm
04-02 19:15:02.881 15588 16064 D voice_scence_discern: pAttribute-
>name :sample_rate
04-02 19:15:02.881 15588 16064 D voice_scence_discern: pAttribute->value :16000
04-02 19:15:02.881 15588 16064 D voice_scence_discern: pAttribute->name :channels
04-02 19:15:02.881 15588 16064 D voice_scence_discern: pAttribute->value :1
04-02 19:15:02.881 15588 16064 D voice_scence_discern: apk
name:com.tencent.mobileqq:video
04-02 19:15:02.881 15588 16064 D voice_scence_discern: Scence
name:voice_playback_mm
04-02 19:15:02.881 15588 16064 D voice_scence_discern: pAttribute-
>name :sample_rate
04-02 19:15:02.881 15588 16064 D voice_scence_discern: pAttribute->value :16000
04-02 19:15:02.881 15588 16064 D voice_scence_discern: pAttribute->name :channels
04-02 19:15:02.881 15588 16064 D voice_scence_discern: pAttribute->value :1
04-02 19:15:02.881 15588 16064 D voice_scence_discern: Scence name:voice_record_mm
04-02 19:15:02.881 15588 16064 D voice_scence_discern: pAttribute-
>name :sample_rate
04-02 19:15:02.881 15588 16064 D voice_scence_discern: pAttribute->value :16000
04-02 19:15:02.881 15588 16064 D voice_scence_discern: pAttribute->name :channels
04-02 19:15:02.881 15588 16064 D voice_scence_discern: pAttribute->value :1
04-02 19:15:02.881 15588 16064 D voice_scence_discern: apk
name:com.tencent.mobileqq:groupvideo
04-02 19:15:02.881 15588 16064 D voice_scence_discern: Scence
name:voice_playback_mm
04-02 19:15:02.881 15588 16064 D voice_scence_discern: pAttribute-
>name :sample_rate
04-02 19:15:02.881 15588 16064 D voice_scence_discern: pAttribute->value :16000
04-02 19:15:02.881 15588 16064 D voice_scence_discern: pAttribute->name :channels
04-02 19:15:02.881 15588 16064 D voice_scence_discern: pAttribute->value :1
04-02 19:15:02.881 15588 16064 D voice_scence_discern: Scence name:voice_record_mm
04-02 19:15:02.881 15588 16064 D voice_scence_discern: pAttribute-
>name :sample_rate
04-02 19:15:02.881 15588 16064 D voice_scence_discern: pAttribute->value :16000
04-02 19:15:02.881 15588 16064 D voice_scence_discern: pAttribute->name :channels
04-02 19:15:02.881 15588 16064 D voice_scence_discern: pAttribute->value :1
04-02 19:15:02.881 15588 16064 D voice_scence_discern: apk
name:com.eg.android.AlipayGphone
04-02 19:15:02.881 15588 16064 D voice_scence_discern: Scence
name:voice_playback_mm
04-02 19:15:02.881 15588 16064 D voice_scence_discern: pAttribute-
>name :sample_rate
04-02 19:15:02.881 15588 16064 D voice_scence_discern: pAttribute->value :16000|
44100
04-02 19:15:02.881 15588 16064 D voice_scence_discern: pAttribute->name :channels
04-02 19:15:02.881 15588 16064 D voice_scence_discern: pAttribute->value :1
04-02 19:15:02.881 15588 16064 D voice_scence_discern: Scence name:voice_record_mm
04-02 19:15:02.881 15588 16064 D voice_scence_discern: pAttribute-
>name :sample_rate
04-02 19:15:02.881 15588 16064 D voice_scence_discern: pAttribute->value :16000|
44100
04-02 19:15:02.881 15588 16064 D voice_scence_discern: pAttribute->name :channels
04-02 19:15:02.881 15588 16064 D voice_scence_discern: pAttribute->value :1
04-02 19:15:02.881 15588 16064 D voice_scence_discern: apk name:com.whatsapp
04-02 19:15:02.881 15588 16064 D voice_scence_discern: Scence name:voice_record_mm
04-02 19:15:02.881 15588 16064 D voice_scence_discern: pAttribute-
>name :sample_rate
04-02 19:15:02.881 15588 16064 D voice_scence_discern: pAttribute->value :16000
04-02 19:15:02.881 15588 16064 D voice_scence_discern: pAttribute->name :channels
04-02 19:15:02.881 15588 16064 D voice_scence_discern: pAttribute->value :1
04-02 19:15:02.881 15588 16064 D voice_scence_discern: apk name:com.facebook.orca
04-02 19:15:02.881 15588 16064 D voice_scence_discern: Scence name:voice_record_mm
04-02 19:15:02.881 15588 16064 D voice_scence_discern: pAttribute-
>name :sample_rate
04-02 19:15:02.881 15588 16064 D voice_scence_discern: pAttribute->value :44100
04-02 19:15:02.881 15588 16064 D voice_scence_discern: pAttribute->name :channels
04-02 19:15:02.881 15588 16064 D voice_scence_discern: pAttribute->value :1
04-02 19:15:02.881 15588 16064 D voice_scence_discern: apk
name:jp.naver.line.android
04-02 19:15:02.881 15588 16064 D voice_scence_discern: Scence name:voice_record_mm
04-02 19:15:02.881 15588 16064 D voice_scence_discern: pAttribute-
>name :sample_rate
04-02 19:15:02.881 15588 16064 D voice_scence_discern: pAttribute->value :16000
04-02 19:15:02.881 15588 16064 D voice_scence_discern: pAttribute->name :channels
04-02 19:15:02.881 15588 16064 D voice_scence_discern: pAttribute->value :1
04-02 19:15:02.881 15588 16064 D voice_scence_discern: apk
name:com.instagram.android
04-02 19:15:02.881 15588 16064 D voice_scence_discern: Scence name:voice_record_mm
04-02 19:15:02.881 15588 16064 D voice_scence_discern: pAttribute-
>name :sample_rate
04-02 19:15:02.881 15588 16064 D voice_scence_discern: pAttribute->value :44100
04-02 19:15:02.881 15588 16064 D voice_scence_discern: pAttribute->name :channels
04-02 19:15:02.881 15588 16064 D voice_scence_discern: pAttribute->value :1
04-02 19:15:02.881 15588 16064 D voice_scence_discern: to free
buffer:0xad5e1400 ,k:0
04-02 19:15:02.881 15588 16064 D voice_scence_discern: to free
buffer:0xad5e1800 ,k:1
04-02 19:15:02.881 15588 16064 D voice_scence_discern: to free
buffer:0xad5e3000 ,k:2
04-02 19:15:02.881 15588 16064 D voice_scence_discern: to free
buffer:0xad5e3400 ,k:3
04-02 19:15:02.881 15588 16064 D voice_scence_discern: to free
buffer:0xb3dff000 ,k:4
04-02 19:15:02.881 15588 16064 D voice_scence_discern: to free
buffer:0xadeff000 ,k:5
04-02 19:15:02.881 15588 16064 D voice_scence_discern: to free
buffer:0xadeff800 ,k:6
04-02 19:15:02.881 15588 16064 D voice_scence_discern: to free
buffer:0xadeffc00 ,k:7
04-02 19:15:02.881 15588 16064 D voice_scence_discern: to free
buffer:0xac9f1000 ,k:8
04-02 19:15:02.881 15588 16064 D voice_scence_discern: to free
buffer:0xac9f1800 ,k:9
04-02 19:15:02.882 15588 16064 D voice_scence_discern: to free
buffer:0xac9f1c00 ,k:10
04-02 19:15:02.882 15588 16064 D voice_scence_discern: to free
buffer:0xb027f400 ,k:11
04-02 19:15:02.882 15588 16064 D voice_scence_discern: to free
buffer:0xb027fc00 ,k:12
04-02 19:15:02.882 15588 16064 D voice_scence_discern: to free
buffer:0xac15e000 ,k:13
04-02 19:15:02.882 15588 16064 D voice_scence_discern: to free
buffer:0xac15ec00 ,k:14
04-02 19:15:02.882 15588 16064 D voice_scence_discern: to free
buffer:0xac1d1000 ,k:15
04-02 19:15:02.882 15588 16064 D voice_scence_discern: to free
buffer:0xac3d7400 ,k:16
04-02 19:15:02.882 15588 16064 D voice_scence_discern: to free
buffer:0xac3d7800 ,k:17
04-02 19:15:02.882 15588 16064 D voice_scence_discern: to free
buffer:0xac3d7c00 ,k:18
04-02 19:15:02.882 15588 16064 D voice_scence_discern: to free
buffer:0xac3fac00 ,k:19
04-02 19:15:02.882 15588 16064 D voice_scence_discern: to free
buffer:0xab6bd400 ,k:20
04-02 19:15:02.882 15588 16064 D voice_scence_discern: to free
buffer:0xab6bdc00 ,k:21
04-02 19:15:02.882 15588 16064 D voice_scence_discern: to free
buffer:0xa96fa000 ,k:22
04-02 19:15:02.882 15588 16064 D voice_scence_discern: to free
buffer:0xa3715000 ,k:23
04-02 19:15:02.882 15588 16064 D voice_scence_discern: to free
buffer:0xa3715400 ,k:24
04-02 19:15:02.882 15588 16064 D voice_scence_discern: to free
buffer:0xa3715800 ,k:25
04-02 19:15:02.882 15588 16064 D voice_scence_discern: to free
buffer:0xa3311c00 ,k:26
04-02 19:15:02.882 15588 16064 D voice_scence_discern: to free
buffer:0xa336f800 ,k:27
04-02 19:15:02.882 15588 16064 D voice_scence_discern: to free
buffer:0xa1b44400 ,k:28
04-02 19:15:02.882 15588 16064 D voice_scence_discern: to free
buffer:0xa1b44800 ,k:29
04-02 19:15:02.882 15588 16064 D voice_scence_discern: to free
buffer:0xa1b44c00 ,k:30
04-02 19:15:02.882 15588 16064 D voice_scence_discern: to free
buffer:0xa1887400 ,k:31
04-02 19:15:02.882 15588 16064 D voice_scence_discern: get scence process
pid:15588, name:com.sosomod.freegame
04-02 19:15:02.882 15588 16064 V voice_scence_discern: this process not in init
apk. apk_list:0xa376e2a0
04-02 19:15:02.883 15588 16066 D IJKMEDIA: no picture
04-02 19:15:02.884 15588 15588 V SensorManager: RegisterListener lsm6ds3c
Accelerometer Non-wakeup type:1 delay:200000us by
android.view.OrientationEventListener$SensorEventListenerImpl
04-02 19:15:02.884 15588 15588 E Parcel : Reading a NULL string not supported
here.
04-02 19:15:02.884 15588 16067 D IJKMEDIA: nal_unit_type: 1, nal_ref_idc: 2
04-02 19:15:02.887 15588 16068 D IJKMEDIA: nal_unit_type: 1, nal_ref_idc: 0
04-02 19:15:02.894 15588 16069 D IJKMEDIA: nal_unit_type: 1, nal_ref_idc: 2
04-02 19:15:02.901 15588 15588 V SensorManager: unRegisterListener by
android.view.OrientationEventListener$SensorEventListenerImpl
04-02 19:15:02.903 15588 15588 E Parcel : Reading a NULL string not supported
here.
04-02 19:15:02.903 15588 16064 D AudioTrack: setVolume left 0.000 right 0.000 ,
callingPid 15588
04-02 19:15:02.903 15588 15588 V SensorManager: RegisterListener lsm6ds3c
Accelerometer Non-wakeup type:1 delay:200000us by
android.view.OrientationEventListener$SensorEventListenerImpl
04-02 19:15:02.904 15588 15588 E Parcel : Reading a NULL string not supported
here.
04-02 19:15:02.904 15588 16052 D IJKMEDIA: FFP_MSG_AUDIO_RENDERING_START:
04-02 19:15:02.909 15588 15588 D IJKMEDIA: IjkMediaPlayer_start
04-02 19:15:02.909 15588 15588 D IJKMEDIA: ijkmp_start()
04-02 19:15:02.909 15588 15588 D IJKMEDIA: ijkmp_start()=0
04-02 19:15:02.909 15588 16052 D IJKMEDIA: ijkmp_get_msg: FFP_REQ_START
04-02 19:15:02.909 15588 16052 D IJKMEDIA: ijkmp_get_msg: FFP_REQ_START: start on
fly
04-02 19:15:02.921 15588 16070 D IJKMEDIA: nal_unit_type: 1, nal_ref_idc: 0
04-02 19:15:02.935 15588 15588 W tv.danmaku.ijk.media.player.IjkMediaPlayer:
setScreenOnWhilePlaying(true) is ineffective for Surface
04-02 19:15:02.935 15588 15588 D IJKMEDIA: IjkMediaPlayer_setVideoSurface
04-02 19:15:02.935 15588 15588 D IJKMEDIA:
ijkmp_set_android_surface(surface=0xff8cd8c8)
04-02 19:15:02.935 15588 15588 D IJKMEDIA: ffpipeline_set_surface()
04-02 19:15:02.935 15588 15588 D IJKMEDIA:
ijkmp_set_android_surface(surface=0xff8cd8c8)=void
04-02 19:15:02.946 15588 16071 D IJKMEDIA: nal_unit_type: 1, nal_ref_idc: 2
04-02 19:15:02.951 15588 16072 D IJKMEDIA: nal_unit_type: 1, nal_ref_idc: 0
04-02 19:15:02.956 15588 16073 D IJKMEDIA: nal_unit_type: 1, nal_ref_idc: 2
04-02 19:15:02.963 15588 16074 D IJKMEDIA: nal_unit_type: 1, nal_ref_idc: 2
04-02 19:15:02.969 15588 16066 D IJKMEDIA: nal_unit_type: 1, nal_ref_idc: 0
04-02 19:15:02.969 15588 16052 D IJKMEDIA: FFP_MSG_VIDEO_SIZE_CHANGED: 1280, 720
04-02 19:15:02.973 15588 16075 D IJKMEDIA: SDL_VoutFFmpeg_CreateOverlay(w=1280,
h=720, fmt=RV32(0x32335652, dp=0xbab8a220)
04-02 19:15:02.983 15588 16075 D IJKMEDIA: Video: first frame decoded
04-02 19:15:02.984 15588 16052 D IJKMEDIA: FFP_MSG_VIDEO_DECODED_START:
04-02 19:15:02.984 15588 16067 D IJKMEDIA: nal_unit_type: 1, nal_ref_idc: 2
04-02 19:15:02.984 15588 16052 D IJKMEDIA: FFP_MSG_VIDEO_SIZE_CHANGED: 1280, 720
04-02 19:15:02.984 15588 16075 D IJKMEDIA: SDL_VoutFFmpeg_CreateOverlay(w=1280,
h=720, fmt=RV32(0x32335652, dp=0xbab8a220)
04-02 19:15:02.988 15588 16054 V IJKMEDIA: stream 0, sample 17, dts 640000
04-02 19:15:02.988 15588 16054 V IJKMEDIA: stream 1, sample 21, dts 487619
04-02 19:15:02.988 15588 16054 V IJKMEDIA: stream 0, sample 18, dts 680000
04-02 19:15:02.988 15588 16054 V IJKMEDIA: stream 1, sample 21, dts 487619
04-02 19:15:02.988 15588 16054 V IJKMEDIA: stream 0, sample 19, dts 720000
04-02 19:15:02.988 15588 16054 V IJKMEDIA: stream 1, sample 21, dts 487619
04-02 19:15:02.989 15588 16054 V IJKMEDIA: stream 0, sample 20, dts 760000
04-02 19:15:02.989 15588 16054 V IJKMEDIA: stream 1, sample 21, dts 487619
04-02 19:15:02.989 15588 16054 V IJKMEDIA: stream 0, sample 21, dts 800000
04-02 19:15:02.989 15588 16054 V IJKMEDIA: stream 1, sample 21, dts 487619
04-02 19:15:02.989 15588 16054 V IJKMEDIA: stream 0, sample 22, dts 840000
04-02 19:15:02.989 15588 16054 V IJKMEDIA: stream 1, sample 21, dts 487619
04-02 19:15:02.989 15588 16054 V IJKMEDIA: stream 0, sample 23, dts 880000
04-02 19:15:02.989 15588 16054 V IJKMEDIA: stream 1, sample 21, dts 487619
04-02 19:15:02.989 15588 16054 V IJKMEDIA: stream 0, sample 24, dts 920000
04-02 19:15:02.989 15588 16054 V IJKMEDIA: stream 1, sample 21, dts 487619
04-02 19:15:02.989 15588 16054 V IJKMEDIA: stream 0, sample 24, dts 920000
04-02 19:15:02.989 15588 16054 V IJKMEDIA: stream 1, sample 22, dts 510839
04-02 19:15:02.989 15588 16054 V IJKMEDIA: stream 0, sample 24, dts 920000
04-02 19:15:02.989 15588 16054 V IJKMEDIA: stream 1, sample 23, dts 534059
04-02 19:15:02.989 15588 16054 V IJKMEDIA: stream 0, sample 24, dts 920000
04-02 19:15:02.989 15588 16054 V IJKMEDIA: stream 1, sample 24, dts 557279
04-02 19:15:02.989 15588 16054 V IJKMEDIA: stream 0, sample 24, dts 920000
04-02 19:15:02.989 15588 16054 V IJKMEDIA: stream 1, sample 25, dts 580499
04-02 19:15:02.989 15588 16054 V IJKMEDIA: stream 0, sample 24, dts 920000
04-02 19:15:02.989 15588 16054 V IJKMEDIA: stream 1, sample 26, dts 603719
04-02 19:15:02.989 15588 16054 V IJKMEDIA: stream 0, sample 24, dts 920000
04-02 19:15:02.990 15588 16054 V IJKMEDIA: stream 1, sample 27, dts 626939
04-02 19:15:02.990 15588 16054 V IJKMEDIA: stream 0, sample 24, dts 920000
04-02 19:15:02.990 15588 16054 V IJKMEDIA: stream 1, sample 28, dts 650159
04-02 19:15:02.990 15588 16054 V IJKMEDIA: stream 0, sample 24, dts 920000
04-02 19:15:02.990 15588 16054 V IJKMEDIA: stream 1, sample 29, dts 673379
04-02 19:15:02.990 15588 16054 V IJKMEDIA: stream 0, sample 24, dts 920000
04-02 19:15:02.990 15588 16054 V IJKMEDIA: stream 1, sample 30, dts 696599
04-02 19:15:02.990 15588 16054 V IJKMEDIA: stream 0, sample 24, dts 920000
04-02 19:15:02.990 15588 16054 V IJKMEDIA: stream 1, sample 31, dts 719819
04-02 19:15:02.990 15588 16054 V IJKMEDIA: stream 0, sample 24, dts 920000
04-02 19:15:02.990 15588 16054 V IJKMEDIA: stream 1, sample 32, dts 743039
04-02 19:15:02.990 15588 16054 V IJKMEDIA: stream 0, sample 24, dts 920000
04-02 19:15:02.990 15588 16054 V IJKMEDIA: stream 1, sample 33, dts 766259
04-02 19:15:02.990 15588 16054 V IJKMEDIA: stream 0, sample 24, dts 920000
04-02 19:15:02.990 15588 16054 V IJKMEDIA: stream 1, sample 34, dts 789478
04-02 19:15:02.990 15588 16054 V IJKMEDIA: stream 0, sample 24, dts 920000
04-02 19:15:02.990 15588 16054 V IJKMEDIA: stream 1, sample 35, dts 812698
04-02 19:15:02.990 15588 16054 V IJKMEDIA: stream 0, sample 24, dts 920000
04-02 19:15:02.990 15588 16054 V IJKMEDIA: stream 1, sample 36, dts 835918
04-02 19:15:02.990 15588 16054 V IJKMEDIA: stream 0, sample 24, dts 920000
04-02 19:15:02.990 15588 16054 V IJKMEDIA: stream 1, sample 37, dts 859138
04-02 19:15:02.990 15588 16054 V IJKMEDIA: stream 0, sample 24, dts 920000
04-02 19:15:02.990 15588 16054 V IJKMEDIA: stream 1, sample 38, dts 882358
04-02 19:15:02.990 15588 16054 V IJKMEDIA: stream 0, sample 24, dts 920000
04-02 19:15:02.990 15588 16054 V IJKMEDIA: stream 1, sample 39, dts 905578
04-02 19:15:02.990 15588 16054 V IJKMEDIA: stream 0, sample 24, dts 920000
04-02 19:15:02.990 15588 16054 V IJKMEDIA: stream 1, sample 40, dts 928798
04-02 19:15:02.990 15588 16054 V IJKMEDIA: stream 0, sample 24, dts 920000
04-02 19:15:02.990 15588 16054 V IJKMEDIA: stream 1, sample 41, dts 952018
04-02 19:15:02.990 15588 16054 V IJKMEDIA: stream 0, sample 24, dts 920000
04-02 19:15:02.990 15588 16054 V IJKMEDIA: stream 1, sample 42, dts 975238
04-02 19:15:02.990 15588 16054 V IJKMEDIA: stream 0, sample 25, dts 960000
04-02 19:15:02.990 15588 16054 V IJKMEDIA: stream 1, sample 42, dts 975238
04-02 19:15:02.990 15588 16054 V IJKMEDIA: stream 0, sample 26, dts 1000000
04-02 19:15:02.990 15588 16054 V IJKMEDIA: stream 1, sample 42, dts 975238
04-02 19:15:02.990 15588 16054 V IJKMEDIA: stream 0, sample 27, dts 1040000
04-02 19:15:02.990 15588 16054 V IJKMEDIA: stream 1, sample 42, dts 975238
04-02 19:15:02.990 15588 16054 V IJKMEDIA: stream 0, sample 28, dts 1080000
04-02 19:15:02.990 15588 16054 V IJKMEDIA: stream 1, sample 42, dts 975238
04-02 19:15:02.992 15588 16068 D IJKMEDIA: nal_unit_type: 1, nal_ref_idc: 0
04-02 19:15:02.992 15588 16075 D IJKMEDIA: SDL_VoutFFmpeg_CreateOverlay(w=1280,
h=720, fmt=RV32(0x32335652, dp=0xbab8a220)
04-02 19:15:02.993 15588 16053 D IJKMEDIA: ANativeWindow_setBuffersGeometry: w=661,
h=372, f=#(0x1) => w=1280, h=720, f=RV32(0x32335652)
04-02 19:15:02.998 15588 16052 D IJKMEDIA: FFP_MSG_VIDEO_SIZE_CHANGED: 1280, 720
04-02 19:15:03.002 15588 16069 D IJKMEDIA: nal_unit_type: 1, nal_ref_idc: 0
04-02 19:15:03.009 15588 16052 D IJKMEDIA: FFP_MSG_VIDEO_RENDERING_START:
04-02 19:15:03.025 15588 15588 I tv.danmaku.ijk.media.player.IjkMediaPlayer: Info:
MEDIA_INFO_VIDEO_RENDERING_START
04-02 19:15:03.039 15588 16070 D IJKMEDIA: nal_unit_type: 1, nal_ref_idc: 2
04-02 19:15:03.069 15588 16054 V IJKMEDIA: stream 0, sample 29, dts 1120000
04-02 19:15:03.069 15588 16054 V IJKMEDIA: stream 1, sample 42, dts 975238
04-02 19:15:03.069 15588 16054 V IJKMEDIA: stream 0, sample 30, dts 1160000
04-02 19:15:03.069 15588 16054 V IJKMEDIA: stream 1, sample 42, dts 975238
04-02 19:15:03.069 15588 16054 V IJKMEDIA: stream 0, sample 31, dts 1200000
04-02 19:15:03.069 15588 16054 V IJKMEDIA: stream 1, sample 42, dts 975238
04-02 19:15:03.069 15588 16054 V IJKMEDIA: stream 0, sample 32, dts 1240000
04-02 19:15:03.069 15588 16054 V IJKMEDIA: stream 1, sample 42, dts 975238
04-02 19:15:03.070 15588 16054 V IJKMEDIA: stream 0, sample 33, dts 1280000
04-02 19:15:03.070 15588 16054 V IJKMEDIA: stream 1, sample 42, dts 975238
04-02 19:15:03.070 15588 16054 V IJKMEDIA: stream 0, sample 34, dts 1320000
04-02 19:15:03.070 15588 16054 V IJKMEDIA: stream 1, sample 42, dts 975238
04-02 19:15:03.070 15588 16054 V IJKMEDIA: stream 0, sample 35, dts 1360000
04-02 19:15:03.070 15588 16054 V IJKMEDIA: stream 1, sample 42, dts 975238
04-02 19:15:03.070 15588 16054 V IJKMEDIA: stream 0, sample 36, dts 1400000
04-02 19:15:03.070 15588 16054 V IJKMEDIA: stream 1, sample 42, dts 975238
04-02 19:15:03.070 15588 16054 V IJKMEDIA: stream 0, sample 36, dts 1400000
04-02 19:15:03.070 15588 16054 V IJKMEDIA: stream 1, sample 43, dts 998458
04-02 19:15:03.070 15588 16054 V IJKMEDIA: stream 0, sample 36, dts 1400000
04-02 19:15:03.070 15588 16054 V IJKMEDIA: stream 1, sample 44, dts 1021678
04-02 19:15:03.070 15588 16054 V IJKMEDIA: stream 0, sample 36, dts 1400000
04-02 19:15:03.070 15588 16054 V IJKMEDIA: stream 1, sample 45, dts 1044898
04-02 19:15:03.070 15588 16054 V IJKMEDIA: stream 0, sample 36, dts 1400000
04-02 19:15:03.070 15588 16054 V IJKMEDIA: stream 1, sample 46, dts 1068118
04-02 19:15:03.070 15588 16054 V IJKMEDIA: stream 0, sample 36, dts 1400000
04-02 19:15:03.070 15588 16054 V IJKMEDIA: stream 1, sample 47, dts 1091338
04-02 19:15:03.070 15588 16054 V IJKMEDIA: stream 0, sample 36, dts 1400000
04-02 19:15:03.070 15588 16054 V IJKMEDIA: stream 1, sample 48, dts 1114558
04-02 19:15:03.070 15588 16054 V IJKMEDIA: stream 0, sample 36, dts 1400000
04-02 19:15:03.070 15588 16054 V IJKMEDIA: stream 1, sample 49, dts 1137778
04-02 19:15:03.070 15588 16054 V IJKMEDIA: stream 0, sample 36, dts 1400000
04-02 19:15:03.070 15588 16054 V IJKMEDIA: stream 1, sample 50, dts 1160998
04-02 19:15:03.070 15588 16054 V IJKMEDIA: stream 0, sample 36, dts 1400000
04-02 19:15:03.070 15588 16054 V IJKMEDIA: stream 1, sample 51, dts 1184218
04-02 19:15:03.070 15588 16054 V IJKMEDIA: stream 0, sample 36, dts 1400000
04-02 19:15:03.070 15588 16054 V IJKMEDIA: stream 1, sample 52, dts 1207438
04-02 19:15:03.070 15588 16054 V IJKMEDIA: stream 0, sample 36, dts 1400000
04-02 19:15:03.070 15588 16054 V IJKMEDIA: stream 1, sample 53, dts 1230658
04-02 19:15:03.070 15588 16054 V IJKMEDIA: stream 0, sample 36, dts 1400000
04-02 19:15:03.070 15588 16054 V IJKMEDIA: stream 1, sample 54, dts 1253878
04-02 19:15:03.070 15588 16054 V IJKMEDIA: stream 0, sample 36, dts 1400000
04-02 19:15:03.070 15588 16054 V IJKMEDIA: stream 1, sample 55, dts 1277098
04-02 19:15:03.070 15588 16054 V IJKMEDIA: stream 0, sample 36, dts 1400000
04-02 19:15:03.070 15588 16054 V IJKMEDIA: stream 1, sample 56, dts 1300317
04-02 19:15:03.071 15588 16054 V IJKMEDIA: stream 0, sample 36, dts 1400000
04-02 19:15:03.071 15588 16054 V IJKMEDIA: stream 1, sample 57, dts 1323537
04-02 19:15:03.071 15588 16054 V IJKMEDIA: stream 0, sample 36, dts 1400000
04-02 19:15:03.071 15588 16054 V IJKMEDIA: stream 1, sample 58, dts 1346757
04-02 19:15:03.071 15588 16054 V IJKMEDIA: stream 0, sample 36, dts 1400000
04-02 19:15:03.071 15588 16054 V IJKMEDIA: stream 1, sample 59, dts 1369977
04-02 19:15:03.071 15588 16054 V IJKMEDIA: stream 0, sample 36, dts 1400000
04-02 19:15:03.071 15588 16054 V IJKMEDIA: stream 1, sample 60, dts 1393197
04-02 19:15:03.071 15588 16054 V IJKMEDIA: stream 0, sample 36, dts 1400000
04-02 19:15:03.071 15588 16054 V IJKMEDIA: stream 1, sample 61, dts 1416417
04-02 19:15:03.071 15588 16054 V IJKMEDIA: stream 0, sample 36, dts 1400000
04-02 19:15:03.071 15588 16054 V IJKMEDIA: stream 1, sample 62, dts 1439637
04-02 19:15:03.071 15588 16054 V IJKMEDIA: stream 0, sample 36, dts 1400000
04-02 19:15:03.071 15588 16054 V IJKMEDIA: stream 1, sample 63, dts 1462857
04-02 19:15:03.071 15588 16054 V IJKMEDIA: stream 0, sample 37, dts 1440000
04-02 19:15:03.071 15588 16054 V IJKMEDIA: stream 1, sample 63, dts 1462857
04-02 19:15:03.075 15588 16054 V IJKMEDIA: stream 0, sample 38, dts 1480000
04-02 19:15:03.075 15588 16054 V IJKMEDIA: stream 1, sample 63, dts 1462857
04-02 19:15:03.075 15588 16054 V IJKMEDIA: stream 0, sample 39, dts 1520000
04-02 19:15:03.075 15588 16054 V IJKMEDIA: stream 1, sample 63, dts 1462857
04-02 19:15:03.075 15588 16054 V IJKMEDIA: stream 0, sample 40, dts 1560000
04-02 19:15:03.075 15588 16054 V IJKMEDIA: stream 1, sample 63, dts 1462857
04-02 19:15:03.075 15588 16054 V IJKMEDIA: stream 0, sample 41, dts 1600000
04-02 19:15:03.075 15588 16054 V IJKMEDIA: stream 1, sample 63, dts 1462857
04-02 19:15:03.075 15588 16054 V IJKMEDIA: stream 0, sample 42, dts 1640000
04-02 19:15:03.075 15588 16054 V IJKMEDIA: stream 1, sample 63, dts 1462857
04-02 19:15:03.075 15588 16054 V IJKMEDIA: stream 0, sample 43, dts 1680000
04-02 19:15:03.075 15588 16054 V IJKMEDIA: stream 1, sample 63, dts 1462857
04-02 19:15:03.075 15588 16054 V IJKMEDIA: stream 0, sample 44, dts 1720000
04-02 19:15:03.075 15588 16054 V IJKMEDIA: stream 1, sample 63, dts 1462857
04-02 19:15:03.076 15588 16054 V IJKMEDIA: stream 0, sample 45, dts 1760000
04-02 19:15:03.076 15588 16054 V IJKMEDIA: stream 1, sample 63, dts 1462857
04-02 19:15:03.076 15588 16054 V IJKMEDIA: stream 0, sample 46, dts 1800000
04-02 19:15:03.076 15588 16054 V IJKMEDIA: stream 1, sample 63, dts 1462857
04-02 19:15:03.076 15588 16054 V IJKMEDIA: stream 0, sample 47, dts 1840000
04-02 19:15:03.076 15588 16054 V IJKMEDIA: stream 1, sample 63, dts 1462857
04-02 19:15:03.076 15588 16054 V IJKMEDIA: stream 0, sample 48, dts 1880000
04-02 19:15:03.076 15588 16054 V IJKMEDIA: stream 1, sample 63, dts 1462857
04-02 19:15:03.076 15588 16054 V IJKMEDIA: stream 0, sample 48, dts 1880000
04-02 19:15:03.076 15588 16054 V IJKMEDIA: stream 1, sample 64, dts 1486077
04-02 19:15:03.076 15588 16054 V IJKMEDIA: stream 0, sample 48, dts 1880000
04-02 19:15:03.076 15588 16054 V IJKMEDIA: stream 1, sample 65, dts 1509297
04-02 19:15:03.076 15588 16054 V IJKMEDIA: stream 0, sample 48, dts 1880000
