downTime=609798093, deviceId=-1, source=0x1002, displayId=0 }
04-02 19:14:59.774 15588 15588 D ViewRootImpl[MainActivity]: processMotionEvent
MotionEvent { action=ACTION_DOWN, actionButton=0, id[0]=0, x[0]=449.0, y[0]=731.0,
toolType[0]=TOOL_TYPE_FINGER, buttonState=0, classification=NONE, metaState=0,
flags=0x0, edgeFlags=0x0, pointerCount=1, historySize=0, eventTime=609798091,
downTime=609798093, deviceId=-1, source=0x1002, displayId=0 }
04-02 19:14:59.775 15588 15588 D ViewRootImpl[MainActivity]: dispatchPointerEvent
handled=true, event=MotionEvent { action=ACTION_DOWN, actionButton=0, id[0]=0,
x[0]=449.0, y[0]=731.0, toolType[0]=TOOL_TYPE_FINGER, buttonState=0,
classification=NONE, metaState=0, flags=0x0, edgeFlags=0x0, pointerCount=1,
historySize=0, eventTime=609798091, downTime=609798093, deviceId=-1, source=0x1002,
displayId=0 }
04-02 19:14:59.890 15588 15588 D ViewRootImpl[MainActivity]: processMotionEvent
MotionEvent { action=ACTION_UP, actionButton=0, id[0]=0, x[0]=509.0, y[0]=551.0,
toolType[0]=TOOL_TYPE_FINGER, buttonState=0, classification=NONE, metaState=0,
flags=0x0, edgeFlags=0x0, pointerCount=1, historySize=0, eventTime=609798207,
downTime=609798093, deviceId=-1, source=0x1002, displayId=0 }
04-02 19:14:59.891 15588 15588 D ViewRootImpl[MainActivity]: dispatchPointerEvent
handled=true, event=MotionEvent { action=ACTION_UP, actionButton=0, id[0]=0,
x[0]=509.0, y[0]=551.0, toolType[0]=TOOL_TYPE_FINGER, buttonState=0,
classification=NONE, metaState=0, flags=0x0, edgeFlags=0x0, pointerCount=1,
historySize=0, eventTime=609798207, downTime=609798093, deviceId=-1, source=0x1002,
displayId=0 }
04-02 19:15:00.012 15588 15588 D ViewRootImpl: enqueueInputEventMotionEvent
{ action=ACTION_DOWN, actionButton=0, id[0]=0, x[0]=458.0, y[0]=778.0,
toolType[0]=TOOL_TYPE_FINGER, buttonState=0, classification=NONE, metaState=0,
flags=0x0, edgeFlags=0x0, pointerCount=1, historySize=0, eventTime=609798325,
downTime=609798330, deviceId=-1, source=0x1002, displayId=0 }
04-02 19:15:00.012 15588 15588 D ViewRootImpl[MainActivity]: processMotionEvent
MotionEvent { action=ACTION_DOWN, actionButton=0, id[0]=0, x[0]=458.0, y[0]=778.0,
toolType[0]=TOOL_TYPE_FINGER, buttonState=0, classification=NONE, metaState=0,
flags=0x0, edgeFlags=0x0, pointerCount=1, historySize=0, eventTime=609798325,
downTime=609798330, deviceId=-1, source=0x1002, displayId=0 }
04-02 19:15:00.013 15588 15588 D ViewRootImpl[MainActivity]: dispatchPointerEvent
handled=true, event=MotionEvent { action=ACTION_DOWN, actionButton=0, id[0]=0,
x[0]=458.0, y[0]=778.0, toolType[0]=TOOL_TYPE_FINGER, buttonState=0,
classification=NONE, metaState=0, flags=0x0, edgeFlags=0x0, pointerCount=1,
historySize=0, eventTime=609798325, downTime=609798330, deviceId=-1, source=0x1002,
displayId=0 }
04-02 19:15:00.610 15588 15588 W AudioManager: Use of stream types is deprecated
for operations other than volume control
04-02 19:15:00.610 15588 15588 W AudioManager: See the documentation of
requestAudioFocus() for what to use instead with android.media.AudioAttributes to
qualify your playback use case
04-02 19:15:00.661 15588 15588 D J4A : J4ALoader: OK:
'android.os.Build$VERSION' loaded
04-02 19:15:00.661 15588 15588 D J4A : J4ALoader: OK: 'android.os.Build' loaded
04-02 19:15:00.661 15588 15588 D J4A : J4ALoader: OK: 'java.nio.Buffer' loaded
04-02 19:15:00.662 15588 15588 D J4A : J4ALoader: OK: 'java.nio.ByteBuffer'
loaded
04-02 19:15:00.662 15588 15588 D J4A : J4ALoader: OK: 'java.util.ArrayList'
loaded
04-02 19:15:00.662 15588 15588 I J4A : API-Level: 30
04-02 19:15:00.662 15588 15588 D J4A : J4ALoader: OK:
'android.media.AudioTrack' loaded
04-02 19:15:00.662 15588 15588 D J4A : J4ALoader: OK:
'android.media.MediaCodec$BufferInfo' loaded
04-02 19:15:00.662 15588 15588 D J4A : J4ALoader: OK:
'android.media.MediaCodec' loaded
04-02 19:15:00.662 15588 15588 D J4A : J4ALoader: OK:
'android.media.MediaFormat' loaded
04-02 19:15:00.662 15588 15588 D J4A : J4ALoader: OK:
'android.media.PlaybackParams' loaded
04-02 19:15:00.662 15588 15588 D J4A : J4ALoader: OK: 'android.os.Bundle'
loaded
04-02 19:15:00.662 15588 15588 D J4A : J4ALoader: OK:
'tv.danmaku.ijk.media.player.misc.IMediaDataSource' loaded
04-02 19:15:00.662 15588 15588 D J4A : J4ALoader: OK:
'tv.danmaku.ijk.media.player.misc.IAndroidIO' loaded
04-02 19:15:00.662 15588 15588 D J4A : J4ALoader: OK:
'tv.danmaku.ijk.media.player.IjkMediaPlayer' loaded
04-02 19:15:00.667 15588 15588 D IJKMEDIA: ijkmediaplayer version : k0.8.8-32-
ge99d640e
04-02 19:15:00.687 15588 15588 D IJKMEDIA: IjkMediaPlayer_native_init
04-02 19:15:00.688 15588 15588 D IJKMEDIA: IjkMediaPlayer_native_setup
04-02 19:15:00.688 15588 15588 I IJKMEDIA: av_version_info: ff4.0--ijk0.8.8--
20210205--001
04-02 19:15:00.688 15588 15588 I IJKMEDIA: ijk_version_info: k0.8.8-32-ge99d640e
04-02 19:15:00.688 15588 15588 D IJKMEDIA: ffpipeline_create_from_android()
04-02 19:15:00.688 15588 15588 D IJKMEDIA: ijkmp_set_inject_opaque(0x38a6)
04-02 19:15:00.688 15588 15588 D IJKMEDIA: ijkmp_set_inject_opaque()=void
04-02 19:15:00.688 15588 15588 D IJKMEDIA: ijkmp_set_ijkio_inject_opaque(0x38a6)
04-02 19:15:00.688 15588 15588 D IJKMEDIA: ijkmp_set_ijkio_inject_opaque()=void
04-02 19:15:00.688 15588 15588 D IJKMEDIA:
ijkmp_android_set_mediacodec_select_callback()
04-02 19:15:00.688 15588 15588 D IJKMEDIA:
ffpipeline_set_mediacodec_select_callback
04-02 19:15:00.688 15588 15588 D IJKMEDIA:
ijkmp_android_set_mediacodec_select_callback()=void
04-02 19:15:00.704 15588 16048 E HttpProxyCacheDebuger: ****** injectCustomHeaders
****** :0
04-02 19:15:00.707 15588 16050 I HttpProxyCacheDebuger: Opened connections: 0
04-02 19:15:00.708 15588 16048 I HttpProxyCacheDebuger: Ping response: `ping ok`,
pinged? true
04-02 19:15:00.709 15588 15588 I HttpProxyCacheDebuger: Proxy cache server started.
Is it alive? true
04-02 19:15:00.710 15588 16048 E HttpProxyCacheDebuger: ****** injectCustomHeaders
****** :0
04-02 19:15:00.713 15588 16051 I HttpProxyCacheDebuger: Opened connections: 0
04-02 19:15:00.714 15588 16048 I HttpProxyCacheDebuger: Ping response: `ping ok`,
pinged? true
04-02 19:15:00.716 15588 15588 D tv.danmaku.ijk.media.player.IjkMediaPlayer:
Couldn't open file on client side, trying server side
04-02 19:15:00.716 15588 15588 D IJKMEDIA: IjkMediaPlayer_setDataSourceAndHeaders
04-02 19:15:00.716 15588 15588 V IJKMEDIA: setDataSource: path
http://127.0.0.1:39309/https%3A%2F%2Fvideo.sosomod.me%2Fattachments%2Fvideo
%2F162%2FPhyBZwpjce5Mi6QQRE7w3bYj5x3nkQH6.mp4
04-02 19:15:00.716 15588 15588 D IJKMEDIA:
ijkmp_set_data_source(url="http://127.0.0.1:39309/https%3A%2F%2Fvideo.sosomod.me
%2Fattachments%2Fvideo%2F162%2FPhyBZwpjce5Mi6QQRE7w3bYj5x3nkQH6.mp4")
04-02 19:15:00.716 15588 15588 D IJKMEDIA:
ijkmp_set_data_source(url="http://127.0.0.1:39309/https%3A%2F%2Fvideo.sosomod.me
%2Fattachments%2Fvideo%2F162%2FPhyBZwpjce5Mi6QQRE7w3bYj5x3nkQH6.mp4")=0
04-02 19:15:00.716 15588 15588 D IJKMEDIA: IjkMediaPlayer_setOptionLong
04-02 19:15:00.716 15588 15588 D IJKMEDIA: IjkMediaPlayer_setLoopCount
04-02 19:15:00.716 15588 15588 D IJKMEDIA: IjkMediaPlayer_native_setLogLevel(1)
04-02 19:15:00.716 15588 15588 D IJKMEDIA: moncleanup
04-02 19:15:00.716 15588 15588 D IJKMEDIA: IjkMediaPlayer_setVolume
04-02 19:15:00.716 15588 15588 D IJKMEDIA: ijkmp_android_set_volume(0.000000,
0.000000)
04-02 19:15:00.716 15588 15588 D IJKMEDIA: ffpipeline_set_volume
04-02 19:15:00.716 15588 15588 D IJKMEDIA: ijkmp_android_set_volume(0.000000,
0.000000)=void
04-02 19:15:00.716 15588 15588 W tv.danmaku.ijk.media.player.IjkMediaPlayer:
setScreenOnWhilePlaying(true) is ineffective without a SurfaceHolder
04-02 19:15:00.717 15588 15588 D IJKMEDIA: IjkMediaPlayer_prepareAsync
04-02 19:15:00.717 15588 15588 D IJKMEDIA: ijkmp_prepare_async()
04-02 19:15:00.717 15588 15588 I IJKMEDIA: ===== versions =====
04-02 19:15:00.717 15588 15588 I IJKMEDIA: ijkplayer : k0.8.8-32-ge99d640e
04-02 19:15:00.717 15588 15588 I IJKMEDIA: FFmpeg : ff4.0--ijk0.8.8--
20210205--001
04-02 19:15:00.717 15588 15588 I IJKMEDIA: libavutil : 56.14.100
04-02 19:15:00.717 15588 16052 I IJKMEDIA: SDL_RunThread: [16052] ff_msg_loop
04-02 19:15:00.717 15588 16052 D IJKMEDIA: message_loop
04-02 19:15:00.717 15588 15588 I IJKMEDIA: libavcodec : 58.18.100
04-02 19:15:00.717 15588 15588 I IJKMEDIA: libavformat : 58.12.100
04-02 19:15:00.717 15588 15588 I IJKMEDIA: libswscale : 5.1.100
04-02 19:15:00.717 15588 15588 I IJKMEDIA: libswresample: 3.1.100
04-02 19:15:00.717 15588 15588 I IJKMEDIA: ===== options =====
04-02 19:15:00.717 15588 15588 I IJKMEDIA: player-opts : loop
= 1
04-02 19:15:00.717 15588 15588 I IJKMEDIA: format-opts : ijkapplication
= 0xa0d5d980
04-02 19:15:00.717 15588 15588 I IJKMEDIA: format-opts : ijkiomanager
= 0x9c173980
04-02 19:15:00.717 15588 15588 I IJKMEDIA: ===================
04-02 19:15:00.717 15588 16052 D IJKMEDIA: FFP_MSG_FLUSH:
04-02 19:15:00.717 15588 16053 I IJKMEDIA: SDL_RunThread: [16053] ff_vout
04-02 19:15:00.717 15588 16054 I IJKMEDIA: SDL_RunThread: [16054] ff_read
04-02 19:15:00.717 15588 15588 D IJKMEDIA: ijkmp_prepare_async()=0
04-02 19:15:00.717 15588 16054 D IJKMEDIA: Opening 'http://127.0.0.1:39309/https%3A
%2F%2Fvideo.sosomod.me%2Fattachments%2Fvideo
%2F162%2FPhyBZwpjce5Mi6QQRE7w3bYj5x3nkQH6.mp4' for reading
04-02 19:15:00.718 15588 16054 D IJKMEDIA: Setting default whitelist
'http,https,tls,rtp,tcp,udp,crypto,httpproxy'
04-02 19:15:00.718 15588 16054 I tv.danmaku.ijk.media.player.IjkMediaPlayer:
onNativeInvoke 1
04-02 19:15:00.718 15588 16054 I tv.danmaku.ijk.media.player.IjkMediaPlayer:
onNativeInvoke 131073
04-02 19:15:00.720 15588 16054 I tv.danmaku.ijk.media.player.IjkMediaPlayer:
onNativeInvoke 131074
04-02 19:15:00.720 15588 16054 I IJKMEDIA: tcp did open uri =
tcp://127.0.0.1:39309, ip = 127.0.0.1
04-02 19:15:00.720 15588 16054 D IJKMEDIA: request: GET /https%3A%2F
%2Fvideo.sosomod.me%2Fattachments%2Fvideo
%2F162%2FPhyBZwpjce5Mi6QQRE7w3bYj5x3nkQH6.mp4 HTTP/1.1
04-02 19:15:00.720 15588 16054 D IJKMEDIA: User-Agent: Lavf/58.12.100
04-02 19:15:00.720 15588 16054 D IJKMEDIA: Accept: */*
04-02 19:15:00.720 15588 16054 D IJKMEDIA: Range: bytes=0-
04-02 19:15:00.720 15588 16054 D IJKMEDIA: Connection: close
04-02 19:15:00.720 15588 16054 D IJKMEDIA: Host: 127.0.0.1:39309
04-02 19:15:00.720 15588 16054 D IJKMEDIA: Icy-MetaData: 1
04-02 19:15:00.720 15588 16054 D IJKMEDIA:
04-02 19:15:00.720 15588 16054 D IJKMEDIA:
04-02 19:15:00.742 15588 16055 E HttpProxyCacheDebuger: ****** injectCustomHeaders
****** :0
04-02 19:15:01.044 15588 15588 D ViewRootImpl[MainActivity]: processMotionEvent
MotionEvent { action=ACTION_UP, actionButton=0, id[0]=0, x[0]=670.0, y[0]=940.0,
toolType[0]=TOOL_TYPE_FINGER, buttonState=0, classification=NONE, metaState=0,
flags=0x0, edgeFlags=0x0, pointerCount=1, historySize=0, eventTime=609799360,
downTime=609798330, deviceId=-1, source=0x1002, displayId=0 }
04-02 19:15:01.045 15588 15588 D ViewRootImpl[MainActivity]: dispatchPointerEvent
handled=true, event=MotionEvent { action=ACTION_UP, actionButton=0, id[0]=0,
x[0]=670.0, y[0]=940.0, toolType[0]=TOOL_TYPE_FINGER, buttonState=0,
classification=NONE, metaState=0, flags=0x0, edgeFlags=0x0, pointerCount=1,
historySize=0, eventTime=609799360, downTime=609798330, deviceId=-1, source=0x1002,
displayId=0 }
04-02 19:15:01.652 15588 16060 E HttpProxyCacheDebuger: ****** injectCustomHeaders
****** :0
04-02 19:15:01.955 15588 15602 W System : A resource failed to call destroy.
04-02 19:15:01.955 15588 15602 I chatty : uid=10618(com.sosomod.freegame)
FinalizerDaemon identical 4 lines
04-02 19:15:01.956 15588 15602 W System : A resource failed to call destroy.
04-02 19:15:02.519 15588 16054 V IJKMEDIA: header='HTTP/1.1 206 PARTIAL CONTENT'
04-02 19:15:02.519 15588 16054 V IJKMEDIA: http_code=206
04-02 19:15:02.519 15588 16054 V IJKMEDIA: header='Accept-Ranges: bytes'
04-02 19:15:02.519 15588 16054 V IJKMEDIA: header='Content-Length: 3040350'
04-02 19:15:02.519 15588 16054 V IJKMEDIA: header='Content-Range: bytes 0-
3040349/3040350'
04-02 19:15:02.519 15588 16054 V IJKMEDIA: header='Content-Type: video/mp4'
04-02 19:15:02.519 15588 16054 V IJKMEDIA: header=''
04-02 19:15:02.519 15588 16054 I tv.danmaku.ijk.media.player.IjkMediaPlayer:
onNativeInvoke 2
04-02 19:15:02.519 15588 16054 V IJKMEDIA: Probing mov,mp4,m4a,3gp,3g2,mj2
score:100 size:2048
04-02 19:15:02.519 15588 16054 D IJKMEDIA: Format mov,mp4,m4a,3gp,3g2,mj2 probed
with size=2048 and score=100
04-02 19:15:02.520 15588 16054 V IJKMEDIA: type:'ftyp' parent:'root' sz: 24 8
3040350
04-02 19:15:02.520 15588 16054 D IJKMEDIA: ISO: File Type Major Brand: mp42
04-02 19:15:02.520 15588 16054 V IJKMEDIA: type:'moov' parent:'root' sz: 14571 32
3040350
04-02 19:15:02.520 15588 16054 V IJKMEDIA: type:'mvhd' parent:'moov' sz: 108 8
14563
04-02 19:15:02.520 15588 16054 V IJKMEDIA: time scale = 12800
04-02 19:15:02.520 15588 16054 V IJKMEDIA: type:'trak' parent:'moov' sz: 8396 116
14563
04-02 19:15:02.520 15588 16054 V IJKMEDIA: type:'tkhd' parent:'trak' sz: 92 8 8388
04-02 19:15:02.520 15588 16054 V IJKMEDIA: type:'edts' parent:'trak' sz: 36 100
8388
04-02 19:15:02.520 15588 16054 V IJKMEDIA: type:'elst' parent:'edts' sz: 28 8 28
04-02 19:15:02.520 15588 16054 V IJKMEDIA: track[0].edit_count = 1
04-02 19:15:02.520 15588 16054 V IJKMEDIA: duration=384000 time=512 rate=1.000000
04-02 19:15:02.520 15588 16054 V IJKMEDIA: type:'mdia' parent:'trak' sz: 8260 136
8388
04-02 19:15:02.520 15588 16054 V IJKMEDIA: type:'mdhd' parent:'mdia' sz: 32 8 8252
04-02 19:15:02.520 15588 16054 V IJKMEDIA: type:'hdlr' parent:'mdia' sz: 95 40 8252
04-02 19:15:02.520 15588 16054 V IJKMEDIA: ctype=[0][0][0][0]
04-02 19:15:02.520 15588 16054 V IJKMEDIA: stype=vide
04-02 19:15:02.520 15588 16054 V IJKMEDIA: type:'minf' parent:'mdia' sz: 8125 135
8252
04-02 19:15:02.520 15588 16054 V IJKMEDIA: type:'dinf' parent:'minf' sz: 36 8 8117
04-02 19:15:02.520 15588 16054 V IJKMEDIA: type:'dref' parent:'dinf' sz: 28 8 28
04-02 19:15:02.520 15588 16054 D IJKMEDIA: Unknown dref type 0x206c7275 size 12
04-02 19:15:02.520 15588 16054 V IJKMEDIA: type:'stbl' parent:'minf' sz: 8061 44
8117
04-02 19:15:02.520 15588 16054 V IJKMEDIA: type:'stsd' parent:'stbl' sz: 153 8 8053
04-02 19:15:02.520 15588 16054 V IJKMEDIA: size=137 4CC=avc1 codec_type=0
04-02 19:15:02.520 15588 16054 V IJKMEDIA: type:'avcC' parent:'stsd' sz: 51 8 51
04-02 19:15:02.520 15588 16054 V IJKMEDIA: type:'stts' parent:'stbl' sz: 24 161
8053
04-02 19:15:02.520 15588 16054 V IJKMEDIA: track[0].stts.entries = 1
04-02 19:15:02.520 15588 16054 V IJKMEDIA: sample_count=750, sample_duration=512
04-02 19:15:02.520 15588 16054 V IJKMEDIA: type:'stsc' parent:'stbl' sz: 172 185
8053
04-02 19:15:02.520 15588 16054 V IJKMEDIA: track[0].stsc.entries = 13
04-02 19:15:02.521 15588 16054 V IJKMEDIA: type:'stco' parent:'stbl' sz: 272 357
8053
04-02 19:15:02.521 15588 16054 V IJKMEDIA: type:'stsz' parent:'stbl' sz: 3020 629
8053
04-02 19:15:02.521 15588 16054 V IJKMEDIA: sample_size = 0 sample_count = 750
04-02 19:15:02.521 15588 16054 V IJKMEDIA: type:'stss' parent:'stbl' sz: 44 3649
8053
04-02 19:15:02.521 15588 16054 V IJKMEDIA: keyframe_count = 7
04-02 19:15:02.521 15588 16054 V IJKMEDIA: type:'ctts' parent:'stbl' sz: 4368 3693
8053
04-02 19:15:02.521 15588 16054 V IJKMEDIA: track[0].ctts.entries = 544
04-02 19:15:02.521 15588 16054 V IJKMEDIA: count=1, duration=512
04-02 19:15:02.521 15588 16054 V IJKMEDIA: count=1, duration=1024
04-02 19:15:02.521 15588 16054 V IJKMEDIA: count=1, duration=0
04-02 19:15:02.521 15588 16054 V IJKMEDIA: count=1, duration=1024
04-02 19:15:02.521 15588 16054 V IJKMEDIA: count=1, duration=0
04-02 19:15:02.521 15588 16054 V IJKMEDIA: count=1, duration=1024
04-02 19:15:02.521 15588 16054 V IJKMEDIA: count=1, duration=0
04-02 19:15:02.521 15588 16054 V IJKMEDIA: count=1, duration=512
04-02 19:15:02.521 15588 16054 V IJKMEDIA: count=1, duration=1024
04-02 19:15:02.521 15588 16054 V IJKMEDIA: count=1, duration=0
04-02 19:15:02.521 15588 16054 V IJKMEDIA: count=1, duration=1536
04-02 19:15:02.521 15588 16054 V IJKMEDIA: count=2, duration=0
04-02 19:15:02.521 15588 16054 V IJKMEDIA: count=1, duration=1536
04-02 19:15:02.521 15588 16054 V IJKMEDIA: count=2, duration=0
04-02 19:15:02.521 15588 16054 V IJKMEDIA: count=1, duration=1536
04-02 19:15:02.521 15588 16054 V IJKMEDIA: count=2, duration=0
04-02 19:15:02.521 15588 16054 V IJKMEDIA: count=1, duration=1536
04-02 19:15:02.521 15588 16054 V IJKMEDIA: count=2, duration=0
04-02 19:15:02.521 15588 16054 V IJKMEDIA: count=1, duration=1536
04-02 19:15:02.521 15588 16054 V IJKMEDIA: count=2, duration=0
04-02 19:15:02.521 15588 16054 V IJKMEDIA: count=1, duration=1536
04-02 19:15:02.521 15588 16054 V IJKMEDIA: count=2, duration=0
04-02 19:15:02.521 15588 16054 V IJKMEDIA: count=1, duration=1536
04-02 19:15:02.521 15588 16054 V IJKMEDIA: count=2, duration=0
04-02 19:15:02.521 15588 16054 V IJKMEDIA: count=1, duration=1536
04-02 19:15:02.521 15588 16054 V IJKMEDIA: count=2, duration=0
04-02 19:15:02.521 15588 16054 V IJKMEDIA: count=1, duration=1024
04-02 19:15:02.521 15588 16054 V IJKMEDIA: count=1, duration=0
04-02 19:15:02.521 15588 16054 V IJKMEDIA: count=1, duration=1536
04-02 19:15:02.521 15588 16054 V IJKMEDIA: count=2, duration=0
04-02 19:15:02.521 15588 16054 V IJKMEDIA: count=1, duration=1536
04-02 19:15:02.521 15588 16054 V IJKMEDIA: count=2, duration=0
04-02 19:15:02.521 15588 16054 V IJKMEDIA: count=1, duration=1536
04-02 19:15:02.521 15588 16054 V IJKMEDIA: count=2, duration=0
04-02 19:15:02.521 15588 16054 V IJKMEDIA: count=1, duration=1024
04-02 19:15:02.521 15588 16054 V IJKMEDIA: count=1, duration=0
04-02 19:15:02.521 15588 16054 V IJKMEDIA: count=1, duration=1536
04-02 19:15:02.521 15588 16054 V IJKMEDIA: count=2, duration=0
04-02 19:15:02.521 15588 16054 V IJKMEDIA: count=1, duration=512
04-02 19:15:02.521 15588 16054 V IJKMEDIA: count=1, duration=1024
04-02 19:15:02.521 15588 16054 V IJKMEDIA: count=1, duration=0
04-02 19:15:02.521 15588 16054 V IJKMEDIA: count=5, duration=512
04-02 19:15:02.521 15588 16054 V IJKMEDIA: count=1, duration=1024
04-02 19:15:02.521 15588 16054 V IJKMEDIA: count=1, duration=0
04-02 19:15:02.521 15588 16054 V IJKMEDIA: count=2, duration=512
04-02 19:15:02.521 15588 16054 V IJKMEDIA: count=1, duration=1024
04-02 19:15:02.521 15588 16054 V IJKMEDIA: count=1, duration=0
04-02 19:15:02.521 15588 16054 V IJKMEDIA: count=1, duration=1024
04-02 19:15:02.521 15588 16054 V IJKMEDIA: count=1, duration=0
04-02 19:15:02.521 15588 16054 V IJKMEDIA: count=2, duration=512
04-02 19:15:02.521 15588 16054 V IJKMEDIA: count=1, duration=1536
04-02 19:15:02.521 15588 16054 V IJKMEDIA: count=2, duration=0
04-02 19:15:02.521 15588 16054 V IJKMEDIA: count=1, duration=512
04-02 19:15:02.521 15588 16054 V IJKMEDIA: count=1, duration=1024
04-02 19:15:02.521 15588 16054 V IJKMEDIA: count=1, duration=0
04-02 19:15:02.521 15588 16054 V IJKMEDIA: count=1, duration=1024
04-02 19:15:02.521 15588 16054 V IJKMEDIA: count=1, duration=0
04-02 19:15:02.521 15588 16054 V IJKMEDIA: count=1, duration=1536
04-02 19:15:02.521 15588 16054 V IJKMEDIA: count=2, duration=0
04-02 19:15:02.521 15588 16054 V IJKMEDIA: count=1, duration=512
04-02 19:15:02.521 15588 16054 V IJKMEDIA: count=1, duration=1536
04-02 19:15:02.521 15588 16054 V IJKMEDIA: count=2, duration=0
04-02 19:15:02.521 15588 16054 V IJKMEDIA: count=1, duration=1024
04-02 19:15:02.521 15588 16054 V IJKMEDIA: count=1, duration=0
04-02 19:15:02.521 15588 16054 V IJKMEDIA: count=1, duration=1536
04-02 19:15:02.521 15588 16054 V IJKMEDIA: count=2, duration=0
04-02 19:15:02.521 15588 16054 V IJKMEDIA: count=1, duration=1024
04-02 19:15:02.521 15588 16054 V IJKMEDIA: count=1, duration=0
04-02 19:15:02.521 15588 16054 V IJKMEDIA: count=1, duration=1536
04-02 19:15:02.521 15588 16054 V IJKMEDIA: count=2, duration=0
04-02 19:15:02.521 15588 16054 V IJKMEDIA: count=1, duration=1024
04-02 19:15:02.521 15588 16054 V IJKMEDIA: count=1, duration=0
04-02 19:15:02.521 15588 16054 V IJKMEDIA: count=1, duration=1024
04-02 19:15:02.521 15588 16054 V IJKMEDIA: count=1, duration=0
04-02 19:15:02.521 15588 16054 V IJKMEDIA: count=1, duration=1536
04-02 19:15:02.521 15588 16054 V IJKMEDIA: count=2, duration=0
04-02 19:15:02.521 15588 16054 V IJKMEDIA: count=1, duration=1536
04-02 19:15:02.521 15588 16054 V IJKMEDIA: count=2, duration=0
04-02 19:15:02.521 15588 16054 V IJKMEDIA: count=1, duration=1536
04-02 19:15:02.521 15588 16054 V IJKMEDIA: count=2, duration=0
04-02 19:15:02.521 15588 16054 V IJKMEDIA: count=1, duration=1024
04-02 19:15:02.521 15588 16054 V IJKMEDIA: count=1, duration=0
04-02 19:15:02.521 15588 16054 V IJKMEDIA: count=1, duration=1024
04-02 19:15:02.521 15588 16054 V IJKMEDIA: count=1, duration=0
04-02 19:15:02.521 15588 16054 V IJKMEDIA: count=1, duration=1024
04-02 19:15:02.521 15588 16054 V IJKMEDIA: count=1, duration=0
04-02 19:15:02.521 15588 16054 V IJKMEDIA: count=1, duration=1536
04-02 19:15:02.521 15588 16054 V IJKMEDIA: count=2, duration=0
04-02 19:15:02.521 15588 16054 V IJKMEDIA: count=1, duration=1536
04-02 19:15:02.521 15588 16054 V IJKMEDIA: count=2, duration=0
04-02 19:15:02.521 15588 16054 V IJKMEDIA: count=1, duration=1536
04-02 19:15:02.521 15588 16054 V IJKMEDIA: count=2, duration=0
04-02 19:15:02.521 15588 16054 V IJKMEDIA: count=1, duration=1536
04-02 19:15:02.521 15588 16054 V IJKMEDIA: count=2, duration=0
04-02 19:15:02.521 15588 16054 V IJKMEDIA: count=1, duration=1024
04-02 19:15:02.521 15588 16054 V IJKMEDIA: count=1, duration=0
04-02 19:15:02.521 15588 16054 V IJKMEDIA: count=1, duration=1024
04-02 19:15:02.521 15588 16054 V IJKMEDIA: count=1, duration=0
04-02 19:15:02.521 15588 16054 V IJKMEDIA: count=1, duration=1536
04-02 19:15:02.521 15588 16054 V IJKMEDIA: count=2, duration=0
04-02 19:15:02.521 15588 16054 V IJKMEDIA: count=1, duration=1024
04-02 19:15:02.521 15588 16054 V IJKMEDIA: count=1, duration=0
04-02 19:15:02.521 15588 16054 V IJKMEDIA: count=3, duration=512
04-02 19:15:02.521 15588 16054 V IJKMEDIA: count=1, duration=1024
04-02 19:15:02.521 15588 16054 V IJKMEDIA: count=1, duration=0
04-02 19:15:02.521 15588 16054 V IJKMEDIA: count=1, duration=512
04-02 19:15:02.521 15588 16054 V IJKMEDIA: count=1, duration=1024
04-02 19:15:02.521 15588 16054 V IJKMEDIA: count=1, duration=0
04-02 19:15:02.521 15588 16054 V IJKMEDIA: count=1, duration=1024
04-02 19:15:02.521 15588 16054 V IJKMEDIA: count=1, duration=0
04-02 19:15:02.521 15588 16054 V IJKMEDIA: count=1, duration=512
04-02 19:15:02.521 15588 16054 V IJKMEDIA: count=1, duration=1024
04-02 19:15:02.521 15588 16054 V IJKMEDIA: count=1, duration=0
04-02 19:15:02.521 15588 16054 V IJKMEDIA: count=1, duration=512
04-02 19:15:02.521 15588 16054 V IJKMEDIA: count=1, duration=1024
04-02 19:15:02.521 15588 16054 V IJKMEDIA: count=1, duration=0
04-02 19:15:02.521 15588 16054 V IJKMEDIA: count=1, duration=512
04-02 19:15:02.521 15588 16054 V IJKMEDIA: count=1, duration=1024
04-02 19:15:02.521 15588 16054 V IJKMEDIA: count=1, duration=0
04-02 19:15:02.521 15588 16054 V IJKMEDIA: count=2, duration=512
04-02 19:15:02.521 15588 16054 V IJKMEDIA: count=1, duration=1024
04-02 19:15:02.521 15588 16054 V IJKMEDIA: count=1, duration=0
04-02 19:15:02.521 15588 16054 V IJKMEDIA: count=1, duration=1024
04-02 19:15:02.521 15588 16054 V IJKMEDIA: count=1, duration=0
04-02 19:15:02.521 15588 16054 V IJKMEDIA: count=1, duration=1024
04-02 19:15:02.521 15588 16054 V IJKMEDIA: count=1, duration=0
04-02 19:15:02.521 15588 16054 V IJKMEDIA: count=1, duration=512
04-02 19:15:02.521 15588 16054 V IJKMEDIA: count=1, duration=1536
04-02 19:15:02.521 15588 16054 V IJKMEDIA: count=2, duration=0
04-02 19:15:02.521 15588 16054 V IJKMEDIA: count=1, duration=512
04-02 19:15:02.521 15588 16054 V IJKMEDIA: count=1, duration=1024
04-02 19:15:02.521 15588 16054 V IJKMEDIA: count=1, duration=0
04-02 19:15:02.521 15588 16054 V IJKMEDIA: count=1, duration=1024
04-02 19:15:02.521 15588 16054 V IJKMEDIA: count=1, duration=0
04-02 19:15:02.521 15588 16054 V IJKMEDIA: count=1, duration=1536
04-02 19:15:02.521 15588 16054 V IJKMEDIA: count=2, duration=0
04-02 19:15:02.521 15588 16054 V IJKMEDIA: count=1, duration=1536
04-02 19:15:02.521 15588 16054 V IJKMEDIA: count=2, duration=0
04-02 19:15:02.521 15588 16054 V IJKMEDIA: count=1, duration=1536
04-02 19:15:02.521 15588 16054 V IJKMEDIA: count=2, duration=0
04-02 19:15:02.521 15588 16054 V IJKMEDIA: count=1, duration=512
04-02 19:15:02.521 15588 16054 V IJKMEDIA: count=1, duration=1536
04-02 19:15:02.521 15588 16054 V IJKMEDIA: count=2, duration=0
04-02 19:15:02.521 15588 16054 V IJKMEDIA: count=4, duration=512
04-02 19:15:02.521 15588 16054 V IJKMEDIA: count=1, duration=1024
04-02 19:15:02.521 15588 16054 V IJKMEDIA: count=1, duration=0
04-02 19:15:02.522 15588 16054 V IJKMEDIA: count=1, duration=1024
04-02 19:15:02.522 15588 16054 V IJKMEDIA: count=1, duration=0
04-02 19:15:02.522 15588 16054 V IJKMEDIA: count=1, duration=512
04-02 19:15:02.522 15588 16054 V IJKMEDIA: count=1, duration=1024
04-02 19:15:02.522 15588 16054 V IJKMEDIA: count=1, duration=0
04-02 19:15:02.522 15588 16054 V IJKMEDIA: count=1, duration=1024
04-02 19:15:02.522 15588 16054 V IJKMEDIA: count=1, duration=0
04-02 19:15:02.522 15588 16054 V IJKMEDIA: count=1, duration=512
04-02 19:15:02.522 15588 16054 V IJKMEDIA: count=1, duration=1024
04-02 19:15:02.522 15588 16054 V IJKMEDIA: count=1, duration=0
04-02 19:15:02.522 15588 16054 V IJKMEDIA: count=1, duration=512
04-02 19:15:02.522 15588 16054 V IJKMEDIA: count=1, duration=1024
04-02 19:15:02.522 15588 16054 V IJKMEDIA: count=1, duration=0
04-02 19:15:02.522 15588 16054 V IJKMEDIA: count=1, duration=1024
04-02 19:15:02.522 15588 16054 V IJKMEDIA: count=1, duration=0
04-02 19:15:02.522 15588 16054 V IJKMEDIA: count=1, duration=1024
04-02 19:15:02.522 15588 16054 V IJKMEDIA: count=1, duration=0
04-02 19:15:02.522 15588 16054 V IJKMEDIA: count=1, duration=512
04-02 19:15:02.522 15588 16054 V IJKMEDIA: count=1, duration=1024
04-02 19:15:02.522 15588 16054 V IJKMEDIA: count=1, duration=0
04-02 19:15:02.522 15588 16054 V IJKMEDIA: count=1, duration=1024
04-02 19:15:02.522 15588 16054 V IJKMEDIA: count=1, duration=0
04-02 19:15:02.522 15588 16054 V IJKMEDIA: count=1, duration=1024
04-02 19:15:02.522 15588 16054 V IJKMEDIA: count=1, duration=0
04-02 19:15:02.522 15588 16054 V IJKMEDIA: count=1, duration=1024
04-02 19:15:02.522 15588 16054 V IJKMEDIA: count=1, duration=0
04-02 19:15:02.522 15588 16054 V IJKMEDIA: count=1, duration=512
04-02 19:15:02.522 15588 16054 V IJKMEDIA: count=1, duration=1024
04-02 19:15:02.522 15588 16054 V IJKMEDIA: count=1, duration=0
04-02 19:15:02.522 15588 16054 V IJKMEDIA: count=1, duration=1024
04-02 19:15:02.522 15588 16054 V IJKMEDIA: count=1, duration=0
04-02 19:15:02.522 15588 16054 V IJKMEDIA: count=1, duration=1024
04-02 19:15:02.522 15588 16054 V IJKMEDIA: count=1, duration=0
04-02 19:15:02.522 15588 16054 V IJKMEDIA: count=1, duration=1536
04-02 19:15:02.522 15588 16054 V IJKMEDIA: count=2, duration=0
04-02 19:15:02.522 15588 16054 V IJKMEDIA: count=1, duration=1024
04-02 19:15:02.522 15588 16054 V IJKMEDIA: count=1, duration=0
04-02 19:15:02.522 15588 16054 V IJKMEDIA: count=1, duration=1024
04-02 19:15:02.522 15588 16054 V IJKMEDIA: count=1, duration=0
04-02 19:15:02.522 15588 16054 V IJKMEDIA: count=1, duration=1024
04-02 19:15:02.522 15588 16054 V IJKMEDIA: count=1, duration=0
04-02 19:15:02.522 15588 16054 V IJKMEDIA: count=1, duration=1024
04-02 19:15:02.522 15588 16054 V IJKMEDIA: count=1, duration=0
04-02 19:15:02.522 15588 16054 V IJKMEDIA: count=2, duration=512
04-02 19:15:02.522 15588 16054 V IJKMEDIA: count=1, duration=1024
04-02 19:15:02.522 15588 16054 V IJKMEDIA: count=1, duration=0
04-02 19:15:02.522 15588 16054 V IJKMEDIA: count=1, duration=1024
04-02 19:15:02.522 15588 16054 V IJKMEDIA: count=1, duration=0
04-02 19:15:02.522 15588 16054 V IJKMEDIA: count=4, duration=512
04-02 19:15:02.522 15588 16054 V IJKMEDIA: count=1, duration=1024
04-02 19:15:02.522 15588 16054 V IJKMEDIA: count=1, duration=0
04-02 19:15:02.522 15588 16054 V IJKMEDIA: count=2, duration=512
04-02 19:15:02.522 15588 16054 V IJKMEDIA: count=1, duration=1024
04-02 19:15:02.522 15588 16054 V IJKMEDIA: count=1, duration=0
04-02 19:15:02.522 15588 16054 V IJKMEDIA: count=6, duration=512
04-02 19:15:02.522 15588 16054 V IJKMEDIA: count=1, duration=1024
04-02 19:15:02.522 15588 16054 V IJKMEDIA: count=1, duration=0
04-02 19:15:02.522 15588 16054 V IJKMEDIA: count=1, duration=1024
04-02 19:15:02.522 15588 16054 V IJKMEDIA: count=1, duration=0
04-02 19:15:02.522 15588 16054 V IJKMEDIA: count=10, duration=512
04-02 19:15:02.522 15588 16054 V IJKMEDIA: count=1, duration=1024
04-02 19:15:02.522 15588 16054 V IJKMEDIA: count=1, duration=0
04-02 19:15:02.522 15588 16054 V IJKMEDIA: count=1, duration=1536
04-02 19:15:02.522 15588 16054 V IJKMEDIA: count=2, duration=0
04-02 19:15:02.522 15588 16054 V IJKMEDIA: count=8, duration=512
04-02 19:15:02.522 15588 16054 V IJKMEDIA: count=1, duration=1024
04-02 19:15:02.522 15588 16054 V IJKMEDIA: count=1, duration=0
04-02 19:15:02.522 15588 16054 V IJKMEDIA: count=1, duration=1024
04-02 19:15:02.522 15588 16054 V IJKMEDIA: count=1, duration=0
04-02 19:15:02.522 15588 16054 V IJKMEDIA: count=1, duration=512
04-02 19:15:02.522 15588 16054 V IJKMEDIA: count=1, duration=1536
04-02 19:15:02.522 15588 16054 V IJKMEDIA: count=2, duration=0
04-02 19:15:02.522 15588 16054 V IJKMEDIA: count=1, duration=1024
04-02 19:15:02.522 15588 16054 V IJKMEDIA: count=1, duration=0
04-02 19:15:02.522 15588 16054 V IJKMEDIA: count=1, duration=1024
04-02 19:15:02.522 15588 16054 V IJKMEDIA: count=1, duration=0
04-02 19:15:02.522 15588 16054 V IJKMEDIA: count=14, duration=512
04-02 19:15:02.522 15588 16054 V IJKMEDIA: count=1, duration=1536
04-02 19:15:02.522 15588 16054 V IJKMEDIA: count=2, duration=0
04-02 19:15:02.522 15588 16054 V IJKMEDIA: count=1, duration=1024
04-02 19:15:02.522 15588 16054 V IJKMEDIA: count=1, duration=0
04-02 19:15:02.522 15588 16054 V IJKMEDIA: count=1, duration=1024
04-02 19:15:02.522 15588 16054 V IJKMEDIA: count=1, duration=0
04-02 19:15:02.522 15588 16054 V IJKMEDIA: count=1, duration=512
04-02 19:15:02.522 15588 16054 V IJKMEDIA: count=1, duration=1024
04-02 19:15:02.522 15588 16054 V IJKMEDIA: count=1, duration=0
04-02 19:15:02.522 15588 16054 V IJKMEDIA: count=1, duration=512
04-02 19:15:02.522 15588 16054 V IJKMEDIA: count=1, duration=1024
04-02 19:15:02.522 15588 16054 V IJKMEDIA: count=1, duration=0
04-02 19:15:02.522 15588 16054 V IJKMEDIA: count=5, duration=512
04-02 19:15:02.522 15588 16054 V IJKMEDIA: count=1, duration=1024
04-02 19:15:02.522 15588 16054 V IJKMEDIA: count=1, duration=0
04-02 19:15:02.522 15588 16054 V IJKMEDIA: count=1, duration=1024
04-02 19:15:02.522 15588 16054 V IJKMEDIA: count=1, duration=0
04-02 19:15:02.522 15588 16054 V IJKMEDIA: count=2, duration=512
04-02 19:15:02.522 15588 16054 V IJKMEDIA: count=1, duration=1024
04-02 19:15:02.522 15588 16054 V IJKMEDIA: count=1, duration=0
04-02 19:15:02.522 15588 16054 V IJKMEDIA: count=2, duration=512
04-02 19:15:02.522 15588 16054 V IJKMEDIA: count=1, duration=1024
04-02 19:15:02.522 15588 16054 V IJKMEDIA: count=1, duration=0
04-02 19:15:02.522 15588 16054 V IJKMEDIA: count=1, duration=1024
04-02 19:15:02.523 15588 16054 V IJKMEDIA: count=1, duration=0
04-02 19:15:02.523 15588 16054 V IJKMEDIA: count=1, duration=1024
04-02 19:15:02.523 15588 16054 V IJKMEDIA: count=1, duration=0
04-02 19:15:02.523 15588 16054 V IJKMEDIA: count=1, duration=1024
04-02 19:15:02.523 15588 16054 V IJKMEDIA: count=1, duration=0
04-02 19:15:02.523 15588 16054 V IJKMEDIA: count=1, duration=1024
04-02 19:15:02.523 15588 16054 V IJKMEDIA: count=1, duration=0
04-02 19:15:02.523 15588 16054 V IJKMEDIA: count=5, duration=512
04-02 19:15:02.523 15588 16054 V IJKMEDIA: count=1, duration=1024
04-02 19:15:02.523 15588 16054 V IJKMEDIA: count=1, duration=0
04-02 19:15:02.523 15588 16054 V IJKMEDIA: count=12, duration=512
04-02 19:15:02.523 15588 16054 V IJKMEDIA: count=1, duration=1024
04-02 19:15:02.523 15588 16054 V IJKMEDIA: count=1, duration=0
04-02 19:15:02.523 15588 16054 V IJKMEDIA: count=3, duration=512
04-02 19:15:02.523 15588 16054 V IJKMEDIA: count=1, duration=1024
04-02 19:15:02.523 15588 16054 V IJKMEDIA: count=1, duration=0
04-02 19:15:02.523 15588 16054 V IJKMEDIA: count=1, duration=1536
04-02 19:15:02.523 15588 16054 V IJKMEDIA: count=2, duration=0
04-02 19:15:02.523 15588 16054 V IJKMEDIA: count=1, duration=1024
04-02 19:15:02.523 15588 16054 V IJKMEDIA: count=1, duration=0
04-02 19:15:02.523 15588 16054 V IJKMEDIA: count=1, duration=1024
04-02 19:15:02.523 15588 16054 V IJKMEDIA: count=1, duration=0
04-02 19:15:02.523 15588 16054 V IJKMEDIA: count=1, duration=1024
04-02 19:15:02.523 15588 16054 V IJKMEDIA: count=1, duration=0
04-02 19:15:02.523 15588 16054 V IJKMEDIA: count=1, duration=1024
04-02 19:15:02.523 15588 16054 V IJKMEDIA: count=1, duration=0
04-02 19:15:02.523 15588 16054 V IJKMEDIA: count=1, duration=512
04-02 19:15:02.524 15588 16054 V IJKMEDIA: count=1, duration=1536
04-02 19:15:02.524 15588 16054 V IJKMEDIA: count=1, duration=1536
04-02 19:15:02.524 15588 16054 V IJKMEDIA: count=1, duration=0
04-02 19:15:02.524 15588 16054 I chatty : uid=10618(com.sosomod.freegame) Thread-
72 identical 1 line
04-02 19:15:02.525 15588 16054 V IJKMEDIA: count=1, duration=0
04-02 19:15:02.525 15588 16054 V IJKMEDIA: count=2, duration=0
04-02 19:15:02.528 15588 16054 V IJKMEDIA: count=1, duration=1024
04-02 19:15:02.528 15588 16054 V IJKMEDIA: count=1, duration=0
04-02 19:15:02.528 15588 16054 V IJKMEDIA: count=1, duration=1536
04-02 19:15:02.528 15588 16054 V IJKMEDIA: count=2, duration=0
04-02 19:15:02.528 15588 16054 V IJKMEDIA: count=1, duration=1024
04-02 19:15:02.528 15588 16054 V IJKMEDIA: count=1, duration=0
04-02 19:15:02.528 15588 16054 V IJKMEDIA: count=2, duration=0
04-02 19:15:02.529 15588 16054 V IJKMEDIA: AVIndex stream 0, sample 21, offset
1cc0d, dts 10752, size 776, distance 21, keyframe 0
04-02 19:15:02.532 15588 16054 V IJKMEDIA: AVIndex stream 0, sample 245, offset
115529, dts 125440, size 2434, distance 6, keyframe 0
04-02 19:15:02.535 15588 16054 V IJKMEDIA: AVIndex stream 0, sample 464, offset
1de07e, dts 237568, size 36, distance 108, keyframe 0
04-02 19:15:02.535 15588 16054 V IJKMEDIA: AVIndex stream 0, sample 499, offset
20aa1c, dts 255488, size 1094, distance 29, keyframe 0
04-02 19:15:02.535 15588 16054 V IJKMEDIA: AVIndex stream 0, sample 511, offset
21634f, dts 261632, size 1252, distance 41, keyframe 0
04-02 19:15:02.536 15588 16054 V IJKMEDIA: AVIndex stream 0, sample 577, offset
25e07a, dts 295424, size 3823, distance 107, keyframe 0
04-02 19:15:02.536 15588 16054 V IJKMEDIA: AVIndex stream 0, sample 589, offset
26dcc6, dts 301568, size 1446, distance 119, keyframe 0
04-02 19:15:02.537 15588 16054 V IJKMEDIA: AVIndex stream 0, sample 729, offset
2dd659, dts 373248, size 40, distance 122, keyframe 0
04-02 19:15:02.538 15588 16054 D IJKMEDIA: stts: 4608 ctts: 0, ctts_index: 9,
ctts_count: 750
04-02 19:15:02.538 15588 16054 D IJKMEDIA: stts: 41472 ctts: 0, ctts_index: 81,
ctts_count: 750
04-02 19:15:02.539 15588 16054 D IJKMEDIA: stts: 63488 ctts: 1024, ctts_index: 124,
ctts_count: 750
04-02 19:15:02.539 15588 16054 D IJKMEDIA: stts: 69632 ctts: 1024, ctts_index: 136,
ctts_count: 750
04-02 19:15:02.539 15588 16054 D IJKMEDIA: stts: 75264 ctts: 1024, ctts_index: 147,
ctts_count: 750
04-02 19:15:02.539 15588 16054 D IJKMEDIA: stts: 76288 ctts: 512, ctts_index: 149,
ctts_count: 750
04-02 19:15:02.540 15588 16054 D IJKMEDIA: stts: 78336 ctts: 512, ctts_index: 153,
ctts_count: 750
04-02 19:15:02.540 15588 16054 D IJKMEDIA: stts: 78848 ctts: 1024, ctts_index: 154,
ctts_count: 750
04-02 19:15:02.540 15588 16054 D IJKMEDIA: stts: 79360 ctts: 0, ctts_index: 155,
ctts_count: 750
04-02 19:15:02.540 15588 16054 D IJKMEDIA: stts: 83456 ctts: 0, ctts_index: 163,
ctts_count: 750
04-02 19:15:02.540 15588 16054 D IJKMEDIA: stts: 96768 ctts: 0, ctts_index: 189,
ctts_count: 750
04-02 19:15:02.540 15588 16054 D IJKMEDIA: stts: 100352 ctts: 1024, ctts_index:
196, ctts_count: 750
04-02 19:15:02.540 15588 16054 D IJKMEDIA: stts: 104448 ctts: 0, ctts_index: 204,
ctts_count: 750
04-02 19:15:02.540 15588 16054 D IJKMEDIA: stts: 118784 ctts: 512, ctts_index: 232,
ctts_count: 750
04-02 19:15:02.541 15588 16054 D IJKMEDIA: stts: 148992 ctts: 1024, ctts_index:
291, ctts_count: 750
04-02 19:15:02.541 15588 16054 D IJKMEDIA: stts: 162816 ctts: 1024, ctts_index:
318, ctts_count: 750
04-02 19:15:02.541 15588 16054 D IJKMEDIA: stts: 167424 ctts: 1024, ctts_index:
327, ctts_count: 750
04-02 19:15:02.541 15588 16054 D IJKMEDIA: stts: 168960 ctts: 512, ctts_index: 330,
ctts_count: 750
04-02 19:15:02.541 15588 16054 D IJKMEDIA: stts: 178176 ctts: 512, ctts_index: 348,
ctts_count: 750
04-02 19:15:02.542 15588 16054 D IJKMEDIA: stts: 199168 ctts: 0, ctts_index: 389,
ctts_count: 750
04-02 19:15:02.542 15588 16054 D IJKMEDIA: stts: 204800 ctts: 0, ctts_index: 400,
ctts_count: 750
04-02 19:15:02.542 15588 16054 D IJKMEDIA: stts: 206336 ctts: 512, ctts_index: 403,
ctts_count: 750
04-02 19:15:02.542 15588 16054 D IJKMEDIA: stts: 210944 ctts: 512, ctts_index: 412,
ctts_count: 750
04-02 19:15:02.542 15588 16054 D IJKMEDIA: stts: 212992 ctts: 1024, ctts_index:
416, ctts_count: 750
04-02 19:15:02.542 15588 16054 D IJKMEDIA: stts: 217600 ctts: 0, ctts_index: 425,
ctts_count: 750
04-02 19:15:02.543 15588 16054 D IJKMEDIA: stts: 246272 ctts: 0, ctts_index: 481,
ctts_count: 750
04-02 19:15:02.544 15588 16054 D IJKMEDIA: stts: 276992 ctts: 0, ctts_index: 541,
ctts_count: 750
04-02 19:15:02.544 15588 16054 D IJKMEDIA: stts: 280064 ctts: 0, ctts_index: 547,
ctts_count: 750
04-02 19:15:02.544 15588 16054 D IJKMEDIA: stts: 285696 ctts: 0, ctts_index: 558,
ctts_count: 750
04-02 19:15:02.544 15588 16054 D IJKMEDIA: stts: 314368 ctts: 1536, ctts_index:
614, ctts_count: 750
04-02 19:15:02.545 15588 16054 D IJKMEDIA: stts: 372736 ctts: 0, ctts_index: 728,
ctts_count: 750
04-02 19:15:02.546 15588 16054 D IJKMEDIA: Setting codecpar->delay to 1 for stream
st: 0
04-02 19:15:02.546 15588 16054 V IJKMEDIA: type:'trak' parent:'moov' sz: 5944 8512
14563
04-02 19:15:02.546 15588 16054 V IJKMEDIA: type:'tkhd' parent:'trak' sz: 92 8 5936
04-02 19:15:02.546 15588 16054 V IJKMEDIA: type:'mdia' parent:'trak' sz: 5844 100
5936
04-02 19:15:02.546 15588 16054 V IJKMEDIA: type:'mdhd' parent:'mdia' sz: 32 8 5836
04-02 19:15:02.546 15588 16054 V IJKMEDIA: type:'hdlr' parent:'mdia' sz: 95 40 5836
04-02 19:15:02.546 15588 16054 V IJKMEDIA: ctype=[0][0][0][0]
04-02 19:15:02.546 15588 16054 V IJKMEDIA: stype=soun
04-02 19:15:02.546 15588 16054 V IJKMEDIA: type:'minf' parent:'mdia' sz: 5709 135
5836
04-02 19:15:02.546 15588 16054 V IJKMEDIA: type:'smhd' parent:'minf' sz: 16 5693
5701
04-02 19:15:02.547 15588 16054 V IJKMEDIA: AVIndex stream 1, sample 23, offset
1e6b5, dts 23552, size 372, distance 0, keyframe 1
04-02 19:15:02.547 15588 16054 V IJKMEDIA: AVIndex stream 1, sample 32, offset
1f3ee, dts 32768, size 388, distance 0, keyframe 1
04-02 19:15:02.547 15588 16054 V IJKMEDIA: AVIndex stream 1, sample 46, offset
25653, dts 47104, size 327, distance 0, keyframe 1
04-02 19:15:02.547 15588 16054 V IJKMEDIA: AVIndex stream 1, sample 72, offset
2be9b, dts 73728, size 444, distance 0, keyframe 1
04-02 19:15:02.547 15588 16054 V IJKMEDIA: AVIndex stream 1, sample 81, offset
2cbc0, dts 82944, size 341, distance 0, keyframe 1
04-02 19:15:02.547 15588 16054 V IJKMEDIA: AVIndex stream 1, sample 91, offset
338e8, dts 93184, size 361, distance 0, keyframe 1
04-02 19:15:02.549 15588 16054 V IJKMEDIA: AVIndex stream 1, sample 257, offset
885ea, dts 263168, size 358, distance 0, keyframe 1
04-02 19:15:02.549 15588 16054 V IJKMEDIA: AVIndex stream 1, sample 275, offset
8e7cd, dts 281600, size 372, distance 0, keyframe 1
04-02 19:15:02.549 15588 16054 V IJKMEDIA: AVIndex stream 1, sample 282, offset
8f21c, dts 288768, size 350, distance 0, keyframe 1
04-02 19:15:02.549 15588 16054 V IJKMEDIA: AVIndex stream 1, sample 291, offset
92145, dts 297984, size 361, distance 0, keyframe 1
04-02 19:15:02.550 15588 16054 V IJKMEDIA: AVIndex stream 1, sample 300, offset
92ec7, dts 307200, size 383, distance 0, keyframe 1
04-02 19:15:02.550 15588 16054 V IJKMEDIA: AVIndex stream 1, sample 320, offset
a4222, dts 327680, size 457, distance 0, keyframe 1
04-02 19:15:02.550 15588 16054 V IJKMEDIA: AVIndex stream 1, sample 331, offset
c1fc7, dts 338944, size 362, distance 0, keyframe 1
04-02 19:15:02.550 15588 16054 V IJKMEDIA: AVIndex stream 1, sample 338, offset
c2a57, dts 346112, size 341, distance 0, keyframe 1
04-02 19:15:02.550 15588 16054 V IJKMEDIA: AVIndex stream 1, sample 351, offset
e10a6, dts 359424, size 390, distance 0, keyframe 1
04-02 19:15:02.550 15588 16054 V IJKMEDIA: AVIndex stream 1, sample 373, offset
eab55, dts 381952, size 371, distance 0, keyframe 1
04-02 19:15:02.550 15588 16054 V IJKMEDIA: AVIndex stream 1, sample 383, offset
eba16, dts 392192, size 354, distance 0, keyframe 1
04-02 19:15:02.551 15588 16054 V IJKMEDIA: AVIndex stream 1, sample 390, offset
ff340, dts 399360, size 375, distance 0, keyframe 1
04-02 19:15:02.551 15588 16054 V IJKMEDIA: AVIndex stream 1, sample 403, offset
1006cd, dts 412672, size 468, distance 0, keyframe 1
04-02 19:15:02.551 15588 16054 V IJKMEDIA: AVIndex stream 1, sample 413, offset
117464, dts 422912, size 332, distance 0, keyframe 1
04-02 19:15:02.551 15588 16054 V IJKMEDIA: AVIndex stream 1, sample 420, offset
117df3, dts 430080, size 354, distance 0, keyframe 1
04-02 19:15:02.551 15588 16054 V IJKMEDIA: AVIndex stream 1, sample 441, offset
11f84e, dts 451584, size 359, distance 0, keyframe 1
04-02 19:15:02.551 15588 16054 V IJKMEDIA: AVIndex stream 1, sample 457, offset
1239eb, dts 467968, size 397, distance 0, keyframe 1
04-02 19:15:02.551 15588 16054 V IJKMEDIA: AVIndex stream 1, sample 467, offset
1248c9, dts 478208, size 361, distance 0, keyframe 1
04-02 19:15:02.552 15588 16054 V IJKMEDIA: AVIndex stream 1, sample 504, offset
130b88, dts 516096, size 364, distance 0, keyframe 1
04-02 19:15:02.552 15588 16054 V IJKMEDIA: AVIndex stream 1, sample 519, offset
13cd84, dts 531456, size 379, distance 0, keyframe 1
04-02 19:15:02.552 15588 16054 V IJKMEDIA: AVIndex stream 1, sample 543, offset
1417b1, dts 556032, size 342, distance 0, keyframe 1
04-02 19:15:02.552 15588 16054 V IJKMEDIA: AVIndex stream 1, sample 565, offset
144ced, dts 578560, size 360, distance 0, keyframe 1
04-02 19:15:02.553 15588 16054 V IJKMEDIA: AVIndex stream 1, sample 578, offset
146b80, dts 591872, size 363, distance 0, keyframe 1
04-02 19:15:02.553 15588 16054 V IJKMEDIA: AVIndex stream 1, sample 584, offset
14746c, dts 598016, size 359, distance 0, keyframe 1
04-02 19:15:02.553 15588 16054 V IJKMEDIA: AVIndex stream 1, sample 589, offset
149a4e, dts 603136, size 381, distance 0, keyframe 1
04-02 19:15:02.553 15588 16054 V IJKMEDIA: AVIndex stream 1, sample 600, offset
14aa28, dts 614400, size 381, distance 0, keyframe 1
04-02 19:15:02.553 15588 16054 V IJKMEDIA: AVIndex stream 1, sample 608, offset
14b5ea, dts 622592, size 402, distance 0, keyframe 1
04-02 19:15:02.553 15588 16054 V IJKMEDIA: AVIndex stream 1, sample 638, offset
1575c8, dts 653312, size 354, distance 0, keyframe 1
04-02 19:15:02.553 15588 16054 V IJKMEDIA: AVIndex stream 1, sample 649, offset
15b244, dts 664576, size 369, distance 0, keyframe 1
04-02 19:15:02.553 15588 16054 V IJKMEDIA: AVIndex stream 1, sample 670, offset
15fdc5, dts 686080, size 358, distance 0, keyframe 1
04-02 19:15:02.554 15588 16054 V IJKMEDIA: AVIndex stream 1, sample 679, offset
160b44, dts 695296, size 334, distance 0, keyframe 1
04-02 19:15:02.554 15588 16054 V IJKMEDIA: AVIndex stream 1, sample 694, offset
16d3ec, dts 710656, size 352, distance 0, keyframe 1
04-02 19:15:02.554 15588 16054 V IJKMEDIA: AVIndex stream 1, sample 699, offset
16db5a, dts 715776, size 376, distance 0, keyframe 1
04-02 19:15:02.554 15588 16054 V IJKMEDIA: AVIndex stream 1, sample 708, offset
16e8ae, dts 724992, size 349, distance 0, keyframe 1
04-02 19:15:02.554 15588 16054 V IJKMEDIA: AVIndex stream 1, sample 719, offset
183a90, dts 736256, size 362, distance 0, keyframe 1
04-02 19:15:02.554 15588 16054 V IJKMEDIA: AVIndex stream 1, sample 748, offset
19400d, dts 765952, size 344, distance 0, keyframe 1
04-02 19:15:02.554 15588 16054 V IJKMEDIA: AVIndex stream 1, sample 766, offset
1c1263, dts 784384, size 360, distance 0, keyframe 1
04-02 19:15:02.555 15588 16054 V IJKMEDIA: AVIndex stream 1, sample 781, offset
1dd379, dts 799744, size 364, distance 0, keyframe 1
04-02 19:15:02.555 15588 16054 V IJKMEDIA: AVIndex stream 1, sample 790, offset
1e9fcf, dts 808960, size 359, distance 0, keyframe 1
04-02 19:15:02.555 15588 16054 V IJKMEDIA: AVIndex stream 1, sample 803, offset
1eb2c6, dts 822272, size 369, distance 0, keyframe 1
04-02 19:15:02.555 15588 16054 V IJKMEDIA: AVIndex stream 1, sample 812, offset
1fa323, dts 831488, size 366, distance 0, keyframe 1
04-02 19:15:02.555 15588 16054 V IJKMEDIA: AVIndex stream 1, sample 823, offset
1fb32f, dts 842752, size 360, distance 0, keyframe 1
04-02 19:15:02.555 15588 16054 V IJKMEDIA: AVIndex stream 1, sample 836, offset
20541f, dts 856064, size 465, distance 0, keyframe 1
04-02 19:15:02.555 15588 16054 V IJKMEDIA: AVIndex stream 1, sample 853, offset
20fbc5, dts 873472, size 390, distance 0, keyframe 1
04-02 19:15:02.556 15588 16054 V IJKMEDIA: AVIndex stream 1, sample 892, offset
22665f, dts 913408, size 352, distance 0, keyframe 1
04-02 19:15:02.556 15588 16054 V IJKMEDIA: AVIndex stream 1, sample 894, offset
226933, dts 915456, size 358, distance 0, keyframe 1
04-02 19:15:02.556 15588 16054 V IJKMEDIA: AVIndex stream 1, sample 911, offset
233eab, dts 932864, size 485, distance 0, keyframe 1
04-02 19:15:02.556 15588 16054 V IJKMEDIA: AVIndex stream 1, sample 913, offset
2341da, dts 934912, size 323, distance 0, keyframe 1
04-02 19:15:02.556 15588 16054 V IJKMEDIA: AVIndex stream 1, sample 930, offset
240721, dts 952320, size 362, distance 0, keyframe 1
04-02 19:15:02.556 15588 16054 V IJKMEDIA: AVIndex stream 1, sample 932, offset
240a13, dts 954368, size 344, distance 0, keyframe 1
04-02 19:15:02.556 15588 16054 V IJKMEDIA: AVIndex stream 1, sample 947, offset
241f63, dts 969728, size 361, distance 0, keyframe 1
04-02 19:15:02.556 15588 16054 V IJKMEDIA: AVIndex stream 1, sample 953, offset
24a7cf, dts 975872, size 357, distance 0, keyframe 1
04-02 19:15:02.557 15588 16054 V IJKMEDIA: AVIndex stream 1, sample 966, offset
24b9dc, dts 989184, size 405, distance 0, keyframe 1
04-02 19:15:02.557 15588 16054 V IJKMEDIA: AVIndex stream 1, sample 975, offset
25c69a, dts 998400, size 414, distance 0, keyframe 1
04-02 19:15:02.557 15588 16054 V IJKMEDIA: AVIndex stream 1, sample 986, offset
25d78c, dts 1009664, size 351, distance 0, keyframe 1
04-02 19:15:02.557 15588 16054 V IJKMEDIA: AVIndex stream 1, sample 995, offset
26a38d, dts 1018880, size 361, distance 0, keyframe 1
04-02 19:15:02.557 15588 16054 V IJKMEDIA: AVIndex stream 1, sample 997, offset
26a674, dts 1020928, size 428, distance 0, keyframe 1
04-02 19:15:02.557 15588 16054 V IJKMEDIA: AVIndex stream 1, sample 1014, offset
2786ae, dts 1038336, size 360, distance 0, keyframe 1
04-02 19:15:02.557 15588 16054 V IJKMEDIA: AVIndex stream 1, sample 1016, offset
278975, dts 1040384, size 355, distance 0, keyframe 1
04-02 19:15:02.557 15588 16054 V IJKMEDIA: AVIndex stream 1, sample 1018, offset
278c41, dts 1042432, size 364, distance 0, keyframe 1
04-02 19:15:02.558 15588 16054 V IJKMEDIA: AVIndex stream 1, sample 1053, offset
29f198, dts 1078272, size 433, distance 0, keyframe 1
04-02 19:15:02.558 15588 16054 V IJKMEDIA: AVIndex stream 1, sample 1057, offset
29f7a8, dts 1082368, size 349, distance 0, keyframe 1
04-02 19:15:02.558 15588 16054 V IJKMEDIA: AVIndex stream 1, sample 1074, offset
2a2ec8, dts 1099776, size 363, distance 0, keyframe 1
04-02 19:15:02.558 15588 16054 V IJKMEDIA: AVIndex stream 1, sample 1089, offset
2ab190, dts 1115136, size 423, distance 0, keyframe 1
04-02 19:15:02.558 15588 16054 V IJKMEDIA: AVIndex stream 1, sample 1093, offset
2ab78c, dts 1119232, size 327, distance 0, keyframe 1
04-02 19:15:02.558 15588 16054 V IJKMEDIA: AVIndex stream 1, sample 1115, offset
2b49fc, dts 1141760, size 333, distance 0, keyframe 1
04-02 19:15:02.558 15588 16054 V IJKMEDIA: AVIndex stream 1, sample 1122, offset
2b53d3, dts 1148928, size 360, distance 0, keyframe 1
04-02 19:15:02.558 15588 16054 V IJKMEDIA: AVIndex stream 1, sample 1124, offset
2b56b4, dts 1150976, size 390, distance 0, keyframe 1
04-02 19:15:02.559 15588 16054 V IJKMEDIA: AVIndex stream 1, sample 1162, offset
2c7955, dts 1189888, size 373, distance 0, keyframe 1
04-02 19:15:02.559 15588 16054 V IJKMEDIA: AVIndex stream 1, sample 1179, offset
2d0995, dts 1207296, size 405, distance 0, keyframe 1
04-02 19:15:02.559 15588 16054 V IJKMEDIA: AVIndex stream 1, sample 1181, offset
2d0c6f, dts 1209344, size 343, distance 0, keyframe 1
04-02 19:15:02.559 15588 16054 V IJKMEDIA: AVIndex stream 1, sample 1199, offset
2d5658, dts 1227776, size 464, distance 0, keyframe 1
04-02 19:15:02.559 15588 16054 V IJKMEDIA: AVIndex stream 1, sample 1229, offset
2db4ab, dts 1258496, size 364, distance 0, keyframe 1
04-02 19:15:02.559 15588 16054 V IJKMEDIA: AVIndex stream 1, sample 1231, offset
2db78d, dts 1260544, size 373, distance 0, keyframe 1
04-02 19:15:02.560 15588 16054 V IJKMEDIA: AVIndex stream 1, sample 1249, offset
2e1bbe, dts 1278976, size 354, distance 0, keyframe 1
04-02 19:15:02.560 15588 16054 V IJKMEDIA: AVIndex stream 1, sample 1270, offset
2e455b, dts 1300480, size 417, distance 0, keyframe 1
04-02 19:15:02.560 15588 16054 V IJKMEDIA: AVIndex stream 1, sample 1288, offset
2e5ee4, dts 1318912, size 355, distance 0, keyframe 1
04-02 19:15:02.561 15588 16054 E IJKMEDIA: Option ijkiomanager not found.
