01-01 07:00:01.535 I/StandardCaps( 933): 4.0
01-01 07:00:01.535 I/StandardCaps( 933): 4.1
01-01 07:00:01.535 I/StandardCaps( 933): 5.0
01-01 07:00:01.535 I/StandardCaps( 933): 5.1
01-01 07:00:01.536 I/VendorCaps( 933): RenderFrameRateOutputHelper: min 0 max 120
step 30 default 0
01-01 07:00:01.536 I/VendorCaps( 933): VideoRefreshRateOutputHelper: min 0 max 120
step 1 default 60
01-01 07:00:01.538 I/QC2V4l2Driver( 933): [vp9DSec_0] Closed device driver with
fd: 7
01-01 07:00:01.538 E/QC2V4l2Driver( 933): Invalid device driver fd:-1
01-01 07:00:01.538 I/QC2V4l2Driver( 933): [vp9DSec_0] Closed device driver with
fd: -1
01-01 07:00:01.538 I/QC2Comp ( 933): codec capability queried!
01-01 07:00:01.538 I/QC2CompStore( 933): Added capabilities for
c2.qti.vp9.decoder.secure
01-01 07:00:01.540 I/QC2Registry( 933): Getting stages for pipelined codec
01-01 07:00:01.540 I/QC2V4l2Codec( 933): [mpeg2D_0] output buffer allocation
timeout threshold set to 0ms
01-01 07:00:01.541 I/Zygote ( 801): Called ZygoteHooks.endPreload()
01-01 07:00:01.541 I/QC2Registry( 933): Pipelining enabled
01-01 07:00:01.541 I/QC2Registry( 933): Requested codec is pipelined. Create codec
list
01-01 07:00:01.541 I/QC2Registry( 933): Interface not provided. Enable by deafault
01-01 07:00:01.541 I/QC2Filter( 933): FUNCTION_BEGIN:QC2Filter
01-01 07:00:01.541 I/QC2Filter( 933): FUNCTION_END:QC2Filter TIME=0 ms
01-01 07:00:01.541 I/QC2BlackBarFilter( 933): FUNCTION_BEGIN:QC2BlackBarFilter
01-01 07:00:01.541 I/QC2BlackBarFilter( 933): FUNCTION_END:QC2BlackBarFilter
TIME=0 ms
01-01 07:00:01.541 I/QC2Registry( 933): Created 1 codecs for pipelined codec
c2.qti.mpeg2.decoder
01-01 07:00:01.541 I/QC2PipelineCodec( 933): ctor: logmask=0x0 pvtlogmask=0x0
01-01 07:00:01.541 I/QC2PipelineCodec( 933): QC2PipelinedDecoder ctor
01-01 07:00:01.541 I/QC2PipelineCodec( 933): Created pipelined codec
01-01 07:00:01.541 I/QC2Registry( 933): Created pipelined Codec for
c2.qti.mpeg2.decoder
01-01 07:00:01.541 I/QC2PipelineCodec( 933): init: begin
01-01 07:00:01.541 I/QC2PipelineCodec( 933): initializeConfiguration for decoder
01-01 07:00:01.541 I/QC2PipelinedEntity( 933): [c2.qti.mpeg2.decoder_0]
pipelineid=100 QC2PipelinedEntity
01-01 07:00:01.541 I/QC2PipelinedEntity( 933): [c2.qti.BlackBar.filter_0]
pipelineid=101 QC2PipelinedEntity
01-01 07:00:01.541 E/QC2PipelineCodec( 933): [c2.qti.mpeg2.decoder_0] Init
pipelineid=100
01-01 07:00:01.541 I/QC2PipelinedEntity( 933): [c2.qti.mpeg2.decoder_0]
pipelineid=100 instantiation succeeded
01-01 07:00:01.541 I/Zygote ( 801): Installed AndroidKeyStoreProvider in 1ms.
01-01 07:00:01.541 I/QC2V4l2Driver( 933): [mpeg2D_0] Device /dev/video32 opened
with fd: 7
01-01 07:00:01.543 E/QC2PipelineCodec( 933): [c2.qti.mpeg2.decoder_0] Init
pipelineid=100 status=0
01-01 07:00:01.543 E/QC2PipelineCodec( 933): [c2.qti.BlackBar.filter_0] Init
pipelineid=101
01-01 07:00:01.543 I/QC2PipelinedEntity( 933): [c2.qti.BlackBar.filter_0]
pipelineid=101 instantiation succeeded
01-01 07:00:01.543 I/QC2Filter( 933): FUNCTION_BEGIN:init
01-01 07:00:01.543 I/QC2Filter( 933): FUNCTION_BEGIN:handleInit
01-01 07:00:01.543 I/QC2BlackBarFilter( 933):
FUNCTION_BEGIN:setFilterOperatingMode
01-01 07:00:01.543 I/QC2BlackBarFilter( 933): FUNCTION_END:setFilterOperatingMode
TIME=0 ms
01-01 07:00:01.543 I/QC2BlackBarFilter( 933): FUNCTION_BEGIN:onInit
01-01 07:00:01.543 I/QC2BlackBarFilter( 933): mCodecName is c2.qti.BlackBar.filter
session id is 0
01-01 07:00:01.543 I/QC2BlackBarFilter( 933): mInputMime is c2.qti.mpeg2.decoder,
mOutputMime is
01-01 07:00:01.544 I/QC2-SIMPLE-BLACKBAR( 933): SimpleBlackBar ctor !
01-01 07:00:01.544 I/QC2BlackBarFilter( 933): FUNCTION_END:onInit TIME=0 ms
01-01 07:00:01.544 I/QC2Filter( 933): FUNCTION_END:handleInit TIME=0 ms
01-01 07:00:01.544 I/QC2Filter( 933): FUNCTION_END:init TIME=0 ms
01-01 07:00:01.544 E/QC2PipelineCodec( 933): [c2.qti.BlackBar.filter_0] Init
pipelineid=101 status=0
01-01 07:00:01.544 I/QC2PipelineCodec( 933): getCapsHelpers internal
01-01 07:00:01.544 I/QC2PipelineCodec( 933): getCapsHelpersInternal:
piplinedcodecs size=2
01-01 07:00:01.544 I/StandardCaps( 933): PixelFormatOutputHelper:
01-01 07:00:01.544 I/StandardCaps( 933): VENUS_NV12
01-01 07:00:01.544 I/StandardCaps( 933): VENUS_NV12_UBWC
01-01 07:00:01.544 I/StandardCaps( 933): VENUS_TP10
01-01 07:00:01.544 I/Zygote ( 801): Warmed up JCA providers in 2ms.
01-01 07:00:01.544 I/Zygote ( 801): !@Boot: End of preload()
01-01 07:00:01.544 I/StandardCaps( 933): VENUS_P010
01-01 07:00:01.544 D/Zygote ( 801): end preload
01-01 07:00:01.544 I/Zygote ( 801): !@Boot_EBS_F: boot_progress_preload_end
01-01 07:00:01.544 D/Zygote64Timing( 801): ZygotePreload took to complete: 888ms
01-01 07:00:01.544 I/StandardCaps( 933): PictureSizeOutputHelper: min [96 96] max
[1920 1920] default [96 96]
01-01 07:00:01.544 I/StandardCaps( 933): PictureSizeInputHelper: min [96 96] max
[1920 1920] default [96 96]
01-01 07:00:01.544 I/StandardCaps( 933): MaxPictureSizeOutputHelper: min [96 96]
max [1920 1920] default [96 96]
01-01 07:00:01.544 I/StandardCaps( 933): FrameRateInputHelper: min 1 max 960 step
0 default 30
01-01 07:00:01.545 I/StandardCaps( 933): OperatingRateHelper: min 30, max 32767,
step 0, default 30
01-01 07:00:01.545 I/StandardCaps( 933): ProfileLevelInputHelper: Profiles
01-01 07:00:01.545 I/StandardCaps( 933): MPEG2_SP
01-01 07:00:01.545 I/StandardCaps( 933): MPEG2_MAIN
01-01 07:00:01.545 I/StandardCaps( 933): ProfileLevelInputHelper: Levels
01-01 07:00:01.545 I/StandardCaps( 933): LL
01-01 07:00:01.545 I/StandardCaps( 933): ML
01-01 07:00:01.545 I/StandardCaps( 933): HL
01-01 07:00:01.546 I/VendorCaps( 933): RenderFrameRateOutputHelper: min 0 max 120
step 30 default 0
01-01 07:00:01.546 I/VendorCaps( 933): VideoRefreshRateOutputHelper: min 0 max 120
step 1 default 60
01-01 07:00:01.547 I/QC2Filter( 933): FUNCTION_BEGIN:getCapsHelpers
01-01 07:00:01.547 I/QC2BlackBarFilter( 933): FUNCTION_BEGIN:onGetCapsHelpers
01-01 07:00:01.547 I/QC2BlackBarFilter( 933): FUNCTION_END:onGetCapsHelpers TIME=0
ms
01-01 07:00:01.547 I/QC2Filter( 933): FUNCTION_END:getCapsHelpers TIME=0 ms
01-01 07:00:01.547 I/QC2PipelineCodec( 933): capshelpers vectorId 0 inputDelay=0
01-01 07:00:01.547 I/QC2PipelinedEntity( 933): [c2.qti.mpeg2.decoder_0]
pipelineid=100 inputDelay=0
01-01 07:00:01.547 I/QC2PipelineCodec( 933): capshelpers vectorId 0 outputDelay=18
01-01 07:00:01.547 I/QC2PipelinedEntity( 933): [c2.qti.mpeg2.decoder_0]
pipelineid=100 outputDelay=18
01-01 07:00:01.547 I/QC2PipelineCodec( 933): capshelpers vectorId 1 inputDelay=1
01-01 07:00:01.547 I/QC2PipelinedEntity( 933): [c2.qti.BlackBar.filter_0]
pipelineid=101 inputDelay=1
01-01 07:00:01.547 I/QC2PipelineCodec( 933): capshelpers vectorId 1 outputDelay=10
01-01 07:00:01.547 I/QC2PipelinedEntity( 933): [c2.qti.BlackBar.filter_0]
pipelineid=101 outputDelay=10
01-01 07:00:01.547 I/QC2PipelineCodec( 933): computeDelays
01-01 07:00:01.547 I/QC2PipelinedEntity( 933): pipelineid=100 extraAllocation=2
set maxOutputBuffers=21
01-01 07:00:01.547 I/QC2PipelinedEntity( 933): pipelineid=101 extraAllocation=2
set maxOutputBuffers=12
01-01 07:00:01.547 I/QC2PipelineCodec( 933): ComputeDelay: iDelay=0 pDelay=0
oDelay=33
01-01 07:00:01.547 I/QC2PipelineCodec( 933): TotalInputDelay=0 (0)
totalOutputDelay=33 (33)
01-01 07:00:01.547 I/QC2PipelineCodec( 933): ActualOutputDelayHelper value=33
01-01 07:00:01.548 I/QC2PipelineCodec( 933): Resolve conflict 60000825
[algo.secure-mode]
01-01 07:00:01.548 I/QC2PipelineCodec( 933): Resolve conflict 4000080e
[input.delay]
01-01 07:00:01.548 I/QC2PipelineCodec( 933): Dont merge
delay/size/format/framerate params
01-01 07:00:01.548 I/QC2PipelineCodec( 933): Resolve conflict 9001080c
[output.media-type]
01-01 07:00:01.548 I/QC2PipelineCodec( 933): Resolve conflict 5000080e
[output.delay]
01-01 07:00:01.548 I/QC2PipelineCodec( 933): Dont merge
delay/size/format/framerate params
01-01 07:00:01.548 I/QC2PipelineCodec( 933): Resolve conflict a0000804
[component.kind]
01-01 07:00:01.548 I/QC2PipelineCodec( 933): Resolve conflict 8001080c
[input.media-type]
01-01 07:00:01.548 I/QC2PipelineCodec( 933): Resolve conflict a0000805
[component.domain]
01-01 07:00:01.548 I/QC2PipelineCodec( 933): capsHelper add param=a0009002
01-01 07:00:01.548 I/QC2PipelineCodec( 933): capsHelper add param=9200c047
01-01 07:00:01.548 I/QC2PipelineCodec( 933): capsHelper add param=d200c03f
01-01 07:00:01.548 I/QC2PipelineCodec( 933): capsHelper add param=a0009000
01-01 07:00:01.548 I/QC2PipelineCodec( 933): capsHelper add param=9200c036
01-01 07:00:01.548 I/QC2PipelineCodec( 933): capsHelper add param=d200c00e
01-01 07:00:01.548 I/QC2PipelineCodec( 933): capsHelper add param=8200c042
01-01 07:00:01.548 I/QC2PipelineCodec( 933): capsHelper add param=d200c000
01-01 07:00:01.548 I/QC2PipelineCodec( 933): capsHelper add param=d201c00d
01-01 07:00:01.548 I/QC2PipelineCodec( 933): capsHelper add param=d200c00b
01-01 07:00:01.548 I/QC2PipelineCodec( 933): capsHelper add param=d200c034
01-01 07:00:01.548 I/QC2PipelineCodec( 933): capsHelper add param=d200c013
01-01 07:00:01.548 I/QC2PipelineCodec( 933): capsHelper add param=d2009001
01-01 07:00:01.548 I/QC2PipelineCodec( 933): capsHelper add param=d200c04a
01-01 07:00:01.548 I/QC2PipelineCodec( 933): capsHelper add param=d200c01b
01-01 07:00:01.548 I/QC2PipelineCodec( 933): isParamPipelineOwned 5000080e true
01-01 07:00:01.548 I/QC2PipelineCodec( 933): capsHelper skip param 5000080e
01-01 07:00:01.548 I/QC2PipelineCodec( 933): isParamPipelineOwned 4000080e true
01-01 07:00:01.548 I/QC2PipelineCodec( 933): capsHelper skip param 4000080e
01-01 07:00:01.548 I/QC2PipelineCodec( 933): capsHelper add param=c2000808
01-01 07:00:01.548 I/QC2PipelineCodec( 933): capsHelper add param=92008001
01-01 07:00:01.548 I/QC2PipelineCodec( 933): capsHelper add param=60000824
01-01 07:00:01.548 I/QC2PipelineCodec( 933): capsHelper add param=d2008002
01-01 07:00:01.548 I/QC2PipelineCodec( 933): capsHelper add param=c2001809
01-01 07:00:01.549 I/QC2PipelineCodec( 933): capsHelper add param=a0000801
01-01 07:00:01.549 I/QC2PipelineCodec( 933): capsHelper add param=60000823
01-01 07:00:01.549 I/QC2PipelineCodec( 933): capsHelper add param=c2002000
01-01 07:00:01.549 I/QC2PipelineCodec( 933): capsHelper add param=d2001809
01-01 07:00:01.549 I/QC2PipelineCodec( 933): capsHelper add param=d200c006
01-01 07:00:01.549 I/QC2PipelineCodec( 933): capsHelper add param=52002003
01-01 07:00:01.549 I/QC2PipelineCodec( 933): capsHelper add param=9001080c
01-01 07:00:01.549 I/QC2PipelineCodec( 933): capsHelper add param=5200c012
01-01 07:00:01.549 I/QC2PipelineCodec( 933): capsHelper add param=8001080c
01-01 07:00:01.549 I/QC2PipelineCodec( 933): capsHelper add param=d2001800
01-01 07:00:01.549 I/QC2PipelineCodec( 933): capsHelper add param=9200081b
01-01 07:00:01.549 I/QC2PipelineCodec( 933): capsHelper add param=8200c035
01-01 07:00:01.549 I/QC2PipelineCodec( 933): capsHelper add param=60000825
01-01 07:00:01.549 I/QC2PipelineCodec( 933): capsHelper add param=5200180b
01-01 07:00:01.549 I/QC2PipelineCodec( 933): capsHelper add param=d200180a
01-01 07:00:01.549 I/QC2PipelineCodec( 933): capsHelper add param=d200c007
01-01 07:00:01.549 I/QC2PipelineCodec( 933): capsHelper add param=d200c00c
01-01 07:00:01.549 I/QC2PipelineCodec( 933): capsHelper add param=c2001800
01-01 07:00:01.549 I/QC2PipelineCodec( 933): capsHelper add param=8200081b
01-01 07:00:01.549 I/QC2PipelineCodec( 933): capsHelper add param=a0000805
01-01 07:00:01.549 I/QC2PipelineCodec( 933): capsHelper add param=9200c046
01-01 07:00:01.549 I/QC2PipelineCodec( 933): capsHelper add param=5001081a
01-01 07:00:01.549 I/QC2PipelineCodec( 933): capsHelper add param=d2001802
01-01 07:00:01.549 I/QC2PipelineCodec( 933): capsHelper add param=c200081e
01-01 07:00:01.549 I/QC2PipelineCodec( 933): capsHelper add param=a0000804
01-01 07:00:01.549 I/QC2PipelineCodec( 933): computeDelays
01-01 07:00:01.549 I/QC2PipelinedEntity( 933): pipelineid=100 extraAllocation=2
set maxOutputBuffers=21
01-01 07:00:01.549 I/QC2PipelinedEntity( 933): pipelineid=101 extraAllocation=2
set maxOutputBuffers=12
01-01 07:00:01.549 I/QC2PipelineCodec( 933): ComputeDelay: iDelay=0 pDelay=0
oDelay=33
01-01 07:00:01.549 I/QC2PipelineCodec( 933): Delays initialized iDelay=0 pDelay=0
oDelay=33
01-01 07:00:01.549 I/QC2PipelineCodec( 933): init: end; processing-time=8 ms
01-01 07:00:01.550 I/QC2Registry( 933): Initialized pipelined Codec for
c2.qti.mpeg2.decoder
01-01 07:00:01.550 I/QC2PipelineCodec( 933): getCapsHelpersInternal:
piplinedcodecs size=2
01-01 07:00:01.550 I/StandardCaps( 933): PixelFormatOutputHelper:
01-01 07:00:01.550 I/StandardCaps( 933): VENUS_NV12
01-01 07:00:01.550 I/StandardCaps( 933): VENUS_NV12_UBWC
01-01 07:00:01.550 I/StandardCaps( 933): VENUS_TP10
01-01 07:00:01.550 I/StandardCaps( 933): VENUS_P010
01-01 07:00:01.550 I/StandardCaps( 933): PictureSizeOutputHelper: min [96 96] max
[1920 1920] default [96 96]
01-01 07:00:01.550 I/StandardCaps( 933): PictureSizeInputHelper: min [96 96] max
[1920 1920] default [96 96]
01-01 07:00:01.550 I/StandardCaps( 933): MaxPictureSizeOutputHelper: min [96 96]
max [1920 1920] default [96 96]
01-01 07:00:01.550 I/StandardCaps( 933): FrameRateInputHelper: min 1 max 960 step
0 default 30
01-01 07:00:01.550 I/StandardCaps( 933): OperatingRateHelper: min 30, max 32767,
step 0, default 30
01-01 07:00:01.550 I/StandardCaps( 933): ProfileLevelInputHelper: Profiles
01-01 07:00:01.550 I/StandardCaps( 933): MPEG2_SP
01-01 07:00:01.550 I/StandardCaps( 933): MPEG2_MAIN
01-01 07:00:01.550 I/StandardCaps( 933): ProfileLevelInputHelper: Levels
01-01 07:00:01.550 I/StandardCaps( 933): LL
01-01 07:00:01.550 I/StandardCaps( 933): ML
01-01 07:00:01.550 I/StandardCaps( 933): HL
01-01 07:00:01.551 I/VendorCaps( 933): RenderFrameRateOutputHelper: min 0 max 120
step 30 default 0
01-01 07:00:01.551 I/VendorCaps( 933): VideoRefreshRateOutputHelper: min 0 max 120
step 1 default 60
01-01 07:00:01.552 I/QC2Filter( 933): FUNCTION_BEGIN:getCapsHelpers
01-01 07:00:01.552 I/QC2BlackBarFilter( 933): FUNCTION_BEGIN:onGetCapsHelpers
01-01 07:00:01.552 I/QC2BlackBarFilter( 933): FUNCTION_END:onGetCapsHelpers TIME=0
ms
01-01 07:00:01.552 I/QC2Filter( 933): FUNCTION_END:getCapsHelpers TIME=0 ms
01-01 07:00:01.552 I/QC2PipelineCodec( 933): capshelpers vectorId 0 inputDelay=0
01-01 07:00:01.552 I/QC2PipelinedEntity( 933): [c2.qti.mpeg2.decoder_0]
pipelineid=100 inputDelay=0
01-01 07:00:01.552 I/QC2PipelineCodec( 933): capshelpers vectorId 0 outputDelay=18
01-01 07:00:01.552 I/QC2PipelinedEntity( 933): [c2.qti.mpeg2.decoder_0]
pipelineid=100 outputDelay=18
01-01 07:00:01.552 I/QC2PipelineCodec( 933): capshelpers vectorId 1 inputDelay=1
01-01 07:00:01.552 I/QC2PipelinedEntity( 933): [c2.qti.BlackBar.filter_0]
pipelineid=101 inputDelay=1
01-01 07:00:01.552 I/QC2PipelineCodec( 933): capshelpers vectorId 1 outputDelay=10
01-01 07:00:01.552 I/QC2PipelinedEntity( 933): [c2.qti.BlackBar.filter_0]
pipelineid=101 outputDelay=10
01-01 07:00:01.552 I/QC2PipelineCodec( 933): computeDelays
01-01 07:00:01.552 I/QC2PipelinedEntity( 933): pipelineid=100 extraAllocation=2
set maxOutputBuffers=21
01-01 07:00:01.552 I/QC2PipelinedEntity( 933): pipelineid=101 extraAllocation=2
set maxOutputBuffers=12
01-01 07:00:01.552 I/QC2PipelineCodec( 933): ComputeDelay: iDelay=0 pDelay=0
oDelay=33
01-01 07:00:01.552 I/QC2PipelineCodec( 933): TotalInputDelay=0 (0)
totalOutputDelay=33 (33)
01-01 07:00:01.552 I/QC2PipelineCodec( 933): ActualOutputDelayHelper value=33
01-01 07:00:01.553 I/QC2PipelineCodec( 933): Resolve conflict 60000825
[algo.secure-mode]
01-01 07:00:01.553 I/QC2PipelineCodec( 933): Resolve conflict 4000080e
[input.delay]
01-01 07:00:01.553 I/QC2PipelineCodec( 933): Dont merge
delay/size/format/framerate params
01-01 07:00:01.553 I/QC2PipelineCodec( 933): Resolve conflict 9001080c
[output.media-type]
01-01 07:00:01.553 I/QC2PipelineCodec( 933): Resolve conflict 5000080e
[output.delay]
01-01 07:00:01.553 I/QC2PipelineCodec( 933): Dont merge
delay/size/format/framerate params
01-01 07:00:01.553 I/QC2PipelineCodec( 933): Resolve conflict a0000804
[component.kind]
01-01 07:00:01.553 I/QC2PipelineCodec( 933): Resolve conflict 8001080c
[input.media-type]
01-01 07:00:01.553 I/QC2PipelineCodec( 933): Resolve conflict a0000805
[component.domain]
01-01 07:00:01.553 I/QC2PipelineCodec( 933): capsHelper add param=a0009002
01-01 07:00:01.553 I/QC2PipelineCodec( 933): capsHelper add param=9200c047
01-01 07:00:01.553 I/QC2PipelineCodec( 933): capsHelper add param=d200c03f
01-01 07:00:01.553 I/QC2PipelineCodec( 933): capsHelper add param=a0009000
01-01 07:00:01.553 I/QC2PipelineCodec( 933): capsHelper add param=9200c036
01-01 07:00:01.553 I/QC2PipelineCodec( 933): capsHelper add param=d200c00e
01-01 07:00:01.553 I/QC2PipelineCodec( 933): capsHelper add param=8200c042
01-01 07:00:01.553 I/QC2PipelineCodec( 933): capsHelper add param=d200c000
01-01 07:00:01.553 I/QC2PipelineCodec( 933): capsHelper add param=d201c00d
01-01 07:00:01.553 I/QC2PipelineCodec( 933): capsHelper add param=d200c00b
01-01 07:00:01.553 I/QC2PipelineCodec( 933): capsHelper add param=d200c034
01-01 07:00:01.553 I/QC2PipelineCodec( 933): capsHelper add param=d200c013
01-01 07:00:01.553 I/QC2PipelineCodec( 933): capsHelper add param=d2009001
01-01 07:00:01.553 I/QC2PipelineCodec( 933): capsHelper add param=d200c04a
01-01 07:00:01.553 I/QC2PipelineCodec( 933): capsHelper add param=d200c01b
01-01 07:00:01.553 I/QC2PipelineCodec( 933): isParamPipelineOwned 5000080e true
01-01 07:00:01.553 I/QC2PipelineCodec( 933): capsHelper skip param 5000080e
01-01 07:00:01.553 I/QC2PipelineCodec( 933): isParamPipelineOwned 4000080e true
01-01 07:00:01.553 I/QC2PipelineCodec( 933): capsHelper skip param 4000080e
01-01 07:00:01.553 I/QC2PipelineCodec( 933): capsHelper add param=c2000808
01-01 07:00:01.553 I/QC2PipelineCodec( 933): capsHelper add param=92008001
01-01 07:00:01.553 I/QC2PipelineCodec( 933): capsHelper add param=60000824
01-01 07:00:01.553 I/QC2PipelineCodec( 933): capsHelper add param=d2008002
01-01 07:00:01.553 I/QC2PipelineCodec( 933): capsHelper add param=c2001809
01-01 07:00:01.553 I/QC2PipelineCodec( 933): capsHelper add param=a0000801
01-01 07:00:01.553 I/QC2PipelineCodec( 933): capsHelper add param=60000823
01-01 07:00:01.553 I/QC2PipelineCodec( 933): capsHelper add param=c2002000
01-01 07:00:01.553 I/QC2PipelineCodec( 933): capsHelper add param=d2001809
01-01 07:00:01.553 I/QC2PipelineCodec( 933): capsHelper add param=d200c006
01-01 07:00:01.553 I/QC2PipelineCodec( 933): capsHelper add param=52002003
01-01 07:00:01.553 I/QC2PipelineCodec( 933): capsHelper add param=9001080c
01-01 07:00:01.553 I/QC2PipelineCodec( 933): capsHelper add param=5200c012
01-01 07:00:01.553 I/QC2PipelineCodec( 933): capsHelper add param=8001080c
01-01 07:00:01.553 I/QC2PipelineCodec( 933): capsHelper add param=d2001800
01-01 07:00:01.553 I/QC2PipelineCodec( 933): capsHelper add param=9200081b
01-01 07:00:01.553 I/QC2PipelineCodec( 933): capsHelper add param=8200c035
01-01 07:00:01.553 I/QC2PipelineCodec( 933): capsHelper add param=60000825
01-01 07:00:01.553 I/QC2PipelineCodec( 933): capsHelper add param=5200180b
01-01 07:00:01.553 I/QC2PipelineCodec( 933): capsHelper add param=d200180a
01-01 07:00:01.553 I/QC2PipelineCodec( 933): capsHelper add param=d200c007
01-01 07:00:01.553 I/QC2PipelineCodec( 933): capsHelper add param=d200c00c
01-01 07:00:01.553 I/QC2PipelineCodec( 933): capsHelper add param=c2001800
01-01 07:00:01.553 I/QC2PipelineCodec( 933): capsHelper add param=8200081b
01-01 07:00:01.553 I/QC2PipelineCodec( 933): capsHelper add param=a0000805
01-01 07:00:01.553 I/QC2PipelineCodec( 933): capsHelper add param=9200c046
01-01 07:00:01.553 I/QC2PipelineCodec( 933): capsHelper add param=5001081a
01-01 07:00:01.553 I/QC2PipelineCodec( 933): capsHelper add param=d2001802
01-01 07:00:01.553 I/QC2PipelineCodec( 933): capsHelper add param=c200081e
01-01 07:00:01.553 I/QC2PipelineCodec( 933): capsHelper add param=a0000804
01-01 07:00:01.554 I/QC2PipelineCodec( 933): release: begin
01-01 07:00:01.554 I/QC2PipelinedEntity( 933): [c2.qti.mpeg2.decoder_0]
pipelinedid=100 release
01-01 07:00:01.555 I/QC2V4l2Driver( 933): [mpeg2D_0] Closed device driver with fd:
7
01-01 07:00:01.555 I/QC2PipelinedEntity( 933): [c2.qti.BlackBar.filter_0]
pipelinedid=101 release
01-01 07:00:01.555 I/QC2Filter( 933): FUNCTION_BEGIN:release
01-01 07:00:01.555 I/QC2Filter( 933): FUNCTION_END:release TIME=0 ms
01-01 07:00:01.555 I/QC2PipelinedEntity( 933): pipelineid=101 ~QC2PipelinedEntity
01-01 07:00:01.555 I/QC2PipelinedEntity( 933): pipelineid=100 ~QC2PipelinedEntity
01-01 07:00:01.555 I/QC2PipelineCodec( 933): release: end; processing-time=1 ms
01-01 07:00:01.555 I/QC2PipelineCodec( 933): QC2PipelinedDecoder dtor
01-01 07:00:01.556 I/QC2BlackBarFilter( 933): FUNCTION_BEGIN:~QC2BlackBarFilter
01-01 07:00:01.556 I/QC2BlackBarFilter( 933): FUNCTION_END:~QC2BlackBarFilter
TIME=0 ms
01-01 07:00:01.556 I/QC2-SIMPLE-BLACKBAR( 933): SimpleBlackBar dtor exit
01-01 07:00:01.556 I/QC2Filter( 933): FUNCTION_BEGIN:~QC2Filter
01-01 07:00:01.556 I/QC2Filter( 933): FUNCTION_BEGIN:release
01-01 07:00:01.556 I/QC2Filter( 933): FUNCTION_END:release TIME=0 ms
01-01 07:00:01.556 I/QC2Filter( 933): FUNCTION_END:~QC2Filter TIME=0 ms
01-01 07:00:01.556 E/QC2V4l2Driver( 933): Invalid device driver fd:-1
01-01 07:00:01.556 I/QC2V4l2Driver( 933): [mpeg2D_0] Closed device driver with fd:
-1
01-01 07:00:01.556 I/QC2Comp ( 933): codec capability queried!
01-01 07:00:01.556 I/QC2CompStore( 933): Added capabilities for
c2.qti.mpeg2.decoder
01-01 07:00:01.559 I/zygote64( 801): Explicit concurrent copying GC freed
31407(1696KB) AllocSpace objects, 0(0B) LOS objects, 54% free, 5047KB/10MB, paused
31us total 14.417ms
01-01 07:00:01.560 I/QC2Registry( 933): Getting stages for pipelined codec
01-01 07:00:01.560 I/QC2Registry( 933): Pipelining enabled
01-01 07:00:01.560 I/QC2Registry( 933): Doesn't support pipelining. Create
standalone codec
01-01 07:00:01.560 I/QC2Registry( 933): Return standalone codec caps for
c2.qti.avc.encoder
01-01 07:00:01.560 I/QC2V4l2Driver( 933): [avcE_0] Device /dev/video33 opened with
fd: 7
01-01 07:00:01.561 E/QC2V4l2Driver( 933): [avcE_0] failed to set buffer size limit
to 4
01-01 07:00:01.562 E/QC2V4l2Caps( 933): c2 format not found for v4l2 format
0x34363248
01-01 07:00:01.562 E/QC2V4l2Caps( 933): c2 format not found for v4l2 format
0x43564548
01-01 07:00:01.562 E/QC2V4l2Caps( 933): c2 format not found for v4l2 format
0x3832314e
01-01 07:00:01.562 E/QC2V4l2Caps( 933): c2 format not found for v4l2 format
0x32313551
01-01 07:00:01.562 I/StandardCaps( 933): PixelFormatInputHelper:
01-01 07:00:01.562 I/StandardCaps( 933): VENUS_NV12
01-01 07:00:01.562 I/StandardCaps( 933): VENUS_NV12_UBWC
01-01 07:00:01.562 I/StandardCaps( 933): VENUS_NV21
01-01 07:00:01.562 I/StandardCaps( 933): VENUS_TP10
01-01 07:00:01.562 I/StandardCaps( 933): VENUS_P010
01-01 07:00:01.562 I/StandardCaps( 933): RGBA8888_UBWC
01-01 07:00:01.562 I/StandardCaps( 933): PictureSizeOutputHelper: min [128 128]
max [4096 4096] default [128 128]
01-01 07:00:01.562 I/StandardCaps( 933): PictureSizeInputHelper: min [128 128] max
[4096 4096] default [128 128]
01-01 07:00:01.562 I/StandardCaps( 933): FrameRateOutputHelper: min 1 max 960 step
0 default 30
01-01 07:00:01.562 I/StandardCaps( 933): OperatingRateHelper: min 30, max 32767,
step 0, default 30
01-01 07:00:01.563 I/StandardCaps( 933): ProfileLevelOutputHelper: Profiles
01-01 07:00:01.563 I/StandardCaps( 933): AVC_BP
01-01 07:00:01.563 I/StandardCaps( 933): AVC_CBP
01-01 07:00:01.563 I/StandardCaps( 933): AVC_MP
01-01 07:00:01.563 I/StandardCaps( 933): AVC_HP
01-01 07:00:01.563 I/StandardCaps( 933): AVC_CHP
01-01 07:00:01.563 I/StandardCaps( 933): ProfileLevelOutputHelper: Levels
01-01 07:00:01.563 I/StandardCaps( 933): 1.0
01-01 07:00:01.563 I/StandardCaps( 933): 1B
01-01 07:00:01.563 I/StandardCaps( 933): 1.1
01-01 07:00:01.563 I/StandardCaps( 933): 1.2
01-01 07:00:01.563 I/StandardCaps( 933): 1.3
01-01 07:00:01.563 I/StandardCaps( 933): 2.0
01-01 07:00:01.563 I/StandardCaps( 933): 2.1
01-01 07:00:01.563 I/StandardCaps( 933): 2.2
01-01 07:00:01.563 I/StandardCaps( 933): 3.0
01-01 07:00:01.563 I/StandardCaps( 933): 3.1
01-01 07:00:01.563 I/StandardCaps( 933): 3.2
01-01 07:00:01.563 I/StandardCaps( 933): 4.0
01-01 07:00:01.563 I/StandardCaps( 933): 4.1
01-01 07:00:01.563 I/StandardCaps( 933): 4.2
01-01 07:00:01.563 I/StandardCaps( 933): 5.0
01-01 07:00:01.563 I/StandardCaps( 933): 5.1
01-01 07:00:01.563 I/StandardCaps( 933): 5.2
01-01 07:00:01.564 I/StandardCaps( 933): BitRateModeHelper: modes
01-01 07:00:01.564 I/StandardCaps( 933): VBR_CFR
01-01 07:00:01.564 I/StandardCaps( 933): CBR_CFR
01-01 07:00:01.564 I/StandardCaps( 933): CBR_VFR
01-01 07:00:01.564 I/StandardCaps( 933): MBR_CFR
01-01 07:00:01.564 I/StandardCaps( 933): MBR_VFR
01-01 07:00:01.564 I/StandardCaps( 933): CQ
01-01 07:00:01.564 W/QC2V4l2Caps( 933): Param: 0x5200c019, c2 cap not found for
v4l2 cap v4l2::CBR_CFR
01-01 07:00:01.564 W/QC2V4l2Caps( 933): Param: 0x5200c019, c2 cap not found for
v4l2 cap v4l2::CQ
01-01 07:00:01.564 I/VendorCaps( 933): BitRateModeExtHelper: modes
01-01 07:00:01.564 I/VendorCaps( 933): LEGACY_VBR_VFR
01-01 07:00:01.564 I/VendorCaps( 933): LEGACY_CBR_VFR
01-01 07:00:01.564 I/VendorCaps( 933): MBR_CFR
01-01 07:00:01.564 I/VendorCaps( 933): MBR_VFR
01-01 07:00:01.564 I/VendorCaps( 933): RC_OFF
01-01 07:00:01.564 I/VendorCaps( 933): EXT_RC_NOT_SET
01-01 07:00:01.564 I/StandardCaps( 933): BitrateHelper: min 1 max 100000000 step 1
default 20000000
01-01 07:00:01.564 I/VendorCaps( 933): RotationInputHelper: min 0 max 270 step 90
default 0
01-01 07:00:01.565 I/VendorCaps( 933): SliceSizeByteModeHelper: min 512 max
150000000 step 1 default 512
01-01 07:00:01.565 I/VendorCaps( 933): SliceSizeMBModeHelper: min 1 max 36864 step
1 default 1
01-01 07:00:01.565 I/VendorCaps( 933): VBVDelayHelper: min 0 max 1000 step 500
default 0
01-01 07:00:01.565 I/VendorCaps( 933): LTRCountHelper: min 0 max 2 step 1 default
0
01-01 07:00:01.565 I/VendorCaps( 933): UseLTRRequestHelper: min 0 max 0x3ff step
0x1 default 0
01-01 07:00:01.565 I/VendorCaps( 933): MarkLTRRequestHelper: min 0 max 9 step 1
default 0
01-01 07:00:01.565 I/VendorCaps( 933): DownScalarSettingHelper: min [128 4096] max
[128 4096] default [4294967295 4294967295]
01-01 07:00:01.566 I/VendorCaps( 933): ChromaQPOffsetHelper: min -12 max
2147483647 step 1 default 2147483647
01-01 07:00:01.566 I/VendorCaps( 933): DynamicFrameRateHelper: min 1 max 960 step
0 default 30
01-01 07:00:01.566 E/VendorCaps( 933): Failed to read platform max temporal layers
for B-frames
01-01 07:00:01.572 I/zygote64( 801): Explicit concurrent copying GC freed
2156(108KB) AllocSpace objects, 0(0B) LOS objects, 55% free, 4970KB/10MB, paused
22us total 12.861ms
01-01 07:00:01.572 I/ServiceManager( 960): Waiting for service 'media.metrics' on
'/dev/binder'...
01-01 07:00:01.572 D/Zygote64Timing( 801): PostZygoteInitGC took to complete: 28ms
01-01 07:00:01.572 D/Zygote64Timing( 801): ZygoteInit took to complete: 920ms
01-01 07:00:01.573 I/QC2V4l2Driver( 933): [avcE_0] Closed device driver with fd: 7
01-01 07:00:01.574 E/QC2V4l2Driver( 933): Invalid device driver fd:-1
01-01 07:00:01.574 I/QC2V4l2Driver( 933): [avcE_0] Closed device driver with fd: -
1
01-01 07:00:01.574 I/QC2Comp ( 933): codec capability queried!
01-01 07:00:01.574 I/QC2CompStore( 933): Added capabilities for c2.qti.avc.encoder
01-01 07:00:01.578 I/QC2Registry( 933): Getting stages for pipelined codec
01-01 07:00:01.578 I/QC2Registry( 933): Pipelining enabled
01-01 07:00:01.578 I/QC2Registry( 933): Doesn't support pipelining. Create
standalone codec
01-01 07:00:01.578 I/QC2Registry( 933): Return standalone codec caps for
c2.qti.avc.encoder.secure
01-01 07:00:01.579 I/QC2V4l2Driver( 933): [avcESec_0] Device /dev/video33 opened
with fd: 7
01-01 07:00:01.579 E/QC2V4l2Driver( 933): [avcESec_0] failed to set buffer size
limit to 4
01-01 07:00:01.579 I/Zygote ( 801): !@Boot_EBS_F: zygote forkSystemServer
01-01 07:00:01.580 E/QC2V4l2Caps( 933): c2 format not found for v4l2 format
0x34363248
01-01 07:00:01.580 E/QC2V4l2Caps( 933): c2 format not found for v4l2 format
0x43564548
01-01 07:00:01.581 E/QC2V4l2Caps( 933): c2 format not found for v4l2 format
0x3832314e
01-01 07:00:01.581 E/QC2V4l2Caps( 933): c2 format not found for v4l2 format
0x32313551
01-01 07:00:01.581 I/StandardCaps( 933): PixelFormatInputHelper:
01-01 07:00:01.581 I/StandardCaps( 933): VENUS_NV12
01-01 07:00:01.581 I/StandardCaps( 933): VENUS_NV12_UBWC
01-01 07:00:01.581 I/StandardCaps( 933): VENUS_NV21
01-01 07:00:01.581 I/StandardCaps( 933): VENUS_TP10
01-01 07:00:01.581 I/StandardCaps( 933): VENUS_P010
01-01 07:00:01.581 I/StandardCaps( 933): RGBA8888_UBWC
01-01 07:00:01.581 I/StandardCaps( 933): PictureSizeOutputHelper: min [128 128]
max [4096 4096] default [128 128]
01-01 07:00:01.581 I/StandardCaps( 933): PictureSizeInputHelper: min [128 128] max
[4096 4096] default [128 128]
01-01 07:00:01.581 I/StandardCaps( 933): FrameRateOutputHelper: min 1 max 960 step
0 default 30
01-01 07:00:01.581 I/StandardCaps( 933): OperatingRateHelper: min 30, max 32767,
step 0, default 30
01-01 07:00:01.582 I/StandardCaps( 933): ProfileLevelOutputHelper: Profiles
01-01 07:00:01.582 I/StandardCaps( 933): AVC_BP
01-01 07:00:01.582 I/StandardCaps( 933): AVC_CBP
01-01 07:00:01.582 I/StandardCaps( 933): AVC_MP
01-01 07:00:01.582 I/StandardCaps( 933): AVC_HP
01-01 07:00:01.582 I/StandardCaps( 933): AVC_CHP
01-01 07:00:01.582 I/StandardCaps( 933): ProfileLevelOutputHelper: Levels
01-01 07:00:01.582 I/StandardCaps( 933): 1.0
01-01 07:00:01.582 I/StandardCaps( 933): 1B
01-01 07:00:01.582 I/StandardCaps( 933): 1.1
01-01 07:00:01.582 I/StandardCaps( 933): 1.2
01-01 07:00:01.582 I/StandardCaps( 933): 1.3
01-01 07:00:01.582 I/StandardCaps( 933): 2.0
01-01 07:00:01.582 I/StandardCaps( 933): 2.1
01-01 07:00:01.582 I/StandardCaps( 933): 2.2
01-01 07:00:01.582 I/StandardCaps( 933): 3.0
01-01 07:00:01.582 I/StandardCaps( 933): 3.1
01-01 07:00:01.582 I/StandardCaps( 933): 3.2
01-01 07:00:01.582 I/StandardCaps( 933): 4.0
01-01 07:00:01.582 I/StandardCaps( 933): 4.1
01-01 07:00:01.582 I/StandardCaps( 933): 4.2
01-01 07:00:01.582 I/StandardCaps( 933): 5.0
01-01 07:00:01.582 I/StandardCaps( 933): 5.1
01-01 07:00:01.582 I/StandardCaps( 933): 5.2
01-01 07:00:01.582 I/StandardCaps( 933): BitRateModeHelper: modes
01-01 07:00:01.582 I/StandardCaps( 933): VBR_CFR
01-01 07:00:01.582 I/StandardCaps( 933): CBR_CFR
01-01 07:00:01.582 I/StandardCaps( 933): CBR_VFR
01-01 07:00:01.582 I/StandardCaps( 933): MBR_CFR
01-01 07:00:01.582 I/StandardCaps( 933): MBR_VFR
01-01 07:00:01.582 I/StandardCaps( 933): CQ
01-01 07:00:01.582 W/QC2V4l2Caps( 933): Param: 0x5200c019, c2 cap not found for
v4l2 cap v4l2::CBR_CFR
01-01 07:00:01.582 W/QC2V4l2Caps( 933): Param: 0x5200c019, c2 cap not found for
v4l2 cap v4l2::CQ
01-01 07:00:01.582 I/VendorCaps( 933): BitRateModeExtHelper: modes
01-01 07:00:01.582 I/VendorCaps( 933): LEGACY_VBR_VFR
01-01 07:00:01.582 I/VendorCaps( 933): LEGACY_CBR_VFR
01-01 07:00:01.582 I/VendorCaps( 933): MBR_CFR
01-01 07:00:01.582 I/VendorCaps( 933): MBR_VFR
01-01 07:00:01.582 I/VendorCaps( 933): RC_OFF
01-01 07:00:01.582 I/VendorCaps( 933): EXT_RC_NOT_SET
01-01 07:00:01.582 I/StandardCaps( 933): BitrateHelper: min 1 max 100000000 step 1
default 20000000
01-01 07:00:01.582 I/VendorCaps( 933): RotationInputHelper: min 0 max 270 step 90
default 0
01-01 07:00:01.582 I/VendorCaps( 933): SliceSizeByteModeHelper: min 512 max
150000000 step 1 default 512
01-01 07:00:01.582 I/VendorCaps( 933): SliceSizeMBModeHelper: min 1 max 36864 step
1 default 1
01-01 07:00:01.582 I/VendorCaps( 933): VBVDelayHelper: min 0 max 1000 step 500
default 0
01-01 07:00:01.582 I/VendorCaps( 933): LTRCountHelper: min 0 max 2 step 1 default
0
01-01 07:00:01.582 I/VendorCaps( 933): UseLTRRequestHelper: min 0 max 0x3ff step
0x1 default 0
01-01 07:00:01.582 I/VendorCaps( 933): MarkLTRRequestHelper: min 0 max 9 step 1
default 0
01-01 07:00:01.582 I/VendorCaps( 933): DownScalarSettingHelper: min [128 4096] max
[128 4096] default [4294967295 4294967295]
01-01 07:00:01.582 I/VendorCaps( 933): ChromaQPOffsetHelper: min -12 max
2147483647 step 1 default 2147483647
01-01 07:00:01.582 I/VendorCaps( 933): DynamicFrameRateHelper: min 1 max 960 step
0 default 30
01-01 07:00:01.582 E/VendorCaps( 933): Failed to read platform max temporal layers
for B-frames
01-01 07:00:01.586 I/QC2V4l2Driver( 933): [avcESec_0] Closed device driver with
fd: 7
01-01 07:00:01.586 E/QC2V4l2Driver( 933): Invalid device driver fd:-1
01-01 07:00:01.586 I/QC2V4l2Driver( 933): [avcESec_0] Closed device driver with
fd: -1
01-01 07:00:01.586 I/QC2Comp ( 933): codec capability queried!
01-01 07:00:01.586 I/QC2CompStore( 933): Added capabilities for
c2.qti.avc.encoder.secure
01-01 07:00:01.588 I/QC2Registry( 933): Getting stages for pipelined codec
01-01 07:00:01.588 I/QC2Registry( 933): Pipelining enabled
01-01 07:00:01.588 I/QC2Registry( 933): Doesn't support pipelining. Create
standalone codec
01-01 07:00:01.588 I/QC2Registry( 933): Return standalone codec caps for
c2.qti.hevc.encoder
01-01 07:00:01.588 I/QC2V4l2Driver( 933): [hevcE_0] Device /dev/video33 opened
with fd: 7
01-01 07:00:01.589 E/QC2V4l2Driver( 933): [hevcE_0] failed to set buffer size
limit to 4
01-01 07:00:01.589 E/QC2V4l2Caps( 933): c2 format not found for v4l2 format
0x34363248
01-01 07:00:01.589 E/QC2V4l2Caps( 933): c2 format not found for v4l2 format
0x43564548
01-01 07:00:01.590 E/QC2V4l2Caps( 933): c2 format not found for v4l2 format
0x3832314e
01-01 07:00:01.590 E/QC2V4l2Caps( 933): c2 format not found for v4l2 format
0x32313551
01-01 07:00:01.590 I/StandardCaps( 933): PixelFormatInputHelper:
01-01 07:00:01.590 I/StandardCaps( 933): VENUS_NV12
01-01 07:00:01.590 I/StandardCaps( 933): VENUS_NV12_UBWC
01-01 07:00:01.590 I/StandardCaps( 933): VENUS_NV21
01-01 07:00:01.590 I/StandardCaps( 933): VENUS_TP10
01-01 07:00:01.590 I/StandardCaps( 933): VENUS_P010
01-01 07:00:01.590 I/StandardCaps( 933): RGBA8888_UBWC
01-01 07:00:01.590 I/StandardCaps( 933): PictureSizeOutputHelper: min [128 128]
max [4096 4096] default [128 128]
01-01 07:00:01.590 I/StandardCaps( 933): PictureSizeInputHelper: min [128 128] max
[4096 4096] default [128 128]
01-01 07:00:01.590 I/StandardCaps( 933): FrameRateOutputHelper: min 1 max 960 step
0 default 30
01-01 07:00:01.590 I/StandardCaps( 933): OperatingRateHelper: min 30, max 32767,
step 0, default 30
01-01 07:00:01.590 E/QC2V4l2Caps( 933): Failed to read platform HDR value
01-01 07:00:01.590 I/StandardCaps( 933): ProfileLevelOutputHelper: Profiles
01-01 07:00:01.590 I/StandardCaps( 933): HEVC_MAIN
01-01 07:00:01.590 I/StandardCaps( 933): HEVC_MAIN_STLL
01-01 07:00:01.590 I/StandardCaps( 933): HEVC_MAIN10
01-01 07:00:01.590 I/StandardCaps( 933): ProfileLevelOutputHelper: Levels
01-01 07:00:01.590 I/StandardCaps( 933): Main 1.0
01-01 07:00:01.590 I/StandardCaps( 933): Main 2.0
01-01 07:00:01.590 I/StandardCaps( 933): Main 2.1
01-01 07:00:01.590 I/StandardCaps( 933): Main 3.0
01-01 07:00:01.590 I/StandardCaps( 933): Main 3.1
01-01 07:00:01.590 I/StandardCaps( 933): Main 4.0
01-01 07:00:01.590 I/StandardCaps( 933): Main 4.1
01-01 07:00:01.590 I/StandardCaps( 933): Main 5.0
01-01 07:00:01.590 I/StandardCaps( 933): High 1.0
01-01 07:00:01.590 I/StandardCaps( 933): High 2.0
01-01 07:00:01.590 I/StandardCaps( 933): High 2.1
01-01 07:00:01.590 I/StandardCaps( 933): High 3.0
01-01 07:00:01.590 I/StandardCaps( 933): High 3.1
01-01 07:00:01.590 I/StandardCaps( 933): High 4.0
01-01 07:00:01.590 I/StandardCaps( 933): High 4.1
01-01 07:00:01.590 I/StandardCaps( 933): High 5.0
01-01 07:00:01.590 I/StandardCaps( 933): BitRateModeHelper: modes
01-01 07:00:01.590 I/StandardCaps( 933): VBR_CFR
01-01 07:00:01.590 I/StandardCaps( 933): CBR_CFR
01-01 07:00:01.590 I/StandardCaps( 933): CBR_VFR
01-01 07:00:01.590 I/StandardCaps( 933): MBR_CFR
01-01 07:00:01.590 I/StandardCaps( 933): MBR_VFR
01-01 07:00:01.590 I/StandardCaps( 933): CQ
01-01 07:00:01.590 W/QC2V4l2Caps( 933): Param: 0x5200c019, c2 cap not found for
v4l2 cap v4l2::CBR_CFR
01-01 07:00:01.590 W/QC2V4l2Caps( 933): Param: 0x5200c019, c2 cap not found for
v4l2 cap v4l2::CQ
01-01 07:00:01.590 I/VendorCaps( 933): BitRateModeExtHelper: modes
01-01 07:00:01.590 I/VendorCaps( 933): LEGACY_VBR_VFR
01-01 07:00:01.590 I/VendorCaps( 933): LEGACY_CBR_VFR
01-01 07:00:01.590 I/VendorCaps( 933): MBR_CFR
01-01 07:00:01.590 I/VendorCaps( 933): MBR_VFR
01-01 07:00:01.590 I/VendorCaps( 933): RC_OFF
01-01 07:00:01.590 I/VendorCaps( 933): EXT_RC_NOT_SET
01-01 07:00:01.590 I/StandardCaps( 933): BitrateHelper: min 1 max 100000000 step 1
default 20000000
01-01 07:00:01.590 I/StandardCaps( 933): QualityTuningHelper: min 0 max 100 step 1
default 95
01-01 07:00:01.590 I/VendorCaps( 933): RotationInputHelper: min 0 max 270 step 90
default 0
01-01 07:00:01.590 I/VendorCaps( 933): SliceSizeByteModeHelper: min 512 max
150000000 step 1 default 512
01-01 07:00:01.590 I/VendorCaps( 933): SliceSizeMBModeHelper: min 1 max 36864 step
1 default 1
01-01 07:00:01.590 I/VendorCaps( 933): VBVDelayHelper: min 0 max 1000 step 500
default 0
01-01 07:00:01.590 I/VendorCaps( 933): LTRCountHelper: min 0 max 2 step 1 default
0
01-01 07:00:01.590 I/VendorCaps( 933): UseLTRRequestHelper: min 0 max 0x3ff step
0x1 default 0
01-01 07:00:01.590 I/VendorCaps( 933): MarkLTRRequestHelper: min 0 max 9 step 1
default 0
01-01 07:00:01.590 I/VendorCaps( 933): DownScalarSettingHelper: min [128 4096] max
[128 4096] default [4294967295 4294967295]
01-01 07:00:01.590 I/VendorCaps( 933): ChromaQPOffsetHelper: min -12 max
2147483647 step 1 default 2147483647
01-01 07:00:01.590 I/VendorCaps( 933): DynamicFrameRateHelper: min 1 max 960 step
0 default 30
01-01 07:00:01.590 E/VendorCaps( 933): Failed to read platform max temporal layers
for B-frames
01-01 07:00:01.593 I/QC2V4l2Driver( 933): [hevcE_0] Closed device driver with fd:
7
01-01 07:00:01.593 E/QC2V4l2Driver( 933): Invalid device driver fd:-1
01-01 07:00:01.593 I/QC2V4l2Driver( 933): [hevcE_0] Closed device driver with fd:
-1
01-01 07:00:01.593 I/QC2Comp ( 933): codec capability queried!
01-01 07:00:01.593 I/QC2CompStore( 933): Added capabilities for
c2.qti.hevc.encoder
01-01 07:00:01.595 I/QC2Registry( 933): Getting stages for pipelined codec
01-01 07:00:01.595 I/QC2Registry( 933): Pipelining enabled
01-01 07:00:01.595 I/QC2Registry( 933): Doesn't support pipelining. Create
standalone codec
01-01 07:00:01.595 I/QC2Registry( 933): Return standalone codec caps for
c2.qti.hevc.encoder.cq
01-01 07:00:01.595 I/QC2V4l2Driver( 933): [hevcCQE_0] Device /dev/video33 opened
with fd: 7
01-01 07:00:01.595 E/QC2V4l2Driver( 933): [hevcCQE_0] failed to set buffer size
limit to 4
01-01 07:00:01.596 E/QC2V4l2Caps( 933): c2 format not found for v4l2 format
0x34363248
01-01 07:00:01.596 E/QC2V4l2Caps( 933): c2 format not found for v4l2 format
0x43564548
01-01 07:00:01.596 E/QC2V4l2Caps( 933): c2 format not found for v4l2 format
0x3832314e
01-01 07:00:01.596 E/QC2V4l2Caps( 933): c2 format not found for v4l2 format
0x32313551
01-01 07:00:01.596 I/StandardCaps( 933): PixelFormatInputHelper:
01-01 07:00:01.596 I/StandardCaps( 933): VENUS_NV12
01-01 07:00:01.596 I/StandardCaps( 933): VENUS_NV12_UBWC
01-01 07:00:01.596 I/StandardCaps( 933): VENUS_NV21
01-01 07:00:01.596 I/StandardCaps( 933): VENUS_TP10
01-01 07:00:01.596 I/StandardCaps( 933): VENUS_P010
01-01 07:00:01.596 I/StandardCaps( 933): RGBA8888_UBWC
01-01 07:00:01.597 I/StandardCaps( 933): PictureSizeOutputHelper: min [128 128]
max [4096 4096] default [128 128]
01-01 07:00:01.597 I/StandardCaps( 933): PictureSizeInputHelper: min [128 128] max
[4096 4096] default [128 128]
01-01 07:00:01.597 I/StandardCaps( 933): FrameRateOutputHelper: min 1 max 960 step
0 default 30
01-01 07:00:01.597 I/StandardCaps( 933): OperatingRateHelper: min 30, max 32767,
step 0, default 30
01-01 07:00:01.597 E/QC2V4l2Caps( 933): Failed to read platform HDR value
01-01 07:00:01.597 I/StandardCaps( 933): ProfileLevelOutputHelper: Profiles
01-01 07:00:01.597 I/StandardCaps( 933): HEVC_MAIN
01-01 07:00:01.597 I/StandardCaps( 933): HEVC_MAIN_STLL
01-01 07:00:01.597 I/StandardCaps( 933): HEVC_MAIN10
01-01 07:00:01.597 I/StandardCaps( 933): ProfileLevelOutputHelper: Levels
01-01 07:00:01.597 I/StandardCaps( 933): Main 1.0
01-01 07:00:01.597 I/StandardCaps( 933): Main 2.0
01-01 07:00:01.597 I/StandardCaps( 933): Main 2.1
01-01 07:00:01.597 I/StandardCaps( 933): Main 3.0
01-01 07:00:01.597 I/StandardCaps( 933): Main 3.1
01-01 07:00:01.597 I/StandardCaps( 933): Main 4.0
01-01 07:00:01.597 I/StandardCaps( 933): Main 4.1
01-01 07:00:01.597 I/StandardCaps( 933): Main 5.0
01-01 07:00:01.597 I/StandardCaps( 933): High 1.0
01-01 07:00:01.597 I/StandardCaps( 933): High 2.0
01-01 07:00:01.597 I/StandardCaps( 933): High 2.1
01-01 07:00:01.597 I/StandardCaps( 933): High 3.0
01-01 07:00:01.597 I/StandardCaps( 933): High 3.1
01-01 07:00:01.597 I/StandardCaps( 933): High 4.0
01-01 07:00:01.597 I/StandardCaps( 933): High 4.1
01-01 07:00:01.597 I/StandardCaps( 933): High 5.0
01-01 07:00:01.597 I/StandardCaps( 933): BitRateModeHelper: modes
01-01 07:00:01.597 I/StandardCaps( 933): VBR_CFR
01-01 07:00:01.597 I/StandardCaps( 933): CBR_CFR
01-01 07:00:01.597 I/StandardCaps( 933): CBR_VFR
01-01 07:00:01.597 I/StandardCaps( 933): MBR_CFR
01-01 07:00:01.597 I/StandardCaps( 933): MBR_VFR
01-01 07:00:01.597 I/StandardCaps( 933): CQ
01-01 07:00:01.597 W/QC2V4l2Caps( 933): Param: 0x5200c019, c2 cap not found for
v4l2 cap v4l2::CBR_CFR
01-01 07:00:01.597 W/QC2V4l2Caps( 933): Param: 0x5200c019, c2 cap not found for
v4l2 cap v4l2::CQ
01-01 07:00:01.597 I/VendorCaps( 933): BitRateModeExtHelper: modes
01-01 07:00:01.597 I/VendorCaps( 933): LEGACY_VBR_VFR
01-01 07:00:01.597 I/VendorCaps( 933): LEGACY_CBR_VFR
01-01 07:00:01.597 I/VendorCaps( 933): MBR_CFR
01-01 07:00:01.597 I/VendorCaps( 933): MBR_VFR
01-01 07:00:01.597 I/VendorCaps( 933): RC_OFF
01-01 07:00:01.597 I/VendorCaps( 933): EXT_RC_NOT_SET
01-01 07:00:01.597 I/StandardCaps( 933): BitrateHelper: min 1 max 100000000 step 1
default 20000000
01-01 07:00:01.597 I/StandardCaps( 933): QualityTuningHelper: min 0 max 100 step 1
default 95
01-01 07:00:01.597 I/VendorCaps( 933): RotationInputHelper: min 0 max 270 step 90
default 0
01-01 07:00:01.597 I/VendorCaps( 933): SliceSizeByteModeHelper: min 512 max
150000000 step 1 default 512
01-01 07:00:01.597 I/VendorCaps( 933): SliceSizeMBModeHelper: min 1 max 36864 step
1 default 1
01-01 07:00:01.598 I/VendorCaps( 933): VBVDelayHelper: min 0 max 1000 step 500
default 0
01-01 07:00:01.598 I/VendorCaps( 933): LTRCountHelper: min 0 max 2 step 1 default
0
01-01 07:00:01.598 I/VendorCaps( 933): UseLTRRequestHelper: min 0 max 0x3ff step
0x1 default 0
01-01 07:00:01.598 I/VendorCaps( 933): MarkLTRRequestHelper: min 0 max 9 step 1
default 0
01-01 07:00:01.598 I/VendorCaps( 933): DownScalarSettingHelper: min [128 4096] max
[128 4096] default [4294967295 4294967295]
01-01 07:00:01.598 I/VendorCaps( 933): ChromaQPOffsetHelper: min -12 max
2147483647 step 1 default 2147483647
01-01 07:00:01.598 I/VendorCaps( 933): DynamicFrameRateHelper: min 1 max 960 step
0 default 30
01-01 07:00:01.598 E/VendorCaps( 933): Failed to read platform max temporal layers
for B-frames
01-01 07:00:01.599 I/QC2V4l2Driver( 933): [hevcCQE_0] Closed device driver with
fd: 7
01-01 07:00:01.599 E/QC2V4l2Driver( 933): Invalid device driver fd:-1
01-01 07:00:01.599 I/QC2V4l2Driver( 933): [hevcCQE_0] Closed device driver with
fd: -1
01-01 07:00:01.599 I/QC2Comp ( 933): codec capability queried!
01-01 07:00:01.599 I/QC2CompStore( 933): Added capabilities for
c2.qti.hevc.encoder.cq
01-01 07:00:01.605 I/QC2Registry( 933): Getting stages for pipelined codec
01-01 07:00:01.605 I/QC2Registry( 933): Pipelining enabled
01-01 07:00:01.605 I/QC2Registry( 933): Doesn't support pipelining. Create
standalone codec
01-01 07:00:01.605 I/QC2Registry( 933): Return standalone codec caps for
c2.qti.heic.encoder
01-01 07:00:01.606 I/QC2V4l2Driver( 933): [heicE_0] Device /dev/video33 opened
with fd: 7
01-01 07:00:01.606 E/QC2V4l2Driver( 933): [heicE_0] failed to set buffer size
limit to 4
01-01 07:00:01.607 E/QC2V4l2Caps( 933): c2 format not found for v4l2 format
0x34363248
01-01 07:00:01.607 E/QC2V4l2Caps( 933): c2 format not found for v4l2 format
0x43564548
01-01 07:00:01.607 E/QC2V4l2Caps( 933): c2 format not found for v4l2 format
0x3832314e
01-01 07:00:01.607 E/QC2V4l2Caps( 933): c2 format not found for v4l2 format
0x32313551
01-01 07:00:01.607 I/StandardCaps( 933): PixelFormatInputHelper:
01-01 07:00:01.607 I/StandardCaps( 933): VENUS_NV12
01-01 07:00:01.607 I/StandardCaps( 933): VENUS_NV12_UBWC
01-01 07:00:01.607 I/StandardCaps( 933): VENUS_NV21
01-01 07:00:01.607 I/StandardCaps( 933): VENUS_TP10
01-01 07:00:01.607 I/StandardCaps( 933): VENUS_P010
01-01 07:00:01.607 I/StandardCaps( 933): RGBA8888_UBWC
01-01 07:00:01.607 I/StandardCaps( 933): PictureSizeOutputHelper: min [512 512]
max [16834 16834] default [512 512]
01-01 07:00:01.607 I/StandardCaps( 933): PictureSizeInputHelper: min [512 512] max
[16834 16834] default [512 512]
01-01 07:00:01.607 I/StandardCaps( 933): FrameRateOutputHelper: min 1 max 960 step
0 default 30
01-01 07:00:01.607 I/StandardCaps( 933): OperatingRateHelper: min 30, max 32767,
step 0, default 30
01-01 07:00:01.607 E/QC2V4l2Caps( 933): Failed to read platform HDR value
01-01 07:00:01.607 I/StandardCaps( 933): ProfileLevelOutputHelper: Profiles
01-01 07:00:01.607 I/StandardCaps( 933): HEVC_MAIN
01-01 07:00:01.607 I/StandardCaps( 933): HEVC_MAIN_STLL
01-01 07:00:01.607 I/StandardCaps( 933): HEVC_MAIN10
01-01 07:00:01.607 I/StandardCaps( 933): ProfileLevelOutputHelper: Levels
01-01 07:00:01.607 I/StandardCaps( 933): Main 1.0
01-01 07:00:01.607 I/StandardCaps( 933): Main 2.0
01-01 07:00:01.607 I/StandardCaps( 933): Main 2.1
01-01 07:00:01.607 I/StandardCaps( 933): Main 3.0
01-01 07:00:01.607 I/StandardCaps( 933): Main 3.1
01-01 07:00:01.607 I/StandardCaps( 933): Main 4.0
01-01 07:00:01.607 I/StandardCaps( 933): Main 4.1
01-01 07:00:01.607 I/StandardCaps( 933): Main 5.0
01-01 07:00:01.607 I/StandardCaps( 933): High 1.0
01-01 07:00:01.607 I/StandardCaps( 933): High 2.0
01-01 07:00:01.607 I/StandardCaps( 933): High 2.1
01-01 07:00:01.607 I/StandardCaps( 933): High 3.0
01-01 07:00:01.607 I/StandardCaps( 933): High 3.1
01-01 07:00:01.607 I/StandardCaps( 933): High 4.0
01-01 07:00:01.607 I/StandardCaps( 933): High 4.1
01-01 07:00:01.607 I/StandardCaps( 933): High 5.0
01-01 07:00:01.607 I/StandardCaps( 933): BitRateModeHelper: modes
01-01 07:00:01.607 I/StandardCaps( 933): VBR_CFR
01-01 07:00:01.607 I/StandardCaps( 933): CBR_CFR
01-01 07:00:01.607 I/StandardCaps( 933): CBR_VFR
01-01 07:00:01.607 I/StandardCaps( 933): MBR_CFR
01-01 07:00:01.607 I/StandardCaps( 933): MBR_VFR
01-01 07:00:01.607 I/StandardCaps( 933): CQ
01-01 07:00:01.607 W/QC2V4l2Caps( 933): Param: 0x5200c019, c2 cap not found for
v4l2 cap v4l2::CBR_CFR
01-01 07:00:01.607 W/QC2V4l2Caps( 933): Param: 0x5200c019, c2 cap not found for
v4l2 cap v4l2::CQ
01-01 07:00:01.607 I/VendorCaps( 933): BitRateModeExtHelper: modes
01-01 07:00:01.607 I/VendorCaps( 933): LEGACY_VBR_VFR
01-01 07:00:01.607 I/VendorCaps( 933): LEGACY_CBR_VFR
01-01 07:00:01.607 I/VendorCaps( 933): MBR_CFR
01-01 07:00:01.607 I/VendorCaps( 933): MBR_VFR
01-01 07:00:01.607 I/VendorCaps( 933): RC_OFF
01-01 07:00:01.607 I/VendorCaps( 933): EXT_RC_NOT_SET
01-01 07:00:01.607 I/StandardCaps( 933): BitrateHelper: min 1 max 100000000 step 1
default 20000000
01-01 07:00:01.608 I/StandardCaps( 933): QualityTuningHelper: min 0 max 100 step 1
default 95
01-01 07:00:01.608 I/VendorCaps( 933): RotationInputHelper: min 0 max 270 step 90
default 0
01-01 07:00:01.608 I/VendorCaps( 933): VBVDelayHelper: min 0 max 1000 step 500
default 0
01-01 07:00:01.608 I/VendorCaps( 933): LTRCountHelper: min 0 max 2 step 1 default
0
01-01 07:00:01.608 I/VendorCaps( 933): UseLTRRequestHelper: min 0 max 0x3ff step
0x1 default 0
01-01 07:00:01.608 I/VendorCaps( 933): MarkLTRRequestHelper: min 0 max 9 step 1
default 0
01-01 07:00:01.608 I/VendorCaps( 933): DownScalarSettingHelper: min [512 16834]
max [512 16834] default [4294967295 4294967295]
01-01 07:00:01.608 I/VendorCaps( 933): ChromaQPOffsetHelper: min -12 max
2147483647 step 1 default 2147483647
01-01 07:00:01.608 I/VendorCaps( 933): DynamicFrameRateHelper: min 1 max 960 step
0 default 30
01-01 07:00:01.608 E/VendorCaps( 933): Failed to read platform max temporal layers
for B-frames
01-01 07:00:01.609 I/QC2V4l2Driver( 933): [heicE_0] Closed device driver with fd:
7
01-01 07:00:01.609 E/QC2V4l2Driver( 933): Invalid device driver fd:-1
01-01 07:00:01.609 I/QC2V4l2Driver( 933): [heicE_0] Closed device driver with fd:
-1
01-01 07:00:01.609 I/QC2Comp ( 933): codec capability queried!
01-01 07:00:01.609 I/QC2CompStore( 933): Added capabilities for
c2.qti.heic.encoder
01-01 07:00:01.611 I/QC2CompStore( 933): initialized store (qti.c2.store) with 14
components
01-01 07:00:01.611 E/QC2CompStore( 933): couldn't describe 16386
01-01 07:00:01.611 E/QC2CompStore( 933): couldn't describe 81925
01-01 07:00:01.612 I/HidlServiceManagement( 933): Registered
android.hardware.media.c2@1.0::IComponentStore/default
01-01 07:00:01.612 I/vendor.qti.media.c2@1.0-service( 933): Codec2's
IComponentStore default service created.
01-01 07:00:01.617 I/ServiceManager( 799): Waiting for service 'statscompanion' on
'/dev/binder'...
01-01 07:00:01.623 D/Zygote ( 801): Forked child process 1114
01-01 07:00:01.624 I/Zygote ( 801): System server process 1114 has been created
01-01 07:00:01.626 I/Zygote ( 801): Accepting command socket connections
01-01 07:00:01.673 I/ServiceManager( 960): Waiting for service 'media.metrics' on
'/dev/binder'...
01-01 07:00:01.673 E/system_server( 1114): Not starting debugger since process
cannot load the jdwp agent.
