01-01 07:00:01.475 I/StandardCaps( 933): VENUS_TP10
01-01 07:00:01.475 I/StandardCaps( 933): VENUS_P010
01-01 07:00:01.475 I/StandardCaps( 933): PictureSizeOutputHelper: min [96 96] max
[4096 4096] default [96 96]
01-01 07:00:01.475 I/StandardCaps( 933): PictureSizeInputHelper: min [96 96] max
[4096 4096] default [96 96]
01-01 07:00:01.475 I/StandardCaps( 933): MaxPictureSizeOutputHelper: min [96 96]
max [4096 4096] default [96 96]
01-01 07:00:01.475 I/StandardCaps( 933): FrameRateInputHelper: min 1 max 960 step
0 default 30
01-01 07:00:01.475 I/StandardCaps( 933): OperatingRateHelper: min 30, max 32767,
step 0, default 30
01-01 07:00:01.475 E/QC2V4l2Caps( 933): Failed to read platform HDR value
01-01 07:00:01.476 I/StandardCaps( 933): ProfileLevelInputHelper: Profiles
01-01 07:00:01.476 I/StandardCaps( 933): HEVC_MAIN
01-01 07:00:01.476 I/StandardCaps( 933): HEVC_MAIN_STLL
01-01 07:00:01.476 I/StandardCaps( 933): HEVC_MAIN10
01-01 07:00:01.476 I/StandardCaps( 933): ProfileLevelInputHelper: Levels
01-01 07:00:01.476 I/StandardCaps( 933): Main 1.0
01-01 07:00:01.476 I/StandardCaps( 933): Main 2.0
01-01 07:00:01.476 I/StandardCaps( 933): Main 2.1
01-01 07:00:01.476 I/StandardCaps( 933): Main 3.0
01-01 07:00:01.476 I/StandardCaps( 933): Main 3.1
01-01 07:00:01.476 I/StandardCaps( 933): Main 4.0
01-01 07:00:01.476 I/StandardCaps( 933): Main 4.1
01-01 07:00:01.476 I/StandardCaps( 933): Main 5.0
01-01 07:00:01.476 I/StandardCaps( 933): High 1.0
01-01 07:00:01.476 I/StandardCaps( 933): High 2.0
01-01 07:00:01.476 I/StandardCaps( 933): High 2.1
01-01 07:00:01.476 I/StandardCaps( 933): High 3.0
01-01 07:00:01.476 I/StandardCaps( 933): High 3.1
01-01 07:00:01.476 I/StandardCaps( 933): High 4.0
01-01 07:00:01.476 I/StandardCaps( 933): High 4.1
01-01 07:00:01.476 I/StandardCaps( 933): High 5.0
01-01 07:00:01.477 I/VendorCaps( 933): RenderFrameRateOutputHelper: min 0 max 120
step 30 default 0
01-01 07:00:01.477 I/VendorCaps( 933): VideoRefreshRateOutputHelper: min 0 max 120
step 1 default 60
01-01 07:00:01.478 I/QC2Filter( 933): FUNCTION_BEGIN:getCapsHelpers
01-01 07:00:01.478 I/QC2BlackBarFilter( 933): FUNCTION_BEGIN:onGetCapsHelpers
01-01 07:00:01.478 I/QC2BlackBarFilter( 933): FUNCTION_END:onGetCapsHelpers TIME=0
ms
01-01 07:00:01.478 I/QC2Filter( 933): FUNCTION_END:getCapsHelpers TIME=0 ms
01-01 07:00:01.478 I/QC2PipelineCodec( 933): capshelpers vectorId 0 inputDelay=0
01-01 07:00:01.478 I/QC2PipelinedEntity( 933): [c2.qti.hevc.decoder_0]
pipelineid=100 inputDelay=0
01-01 07:00:01.478 I/QC2PipelineCodec( 933): capshelpers vectorId 0 outputDelay=18
01-01 07:00:01.478 I/QC2PipelinedEntity( 933): [c2.qti.hevc.decoder_0]
pipelineid=100 outputDelay=18
01-01 07:00:01.478 I/QC2PipelineCodec( 933): capshelpers vectorId 1 inputDelay=1
01-01 07:00:01.478 I/QC2PipelinedEntity( 933): [c2.qti.BlackBar.filter_0]
pipelineid=101 inputDelay=1
01-01 07:00:01.478 I/QC2PipelineCodec( 933): capshelpers vectorId 1 outputDelay=10
01-01 07:00:01.479 I/QC2PipelinedEntity( 933): [c2.qti.BlackBar.filter_0]
pipelineid=101 outputDelay=10
01-01 07:00:01.479 I/QC2PipelineCodec( 933): computeDelays
01-01 07:00:01.479 I/QC2PipelinedEntity( 933): pipelineid=100 extraAllocation=2
set maxOutputBuffers=21
01-01 07:00:01.479 I/QC2PipelinedEntity( 933): pipelineid=101 extraAllocation=2
set maxOutputBuffers=12
01-01 07:00:01.479 I/QC2PipelineCodec( 933): ComputeDelay: iDelay=0 pDelay=0
oDelay=33
01-01 07:00:01.479 I/QC2PipelineCodec( 933): TotalInputDelay=0 (0)
totalOutputDelay=33 (33)
01-01 07:00:01.479 I/QC2PipelineCodec( 933): ActualOutputDelayHelper value=33
01-01 07:00:01.479 I/QC2PipelineCodec( 933): Resolve conflict 60000825
[algo.secure-mode]
01-01 07:00:01.479 I/QC2PipelineCodec( 933): Resolve conflict 4000080e
[input.delay]
01-01 07:00:01.479 I/QC2PipelineCodec( 933): Dont merge
delay/size/format/framerate params
01-01 07:00:01.479 I/QC2PipelineCodec( 933): Resolve conflict 9001080c
[output.media-type]
01-01 07:00:01.479 I/QC2PipelineCodec( 933): Resolve conflict 5000080e
[output.delay]
01-01 07:00:01.479 I/QC2PipelineCodec( 933): Dont merge
delay/size/format/framerate params
01-01 07:00:01.479 I/QC2PipelineCodec( 933): Resolve conflict a0000804
[component.kind]
01-01 07:00:01.479 I/QC2PipelineCodec( 933): Resolve conflict 8001080c
[input.media-type]
01-01 07:00:01.479 I/QC2PipelineCodec( 933): Resolve conflict a0000805
[component.domain]
01-01 07:00:01.479 I/QC2PipelineCodec( 933): capsHelper add param=a0009002
01-01 07:00:01.479 I/QC2PipelineCodec( 933): capsHelper add param=9200c047
01-01 07:00:01.479 I/QC2PipelineCodec( 933): capsHelper add param=d200c03f
01-01 07:00:01.479 I/QC2PipelineCodec( 933): capsHelper add param=a0009000
01-01 07:00:01.479 I/QC2PipelineCodec( 933): capsHelper add param=9200c036
01-01 07:00:01.479 I/QC2PipelineCodec( 933): capsHelper add param=d200c00e
01-01 07:00:01.479 I/QC2PipelineCodec( 933): capsHelper add param=5200c012
01-01 07:00:01.479 I/QC2PipelineCodec( 933): capsHelper add param=8200c042
01-01 07:00:01.479 I/QC2PipelineCodec( 933): capsHelper add param=d200c000
01-01 07:00:01.479 I/QC2PipelineCodec( 933): capsHelper add param=92008001
01-01 07:00:01.479 I/QC2PipelineCodec( 933): capsHelper add param=d200c04a
01-01 07:00:01.479 I/QC2PipelineCodec( 933): capsHelper add param=d201c00d
01-01 07:00:01.479 I/QC2PipelineCodec( 933): capsHelper add param=d2008002
01-01 07:00:01.479 I/QC2PipelineCodec( 933): capsHelper add param=d200c00b
01-01 07:00:01.479 I/QC2PipelineCodec( 933): capsHelper add param=d200c034
01-01 07:00:01.479 I/QC2PipelineCodec( 933): capsHelper add param=d200c013
01-01 07:00:01.479 I/QC2PipelineCodec( 933): capsHelper add param=d200c01b
01-01 07:00:01.480 I/QC2PipelineCodec( 933): capsHelper add param=c2001809
01-01 07:00:01.480 I/QC2PipelineCodec( 933): isParamPipelineOwned 5000080e true
01-01 07:00:01.480 I/QC2PipelineCodec( 933): capsHelper skip param 5000080e
01-01 07:00:01.480 I/QC2PipelineCodec( 933): isParamPipelineOwned 4000080e true
01-01 07:00:01.480 I/QC2PipelineCodec( 933): capsHelper skip param 4000080e
01-01 07:00:01.480 I/QC2PipelineCodec( 933): capsHelper add param=d2001802
01-01 07:00:01.480 I/QC2PipelineCodec( 933): capsHelper add param=c2000808
01-01 07:00:01.480 I/QC2PipelineCodec( 933): capsHelper add param=60000824
01-01 07:00:01.480 I/QC2PipelineCodec( 933): capsHelper add param=a0000801
01-01 07:00:01.480 I/QC2PipelineCodec( 933): capsHelper add param=d2011811
01-01 07:00:01.480 I/QC2PipelineCodec( 933): capsHelper add param=60000823
01-01 07:00:01.480 I/QC2PipelineCodec( 933): capsHelper add param=c2002000
01-01 07:00:01.480 I/QC2PipelineCodec( 933): capsHelper add param=d2001809
01-01 07:00:01.480 I/QC2PipelineCodec( 933): capsHelper add param=d200c006
01-01 07:00:01.480 I/QC2PipelineCodec( 933): capsHelper add param=52002003
01-01 07:00:01.480 I/QC2PipelineCodec( 933): capsHelper add param=9001080c
01-01 07:00:01.480 I/QC2PipelineCodec( 933): capsHelper add param=8001080c
01-01 07:00:01.480 I/QC2PipelineCodec( 933): capsHelper add param=d2001800
01-01 07:00:01.480 I/QC2PipelineCodec( 933): capsHelper add param=d2009001
01-01 07:00:01.480 I/QC2PipelineCodec( 933): capsHelper add param=9200081b
01-01 07:00:01.480 I/QC2PipelineCodec( 933): capsHelper add param=8200c035
01-01 07:00:01.480 I/QC2PipelineCodec( 933): capsHelper add param=a0000804
01-01 07:00:01.480 I/QC2PipelineCodec( 933): capsHelper add param=60000825
01-01 07:00:01.480 I/QC2PipelineCodec( 933): capsHelper add param=5200180b
01-01 07:00:01.480 I/QC2PipelineCodec( 933): capsHelper add param=d200180a
01-01 07:00:01.480 I/QC2PipelineCodec( 933): capsHelper add param=d200c007
01-01 07:00:01.480 I/QC2PipelineCodec( 933): capsHelper add param=d200c00c
01-01 07:00:01.480 I/QC2PipelineCodec( 933): capsHelper add param=c2001800
01-01 07:00:01.480 I/QC2PipelineCodec( 933): capsHelper add param=8200081b
01-01 07:00:01.480 I/QC2PipelineCodec( 933): capsHelper add param=a0000805
01-01 07:00:01.480 I/QC2PipelineCodec( 933): capsHelper add param=9200c046
01-01 07:00:01.480 I/QC2PipelineCodec( 933): capsHelper add param=5001081a
01-01 07:00:01.480 I/QC2PipelineCodec( 933): capsHelper add param=c200081e
01-01 07:00:01.481 I/QC2PipelineCodec( 933): computeDelays
01-01 07:00:01.481 I/QC2PipelinedEntity( 933): pipelineid=100 extraAllocation=2
set maxOutputBuffers=21
01-01 07:00:01.481 I/QC2PipelinedEntity( 933): pipelineid=101 extraAllocation=2
set maxOutputBuffers=12
01-01 07:00:01.481 I/QC2PipelineCodec( 933): ComputeDelay: iDelay=0 pDelay=0
oDelay=33
01-01 07:00:01.481 I/QC2PipelineCodec( 933): Delays initialized iDelay=0 pDelay=0
oDelay=33
01-01 07:00:01.481 I/QC2PipelineCodec( 933): init: end; processing-time=15 ms
01-01 07:00:01.481 I/QC2Registry( 933): Initialized pipelined Codec for
c2.qti.hevc.decoder
01-01 07:00:01.481 I/QC2PipelineCodec( 933): getCapsHelpersInternal:
piplinedcodecs size=2
01-01 07:00:01.482 I/StandardCaps( 933): PixelFormatOutputHelper:
01-01 07:00:01.482 I/StandardCaps( 933): VENUS_NV12
01-01 07:00:01.482 I/StandardCaps( 933): VENUS_NV12_UBWC
01-01 07:00:01.482 I/StandardCaps( 933): VENUS_TP10
01-01 07:00:01.482 I/StandardCaps( 933): VENUS_P010
01-01 07:00:01.482 I/StandardCaps( 933): PictureSizeOutputHelper: min [96 96] max
[4096 4096] default [96 96]
01-01 07:00:01.482 I/StandardCaps( 933): PictureSizeInputHelper: min [96 96] max
[4096 4096] default [96 96]
01-01 07:00:01.482 I/StandardCaps( 933): MaxPictureSizeOutputHelper: min [96 96]
max [4096 4096] default [96 96]
01-01 07:00:01.482 I/StandardCaps( 933): FrameRateInputHelper: min 1 max 960 step
0 default 30
01-01 07:00:01.482 I/StandardCaps( 933): OperatingRateHelper: min 30, max 32767,
step 0, default 30
01-01 07:00:01.483 E/QC2V4l2Caps( 933): Failed to read platform HDR value
01-01 07:00:01.483 I/StandardCaps( 933): ProfileLevelInputHelper: Profiles
01-01 07:00:01.483 I/StandardCaps( 933): HEVC_MAIN
01-01 07:00:01.483 I/StandardCaps( 933): HEVC_MAIN_STLL
01-01 07:00:01.483 I/StandardCaps( 933): HEVC_MAIN10
01-01 07:00:01.483 I/StandardCaps( 933): ProfileLevelInputHelper: Levels
01-01 07:00:01.483 I/StandardCaps( 933): Main 1.0
01-01 07:00:01.483 I/StandardCaps( 933): Main 2.0
01-01 07:00:01.483 I/StandardCaps( 933): Main 2.1
01-01 07:00:01.483 I/StandardCaps( 933): Main 3.0
01-01 07:00:01.483 I/StandardCaps( 933): Main 3.1
01-01 07:00:01.483 I/StandardCaps( 933): Main 4.0
01-01 07:00:01.483 I/StandardCaps( 933): Main 4.1
01-01 07:00:01.483 I/StandardCaps( 933): Main 5.0
01-01 07:00:01.483 I/StandardCaps( 933): High 1.0
01-01 07:00:01.483 I/StandardCaps( 933): High 2.0
01-01 07:00:01.483 I/StandardCaps( 933): High 2.1
01-01 07:00:01.483 I/StandardCaps( 933): High 3.0
01-01 07:00:01.483 I/StandardCaps( 933): High 3.1
01-01 07:00:01.483 I/StandardCaps( 933): High 4.0
01-01 07:00:01.483 I/StandardCaps( 933): High 4.1
01-01 07:00:01.483 I/StandardCaps( 933): High 5.0
01-01 07:00:01.484 I/VendorCaps( 933): RenderFrameRateOutputHelper: min 0 max 120
step 30 default 0
01-01 07:00:01.485 I/VendorCaps( 933): VideoRefreshRateOutputHelper: min 0 max 120
step 1 default 60
01-01 07:00:01.485 I/QC2Filter( 933): FUNCTION_BEGIN:getCapsHelpers
01-01 07:00:01.485 I/QC2BlackBarFilter( 933): FUNCTION_BEGIN:onGetCapsHelpers
01-01 07:00:01.485 I/QC2BlackBarFilter( 933): FUNCTION_END:onGetCapsHelpers TIME=0
ms
01-01 07:00:01.486 I/QC2Filter( 933): FUNCTION_END:getCapsHelpers TIME=0 ms
01-01 07:00:01.486 I/QC2PipelineCodec( 933): capshelpers vectorId 0 inputDelay=0
01-01 07:00:01.486 I/QC2PipelinedEntity( 933): [c2.qti.hevc.decoder_0]
pipelineid=100 inputDelay=0
01-01 07:00:01.486 I/QC2PipelineCodec( 933): capshelpers vectorId 0 outputDelay=18
01-01 07:00:01.486 I/QC2PipelinedEntity( 933): [c2.qti.hevc.decoder_0]
pipelineid=100 outputDelay=18
01-01 07:00:01.486 I/QC2PipelineCodec( 933): capshelpers vectorId 1 inputDelay=1
01-01 07:00:01.486 I/QC2PipelinedEntity( 933): [c2.qti.BlackBar.filter_0]
pipelineid=101 inputDelay=1
01-01 07:00:01.486 I/QC2PipelineCodec( 933): capshelpers vectorId 1 outputDelay=10
01-01 07:00:01.486 I/QC2PipelinedEntity( 933): [c2.qti.BlackBar.filter_0]
pipelineid=101 outputDelay=10
01-01 07:00:01.486 I/QC2PipelineCodec( 933): computeDelays
01-01 07:00:01.486 I/QC2PipelinedEntity( 933): pipelineid=100 extraAllocation=2
set maxOutputBuffers=21
01-01 07:00:01.486 I/QC2PipelinedEntity( 933): pipelineid=101 extraAllocation=2
set maxOutputBuffers=12
01-01 07:00:01.486 I/QC2PipelineCodec( 933): ComputeDelay: iDelay=0 pDelay=0
oDelay=33
01-01 07:00:01.486 I/QC2PipelineCodec( 933): TotalInputDelay=0 (0)
totalOutputDelay=33 (33)
01-01 07:00:01.486 D/audio_hw_utils( 886): audio_extn_utils_open_snd_mixer: retry,
retry_num 1
01-01 07:00:01.486 I/QC2PipelineCodec( 933): ActualOutputDelayHelper value=33
01-01 07:00:01.486 I/QC2PipelineCodec( 933): Resolve conflict 60000825
[algo.secure-mode]
01-01 07:00:01.486 I/QC2PipelineCodec( 933): Resolve conflict 4000080e
[input.delay]
01-01 07:00:01.486 I/QC2PipelineCodec( 933): Dont merge
delay/size/format/framerate params
01-01 07:00:01.486 I/QC2PipelineCodec( 933): Resolve conflict 9001080c
[output.media-type]
01-01 07:00:01.486 I/QC2PipelineCodec( 933): Resolve conflict 5000080e
[output.delay]
01-01 07:00:01.486 I/QC2PipelineCodec( 933): Dont merge
delay/size/format/framerate params
01-01 07:00:01.486 I/QC2PipelineCodec( 933): Resolve conflict a0000804
[component.kind]
01-01 07:00:01.486 I/QC2PipelineCodec( 933): Resolve conflict 8001080c
[input.media-type]
01-01 07:00:01.486 I/QC2PipelineCodec( 933): Resolve conflict a0000805
[component.domain]
01-01 07:00:01.486 I/QC2PipelineCodec( 933): capsHelper add param=a0009002
01-01 07:00:01.486 I/QC2PipelineCodec( 933): capsHelper add param=9200c047
01-01 07:00:01.486 I/QC2PipelineCodec( 933): capsHelper add param=d200c03f
01-01 07:00:01.486 I/QC2PipelineCodec( 933): capsHelper add param=a0009000
01-01 07:00:01.486 I/QC2PipelineCodec( 933): capsHelper add param=9200c036
01-01 07:00:01.486 I/QC2PipelineCodec( 933): capsHelper add param=d200c00e
01-01 07:00:01.487 I/QC2PipelineCodec( 933): capsHelper add param=5200c012
01-01 07:00:01.487 I/QC2PipelineCodec( 933): capsHelper add param=8200c042
01-01 07:00:01.487 I/QC2PipelineCodec( 933): capsHelper add param=d200c000
01-01 07:00:01.487 I/QC2PipelineCodec( 933): capsHelper add param=92008001
01-01 07:00:01.486 I/AdrenoGLES-0( 968): QUALCOMM build :
009e9bf746, I4cc83cbab4
01-01 07:00:01.486 I/AdrenoGLES-0( 968): Build Date :
06/10/21
01-01 07:00:01.486 I/AdrenoGLES-0( 968): OpenGL ES Shader Compiler Version:
EV031.35.01.09
01-01 07:00:01.486 I/AdrenoGLES-0( 968): Local Branch :
01-01 07:00:01.486 I/AdrenoGLES-0( 968): Remote Branch :
01-01 07:00:01.486 I/AdrenoGLES-0( 968): Remote Branch :
01-01 07:00:01.486 I/AdrenoGLES-0( 968): Reconstruct Branch :
01-01 07:00:01.487 I/QC2PipelineCodec( 933): capsHelper add param=d200c04a
01-01 07:00:01.487 I/QC2PipelineCodec( 933): capsHelper add param=d201c00d
01-01 07:00:01.487 I/AdrenoGLES-0( 968): Build Config : S P
10.0.7 AArch64
01-01 07:00:01.487 I/AdrenoGLES-0( 968): Driver Path :
/vendor/lib64/egl/libGLESv2_adreno.so
01-01 07:00:01.487 I/QC2PipelineCodec( 933): capsHelper add param=d2008002
01-01 07:00:01.487 I/QC2PipelineCodec( 933): capsHelper add param=d200c00b
01-01 07:00:01.487 I/QC2PipelineCodec( 933): capsHelper add param=d200c034
01-01 07:00:01.487 I/QC2PipelineCodec( 933): capsHelper add param=d200c013
01-01 07:00:01.487 I/QC2PipelineCodec( 933): capsHelper add param=d200c01b
01-01 07:00:01.487 I/QC2PipelineCodec( 933): capsHelper add param=c2001809
01-01 07:00:01.487 I/QC2PipelineCodec( 933): isParamPipelineOwned 5000080e true
01-01 07:00:01.487 I/QC2PipelineCodec( 933): capsHelper skip param 5000080e
01-01 07:00:01.487 I/QC2PipelineCodec( 933): isParamPipelineOwned 4000080e true
01-01 07:00:01.487 I/QC2PipelineCodec( 933): capsHelper skip param 4000080e
01-01 07:00:01.487 I/QC2PipelineCodec( 933): capsHelper add param=d2001802
01-01 07:00:01.487 I/QC2PipelineCodec( 933): capsHelper add param=c2000808
01-01 07:00:01.487 I/QC2PipelineCodec( 933): capsHelper add param=60000824
01-01 07:00:01.487 I/QC2PipelineCodec( 933): capsHelper add param=a0000801
01-01 07:00:01.487 I/QC2PipelineCodec( 933): capsHelper add param=d2011811
01-01 07:00:01.487 I/QC2PipelineCodec( 933): capsHelper add param=60000823
01-01 07:00:01.487 I/QC2PipelineCodec( 933): capsHelper add param=c2002000
01-01 07:00:01.487 I/QC2PipelineCodec( 933): capsHelper add param=d2001809
01-01 07:00:01.487 I/QC2PipelineCodec( 933): capsHelper add param=d200c006
01-01 07:00:01.487 I/QC2PipelineCodec( 933): capsHelper add param=52002003
01-01 07:00:01.487 I/QC2PipelineCodec( 933): capsHelper add param=9001080c
01-01 07:00:01.487 I/QC2PipelineCodec( 933): capsHelper add param=8001080c
01-01 07:00:01.487 I/QC2PipelineCodec( 933): capsHelper add param=d2001800
01-01 07:00:01.487 I/QC2PipelineCodec( 933): capsHelper add param=d2009001
01-01 07:00:01.487 I/QC2PipelineCodec( 933): capsHelper add param=9200081b
01-01 07:00:01.487 I/QC2PipelineCodec( 933): capsHelper add param=8200c035
01-01 07:00:01.487 I/QC2PipelineCodec( 933): capsHelper add param=a0000804
01-01 07:00:01.487 I/QC2PipelineCodec( 933): capsHelper add param=60000825
01-01 07:00:01.487 I/QC2PipelineCodec( 933): capsHelper add param=5200180b
01-01 07:00:01.487 I/QC2PipelineCodec( 933): capsHelper add param=d200180a
01-01 07:00:01.487 I/QC2PipelineCodec( 933): capsHelper add param=d200c007
01-01 07:00:01.487 I/QC2PipelineCodec( 933): capsHelper add param=d200c00c
01-01 07:00:01.487 I/QC2PipelineCodec( 933): capsHelper add param=c2001800
01-01 07:00:01.487 I/QC2PipelineCodec( 933): capsHelper add param=8200081b
01-01 07:00:01.487 I/QC2PipelineCodec( 933): capsHelper add param=a0000805
01-01 07:00:01.487 I/QC2PipelineCodec( 933): capsHelper add param=9200c046
01-01 07:00:01.487 I/QC2PipelineCodec( 933): capsHelper add param=5001081a
01-01 07:00:01.487 I/QC2PipelineCodec( 933): capsHelper add param=c200081e
01-01 07:00:01.488 I/QC2PipelineCodec( 933): release: begin
01-01 07:00:01.488 I/QC2PipelinedEntity( 933): [c2.qti.hevc.decoder_0]
pipelinedid=100 release
01-01 07:00:01.493 D/libEGL ( 801): loaded /vendor/lib64/egl/libEGL_adreno.so
01-01 07:00:01.496 I/QC2V4l2Driver( 933): [hevcD_0] Closed device driver with fd:
7
01-01 07:00:01.496 I/QC2PipelinedEntity( 933): [c2.qti.BlackBar.filter_0]
pipelinedid=101 release
01-01 07:00:01.496 I/QC2Filter( 933): FUNCTION_BEGIN:release
01-01 07:00:01.496 I/QC2Filter( 933): FUNCTION_END:release TIME=0 ms
01-01 07:00:01.496 I/QC2PipelinedEntity( 933): pipelineid=101 ~QC2PipelinedEntity
01-01 07:00:01.496 D/libEGL ( 801): loaded
/vendor/lib64/egl/libGLESv1_CM_adreno.so
01-01 07:00:01.497 I/QC2PipelinedEntity( 933): pipelineid=100 ~QC2PipelinedEntity
01-01 07:00:01.497 I/QC2PipelineCodec( 933): release: end; processing-time=9 ms
01-01 07:00:01.497 I/QC2PipelineCodec( 933): QC2PipelinedDecoder dtor
01-01 07:00:01.497 I/QC2BlackBarFilter( 933): FUNCTION_BEGIN:~QC2BlackBarFilter
01-01 07:00:01.497 I/QC2BlackBarFilter( 933): FUNCTION_END:~QC2BlackBarFilter
TIME=0 ms
01-01 07:00:01.497 I/QC2-SIMPLE-BLACKBAR( 933): SimpleBlackBar dtor exit
01-01 07:00:01.497 I/QC2Filter( 933): FUNCTION_BEGIN:~QC2Filter
01-01 07:00:01.497 I/QC2Filter( 933): FUNCTION_BEGIN:release
01-01 07:00:01.497 I/QC2Filter( 933): FUNCTION_END:release TIME=0 ms
01-01 07:00:01.497 I/QC2Filter( 933): FUNCTION_END:~QC2Filter TIME=0 ms
01-01 07:00:01.498 E/QC2V4l2Driver( 933): Invalid device driver fd:-1
01-01 07:00:01.498 I/QC2V4l2Driver( 933): [hevcD_0] Closed device driver with fd:
-1
01-01 07:00:01.498 I/QC2Comp ( 933): codec capability queried!
01-01 07:00:01.498 I/QC2CompStore( 933): Added capabilities for
c2.qti.hevc.decoder
01-01 07:00:01.500 I/QC2Registry( 933): Getting stages for pipelined codec
01-01 07:00:01.500 I/QC2V4l2Codec( 933): [hevcDLowLat_0] output buffer allocation
timeout threshold set to 0ms
01-01 07:00:01.500 I/QC2Registry( 933): Pipelining enabled
01-01 07:00:01.500 I/QC2Registry( 933): Doesn't support pipelining. Create
standalone codec
01-01 07:00:01.500 I/QC2Registry( 933): Return standalone codec caps for
c2.qti.hevc.decoder.low_latency
01-01 07:00:01.500 I/QC2V4l2Driver( 933): [hevcDLowLat_0] Device /dev/video32
opened with fd: 7
01-01 07:00:01.501 D/libEGL ( 801): loaded /vendor/lib64/egl/libGLESv2_adreno.so
01-01 07:00:01.503 I/StandardCaps( 933): PixelFormatOutputHelper:
01-01 07:00:01.504 I/StandardCaps( 933): VENUS_NV12
01-01 07:00:01.504 I/StandardCaps( 933): VENUS_NV12_UBWC
01-01 07:00:01.504 I/StandardCaps( 933): VENUS_TP10
01-01 07:00:01.504 I/StandardCaps( 933): VENUS_P010
01-01 07:00:01.504 I/StandardCaps( 933): PictureSizeOutputHelper: min [96 96] max
[4096 4096] default [96 96]
01-01 07:00:01.504 I/StandardCaps( 933): PictureSizeInputHelper: min [96 96] max
[4096 4096] default [96 96]
01-01 07:00:01.504 I/StandardCaps( 933): MaxPictureSizeOutputHelper: min [96 96]
max [4096 4096] default [96 96]
01-01 07:00:01.504 I/StandardCaps( 933): FrameRateInputHelper: min 1 max 960 step
0 default 30
01-01 07:00:01.504 I/StandardCaps( 933): OperatingRateHelper: min 30, max 32767,
step 0, default 30
01-01 07:00:01.505 E/QC2V4l2Caps( 933): Failed to read platform HDR value
01-01 07:00:01.505 I/StandardCaps( 933): ProfileLevelInputHelper: Profiles
01-01 07:00:01.505 I/StandardCaps( 933): HEVC_MAIN
01-01 07:00:01.505 I/StandardCaps( 933): HEVC_MAIN_STLL
01-01 07:00:01.505 I/StandardCaps( 933): HEVC_MAIN10
01-01 07:00:01.505 I/StandardCaps( 933): ProfileLevelInputHelper: Levels
01-01 07:00:01.505 I/StandardCaps( 933): Main 1.0
01-01 07:00:01.505 I/StandardCaps( 933): Main 2.0
01-01 07:00:01.505 I/StandardCaps( 933): Main 2.1
01-01 07:00:01.505 I/StandardCaps( 933): Main 3.0
01-01 07:00:01.505 I/StandardCaps( 933): Main 3.1
01-01 07:00:01.505 I/StandardCaps( 933): Main 4.0
01-01 07:00:01.505 I/StandardCaps( 933): Main 4.1
01-01 07:00:01.505 I/StandardCaps( 933): Main 5.0
01-01 07:00:01.505 I/StandardCaps( 933): High 1.0
01-01 07:00:01.505 I/StandardCaps( 933): High 2.0
01-01 07:00:01.505 I/StandardCaps( 933): High 2.1
01-01 07:00:01.505 I/StandardCaps( 933): High 3.0
01-01 07:00:01.505 I/StandardCaps( 933): High 3.1
01-01 07:00:01.505 I/StandardCaps( 933): High 4.0
01-01 07:00:01.505 I/StandardCaps( 933): High 4.1
01-01 07:00:01.505 I/StandardCaps( 933): High 5.0
01-01 07:00:01.506 I/VendorCaps( 933): RenderFrameRateOutputHelper: min 0 max 120
step 30 default 0
01-01 07:00:01.506 I/VendorCaps( 933): VideoRefreshRateOutputHelper: min 0 max 120
step 1 default 60
01-01 07:00:01.508 I/QC2V4l2Driver( 933): [hevcDLowLat_0] Closed device driver
with fd: 7
01-01 07:00:01.508 E/QC2V4l2Driver( 933): Invalid device driver fd:-1
01-01 07:00:01.508 I/QC2V4l2Driver( 933): [hevcDLowLat_0] Closed device driver
with fd: -1
01-01 07:00:01.508 I/QC2Comp ( 933): codec capability queried!
01-01 07:00:01.508 I/QC2CompStore( 933): Added capabilities for
c2.qti.hevc.decoder.low_latency
01-01 07:00:01.510 I/QC2Registry( 933): Getting stages for pipelined codec
01-01 07:00:01.510 I/QC2V4l2Codec( 933): [hevcDSec_0] output buffer allocation
timeout threshold set to 0ms
01-01 07:00:01.510 I/QC2Registry( 933): Pipelining enabled
01-01 07:00:01.510 I/QC2Registry( 933): Requested codec is pipelined. Create codec
list
01-01 07:00:01.510 I/QC2Registry( 933): Filter c2.qti.BlackBar.filter can't be
pipelined
01-01 07:00:01.510 I/QC2Registry( 933): Created 0 codecs for pipelined codec
c2.qti.hevc.decoder.secure
01-01 07:00:01.510 I/QC2Registry( 933): Return standalone codec caps for
c2.qti.hevc.decoder.secure
01-01 07:00:01.511 I/QC2V4l2Driver( 933): [hevcDSec_0] Device /dev/video32 opened
with fd: 7
01-01 07:00:01.513 I/StandardCaps( 933): PixelFormatOutputHelper:
01-01 07:00:01.513 I/StandardCaps( 933): VENUS_NV12
01-01 07:00:01.514 I/StandardCaps( 933): VENUS_NV12_UBWC
01-01 07:00:01.514 I/StandardCaps( 933): VENUS_TP10
01-01 07:00:01.514 I/StandardCaps( 933): VENUS_P010
01-01 07:00:01.514 I/StandardCaps( 933): PictureSizeOutputHelper: min [96 96] max
[4096 4096] default [96 96]
01-01 07:00:01.514 I/StandardCaps( 933): PictureSizeInputHelper: min [96 96] max
[4096 4096] default [96 96]
01-01 07:00:01.514 I/StandardCaps( 933): MaxPictureSizeOutputHelper: min [96 96]
max [4096 4096] default [96 96]
01-01 07:00:01.514 I/StandardCaps( 933): FrameRateInputHelper: min 1 max 960 step
0 default 30
01-01 07:00:01.514 I/StandardCaps( 933): OperatingRateHelper: min 30, max 32767,
step 0, default 30
01-01 07:00:01.514 E/QC2V4l2Caps( 933): Failed to read platform HDR value
01-01 07:00:01.514 I/StandardCaps( 933): ProfileLevelInputHelper: Profiles
01-01 07:00:01.514 I/StandardCaps( 933): HEVC_MAIN
01-01 07:00:01.514 I/StandardCaps( 933): HEVC_MAIN_STLL
01-01 07:00:01.514 I/StandardCaps( 933): HEVC_MAIN10
01-01 07:00:01.514 I/StandardCaps( 933): ProfileLevelInputHelper: Levels
01-01 07:00:01.514 I/StandardCaps( 933): Main 1.0
01-01 07:00:01.514 I/StandardCaps( 933): Main 2.0
01-01 07:00:01.514 I/StandardCaps( 933): Main 2.1
01-01 07:00:01.514 I/StandardCaps( 933): Main 3.0
01-01 07:00:01.514 I/StandardCaps( 933): Main 3.1
01-01 07:00:01.514 I/StandardCaps( 933): Main 4.0
01-01 07:00:01.514 I/StandardCaps( 933): Main 4.1
01-01 07:00:01.514 I/StandardCaps( 933): Main 5.0
01-01 07:00:01.514 I/StandardCaps( 933): High 1.0
01-01 07:00:01.514 I/StandardCaps( 933): High 2.0
01-01 07:00:01.515 I/StandardCaps( 933): High 2.1
01-01 07:00:01.515 I/StandardCaps( 933): High 3.0
01-01 07:00:01.515 I/StandardCaps( 933): High 3.1
01-01 07:00:01.515 I/StandardCaps( 933): High 4.0
01-01 07:00:01.515 I/StandardCaps( 933): High 4.1
01-01 07:00:01.515 I/StandardCaps( 933): High 5.0
01-01 07:00:01.515 I/VendorCaps( 933): RenderFrameRateOutputHelper: min 0 max 120
step 30 default 0
01-01 07:00:01.515 I/VendorCaps( 933): VideoRefreshRateOutputHelper: min 0 max 120
step 1 default 60
01-01 07:00:01.516 I/ServiceManager( 799): Waiting for service 'statscompanion' on
'/dev/binder'...
01-01 07:00:01.517 I/QC2V4l2Driver( 933): [hevcDSec_0] Closed device driver with
fd: 7
01-01 07:00:01.517 E/QC2V4l2Driver( 933): Invalid device driver fd:-1
01-01 07:00:01.517 I/QC2V4l2Driver( 933): [hevcDSec_0] Closed device driver with
fd: -1
01-01 07:00:01.517 I/QC2Comp ( 933): codec capability queried!
01-01 07:00:01.517 I/QC2CompStore( 933): Added capabilities for
c2.qti.hevc.decoder.secure
01-01 07:00:01.517 I/QC2Registry( 933): Getting stages for pipelined codec
01-01 07:00:01.518 I/QC2V4l2Codec( 933): [vp9D_0] output buffer allocation timeout
threshold set to 0ms
01-01 07:00:01.518 I/QC2Registry( 933): Pipelining enabled
01-01 07:00:01.518 I/QC2Registry( 933): Requested codec is pipelined. Create codec
list
01-01 07:00:01.518 I/QC2Registry( 933): Interface not provided. Enable by deafault
01-01 07:00:01.518 I/QC2Filter( 933): FUNCTION_BEGIN:QC2Filter
01-01 07:00:01.518 I/QC2Filter( 933): FUNCTION_END:QC2Filter TIME=0 ms
01-01 07:00:01.518 I/QC2BlackBarFilter( 933): FUNCTION_BEGIN:QC2BlackBarFilter
01-01 07:00:01.518 I/QC2BlackBarFilter( 933): FUNCTION_END:QC2BlackBarFilter
TIME=0 ms
01-01 07:00:01.518 I/QC2Registry( 933): Created 1 codecs for pipelined codec
c2.qti.vp9.decoder
01-01 07:00:01.518 I/QC2PipelineCodec( 933): ctor: logmask=0x0 pvtlogmask=0x0
01-01 07:00:01.518 I/QC2PipelineCodec( 933): QC2PipelinedDecoder ctor
01-01 07:00:01.518 I/QC2PipelineCodec( 933): Created pipelined codec
01-01 07:00:01.518 I/QC2Registry( 933): Created pipelined Codec for
c2.qti.vp9.decoder
01-01 07:00:01.518 I/QC2PipelineCodec( 933): init: begin
01-01 07:00:01.518 I/QC2PipelineCodec( 933): initializeConfiguration for decoder
01-01 07:00:01.518 I/QC2PipelinedEntity( 933): [c2.qti.vp9.decoder_0]
pipelineid=100 QC2PipelinedEntity
01-01 07:00:01.518 I/QC2PipelinedEntity( 933): [c2.qti.BlackBar.filter_0]
pipelineid=101 QC2PipelinedEntity
01-01 07:00:01.518 E/QC2PipelineCodec( 933): [c2.qti.vp9.decoder_0] Init
pipelineid=100
01-01 07:00:01.518 I/QC2PipelinedEntity( 933): [c2.qti.vp9.decoder_0]
pipelineid=100 instantiation succeeded
01-01 07:00:01.518 I/QC2V4l2Driver( 933): [vp9D_0] Device /dev/video32 opened with
fd: 7
01-01 07:00:01.519 E/QC2PipelineCodec( 933): [c2.qti.vp9.decoder_0] Init
pipelineid=100 status=0
01-01 07:00:01.519 E/QC2PipelineCodec( 933): [c2.qti.BlackBar.filter_0] Init
pipelineid=101
01-01 07:00:01.519 I/QC2PipelinedEntity( 933): [c2.qti.BlackBar.filter_0]
pipelineid=101 instantiation succeeded
01-01 07:00:01.519 I/QC2Filter( 933): FUNCTION_BEGIN:init
01-01 07:00:01.519 I/QC2Filter( 933): FUNCTION_BEGIN:handleInit
01-01 07:00:01.519 I/QC2BlackBarFilter( 933):
FUNCTION_BEGIN:setFilterOperatingMode
01-01 07:00:01.519 I/QC2BlackBarFilter( 933): FUNCTION_END:setFilterOperatingMode
TIME=0 ms
01-01 07:00:01.519 I/QC2BlackBarFilter( 933): FUNCTION_BEGIN:onInit
01-01 07:00:01.519 I/QC2BlackBarFilter( 933): mCodecName is c2.qti.BlackBar.filter
session id is 0
01-01 07:00:01.519 I/QC2BlackBarFilter( 933): mInputMime is c2.qti.vp9.decoder,
mOutputMime is
01-01 07:00:01.519 I/QC2-SIMPLE-BLACKBAR( 933): SimpleBlackBar ctor !
01-01 07:00:01.519 I/QC2BlackBarFilter( 933): FUNCTION_END:onInit TIME=0 ms
01-01 07:00:01.519 I/QC2Filter( 933): FUNCTION_END:handleInit TIME=0 ms
01-01 07:00:01.519 I/QC2Filter( 933): FUNCTION_END:init TIME=0 ms
01-01 07:00:01.519 E/QC2PipelineCodec( 933): [c2.qti.BlackBar.filter_0] Init
pipelineid=101 status=0
01-01 07:00:01.519 I/QC2PipelineCodec( 933): getCapsHelpers internal
01-01 07:00:01.519 I/QC2PipelineCodec( 933): getCapsHelpersInternal:
piplinedcodecs size=2
01-01 07:00:01.519 I/StandardCaps( 933): PixelFormatOutputHelper:
01-01 07:00:01.519 I/StandardCaps( 933): VENUS_NV12
01-01 07:00:01.519 I/StandardCaps( 933): VENUS_NV12_UBWC
01-01 07:00:01.519 I/StandardCaps( 933): VENUS_TP10
01-01 07:00:01.519 I/StandardCaps( 933): VENUS_P010
01-01 07:00:01.519 I/StandardCaps( 933): PictureSizeOutputHelper: min [96 96] max
[4096 4096] default [96 96]
01-01 07:00:01.519 I/StandardCaps( 933): PictureSizeInputHelper: min [96 96] max
[4096 4096] default [96 96]
01-01 07:00:01.519 I/StandardCaps( 933): MaxPictureSizeOutputHelper: min [96 96]
max [4096 4096] default [96 96]
01-01 07:00:01.519 I/StandardCaps( 933): FrameRateInputHelper: min 1 max 960 step
0 default 30
01-01 07:00:01.519 I/StandardCaps( 933): OperatingRateHelper: min 30, max 32767,
step 0, default 30
01-01 07:00:01.520 E/QC2V4l2Caps( 933): Failed to read platform HDR value
01-01 07:00:01.520 E/QC2V4l2Caps( 933): c2 level not found for v4l2 level 0
01-01 07:00:01.520 I/StandardCaps( 933): ProfileLevelInputHelper: Profiles
01-01 07:00:01.520 I/StandardCaps( 933): VP9_PROFILE_0
01-01 07:00:01.520 I/StandardCaps( 933): VP9_PROFILE_2
01-01 07:00:01.520 I/StandardCaps( 933): ProfileLevelInputHelper: Levels
01-01 07:00:01.520 I/StandardCaps( 933): 1.0
01-01 07:00:01.520 I/StandardCaps( 933): 1.1
01-01 07:00:01.520 I/StandardCaps( 933): 2.0
01-01 07:00:01.520 I/StandardCaps( 933): 2.1
01-01 07:00:01.520 I/StandardCaps( 933): 3.0
01-01 07:00:01.520 I/StandardCaps( 933): 3.1
01-01 07:00:01.520 I/StandardCaps( 933): 4.0
01-01 07:00:01.520 I/StandardCaps( 933): 4.1
01-01 07:00:01.520 I/StandardCaps( 933): 5.0
01-01 07:00:01.520 I/StandardCaps( 933): 5.1
01-01 07:00:01.520 I/VendorCaps( 933): RenderFrameRateOutputHelper: min 0 max 120
step 30 default 0
01-01 07:00:01.520 I/VendorCaps( 933): VideoRefreshRateOutputHelper: min 0 max 120
step 1 default 60
01-01 07:00:01.520 I/QC2Filter( 933): FUNCTION_BEGIN:getCapsHelpers
01-01 07:00:01.523 I/Zygote ( 801): Preloading shared libraries...
01-01 07:00:01.524 I/QC2BlackBarFilter( 933): FUNCTION_BEGIN:onGetCapsHelpers
01-01 07:00:01.524 I/QC2BlackBarFilter( 933): FUNCTION_END:onGetCapsHelpers TIME=0
ms
01-01 07:00:01.524 I/QC2Filter( 933): FUNCTION_END:getCapsHelpers TIME=3 ms
01-01 07:00:01.524 I/QC2PipelineCodec( 933): capshelpers vectorId 0 inputDelay=0
01-01 07:00:01.524 I/QC2PipelinedEntity( 933): [c2.qti.vp9.decoder_0]
pipelineid=100 inputDelay=0
01-01 07:00:01.524 I/QC2PipelineCodec( 933): capshelpers vectorId 0 outputDelay=18
01-01 07:00:01.524 I/QC2PipelinedEntity( 933): [c2.qti.vp9.decoder_0]
pipelineid=100 outputDelay=18
01-01 07:00:01.524 I/QC2PipelineCodec( 933): capshelpers vectorId 1 inputDelay=1
01-01 07:00:01.524 I/QC2PipelinedEntity( 933): [c2.qti.BlackBar.filter_0]
pipelineid=101 inputDelay=1
01-01 07:00:01.524 I/QC2PipelineCodec( 933): capshelpers vectorId 1 outputDelay=10
01-01 07:00:01.524 I/QC2PipelinedEntity( 933): [c2.qti.BlackBar.filter_0]
pipelineid=101 outputDelay=10
01-01 07:00:01.524 I/QC2PipelineCodec( 933): computeDelays
01-01 07:00:01.524 I/QC2PipelinedEntity( 933): pipelineid=100 extraAllocation=2
set maxOutputBuffers=21
01-01 07:00:01.524 I/QC2PipelinedEntity( 933): pipelineid=101 extraAllocation=2
set maxOutputBuffers=12
01-01 07:00:01.524 I/QC2PipelineCodec( 933): ComputeDelay: iDelay=0 pDelay=0
oDelay=33
01-01 07:00:01.524 I/QC2PipelineCodec( 933): TotalInputDelay=0 (0)
totalOutputDelay=33 (33)
01-01 07:00:01.524 I/QC2PipelineCodec( 933): ActualOutputDelayHelper value=33
01-01 07:00:01.524 I/QC2PipelineCodec( 933): Resolve conflict 60000825
[algo.secure-mode]
01-01 07:00:01.524 I/QC2PipelineCodec( 933): Resolve conflict 4000080e
[input.delay]
01-01 07:00:01.524 I/QC2PipelineCodec( 933): Dont merge
delay/size/format/framerate params
01-01 07:00:01.524 I/QC2PipelineCodec( 933): Resolve conflict 9001080c
[output.media-type]
01-01 07:00:01.524 I/QC2PipelineCodec( 933): Resolve conflict 5000080e
[output.delay]
01-01 07:00:01.524 I/QC2PipelineCodec( 933): Dont merge
delay/size/format/framerate params
01-01 07:00:01.524 I/QC2PipelineCodec( 933): Resolve conflict a0000804
[component.kind]
01-01 07:00:01.524 I/QC2PipelineCodec( 933): Resolve conflict 8001080c
[input.media-type]
01-01 07:00:01.524 I/QC2PipelineCodec( 933): Resolve conflict a0000805
[component.domain]
01-01 07:00:01.524 I/QC2PipelineCodec( 933): capsHelper add param=a0009002
01-01 07:00:01.524 I/QC2PipelineCodec( 933): capsHelper add param=9200c047
01-01 07:00:01.524 I/QC2PipelineCodec( 933): capsHelper add param=d200c03f
01-01 07:00:01.524 I/QC2PipelineCodec( 933): capsHelper add param=a0009000
01-01 07:00:01.524 I/QC2PipelineCodec( 933): capsHelper add param=9200c036
01-01 07:00:01.524 I/QC2PipelineCodec( 933): capsHelper add param=d200c00e
01-01 07:00:01.524 I/QC2PipelineCodec( 933): capsHelper add param=5200c012
01-01 07:00:01.524 I/QC2PipelineCodec( 933): capsHelper add param=8200c042
01-01 07:00:01.524 I/QC2PipelineCodec( 933): capsHelper add param=d200c000
01-01 07:00:01.524 I/QC2PipelineCodec( 933): capsHelper add param=92008001
01-01 07:00:01.524 I/QC2PipelineCodec( 933): capsHelper add param=d200c04a
01-01 07:00:01.524 I/QC2PipelineCodec( 933): capsHelper add param=d201c00d
01-01 07:00:01.524 I/QC2PipelineCodec( 933): capsHelper add param=d2008002
01-01 07:00:01.524 I/QC2PipelineCodec( 933): capsHelper add param=d200c00b
01-01 07:00:01.524 I/QC2PipelineCodec( 933): capsHelper add param=d200c034
01-01 07:00:01.524 I/QC2PipelineCodec( 933): capsHelper add param=d200c013
01-01 07:00:01.524 I/QC2PipelineCodec( 933): capsHelper add param=d200c01b
01-01 07:00:01.524 I/QC2PipelineCodec( 933): capsHelper add param=c2001809
01-01 07:00:01.524 I/QC2PipelineCodec( 933): isParamPipelineOwned 5000080e true
01-01 07:00:01.524 I/QC2PipelineCodec( 933): capsHelper skip param 5000080e
01-01 07:00:01.524 I/QC2PipelineCodec( 933): isParamPipelineOwned 4000080e true
01-01 07:00:01.524 I/QC2PipelineCodec( 933): capsHelper skip param 4000080e
01-01 07:00:01.524 I/QC2PipelineCodec( 933): capsHelper add param=d2001802
01-01 07:00:01.524 I/QC2PipelineCodec( 933): capsHelper add param=c2000808
01-01 07:00:01.524 I/QC2PipelineCodec( 933): capsHelper add param=60000824
01-01 07:00:01.524 I/QC2PipelineCodec( 933): capsHelper add param=a0000801
01-01 07:00:01.524 I/QC2PipelineCodec( 933): capsHelper add param=d2011811
01-01 07:00:01.524 I/QC2PipelineCodec( 933): capsHelper add param=60000823
01-01 07:00:01.524 I/QC2PipelineCodec( 933): capsHelper add param=c2002000
01-01 07:00:01.524 I/QC2PipelineCodec( 933): capsHelper add param=d2001809
01-01 07:00:01.524 I/QC2PipelineCodec( 933): capsHelper add param=d200c006
01-01 07:00:01.524 I/QC2PipelineCodec( 933): capsHelper add param=52002003
01-01 07:00:01.524 I/QC2PipelineCodec( 933): capsHelper add param=9001080c
01-01 07:00:01.524 I/QC2PipelineCodec( 933): capsHelper add param=8001080c
01-01 07:00:01.524 I/QC2PipelineCodec( 933): capsHelper add param=d2001800
01-01 07:00:01.524 I/QC2PipelineCodec( 933): capsHelper add param=d2009001
01-01 07:00:01.524 I/QC2PipelineCodec( 933): capsHelper add param=9200081b
01-01 07:00:01.524 I/QC2PipelineCodec( 933): capsHelper add param=8200c035
01-01 07:00:01.524 I/QC2PipelineCodec( 933): capsHelper add param=a0000804
01-01 07:00:01.524 I/QC2PipelineCodec( 933): capsHelper add param=60000825
01-01 07:00:01.524 I/QC2PipelineCodec( 933): capsHelper add param=5200180b
01-01 07:00:01.524 I/QC2PipelineCodec( 933): capsHelper add param=d200180a
01-01 07:00:01.524 I/QC2PipelineCodec( 933): capsHelper add param=d200c007
01-01 07:00:01.524 I/QC2PipelineCodec( 933): capsHelper add param=d200c00c
01-01 07:00:01.525 I/QC2PipelineCodec( 933): capsHelper add param=c2001800
01-01 07:00:01.525 I/QC2PipelineCodec( 933): capsHelper add param=8200081b
01-01 07:00:01.525 I/QC2PipelineCodec( 933): capsHelper add param=a0000805
01-01 07:00:01.525 I/QC2PipelineCodec( 933): capsHelper add param=9200c046
01-01 07:00:01.525 I/QC2PipelineCodec( 933): capsHelper add param=5001081a
01-01 07:00:01.525 I/QC2PipelineCodec( 933): capsHelper add param=c200081e
01-01 07:00:01.525 I/QC2PipelineCodec( 933): computeDelays
01-01 07:00:01.525 I/QC2PipelinedEntity( 933): pipelineid=100 extraAllocation=2
set maxOutputBuffers=21
01-01 07:00:01.525 I/QC2PipelinedEntity( 933): pipelineid=101 extraAllocation=2
set maxOutputBuffers=12
01-01 07:00:01.525 I/QC2PipelineCodec( 933): ComputeDelay: iDelay=0 pDelay=0
oDelay=33
01-01 07:00:01.525 I/QC2PipelineCodec( 933): Delays initialized iDelay=0 pDelay=0
oDelay=33
01-01 07:00:01.525 I/QC2PipelineCodec( 933): init: end; processing-time=6 ms
01-01 07:00:01.525 I/QC2Registry( 933): Initialized pipelined Codec for
c2.qti.vp9.decoder
01-01 07:00:01.525 I/QC2PipelineCodec( 933): getCapsHelpersInternal:
piplinedcodecs size=2
01-01 07:00:01.525 I/StandardCaps( 933): PixelFormatOutputHelper:
01-01 07:00:01.525 I/StandardCaps( 933): VENUS_NV12
01-01 07:00:01.525 I/StandardCaps( 933): VENUS_NV12_UBWC
01-01 07:00:01.525 I/StandardCaps( 933): VENUS_TP10
01-01 07:00:01.525 I/StandardCaps( 933): VENUS_P010
01-01 07:00:01.525 I/StandardCaps( 933): PictureSizeOutputHelper: min [96 96] max
[4096 4096] default [96 96]
01-01 07:00:01.525 I/StandardCaps( 933): PictureSizeInputHelper: min [96 96] max
[4096 4096] default [96 96]
01-01 07:00:01.525 I/StandardCaps( 933): MaxPictureSizeOutputHelper: min [96 96]
max [4096 4096] default [96 96]
01-01 07:00:01.525 I/StandardCaps( 933): FrameRateInputHelper: min 1 max 960 step
0 default 30
01-01 07:00:01.525 I/StandardCaps( 933): OperatingRateHelper: min 30, max 32767,
step 0, default 30
01-01 07:00:01.525 E/QC2V4l2Caps( 933): Failed to read platform HDR value
01-01 07:00:01.525 E/QC2V4l2Caps( 933): c2 level not found for v4l2 level 0
01-01 07:00:01.525 I/StandardCaps( 933): ProfileLevelInputHelper: Profiles
01-01 07:00:01.525 I/StandardCaps( 933): VP9_PROFILE_0
01-01 07:00:01.525 I/StandardCaps( 933): VP9_PROFILE_2
01-01 07:00:01.525 I/StandardCaps( 933): ProfileLevelInputHelper: Levels
01-01 07:00:01.525 I/StandardCaps( 933): 1.0
01-01 07:00:01.525 I/StandardCaps( 933): 1.1
01-01 07:00:01.525 I/StandardCaps( 933): 2.0
01-01 07:00:01.525 I/StandardCaps( 933): 2.1
01-01 07:00:01.525 I/StandardCaps( 933): 3.0
01-01 07:00:01.525 I/StandardCaps( 933): 3.1
01-01 07:00:01.525 I/StandardCaps( 933): 4.0
01-01 07:00:01.525 I/StandardCaps( 933): 4.1
01-01 07:00:01.525 I/StandardCaps( 933): 5.0
01-01 07:00:01.525 I/StandardCaps( 933): 5.1
01-01 07:00:01.525 I/VendorCaps( 933): RenderFrameRateOutputHelper: min 0 max 120
step 30 default 0
01-01 07:00:01.525 I/VendorCaps( 933): VideoRefreshRateOutputHelper: min 0 max 120
step 1 default 60
01-01 07:00:01.525 I/QC2Filter( 933): FUNCTION_BEGIN:getCapsHelpers
01-01 07:00:01.526 I/QC2BlackBarFilter( 933): FUNCTION_BEGIN:onGetCapsHelpers
01-01 07:00:01.526 I/QC2BlackBarFilter( 933): FUNCTION_END:onGetCapsHelpers TIME=0
ms
01-01 07:00:01.526 I/QC2Filter( 933): FUNCTION_END:getCapsHelpers TIME=0 ms
01-01 07:00:01.526 I/QC2PipelineCodec( 933): capshelpers vectorId 0 inputDelay=0
01-01 07:00:01.526 I/QC2PipelinedEntity( 933): [c2.qti.vp9.decoder_0]
pipelineid=100 inputDelay=0
01-01 07:00:01.526 I/QC2PipelineCodec( 933): capshelpers vectorId 0 outputDelay=18
01-01 07:00:01.526 I/QC2PipelinedEntity( 933): [c2.qti.vp9.decoder_0]
pipelineid=100 outputDelay=18
01-01 07:00:01.526 I/QC2PipelineCodec( 933): capshelpers vectorId 1 inputDelay=1
01-01 07:00:01.526 I/QC2PipelinedEntity( 933): [c2.qti.BlackBar.filter_0]
pipelineid=101 inputDelay=1
01-01 07:00:01.526 I/QC2PipelineCodec( 933): capshelpers vectorId 1 outputDelay=10
01-01 07:00:01.526 I/QC2PipelinedEntity( 933): [c2.qti.BlackBar.filter_0]
pipelineid=101 outputDelay=10
01-01 07:00:01.526 I/QC2PipelineCodec( 933): computeDelays
01-01 07:00:01.526 I/QC2PipelinedEntity( 933): pipelineid=100 extraAllocation=2
set maxOutputBuffers=21
01-01 07:00:01.526 I/QC2PipelinedEntity( 933): pipelineid=101 extraAllocation=2
set maxOutputBuffers=12
01-01 07:00:01.526 I/QC2PipelineCodec( 933): ComputeDelay: iDelay=0 pDelay=0
oDelay=33
01-01 07:00:01.526 I/QC2PipelineCodec( 933): TotalInputDelay=0 (0)
totalOutputDelay=33 (33)
01-01 07:00:01.526 I/QC2PipelineCodec( 933): ActualOutputDelayHelper value=33
01-01 07:00:01.526 I/QC2PipelineCodec( 933): Resolve conflict 60000825
[algo.secure-mode]
01-01 07:00:01.526 I/QC2PipelineCodec( 933): Resolve conflict 4000080e
[input.delay]
01-01 07:00:01.526 I/QC2PipelineCodec( 933): Dont merge
delay/size/format/framerate params
01-01 07:00:01.526 I/QC2PipelineCodec( 933): Resolve conflict 9001080c
[output.media-type]
01-01 07:00:01.526 I/QC2PipelineCodec( 933): Resolve conflict 5000080e
[output.delay]
01-01 07:00:01.526 I/QC2PipelineCodec( 933): Dont merge
delay/size/format/framerate params
01-01 07:00:01.526 I/QC2PipelineCodec( 933): Resolve conflict a0000804
[component.kind]
01-01 07:00:01.526 I/QC2PipelineCodec( 933): Resolve conflict 8001080c
[input.media-type]
01-01 07:00:01.526 I/QC2PipelineCodec( 933): Resolve conflict a0000805
[component.domain]
01-01 07:00:01.526 I/QC2PipelineCodec( 933): capsHelper add param=a0009002
01-01 07:00:01.526 I/QC2PipelineCodec( 933): capsHelper add param=9200c047
01-01 07:00:01.526 I/QC2PipelineCodec( 933): capsHelper add param=d200c03f
01-01 07:00:01.526 I/QC2PipelineCodec( 933): capsHelper add param=a0009000
01-01 07:00:01.526 I/QC2PipelineCodec( 933): capsHelper add param=9200c036
01-01 07:00:01.526 I/QC2PipelineCodec( 933): capsHelper add param=d200c00e
01-01 07:00:01.526 I/QC2PipelineCodec( 933): capsHelper add param=5200c012
01-01 07:00:01.526 I/QC2PipelineCodec( 933): capsHelper add param=8200c042
01-01 07:00:01.526 I/QC2PipelineCodec( 933): capsHelper add param=d200c000
01-01 07:00:01.526 I/QC2PipelineCodec( 933): capsHelper add param=92008001
01-01 07:00:01.526 I/QC2PipelineCodec( 933): capsHelper add param=d200c04a
01-01 07:00:01.526 I/QC2PipelineCodec( 933): capsHelper add param=d201c00d
01-01 07:00:01.526 I/QC2PipelineCodec( 933): capsHelper add param=d2008002
01-01 07:00:01.526 I/QC2PipelineCodec( 933): capsHelper add param=d200c00b
01-01 07:00:01.526 I/QC2PipelineCodec( 933): capsHelper add param=d200c034
01-01 07:00:01.526 I/QC2PipelineCodec( 933): capsHelper add param=d200c013
01-01 07:00:01.526 I/QC2PipelineCodec( 933): capsHelper add param=d200c01b
01-01 07:00:01.526 I/QC2PipelineCodec( 933): capsHelper add param=c2001809
01-01 07:00:01.526 I/QC2PipelineCodec( 933): isParamPipelineOwned 5000080e true
01-01 07:00:01.526 I/QC2PipelineCodec( 933): capsHelper skip param 5000080e
01-01 07:00:01.526 I/QC2PipelineCodec( 933): isParamPipelineOwned 4000080e true
01-01 07:00:01.526 I/QC2PipelineCodec( 933): capsHelper skip param 4000080e
01-01 07:00:01.526 I/QC2PipelineCodec( 933): capsHelper add param=d2001802
01-01 07:00:01.526 I/QC2PipelineCodec( 933): capsHelper add param=c2000808
01-01 07:00:01.526 I/QC2PipelineCodec( 933): capsHelper add param=60000824
01-01 07:00:01.526 I/QC2PipelineCodec( 933): capsHelper add param=a0000801
01-01 07:00:01.526 I/QC2PipelineCodec( 933): capsHelper add param=d2011811
01-01 07:00:01.526 I/QC2PipelineCodec( 933): capsHelper add param=60000823
01-01 07:00:01.526 I/QC2PipelineCodec( 933): capsHelper add param=c2002000
01-01 07:00:01.526 I/QC2PipelineCodec( 933): capsHelper add param=d2001809
01-01 07:00:01.526 I/QC2PipelineCodec( 933): capsHelper add param=d200c006
01-01 07:00:01.526 I/QC2PipelineCodec( 933): capsHelper add param=52002003
01-01 07:00:01.526 I/QC2PipelineCodec( 933): capsHelper add param=9001080c
01-01 07:00:01.526 I/QC2PipelineCodec( 933): capsHelper add param=8001080c
01-01 07:00:01.526 I/QC2PipelineCodec( 933): capsHelper add param=d2001800
01-01 07:00:01.526 I/QC2PipelineCodec( 933): capsHelper add param=d2009001
01-01 07:00:01.526 I/QC2PipelineCodec( 933): capsHelper add param=9200081b
01-01 07:00:01.526 I/QC2PipelineCodec( 933): capsHelper add param=8200c035
01-01 07:00:01.526 I/QC2PipelineCodec( 933): capsHelper add param=a0000804
01-01 07:00:01.526 I/QC2PipelineCodec( 933): capsHelper add param=60000825
01-01 07:00:01.526 I/QC2PipelineCodec( 933): capsHelper add param=5200180b
01-01 07:00:01.526 I/QC2PipelineCodec( 933): capsHelper add param=d200180a
01-01 07:00:01.526 I/QC2PipelineCodec( 933): capsHelper add param=d200c007
01-01 07:00:01.526 I/QC2PipelineCodec( 933): capsHelper add param=d200c00c
01-01 07:00:01.526 I/QC2PipelineCodec( 933): capsHelper add param=c2001800
01-01 07:00:01.526 I/QC2PipelineCodec( 933): capsHelper add param=8200081b
01-01 07:00:01.526 I/QC2PipelineCodec( 933): capsHelper add param=a0000805
01-01 07:00:01.526 I/QC2PipelineCodec( 933): capsHelper add param=9200c046
01-01 07:00:01.526 I/QC2PipelineCodec( 933): capsHelper add param=5001081a
01-01 07:00:01.526 I/QC2PipelineCodec( 933): capsHelper add param=c200081e
01-01 07:00:01.526 I/QC2PipelineCodec( 933): release: begin
01-01 07:00:01.526 I/QC2PipelinedEntity( 933): [c2.qti.vp9.decoder_0]
pipelinedid=100 release
01-01 07:00:01.529 I/QC2V4l2Driver( 933): [vp9D_0] Closed device driver with fd: 7
01-01 07:00:01.529 I/QC2PipelinedEntity( 933): [c2.qti.BlackBar.filter_0]
pipelinedid=101 release
01-01 07:00:01.529 I/QC2Filter( 933): FUNCTION_BEGIN:release
01-01 07:00:01.529 I/QC2Filter( 933): FUNCTION_END:release TIME=0 ms
01-01 07:00:01.529 I/QC2PipelinedEntity( 933): pipelineid=101 ~QC2PipelinedEntity
01-01 07:00:01.530 I/QC2PipelinedEntity( 933): pipelineid=100 ~QC2PipelinedEntity
01-01 07:00:01.531 I/QC2PipelineCodec( 933): release: end; processing-time=5 ms
01-01 07:00:01.532 I/QC2PipelineCodec( 933): QC2PipelinedDecoder dtor
01-01 07:00:01.532 I/QC2BlackBarFilter( 933): FUNCTION_BEGIN:~QC2BlackBarFilter
01-01 07:00:01.532 I/QC2BlackBarFilter( 933): FUNCTION_END:~QC2BlackBarFilter
TIME=0 ms
01-01 07:00:01.532 I/QC2-SIMPLE-BLACKBAR( 933): SimpleBlackBar dtor exit
01-01 07:00:01.532 I/QC2Filter( 933): FUNCTION_BEGIN:~QC2Filter
01-01 07:00:01.532 I/QC2Filter( 933): FUNCTION_BEGIN:release
01-01 07:00:01.532 I/QC2Filter( 933): FUNCTION_END:release TIME=0 ms
01-01 07:00:01.532 I/QC2Filter( 933): FUNCTION_END:~QC2Filter TIME=0 ms
01-01 07:00:01.532 E/QC2V4l2Driver( 933): Invalid device driver fd:-1
01-01 07:00:01.532 I/QC2V4l2Driver( 933): [vp9D_0] Closed device driver with fd: -
1
01-01 07:00:01.532 I/QC2Comp ( 933): codec capability queried!
01-01 07:00:01.532 I/QC2CompStore( 933): Added capabilities for c2.qti.vp9.decoder
01-01 07:00:01.533 I/QC2Registry( 933): Getting stages for pipelined codec
01-01 07:00:01.533 I/QC2V4l2Codec( 933): [vp9DSec_0] output buffer allocation
timeout threshold set to 0ms
01-01 07:00:01.533 I/QC2Registry( 933): Pipelining enabled
01-01 07:00:01.533 I/QC2Registry( 933): Requested codec is pipelined. Create codec
list
01-01 07:00:01.533 I/QC2Registry( 933): Filter c2.qti.BlackBar.filter can't be
pipelined
01-01 07:00:01.533 I/QC2Registry( 933): Created 0 codecs for pipelined codec
c2.qti.vp9.decoder.secure
01-01 07:00:01.533 I/QC2Registry( 933): Return standalone codec caps for
c2.qti.vp9.decoder.secure
01-01 07:00:01.533 I/QC2V4l2Driver( 933): [vp9DSec_0] Device /dev/video32 opened
with fd: 7
01-01 07:00:01.534 I/StandardCaps( 933): PixelFormatOutputHelper:
01-01 07:00:01.534 I/StandardCaps( 933): VENUS_NV12
01-01 07:00:01.534 I/StandardCaps( 933): VENUS_NV12_UBWC
01-01 07:00:01.534 I/StandardCaps( 933): VENUS_TP10
01-01 07:00:01.534 I/StandardCaps( 933): VENUS_P010
01-01 07:00:01.534 I/StandardCaps( 933): PictureSizeOutputHelper: min [96 96] max
[4096 4096] default [96 96]
01-01 07:00:01.534 I/StandardCaps( 933): PictureSizeInputHelper: min [96 96] max
[4096 4096] default [96 96]
01-01 07:00:01.534 I/StandardCaps( 933): MaxPictureSizeOutputHelper: min [96 96]
max [4096 4096] default [96 96]
01-01 07:00:01.534 I/StandardCaps( 933): FrameRateInputHelper: min 1 max 960 step
0 default 30
01-01 07:00:01.535 I/StandardCaps( 933): OperatingRateHelper: min 30, max 32767,
step 0, default 30
01-01 07:00:01.535 E/QC2V4l2Caps( 933): Failed to read platform HDR value
01-01 07:00:01.535 E/QC2V4l2Caps( 933): c2 level not found for v4l2 level 0
01-01 07:00:01.535 I/StandardCaps( 933): ProfileLevelInputHelper: Profiles
01-01 07:00:01.535 I/StandardCaps( 933): VP9_PROFILE_0
01-01 07:00:01.535 I/StandardCaps( 933): VP9_PROFILE_2
01-01 07:00:01.535 I/StandardCaps( 933): ProfileLevelInputHelper: Levels
01-01 07:00:01.535 I/StandardCaps( 933): 1.0
01-01 07:00:01.535 I/StandardCaps( 933): 1.1
01-01 07:00:01.535 I/StandardCaps( 933): 2.0
01-01 07:00:01.535 I/StandardCaps( 933): 2.1
01-01 07:00:01.535 I/StandardCaps( 933): 3.0
01-01 07:00:01.535 I/StandardCaps( 933): 3.1
