01-09 13:48:29.307 D/NVITEM ( 884): : writeData:id=1,start=263592, bytesLen:1024
01-09 13:48:29.307 D/NVITEM ( 884): : *****memcpy packet buf to fromChannel
01-09 13:48:29.307 D/NVITEM ( 884): : _getPacket
01-09 13:48:29.308 D/NVITEM ( 884): : get wake_lock 0
01-09 13:48:29.308 D/NVITEM ( 884): : channel_read success
01-09 13:48:29.308 D/NVITEM ( 884): : _getPacket continue read 1044 size 1024 grp
2 sub 171
01-09 13:48:29.308 D/NVITEM ( 884): : writeData:id=1,start=264616, bytesLen:1024
01-09 13:48:29.308 D/NVITEM ( 884): : *****memcpy packet buf to fromChannel
01-09 13:48:29.308 D/NVITEM ( 884): : _getPacket
01-09 13:48:29.308 D/NVITEM ( 884): : get wake_lock 0
01-09 13:48:29.308 D/NVITEM ( 884): : channel_read success
01-09 13:48:29.308 D/NVITEM ( 884): : _getPacket continue read 1044 size 1024 grp
2 sub 172
01-09 13:48:29.308 D/NVITEM ( 884): : writeData:id=1,start=265640, bytesLen:1024
01-09 13:48:29.308 D/NVITEM ( 884): : *****memcpy packet buf to fromChannel
01-09 13:48:29.308 D/NVITEM ( 884): : _getPacket
01-09 13:48:29.309 D/NVITEM ( 884): : get wake_lock 0
01-09 13:48:29.309 D/NVITEM ( 884): : channel_read success
01-09 13:48:29.309 D/NVITEM ( 884): : _getPacket continue read 1044 size 1024 grp
2 sub 173
01-09 13:48:29.309 D/NVITEM ( 884): : writeData:id=1,start=266664, bytesLen:1024
01-09 13:48:29.309 D/NVITEM ( 884): : *****memcpy packet buf to fromChannel
01-09 13:48:29.309 D/NVITEM ( 884): : _getPacket
01-09 13:48:29.309 D/NVITEM ( 884): : get wake_lock 0
01-09 13:48:29.309 D/NVITEM ( 884): : channel_read success
01-09 13:48:29.309 D/NVITEM ( 884): : _getPacket continue read 1044 size 1024 grp
2 sub 174
01-09 13:48:29.309 D/NVITEM ( 884): : writeData:id=1,start=267688, bytesLen:1024
01-09 13:48:29.309 D/NVITEM ( 884): : *****memcpy packet buf to fromChannel
01-09 13:48:29.309 D/NVITEM ( 884): : _getPacket
01-09 13:48:29.310 D/NVITEM ( 884): : get wake_lock 0
01-09 13:48:29.310 D/NVITEM ( 884): : channel_read success
01-09 13:48:29.310 D/NVITEM ( 884): : _getPacket continue read 1044 size 1024 grp
2 sub 175
01-09 13:48:29.310 D/NVITEM ( 884): : writeData:id=1,start=268712, bytesLen:1024
01-09 13:48:29.310 D/NVITEM ( 884): : *****memcpy packet buf to fromChannel
01-09 13:48:29.310 D/NVITEM ( 884): : _getPacket
01-09 13:48:29.310 D/NVITEM ( 884): : get wake_lock 0
01-09 13:48:29.310 D/NVITEM ( 884): : channel_read success
01-09 13:48:29.310 D/NVITEM ( 884): : _getPacket continue read 1044 size 1024 grp
2 sub 176
01-09 13:48:29.310 D/NVITEM ( 884): : writeData:id=1,start=269736, bytesLen:1024
01-09 13:48:29.310 D/NVITEM ( 884): : *****memcpy packet buf to fromChannel
01-09 13:48:29.310 D/NVITEM ( 884): : _getPacket
01-09 13:48:29.313 D/ProcessState( 841): Binder ioctl to enable oneway spam
detection failed: Invalid argument
01-09 13:48:29.313 D/NVITEM ( 884): : get wake_lock 0
01-09 13:48:29.313 D/NVITEM ( 884): : channel_read success
01-09 13:48:29.313 D/NVITEM ( 884): : _getPacket continue read 1044 size 1024 grp
2 sub 177
01-09 13:48:29.313 D/NVITEM ( 884): : writeData:id=1,start=270760, bytesLen:1024
01-09 13:48:29.313 D/NVITEM ( 884): : *****memcpy packet buf to fromChannel
01-09 13:48:29.313 D/NVITEM ( 884): : _getPacket
01-09 13:48:29.314 D/NVITEM ( 884): : get wake_lock 0
01-09 13:48:29.314 D/NVITEM ( 884): : channel_read success
01-09 13:48:29.314 D/NVITEM ( 884): : _getPacket continue read 1044 size 1024 grp
2 sub 178
01-09 13:48:29.314 D/NVITEM ( 884): : writeData:id=1,start=271784, bytesLen:1024
01-09 13:48:29.314 D/NVITEM ( 884): : *****memcpy packet buf to fromChannel
01-09 13:48:29.314 D/NVITEM ( 884): : _getPacket
01-09 13:48:29.314 D/NVITEM ( 884): : get wake_lock 0
01-09 13:48:29.314 D/NVITEM ( 884): : channel_read success
01-09 13:48:29.314 D/NVITEM ( 884): : _getPacket continue read 1044 size 1024 grp
2 sub 179
01-09 13:48:29.314 D/NVITEM ( 884): : writeData:id=1,start=272808, bytesLen:1024
01-09 13:48:29.314 D/NVITEM ( 884): : *****memcpy packet buf to fromChannel
01-09 13:48:29.314 D/NVITEM ( 884): : _getPacket
01-09 13:48:29.314 D/NVITEM ( 884): : get wake_lock 0
01-09 13:48:29.315 D/NVITEM ( 884): : channel_read success
01-09 13:48:29.315 D/NVITEM ( 884): : _getPacket continue read 1044 size 1024 grp
2 sub 180
01-09 13:48:29.315 D/NVITEM ( 884): : writeData:id=1,start=273832, bytesLen:1024
01-09 13:48:29.315 D/NVITEM ( 884): : *****memcpy packet buf to fromChannel
01-09 13:48:29.315 D/NVITEM ( 884): : _getPacket
01-09 13:48:29.315 D/NVITEM ( 884): : get wake_lock 0
01-09 13:48:29.315 D/NVITEM ( 884): : channel_read success
01-09 13:48:29.315 D/NVITEM ( 884): : _getPacket continue read 1044 size 1024 grp
2 sub 181
01-09 13:48:29.315 D/NVITEM ( 884): : writeData:id=1,start=274856, bytesLen:1024
01-09 13:48:29.315 D/NVITEM ( 884): : *****memcpy packet buf to fromChannel
01-09 13:48:29.315 D/NVITEM ( 884): : _getPacket
01-09 13:48:29.316 D/NVITEM ( 884): : get wake_lock 0
01-09 13:48:29.316 D/NVITEM ( 884): : channel_read success
01-09 13:48:29.316 D/NVITEM ( 884): : _getPacket continue read 1044 size 1024 grp
2 sub 182
01-09 13:48:29.316 D/NVITEM ( 884): : writeData:id=1,start=275880, bytesLen:1024
01-09 13:48:29.316 D/NVITEM ( 884): : *****memcpy packet buf to fromChannel
01-09 13:48:29.316 D/NVITEM ( 884): : _getPacket
01-09 13:48:29.316 D/NVITEM ( 884): : get wake_lock 0
01-09 13:48:29.316 D/NVITEM ( 884): : channel_read success
01-09 13:48:29.316 D/NVITEM ( 884): : _getPacket continue read 1044 size 1024 grp
2 sub 183
01-09 13:48:29.316 D/NVITEM ( 884): : writeData:id=1,start=276904, bytesLen:1024
01-09 13:48:29.316 D/NVITEM ( 884): : *****memcpy packet buf to fromChannel
01-09 13:48:29.316 D/NVITEM ( 884): : _getPacket
01-09 13:48:29.317 D/NVITEM ( 884): : get wake_lock 0
01-09 13:48:29.317 D/NVITEM ( 884): : channel_read success
01-09 13:48:29.317 D/NVITEM ( 884): : _getPacket continue read 1044 size 1024 grp
2 sub 184
01-09 13:48:29.317 D/NVITEM ( 884): : writeData:id=1,start=277928, bytesLen:1024
01-09 13:48:29.317 D/NVITEM ( 884): : *****memcpy packet buf to fromChannel
01-09 13:48:29.317 D/NVITEM ( 884): : _getPacket
01-09 13:48:29.317 D/NVITEM ( 884): : get wake_lock 0
01-09 13:48:29.317 D/NVITEM ( 884): : channel_read success
01-09 13:48:29.317 D/NVITEM ( 884): : _getPacket continue read 1044 size 1024 grp
2 sub 185
01-09 13:48:29.317 D/NVITEM ( 884): : writeData:id=1,start=278952, bytesLen:1024
01-09 13:48:29.317 D/NVITEM ( 884): : *****memcpy packet buf to fromChannel
01-09 13:48:29.318 D/NVITEM ( 884): : _getPacket
01-09 13:48:29.318 D/NVITEM ( 884): : get wake_lock 0
01-09 13:48:29.318 D/NVITEM ( 884): : channel_read success
01-09 13:48:29.318 D/NVITEM ( 884): : _getPacket continue read 1044 size 1024 grp
2 sub 186
01-09 13:48:29.318 D/NVITEM ( 884): : writeData:id=1,start=279976, bytesLen:1024
01-09 13:48:29.318 D/NVITEM ( 884): : *****memcpy packet buf to fromChannel
01-09 13:48:29.318 D/NVITEM ( 884): : _getPacket
01-09 13:48:29.319 D/NVITEM ( 884): : get wake_lock 0
01-09 13:48:29.319 D/NVITEM ( 884): : channel_read success
01-09 13:48:29.319 D/NVITEM ( 884): : _getPacket continue read 1044 size 1024 grp
2 sub 187
01-09 13:48:29.319 D/NVITEM ( 884): : writeData:id=1,start=281000, bytesLen:1024
01-09 13:48:29.319 D/NVITEM ( 884): : *****memcpy packet buf to fromChannel
01-09 13:48:29.319 D/NVITEM ( 884): : _getPacket
01-09 13:48:29.319 D/NVITEM ( 884): : get wake_lock 0
01-09 13:48:29.319 D/NVITEM ( 884): : channel_read success
01-09 13:48:29.319 D/NVITEM ( 884): : _getPacket continue read 1044 size 1024 grp
2 sub 188
01-09 13:48:29.319 D/NVITEM ( 884): : writeData:id=1,start=282024, bytesLen:1024
01-09 13:48:29.319 D/NVITEM ( 884): : *****memcpy packet buf to fromChannel
01-09 13:48:29.319 D/NVITEM ( 884): : _getPacket
01-09 13:48:29.320 D/NVITEM ( 884): : get wake_lock 0
01-09 13:48:29.320 D/NVITEM ( 884): : channel_read success
01-09 13:48:29.320 D/NVITEM ( 884): : _getPacket continue read 1044 size 1024 grp
2 sub 189
01-09 13:48:29.320 D/NVITEM ( 884): : writeData:id=1,start=283048, bytesLen:1024
01-09 13:48:29.320 D/NVITEM ( 884): : *****memcpy packet buf to fromChannel
01-09 13:48:29.320 D/NVITEM ( 884): : _getPacket
01-09 13:48:29.320 D/NVITEM ( 884): : get wake_lock 0
01-09 13:48:29.320 D/NVITEM ( 884): : channel_read success
01-09 13:48:29.320 D/NVITEM ( 884): : _getPacket continue read 1044 size 1024 grp
2 sub 190
01-09 13:48:29.320 D/NVITEM ( 884): : writeData:id=1,start=284072, bytesLen:1024
01-09 13:48:29.320 D/NVITEM ( 884): : *****memcpy packet buf to fromChannel
01-09 13:48:29.320 D/NVITEM ( 884): : _getPacket
01-09 13:48:29.321 D/NVITEM ( 884): : get wake_lock 0
01-09 13:48:29.321 D/NVITEM ( 884): : channel_read success
01-09 13:48:29.321 D/NVITEM ( 884): : _getPacket continue read 1044 size 1024 grp
2 sub 191
01-09 13:48:29.321 D/NVITEM ( 884): : writeData:id=1,start=285096, bytesLen:1024
01-09 13:48:29.321 D/NVITEM ( 884): : *****memcpy packet buf to fromChannel
01-09 13:48:29.321 D/NVITEM ( 884): : _getPacket
01-09 13:48:29.322 D/NVITEM ( 884): : get wake_lock 0
01-09 13:48:29.322 D/NVITEM ( 884): : channel_read success
01-09 13:48:29.322 D/NVITEM ( 884): : _getPacket continue read 1044 size 1024 grp
2 sub 192
01-09 13:48:29.322 D/NVITEM ( 884): : writeData:id=1,start=286120, bytesLen:1024
01-09 13:48:29.322 D/NVITEM ( 884): : *****memcpy packet buf to fromChannel
01-09 13:48:29.322 D/NVITEM ( 884): : _getPacket
01-09 13:48:29.322 D/NVITEM ( 884): : get wake_lock 0
01-09 13:48:29.322 D/NVITEM ( 884): : channel_read success
01-09 13:48:29.322 D/NVITEM ( 884): : _getPacket continue read 1044 size 1024 grp
2 sub 193
01-09 13:48:29.322 D/NVITEM ( 884): : writeData:id=1,start=287144, bytesLen:1024
01-09 13:48:29.322 D/NVITEM ( 884): : *****memcpy packet buf to fromChannel
01-09 13:48:29.322 D/NVITEM ( 884): : _getPacket
01-09 13:48:29.323 D/NVITEM ( 884): : get wake_lock 0
01-09 13:48:29.323 D/NVITEM ( 884): : channel_read success
01-09 13:48:29.323 D/NVITEM ( 884): : _getPacket continue read 1044 size 1024 grp
2 sub 194
01-09 13:48:29.323 D/NVITEM ( 884): : writeData:id=1,start=288168, bytesLen:1024
01-09 13:48:29.323 D/NVITEM ( 884): : *****memcpy packet buf to fromChannel
01-09 13:48:29.323 D/NVITEM ( 884): : _getPacket
01-09 13:48:29.323 D/NVITEM ( 884): : get wake_lock 0
01-09 13:48:29.323 D/NVITEM ( 884): : channel_read success
01-09 13:48:29.323 D/NVITEM ( 884): : _getPacket continue read 1044 size 1024 grp
2 sub 195
01-09 13:48:29.323 D/NVITEM ( 884): : writeData:id=1,start=289192, bytesLen:1024
01-09 13:48:29.323 D/NVITEM ( 884): : *****memcpy packet buf to fromChannel
01-09 13:48:29.323 D/NVITEM ( 884): : _getPacket
01-09 13:48:29.324 D/NVITEM ( 884): : get wake_lock 0
01-09 13:48:29.324 D/NVITEM ( 884): : channel_read success
01-09 13:48:29.744 I/ACodec ( 837): [] Now uninitialized
01-09 13:48:29.747 W/libc ( 867): Unable to set property "ro.ril.svdo" to
"false": error code: 0xb, try count : 3
01-09 13:48:29.748 I/OMXClient( 837): IOmx service obtained
01-09 13:48:29.748 I/OMXMaster( 859):
makeComponentInstance(OMX.google.aac.decoder) in android.hardwar process
01-09 13:48:29.767 I/HidlServiceManagement( 925): Registered
vendor.samsung.hardware.biometrics.face@2.0::ISehBiometricsFace/default (start
delay of 1645ms)
01-09 13:48:29.767 I/HidlServiceManagement( 925): Removing namespace from process
name vendor.samsung.hardware.biometrics.face@2.0-service to face@2.0-service.
01-09 13:48:29.799 E/CP_CONNECT_CTL( 658): socket_reconnect: socket_reconnect
src_sock=10, des_socket=cp_time_sync_server.
01-09 13:48:29.799 E/CP_CONNECT_CTL( 658): process_socket_connect: open
cp_time_sync_server failed: Connection refused [111(Connection refused)]
01-09 13:48:29.880 W/EffectsFactoryConfigLoader( 678): loadLibrary() could not
find library /system/lib/libsamsungSoundbooster_tdm_legacy.so
01-09 13:48:29.880 W/EffectsFactoryConfigLoader( 678): checkLibraryPath()
corrected library path /system/lib/libvolumemonitor_energy.so to
/system/lib64/libvolumemonitor_energy.so
01-09 13:48:29.899 I/ACodec ( 837): [] Now uninitialized
01-09 13:48:29.900 I/OMXClient( 837): IOmx service obtained
01-09 13:48:29.901 I/OMXMaster( 859):
makeComponentInstance(OMX.google.amrnb.decoder) in android.hardwar process
01-09 13:48:29.963 W/dex2oat32( 770): Verification of void
android.net.lowpan.ILowpanInterface$Stub$Proxy.addExternalRoute(android.net.IpPrefi
x, int) took 104.439ms (756.42 bytecodes/s) (1760B approximate peak alloc)
01-09 13:48:29.986 W/dex2oat64( 734): Verification of void
com.android.internal.org.bouncycastle.jcajce.provider.symmetric.DES$PBEWithMD5.<ini
t>() took 112.669ms (186.39 bytecodes/s) (1904B approximate peak alloc)
01-09 13:48:29.988 D/hw-ProcessState( 817): Binder ioctl to enable oneway spam
detection failed: Invalid argument
01-09 13:48:29.988 D/ProcessState( 817): Binder ioctl to enable oneway spam
detection failed: Invalid argument
01-09 13:48:29.999 E/CP_CONNECT_CTL( 658): socket_reconnect: socket_reconnect
src_sock=10, des_socket=cp_time_sync_server.
01-09 13:48:30.000 E/CP_CONNECT_CTL( 658): process_socket_connect: open
cp_time_sync_server failed: Connection refused [111(Connection refused)]
01-09 13:48:30.005 I/cameraserver( 817): ServiceManager: 0xb400007a2cab1b60
01-09 13:48:30.006 I/CameraService( 817): CameraService started (pid=817)
01-09 13:48:30.008 E/engmode_cp_watcher( 601): Failed to Connect_RILD, ret : 4
01-09 13:48:30.016 I/CameraService( 817): CameraService process starting
01-09 13:48:30.016 D/NVITEM ( 884): : get wake_lock 0
01-09 13:48:30.016 D/NVITEM ( 884): : channel_read success
01-09 13:48:30.016 D/NVITEM ( 884): : _getPacket continue read 1044 size 1024 grp
2 sub 331
01-09 13:48:30.016 D/NVITEM ( 884): : writeData:id=1,start=428456, bytesLen:1024
01-09 13:48:30.016 D/NVITEM ( 884): : *****memcpy packet buf to fromChannel
01-09 13:48:30.016 D/NVITEM ( 884): : _getPacket
01-09 13:48:30.016 W/BatteryNotifier( 817): batterystats service unavailable!
01-09 13:48:30.031 W/EffectsFactoryConfigLoader( 678): checkLibraryPath()
corrected library path /system/lib/libvoicechanger.so to
/system/lib64/libvoicechanger.so
01-09 13:48:30.031 W/EffectsFactoryConfigLoader( 678): loadLibrary() could not
find library /system/lib/libswdht_legacy.so
01-09 13:48:30.031 W/EffectsFactoryConfigLoader( 678): loadEffect() could not get
library soundbooster_plus
01-09 13:48:30.031 W/EffectsFactoryConfigLoader( 678): loadEffect() could not get
library soundalive_sec
01-09 13:48:30.031 W/EffectsFactoryConfigLoader( 678): loadEffect() could not get
library mysound
01-09 13:48:30.031 W/EffectsFactoryConfigLoader( 678): loadEffect() could not get
library dht
01-09 13:48:30.031 W/EffectsFactoryConfigLoader( 678): loadEffect() could not get
library tdm
01-09 13:48:30.031 V/VolumeMonitor_Energy_Effect( 678): VMLib_GetDescriptor()
01-09 13:48:30.032 I/EffectsFactory( 678): EffectCreate() create_effect
01-09 13:48:30.032 D/DlbDlbBufferProvider( 678): DlbBufferProvider()
01-09 13:48:30.032 D/DlbDlbBufferProvider( 678): DlbBufferProvider()
01-09 13:48:30.032 D/DlbDlbBufferProvider( 678): DlbBufferProvider()
01-09 13:48:30.032 D/DlbProfileParamArray( 678): loadXMLFile
01-09 13:48:30.032 D/NVITEM ( 884): : get wake_lock 0
01-09 13:48:30.032 D/NVITEM ( 884): : channel_read success
01-09 13:48:30.032 D/NVITEM ( 884): : _getPacket continue read 1044 size 1024 grp
2 sub 332
01-09 13:48:30.032 D/NVITEM ( 884): : writeData:id=1,start=429480, bytesLen:1024
01-09 13:48:30.032 D/NVITEM ( 884): : *****memcpy packet buf to fromChannel
01-09 13:48:30.032 D/NVITEM ( 884): : _getPacket
01-09 13:48:30.033 D/NVITEM ( 884): : get wake_lock 0
01-09 13:48:30.035 D/NVITEM ( 884): : channel_read success
01-09 13:48:30.038 W/BatteryNotifier( 817): batterystats service unavailable!
01-09 13:48:30.035 D/NVITEM ( 884): : _getPacket continue read 1044 size 1024 grp
2 sub 333
01-09 13:48:30.038 I/CameraService( 817): enumerateProviders E
01-09 13:48:30.045 D/ip_monitor-855( 942): 2: dummy0:
<BROADCAST,NOARP,UP,LOWER_UP> mtu 1500 qdisc noqueue state UNKNOWN group default
event FEATURE CHANGE
01-09 13:48:30.049 I/ACodec ( 837): [] Now uninitialized
01-09 13:48:30.050 I/OMXClient( 837): IOmx service obtained
01-09 13:48:30.051 I/OMXMaster( 859):
makeComponentInstance(OMX.google.amrwb.decoder) in android.hardwar process
01-09 13:48:30.058 D/nhMonitorService( 893): nhmonitorService: vold.sdcard0.state=
01-09 13:48:30.058 D/nhMonitorService( 893): nhmonitorService: sdcard not
ok :48,No such file or directory
01-09 13:48:30.124 I/ACodec ( 837): [] Now uninitialized
01-09 13:48:30.125 I/OMXClient( 837): IOmx service obtained
01-09 13:48:30.125 I/OMXMaster( 859):
makeComponentInstance(OMX.google.flac.decoder) in android.hardwar process
01-09 13:48:30.132 I/mediaswcodec( 882): media swcodec service starting
01-09 13:48:30.145 W/mediaswcodec( 882): Could not read additional policy file
'/vendor/etc/seccomp_policy/mediaswcodec.policy'
01-09 13:48:30.145 W/mediaswcodec( 882): libminijail[882]: failed to get path of
fd 5: No such file or directory
01-09 13:48:30.145 W/mediaswcodec( 882): libminijail[882]: allowing syscall:
connect
01-09 13:48:30.145 W/mediaswcodec( 882): libminijail[882]: allowing syscall: fcntl
01-09 13:48:30.145 W/mediaswcodec( 882): libminijail[882]: allowing syscall:
sendto
01-09 13:48:30.145 W/mediaswcodec( 882): libminijail[882]: allowing syscall:
socket
01-09 13:48:30.146 W/mediaswcodec( 882): libminijail[882]: allowing syscall:
writev
01-09 13:48:30.146 W/mediaswcodec( 882): libminijail[882]: compile_file: <fd>(75):
syscall munmap redefined here
01-09 13:48:30.146 W/mediaswcodec( 882): libminijail[882]: compile_file: <fd>(39):
previous definition here
01-09 13:48:30.151 W/mediaswcodec( 882): libminijail[882]: logging seccomp filter
failures
01-09 13:48:30.152 I/CodecServiceRegistrant( 882): Creating software Codec2
service...
01-09 13:48:30.159 D/NVITEM ( 884): : writeData:id=1,start=430504, bytesLen:1024
01-09 13:48:30.159 D/NVITEM ( 884): : *****memcpy packet buf to fromChannel
01-09 13:48:30.159 D/NVITEM ( 884): : _getPacket
01-09 13:48:30.159 D/NVITEM ( 884): : get wake_lock 0
01-09 13:48:30.159 D/NVITEM ( 884): : channel_read success
01-09 13:48:30.159 D/NVITEM ( 884): : _getPacket continue read 1044 size 1024 grp
2 sub 334
01-09 13:48:30.159 D/NVITEM ( 884): : writeData:id=1,start=431528, bytesLen:1024
01-09 13:48:30.159 D/NVITEM ( 884): : *****memcpy packet buf to fromChannel
01-09 13:48:30.160 D/NVITEM ( 884): : _getPacket
01-09 13:48:30.161 D/SemNativeCarrierFeature_vendor( 867): getInstance
01-09 13:48:30.162 D/NVITEM ( 884): : get wake_lock 0
01-09 13:48:30.162 D/NVITEM ( 884): : channel_read success
01-09 13:48:30.162 D/NVITEM ( 884): : _getPacket continue read 1044 size 1024 grp
2 sub 335
01-09 13:48:30.162 D/NVITEM ( 884): : writeData:id=1,start=432552, bytesLen:1024
01-09 13:48:30.162 D/NVITEM ( 884): : *****memcpy packet buf to fromChannel
01-09 13:48:30.162 D/NVITEM ( 884): : _getPacket
01-09 13:48:30.166 D/NVITEM ( 884): : get wake_lock 0
01-09 13:48:30.166 D/NVITEM ( 884): : channel_read success
01-09 13:48:30.166 D/NVITEM ( 884): : _getPacket continue read 1044 size 1024 grp
2 sub 336
01-09 13:48:30.166 D/NVITEM ( 884): : writeData:id=1,start=433576, bytesLen:1024
01-09 13:48:30.166 D/NVITEM ( 884): : *****memcpy packet buf to fromChannel
01-09 13:48:30.166 D/NVITEM ( 884): : _getPacket
01-09 13:48:30.167 D/NVITEM ( 884): : get wake_lock 0
01-09 13:48:30.167 D/NVITEM ( 884): : channel_read success
01-09 13:48:30.167 D/NVITEM ( 884): : _getPacket continue read 1044 size 1024 grp
2 sub 337
01-09 13:48:30.167 D/NVITEM ( 884): : writeData:id=1,start=434600, bytesLen:1024
01-09 13:48:30.167 D/NVITEM ( 884): : *****memcpy packet buf to fromChannel
01-09 13:48:30.167 D/NVITEM ( 884): : _getPacket
01-09 13:48:30.167 D/NVITEM ( 884): : get wake_lock 0
01-09 13:48:30.168 D/NVITEM ( 884): : channel_read success
01-09 13:48:30.168 D/NVITEM ( 884): : _getPacket continue read 1044 size 1024 grp
2 sub 338
01-09 13:48:30.168 D/NVITEM ( 884): : writeData:id=1,start=435624, bytesLen:1024
01-09 13:48:30.168 D/NVITEM ( 884): : *****memcpy packet buf to fromChannel
01-09 13:48:30.168 D/NVITEM ( 884): : _getPacket
01-09 13:48:30.168 I/ACodec ( 837): [] Now uninitialized
01-09 13:48:30.169 D/NVITEM ( 884): : get wake_lock 0
01-09 13:48:30.169 D/NVITEM ( 884): : channel_read success
01-09 13:48:30.169 D/NVITEM ( 884): : _getPacket continue read 1044 size 1024 grp
2 sub 339
01-09 13:48:30.169 D/NVITEM ( 884): : writeData:id=1,start=436648, bytesLen:1024
01-09 13:48:30.169 D/NVITEM ( 884): : *****memcpy packet buf to fromChannel
01-09 13:48:30.169 D/NVITEM ( 884): : _getPacket
01-09 13:48:30.169 I/OMXClient( 837): IOmx service obtained
01-09 13:48:30.170 I/OMXMaster( 859):
makeComponentInstance(OMX.google.g711.alaw.decoder) in android.hardwar process
01-09 13:48:30.170 D/NVITEM ( 884): : get wake_lock 0
01-09 13:48:30.170 D/NVITEM ( 884): : channel_read success
01-09 13:48:30.170 D/NVITEM ( 884): : _getPacket continue read 1044 size 1024 grp
2 sub 340
01-09 13:48:30.170 D/NVITEM ( 884): : writeData:id=1,start=437672, bytesLen:1024
01-09 13:48:30.170 D/NVITEM ( 884): : *****memcpy packet buf to fromChannel
01-09 13:48:30.170 D/NVITEM ( 884): : _getPacket
01-09 13:48:30.171 D/NVITEM ( 884): : get wake_lock 0
01-09 13:48:30.171 D/NVITEM ( 884): : channel_read success
01-09 13:48:30.171 D/NVITEM ( 884): : _getPacket continue read 1044 size 1024 grp
2 sub 341
01-09 13:48:30.171 D/NVITEM ( 884): : writeData:id=1,start=438696, bytesLen:1024
01-09 13:48:30.171 D/NVITEM ( 884): : *****memcpy packet buf to fromChannel
01-09 13:48:30.171 D/NVITEM ( 884): : _getPacket
01-09 13:48:30.172 D/NVITEM ( 884): : get wake_lock 0
01-09 13:48:30.172 D/NVITEM ( 884): : channel_read success
01-09 13:48:30.172 D/NVITEM ( 884): : _getPacket continue read 1044 size 1024 grp
2 sub 342
01-09 13:48:30.172 D/NVITEM ( 884): : writeData:id=1,start=439720, bytesLen:1024
01-09 13:48:30.172 D/NVITEM ( 884): : *****memcpy packet buf to fromChannel
01-09 13:48:30.172 D/NVITEM ( 884): : _getPacket
01-09 13:48:30.178 D/NVITEM ( 884): : get wake_lock 0
01-09 13:48:30.178 D/NVITEM ( 884): : channel_read success
01-09 13:48:30.178 D/NVITEM ( 884): : _getPacket continue read 1044 size 1024 grp
2 sub 343
01-09 13:48:30.178 D/NVITEM ( 884): : writeData:id=1,start=440744, bytesLen:1024
01-09 13:48:30.178 D/NVITEM ( 884): : *****memcpy packet buf to fromChannel
01-09 13:48:30.179 D/NVITEM ( 884): : _getPacket
01-09 13:48:30.179 D/C2Store ( 882): Default ION heapmask = -1
01-09 13:48:30.179 D/C2Store ( 882): Default ION flags = 0
01-09 13:48:30.179 D/C2Store ( 882): Default ION align = 0
01-09 13:48:30.179 D/NVITEM ( 884): : get wake_lock 0
01-09 13:48:30.179 D/NVITEM ( 884): : channel_read success
01-09 13:48:30.179 D/NVITEM ( 884): : _getPacket continue read 1044 size 1024 grp
2 sub 344
01-09 13:48:30.179 D/NVITEM ( 884): : writeData:id=1,start=441768, bytesLen:1024
01-09 13:48:30.179 D/NVITEM ( 884): : *****memcpy packet buf to fromChannel
01-09 13:48:30.179 D/NVITEM ( 884): : _getPacket
01-09 13:48:30.187 D/NVITEM ( 884): : get wake_lock 0
01-09 13:48:30.187 D/NVITEM ( 884): : channel_read success
01-09 13:48:30.187 D/NVITEM ( 884): : _getPacket continue read 1044 size 1024 grp
2 sub 345
01-09 13:48:30.187 D/NVITEM ( 884): : writeData:id=1,start=442792, bytesLen:1024
01-09 13:48:30.187 D/NVITEM ( 884): : *****memcpy packet buf to fromChannel
01-09 13:48:30.187 D/NVITEM ( 884): : _getPacket
01-09 13:48:30.189 I/HidlServiceManagement( 882): Registered
android.hardware.media.c2@1.2::IComponentStore/software
01-09 13:48:30.190 D/NVITEM ( 884): : get wake_lock 0
01-09 13:48:30.190 D/NVITEM ( 884): : channel_read success
01-09 13:48:30.190 D/NVITEM ( 884): : _getPacket continue read 1044 size 1024 grp
2 sub 346
01-09 13:48:30.190 D/NVITEM ( 884): : writeData:id=1,start=443816, bytesLen:1024
01-09 13:48:30.190 D/NVITEM ( 884): : *****memcpy packet buf to fromChannel
01-09 13:48:30.190 D/NVITEM ( 884): : _getPacket
01-09 13:48:30.190 W/dex2oat32( 770): Verification of java.lang.String
android.hardware.gnss.V2_0.IGnssMeasurementCallback$Stub.toString() took 147.560ms
(149.09 bytecodes/s) (904B approximate peak alloc)
01-09 13:48:30.193 D/NVITEM ( 884): : get wake_lock 0
01-09 13:48:30.193 D/NVITEM ( 884): : channel_read success
01-09 13:48:30.193 D/NVITEM ( 884): : _getPacket continue read 1044 size 1024 grp
2 sub 347
01-09 13:48:30.193 D/NVITEM ( 884): : writeData:id=1,start=444840, bytesLen:1024
01-09 13:48:30.193 D/NVITEM ( 884): : *****memcpy packet buf to fromChannel
01-09 13:48:30.193 D/NVITEM ( 884): : _getPacket
01-09 13:48:30.198 D/NVITEM ( 884): : get wake_lock 0
01-09 13:48:30.198 D/NVITEM ( 884): : channel_read success
01-09 13:48:30.198 D/NVITEM ( 884): : _getPacket continue read 1044 size 1024 grp
2 sub 348
01-09 13:48:30.198 D/NVITEM ( 884): : writeData:id=1,start=445864, bytesLen:1024
01-09 13:48:30.198 D/NVITEM ( 884): : *****memcpy packet buf to fromChannel
01-09 13:48:30.198 D/NVITEM ( 884): : _getPacket
01-09 13:48:30.200 E/CP_CONNECT_CTL( 658): socket_reconnect: socket_reconnect
src_sock=10, des_socket=cp_time_sync_server.
01-09 13:48:30.200 E/CP_CONNECT_CTL( 658): process_socket_connect: open
cp_time_sync_server failed: Connection refused [111(Connection refused)]
01-09 13:48:30.199 D/NVITEM ( 884): : get wake_lock 0
01-09 13:48:30.200 D/NVITEM ( 884): : channel_read success
01-09 13:48:30.200 D/NVITEM ( 884): : _getPacket continue read 1044 size 1024 grp
2 sub 349
01-09 13:48:30.200 D/NVITEM ( 884): : writeData:id=1,start=446888, bytesLen:1024
01-09 13:48:30.200 D/NVITEM ( 884): : *****memcpy packet buf to fromChannel
01-09 13:48:30.200 D/NVITEM ( 884): : _getPacket
01-09 13:48:30.201 D/NVITEM ( 884): : get wake_lock 0
01-09 13:48:30.201 D/NVITEM ( 884): : channel_read success
01-09 13:48:30.201 D/NVITEM ( 884): : _getPacket continue read 1044 size 1024 grp
2 sub 350
01-09 13:48:30.201 D/NVITEM ( 884): : writeData:id=1,start=447912, bytesLen:1024
01-09 13:48:30.201 D/NVITEM ( 884): : *****memcpy packet buf to fromChannel
01-09 13:48:30.201 D/NVITEM ( 884): : _getPacket
01-09 13:48:30.201 D/NVITEM ( 884): : get wake_lock 0
01-09 13:48:30.201 D/NVITEM ( 884): : channel_read success
01-09 13:48:30.201 D/NVITEM ( 884): : _getPacket continue read 1044 size 1024 grp
2 sub 351
01-09 13:48:30.201 D/NVITEM ( 884): : writeData:id=1,start=448936, bytesLen:1024
01-09 13:48:30.201 D/NVITEM ( 884): : *****memcpy packet buf to fromChannel
01-09 13:48:30.201 D/NVITEM ( 884): : _getPacket
01-09 13:48:30.203 D/NVITEM ( 884): : get wake_lock 0
01-09 13:48:30.203 D/NVITEM ( 884): : channel_read success
01-09 13:48:30.203 D/NVITEM ( 884): : _getPacket continue read 1044 size 1024 grp
2 sub 352
01-09 13:48:30.203 D/NVITEM ( 884): : writeData:id=1,start=449960, bytesLen:1024
01-09 13:48:30.203 D/NVITEM ( 884): : *****memcpy packet buf to fromChannel
01-09 13:48:30.203 D/NVITEM ( 884): : _getPacket
01-09 13:48:30.205 I/ACodec ( 837): [] Now uninitialized
01-09 13:48:30.205 D/NVITEM ( 884): : get wake_lock 0
01-09 13:48:30.205 D/NVITEM ( 884): : channel_read success
01-09 13:48:30.205 D/NVITEM ( 884): : _getPacket continue read 1044 size 1024 grp
2 sub 353
01-09 13:48:30.205 D/NVITEM ( 884): : writeData:id=1,start=450984, bytesLen:1024
01-09 13:48:30.205 D/NVITEM ( 884): : *****memcpy packet buf to fromChannel
01-09 13:48:30.205 D/NVITEM ( 884): : _getPacket
01-09 13:48:30.206 D/NVITEM ( 884): : get wake_lock 0
01-09 13:48:30.206 D/NVITEM ( 884): : channel_read success
01-09 13:48:30.206 D/NVITEM ( 884): : _getPacket continue read 1044 size 1024 grp
2 sub 354
01-09 13:48:30.206 D/NVITEM ( 884): : writeData:id=1,start=452008, bytesLen:1024
01-09 13:48:30.206 D/NVITEM ( 884): : *****memcpy packet buf to fromChannel
01-09 13:48:30.206 D/NVITEM ( 884): : _getPacket
01-09 13:48:30.206 D/NVITEM ( 884): : get wake_lock 0
01-09 13:48:30.206 D/NVITEM ( 884): : channel_read success
01-09 13:48:30.206 D/NVITEM ( 884): : _getPacket continue read 1044 size 1024 grp
2 sub 355
01-09 13:48:30.206 D/NVITEM ( 884): : writeData:id=1,start=453032, bytesLen:1024
01-09 13:48:30.206 D/NVITEM ( 884): : *****memcpy packet buf to fromChannel
01-09 13:48:30.206 D/NVITEM ( 884): : _getPacket
01-09 13:48:30.207 I/CodecServiceRegistrant( 882): Preferred Codec2 store is set
to "default".
01-09 13:48:30.207 I/CodecServiceRegistrant( 882): Software Codec2 service created
and registered.
01-09 13:48:30.207 I/OMXClient( 837): IOmx service obtained
01-09 13:48:30.208 I/OMXMaster( 859):
makeComponentInstance(OMX.google.g711.mlaw.decoder) in android.hardwar process
01-09 13:48:30.208 D/NVITEM ( 884): : get wake_lock 0
01-09 13:48:30.208 D/NVITEM ( 884): : channel_read success
01-09 13:48:30.208 D/NVITEM ( 884): : _getPacket continue read 1044 size 1024 grp
2 sub 356
01-09 13:48:30.208 D/NVITEM ( 884): : writeData:id=1,start=454056, bytesLen:1024
01-09 13:48:30.208 D/NVITEM ( 884): : *****memcpy packet buf to fromChannel
01-09 13:48:30.209 D/NVITEM ( 884): : _getPacket
01-09 13:48:30.209 D/NVITEM ( 884): : get wake_lock 0
01-09 13:48:30.209 D/NVITEM ( 884): : channel_read success
01-09 13:48:30.209 D/NVITEM ( 884): : _getPacket continue read 1044 size 1024 grp
2 sub 357
01-09 13:48:30.209 D/NVITEM ( 884): : writeData:id=1,start=455080, bytesLen:1024
01-09 13:48:30.209 D/NVITEM ( 884): : *****memcpy packet buf to fromChannel
01-09 13:48:30.209 D/NVITEM ( 884): : _getPacket
01-09 13:48:30.210 D/NVITEM ( 884): : get wake_lock 0
01-09 13:48:30.210 D/NVITEM ( 884): : channel_read success
01-09 13:48:30.210 D/NVITEM ( 884): : _getPacket continue read 1044 size 1024 grp
2 sub 358
01-09 13:48:30.210 D/NVITEM ( 884): : writeData:id=1,start=456104, bytesLen:1024
01-09 13:48:30.210 D/NVITEM ( 884): : *****memcpy packet buf to fromChannel
01-09 13:48:30.210 D/NVITEM ( 884): : _getPacket
01-09 13:48:30.210 D/NVITEM ( 884): : get wake_lock 0
01-09 13:48:30.210 D/NVITEM ( 884): : channel_read success
01-09 13:48:30.210 D/NVITEM ( 884): : _getPacket continue read 1044 size 1024 grp
2 sub 359
01-09 13:48:30.210 D/NVITEM ( 884): : writeData:id=1,start=457128, bytesLen:1024
01-09 13:48:30.210 D/NVITEM ( 884): : *****memcpy packet buf to fromChannel
01-09 13:48:30.210 D/NVITEM ( 884): : _getPacket
01-09 13:48:30.211 D/NVITEM ( 884): : get wake_lock 0
01-09 13:48:30.211 D/NVITEM ( 884): : channel_read success
01-09 13:48:30.211 D/NVITEM ( 884): : _getPacket continue read 1044 size 1024 grp
2 sub 360
01-09 13:48:30.211 D/NVITEM ( 884): : writeData:id=1,start=458152, bytesLen:1024
01-09 13:48:30.211 D/NVITEM ( 884): : *****memcpy packet buf to fromChannel
01-09 13:48:30.211 D/NVITEM ( 884): : _getPacket
01-09 13:48:30.211 D/NVITEM ( 884): : get wake_lock 0
01-09 13:48:30.211 D/NVITEM ( 884): : channel_read success
01-09 13:48:30.211 D/NVITEM ( 884): : _getPacket continue read 1044 size 1024 grp
2 sub 361
01-09 13:48:30.211 D/NVITEM ( 884): : writeData:id=1,start=459176, bytesLen:1024
01-09 13:48:30.211 D/NVITEM ( 884): : *****memcpy packet buf to fromChannel
01-09 13:48:30.211 D/NVITEM ( 884): : _getPacket
01-09 13:48:30.212 D/NVITEM ( 884): : get wake_lock 0
01-09 13:48:30.212 D/NVITEM ( 884): : channel_read success
01-09 13:48:30.212 D/NVITEM ( 884): : _getPacket continue read 1044 size 1024 grp
2 sub 362
01-09 13:48:30.212 D/NVITEM ( 884): : writeData:id=1,start=460200, bytesLen:1024
01-09 13:48:30.212 D/NVITEM ( 884): : *****memcpy packet buf to fromChannel
01-09 13:48:30.212 D/NVITEM ( 884): : _getPacket
01-09 13:48:30.212 D/NVITEM ( 884): : get wake_lock 0
01-09 13:48:30.212 D/NVITEM ( 884): : channel_read success
01-09 13:48:30.212 D/NVITEM ( 884): : _getPacket continue read 1044 size 1024 grp
2 sub 363
01-09 13:48:30.212 D/NVITEM ( 884): : writeData:id=1,start=461224, bytesLen:1024
01-09 13:48:30.212 D/NVITEM ( 884): : *****memcpy packet buf to fromChannel
01-09 13:48:30.212 D/NVITEM ( 884): : _getPacket
01-09 13:48:30.213 D/NVITEM ( 884): : get wake_lock 0
01-09 13:48:30.213 D/NVITEM ( 884): : channel_read success
01-09 13:48:30.213 D/NVITEM ( 884): : _getPacket continue read 1044 size 1024 grp
2 sub 364
01-09 13:48:30.213 D/NVITEM ( 884): : writeData:id=1,start=462248, bytesLen:1024
01-09 13:48:30.213 D/NVITEM ( 884): : *****memcpy packet buf to fromChannel
01-09 13:48:30.213 D/NVITEM ( 884): : _getPacket
01-09 13:48:30.214 D/NVITEM ( 884): : get wake_lock 0
01-09 13:48:30.214 D/NVITEM ( 884): : channel_read success
01-09 13:48:30.214 D/NVITEM ( 884): : _getPacket continue read 1044 size 1024 grp
2 sub 365
01-09 13:48:30.214 D/NVITEM ( 884): : writeData:id=1,start=463272, bytesLen:1024
01-09 13:48:30.214 D/NVITEM ( 884): : *****memcpy packet buf to fromChannel
01-09 13:48:30.214 D/NVITEM ( 884): : _getPacket
01-09 13:48:30.214 D/NVITEM ( 884): : get wake_lock 0
01-09 13:48:30.214 D/NVITEM ( 884): : channel_read success
01-09 13:48:30.214 D/NVITEM ( 884): : _getPacket continue read 1044 size 1024 grp
2 sub 366
01-09 13:48:30.214 D/NVITEM ( 884): : writeData:id=1,start=464296, bytesLen:1024
01-09 13:48:30.214 D/NVITEM ( 884): : *****memcpy packet buf to fromChannel
01-09 13:48:30.214 D/NVITEM ( 884): : _getPacket
01-09 13:48:30.215 D/NVITEM ( 884): : get wake_lock 0
01-09 13:48:30.215 D/NVITEM ( 884): : channel_read success
01-09 13:48:30.215 D/NVITEM ( 884): : _getPacket continue read 1044 size 1024 grp
2 sub 367
01-09 13:48:30.215 D/NVITEM ( 884): : writeData:id=1,start=465320, bytesLen:1024
01-09 13:48:30.215 D/NVITEM ( 884): : *****memcpy packet buf to fromChannel
01-09 13:48:30.215 D/NVITEM ( 884): : _getPacket
01-09 13:48:30.215 D/NVITEM ( 884): : get wake_lock 0
01-09 13:48:30.215 D/NVITEM ( 884): : channel_read success
01-09 13:48:30.215 D/NVITEM ( 884): : _getPacket continue read 1044 size 1024 grp
2 sub 368
01-09 13:48:30.215 D/NVITEM ( 884): : writeData:id=1,start=466344, bytesLen:1024
01-09 13:48:30.215 D/NVITEM ( 884): : *****memcpy packet buf to fromChannel
01-09 13:48:30.215 D/NVITEM ( 884): : _getPacket
01-09 13:48:30.216 D/NVITEM ( 884): : get wake_lock 0
01-09 13:48:30.216 D/NVITEM ( 884): : channel_read success
01-09 13:48:30.216 D/NVITEM ( 884): : _getPacket continue read 1044 size 1024 grp
2 sub 369
01-09 13:48:30.216 D/NVITEM ( 884): : writeData:id=1,start=467368, bytesLen:1024
01-09 13:48:30.216 D/NVITEM ( 884): : *****memcpy packet buf to fromChannel
01-09 13:48:30.216 D/NVITEM ( 884): : _getPacket
01-09 13:48:30.217 D/NVITEM ( 884): : get wake_lock 0
01-09 13:48:30.217 D/NVITEM ( 884): : channel_read success
01-09 13:48:30.217 D/NVITEM ( 884): : _getPacket continue read 1044 size 1024 grp
2 sub 370
01-09 13:48:30.217 D/NVITEM ( 884): : writeData:id=1,start=468392, bytesLen:1024
01-09 13:48:30.217 D/NVITEM ( 884): : *****memcpy packet buf to fromChannel
01-09 13:48:30.217 D/NVITEM ( 884): : _getPacket
01-09 13:48:30.217 D/NVITEM ( 884): : get wake_lock 0
01-09 13:48:30.217 D/NVITEM ( 884): : channel_read success
01-09 13:48:30.217 D/NVITEM ( 884): : _getPacket continue read 1044 size 1024 grp
2 sub 371
01-09 13:48:30.217 D/NVITEM ( 884): : writeData:id=1,start=469416, bytesLen:1024
01-09 13:48:30.217 D/NVITEM ( 884): : *****memcpy packet buf to fromChannel
01-09 13:48:30.217 D/NVITEM ( 884): : _getPacket
01-09 13:48:30.218 D/NVITEM ( 884): : get wake_lock 0
01-09 13:48:30.218 D/NVITEM ( 884): : channel_read success
01-09 13:48:30.218 D/NVITEM ( 884): : _getPacket continue read 1044 size 1024 grp
2 sub 372
01-09 13:48:30.218 D/NVITEM ( 884): : writeData:id=1,start=470440, bytesLen:1024
01-09 13:48:30.218 D/NVITEM ( 884): : *****memcpy packet buf to fromChannel
01-09 13:48:30.218 D/NVITEM ( 884): : _getPacket
01-09 13:48:30.218 D/NVITEM ( 884): : get wake_lock 0
01-09 13:48:30.218 D/NVITEM ( 884): : channel_read success
01-09 13:48:30.218 D/NVITEM ( 884): : _getPacket continue read 1044 size 1024 grp
2 sub 373
01-09 13:48:30.218 D/NVITEM ( 884): : writeData:id=1,start=471464, bytesLen:1024
01-09 13:48:30.218 D/NVITEM ( 884): : *****memcpy packet buf to fromChannel
01-09 13:48:30.219 D/NVITEM ( 884): : _getPacket
01-09 13:48:30.219 D/NVITEM ( 884): : get wake_lock 0
01-09 13:48:30.219 D/NVITEM ( 884): : channel_read success
01-09 13:48:30.219 D/NVITEM ( 884): : _getPacket continue read 1044 size 1024 grp
2 sub 374
01-09 13:48:30.219 D/NVITEM ( 884): : writeData:id=1,start=472488, bytesLen:1024
01-09 13:48:30.219 D/NVITEM ( 884): : *****memcpy packet buf to fromChannel
01-09 13:48:30.219 D/NVITEM ( 884): : _getPacket
01-09 13:48:30.219 D/NVITEM ( 884): : get wake_lock 0
01-09 13:48:30.220 D/NVITEM ( 884): : channel_read success
01-09 13:48:30.220 D/NVITEM ( 884): : _getPacket continue read 1044 size 1024 grp
2 sub 375
01-09 13:48:30.220 D/NVITEM ( 884): : writeData:id=1,start=473512, bytesLen:1024
01-09 13:48:30.220 D/NVITEM ( 884): : *****memcpy packet buf to fromChannel
01-09 13:48:30.220 D/NVITEM ( 884): : _getPacket
01-09 13:48:30.220 D/NVITEM ( 884): : get wake_lock 0
01-09 13:48:30.220 D/NVITEM ( 884): : channel_read success
01-09 13:48:30.220 D/NVITEM ( 884): : _getPacket continue read 1044 size 1024 grp
2 sub 376
01-09 13:48:30.220 D/NVITEM ( 884): : writeData:id=1,start=474536, bytesLen:1024
01-09 13:48:30.220 D/NVITEM ( 884): : *****memcpy packet buf to fromChannel
01-09 13:48:30.220 D/NVITEM ( 884): : _getPacket
01-09 13:48:30.221 D/NVITEM ( 884): : get wake_lock 0
01-09 13:48:30.221 D/NVITEM ( 884): : channel_read success
01-09 13:48:30.221 D/NVITEM ( 884): : _getPacket continue read 1044 size 1024 grp
2 sub 377
01-09 13:48:30.221 D/NVITEM ( 884): : writeData:id=1,start=475560, bytesLen:1024
01-09 13:48:30.221 D/NVITEM ( 884): : *****memcpy packet buf to fromChannel
01-09 13:48:30.221 D/NVITEM ( 884): : _getPacket
01-09 13:48:30.222 D/NVITEM ( 884): : get wake_lock 0
01-09 13:48:30.222 D/NVITEM ( 884): : channel_read success
01-09 13:48:30.222 D/NVITEM ( 884): : _getPacket continue read 1044 size 1024 grp
2 sub 378
01-09 13:48:30.222 D/NVITEM ( 884): : writeData:id=1,start=476584, bytesLen:1024
01-09 13:48:30.222 D/NVITEM ( 884): : *****memcpy packet buf to fromChannel
01-09 13:48:30.222 D/NVITEM ( 884): : _getPacket
01-09 13:48:30.222 D/NVITEM ( 884): : get wake_lock 0
01-09 13:48:30.222 D/NVITEM ( 884): : channel_read success
01-09 13:48:30.222 D/NVITEM ( 884): : _getPacket continue read 1044 size 1024 grp
2 sub 379
01-09 13:48:30.222 D/NVITEM ( 884): : writeData:id=1,start=477608, bytesLen:1024
01-09 13:48:30.222 D/NVITEM ( 884): : *****memcpy packet buf to fromChannel
01-09 13:48:30.222 D/NVITEM ( 884): : _getPacket
01-09 13:48:30.229 D/NVITEM ( 884): : get wake_lock 0
01-09 13:48:30.229 D/NVITEM ( 884): : channel_read success
01-09 13:48:30.229 D/NVITEM ( 884): : _getPacket continue read 1044 size 1024 grp
2 sub 380
01-09 13:48:30.229 D/NVITEM ( 884): : writeData:id=1,start=478632, bytesLen:1024
01-09 13:48:30.229 D/NVITEM ( 884): : *****memcpy packet buf to fromChannel
01-09 13:48:30.229 D/NVITEM ( 884): : _getPacket
01-09 13:48:30.267 D/NVITEM ( 884): : get wake_lock 0
01-09 13:48:30.267 D/NVITEM ( 884): : channel_read success
01-09 13:48:30.267 D/NVITEM ( 884): : _getPacket continue read 1044 size 1024 grp
2 sub 381
01-09 13:48:30.267 D/NVITEM ( 884): : writeData:id=1,start=479656, bytesLen:1024
01-09 13:48:30.267 D/NVITEM ( 884): : *****memcpy packet buf to fromChannel
01-09 13:48:30.267 D/NVITEM ( 884): : _getPacket
01-09 13:48:30.268 D/NVITEM ( 884): : get wake_lock 0
01-09 13:48:30.268 D/NVITEM ( 884): : channel_read success
01-09 13:48:30.268 D/NVITEM ( 884): : _getPacket continue read 1044 size 1024 grp
2 sub 382
01-09 13:48:30.268 D/NVITEM ( 884): : writeData:id=1,start=480680, bytesLen:1024
01-09 13:48:30.268 D/NVITEM ( 884): : *****memcpy packet buf to fromChannel
01-09 13:48:30.268 D/NVITEM ( 884): : _getPacket
01-09 13:48:30.270 D/NVITEM ( 884): : get wake_lock 0
01-09 13:48:30.270 D/NVITEM ( 884): : channel_read success
01-09 13:48:30.271 D/NVITEM ( 884): : _getPacket continue read 1044 size 1024 grp
2 sub 383
01-09 13:48:30.271 D/NVITEM ( 884): : writeData:id=1,start=481704, bytesLen:1024
01-09 13:48:30.271 D/NVITEM ( 884): : *****memcpy packet buf to fromChannel
01-09 13:48:30.271 D/NVITEM ( 884): : _getPacket
01-09 13:48:30.273 D/NVITEM ( 884): : get wake_lock 0
01-09 13:48:30.273 D/NVITEM ( 884): : channel_read success
01-09 13:48:30.273 D/NVITEM ( 884): : _getPacket continue read 1044 size 1024 grp
2 sub 384
01-09 13:48:30.273 D/NVITEM ( 884): : writeData:id=1,start=482728, bytesLen:1024
01-09 13:48:30.273 D/NVITEM ( 884): : *****memcpy packet buf to fromChannel
01-09 13:48:30.273 D/NVITEM ( 884): : _getPacket
01-09 13:48:30.278 D/NVITEM ( 884): : get wake_lock 0
01-09 13:48:30.278 D/NVITEM ( 884): : channel_read success
01-09 13:48:30.278 D/NVITEM ( 884): : _getPacket continue read 1044 size 1024 grp
2 sub 385
01-09 13:48:30.278 D/NVITEM ( 884): : writeData:id=1,start=483752, bytesLen:1024
01-09 13:48:30.279 D/NVITEM ( 884): : *****memcpy packet buf to fromChannel
01-09 13:48:30.279 D/NVITEM ( 884): : _getPacket
01-09 13:48:30.283 D/NVITEM ( 884): : get wake_lock 0
01-09 13:48:30.283 D/NVITEM ( 884): : channel_read success
01-09 13:48:30.283 D/NVITEM ( 884): : _getPacket continue read 1044 size 1024 grp
2 sub 386
01-09 13:48:30.283 D/NVITEM ( 884): : writeData:id=1,start=484776, bytesLen:1024
01-09 13:48:30.283 D/NVITEM ( 884): : *****memcpy packet buf to fromChannel
01-09 13:48:30.283 D/NVITEM ( 884): : _getPacket
01-09 13:48:30.284 D/NVITEM ( 884): : get wake_lock 0
01-09 13:48:30.284 D/NVITEM ( 884): : channel_read success
01-09 13:48:30.284 D/NVITEM ( 884): : _getPacket continue read 1044 size 1024 grp
2 sub 387
01-09 13:48:30.284 D/NVITEM ( 884): : writeData:id=1,start=485800, bytesLen:1024
01-09 13:48:30.284 D/NVITEM ( 884): : *****memcpy packet buf to fromChannel
01-09 13:48:30.284 D/NVITEM ( 884): : _getPacket
01-09 13:48:30.286 D/NVITEM ( 884): : get wake_lock 0
01-09 13:48:30.286 D/NVITEM ( 884): : channel_read success
01-09 13:48:30.286 D/NVITEM ( 884): : _getPacket continue read 1044 size 1024 grp
2 sub 388
01-09 13:48:30.286 D/NVITEM ( 884): : writeData:id=1,start=486824, bytesLen:1024
01-09 13:48:30.286 D/NVITEM ( 884): : *****memcpy packet buf to fromChannel
01-09 13:48:30.286 D/NVITEM ( 884): : _getPacket
01-09 13:48:30.287 D/NVITEM ( 884): : get wake_lock 0
01-09 13:48:30.287 D/NVITEM ( 884): : channel_read success
01-09 13:48:30.287 D/NVITEM ( 884): : _getPacket continue read 1044 size 1024 grp
2 sub 389
01-09 13:48:30.287 D/NVITEM ( 884): : writeData:id=1,start=487848, bytesLen:1024
01-09 13:48:30.287 D/NVITEM ( 884): : *****memcpy packet buf to fromChannel
01-09 13:48:30.287 D/NVITEM ( 884): : _getPacket
01-09 13:48:30.287 D/NVITEM ( 884): : get wake_lock 0
01-09 13:48:30.287 D/NVITEM ( 884): : channel_read success
01-09 13:48:30.287 D/NVITEM ( 884): : _getPacket continue read 1044 size 1024 grp
2 sub 390
01-09 13:48:30.287 D/NVITEM ( 884): : writeData:id=1,start=488872, bytesLen:1024
01-09 13:48:30.287 D/NVITEM ( 884): : *****memcpy packet buf to fromChannel
01-09 13:48:30.287 D/NVITEM ( 884): : _getPacket
01-09 13:48:30.288 I/ACodec ( 837): [] Now uninitialized
01-09 13:48:30.289 I/OMXClient( 837): IOmx service obtained
01-09 13:48:30.289 I/OMXMaster( 859):
makeComponentInstance(OMX.google.gsm.decoder) in android.hardwar process
01-09 13:48:30.290 D/NVITEM ( 884): : get wake_lock 0
01-09 13:48:30.290 D/NVITEM ( 884): : channel_read success
01-09 13:48:30.290 D/NVITEM ( 884): : _getPacket continue read 1044 size 1024 grp
2 sub 391
01-09 13:48:30.290 D/NVITEM ( 884): : writeData:id=1,start=489896, bytesLen:1024
01-09 13:48:30.290 D/NVITEM ( 884): : *****memcpy packet buf to fromChannel
01-09 13:48:30.290 D/NVITEM ( 884): : _getPacket
01-09 13:48:30.291 D/NVITEM ( 884): : get wake_lock 0
01-09 13:48:30.291 D/NVITEM ( 884): : channel_read success
01-09 13:48:30.291 D/NVITEM ( 884): : _getPacket continue read 1044 size 1024 grp
2 sub 392
01-09 13:48:30.291 D/NVITEM ( 884): : writeData:id=1,start=490920, bytesLen:1024
01-09 13:48:30.291 D/NVITEM ( 884): : *****memcpy packet buf to fromChannel
01-09 13:48:30.291 D/NVITEM ( 884): : _getPacket
01-09 13:48:30.292 D/NVITEM ( 884): : get wake_lock 0
01-09 13:48:30.292 D/NVITEM ( 884): : channel_read success
01-09 13:48:30.292 D/NVITEM ( 884): : _getPacket continue read 1044 size 1024 grp
2 sub 393
01-09 13:48:30.292 D/NVITEM ( 884): : writeData:id=1,start=491944, bytesLen:1024
01-09 13:48:30.292 D/NVITEM ( 884): : *****memcpy packet buf to fromChannel
01-09 13:48:30.292 D/NVITEM ( 884): : _getPacket
01-09 13:48:30.347 D/NVITEM ( 884): : get wake_lock 0
01-09 13:48:30.347 D/NVITEM ( 884): : channel_read success
01-09 13:48:30.347 D/NVITEM ( 884): : _getPacket continue read 1044 size 1024 grp
2 sub 394
01-09 13:48:30.347 D/NVITEM ( 884): : writeData:id=1,start=492968, bytesLen:1024
01-09 13:48:30.347 D/NVITEM ( 884): : *****memcpy packet buf to fromChannel
01-09 13:48:30.347 D/NVITEM ( 884): : _getPacket
01-09 13:48:30.349 D/NVITEM ( 884): : get wake_lock 0
01-09 13:48:30.349 D/NVITEM ( 884): : channel_read success
01-09 13:48:30.349 D/NVITEM ( 884): : _getPacket continue read 1044 size 1024 grp
2 sub 395
01-09 13:48:30.349 D/NVITEM ( 884): : writeData:id=1,start=493992, bytesLen:1024
01-09 13:48:30.349 D/NVITEM ( 884): : *****memcpy packet buf to fromChannel
01-09 13:48:30.349 D/NVITEM ( 884): : _getPacket
01-09 13:48:30.351 D/NVITEM ( 884): : get wake_lock 0
01-09 13:48:30.351 D/NVITEM ( 884): : channel_read success
01-09 13:48:30.351 D/NVITEM ( 884): : _getPacket continue read 1044 size 1024 grp
2 sub 396
01-09 13:48:30.351 D/NVITEM ( 884): : writeData:id=1,start=495016, bytesLen:1024
01-09 13:48:30.351 D/NVITEM ( 884): : *****memcpy packet buf to fromChannel
01-09 13:48:30.351 D/NVITEM ( 884): : _getPacket
01-09 13:48:30.351 W/dex2oat64( 734): Verification of void
com.samsung.android.animation.SemSweepTranslationFilter.doUpActionWhenAnimationUpda
te(int, float) took 132.775ms (346.45 bytecodes/s) (2512B approximate peak alloc)
01-09 13:48:30.351 D/NVITEM ( 884): : get wake_lock 0
01-09 13:48:30.351 D/NVITEM ( 884): : channel_read success
01-09 13:48:30.351 D/NVITEM ( 884): : _getPacket continue read 1044 size 1024 grp
2 sub 397
01-09 13:48:30.351 D/NVITEM ( 884): : writeData:id=1,start=496040, bytesLen:1024
01-09 13:48:30.351 D/NVITEM ( 884): : *****memcpy packet buf to fromChannel
01-09 13:48:30.351 D/NVITEM ( 884): : _getPacket
01-09 13:48:30.352 D/NVITEM ( 884): : get wake_lock 0
01-09 13:48:30.352 D/NVITEM ( 884): : channel_read success
01-09 13:48:30.352 D/NVITEM ( 884): : _getPacket continue read 1044 size 1024 grp
2 sub 398
01-09 13:48:30.352 D/NVITEM ( 884): : writeData:id=1,start=497064, bytesLen:1024
01-09 13:48:30.352 D/NVITEM ( 884): : *****memcpy packet buf to fromChannel
01-09 13:48:30.352 D/NVITEM ( 884): : _getPacket
01-09 13:48:30.355 D/NVITEM ( 884): : get wake_lock 0
01-09 13:48:30.355 D/NVITEM ( 884): : channel_read success
01-09 13:48:30.355 D/NVITEM ( 884): : _getPacket continue read 1044 size 1024 grp
2 sub 399
01-09 13:48:30.355 D/NVITEM ( 884): : writeData:id=1,start=498088, bytesLen:1024
01-09 13:48:30.355 D/NVITEM ( 884): : *****memcpy packet buf to fromChannel
01-09 13:48:30.355 D/NVITEM ( 884): : _getPacket
01-09 13:48:30.356 D/NVITEM ( 884): : get wake_lock 0
01-09 13:48:30.356 D/NVITEM ( 884): : channel_read success
01-09 13:48:30.356 D/NVITEM ( 884): : _getPacket continue read 1044 size 1024 grp
2 sub 400
01-09 13:48:30.356 D/NVITEM ( 884): : writeData:id=1,start=499112, bytesLen:1024
01-09 13:48:30.356 D/NVITEM ( 884): : *****memcpy packet buf to fromChannel
01-09 13:48:30.356 D/NVITEM ( 884): : _getPacket
01-09 13:48:30.358 D/NVITEM ( 884): : get wake_lock 0
01-09 13:48:30.358 D/NVITEM ( 884): : channel_read success
01-09 13:48:30.358 D/NVITEM ( 884): : _getPacket continue read 1044 size 1024 grp
2 sub 401
01-09 13:48:30.358 D/NVITEM ( 884): : writeData:id=1,start=500136, bytesLen:1024
01-09 13:48:30.358 D/NVITEM ( 884): : *****memcpy packet buf to fromChannel
01-09 13:48:30.358 D/NVITEM ( 884): : _getPacket
01-09 13:48:30.358 D/NVITEM ( 884): : get wake_lock 0
01-09 13:48:30.358 D/NVITEM ( 884): : channel_read success
01-09 13:48:30.358 D/NVITEM ( 884): : _getPacket continue read 1044 size 1024 grp
2 sub 402
01-09 13:48:30.358 D/NVITEM ( 884): : writeData:id=1,start=501160, bytesLen:1024
01-09 13:48:30.358 D/NVITEM ( 884): : *****memcpy packet buf to fromChannel
01-09 13:48:30.358 D/NVITEM ( 884): : _getPacket
01-09 13:48:30.359 D/NVITEM ( 884): : get wake_lock 0
01-09 13:48:30.359 D/NVITEM ( 884): : channel_read success
01-09 13:48:30.359 D/NVITEM ( 884): : _getPacket continue read 1044 size 1024 grp
2 sub 403
01-09 13:48:30.359 D/NVITEM ( 884): : writeData:id=1,start=502184, bytesLen:1024
01-09 13:48:30.359 D/NVITEM ( 884): : *****memcpy packet buf to fromChannel
01-09 13:48:30.359 D/NVITEM ( 884): : _getPacket
01-09 13:48:30.360 D/NVITEM ( 884): : get wake_lock 0
01-09 13:48:30.360 D/NVITEM ( 884): : channel_read success
01-09 13:48:30.360 D/NVITEM ( 884): : _getPacket continue read 1044 size 1024 grp
2 sub 404
01-09 13:48:30.360 D/NVITEM ( 884): : writeData:id=1,start=503208, bytesLen:1024
01-09 13:48:30.360 D/NVITEM ( 884): : *****memcpy packet buf to fromChannel
01-09 13:48:30.360 D/NVITEM ( 884): : _getPacket
01-09 13:48:30.361 I/hwservicemanager( 360): Since
android.hardware.camera.provider@2.4::ICameraProvider/legacy/0 is not registered,
trying to start it as a lazy HAL.
01-09 13:48:30.362 D/NVITEM ( 884): : get wake_lock 0
01-09 13:48:30.362 D/NVITEM ( 884): : channel_read success
01-09 13:48:30.362 D/NVITEM ( 884): : _getPacket continue read 1044 size 1024 grp
2 sub 405
01-09 13:48:30.362 D/NVITEM ( 884): : writeData:id=1,start=504232, bytesLen:1024
01-09 13:48:30.362 D/NVITEM ( 884): : *****memcpy packet buf to fromChannel
01-09 13:48:30.362 D/NVITEM ( 884): : _getPacket
01-09 13:48:30.363 D/NVITEM ( 884): : get wake_lock 0
01-09 13:48:30.363 D/NVITEM ( 884): : channel_read success
01-09 13:48:30.363 D/NVITEM ( 884): : _getPacket continue read 1044 size 1024 grp
2 sub 406
