/product/etc/appcompat/compat_framework_overrides.xml
01-09 13:48:47.233 D/CompatConfig( 1138): Override file does't exist:
/product/etc/appcompat/compat_framework_overrides.xml
01-09 13:48:47.233 D/CompatConfig( 1138): Start loading
/data/misc/appcompat/compat_framework_overrides.xml
01-09 13:48:47.234 I/SystemConfig( 1138): Reading permissions from
/system/etc/permissions/privapp-permissions-com.samsung.android.dqagent.xml
01-09 13:48:47.235 I/SystemConfig( 1138): Reading permissions from
/system/etc/permissions/privapp-permissions-com.samsung.android.dynamiclock.xml
01-09 13:48:47.237 I/SystemConfig( 1138): Reading permissions from
/system/etc/permissions/privapp-permissions-com.samsung.android.easysetup.xml
01-09 13:48:47.240 I/SystemConfig( 1138): Reading permissions from
/system/etc/permissions/privapp-permissions-com.samsung.android.fmm.xml
01-09 13:48:47.241 I/SystemConfig( 1138): Reading permissions from
/system/etc/permissions/privapp-permissions-com.samsung.android.forest.xml
01-09 13:48:47.243 I/SystemConfig( 1138): Reading permissions from
/system/etc/permissions/privapp-permissions-com.samsung.android.game.gos.xml
01-09 13:48:47.245 I/SystemConfig( 1138): Reading permissions from
/system/etc/permissions/privapp-permissions-com.samsung.android.incallui.xml
01-09 13:48:47.248 I/SystemConfig( 1138): Reading permissions from
/system/etc/permissions/privapp-permissions-com.samsung.android.kgclient.xml
01-09 13:48:47.250 I/SystemConfig( 1138): Reading permissions from
/system/etc/permissions/privapp-permissions-
com.samsung.android.localeoverlaymanager.xml
01-09 13:48:47.250 D/CompatConfig( 1138): Loading change overrides for
/data/misc/appcompat/compat_framework_overrides.xml
01-09 13:48:47.251 I/SystemConfig( 1138): Reading permissions from
/system/etc/permissions/privapp-permissions-com.samsung.android.lool.xml
01-09 13:48:47.251 D/CompatConfig( 1138): Finish loading overrides files
01-09 13:48:47.253 I/servicemanager( 359): Adding 'u:r:system_server:s0' service
(platform_compat:1138)
01-09 13:48:47.254 I/SystemConfig( 1138): Reading permissions from
/system/etc/permissions/privapp-permissions-com.samsung.android.mdx.quickboard.xml
01-09 13:48:47.254 I/servicemanager( 359): Adding 'u:r:system_server:s0' service
(platform_compat_native:1138)
01-09 13:48:47.255 D/SystemServerTiming( 1138): PlatformCompat took to complete:
190ms
01-09 13:48:47.255 I/SystemServerTiming( 1138): StartFileIntegrityService
01-09 13:48:47.255 I/SystemServiceManager( 1138): Starting
com.android.server.security.FileIntegrityService
01-09 13:48:47.257 I/SystemConfig( 1138): Reading permissions from
/system/etc/permissions/privapp-permissions-com.samsung.android.messaging.xml
01-09 13:48:47.260 I/SystemConfig( 1138): Reading permissions from
/system/etc/permissions/privapp-permissions-com.samsung.android.mobileservice.xml
01-09 13:48:47.261 I/servicemanager( 359): Adding 'u:r:system_server:s0' service
(file_integrity:1138)
01-09 13:48:47.261 D/SystemServerTiming( 1138): StartFileIntegrityService took to
complete: 6ms
01-09 13:48:47.261 I/SystemServerTiming( 1138): StartInstaller
01-09 13:48:47.261 I/SystemConfig( 1138): Reading permissions from
/system/etc/permissions/privapp-permissions-com.samsung.android.mtp.xml
01-09 13:48:47.261 I/SystemServiceManager( 1138): Starting
com.android.server.pm.Installer
01-09 13:48:47.263 I/SystemConfig( 1138): Reading permissions from
/system/etc/permissions/privapp-permissions-
com.samsung.android.networkdiagnostic.xml
01-09 13:48:47.264 I/SystemConfig( 1138): Reading permissions from
/system/etc/permissions/privapp-permissions-
com.samsung.android.providers.contacts.xml
01-09 13:48:47.265 D/installd( 827): Found quota mount /dev/block/dm-9 at /data
01-09 13:48:47.266 I/SystemConfig( 1138): Reading permissions from
/system/etc/permissions/privapp-permissions-
com.samsung.android.providers.factory.xml
01-09 13:48:47.266 D/installd( 827): Found quota mount /dev/block/dm-9 at
/data/user/0
01-09 13:48:47.267 I/SystemConfig( 1138): Reading permissions from
/system/etc/permissions/privapp-permissions-com.samsung.android.providers.media.xml
01-09 13:48:47.269 I/SystemConfig( 1138): Reading permissions from
/system/etc/permissions/privapp-permissions-com.samsung.android.rubin.app.xml
01-09 13:48:47.270 I/SystemConfig( 1138): Reading permissions from
/system/etc/permissions/privapp-permissions-com.samsung.android.scloud.xml
01-09 13:48:47.271 D/SystemServerTiming( 1138): StartInstaller took to complete:
10ms
01-09 13:48:47.271 I/SystemServerTiming( 1138): DeviceIdentifiersPolicyService
01-09 13:48:47.271 I/SystemServiceManager( 1138): Starting
com.android.server.os.DeviceIdentifiersPolicyService
01-09 13:48:47.272 I/SystemConfig( 1138): Reading permissions from
/system/etc/permissions/privapp-permissions-com.samsung.android.scs.xml
01-09 13:48:47.273 I/servicemanager( 359): Adding 'u:r:system_server:s0' service
(device_identifiers:1138)
01-09 13:48:47.273 D/SystemServerTiming( 1138): DeviceIdentifiersPolicyService took
to complete: 1ms
01-09 13:48:47.273 I/SystemServerTiming( 1138): UriGrantsManagerService
01-09 13:48:47.273 I/SystemServiceManager( 1138): Starting
com.android.server.uri.UriGrantsManagerService$Lifecycle
01-09 13:48:47.274 I/SystemConfig( 1138): Reading permissions from
/system/etc/permissions/privapp-permissions-com.samsung.android.sdm.config.xml
01-09 13:48:47.276 I/SystemConfig( 1138): Reading permissions from
/system/etc/permissions/privapp-permissions-com.samsung.android.secsoundpicker.xml
01-09 13:48:47.276 I/servicemanager( 359): Adding 'u:r:system_server:s0' service
(uri_grants:1138)
01-09 13:48:47.276 D/SystemServerTiming( 1138): UriGrantsManagerService took to
complete: 2ms
01-09 13:48:47.276 I/SystemServerTiming( 1138): StartPowerStatsService
01-09 13:48:47.276 I/SystemServiceManager( 1138): Starting
com.android.server.powerstats.PowerStatsService
01-09 13:48:47.277 I/SystemConfig( 1138): Reading permissions from
/system/etc/permissions/privapp-permissions-
com.samsung.android.service.peoplestripe.xml
01-09 13:48:47.278 E/servicemanager( 359): Could not find
android.hardware.power.stats.IPowerStats/default in the VINTF manifest.
01-09 13:48:47.279 I/SystemConfig( 1138): Reading permissions from
/system/etc/permissions/privapp-permissions-
com.samsung.android.setting.multisound.xml
01-09 13:48:47.279 D/hw-ProcessState( 1138): Binder ioctl to enable oneway spam
detection failed: Invalid argument
01-09 13:48:47.280 I/SystemConfig( 1138): Reading permissions from
/system/etc/permissions/privapp-permissions-
com.samsung.android.setupindiaservicestnc.xml
01-09 13:48:47.282 I/SystemConfig( 1138): Reading permissions from
/system/etc/permissions/privapp-permissions-
com.samsung.android.sm.devicesecurity_v6.xml
01-09 13:48:47.283 I/SystemConfig( 1138): Reading permissions from
/system/etc/permissions/privapp-permissions-
com.samsung.android.smartcallprovider.xml
01-09 13:48:47.284 I/servicemanager( 359): Adding 'u:r:system_server:s0' service
(powerstats:1138)
01-09 13:48:47.284 I/SystemConfig( 1138): Reading permissions from
/system/etc/permissions/privapp-permissions-
com.samsung.android.smartswitchassistant.xml
01-09 13:48:47.284 D/SystemServerTiming( 1138): StartPowerStatsService took to
complete: 9ms
01-09 13:48:47.284 I/SystemServerTiming( 1138): StartIStatsService
01-09 13:48:47.285 I/SystemConfig( 1138): Reading permissions from
/system/etc/permissions/privapp-permissions-com.samsung.android.spaymini.xml
01-09 13:48:47.287 I/HidlServiceManagement( 1138): Registered
android.frameworks.stats@1.0::IStats/default
01-09 13:48:47.287 I/SystemConfig( 1138): Reading permissions from
/system/etc/permissions/privapp-permissions-com.samsung.android.themecenter.xml
01-09 13:48:47.288 I/servicemanager( 359): Found
android.frameworks.stats.IStats/default in framework VINTF manifest.
01-09 13:48:47.288 I/servicemanager( 359): Adding 'u:r:system_server:s0' service
(android.frameworks.stats.IStats/default:1138)
01-09 13:48:47.288 D/SystemServerTiming( 1138): StartIStatsService took to
complete: 3ms
01-09 13:48:47.288 I/SystemServerTiming( 1138): MemtrackProxyService
01-09 13:48:47.289 I/SystemConfig( 1138): Reading permissions from
/system/etc/permissions/privapp-permissions-com.samsung.android.video.xml
01-09 13:48:47.291 I/SystemConfig( 1138): Reading permissions from
/system/etc/permissions/privapp-permissions-com.samsung.attribution.xml
01-09 13:48:47.291 E/servicemanager( 359): Could not find
android.hardware.memtrack.IMemtrack/default in the VINTF manifest.
01-09 13:48:47.291 I/Stability( 1138): Interface set with vintf stability wire
protocol version 1 downgraded to system stability wire protocol version 1 stability
01-09 13:48:47.292 I/servicemanager( 359): Adding 'u:r:system_server:s0' service
(memtrack.proxy:1138)
01-09 13:48:47.292 I/SystemConfig( 1138): Reading permissions from
/system/etc/permissions/privapp-permissions-com.samsung.clipboardsaveservice.xml
01-09 13:48:47.292 D/SystemServerTiming( 1138): MemtrackProxyService took to
complete: 5ms
01-09 13:48:47.292 I/SystemServerTiming( 1138): StartActivityManager
01-09 13:48:47.293 I/SystemServiceManager( 1138): Starting
com.android.server.wm.ActivityTaskManagerService$Lifecycle
01-09 13:48:47.293 I/SystemConfig( 1138): Reading permissions from
/system/etc/permissions/privapp-permissions-com.samsung.crane.xml
01-09 13:48:47.295 I/SystemConfig( 1138): Reading permissions from
/system/etc/permissions/privapp-permissions-com.samsung.klmsagent.xml
01-09 13:48:47.296 I/SystemConfig( 1138): Reading permissions from
/system/etc/permissions/privapp-permissions-com.samsung.logwriter.xml
01-09 13:48:47.297 I/SystemConfig( 1138): Reading permissions from
/system/etc/permissions/privapp-permissions-com.samsung.memorysaver.xml
01-09 13:48:47.299 I/SystemConfig( 1138): Reading permissions from
/system/etc/permissions/privapp-permissions-
com.samsung.sec.android.application.csc.xml
01-09 13:48:47.301 I/SystemConfig( 1138): Reading permissions from
/system/etc/permissions/privapp-permissions-com.samsung.storyservice.xml
01-09 13:48:47.304 I/SystemConfig( 1138): Reading permissions from
/system/etc/permissions/privapp-permissions-com.sec.android.RilServiceModeApp.xml
01-09 13:48:47.305 I/SystemConfig( 1138): Reading permissions from
/system/etc/permissions/privapp-permissions-com.sec.android.app.SecSetupWizard.xml
01-09 13:48:47.307 I/SystemConfig( 1138): Reading permissions from
/system/etc/permissions/privapp-permissions-com.sec.android.app.camera-jdm.xml
01-09 13:48:47.308 I/SystemConfig( 1138): Reading permissions from
/system/etc/permissions/privapp-permissions-com.sec.android.app.camera.xml
01-09 13:48:47.310 D/CoreStateController( 1138): CoreStateController()
01-09 13:48:47.310 I/SystemConfig( 1138): Reading permissions from
/system/etc/permissions/privapp-permissions-
com.sec.android.app.factorykeystring.xml
01-09 13:48:47.312 I/SystemConfig( 1138): Reading permissions from
/system/etc/permissions/privapp-permissions-com.sec.android.app.fm.xml
01-09 13:48:47.313 I/SystemConfig( 1138): Reading permissions from
/system/etc/permissions/privapp-permissions-com.sec.android.app.itracker.xml
01-09 13:48:47.315 I/SystemConfig( 1138): Reading permissions from
/system/etc/permissions/privapp-permissions-com.sec.android.app.launcher.xml
01-09 13:48:47.316 I/servicemanager( 359): Adding 'u:r:system_server:s0' service
(activity_task:1138)
01-09 13:48:47.317 I/SystemServiceManager( 1138): Starting
com.android.server.am.ActivityManagerService$Lifecycle
01-09 13:48:47.317 I/SystemConfig( 1138): Reading permissions from
/system/etc/permissions/privapp-permissions-com.sec.android.app.myfiles.xml
01-09 13:48:47.319 I/SystemConfig( 1138): Reading permissions from
/system/etc/permissions/privapp-permissions-com.sec.android.app.popupcalculator.xml
01-09 13:48:47.320 I/SystemConfig( 1138): Reading permissions from
/system/etc/permissions/privapp-permissions-com.sec.android.app.safetyassurance.xml
01-09 13:48:47.322 I/SystemConfig( 1138): Reading permissions from
/system/etc/permissions/privapp-permissions-com.sec.android.app.samsungapps.xml
01-09 13:48:47.324 I/ActivityManager( 1138): Memory class: 192
01-09 13:48:47.324 I/SystemConfig( 1138): Reading permissions from
/system/etc/permissions/privapp-permissions-com.sec.android.app.servicemodeapp.xml
01-09 13:48:47.325 I/SystemConfig( 1138): Reading permissions from
/system/etc/permissions/privapp-permissions-com.sec.android.app.soundalive_S.xml
01-09 13:48:47.327 I/SystemConfig( 1138): Reading permissions from
/system/etc/permissions/privapp-permissions-com.sec.android.daemonapp.xml
01-09 13:48:47.329 I/SystemConfig( 1138): Reading permissions from
/system/etc/permissions/privapp-permissions-com.sec.android.diagmonagent.xml
01-09 13:48:47.329 I/Binder ( 1138): Setting heavy hitter watcher config: false,
0, 0.0
01-09 13:48:47.330 I/SystemConfig( 1138): Reading permissions from
/system/etc/permissions/privapp-permissions-com.sec.android.gallery3d.xml
01-09 13:48:47.332 I/SystemConfig( 1138): Reading permissions from
/system/etc/permissions/privapp-permissions-com.sec.android.provider.badge.xml
01-09 13:48:47.333 I/SystemConfig( 1138): Reading permissions from
/system/etc/permissions/privapp-permissions-
com.sec.android.mimage.photoretouching.xml
01-09 13:48:47.335 I/SystemConfig( 1138): Reading permissions from
/system/etc/permissions/privapp-permissions-com.sec.android.soagent.xml
01-09 13:48:47.336 I/SystemConfig( 1138): Reading permissions from
/system/etc/permissions/privapp-permissions-com.sec.app.RilErrorNotifier.xml
01-09 13:48:47.337 I/SystemConfig( 1138): Reading permissions from
/system/etc/permissions/privapp-permissions-com.sec.bcservice.xml
01-09 13:48:47.339 I/SystemConfig( 1138): Reading permissions from
/system/etc/permissions/privapp-permissions-com.sec.epdg.xml
01-09 13:48:47.340 I/SystemConfig( 1138): Reading permissions from
/system/etc/permissions/privapp-permissions-com.sec.epdgtestapp.xml
01-09 13:48:47.341 I/SystemConfig( 1138): Reading permissions from
/system/etc/permissions/privapp-permissions-com.sec.imslogger.xml
01-09 13:48:47.342 I/SystemConfig( 1138): Reading permissions from
/system/etc/permissions/privapp-permissions-com.sec.imsservice.xml
01-09 13:48:47.344 I/SystemConfig( 1138): Reading permissions from
/system/etc/permissions/privapp-permissions-com.sec.location.nsflp2_v6_0.xml
01-09 13:48:47.345 I/SystemConfig( 1138): Reading permissions from
/system/etc/permissions/privapp-permissions-com.sec.spp.push.xml
01-09 13:48:47.346 I/SystemConfig( 1138): Reading permissions from
/system/etc/permissions/privapp-permissions-com.wsomacp.xml
01-09 13:48:47.348 I/SystemConfig( 1138): Reading permissions from
/system/etc/permissions/privapp-permissions-com.wssyncmldm.xml
01-09 13:48:47.349 I/SystemConfig( 1138): Reading permissions from
/system/etc/permissions/privapp-permissions-facebook.xml
01-09 13:48:47.351 I/SystemConfig( 1138): Reading permissions from
/system/etc/permissions/privapp-permissions-google-system.xml
01-09 13:48:47.353 I/SystemConfig( 1138): Reading permissions from
/system/etc/permissions/privapp-permissions-o-os-com.samsung.android.uds.xml
01-09 13:48:47.354 I/SystemConfig( 1138): Reading permissions from
/system/etc/permissions/privapp-permissions-platform.xml
01-09 13:48:47.382 I/SystemConfig( 1138): Reading permissions from
/system/etc/permissions/privapp-permissions-themestore.xml
01-09 13:48:47.384 I/SystemConfig( 1138): Reading permissions from
/system/etc/permissions/rcsopenapi_library.xml
01-09 13:48:47.385 I/SystemConfig( 1138): Reading permissions from
/system/etc/permissions/saiv.xml
01-09 13:48:47.386 I/SystemConfig( 1138): Reading permissions from
/system/etc/permissions/samsungkeystoreutils.xml
01-09 13:48:47.387 I/SystemConfig( 1138): Reading permissions from
/system/etc/permissions/scamera_sdk_util.xml
01-09 13:48:47.387 I/SystemConfig( 1138): Reading permissions from
/system/etc/permissions/scamera_sep.xml
01-09 13:48:47.388 I/SystemConfig( 1138): Reading permissions from
/system/etc/permissions/sec_platform_library.xml
01-09 13:48:47.389 I/SystemConfig( 1138): Reading permissions from
/system/etc/permissions/secimaging.xml
01-09 13:48:47.389 I/SystemConfig( 1138): Reading permissions from
/system/etc/permissions/sem_telephony_common.xml
01-09 13:48:47.390 I/SystemConfig( 1138): Reading permissions from
/system/etc/permissions/semextendedformat.xml
01-09 13:48:47.391 I/SystemConfig( 1138): Reading permissions from
/system/etc/permissions/semmediatranscoder.xml
01-09 13:48:47.391 I/SystemConfig( 1138): Reading permissions from
/system/etc/permissions/semsdrvideoconverter.xml
01-09 13:48:47.392 I/SystemConfig( 1138): Reading permissions from
/system/etc/permissions/sfeffect.xml
01-09 13:48:47.392 I/SystemConfig( 1138): Reading permissions from
/system/etc/permissions/vsimservice_library.xml
01-09 13:48:47.393 I/SystemConfig( 1138): Reading permissions from
/system/etc/permissions/platform.xml
01-09 13:48:47.408 W/SystemConfig( 1138): Tag system-user-whitelisted-app is
unknown in /system/etc/permissions/platform.xml at START_TAG (empty) <system-user-
whitelisted-app package='com.tmobile.echolocate'>@384:69 in
java.io.FileReader@526451e
01-09 13:48:47.414 I/SystemConfig( 1138): Reading permissions from
/vendor/etc/sysconfig/partner-apex-vendor-allowlist.xml
01-09 13:48:47.416 I/SystemConfig( 1138): Reading permissions from
/vendor/etc/permissions/android.hardware.sensor.light.xml
01-09 13:48:47.417 I/SystemConfig( 1138): Reading permissions from
/vendor/etc/permissions/android.hardware.telephony.ims.xml
01-09 13:48:47.417 I/SystemConfig( 1138): Reading permissions from
/vendor/etc/permissions/android.hardware.sensor.proximity.xml
01-09 13:48:47.418 I/SystemConfig( 1138): Reading permissions from
/vendor/etc/permissions/android.software.opengles.deqp.level-2021-03-01.xml
01-09 13:48:47.419 I/SystemConfig( 1138): Reading permissions from
/vendor/etc/permissions/android.hardware.vulkan.version-1_1.xml
01-09 13:48:47.420 I/SystemConfig( 1138): Reading permissions from
/vendor/etc/permissions/android.software.vulkan.deqp.level-2021-03-01.xml
01-09 13:48:47.420 I/SystemConfig( 1138): Reading permissions from
/vendor/etc/permissions/android.software.managed_users.xml
01-09 13:48:47.421 I/SystemConfig( 1138): Reading permissions from
/vendor/etc/permissions/android.hardware.touchscreen.xml
01-09 13:48:47.422 I/SystemConfig( 1138): Reading permissions from
/vendor/etc/permissions/android.hardware.location.gps.xml
01-09 13:48:47.423 I/SystemConfig( 1138): Reading permissions from
/vendor/etc/permissions/android.hardware.vulkan.level-0.xml
01-09 13:48:47.423 I/SystemConfig( 1138): Reading permissions from
/vendor/etc/permissions/android.hardware.camera.front.xml
01-09 13:48:47.424 I/SystemConfig( 1138): Reading permissions from
/vendor/etc/permissions/android.hardware.camera.flash-autofocus.xml
01-09 13:48:47.425 I/SystemConfig( 1138): Reading permissions from
/vendor/etc/permissions/android.hardware.sensor.stepdetector.xml
01-09 13:48:47.426 I/SystemConfig( 1138): Reading permissions from
/vendor/etc/permissions/android.hardware.wifi.direct.xml
01-09 13:48:47.426 I/SystemConfig( 1138): Reading permissions from
/vendor/etc/permissions/android.hardware.touchscreen.multitouch.jazzhand.xml
01-09 13:48:47.427 I/SystemConfig( 1138): Reading permissions from
/vendor/etc/permissions/android.software.secure_lock_screen.xml
01-09 13:48:47.428 I/SystemConfig( 1138): Reading permissions from
/vendor/etc/permissions/android.hardware.wifi.xml
01-09 13:48:47.429 I/SystemConfig( 1138): Reading permissions from
/vendor/etc/permissions/android.hardware.wifi.passpoint.xml
01-09 13:48:47.429 I/SystemConfig( 1138): Reading permissions from
/vendor/etc/permissions/android.software.verified_boot.xml
01-09 13:48:47.430 I/SystemConfig( 1138): Reading permissions from
/vendor/etc/permissions/android.software.ipsec_tunnels.xml
01-09 13:48:47.431 I/SystemConfig( 1138): Reading permissions from
/vendor/etc/permissions/android.hardware.touchscreen.multitouch.distinct.xml
01-09 13:48:47.432 I/SystemConfig( 1138): Reading permissions from
/vendor/etc/permissions/android.hardware.reboot_escrow.xml
01-09 13:48:47.432 I/SystemConfig( 1138): Reading permissions from
/vendor/etc/permissions/android.hardware.opengles.aep.xml
01-09 13:48:47.433 I/SystemConfig( 1138): Reading permissions from
/vendor/etc/permissions/android.hardware.telephony.gsm.xml
01-09 13:48:47.434 I/SystemConfig( 1138): Reading permissions from
/vendor/etc/permissions/android.hardware.sensor.stepcounter.xml
01-09 13:48:47.434 I/SystemConfig( 1138): Reading permissions from
/vendor/etc/permissions/handheld_core_hardware.xml
01-09 13:48:47.437 I/SystemConfig( 1138): Reading permissions from
/vendor/etc/permissions/android.hardware.broadcastradio.xml
01-09 13:48:47.437 I/SystemConfig( 1138): Reading permissions from
/vendor/etc/permissions/android.software.cts.xml
01-09 13:48:47.438 I/SystemConfig( 1138): Reading permissions from
/vendor/etc/permissions/android.hardware.sensor.accelerometer.xml
01-09 13:48:47.439 I/SystemConfig( 1138): Reading permissions from
/vendor/etc/permissions/android.hardware.usb.host.xml
01-09 13:48:47.439 I/SystemConfig( 1138): Reading permissions from
/vendor/etc/permissions/android.hardware.vulkan.compute-0.xml
01-09 13:48:47.440 I/SystemConfig( 1138): Reading permissions from
/vendor/etc/permissions/android.software.controls.xml
01-09 13:48:47.441 I/SystemConfig( 1138): Reading permissions from
/vendor/etc/permissions/android.software.midi.xml
01-09 13:48:47.442 I/SystemConfig( 1138): Reading permissions from
/vendor/etc/permissions/android.hardware.vulkan.level-1.xml
01-09 13:48:47.442 I/SystemConfig( 1138): Reading permissions from
/vendor/etc/permissions/android.hardware.usb.accessory.xml
01-09 13:48:47.443 I/SystemConfig( 1138): Reading permissions from
/vendor/etc/permissions/android.hardware.bluetooth_le.xml
01-09 13:48:47.445 I/SystemConfig( 1138): Reading aerProductName from
/system/etc/aer_product_name.xml
01-09 13:48:47.447 W/SystemConfig( 1138): fname = o1stur
01-09 13:48:47.447 W/SystemConfig( 1138): ro.product.name = a03ub
01-09 13:48:47.447 W/SystemConfig( 1138): fname = o1sxtur
01-09 13:48:47.448 W/SystemConfig( 1138): ro.product.name = a03ub
01-09 13:48:47.448 W/SystemConfig( 1138): fname = o1sxser
01-09 13:48:47.448 W/SystemConfig( 1138): ro.product.name = a03ub
01-09 13:48:47.448 W/SystemConfig( 1138): fname = o1sxx
01-09 13:48:47.448 W/SystemConfig( 1138): ro.product.name = a03ub
01-09 13:48:47.448 W/SystemConfig( 1138): fname = o1sxxx
01-09 13:48:47.448 W/SystemConfig( 1138): ro.product.name = a03ub
01-09 13:48:47.448 W/SystemConfig( 1138): fname = o1sxeea
01-09 13:48:47.448 W/SystemConfig( 1138): ro.product.name = a03ub
01-09 13:48:47.448 W/SystemConfig( 1138): fname = o1sksx
01-09 13:48:47.448 W/SystemConfig( 1138): ro.product.name = a03ub
01-09 13:48:47.448 W/SystemConfig( 1138): fname = o1sser
01-09 13:48:47.448 W/SystemConfig( 1138): ro.product.name = a03ub
01-09 13:48:47.448 W/SystemConfig( 1138): fname = o1qcsx
01-09 13:48:47.448 W/SystemConfig( 1138): ro.product.name = a03ub
01-09 13:48:47.448 W/SystemConfig( 1138): fname = o1quew
01-09 13:48:47.448 W/SystemConfig( 1138): ro.product.name = a03ub
01-09 13:48:47.448 W/SystemConfig( 1138): fname = o1qzhx
01-09 13:48:47.448 W/SystemConfig( 1138): ro.product.name = a03ub
01-09 13:48:47.448 W/SystemConfig( 1138): fname = o1qsqw
01-09 13:48:47.448 W/SystemConfig( 1138): ro.product.name = a03ub
01-09 13:48:47.448 W/SystemConfig( 1138): fname = SC-51B
01-09 13:48:47.448 W/SystemConfig( 1138): ro.product.name = a03ub
01-09 13:48:47.448 W/SystemConfig( 1138): fname = SCG09_jp_kdi
01-09 13:48:47.448 W/SystemConfig( 1138): ro.product.name = a03ub
01-09 13:48:47.448 W/SystemConfig( 1138): fname = t2sksx
01-09 13:48:47.449 W/SystemConfig( 1138): ro.product.name = a03ub
01-09 13:48:47.449 W/SystemConfig( 1138): fname = t2sxxx
01-09 13:48:47.449 W/SystemConfig( 1138): ro.product.name = a03ub
01-09 13:48:47.449 W/SystemConfig( 1138): fname = t2sxser
01-09 13:48:47.449 W/SystemConfig( 1138): ro.product.name = a03ub
01-09 13:48:47.449 W/SystemConfig( 1138): fname = t2sxeea
01-09 13:48:47.449 W/SystemConfig( 1138): ro.product.name = a03ub
01-09 13:48:47.449 W/SystemConfig( 1138): fname = t2sxtur
01-09 13:48:47.449 W/SystemConfig( 1138): ro.product.name = a03ub
01-09 13:48:47.449 W/SystemConfig( 1138): fname = t2qzhx
01-09 13:48:47.449 W/SystemConfig( 1138): ro.product.name = a03ub
01-09 13:48:47.449 W/SystemConfig( 1138): fname = t2qsqw
01-09 13:48:47.449 W/SystemConfig( 1138): ro.product.name = a03ub
01-09 13:48:47.449 W/SystemConfig( 1138): fname = t2qcsx
01-09 13:48:47.449 W/SystemConfig( 1138): ro.product.name = a03ub
01-09 13:48:47.449 W/SystemConfig( 1138): fname = t2quew
01-09 13:48:47.449 W/SystemConfig( 1138): ro.product.name = a03ub
01-09 13:48:47.449 W/SystemConfig( 1138): fname = SCG10_jp_kdi
01-09 13:48:47.449 W/SystemConfig( 1138): ro.product.name = a03ub
01-09 13:48:47.449 W/SystemConfig( 1138): fname = p3sksx
01-09 13:48:47.449 W/SystemConfig( 1138): ro.product.name = a03ub
01-09 13:48:47.449 W/SystemConfig( 1138): fname = p3sxeea
01-09 13:48:47.449 W/SystemConfig( 1138): ro.product.name = a03ub
01-09 13:48:47.449 W/SystemConfig( 1138): fname = p3sxtur
01-09 13:48:47.449 W/SystemConfig( 1138): ro.product.name = a03ub
01-09 13:48:47.449 W/SystemConfig( 1138): fname = p3sxser
01-09 13:48:47.450 W/SystemConfig( 1138): ro.product.name = a03ub
01-09 13:48:47.450 W/SystemConfig( 1138): fname = p3sxxx
01-09 13:48:47.450 W/SystemConfig( 1138): ro.product.name = a03ub
01-09 13:48:47.450 W/SystemConfig( 1138): fname = p3qcsx
01-09 13:48:47.450 W/SystemConfig( 1138): ro.product.name = a03ub
01-09 13:48:47.450 W/SystemConfig( 1138): fname = p3qsqw
01-09 13:48:47.450 W/SystemConfig( 1138): ro.product.name = a03ub
01-09 13:48:47.450 W/SystemConfig( 1138): fname = p3quew
01-09 13:48:47.450 W/SystemConfig( 1138): ro.product.name = a03ub
01-09 13:48:47.450 W/SystemConfig( 1138): fname = p3qzhx
01-09 13:48:47.450 W/SystemConfig( 1138): ro.product.name = a03ub
01-09 13:48:47.450 W/SystemConfig( 1138): fname = SC-52B
01-09 13:48:47.450 W/SystemConfig( 1138): ro.product.name = a03ub
01-09 13:48:47.450 W/SystemConfig( 1138): fname = q2qsqw
01-09 13:48:47.450 W/SystemConfig( 1138): ro.product.name = a03ub
01-09 13:48:47.450 W/SystemConfig( 1138): fname = q2qxxx
01-09 13:48:47.450 W/SystemConfig( 1138): ro.product.name = a03ub
01-09 13:48:47.450 W/SystemConfig( 1138): fname = q2qcsx
01-09 13:48:47.450 W/SystemConfig( 1138): ro.product.name = a03ub
01-09 13:48:47.450 W/SystemConfig( 1138): fname = q2qzhx
01-09 13:48:47.450 W/SystemConfig( 1138): ro.product.name = a03ub
01-09 13:48:47.450 W/SystemConfig( 1138): fname = q2qksx
01-09 13:48:47.450 W/SystemConfig( 1138): ro.product.name = a03ub
01-09 13:48:47.450 W/SystemConfig( 1138): fname = q2qxtur
01-09 13:48:47.450 W/SystemConfig( 1138): ro.product.name = a03ub
01-09 13:48:47.451 W/SystemConfig( 1138): fname = q2qxser
01-09 13:48:47.451 W/SystemConfig( 1138): ro.product.name = a03ub
01-09 13:48:47.451 W/SystemConfig( 1138): fname = q2qxeea
01-09 13:48:47.451 W/SystemConfig( 1138): ro.product.name = a03ub
01-09 13:48:47.451 W/SystemConfig( 1138): fname = q2quew
01-09 13:48:47.451 W/SystemConfig( 1138): ro.product.name = a03ub
01-09 13:48:47.451 W/SystemConfig( 1138): fname = SC-55B
01-09 13:48:47.451 W/SystemConfig( 1138): ro.product.name = a03ub
01-09 13:48:47.451 W/SystemConfig( 1138): fname = SCG11_jp_kdi
01-09 13:48:47.451 W/SystemConfig( 1138): ro.product.name = a03ub
01-09 13:48:47.451 W/SystemConfig( 1138): fname = b2quew
01-09 13:48:47.451 W/SystemConfig( 1138): ro.product.name = a03ub
01-09 13:48:47.451 W/SystemConfig( 1138): fname = b2qxxx
01-09 13:48:47.451 W/SystemConfig( 1138): ro.product.name = a03ub
01-09 13:48:47.451 W/SystemConfig( 1138): fname = b2qcsx
01-09 13:48:47.451 W/SystemConfig( 1138): ro.product.name = a03ub
01-09 13:48:47.451 W/SystemConfig( 1138): fname = b2qsqw
01-09 13:48:47.451 W/SystemConfig( 1138): ro.product.name = a03ub
01-09 13:48:47.451 W/SystemConfig( 1138): fname = b2qzhx
01-09 13:48:47.451 W/SystemConfig( 1138): ro.product.name = a03ub
01-09 13:48:47.451 W/SystemConfig( 1138): fname = b2qxser
01-09 13:48:47.451 W/SystemConfig( 1138): ro.product.name = a03ub
01-09 13:48:47.451 W/SystemConfig( 1138): fname = b2qxtur
01-09 13:48:47.451 W/SystemConfig( 1138): ro.product.name = a03ub
01-09 13:48:47.451 W/SystemConfig( 1138): fname = b2qxeea
01-09 13:48:47.451 W/SystemConfig( 1138): ro.product.name = a03ub
01-09 13:48:47.451 W/SystemConfig( 1138): fname = b2qksx
01-09 13:48:47.451 W/SystemConfig( 1138): ro.product.name = a03ub
01-09 13:48:47.452 W/SystemConfig( 1138): fname = SC-54B
01-09 13:48:47.452 W/SystemConfig( 1138): ro.product.name = a03ub
01-09 13:48:47.452 W/SystemConfig( 1138): fname = SCG12_jp_kdi
01-09 13:48:47.452 W/SystemConfig( 1138): ro.product.name = a03ub
01-09 13:48:47.452 W/SystemConfig( 1138): fname = a52qnstur
01-09 13:48:47.452 W/SystemConfig( 1138): ro.product.name = a03ub
01-09 13:48:47.452 W/SystemConfig( 1138): fname = a52qnseea
01-09 13:48:47.452 W/SystemConfig( 1138): ro.product.name = a03ub
01-09 13:48:47.452 W/SystemConfig( 1138): fname = a52qnsxx
01-09 13:48:47.452 W/SystemConfig( 1138): ro.product.name = a03ub
01-09 13:48:47.452 W/SystemConfig( 1138): fname = a52qnsser
01-09 13:48:47.452 W/SystemConfig( 1138): ro.product.name = a03ub
01-09 13:48:47.452 W/SystemConfig( 1138): fname = a52qub
01-09 13:48:47.452 W/SystemConfig( 1138): ro.product.name = a03ub
01-09 13:48:47.452 W/SystemConfig( 1138): fname = a52xque
01-09 13:48:47.452 W/SystemConfig( 1138): ro.product.name = a03ub
01-09 13:48:47.452 W/SystemConfig( 1138): fname = a52xqcs
01-09 13:48:47.452 W/SystemConfig( 1138): ro.product.name = a03ub
01-09 13:48:47.452 W/SystemConfig( 1138): fname = a52xqnaeea
01-09 13:48:47.452 W/SystemConfig( 1138): ro.product.name = a03ub
01-09 13:48:47.452 W/SystemConfig( 1138): fname = a52xqsq
01-09 13:48:47.452 W/SystemConfig( 1138): ro.product.name = a03ub
01-09 13:48:47.452 W/SystemConfig( 1138): fname = a52xqzh
01-09 13:48:47.452 W/SystemConfig( 1138): ro.product.name = a03ub
01-09 13:48:47.452 W/SystemConfig( 1138): fname = a52xqks
01-09 13:48:47.452 W/SystemConfig( 1138): ro.product.name = a03ub
01-09 13:48:47.452 W/SystemConfig( 1138): fname = a52xqnaxx
01-09 13:48:47.453 W/SystemConfig( 1138): ro.product.name = a03ub
01-09 13:48:47.453 W/SystemConfig( 1138): fname = SC-53B
01-09 13:48:47.453 W/SystemConfig( 1138): ro.product.name = a03ub
01-09 13:48:47.453 W/SystemConfig( 1138): fname = a52sxqeea
01-09 13:48:47.453 W/SystemConfig( 1138): ro.product.name = a03ub
01-09 13:48:47.453 W/SystemConfig( 1138): fname = a52sxqtur
01-09 13:48:47.453 W/SystemConfig( 1138): ro.product.name = a03ub
01-09 13:48:47.453 W/SystemConfig( 1138): fname = a52sxqser
01-09 13:48:47.453 W/SystemConfig( 1138): ro.product.name = a03ub
01-09 13:48:47.453 W/SystemConfig( 1138): fname = a52sxqzt
01-09 13:48:47.453 W/SystemConfig( 1138): ro.product.name = a03ub
01-09 13:48:47.453 W/SystemConfig( 1138): fname = a52sxqxx
01-09 13:48:47.453 W/SystemConfig( 1138): ro.product.name = a03ub
01-09 13:48:47.453 W/SystemConfig( 1138): fname = a52sxqks
01-09 13:48:47.453 W/SystemConfig( 1138): ro.product.name = a03ub
01-09 13:48:47.453 W/SystemConfig( 1138): fname = r9sxtur
01-09 13:48:47.453 W/SystemConfig( 1138): ro.product.name = a03ub
01-09 13:48:47.453 W/SystemConfig( 1138): fname = r9sxxx
01-09 13:48:47.453 W/SystemConfig( 1138): ro.product.name = a03ub
01-09 13:48:47.453 W/SystemConfig( 1138): fname = r9qksx
01-09 13:48:47.453 W/SystemConfig( 1138): ro.product.name = a03ub
01-09 13:48:47.453 W/SystemConfig( 1138): fname = r9qxeea
01-09 13:48:47.453 W/SystemConfig( 1138): ro.product.name = a03ub
01-09 13:48:47.453 W/SystemConfig( 1138): fname = r9qxtur
01-09 13:48:47.453 W/SystemConfig( 1138): ro.product.name = a03ub
01-09 13:48:47.453 W/SystemConfig( 1138): fname = r9qxser
01-09 13:48:47.453 W/SystemConfig( 1138): ro.product.name = a03ub
01-09 13:48:47.454 W/SystemConfig( 1138): fname = r9qzh
01-09 13:48:47.454 W/SystemConfig( 1138): ro.product.name = a03ub
01-09 13:48:47.454 W/SystemConfig( 1138): fname = r9quew
01-09 13:48:47.454 W/SystemConfig( 1138): ro.product.name = a03ub
01-09 13:48:47.454 W/SystemConfig( 1138): fname = r9qxxx
01-09 13:48:47.454 W/SystemConfig( 1138): ro.product.name = a03ub
01-09 13:48:47.454 W/SystemConfig( 1138): fname = r9qcsx
01-09 13:48:47.454 W/SystemConfig( 1138): ro.product.name = a03ub
01-09 13:48:47.454 W/SystemConfig( 1138): fname = r9qsqw
01-09 13:48:47.454 W/SystemConfig( 1138): ro.product.name = a03ub
01-09 13:48:47.454 W/SystemConfig( 1138): fname = r9q2xser
01-09 13:48:47.454 W/SystemConfig( 1138): ro.product.name = a03ub
01-09 13:48:47.454 W/SystemConfig( 1138): fname = r9q2xxx
01-09 13:48:47.454 W/SystemConfig( 1138): ro.product.name = a03ub
01-09 13:48:47.454 W/SystemConfig( 1138): fname = r9q2xeea
01-09 13:48:47.454 W/SystemConfig( 1138): ro.product.name = a03ub
01-09 13:48:47.454 W/SystemConfig( 1138): fname = r9q2sqw
01-09 13:48:47.454 W/SystemConfig( 1138): ro.product.name = a03ub
01-09 13:48:47.454 W/SystemConfig( 1138): fname = a32ub
01-09 13:48:47.454 W/SystemConfig( 1138): ro.product.name = a03ub
01-09 13:48:47.454 W/SystemConfig( 1138): fname = a32ks
01-09 13:48:47.454 W/SystemConfig( 1138): ro.product.name = a03ub
01-09 13:48:47.454 W/SystemConfig( 1138): fname = a32eea
01-09 13:48:47.454 W/SystemConfig( 1138): ro.product.name = a03ub
01-09 13:48:47.454 W/SystemConfig( 1138): fname = a32tur
01-09 13:48:47.454 W/SystemConfig( 1138): ro.product.name = a03ub
01-09 13:48:47.454 W/SystemConfig( 1138): fname = a32ser
01-09 13:48:47.455 W/SystemConfig( 1138): ro.product.name = a03ub
01-09 13:48:47.455 W/SystemConfig( 1138): fname = a32xx
01-09 13:48:47.455 W/SystemConfig( 1138): ro.product.name = a03ub
01-09 13:48:47.455 W/SystemConfig( 1138): fname = a32xxx
01-09 13:48:47.455 W/SystemConfig( 1138): ro.product.name = a03ub
01-09 13:48:47.455 W/SystemConfig( 1138): fname = a32xcs
01-09 13:48:47.455 W/SystemConfig( 1138): ro.product.name = a03ub
01-09 13:48:47.455 W/SystemConfig( 1138): fname = a32xeea
01-09 13:48:47.455 W/SystemConfig( 1138): ro.product.name = a03ub
01-09 13:48:47.455 W/SystemConfig( 1138): fname = a32xue
01-09 13:48:47.455 W/SystemConfig( 1138): ro.product.name = a03ub
01-09 13:48:47.455 W/SystemConfig( 1138): fname = a32xtfn
01-09 13:48:47.455 W/SystemConfig( 1138): ro.product.name = a03ub
01-09 13:48:47.455 W/SystemConfig( 1138): fname = a32xzh
01-09 13:48:47.455 W/SystemConfig( 1138): ro.product.name = a03ub
01-09 13:48:47.455 W/SystemConfig( 1138): fname = a32xsq
01-09 13:48:47.455 W/SystemConfig( 1138): ro.product.name = a03ub
01-09 13:48:47.455 W/SystemConfig( 1138): fname = SCG08_jp_kdi
01-09 13:48:47.455 W/SystemConfig( 1138): ro.product.name = a03ub
01-09 13:48:47.455 W/SystemConfig( 1138): fname = xcover5eea
01-09 13:48:47.455 W/SystemConfig( 1138): ro.product.name = a03ub
01-09 13:48:47.455 W/SystemConfig( 1138): fname = xcover5ser
01-09 13:48:47.455 W/SystemConfig( 1138): ro.product.name = a03ub
01-09 13:48:47.455 W/SystemConfig( 1138): fname = xcover5kx
01-09 13:48:47.455 W/SystemConfig( 1138): ro.product.name = a03ub
01-09 13:48:47.455 W/SystemConfig( 1138): fname = xcover5xx
01-09 13:48:47.455 W/SystemConfig( 1138): ro.product.name = a03ub
01-09 13:48:47.456 W/SystemConfig( 1138): fname = gts7fewifixx
01-09 13:48:47.456 W/SystemConfig( 1138): ro.product.name = a03ub
01-09 13:48:47.456 W/SystemConfig( 1138): fname = gts7fewifitur
01-09 13:48:47.456 W/SystemConfig( 1138): ro.product.name = a03ub
01-09 13:48:47.456 W/SystemConfig( 1138): fname = gts7fewifieea
01-09 13:48:47.456 W/SystemConfig( 1138): ro.product.name = a03ub
01-09 13:48:47.456 W/SystemConfig( 1138): fname = gts7fewifiser
01-09 13:48:47.456 W/SystemConfig( 1138): ro.product.name = a03ub
01-09 13:48:47.456 W/SystemConfig( 1138): fname = gts7xllitexx
01-09 13:48:47.456 W/SystemConfig( 1138): ro.product.name = a03ub
01-09 13:48:47.456 W/SystemConfig( 1138): fname = gts7xlliteser
01-09 13:48:47.456 W/SystemConfig( 1138): ro.product.name = a03ub
01-09 13:48:47.456 W/SystemConfig( 1138): fname = gts7xllitexeea
01-09 13:48:47.456 W/SystemConfig( 1138): ro.product.name = a03ub
01-09 13:48:47.456 W/SystemConfig( 1138): fname = gts7xllitekx
01-09 13:48:47.456 W/SystemConfig( 1138): ro.product.name = a03ub
01-09 13:48:47.456 W/SystemConfig( 1138): fname = gts7xllitetur
01-09 13:48:47.456 W/SystemConfig( 1138): ro.product.name = a03ub
01-09 13:48:47.456 W/SystemConfig( 1138): fname = gts7xllitekxx
01-09 13:48:47.456 W/SystemConfig( 1138): ro.product.name = a03ub
01-09 13:48:47.456 W/SystemConfig( 1138): fname = gts7xllitesqwnc
01-09 13:48:47.456 W/SystemConfig( 1138): ro.product.name = a03ub
01-09 13:48:47.456 W/SystemConfig( 1138): fname = gts7xllitexxx
01-09 13:48:47.456 W/SystemConfig( 1138): ro.product.name = a03ub
01-09 13:48:47.456 W/SystemConfig( 1138): fname = gts7xllitesqw
01-09 13:48:47.456 W/SystemConfig( 1138): ro.product.name = a03ub
01-09 13:48:47.457 W/SystemConfig( 1138): fname = gts7xllitewifieea
01-09 13:48:47.457 W/SystemConfig( 1138): ro.product.name = a03ub
01-09 13:48:47.457 W/SystemConfig( 1138): fname = gts7xllitewifixx
01-09 13:48:47.457 W/SystemConfig( 1138): ro.product.name = a03ub
01-09 13:48:47.457 W/SystemConfig( 1138): fname = gts7xllitewifitur
01-09 13:48:47.457 W/SystemConfig( 1138): ro.product.name = a03ub
01-09 13:48:47.457 W/SystemConfig( 1138): fname = gts7xllitewifiser
01-09 13:48:47.457 W/SystemConfig( 1138): ro.product.name = a03ub
01-09 13:48:47.457 W/SystemConfig( 1138): fname = b0sxser
01-09 13:48:47.457 W/SystemConfig( 1138): ro.product.name = a03ub
01-09 13:48:47.457 W/SystemConfig( 1138): fname = b0sxtur
01-09 13:48:47.457 W/SystemConfig( 1138): ro.product.name = a03ub
01-09 13:48:47.457 W/SystemConfig( 1138): fname = b0sxxx
01-09 13:48:47.457 W/SystemConfig( 1138): ro.product.name = a03ub
01-09 13:48:47.457 W/SystemConfig( 1138): fname = b0sxeea
01-09 13:48:47.457 W/SystemConfig( 1138): ro.product.name = a03ub
01-09 13:48:47.457 W/SystemConfig( 1138): fname = b0sksx
01-09 13:48:47.457 W/SystemConfig( 1138): ro.product.name = a03ub
01-09 13:48:47.457 W/SystemConfig( 1138): fname = b0qksx
01-09 13:48:47.457 W/SystemConfig( 1138): ro.product.name = a03ub
01-09 13:48:47.457 W/SystemConfig( 1138): fname = b0quew
01-09 13:48:47.457 W/SystemConfig( 1138): ro.product.name = a03ub
01-09 13:48:47.457 W/SystemConfig( 1138): fname = b0qcsx
01-09 13:48:47.457 W/SystemConfig( 1138): ro.product.name = a03ub
01-09 13:48:47.457 W/SystemConfig( 1138): fname = b0qxxx
01-09 13:48:47.457 W/SystemConfig( 1138): ro.product.name = a03ub
01-09 13:48:47.457 W/SystemConfig( 1138): fname = b0qsqw
01-09 13:48:47.457 W/SystemConfig( 1138): ro.product.name = a03ub
01-09 13:48:47.458 W/SystemConfig( 1138): fname = b0qzhx
01-09 13:48:47.458 W/SystemConfig( 1138): ro.product.name = a03ub
01-09 13:48:47.458 W/SystemConfig( 1138): fname = b0qxtur
01-09 13:48:47.458 W/SystemConfig( 1138): ro.product.name = a03ub
01-09 13:48:47.458 W/SystemConfig( 1138): fname = SC-52C
01-09 13:48:47.458 W/SystemConfig( 1138): ro.product.name = a03ub
01-09 13:48:47.458 W/SystemConfig( 1138): fname = SCG14_jp_kdi
01-09 13:48:47.458 W/SystemConfig( 1138): ro.product.name = a03ub
01-09 13:48:47.458 W/SystemConfig( 1138): fname = r0sxxx
01-09 13:48:47.458 W/SystemConfig( 1138): ro.product.name = a03ub
01-09 13:48:47.458 W/SystemConfig( 1138): fname = r0sxeea
01-09 13:48:47.458 W/SystemConfig( 1138): ro.product.name = a03ub
01-09 13:48:47.458 W/SystemConfig( 1138): fname = r0sxtur
01-09 13:48:47.458 W/SystemConfig( 1138): ro.product.name = a03ub
01-09 13:48:47.458 W/SystemConfig( 1138): fname = r0sxser
01-09 13:48:47.458 W/SystemConfig( 1138): ro.product.name = a03ub
01-09 13:48:47.458 W/SystemConfig( 1138): fname = r0sksx
01-09 13:48:47.458 W/SystemConfig( 1138): ro.product.name = a03ub
01-09 13:48:47.458 W/SystemConfig( 1138): fname = r0qksx
01-09 13:48:47.458 W/SystemConfig( 1138): ro.product.name = a03ub
01-09 13:48:47.458 W/SystemConfig( 1138): fname = r0qxtur
01-09 13:48:47.458 W/SystemConfig( 1138): ro.product.name = a03ub
01-09 13:48:47.458 W/SystemConfig( 1138): fname = r0qcsx
01-09 13:48:47.458 W/SystemConfig( 1138): ro.product.name = a03ub
01-09 13:48:47.458 W/SystemConfig( 1138): fname = r0qzhx
01-09 13:48:47.458 W/SystemConfig( 1138): ro.product.name = a03ub
01-09 13:48:47.459 W/SystemConfig( 1138): fname = r0quew
01-09 13:48:47.459 W/SystemConfig( 1138): ro.product.name = a03ub
01-09 13:48:47.459 W/SystemConfig( 1138): fname = r0qsqw
01-09 13:48:47.459 W/SystemConfig( 1138): ro.product.name = a03ub
01-09 13:48:47.459 W/SystemConfig( 1138): fname = r0qxxx
01-09 13:48:47.459 W/SystemConfig( 1138): ro.product.name = a03ub
01-09 13:48:47.459 W/SystemConfig( 1138): fname = SC-51C
01-09 13:48:47.459 W/SystemConfig( 1138): ro.product.name = a03ub
01-09 13:48:47.459 W/SystemConfig( 1138): fname = SCG13_jp_kdi
01-09 13:48:47.459 W/SystemConfig( 1138): ro.product.name = a03ub
01-09 13:48:47.459 W/SystemConfig( 1138): fname = g0sxxx
01-09 13:48:47.459 W/SystemConfig( 1138): ro.product.name = a03ub
01-09 13:48:47.459 W/SystemConfig( 1138): fname = g0sxtur
01-09 13:48:47.459 W/SystemConfig( 1138): ro.product.name = a03ub
01-09 13:48:47.459 W/SystemConfig( 1138): fname = g0sxeea
01-09 13:48:47.459 W/SystemConfig( 1138): ro.product.name = a03ub
01-09 13:48:47.459 W/SystemConfig( 1138): fname = g0sxser
01-09 13:48:47.459 W/SystemConfig( 1138): ro.product.name = a03ub
01-09 13:48:47.459 W/SystemConfig( 1138): fname = g0sksx
01-09 13:48:47.459 W/SystemConfig( 1138): ro.product.name = a03ub
01-09 13:48:47.459 W/SystemConfig( 1138): fname = g0qksx
01-09 13:48:47.459 W/SystemConfig( 1138): ro.product.name = a03ub
01-09 13:48:47.459 W/SystemConfig( 1138): fname = g0quew
01-09 13:48:47.459 W/SystemConfig( 1138): ro.product.name = a03ub
01-09 13:48:47.459 W/SystemConfig( 1138): fname = g0qxtur
01-09 13:48:47.459 W/SystemConfig( 1138): ro.product.name = a03ub
01-09 13:48:47.459 W/SystemConfig( 1138): fname = g0qcsx
01-09 13:48:47.459 W/SystemConfig( 1138): ro.product.name = a03ub
01-09 13:48:47.460 W/SystemConfig( 1138): fname = g0qxxx
01-09 13:48:47.460 W/SystemConfig( 1138): ro.product.name = a03ub
01-09 13:48:47.460 W/SystemConfig( 1138): fname = g0qsqw
01-09 13:48:47.460 W/SystemConfig( 1138): ro.product.name = a03ub
01-09 13:48:47.460 W/SystemConfig( 1138): fname = g0qzhx
01-09 13:48:47.460 W/SystemConfig( 1138): ro.product.name = a03ub
01-09 13:48:47.460 W/SystemConfig( 1138): fname = gts8kxx
01-09 13:48:47.460 W/SystemConfig( 1138): ro.product.name = a03ub
01-09 13:48:47.460 W/SystemConfig( 1138): fname = gts8keea
01-09 13:48:47.460 W/SystemConfig( 1138): ro.product.name = a03ub
01-09 13:48:47.460 W/SystemConfig( 1138): fname = gts8xser
01-09 13:48:47.460 W/SystemConfig( 1138): ro.product.name = a03ub
01-09 13:48:47.460 W/SystemConfig( 1138): fname = gts8xeea
01-09 13:48:47.460 W/SystemConfig( 1138): ro.product.name = a03ub
01-09 13:48:47.460 W/SystemConfig( 1138): fname = gts8xxx
01-09 13:48:47.460 W/SystemConfig( 1138): ro.product.name = a03ub
01-09 13:48:47.460 W/SystemConfig( 1138): fname = gts8sq
01-09 13:48:47.460 W/SystemConfig( 1138): ro.product.name = a03ub
01-09 13:48:47.460 W/SystemConfig( 1138): fname = gts8wifiser
01-09 13:48:47.460 W/SystemConfig( 1138): ro.product.name = a03ub
01-09 13:48:47.460 W/SystemConfig( 1138): fname = gts8wifitur
01-09 13:48:47.460 W/SystemConfig( 1138): ro.product.name = a03ub
01-09 13:48:47.460 W/SystemConfig( 1138): fname = gts8wifixx
01-09 13:48:47.460 W/SystemConfig( 1138): ro.product.name = a03ub
01-09 13:48:47.460 W/SystemConfig( 1138): fname = gts8wifieea
01-09 13:48:47.460 W/SystemConfig( 1138): ro.product.name = a03ub
01-09 13:48:47.460 W/SystemConfig( 1138): fname = gts8pkxx
01-09 13:48:47.461 W/SystemConfig( 1138): ro.product.name = a03ub
01-09 13:48:47.461 W/SystemConfig( 1138): fname = gts8psqw
01-09 13:48:47.461 W/SystemConfig( 1138): ro.product.name = a03ub
01-09 13:48:47.461 W/SystemConfig( 1138): fname = gts8psqw
01-09 13:48:47.461 W/SystemConfig( 1138): ro.product.name = a03ub
01-09 13:48:47.461 W/SystemConfig( 1138): fname = gts8pxser
01-09 13:48:47.461 W/SystemConfig( 1138): ro.product.name = a03ub
01-09 13:48:47.461 W/SystemConfig( 1138): fname = gts8peea
01-09 13:48:47.461 W/SystemConfig( 1138): ro.product.name = a03ub
01-09 13:48:47.461 W/SystemConfig( 1138): fname = gts8pxx
01-09 13:48:47.461 W/SystemConfig( 1138): ro.product.name = a03ub
01-09 13:48:47.461 W/SystemConfig( 1138): fname = gts8pxeea
01-09 13:48:47.461 W/SystemConfig( 1138): ro.product.name = a03ub
01-09 13:48:47.461 W/SystemConfig( 1138): fname = gts8pxxx
01-09 13:48:47.461 W/SystemConfig( 1138): ro.product.name = a03ub
01-09 13:48:47.461 W/SystemConfig( 1138): fname = gts8psqwnc
01-09 13:48:47.461 W/SystemConfig( 1138): ro.product.name = a03ub
01-09 13:48:47.461 W/SystemConfig( 1138): fname = gts8pwifitur
01-09 13:48:47.461 W/SystemConfig( 1138): ro.product.name = a03ub
01-09 13:48:47.461 W/SystemConfig( 1138): fname = gts8pwifiser
01-09 13:48:47.461 W/SystemConfig( 1138): ro.product.name = a03ub
01-09 13:48:47.461 W/SystemConfig( 1138): fname = gts8pwifixx
01-09 13:48:47.461 W/SystemConfig( 1138): ro.product.name = a03ub
01-09 13:48:47.461 W/SystemConfig( 1138): fname = gts8pwifieea
01-09 13:48:47.461 W/SystemConfig( 1138): ro.product.name = a03ub
01-09 13:48:47.461 W/SystemConfig( 1138): fname = gts8pwifijpn
01-09 13:48:47.461 W/SystemConfig( 1138): ro.product.name = a03ub
01-09 13:48:47.462 W/SystemConfig( 1138): fname = gts8ukxx
01-09 13:48:47.462 W/SystemConfig( 1138): ro.product.name = a03ub
01-09 13:48:47.462 W/SystemConfig( 1138): fname = gts8uxser
01-09 13:48:47.462 W/SystemConfig( 1138): ro.product.name = a03ub
01-09 13:48:47.462 W/SystemConfig( 1138): fname = gts8uxeea
01-09 13:48:47.462 W/SystemConfig( 1138): ro.product.name = a03ub
01-09 13:48:47.462 W/SystemConfig( 1138): fname = gts8uxxx
01-09 13:48:47.462 W/SystemConfig( 1138): ro.product.name = a03ub
01-09 13:48:47.462 W/SystemConfig( 1138): fname = gts8uwifiser
01-09 13:48:47.462 W/SystemConfig( 1138): ro.product.name = a03ub
01-09 13:48:47.462 W/SystemConfig( 1138): fname = gts8uwifitur
01-09 13:48:47.462 W/SystemConfig( 1138): ro.product.name = a03ub
01-09 13:48:47.462 W/SystemConfig( 1138): fname = gts8uwifieea
01-09 13:48:47.462 W/SystemConfig( 1138): ro.product.name = a03ub
01-09 13:48:47.462 W/SystemConfig( 1138): fname = gts8uwifixx
01-09 13:48:47.462 W/SystemConfig( 1138): ro.product.name = a03ub
01-09 13:48:47.462 W/SystemConfig( 1138): fname = a33xnndxx
01-09 13:48:47.462 W/SystemConfig( 1138): ro.product.name = a03ub
01-09 13:48:47.462 W/SystemConfig( 1138): fname = a33xnsdtur
01-09 13:48:47.462 W/SystemConfig( 1138): ro.product.name = a03ub
01-09 13:48:47.462 W/SystemConfig( 1138): fname = a33xnsdxx
01-09 13:48:47.462 W/SystemConfig( 1138): ro.product.name = a03ub
01-09 13:48:47.462 W/SystemConfig( 1138): fname = a33xnndx
01-09 13:48:47.462 W/SystemConfig( 1138): ro.product.name = a03ub
01-09 13:48:47.462 W/SystemConfig( 1138): fname = a33xnsdx
01-09 13:48:47.462 W/SystemConfig( 1138): ro.product.name = a03ub
01-09 13:48:47.463 W/SystemConfig( 1138): fname = a33xub
01-09 13:48:47.463 W/SystemConfig( 1138): ro.product.name = a03ub
01-09 13:48:47.463 W/SystemConfig( 1138): fname = a33xks
01-09 13:48:47.463 W/SystemConfig( 1138): ro.product.name = a03ub
01-09 13:48:47.463 W/SystemConfig( 1138): fname = a33xzh
01-09 13:48:47.463 W/SystemConfig( 1138): ro.product.name = a03ub
01-09 13:48:47.463 W/SystemConfig( 1138): fname = a33xnsser
01-09 13:48:47.463 W/SystemConfig( 1138): ro.product.name = a03ub
01-09 13:48:47.463 W/SystemConfig( 1138): fname = a33xnsxx
01-09 13:48:47.463 W/SystemConfig( 1138): ro.product.name = a03ub
01-09 13:48:47.463 W/SystemConfig( 1138): fname = a33xnseea
01-09 13:48:47.463 W/SystemConfig( 1138): ro.product.name = a03ub
01-09 13:48:47.463 W/SystemConfig( 1138): fname = a53xtfn
01-09 13:48:47.463 W/SystemConfig( 1138): ro.product.name = a03ub
01-09 13:48:47.463 W/SystemConfig( 1138): fname = a53xzh
01-09 13:48:47.463 W/SystemConfig( 1138): ro.product.name = a03ub
01-09 13:48:47.463 W/SystemConfig( 1138): fname = a53xcsx
01-09 13:48:47.463 W/SystemConfig( 1138): ro.product.name = a03ub
01-09 13:48:47.463 W/SystemConfig( 1138): fname = a53xnaxx
01-09 13:48:47.463 W/SystemConfig( 1138): ro.product.name = a03ub
01-09 13:48:47.463 W/SystemConfig( 1138): fname = a53xksx
01-09 13:48:47.463 W/SystemConfig( 1138): ro.product.name = a03ub
01-09 13:48:47.463 W/SystemConfig( 1138): fname = a53xnsser
01-09 13:48:47.463 W/SystemConfig( 1138): ro.product.name = a03ub
01-09 13:48:47.463 W/SystemConfig( 1138): fname = a53xnstur
01-09 13:48:47.463 W/SystemConfig( 1138): ro.product.name = a03ub
01-09 13:48:47.463 W/SystemConfig( 1138): fname = a53xnsxx
01-09 13:48:47.463 W/SystemConfig( 1138): ro.product.name = a03ub
01-09 13:48:47.464 W/SystemConfig( 1138): fname = a53xsqx
01-09 13:48:47.464 W/SystemConfig( 1138): ro.product.name = a03ub
01-09 13:48:47.464 W/SystemConfig( 1138): fname = a53xsqw
01-09 13:48:47.464 W/SystemConfig( 1138): ro.product.name = a03ub
01-09 13:48:47.464 W/SystemConfig( 1138): fname = a53xnaeea
01-09 13:48:47.464 W/SystemConfig( 1138): ro.product.name = a03ub
01-09 13:48:47.464 W/SystemConfig( 1138): fname = a53xue
01-09 13:48:47.464 W/SystemConfig( 1138): ro.product.name = a03ub
01-09 13:48:47.464 W/SystemConfig( 1138): fname = SC-53C
01-09 13:48:47.464 W/SystemConfig( 1138): ro.product.name = a03ub
01-09 13:48:47.464 W/SystemConfig( 1138): fname = SCG15_jp_kdi
01-09 13:48:47.464 W/SystemConfig( 1138): ro.product.name = a03ub
01-09 13:48:47.464 W/SystemConfig( 1138): fname = xcoverpro2cs
01-09 13:48:47.464 W/SystemConfig( 1138): ro.product.name = a03ub
01-09 13:48:47.464 W/SystemConfig( 1138): fname = xcoverpro2ue
