01-09 13:48:27.951 E/engmode_cp_watcher( 601): Failed to Connect_RILD, ret : 4
01-09 13:48:27.970 E/MODEMLSV( 869): create_wcn_socket: open wcnd socket failed,
retry...[111(Connection refused)]
01-09 13:48:27.987 W/android.hardware.media.omx@1.0-service( 859): Could not read
additional policy file '/vendor/etc/seccomp_policy/mediacodec.policy'
01-09 13:48:27.988 W/android.hardware.media.omx@1.0-service( 859):
libminijail[859]: failed to get path of fd 5: No such file or directory
01-09 13:48:27.988 W/android.hardware.media.omx@1.0-service( 859):
libminijail[859]: allowing syscall: clock_gettime
01-09 13:48:27.988 W/android.hardware.media.omx@1.0-service( 859):
libminijail[859]: allowing syscall: connect
01-09 13:48:27.988 W/android.hardware.media.omx@1.0-service( 859):
libminijail[859]: allowing syscall: fcntl64
01-09 13:48:27.988 W/android.hardware.media.omx@1.0-service( 859):
libminijail[859]: allowing syscall: socket
01-09 13:48:27.988 W/android.hardware.media.omx@1.0-service( 859):
libminijail[859]: allowing syscall: writev
01-09 13:48:27.992 W/dex2oat64( 734): Verification of void
android.media.tv.TvInputManager.<init>(android.media.tv.ITvInputManager, int) took
118.049ms (923.34 bytecodes/s) (4328B approximate peak alloc)
01-09 13:48:27.992 I/AudioFlinger( 678): HAL output buffer size 960 frames, normal
sink buffer size 960 frames
01-09 13:48:27.995 I/hwservicemanager( 360): getTransport: Cannot find entry
android.hardware.audio.effect@7.0::IEffectsFactory/default in either framework or
device VINTF manifest.
01-09 13:48:28.024 W/android.hardware.media.omx@1.0-service( 859):
libminijail[859]: logging seccomp filter failures
01-09 13:48:28.049 E/audit ( 595): type=1400 audit(1673300908.043:32): avc:
denied { read } for pid=876 comm="thermald" name="temp" dev="sysfs" ino=14210
scontext=u:r:thermald:s0 tcontext=u:object_r:sysfs_temperature_file:s0 tclass=file
permissive=0 SEPF_SM-A035M_12_0001 audit_filtered
01-09 13:48:28.049 I/ThermalXmlParser( 876): can't match soc-thmzone, don't use
these parameters!
01-09 13:48:28.049 I/ThermalDecryptCbc( 876): decrypt_file: succeed in removing
/mnt/vendor/thermalSensorsConfig.xml
01-09 13:48:28.049 I/ThermalManager( 876): chg(default): create thermal monitor
pthread
01-09 13:48:28.052 D/NVITEM ( 884): : channel open
01-09 13:48:28.052 D/NVITEM ( 884): : _getPacket
01-09 13:48:28.052 D/NVITEM ( 884): : get wake_lock 1
01-09 13:48:28.052 D/NVITEM ( 884): : channel_read: wake lock bEnable = 1!
01-09 13:48:28.053 D/NVITEM ( 884): : channel_read success
01-09 13:48:28.053 D/NVITEM ( 884): : _getPacket start read 1044 size 40 grp 1
sub 0
01-09 13:48:28.053 D/NVITEM ( 884): : sync _syncGetTail success
01-09 13:48:28.053 D/NVITEM ( 884): : backupData
01-09 13:48:28.053 D/NVITEM ( 884): : saveToDisk
01-09 13:48:28.053 D/NVITEM ( 884): : __getData
01-09 13:48:28.053 D/NVITEM ( 884): : _syncReset: wake lock bEnable = 0!
01-09 13:48:28.053 D/NVITEM ( 884): : release wake lock
01-09 13:48:28.053 D/NVITEM ( 884): : _getPacket
01-09 13:48:28.057 D/nhMonitorService( 893): nhmonitorService: vold.sdcard0.state=
01-09 13:48:28.057 D/nhMonitorService( 893): nhmonitorService: sdcard not
ok :50,No such file or directory
01-09 13:48:28.059 D/NVITEM ( 884): : get wake_lock 1
01-09 13:48:28.060 D/NVITEM ( 884): : channel_read: wake lock bEnable = 1!
01-09 13:48:28.060 D/NVITEM ( 884): : channel_read success
01-09 13:48:28.060 D/NVITEM ( 884): : _getPacket start read 1044 size 1024 grp 2
sub 0
01-09 13:48:28.060 D/NVITEM ( 884): : writeData:id=1,start=0, bytesLen:984
01-09 13:48:28.060 D/NVITEM ( 884): : ramDisk_Read enter
01-09 13:48:28.071 I/vendor.samsung.hardware.gnss@2.0-service( 880): main
01-09 13:48:28.091 I/ThermalManager( 876): chg(screen-off): create thermal monitor
pthread
01-09 13:48:28.092 I/ThermalChargeDetect( 876): charge status: Discharging
01-09 13:48:28.092 I/ThermalChargeDetect( 876): init status: ChargeEn=1,
IsCharging=0
01-09 13:48:28.092 I/ThermalChargeDetect( 876): send EVENT_CHGDIS
01-09 13:48:28.092 I/ThermalManager( 876): send 0x80, sensor=chg(default)
01-09 13:48:28.092 I/ThermalManager( 876): send 0x80, sensor=chg(screen-off)
01-09 13:48:28.092 I/ThermalManager( 876): check_gsi_version not GSI fd=-1
01-09 13:48:28.092 I/ThermalManager( 876): send 0x1, sensor=chg(default)
01-09 13:48:28.092 I/ThermalManager( 876): send 0x1, sensor=chg(screen-off)
01-09 13:48:28.092 I/ThermalManager( 876): received EVENT_CHGDIS,
sensor=chg(default), ChgEnCnt=1
01-09 13:48:28.092 I/ThermalActionCommon( 876): charge setEnable: 0!
01-09 13:48:28.092 I/ThermalActionCommon( 876): charge setEnable: 0!
01-09 13:48:28.092 I/ThermalManager( 876): received EVENT_CHGDIS,
sensor=chg(screen-off), ChgEnCnt=1
01-09 13:48:28.092 I/ThermalActionCommon( 876): charge setEnable: 0!
01-09 13:48:28.092 I/ThermalManager( 876): received EVENT_TRIP,
sensor=chg(default)
01-09 13:48:28.092 E/ThermalActionCommon( 876): charge has been turn off
01-09 13:48:28.099 D/ProcessState( 886): Binder ioctl to enable oneway spam
detection failed: Invalid argument
01-09 13:48:28.100 D/hw-ProcessState( 886): Binder ioctl to enable oneway spam
detection failed: Invalid argument
01-09 13:48:28.115 D/NVITEM ( 884): : crc = 0x7c8f,checksum=0x7c8f
01-09 13:48:28.115 D/NVITEM ( 884): : checksum_64=1
01-09 13:48:28.115 D/NVITEM ( 884): : partId2:/dev/block/by-name/l_runtimenv2
read success!
01-09 13:48:28.115 D/NVITEM ( 884): : *****memcpy packet buf to fromChannel
01-09 13:48:28.115 D/NVITEM ( 884): : _getPacket
01-09 13:48:28.122 E/audit ( 595): type=1400 audit(1673300908.115:33): avc:
denied { prog_run } for pid=888 comm="iptables" scontext=u:r:ims_bridged:s0
tcontext=u:r:bpfloader:s0 tclass=bpf permissive=0 SEPF_SM-A035M_12_0001
audit_filtered
01-09 13:48:28.123 I/SprdOMXPlugin( 859): OMX IL core libsprd_omx_core.so:
declares component OMX.sprd.mp3.decoder
01-09 13:48:28.123 I/SprdOMXPlugin( 859): OMX IL core libsprd_omx_core.so:
declares component OMX.sprd.mp3l1.decoder
01-09 13:48:28.123 I/SprdOMXPlugin( 859): OMX IL core libsprd_omx_core.so:
declares component OMX.sprd.mp3l2.decoder
01-09 13:48:28.123 I/SprdOMXPlugin( 859): OMX IL core libsprd_omx_core.so:
declares component OMX.sprd.mp3.encoder
01-09 13:48:28.123 I/SprdOMXPlugin( 859): OMX IL core libsprd_omx_core.so:
declares component OMX.sprd.h264.decoder
01-09 13:48:28.123 I/SprdOMXPlugin( 859): OMX IL core libsprd_omx_core.so:
declares component OMX.sprd.hevc.decoder
01-09 13:48:28.123 I/SprdOMXPlugin( 859): OMX IL core libsprd_omx_core.so:
declares component OMX.sprd.mpeg4.decoder
01-09 13:48:28.123 I/SprdOMXPlugin( 859): OMX IL core libsprd_omx_core.so:
declares component OMX.sprd.h263.decoder
01-09 13:48:28.123 I/SprdOMXPlugin( 859): OMX IL core libsprd_omx_core.so:
declares component OMX.sprd.vpx.decoder
01-09 13:48:28.123 I/SprdOMXPlugin( 859): OMX IL core libsprd_omx_core.so:
declares component OMX.sprd.vp9.decoder
01-09 13:48:28.123 I/SprdOMXPlugin( 859): OMX IL core libsprd_omx_core.so:
declares component OMX.sprd.av1.decoder
01-09 13:48:28.123 I/SprdOMXPlugin( 859): OMX IL core libsprd_omx_core.so:
declares component OMX.sprd.h264.decoder.secure
01-09 13:48:28.123 I/SprdOMXPlugin( 859): OMX IL core libsprd_omx_core.so:
declares component OMX.sprd.hevc.decoder.secure
01-09 13:48:28.123 I/SprdOMXPlugin( 859): OMX IL core libsprd_omx_core.so:
declares component OMX.sprd.vp9.decoder.secure
01-09 13:48:28.123 I/SprdOMXPlugin( 859): OMX IL core libsprd_omx_core.so:
declares component OMX.sprd.h264.encoder
01-09 13:48:28.123 I/SprdOMXPlugin( 859): OMX IL core libsprd_omx_core.so:
declares component OMX.sprd.h265.encoder
01-09 13:48:28.123 I/SprdOMXPlugin( 859): OMX IL core libsprd_omx_core.so:
declares component OMX.sprd.mpeg4.encoder
01-09 13:48:28.123 I/SprdOMXPlugin( 859): OMX IL core libsprd_omx_core.so:
declares component OMX.sprd.h263.encoder
01-09 13:48:28.123 I/SprdOMXPlugin( 859): OMX IL core libsprd_omx_core.so:
contains 18 components
01-09 13:48:28.126 D/NVITEM ( 884): : get wake_lock 0
01-09 13:48:28.126 D/NVITEM ( 884): : channel_read success
01-09 13:48:28.126 D/NVITEM ( 884): : _getPacket continue read 1044 size 1024 grp
2 sub 1
01-09 13:48:28.126 D/NVITEM ( 884): : writeData:id=1,start=984, bytesLen:552
01-09 13:48:28.126 D/NVITEM ( 884): : *****memcpy packet buf to fromChannel
01-09 13:48:28.126 D/NVITEM ( 884): : writeData:id=1,start=5632, bytesLen:452
01-09 13:48:28.126 D/NVITEM ( 884): : *****memcpy packet buf to fromChannel
01-09 13:48:28.127 D/NVITEM ( 884): : _getPacket
01-09 13:48:28.128 D/NVITEM ( 884): : get wake_lock 0
01-09 13:48:28.128 D/NVITEM ( 884): : channel_read success
01-09 13:48:28.128 D/NVITEM ( 884): : _getPacket continue read 1044 size 1024 grp
2 sub 2
01-09 13:48:28.128 D/NVITEM ( 884): : writeData:id=1,start=6084, bytesLen:60
01-09 13:48:28.128 D/NVITEM ( 884): : *****memcpy packet buf to fromChannel
01-09 13:48:28.128 D/NVITEM ( 884): : writeData:id=1,start=6656, bytesLen:944
01-09 13:48:28.128 D/NVITEM ( 884): : *****memcpy packet buf to fromChannel
01-09 13:48:28.128 D/NVITEM ( 884): : _getPacket
01-09 13:48:28.135 I/ThermalCvtGovernor( 876): chg(default) curTemp: 32734
tripTemp: 50000 setPollingDelay: 6000
01-09 13:48:28.135 D/NVITEM ( 884): : get wake_lock 0
01-09 13:48:28.135 D/NVITEM ( 884): : channel_read success
01-09 13:48:28.135 D/NVITEM ( 884): : _getPacket continue read 1044 size 1024 grp
2 sub 3
01-09 13:48:28.135 D/NVITEM ( 884): : writeData:id=1,start=7600, bytesLen:1024
01-09 13:48:28.135 D/NVITEM ( 884): : *****memcpy packet buf to fromChannel
01-09 13:48:28.135 D/NVITEM ( 884): : _getPacket
01-09 13:48:28.136 I/ThermalManager( 876): listen socket ...
01-09 13:48:28.136 D/AT_Distributor( 889): SERIALNO: syncBootParam
01-09 13:48:28.137 D/NVITEM ( 884): : get wake_lock 0
01-09 13:48:28.137 D/NVITEM ( 884): : channel_read success
01-09 13:48:28.137 D/NVITEM ( 884): : _getPacket continue read 1044 size 1024 grp
2 sub 4
01-09 13:48:28.137 D/NVITEM ( 884): : writeData:id=1,start=8624, bytesLen:592
01-09 13:48:28.137 D/NVITEM ( 884): : *****memcpy packet buf to fromChannel
01-09 13:48:28.137 D/NVITEM ( 884): : writeData:id=1,start=9728, bytesLen:412
01-09 13:48:28.137 D/NVITEM ( 884): : *****memcpy packet buf to fromChannel
01-09 13:48:28.137 D/NVITEM ( 884): : _getPacket
01-09 13:48:28.139 D/NVITEM ( 884): : get wake_lock 0
01-09 13:48:28.139 D/NVITEM ( 884): : channel_read success
01-09 13:48:28.139 D/NVITEM ( 884): : _getPacket continue read 1044 size 1024 grp
2 sub 5
01-09 13:48:28.139 D/NVITEM ( 884): : writeData:id=1,start=10140, bytesLen:100
01-09 13:48:28.139 D/NVITEM ( 884): : *****memcpy packet buf to fromChannel
01-09 13:48:28.139 D/NVITEM ( 884): : writeData:id=1,start=11776, bytesLen:904
01-09 13:48:28.139 D/NVITEM ( 884): : *****memcpy packet buf to fromChannel
01-09 13:48:28.139 D/NVITEM ( 884): : _getPacket
01-09 13:48:28.153 D/NVITEM ( 884): : get wake_lock 0
01-09 13:48:28.153 D/NVITEM ( 884): : channel_read success
01-09 13:48:28.153 D/NVITEM ( 884): : _getPacket continue read 1044 size 1024 grp
2 sub 6
01-09 13:48:28.153 D/NVITEM ( 884): : writeData:id=1,start=12680, bytesLen:120
01-09 13:48:28.153 D/NVITEM ( 884): : *****memcpy packet buf to fromChannel
01-09 13:48:28.153 D/NVITEM ( 884): : writeData:id=1,start=21504, bytesLen:884
01-09 13:48:28.153 D/NVITEM ( 884): : *****memcpy packet buf to fromChannel
01-09 13:48:28.153 D/NVITEM ( 884): : _getPacket
01-09 13:48:28.154 I/SoftOMXPlugin( 859): createOMXPlugin
01-09 13:48:28.154 I/MediaCodecsXmlParser( 859): >>>OMX SEC codec
01-09 13:48:28.154 D/MediaCodecsXmlParser( 859): Cannot find
/vendor/etc/media_codecs_wfd.xml
01-09 13:48:28.155 D/MediaCodecsXmlParser( 859): parsing
/vendor/etc/media_codecs.xml...
01-09 13:48:28.160 D/NVITEM ( 884): : get wake_lock 0
01-09 13:48:28.160 D/NVITEM ( 884): : channel_read success
01-09 13:48:28.160 D/NVITEM ( 884): : _getPacket continue read 1044 size 1024 grp
2 sub 7
01-09 13:48:28.160 D/NVITEM ( 884): : writeData:id=1,start=22388, bytesLen:140
01-09 13:48:28.160 D/NVITEM ( 884): : *****memcpy packet buf to fromChannel
01-09 13:48:28.160 D/NVITEM ( 884): : writeData:id=1,start=32768, bytesLen:864
01-09 13:48:28.160 D/NVITEM ( 884): : *****memcpy packet buf to fromChannel
01-09 13:48:28.161 D/NVITEM ( 884): : _getPacket
01-09 13:48:28.162 D/NVITEM ( 884): : get wake_lock 0
01-09 13:48:28.162 D/NVITEM ( 884): : channel_read success
01-09 13:48:28.162 D/NVITEM ( 884): : _getPacket continue read 1044 size 1024 grp
2 sub 8
01-09 13:48:28.162 D/NVITEM ( 884): : writeData:id=1,start=33632, bytesLen:1024
01-09 13:48:28.162 D/NVITEM ( 884): : *****memcpy packet buf to fromChannel
01-09 13:48:28.162 D/NVITEM ( 884): : _getPacket
01-09 13:48:28.166 D/minidumpd( 911): start minidump 1
01-09 13:48:28.166 D/minidumpd( 911): sysdumpdb_init in
01-09 13:48:28.166 D/minidumpd( 911): the num is 4096, the ddrsize is 4294967296
01-09 13:48:28.166 D/minidumpd( 911): sysdumpdb_read open Ok sysdumpdb_path =
/dev/block/by-name/sysdumpdb
01-09 13:48:28.167 D/NVITEM ( 884): : get wake_lock 0
01-09 13:48:28.167 D/NVITEM ( 884): : channel_read success
01-09 13:48:28.167 D/NVITEM ( 884): : _getPacket continue read 1044 size 1024 grp
2 sub 9
01-09 13:48:28.167 D/NVITEM ( 884): : writeData:id=1,start=34656, bytesLen:1024
01-09 13:48:28.167 D/NVITEM ( 884): : *****memcpy packet buf to fromChannel
01-09 13:48:28.188 D/imsbr ( 854): iptables -w -t mangle -I PREROUTING -m mark
--mark 0x40000000/0xc0000000 -m limit --limit 15/min -j LOG --log-prefix imsbr-pre
exit with 256
01-09 13:48:28.190 D/MediaCodecsXmlParser( 859): parsing
/vendor/etc/media_codecs_google_audio.xml...
01-09 13:48:28.193 D/MediaCodecsXmlParser( 859): parsing
/vendor/etc/media_codecs_google_telephony.xml...
01-09 13:48:28.194 D/NVITEM ( 884): : _getPacket
01-09 13:48:28.194 D/NVITEM ( 884): : get wake_lock 0
01-09 13:48:28.194 D/NVITEM ( 884): : channel_read success
01-09 13:48:28.194 D/NVITEM ( 884): : _getPacket continue read 1044 size 1024 grp
2 sub 10
01-09 13:48:28.194 D/NVITEM ( 884): : writeData:id=1,start=35680, bytesLen:160
01-09 13:48:28.194 D/NVITEM ( 884): : *****memcpy packet buf to fromChannel
01-09 13:48:28.194 D/NVITEM ( 884): : writeData:id=1,start=36352, bytesLen:512
01-09 13:48:28.194 D/NVITEM ( 884): : *****memcpy packet buf to fromChannel
01-09 13:48:28.194 D/NVITEM ( 884): : writeData:id=1,start=37888, bytesLen:312
01-09 13:48:28.194 D/NVITEM ( 884): : *****memcpy packet buf to fromChannel
01-09 13:48:28.194 D/NVITEM ( 884): : _getPacket
01-09 13:48:28.203 D/NVITEM ( 884): : get wake_lock 0
01-09 13:48:28.203 D/NVITEM ( 884): : channel_read success
01-09 13:48:28.203 D/NVITEM ( 884): : _getPacket continue read 1044 size 1024 grp
2 sub 11
01-09 13:48:28.203 D/NVITEM ( 884): : writeData:id=1,start=38200, bytesLen:1024
01-09 13:48:28.203 D/NVITEM ( 884): : *****memcpy packet buf to fromChannel
01-09 13:48:28.203 D/NVITEM ( 884): : _getPacket
01-09 13:48:28.205 D/AT_Distributor( 889): setProdCode sales code MXO
01-09 13:48:28.206 D/NVITEM ( 884): : get wake_lock 0
01-09 13:48:28.206 D/NVITEM ( 884): : channel_read success
01-09 13:48:28.206 D/NVITEM ( 884): : _getPacket continue read 1044 size 1024 grp
2 sub 12
01-09 13:48:28.206 D/NVITEM ( 884): : writeData:id=1,start=39224, bytesLen:712
01-09 13:48:28.206 D/NVITEM ( 884): : *****memcpy packet buf to fromChannel
01-09 13:48:28.206 D/NVITEM ( 884): : writeData:id=1,start=40960, bytesLen:292
01-09 13:48:28.206 D/NVITEM ( 884): : *****memcpy packet buf to fromChannel
01-09 13:48:28.206 D/NVITEM ( 884): : _getPacket
01-09 13:48:28.207 D/NVITEM ( 884): : get wake_lock 0
01-09 13:48:28.207 D/NVITEM ( 884): : channel_read success
01-09 13:48:28.207 D/NVITEM ( 884): : _getPacket continue read 1044 size 1024 grp
2 sub 13
01-09 13:48:28.207 D/NVITEM ( 884): : writeData:id=1,start=41252, bytesLen:1024
01-09 13:48:28.207 D/NVITEM ( 884): : *****memcpy packet buf to fromChannel
01-09 13:48:28.207 D/NVITEM ( 884): : _getPacket
01-09 13:48:28.208 I/gatekeeperd( 886): !@gatekeeper deathRecipient linked success
01-09 13:48:28.208 I/servicemanager( 359): Adding 'u:r:gatekeeperd:s0' service
(android.service.gatekeeper.IGateKeeperService:886)
01-09 13:48:28.211 D/NVITEM ( 884): : get wake_lock 0
01-09 13:48:28.211 D/NVITEM ( 884): : channel_read success
01-09 13:48:28.211 D/NVITEM ( 884): : _getPacket continue read 1044 size 1024 grp
2 sub 14
01-09 13:48:28.211 D/NVITEM ( 884): : writeData:id=1,start=42276, bytesLen:1024
01-09 13:48:28.211 D/NVITEM ( 884): : *****memcpy packet buf to fromChannel
01-09 13:48:28.211 D/NVITEM ( 884): : _getPacket
01-09 13:48:28.213 D/MediaCodecsXmlParser( 859): parsing
/vendor/etc/media_codecs_performance.xml...
01-09 13:48:28.214 D/NVITEM ( 884): : get wake_lock 0
01-09 13:48:28.214 D/NVITEM ( 884): : channel_read success
01-09 13:48:28.214 D/NVITEM ( 884): : _getPacket continue read 1044 size 1024 grp
2 sub 15
01-09 13:48:28.214 D/NVITEM ( 884): : writeData:id=1,start=43300, bytesLen:220
01-09 13:48:28.214 D/NVITEM ( 884): : *****memcpy packet buf to fromChannel
01-09 13:48:28.214 D/NVITEM ( 884): : writeData:id=1,start=44544, bytesLen:512
01-09 13:48:28.214 D/NVITEM ( 884): : *****memcpy packet buf to fromChannel
01-09 13:48:28.214 D/NVITEM ( 884): : writeData:id=1,start=47104, bytesLen:252
01-09 13:48:28.214 D/NVITEM ( 884): : *****memcpy packet buf to fromChannel
01-09 13:48:28.214 D/NVITEM ( 884): : _getPacket
01-09 13:48:28.214 D/NVITEM ( 884): : get wake_lock 0
01-09 13:48:28.215 D/NVITEM ( 884): : channel_read success
01-09 13:48:28.215 D/NVITEM ( 884): : _getPacket continue read 1044 size 1024 grp
2 sub 16
01-09 13:48:28.215 D/NVITEM ( 884): : writeData:id=1,start=47356, bytesLen:1024
01-09 13:48:28.215 D/NVITEM ( 884): : *****memcpy packet buf to fromChannel
01-09 13:48:28.215 D/NVITEM ( 884): : _getPacket
01-09 13:48:28.216 D/NVITEM ( 884): : get wake_lock 0
01-09 13:48:28.216 D/NVITEM ( 884): : channel_read success
01-09 13:48:28.216 D/NVITEM ( 884): : _getPacket continue read 1044 size 1024 grp
2 sub 17
01-09 13:48:28.216 D/NVITEM ( 884): : writeData:id=1,start=48380, bytesLen:1024
01-09 13:48:28.216 D/NVITEM ( 884): : *****memcpy packet buf to fromChannel
01-09 13:48:28.216 D/NVITEM ( 884): : _getPacket
01-09 13:48:28.221 D/NVITEM ( 884): : get wake_lock 0
01-09 13:48:28.221 D/NVITEM ( 884): : channel_read success
01-09 13:48:28.221 D/NVITEM ( 884): : _getPacket continue read 1044 size 1024 grp
2 sub 18
01-09 13:48:28.221 D/NVITEM ( 884): : writeData:id=1,start=49404, bytesLen:1024
01-09 13:48:28.221 D/NVITEM ( 884): : *****memcpy packet buf to fromChannel
01-09 13:48:28.221 D/NVITEM ( 884): : _getPacket
01-09 13:48:28.226 D/NVITEM ( 884): : get wake_lock 0
01-09 13:48:28.226 D/NVITEM ( 884): : channel_read success
01-09 13:48:28.226 D/NVITEM ( 884): : _getPacket continue read 1044 size 1024 grp
2 sub 19
01-09 13:48:28.226 D/NVITEM ( 884): : writeData:id=1,start=50428, bytesLen:260
01-09 13:48:28.227 D/NVITEM ( 884): : *****memcpy packet buf to fromChannel
01-09 13:48:28.227 D/NVITEM ( 884): : writeData:id=1,start=52224, bytesLen:512
01-09 13:48:28.227 D/NVITEM ( 884): : *****memcpy packet buf to fromChannel
01-09 13:48:28.227 D/NVITEM ( 884): : writeData:id=1,start=55296, bytesLen:212
01-09 13:48:28.227 D/NVITEM ( 884): : *****memcpy packet buf to fromChannel
01-09 13:48:28.227 D/NVITEM ( 884): : _getPacket
01-09 13:48:28.227 D/NVITEM ( 884): : get wake_lock 0
01-09 13:48:28.227 D/NVITEM ( 884): : channel_read success
01-09 13:48:28.227 D/NVITEM ( 884): : _getPacket continue read 1044 size 1024 grp
2 sub 20
01-09 13:48:28.227 D/NVITEM ( 884): : writeData:id=1,start=55508, bytesLen:300
01-09 13:48:28.227 D/NVITEM ( 884): : *****memcpy packet buf to fromChannel
01-09 13:48:28.227 D/NVITEM ( 884): : writeData:id=1,start=65536, bytesLen:512
01-09 13:48:28.227 D/NVITEM ( 884): : *****memcpy packet buf to fromChannel
01-09 13:48:28.227 D/NVITEM ( 884): : writeData:id=1,start=70144, bytesLen:172
01-09 13:48:28.227 D/NVITEM ( 884): : *****memcpy packet buf to fromChannel
01-09 13:48:28.227 D/NVITEM ( 884): : _getPacket
01-09 13:48:28.228 D/NVITEM ( 884): : get wake_lock 0
01-09 13:48:28.228 D/NVITEM ( 884): : channel_read success
01-09 13:48:28.228 D/NVITEM ( 884): : _getPacket continue read 1044 size 1024 grp
2 sub 21
01-09 13:48:28.228 D/NVITEM ( 884): : writeData:id=1,start=70316, bytesLen:340
01-09 13:48:28.228 D/NVITEM ( 884): : *****memcpy packet buf to fromChannel
01-09 13:48:28.228 D/NVITEM ( 884): : writeData:id=1,start=71168, bytesLen:664
01-09 13:48:28.228 D/NVITEM ( 884): : *****memcpy packet buf to fromChannel
01-09 13:48:28.228 D/NVITEM ( 884): : _getPacket
01-09 13:48:28.229 D/NVITEM ( 884): : get wake_lock 0
01-09 13:48:28.229 D/NVITEM ( 884): : channel_read success
01-09 13:48:28.229 D/NVITEM ( 884): : _getPacket continue read 1044 size 1024 grp
2 sub 22
01-09 13:48:28.229 D/NVITEM ( 884): : writeData:id=1,start=71832, bytesLen:1024
01-09 13:48:28.229 D/NVITEM ( 884): : *****memcpy packet buf to fromChannel
01-09 13:48:28.229 D/NVITEM ( 884): : _getPacket
01-09 13:48:28.230 D/NVITEM ( 884): : get wake_lock 0
01-09 13:48:28.230 D/NVITEM ( 884): : channel_read success
01-09 13:48:28.230 D/NVITEM ( 884): : _getPacket continue read 1044 size 1024 grp
2 sub 23
01-09 13:48:28.230 D/NVITEM ( 884): : writeData:id=1,start=72856, bytesLen:872
01-09 13:48:28.230 D/NVITEM ( 884): : *****memcpy packet buf to fromChannel
01-09 13:48:28.230 D/NVITEM ( 884): : writeData:id=1,start=74240, bytesLen:132
01-09 13:48:28.230 D/NVITEM ( 884): : *****memcpy packet buf to fromChannel
01-09 13:48:28.230 D/NVITEM ( 884): : _getPacket
01-09 13:48:28.231 D/NVITEM ( 884): : get wake_lock 0
01-09 13:48:28.231 D/NVITEM ( 884): : channel_read success
01-09 13:48:28.231 D/NVITEM ( 884): : _getPacket continue read 1044 size 1024 grp
2 sub 24
01-09 13:48:28.231 D/NVITEM ( 884): : writeData:id=1,start=74372, bytesLen:380
01-09 13:48:28.231 D/NVITEM ( 884): : *****memcpy packet buf to fromChannel
01-09 13:48:28.231 D/NVITEM ( 884): : writeData:id=1,start=76288, bytesLen:624
01-09 13:48:28.231 D/NVITEM ( 884): : *****memcpy packet buf to fromChannel
01-09 13:48:28.231 D/NVITEM ( 884): : _getPacket
01-09 13:48:28.231 D/MediaCodecsXmlParser( 859): MediaCodec: cannot update non-
existing codec at line 95 of /vendor/etc/media_codecs_performance.xml
01-09 13:48:28.231 D/MediaCodecsXmlParser( 859): MediaCodec: cannot update non-
existing codec at line 101 of /vendor/etc/media_codecs_performance.xml
01-09 13:48:28.231 D/MediaCodecsXmlParser( 859): Cannot find
/data/misc/media/media_codecs_profiling_results.xml
01-09 13:48:28.231 D/NVITEM ( 884): : get wake_lock 0
01-09 13:48:28.231 D/NVITEM ( 884): : channel_read success
01-09 13:48:28.231 D/NVITEM ( 884): : _getPacket continue read 1044 size 1024 grp
2 sub 25
01-09 13:48:28.231 D/NVITEM ( 884): : writeData:id=1,start=76912, bytesLen:400
01-09 13:48:28.231 D/NVITEM ( 884): : *****memcpy packet buf to fromChannel
01-09 13:48:28.231 D/NVITEM ( 884): : writeData:id=1,start=86016, bytesLen:604
01-09 13:48:28.231 D/NVITEM ( 884): : *****memcpy packet buf to fromChannel
01-09 13:48:28.231 D/NVITEM ( 884): : _getPacket
01-09 13:48:28.241 D/AT_Distributor( 889): gUartPath = dev/ttyHSL0
01-09 13:48:28.241 D/AT_Distributor( 889): only USB model
01-09 13:48:28.241 D/AT_Distributor( 889): MakeLocalServer(): AirCmdService
Communication: Server_socket 5
01-09 13:48:28.241 D/AT_Distributor( 889): InitSocketAcceptHandler():
AirCmdService, id(6), fd(5)
01-09 13:48:28.241 D/AT_Distributor( 889): MakeLocalServer(): AtdJdmClientRecv
Communication: Server_socket 6
01-09 13:48:28.241 D/AT_Distributor( 889): InitSocketAcceptHandler():
AtdJdmClientRecv, id(0), fd(6)
01-09 13:48:28.241 D/AT_Distributor( 889): MakeLocalServer(): AtdJdmClientSend
Communication: Server_socket 7
01-09 13:48:28.241 D/AT_Distributor( 889): InitSocketAcceptHandler():
AtdJdmClientSend, id(1), fd(7)
01-09 13:48:28.241 D/AT_Distributor( 889): MakeLocalServer(): ATDMultiClient
Communication: Server_socket 8
01-09 13:48:28.241 D/AT_Distributor( 889): InitSocketAcceptHandler():
ATDMultiClient, id(5), fd(8)
01-09 13:48:28.241 D/AT_Distributor( 889): MakeLocalServer(): SatsService
Communication: Server_socket 9
01-09 13:48:28.241 D/AT_Distributor( 889): InitSocketAcceptHandler(): SatsService,
id(8), fd(9)
01-09 13:48:28.241 W/libc ( 1): Unable to set property
"ro.telephony.default_network" to "9": error code: 0xb, try count : 1
01-09 13:48:28.241 W/libc ( 1): Unable to set property
"ro.telephony.default_network" to "9": error code: 0xb, try count : 2
01-09 13:48:28.242 W/libc ( 1): Unable to set property
"ro.telephony.default_network" to "9": error code: 0xb, try count : 3
01-09 13:48:28.330 W/dex2oat64( 734): Verification of java.lang.String
android.os.storage.IStorageManager$Stub.getDefaultTransactionName(int) took
131.776ms (5782.52 bytecodes/s) (16560B approximate peak alloc)
01-09 13:48:28.365 D/ENGPC: ( 686): [tid:0]try_connect: connect
cp_time_sync_server socket error(Connection refused), try_num=5
01-09 13:48:28.365 D/ENGPC: ( 686):
01-09 13:48:28.365 D/ENGPC: ( 686): [tid:0]timesync: total_conn=1
01-09 13:48:28.365 D/ENGPC: ( 686):
01-09 13:48:28.393 I/HidlServiceManagement( 880): Registered
android.hardware.gnss@2.1::IGnss/default (start delay of 1410ms)
01-09 13:48:28.393 I/LegacySupport( 880): Registration complete for
android.hardware.gnss@2.1::IGnss/default.
01-09 13:48:28.236 D/NVITEM ( 884): : get wake_lock 0
01-09 13:48:28.402 D/NVITEM ( 884): : channel_read success
01-09 13:48:28.402 D/NVITEM ( 884): : _getPacket continue read 1044 size 1024 grp
2 sub 26
01-09 13:48:28.402 D/NVITEM ( 884): : writeData:id=1,start=86620, bytesLen:420
01-09 13:48:28.402 D/NVITEM ( 884): : *****memcpy packet buf to fromChannel
01-09 13:48:28.402 D/NVITEM ( 884): : writeData:id=1,start=97280, bytesLen:584
01-09 13:48:28.402 D/NVITEM ( 884): : *****memcpy packet buf to fromChannel
01-09 13:48:28.403 D/NVITEM ( 884): : _getPacket
01-09 13:48:28.414 D/NVITEM ( 884): : get wake_lock 0
01-09 13:48:28.414 D/NVITEM ( 884): : channel_read success
01-09 13:48:28.414 D/NVITEM ( 884): : _getPacket continue read 1044 size 1024 grp
2 sub 27
01-09 13:48:28.414 D/NVITEM ( 884): : writeData:id=1,start=97864, bytesLen:1024
01-09 13:48:28.414 D/NVITEM ( 884): : *****memcpy packet buf to fromChannel
01-09 13:48:28.414 D/NVITEM ( 884): : _getPacket
01-09 13:48:28.416 D/NVITEM ( 884): : get wake_lock 0
01-09 13:48:28.416 D/NVITEM ( 884): : channel_read success
01-09 13:48:28.416 D/NVITEM ( 884): : _getPacket continue read 1044 size 1024 grp
2 sub 28
01-09 13:48:28.416 D/NVITEM ( 884): : writeData:id=1,start=98888, bytesLen:1024
01-09 13:48:28.416 D/NVITEM ( 884): : *****memcpy packet buf to fromChannel
01-09 13:48:28.416 D/NVITEM ( 884): : _getPacket
01-09 13:48:28.416 D/minidumpd( 911): no uboot magic , nothing saved . Only
update header
01-09 13:48:28.416 D/minidumpd( 911):
01-09 13:48:28.417 D/minidumpd( 911): sysdumpdb_read open Ok sysdumpdb_path =
/dev/block/by-name/sysdumpdb
01-09 13:48:28.417 I/HidlServiceManagement( 859): Registered
android.hardware.media.omx@1.0::IOmx/default (start delay of 1734ms)
01-09 13:48:28.417 I/HidlServiceManagement( 859): Removing namespace from process
name android.hardware.media.omx@1.0-service to omx@1.0-service.
01-09 13:48:28.418 I/android.hardware.media.omx@1.0-service( 859): IOmx HAL
service created.
01-09 13:48:28.418 I/OmxStore( 859): omx common prefix: 'OMX.'
01-09 13:48:28.418 I/MediaCodecsXmlParser( 859): >>>OMX SEC codec
01-09 13:48:28.419 D/MediaCodecsXmlParser( 859): Cannot find
/vendor/etc/media_codecs_wfd.xml
01-09 13:48:28.419 D/MediaCodecsXmlParser( 859): parsing
/vendor/etc/media_codecs.xml...
01-09 13:48:28.419 D/MediaCodecsXmlParser( 859): parsing
/vendor/etc/media_codecs_google_audio.xml...
01-09 13:48:28.419 D/MediaCodecsXmlParser( 859): parsing
/vendor/etc/media_codecs_google_telephony.xml...
01-09 13:48:28.420 D/MediaCodecsXmlParser( 859): parsing
/vendor/etc/media_codecs_performance.xml...
01-09 13:48:28.421 D/MediaCodecsXmlParser( 859): MediaCodec: cannot update non-
existing codec at line 95 of /vendor/etc/media_codecs_performance.xml
01-09 13:48:28.421 D/MediaCodecsXmlParser( 859): MediaCodec: cannot update non-
existing codec at line 101 of /vendor/etc/media_codecs_performance.xml
01-09 13:48:28.421 D/MediaCodecsXmlParser( 859): Cannot find
/data/misc/media/media_codecs_profiling_results.xml
01-09 13:48:28.421 E/MediaCodecsXmlParser( 859): Cannot find the role for a
decoder of type audio/ima-adpcm
01-09 13:48:28.421 E/MediaCodecsXmlParser( 859): Cannot find the role for a
decoder of type video/mjpg
01-09 13:48:28.424 D/NVITEM ( 884): : get wake_lock 0
01-09 13:48:28.424 D/NVITEM ( 884): : channel_read success
01-09 13:48:28.424 D/NVITEM ( 884): : _getPacket continue read 1044 size 1024 grp
2 sub 29
01-09 13:48:28.424 D/NVITEM ( 884): : writeData:id=1,start=99912, bytesLen:440
01-09 13:48:28.424 D/NVITEM ( 884): : *****memcpy packet buf to fromChannel
01-09 13:48:28.424 D/NVITEM ( 884): : writeData:id=1,start=100864, bytesLen:512
01-09 13:48:28.424 D/NVITEM ( 884): : *****memcpy packet buf to fromChannel
01-09 13:48:28.424 D/NVITEM ( 884): : writeData:id=1,start=102400, bytesLen:32
01-09 13:48:28.424 D/NVITEM ( 884): : *****memcpy packet buf to fromChannel
01-09 13:48:28.425 D/NVITEM ( 884): : _getPacket
01-09 13:48:28.427 D/NVITEM ( 884): : get wake_lock 0
01-09 13:48:28.427 D/NVITEM ( 884): : channel_read success
01-09 13:48:28.427 D/NVITEM ( 884): : _getPacket continue read 1044 size 1024 grp
2 sub 30
01-09 13:48:28.427 D/NVITEM ( 884): : writeData:id=1,start=102432, bytesLen:1024
01-09 13:48:28.427 D/NVITEM ( 884): : *****memcpy packet buf to fromChannel
01-09 13:48:28.427 D/NVITEM ( 884): : _getPacket
01-09 13:48:28.428 D/NVITEM ( 884): : get wake_lock 0
01-09 13:48:28.428 D/NVITEM ( 884): : channel_read success
01-09 13:48:28.428 D/NVITEM ( 884): : _getPacket continue read 1044 size 1024 grp
2 sub 31
01-09 13:48:28.428 D/NVITEM ( 884): : writeData:id=1,start=103456, bytesLen:992
01-09 13:48:28.428 D/NVITEM ( 884): : *****memcpy packet buf to fromChannel
01-09 13:48:28.428 D/NVITEM ( 884): : writeData:id=1,start=105472, bytesLen:12
01-09 13:48:28.428 D/NVITEM ( 884): : *****memcpy packet buf to fromChannel
01-09 13:48:28.429 D/NVITEM ( 884): : _getPacket
01-09 13:48:28.429 D/NVITEM ( 884): : get wake_lock 0
01-09 13:48:28.429 D/NVITEM ( 884): : channel_read success
01-09 13:48:28.429 D/NVITEM ( 884): : _getPacket continue read 1044 size 1024 grp
2 sub 32
01-09 13:48:28.429 D/NVITEM ( 884): : writeData:id=1,start=105484, bytesLen:1024
01-09 13:48:28.429 D/NVITEM ( 884): : *****memcpy packet buf to fromChannel
01-09 13:48:28.429 D/NVITEM ( 884): : _getPacket
01-09 13:48:28.430 D/minidumpd( 911): sysdumpdb_write open Ok sysdumpdb_path =
/dev/block/by-name/sysdumpdb
01-09 13:48:28.430 D/NVITEM ( 884): : get wake_lock 0
01-09 13:48:28.430 D/NVITEM ( 884): : channel_read success
01-09 13:48:28.430 D/NVITEM ( 884): : _getPacket continue read 1044 size 1024 grp
2 sub 33
01-09 13:48:28.433 D/NVITEM ( 884): : writeData:id=1,start=106508, bytesLen:1024
01-09 13:48:28.433 D/NVITEM ( 884): : *****memcpy packet buf to fromChannel
01-09 13:48:28.433 D/NVITEM ( 884): : _getPacket
01-09 13:48:28.433 D/NVITEM ( 884): : get wake_lock 0
01-09 13:48:28.433 D/NVITEM ( 884): : channel_read success
01-09 13:48:28.433 D/NVITEM ( 884): : _getPacket continue read 1044 size 1024 grp
2 sub 34
01-09 13:48:28.433 D/NVITEM ( 884): : writeData:id=1,start=107532, bytesLen:500
01-09 13:48:28.433 D/NVITEM ( 884): : *****memcpy packet buf to fromChannel
01-09 13:48:28.433 D/NVITEM ( 884): : writeData:id=1,start=109056, bytesLen:504
01-09 13:48:28.433 D/NVITEM ( 884): : *****memcpy packet buf to fromChannel
01-09 13:48:28.433 D/NVITEM ( 884): : _getPacket
01-09 13:48:28.434 W/dex2oat64( 734): Verification of void
android.widget.TextView.<init>(android.content.Context, android.util.AttributeSet,
int, int) took 190.687ms (30657.46 bytecodes/s) (119088B approximate peak alloc)
01-09 13:48:28.439 D/NVITEM ( 884): : get wake_lock 0
01-09 13:48:28.439 D/NVITEM ( 884): : channel_read success
01-09 13:48:28.439 D/NVITEM ( 884): : _getPacket continue read 1044 size 1024 grp
2 sub 35
01-09 13:48:28.439 D/NVITEM ( 884): : writeData:id=1,start=109560, bytesLen:8
01-09 13:48:28.439 D/NVITEM ( 884): : *****memcpy packet buf to fromChannel
01-09 13:48:28.439 D/NVITEM ( 884): : writeData:id=1,start=111616, bytesLen:996
01-09 13:48:28.439 D/NVITEM ( 884): : *****memcpy packet buf to fromChannel
01-09 13:48:28.440 D/hw-ProcessState( 910): Binder ioctl to enable oneway spam
detection failed: Invalid argument
01-09 13:48:28.440 D/NVITEM ( 884): : _getPacket
01-09 13:48:28.440 I/hwservicemanager( 360): getTransport: Cannot find entry
android.hardware.usb.gadget@1.0::IUsbGadget/default in either framework or device
VINTF manifest.
01-09 13:48:28.441 D/NVITEM ( 884): : get wake_lock 0
01-09 13:48:28.441 D/NVITEM ( 884): : channel_read success
01-09 13:48:28.441 D/NVITEM ( 884): : _getPacket continue read 1044 size 1024 grp
2 sub 36
01-09 13:48:28.441 D/NVITEM ( 884): : writeData:id=1,start=112612, bytesLen:1024
01-09 13:48:28.441 D/NVITEM ( 884): : *****memcpy packet buf to fromChannel
01-09 13:48:28.441 D/NVITEM ( 884): : _getPacket
01-09 13:48:28.454 E/refnotify( 873): RefNotify open /dev/stime_pm failed, error:
No such device
01-09 13:48:28.461 I/storageproxyd( 915): ss filesystem: ns
01-09 13:48:28.461 I/storageproxyd( 915): trusty dev: /dev/trusty-ipc-dev0
01-09 13:48:28.468 I/audio_hw_param( 619): load_xml_handle:0xec666f30
/vendor/etc/audio_params/sprd/LA/audio_pga.xml
01-09 13:48:28.469 I/audio_hw_parse( 619): parse_device_gain dev_gain is null
01-09 13:48:28.470 E/MODEMLSV( 869): create_wcn_socket: open wcnd socket failed,
retry...[111(Connection refused)]
01-09 13:48:28.484 I/usbd ( 910): Usb HAL not found
01-09 13:48:28.492 I/HidlServiceManagement( 859): Registered
android.hardware.media.omx@1.0::IOmxStore/default (start delay of 1809ms)
01-09 13:48:28.492 I/HidlServiceManagement( 859): Removing namespace from process
name android.hardware.media.omx@1.0-service to omx@1.0-service.
01-09 13:48:28.499 D/minidumpd( 911): update_dumpdb_header ok path
:/dev/block/by-name/sysdumpdb
01-09 13:48:28.499 D/minidumpd( 911): sysdumpdb_init out
01-09 13:48:28.501 D/NVITEM ( 884): : get wake_lock 0
01-09 13:48:28.502 D/NVITEM ( 884): : channel_read success
01-09 13:48:28.502 D/NVITEM ( 884): : _getPacket continue read 1044 size 1024 grp
2 sub 37
01-09 13:48:28.502 D/NVITEM ( 884): : writeData:id=1,start=113636, bytesLen:1024
01-09 13:48:28.502 D/NVITEM ( 884): : *****memcpy packet buf to fromChannel
01-09 13:48:28.502 D/NVITEM ( 884): : _getPacket
01-09 13:48:28.527 W/ServiceManager( 611): Service statscompanion didn't start.
Returning NULL
01-09 13:48:28.565 D/NVITEM ( 884): : get wake_lock 0
01-09 13:48:28.565 D/NVITEM ( 884): : channel_read success
01-09 13:48:28.565 D/NVITEM ( 884): : _getPacket continue read 1044 size 1024 grp
2 sub 38
01-09 13:48:28.565 D/NVITEM ( 884): : writeData:id=1,start=114660, bytesLen:540
01-09 13:48:28.565 D/NVITEM ( 884): : *****memcpy packet buf to fromChannel
01-09 13:48:28.565 D/NVITEM ( 884): : writeData:id=1,start=116736, bytesLen:464
01-09 13:48:28.565 D/NVITEM ( 884): : *****memcpy packet buf to fromChannel
01-09 13:48:28.565 D/NVITEM ( 884): : _getPacket
01-09 13:48:28.566 I/HidlServiceManagement( 880): Registered
vendor.samsung.hardware.gnss@2.0::ISehGnss/default (start delay of 1583ms)
01-09 13:48:28.566 I/HidlServiceManagement( 880): Removing namespace from process
name vendor.samsung.hardware.gnss@2.0-service to gnss@2.0-service.
01-09 13:48:28.572 D/NVITEM ( 884): : get wake_lock 0
01-09 13:48:28.572 D/NVITEM ( 884): : channel_read success
01-09 13:48:28.572 D/NVITEM ( 884): : _getPacket continue read 1044 size 1024 grp
2 sub 39
01-09 13:48:28.572 D/NVITEM ( 884): : writeData:id=1,start=117200, bytesLen:48
01-09 13:48:28.572 D/NVITEM ( 884): : *****memcpy packet buf to fromChannel
01-09 13:48:28.572 D/NVITEM ( 884): : writeData:id=1,start=119808, bytesLen:512
01-09 13:48:28.572 D/NVITEM ( 884): : *****memcpy packet buf to fromChannel
01-09 13:48:28.572 D/NVITEM ( 884): : writeData:id=1,start=130048, bytesLen:424
01-09 13:48:28.572 D/NVITEM ( 884): : *****memcpy packet buf to fromChannel
01-09 13:48:28.572 D/NVITEM ( 884): : _getPacket
01-09 13:48:28.599 D/SemNativeCarrierFeature_vendor( 867): getInstance
01-09 13:48:28.599 D/SemNativeCarrierFeature_vendor( 867): _carrierinstance is
null
01-09 13:48:28.600 D/SemNativeCarrierFeature_vendor( 867): fDefaultFilePath :
/optics/configs/carriers/single/MXO/conf/system/customer_carrier_feature.json
01-09 13:48:28.603 D/NVITEM ( 884): : get wake_lock 0
01-09 13:48:28.603 D/NVITEM ( 884): : channel_read success
01-09 13:48:28.603 D/NVITEM ( 884): : _getPacket continue read 1044 size 1024 grp
2 sub 40
01-09 13:48:28.603 D/NVITEM ( 884): : writeData:id=1,start=130472, bytesLen:1024
01-09 13:48:28.603 D/NVITEM ( 884): : *****memcpy packet buf to fromChannel
01-09 13:48:28.603 D/NVITEM ( 884): : _getPacket
01-09 13:48:28.610 D/NVITEM ( 884): : get wake_lock 0
01-09 13:48:28.610 D/NVITEM ( 884): : channel_read success
01-09 13:48:28.610 D/NVITEM ( 884): : _getPacket continue read 1044 size 1024 grp
2 sub 41
01-09 13:48:28.610 D/NVITEM ( 884): : writeData:id=1,start=131496, bytesLen:1024
01-09 13:48:28.610 D/NVITEM ( 884): : *****memcpy packet buf to fromChannel
01-09 13:48:28.611 D/NVITEM ( 884): : _getPacket
01-09 13:48:28.612 I/LegacySupport( 880): Registration complete for
vendor.samsung.hardware.gnss@2.0::ISehGnss/default.
01-09 13:48:28.613 D/NVITEM ( 884): : get wake_lock 0
01-09 13:48:28.613 D/NVITEM ( 884): : channel_read success
01-09 13:48:28.613 D/NVITEM ( 884): : _getPacket continue read 1044 size 1024 grp
2 sub 42
01-09 13:48:28.613 D/NVITEM ( 884): : writeData:id=1,start=132520, bytesLen:1024
01-09 13:48:28.613 D/NVITEM ( 884): : *****memcpy packet buf to fromChannel
01-09 13:48:28.613 D/NVITEM ( 884): : _getPacket
01-09 13:48:28.614 I/storageproxyd( 915): start proxyd in fs ns
01-09 13:48:28.620 D/systemDebuggerd( 923): start SystemDebuggerd 1
01-09 13:48:28.620 D/systemDebuggerd( 923): get prop ok :
vendor.debug.sysdump.enabled : error
01-09 13:48:28.620 D/systemDebuggerd( 923): invalid ops : error , do nothing
01-09 13:48:28.620 D/systemDebuggerd( 923): modify_flag : 0 , need do other
ops ......
01-09 13:48:28.620 D/systemDebuggerd( 923): not GSI version, no need
minidump_init
01-09 13:48:28.620 D/systemDebuggerd( 923): init_dump_status in
01-09 13:48:28.620 D/systemDebuggerd( 923): sysdumpdb_read open Ok sysdumpdb_path
= /dev/block/by-name/sysdumpdb
01-09 13:48:28.670 I/audio_hw_param( 619): release_xml_handle:0xec666f30
01-09 13:48:28.687 I/audio_hw_param( 619): init_sprd_xml exit
01-09 13:48:28.687 I/audio_hw_param( 619): load_audio_param check audio param
load_status:0x0
01-09 13:48:28.690 I/audio_hw_control( 619): call M_PURGE
01-09 13:48:28.690 I/audio_hw_control( 619): audio_param_thread profile:3 Exit
load_status:0x8
01-09 13:48:28.696 D/SemNativeCarrierFeature_vendor( 867): fSpecificFilePath :
/optics/configs/carriers/single/MXO/conf/system/customer_carrier_feature.json
01-09 13:48:28.873 D/systemDebuggerd( 923): set persist.vendor.sysdump on
01-09 13:48:28.873 D/systemDebuggerd( 923): partition exist, init completed .
01-09 13:48:28.876 I/ThermalChargeDetect( 876): charge status: Discharging
01-09 13:48:28.883 D/WCND ( 913): Socket client fd = 3, max fd = 5
01-09 13:48:28.952 I/MediaExtractorFactory( 831): plugin directory not present
(/system_ext/lib64/extractors)
01-09 13:48:28.970 W/dex2oat32( 770): Verification of void
android.content.pm.LauncherApps$PinItemRequest.<init>(android.content.pm.IPinItemRe
quest, int) took 192.179ms (41.63 bytecodes/s) (792B approximate peak alloc)
01-09 13:48:28.971 E/MODEMLSV( 869): send_wcn_cmd: sent command wcn at+armlog=0 to
wcnd, len is 15
01-09 13:48:28.981 E/engmode_cp_watcher( 601): Failed to Connect_RILD, ret : 4
01-09 13:48:29.003 W/dex2oat64( 734): Verification of
android.security.keystore.KeyGenParameterSpec
android.security.keystore.KeyGenParameterSpec$Builder.build() took 334.653ms
(352.60 bytecodes/s) (3104B approximate peak alloc)
01-09 13:48:29.057 D/nhMonitorService( 893): nhmonitorService: vold.sdcard0.state=
01-09 13:48:29.057 D/nhMonitorService( 893): nhmonitorService: sdcard not
ok :49,No such file or directory
01-09 13:48:29.059 D/NVITEM ( 884): : get wake_lock 0
01-09 13:48:29.059 D/NVITEM ( 884): : channel_read success
01-09 13:48:29.059 D/NVITEM ( 884): : _getPacket continue read 1044 size 1024 grp
2 sub 43
01-09 13:48:29.059 D/NVITEM ( 884): : writeData:id=1,start=133544, bytesLen:1024
01-09 13:48:29.059 D/NVITEM ( 884): : *****memcpy packet buf to fromChannel
01-09 13:48:29.059 D/NVITEM ( 884): : _getPacket
01-09 13:48:29.100 I/servicemanager( 359): Adding 'u:r:mediaextractor:s0' service
(media.extractor:831)
01-09 13:48:29.103 D/WCND ( 913): wcnd got 9 from accept
01-09 13:48:29.103 D/WCND ( 913): Socket client fd = 3, max fd = 9
01-09 13:48:29.103 D/WCND ( 913): process_active_socket_client_fd: active
client fd is 9
01-09 13:48:29.166 D/WCND ( 913): wcnd_runcommand : argv : at+armlog=0
01-09 13:48:29.166 D/WCND ( 913): Reply Socket : OK OK
01-09 13:48:29.166 E/MODEMLSV( 869): send_wcn_cmd: res from wcnd: OK OK
01-09 13:48:29.166 E/MODEMLSV( 869): close_wcn_socket: close wcnd socket
01-09 13:48:29.166 D/WCND ( 913): Socket client fd = 3, max fd = 9
01-09 13:48:29.166 D/WCND ( 913): process_active_socket_client_fd: active
client fd is 9
01-09 13:48:29.166 D/WCND ( 913): Client socket fd : 9 closed
01-09 13:48:29.166 D/WCND ( 913): Socket client fd = 3, max fd = 5
01-09 13:48:29.167 D/NVITEM ( 884): : get wake_lock 0
01-09 13:48:29.167 D/NVITEM ( 884): : channel_read success
01-09 13:48:29.167 D/NVITEM ( 884): : _getPacket continue read 1044 size 1024 grp
2 sub 44
01-09 13:48:29.167 D/NVITEM ( 884): : writeData:id=1,start=134568, bytesLen:1024
01-09 13:48:29.167 D/NVITEM ( 884): : *****memcpy packet buf to fromChannel
01-09 13:48:29.167 D/NVITEM ( 884): : _getPacket
01-09 13:48:29.168 D/NVITEM ( 884): : get wake_lock 0
01-09 13:48:29.168 D/NVITEM ( 884): : channel_read success
01-09 13:48:29.168 D/NVITEM ( 884): : _getPacket continue read 1044 size 1024 grp
2 sub 45
01-09 13:48:29.168 D/NVITEM ( 884): : writeData:id=1,start=135592, bytesLen:1024
01-09 13:48:29.168 D/NVITEM ( 884): : *****memcpy packet buf to fromChannel
01-09 13:48:29.168 D/NVITEM ( 884): : _getPacket
01-09 13:48:29.173 D/NVITEM ( 884): : get wake_lock 0
01-09 13:48:29.173 D/NVITEM ( 884): : channel_read success
01-09 13:48:29.173 D/NVITEM ( 884): : _getPacket continue read 1044 size 1024 grp
2 sub 46
01-09 13:48:29.173 D/NVITEM ( 884): : writeData:id=1,start=136616, bytesLen:1024
01-09 13:48:29.173 D/NVITEM ( 884): : *****memcpy packet buf to fromChannel
01-09 13:48:29.173 D/NVITEM ( 884): : _getPacket
01-09 13:48:29.174 D/NVITEM ( 884): : get wake_lock 0
01-09 13:48:29.174 D/NVITEM ( 884): : channel_read success
01-09 13:48:29.174 D/NVITEM ( 884): : _getPacket continue read 1044 size 1024 grp
2 sub 47
01-09 13:48:29.174 D/NVITEM ( 884): : writeData:id=1,start=137640, bytesLen:1024
01-09 13:48:29.174 D/NVITEM ( 884): : *****memcpy packet buf to fromChannel
01-09 13:48:29.174 D/NVITEM ( 884): : _getPacket
01-09 13:48:29.179 D/NVITEM ( 884): : get wake_lock 0
01-09 13:48:29.179 D/NVITEM ( 884): : channel_read success
01-09 13:48:29.179 D/NVITEM ( 884): : _getPacket continue read 1044 size 1024 grp
2 sub 48
01-09 13:48:29.179 D/NVITEM ( 884): : writeData:id=1,start=138664, bytesLen:1024
01-09 13:48:29.179 D/NVITEM ( 884): : *****memcpy packet buf to fromChannel
01-09 13:48:29.179 D/NVITEM ( 884): : _getPacket
01-09 13:48:29.180 D/NVITEM ( 884): : get wake_lock 0
01-09 13:48:29.180 D/NVITEM ( 884): : channel_read success
01-09 13:48:29.180 D/NVITEM ( 884): : _getPacket continue read 1044 size 1024 grp
2 sub 49
01-09 13:48:29.180 D/NVITEM ( 884): : writeData:id=1,start=139688, bytesLen:1024
01-09 13:48:29.180 D/NVITEM ( 884): : *****memcpy packet buf to fromChannel
01-09 13:48:29.180 D/NVITEM ( 884): : _getPacket
01-09 13:48:29.181 W/statsd ( 611): StatsPullerManager: Unknown tagId 10095
01-09 13:48:29.181 E/statsd ( 611): Stats puller failed for tag: 10095 at
16574600718
01-09 13:48:29.181 W/statsd ( 611): StatsPullerManager: Unknown tagId 10015
01-09 13:48:29.181 E/statsd ( 611): Stats puller failed for tag: 10015 at
16574600718
01-09 13:48:29.181 W/statsd ( 611): StatsPullerManager: Unknown tagId 10000
01-09 13:48:29.181 E/statsd ( 611): Stats puller failed for tag: 10000 at
16574600718
01-09 13:48:29.181 W/statsd ( 611): StatsPullerManager: Unknown tagId 10082
01-09 13:48:29.181 E/statsd ( 611): Stats puller failed for tag: 10082 at
16574600718
01-09 13:48:29.181 W/statsd ( 611): StatsPullerManager: Unknown tagId 10118
01-09 13:48:29.181 E/statsd ( 611): Stats puller failed for tag: 10118 at
16574600718
01-09 13:48:29.181 W/statsd ( 611): StatsPullerManager: Unknown tagId 10119
01-09 13:48:29.181 E/statsd ( 611): Stats puller failed for tag: 10119 at
16574600718
01-09 13:48:29.181 W/statsd ( 611): StatsPullerManager: Unknown tagId 10120
01-09 13:48:29.181 E/statsd ( 611): Stats puller failed for tag: 10120 at
16574600718
01-09 13:48:29.181 W/statsd ( 611): StatsPullerManager: Unknown tagId 10121
01-09 13:48:29.181 E/statsd ( 611): Stats puller failed for tag: 10121 at
16574600718
01-09 13:48:29.181 W/statsd ( 611): StatsPullerManager: Unknown tagId 10122
01-09 13:48:29.181 E/statsd ( 611): Stats puller failed for tag: 10122 at
16574600718
01-09 13:48:29.181 W/statsd ( 611): StatsPullerManager: Unknown tagId 10123
01-09 13:48:29.181 E/statsd ( 611): Stats puller failed for tag: 10123 at
16574600718
01-09 13:48:29.181 W/statsd ( 611): StatsPullerManager: Unknown tagId 10103
01-09 13:48:29.181 E/statsd ( 611): Stats puller failed for tag: 10103 at
16574600718
01-09 13:48:29.181 W/statsd ( 611): StatsPullerManager: Unknown tagId 10124
01-09 13:48:29.181 E/statsd ( 611): Stats puller failed for tag: 10124 at
16574600718
01-09 13:48:29.181 W/statsd ( 611): StatsPullerManager: Unknown tagId 10125
01-09 13:48:29.181 E/statsd ( 611): Stats puller failed for tag: 10125 at
16574600718
01-09 13:48:29.181 W/statsd ( 611): StatsPullerManager: Unknown tagId 10116
01-09 13:48:29.181 E/statsd ( 611): Gauge Stats puller failed for tag: 10116 at
16574600718
01-09 13:48:29.181 W/statsd ( 611): StatsPullerManager: Unknown tagId 10088
01-09 13:48:29.181 E/statsd ( 611): Gauge Stats puller failed for tag: 10088 at
16574600718
01-09 13:48:29.181 W/statsd ( 611): StatsPullerManager: Unknown tagId 10153
01-09 13:48:29.181 E/statsd ( 611): Gauge Stats puller failed for tag: 10153 at
16574600718
01-09 13:48:29.181 W/statsd ( 611): StatsPullerManager: Unknown tagId 10068
01-09 13:48:29.181 E/statsd ( 611): Gauge Stats puller failed for tag: 10068 at
16574600718
01-09 13:48:29.181 W/statsd ( 611): StatsPullerManager: Unknown tagId 10069
01-09 13:48:29.181 E/statsd ( 611): Gauge Stats puller failed for tag: 10069 at
16574600718
01-09 13:48:29.181 W/statsd ( 611): StatsPullerManager: Unknown tagId 10042
01-09 13:48:29.181 E/statsd ( 611): Gauge Stats puller failed for tag: 10042 at
16574600718
01-09 13:48:29.181 W/statsd ( 611): StatsPullerManager: Unknown tagId 10108
01-09 13:48:29.181 E/statsd ( 611): Gauge Stats puller failed for tag: 10108 at
16574600718
01-09 13:48:29.181 W/statsd ( 611): StatsPullerManager: Unknown tagId 10092
01-09 13:48:29.181 E/statsd ( 611): Gauge Stats puller failed for tag: 10092 at
16574600718
01-09 13:48:29.181 W/statsd ( 611): StatsPullerManager: Unknown tagId 10079
01-09 13:48:29.181 E/statsd ( 611): Gauge Stats puller failed for tag: 10079 at
16574600718
01-09 13:48:29.181 W/statsd ( 611): StatsPullerManager: Unknown tagId 10078
01-09 13:48:29.181 E/statsd ( 611): Gauge Stats puller failed for tag: 10078 at
16574600718
01-09 13:48:29.181 W/statsd ( 611): StatsPullerManager: Unknown tagId 10026
01-09 13:48:29.181 E/statsd ( 611): Gauge Stats puller failed for tag: 10026 at
16574600718
01-09 13:48:29.181 W/statsd ( 611): StatsPullerManager: Unknown tagId 10071
01-09 13:48:29.181 E/statsd ( 611): Gauge Stats puller failed for tag: 10071 at
16574600718
01-09 13:48:29.181 W/statsd ( 611): StatsPullerManager: Unknown tagId 150001
01-09 13:48:29.181 E/statsd ( 611): Gauge Stats puller failed for tag: 150001 at
16574600718
01-09 13:48:29.181 W/statsd ( 611): StatsPullerManager: Unknown tagId 150002
01-09 13:48:29.181 E/statsd ( 611): Gauge Stats puller failed for tag: 150002 at
16574600718
01-09 13:48:29.181 W/statsd ( 611): StatsPullerManager: Unknown tagId 150003
01-09 13:48:29.181 E/statsd ( 611): Gauge Stats puller failed for tag: 150003 at
16574600718
01-09 13:48:29.181 W/statsd ( 611): StatsPullerManager: Unknown tagId 150004
01-09 13:48:29.181 E/statsd ( 611): Gauge Stats puller failed for tag: 150004 at
16574600718
01-09 13:48:29.181 W/statsd ( 611): StatsPullerManager: Unknown tagId 150005
01-09 13:48:29.181 E/statsd ( 611): Gauge Stats puller failed for tag: 150005 at
16574600718
01-09 13:48:29.181 W/statsd ( 611): StatsPullerManager: Unknown tagId 150006
01-09 13:48:29.181 E/statsd ( 611): Gauge Stats puller failed for tag: 150006 at
16574600718
01-09 13:48:29.181 W/statsd ( 611): StatsPullerManager: Unknown tagId 10063
01-09 13:48:29.181 E/statsd ( 611): Gauge Stats puller failed for tag: 10063 at
16574600718
01-09 13:48:29.181 W/statsd ( 611): StatsPullerManager: Unknown tagId 10062
01-09 13:48:29.181 E/statsd ( 611): Gauge Stats puller failed for tag: 10062 at
16574600718
01-09 13:48:29.181 W/statsd ( 611): StatsPullerManager: Unknown tagId 10109
01-09 13:48:29.181 E/statsd ( 611): Gauge Stats puller failed for tag: 10109 at
16574600718
01-09 13:48:29.181 W/statsd ( 611): StatsPullerManager: Unknown tagId 10107
01-09 13:48:29.181 E/statsd ( 611): Gauge Stats puller failed for tag: 10107 at
16574600718
