01-09 13:48:30.363 D/NVITEM ( 884): : writeData:id=1,start=505256, bytesLen:1024
01-09 13:48:30.363 D/NVITEM ( 884): : *****memcpy packet buf to fromChannel
01-09 13:48:30.363 D/NVITEM ( 884): : _getPacket
01-09 13:48:30.363 I/ACodec ( 837): [] Now uninitialized
01-09 13:48:30.364 I/OMXClient( 837): IOmx service obtained
01-09 13:48:30.364 I/OMXMaster( 859):
makeComponentInstance(OMX.sprd.mp3l1.decoder) in android.hardwar process
01-09 13:48:30.365 D/NVITEM ( 884): : get wake_lock 0
01-09 13:48:30.365 D/NVITEM ( 884): : channel_read success
01-09 13:48:30.365 D/NVITEM ( 884): : _getPacket continue read 1044 size 1024 grp
2 sub 407
01-09 13:48:30.365 D/NVITEM ( 884): : writeData:id=1,start=506280, bytesLen:1024
01-09 13:48:30.365 D/NVITEM ( 884): : *****memcpy packet buf to fromChannel
01-09 13:48:30.365 D/NVITEM ( 884): : _getPacket
01-09 13:48:30.366 D/NVITEM ( 884): : get wake_lock 0
01-09 13:48:30.366 D/NVITEM ( 884): : channel_read success
01-09 13:48:30.366 D/NVITEM ( 884): : _getPacket continue read 1044 size 1024 grp
2 sub 408
01-09 13:48:30.366 D/NVITEM ( 884): : writeData:id=1,start=507304, bytesLen:1024
01-09 13:48:30.366 D/NVITEM ( 884): : *****memcpy packet buf to fromChannel
01-09 13:48:30.366 D/NVITEM ( 884): : _getPacket
01-09 13:48:30.367 D/NVITEM ( 884): : get wake_lock 0
01-09 13:48:30.367 D/NVITEM ( 884): : channel_read success
01-09 13:48:30.367 D/NVITEM ( 884): : _getPacket continue read 1044 size 1024 grp
2 sub 409
01-09 13:48:30.367 D/NVITEM ( 884): : writeData:id=1,start=508328, bytesLen:1024
01-09 13:48:30.367 D/NVITEM ( 884): : *****memcpy packet buf to fromChannel
01-09 13:48:30.367 D/NVITEM ( 884): : _getPacket
01-09 13:48:30.367 W/CameraProviderManager( 817): tryToInitializeProviderLocked:
Camera provider HAL 'legacy/0' is not actually available
01-09 13:48:30.367 I/CameraService( 817): enumerateProviders X
01-09 13:48:30.368 D/ENGPC: ( 686): [tid:0]try_connect: connect
cp_time_sync_server socket error(Connection refused), try_num=7
01-09 13:48:30.368 D/ENGPC: ( 686):
01-09 13:48:30.368 D/ENGPC: ( 686): [tid:0]timesync: total_conn=1
01-09 13:48:30.368 D/ENGPC: ( 686):
01-09 13:48:30.368 D/NVITEM ( 884): : get wake_lock 0
01-09 13:48:30.368 D/NVITEM ( 884): : channel_read success
01-09 13:48:30.368 D/NVITEM ( 884): : _getPacket continue read 1044 size 1024 grp
2 sub 410
01-09 13:48:30.368 D/NVITEM ( 884): : writeData:id=1,start=509352, bytesLen:1024
01-09 13:48:30.368 D/NVITEM ( 884): : *****memcpy packet buf to fromChannel
01-09 13:48:30.368 D/NVITEM ( 884): : _getPacket
01-09 13:48:30.370 I/HidlServiceManagement( 867): Registered
android.hardware.radio@1.5::IRadio/slot1 (start delay of 3617ms)
01-09 13:48:30.371 D/NVITEM ( 884): : get wake_lock 0
01-09 13:48:30.371 D/NVITEM ( 884): : channel_read success
01-09 13:48:30.371 D/NVITEM ( 884): : _getPacket continue read 1044 size 1024 grp
2 sub 411
01-09 13:48:30.371 D/NVITEM ( 884): : writeData:id=1,start=510376, bytesLen:1024
01-09 13:48:30.371 D/NVITEM ( 884): : *****memcpy packet buf to fromChannel
01-09 13:48:30.371 D/NVITEM ( 884): : _getPacket
01-09 13:48:30.372 D/NVITEM ( 884): : get wake_lock 0
01-09 13:48:30.372 D/NVITEM ( 884): : channel_read success
01-09 13:48:30.372 D/NVITEM ( 884): : _getPacket continue read 1044 size 1024 grp
2 sub 412
01-09 13:48:30.372 D/NVITEM ( 884): : writeData:id=1,start=511400, bytesLen:1024
01-09 13:48:30.372 D/NVITEM ( 884): : *****memcpy packet buf to fromChannel
01-09 13:48:30.372 D/NVITEM ( 884): : _getPacket
01-09 13:48:30.372 D/NVITEM ( 884): : get wake_lock 0
01-09 13:48:30.372 D/NVITEM ( 884): : channel_read success
01-09 13:48:30.372 D/NVITEM ( 884): : _getPacket continue read 1044 size 1024 grp
2 sub 413
01-09 13:48:30.372 D/NVITEM ( 884): : writeData:id=1,start=512424, bytesLen:1024
01-09 13:48:30.372 D/NVITEM ( 884): : *****memcpy packet buf to fromChannel
01-09 13:48:30.372 D/NVITEM ( 884): : _getPacket
01-09 13:48:30.373 D/NVITEM ( 884): : get wake_lock 0
01-09 13:48:30.374 D/NVITEM ( 884): : channel_read success
01-09 13:48:30.374 D/NVITEM ( 884): : _getPacket continue read 1044 size 1024 grp
2 sub 414
01-09 13:48:30.374 D/NVITEM ( 884): : writeData:id=1,start=513448, bytesLen:1024
01-09 13:48:30.374 D/NVITEM ( 884): : *****memcpy packet buf to fromChannel
01-09 13:48:30.374 D/NVITEM ( 884): : _getPacket
01-09 13:48:30.374 I/HidlServiceManagement( 867): Registered
vendor.samsung.hardware.radio@2.1::ISehRadio/slot1 (start delay of 3621ms)
01-09 13:48:30.374 D/NVITEM ( 884): : get wake_lock 0
01-09 13:48:30.374 D/NVITEM ( 884): : channel_read success
01-09 13:48:30.374 D/NVITEM ( 884): : _getPacket continue read 1044 size 1024 grp
2 sub 415
01-09 13:48:30.374 D/NVITEM ( 884): : writeData:id=1,start=514472, bytesLen:1024
01-09 13:48:30.374 D/NVITEM ( 884): : *****memcpy packet buf to fromChannel
01-09 13:48:30.374 D/NVITEM ( 884): : _getPacket
01-09 13:48:30.375 D/NVITEM ( 884): : get wake_lock 0
01-09 13:48:30.375 D/NVITEM ( 884): : channel_read success
01-09 13:48:30.375 D/NVITEM ( 884): : _getPacket continue read 1044 size 1024 grp
2 sub 416
01-09 13:48:30.375 D/NVITEM ( 884): : writeData:id=1,start=515496, bytesLen:1024
01-09 13:48:30.375 D/NVITEM ( 884): : *****memcpy packet buf to fromChannel
01-09 13:48:30.375 D/NVITEM ( 884): : _getPacket
01-09 13:48:30.377 D/NVITEM ( 884): : get wake_lock 0
01-09 13:48:30.377 D/NVITEM ( 884): : channel_read success
01-09 13:48:30.377 D/NVITEM ( 884): : _getPacket continue read 1044 size 1024 grp
2 sub 417
01-09 13:48:30.377 D/NVITEM ( 884): : writeData:id=1,start=516520, bytesLen:1024
01-09 13:48:30.377 D/NVITEM ( 884): : *****memcpy packet buf to fromChannel
01-09 13:48:30.377 D/NVITEM ( 884): : _getPacket
01-09 13:48:30.378 D/NVITEM ( 884): : get wake_lock 0
01-09 13:48:30.378 D/NVITEM ( 884): : channel_read success
01-09 13:48:30.378 D/NVITEM ( 884): : _getPacket continue read 1044 size 1024 grp
2 sub 418
01-09 13:48:30.378 D/NVITEM ( 884): : writeData:id=1,start=517544, bytesLen:1024
01-09 13:48:30.378 D/NVITEM ( 884): : *****memcpy packet buf to fromChannel
01-09 13:48:30.378 D/NVITEM ( 884): : _getPacket
01-09 13:48:30.380 I/SprdSimpleOMXComponent( 859): Construct
SprdSimpleOMXComponent(0xf0e87200)
01-09 13:48:30.380 I/SPRDMP3 ( 859): openDecoder, lib: libomx_mp3dec_sprd.so
01-09 13:48:30.380 D/NVITEM ( 884): : get wake_lock 0
01-09 13:48:30.380 D/NVITEM ( 884): : channel_read success
01-09 13:48:30.380 D/NVITEM ( 884): : _getPacket continue read 1044 size 1024 grp
2 sub 419
01-09 13:48:30.380 D/NVITEM ( 884): : writeData:id=1,start=518568, bytesLen:1024
01-09 13:48:30.380 D/NVITEM ( 884): : *****memcpy packet buf to fromChannel
01-09 13:48:30.380 D/NVITEM ( 884): : _getPacket
01-09 13:48:30.382 I/cameraserver( 817): Waiting for activity service
01-09 13:48:30.382 D/NVITEM ( 884): : get wake_lock 0
01-09 13:48:30.382 D/NVITEM ( 884): : channel_read success
01-09 13:48:30.382 D/NVITEM ( 884): : _getPacket continue read 1044 size 1024 grp
2 sub 420
01-09 13:48:30.382 D/NVITEM ( 884): : writeData:id=1,start=519592, bytesLen:1024
01-09 13:48:30.382 D/NVITEM ( 884): : *****memcpy packet buf to fromChannel
01-09 13:48:30.382 D/NVITEM ( 884): : _getPacket
01-09 13:48:30.383 I/SPRDMP3 ( 859): MP3_ARM_DEC_Construct=0
01-09 13:48:30.383 I/SPRD_OMX_CORE( 859): Created OMXPlugin :
OMX.sprd.mp3l1.decoder
01-09 13:48:30.384 D/NVITEM ( 884): : get wake_lock 0
01-09 13:48:30.384 D/NVITEM ( 884): : channel_read success
01-09 13:48:30.384 D/NVITEM ( 884): : _getPacket continue read 1044 size 1024 grp
2 sub 421
01-09 13:48:30.384 D/NVITEM ( 884): : writeData:id=1,start=520616, bytesLen:1024
01-09 13:48:30.384 D/NVITEM ( 884): : *****memcpy packet buf to fromChannel
01-09 13:48:30.384 D/NVITEM ( 884): : _getPacket
01-09 13:48:30.386 D/NVITEM ( 884): : get wake_lock 0
01-09 13:48:30.386 D/NVITEM ( 884): : channel_read success
01-09 13:48:30.386 D/NVITEM ( 884): : _getPacket continue read 1044 size 1024 grp
2 sub 422
01-09 13:48:30.386 D/NVITEM ( 884): : writeData:id=1,start=521640, bytesLen:1024
01-09 13:48:30.386 D/NVITEM ( 884): : *****memcpy packet buf to fromChannel
01-09 13:48:30.386 D/NVITEM ( 884): : _getPacket
01-09 13:48:30.387 I/HidlServiceManagement( 867): Registered
android.hardware.radio.config@1.1::IRadioConfig/default (start delay of 3634ms)
01-09 13:48:30.387 D/NVITEM ( 884): : get wake_lock 0
01-09 13:48:30.387 D/NVITEM ( 884): : channel_read success
01-09 13:48:30.387 D/NVITEM ( 884): : _getPacket continue read 1044 size 1024 grp
2 sub 423
01-09 13:48:30.388 D/NVITEM ( 884): : writeData:id=1,start=522664, bytesLen:1024
01-09 13:48:30.388 D/NVITEM ( 884): : *****memcpy packet buf to fromChannel
01-09 13:48:30.388 D/NVITEM ( 884): : _getPacket
01-09 13:48:30.389 D/NVITEM ( 884): : get wake_lock 0
01-09 13:48:30.389 D/NVITEM ( 884): : channel_read success
01-09 13:48:30.389 D/NVITEM ( 884): : _getPacket continue read 1044 size 1024 grp
2 sub 424
01-09 13:48:30.389 D/NVITEM ( 884): : writeData:id=1,start=523688, bytesLen:1024
01-09 13:48:30.389 D/NVITEM ( 884): : *****memcpy packet buf to fromChannel
01-09 13:48:30.389 D/NVITEM ( 884): : _getPacket
01-09 13:48:30.389 D/NVITEM ( 884): : get wake_lock 0
01-09 13:48:30.389 D/NVITEM ( 884): : channel_read success
01-09 13:48:30.389 D/NVITEM ( 884): : _getPacket continue read 1044 size 1024 grp
2 sub 425
01-09 13:48:30.389 D/NVITEM ( 884): : writeData:id=1,start=524712, bytesLen:1024
01-09 13:48:30.389 D/NVITEM ( 884): : *****memcpy packet buf to fromChannel
01-09 13:48:30.390 D/NVITEM ( 884): : _getPacket
01-09 13:48:30.390 I/HidlServiceManagement( 867): Registered
android.hardware.radio@1.2::ISap/slot1 (start delay of 3636ms)
01-09 13:48:30.390 I/audio_hw_param( 619): load_xml_handle:0xeecb4458
/vendor/etc/audio_params/sprd/LA/codec.xml
01-09 13:48:30.390 D/NVITEM ( 884): : get wake_lock 0
01-09 13:48:30.390 D/NVITEM ( 884): : channel_read success
01-09 13:48:30.390 D/NVITEM ( 884): : _getPacket continue read 1044 size 1024 grp
2 sub 426
01-09 13:48:30.390 D/NVITEM ( 884): : writeData:id=1,start=525736, bytesLen:1024
01-09 13:48:30.390 D/NVITEM ( 884): : *****memcpy packet buf to fromChannel
01-09 13:48:30.390 D/NVITEM ( 884): : _getPacket
01-09 13:48:30.390 D/NVITEM ( 884): : get wake_lock 0
01-09 13:48:30.390 D/NVITEM ( 884): : channel_read success
01-09 13:48:30.390 D/NVITEM ( 884): : _getPacket continue read 1044 size 1024 grp
2 sub 427
01-09 13:48:30.390 D/NVITEM ( 884): : writeData:id=1,start=526760, bytesLen:1024
01-09 13:48:30.390 D/NVITEM ( 884): : *****memcpy packet buf to fromChannel
01-09 13:48:30.391 D/NVITEM ( 884): : _getPacket
01-09 13:48:30.391 D/NVITEM ( 884): : get wake_lock 0
01-09 13:48:30.391 D/NVITEM ( 884): : channel_read success
01-09 13:48:30.391 D/NVITEM ( 884): : _getPacket continue read 1044 size 1024 grp
2 sub 428
01-09 13:48:30.391 D/NVITEM ( 884): : writeData:id=1,start=527784, bytesLen:1024
01-09 13:48:30.391 D/NVITEM ( 884): : *****memcpy packet buf to fromChannel
01-09 13:48:30.391 D/NVITEM ( 884): : _getPacket
01-09 13:48:30.392 D/NVITEM ( 884): : get wake_lock 0
01-09 13:48:30.392 D/NVITEM ( 884): : channel_read success
01-09 13:48:30.392 D/NVITEM ( 884): : _getPacket continue read 1044 size 1024 grp
2 sub 429
01-09 13:48:30.392 D/NVITEM ( 884): : writeData:id=1,start=528808, bytesLen:1024
01-09 13:48:30.392 D/NVITEM ( 884): : *****memcpy packet buf to fromChannel
01-09 13:48:30.392 D/NVITEM ( 884): : _getPacket
01-09 13:48:30.392 D/NVITEM ( 884): : get wake_lock 0
01-09 13:48:30.392 D/NVITEM ( 884): : channel_read success
01-09 13:48:30.392 D/NVITEM ( 884): : _getPacket continue read 1044 size 1024 grp
2 sub 430
01-09 13:48:30.392 D/NVITEM ( 884): : writeData:id=1,start=529832, bytesLen:1024
01-09 13:48:30.392 D/NVITEM ( 884): : *****memcpy packet buf to fromChannel
01-09 13:48:30.392 D/NVITEM ( 884): : _getPacket
01-09 13:48:30.393 D/NVITEM ( 884): : get wake_lock 0
01-09 13:48:30.393 D/NVITEM ( 884): : channel_read success
01-09 13:48:30.393 D/NVITEM ( 884): : _getPacket continue read 1044 size 1024 grp
2 sub 431
01-09 13:48:30.393 D/NVITEM ( 884): : writeData:id=1,start=530856, bytesLen:1024
01-09 13:48:30.393 D/NVITEM ( 884): : *****memcpy packet buf to fromChannel
01-09 13:48:30.393 D/NVITEM ( 884): : _getPacket
01-09 13:48:30.393 D/NVITEM ( 884): : get wake_lock 0
01-09 13:48:30.393 D/NVITEM ( 884): : channel_read success
01-09 13:48:30.393 D/NVITEM ( 884): : _getPacket continue read 1044 size 1024 grp
2 sub 432
01-09 13:48:30.393 D/NVITEM ( 884): : writeData:id=1,start=531880, bytesLen:1024
01-09 13:48:30.393 D/NVITEM ( 884): : *****memcpy packet buf to fromChannel
01-09 13:48:30.393 D/NVITEM ( 884): : _getPacket
01-09 13:48:30.394 D/NVITEM ( 884): : get wake_lock 0
01-09 13:48:30.394 D/NVITEM ( 884): : channel_read success
01-09 13:48:30.394 D/NVITEM ( 884): : _getPacket continue read 1044 size 1024 grp
2 sub 433
01-09 13:48:30.394 D/NVITEM ( 884): : writeData:id=1,start=532904, bytesLen:1024
01-09 13:48:30.394 D/NVITEM ( 884): : *****memcpy packet buf to fromChannel
01-09 13:48:30.394 D/NVITEM ( 884): : _getPacket
01-09 13:48:30.394 D/NVITEM ( 884): : get wake_lock 0
01-09 13:48:30.394 D/NVITEM ( 884): : channel_read success
01-09 13:48:30.394 D/NVITEM ( 884): : _getPacket continue read 1044 size 1024 grp
2 sub 434
01-09 13:48:30.394 D/NVITEM ( 884): : writeData:id=1,start=533928, bytesLen:1024
01-09 13:48:30.395 D/NVITEM ( 884): : *****memcpy packet buf to fromChannel
01-09 13:48:30.395 D/NVITEM ( 884): : _getPacket
01-09 13:48:30.395 D/NVITEM ( 884): : get wake_lock 0
01-09 13:48:30.395 D/NVITEM ( 884): : channel_read success
01-09 13:48:30.395 D/NVITEM ( 884): : _getPacket continue read 1044 size 1024 grp
2 sub 435
01-09 13:48:30.395 D/NVITEM ( 884): : writeData:id=1,start=534952, bytesLen:1024
01-09 13:48:30.395 D/NVITEM ( 884): : *****memcpy packet buf to fromChannel
01-09 13:48:30.395 D/NVITEM ( 884): : _getPacket
01-09 13:48:30.395 I/HidlServiceManagement( 867): Registered
vendor.samsung.hardware.radio.channel@2.0::ISehChannel/imsd (start delay of 3643ms)
01-09 13:48:30.396 D/NVITEM ( 884): : get wake_lock 0
01-09 13:48:30.396 D/NVITEM ( 884): : channel_read success
01-09 13:48:30.396 D/NVITEM ( 884): : _getPacket continue read 1044 size 1024 grp
2 sub 436
01-09 13:48:30.396 D/NVITEM ( 884): : writeData:id=1,start=535976, bytesLen:1024
01-09 13:48:30.396 D/NVITEM ( 884): : *****memcpy packet buf to fromChannel
01-09 13:48:30.396 D/NVITEM ( 884): : _getPacket
01-09 13:48:30.396 D/NVITEM ( 884): : get wake_lock 0
01-09 13:48:30.396 D/NVITEM ( 884): : channel_read success
01-09 13:48:30.396 D/NVITEM ( 884): : _getPacket continue read 1044 size 1024 grp
2 sub 437
01-09 13:48:30.396 D/NVITEM ( 884): : writeData:id=1,start=537000, bytesLen:1024
01-09 13:48:30.396 D/NVITEM ( 884): : *****memcpy packet buf to fromChannel
01-09 13:48:30.396 D/NVITEM ( 884): : _getPacket
01-09 13:48:30.397 D/NVITEM ( 884): : get wake_lock 0
01-09 13:48:30.397 D/NVITEM ( 884): : channel_read success
01-09 13:48:30.397 D/NVITEM ( 884): : _getPacket continue read 1044 size 1024 grp
2 sub 438
01-09 13:48:30.397 D/NVITEM ( 884): : writeData:id=1,start=538024, bytesLen:1024
01-09 13:48:30.397 D/NVITEM ( 884): : *****memcpy packet buf to fromChannel
01-09 13:48:30.397 D/NVITEM ( 884): : _getPacket
01-09 13:48:30.397 I/HidlServiceManagement( 867): Registered
vendor.samsung.hardware.radio.channel@2.0::ISehChannel/epdgd (start delay of
3644ms)
01-09 13:48:30.397 D/NVITEM ( 884): : get wake_lock 0
01-09 13:48:30.397 D/NVITEM ( 884): : channel_read success
01-09 13:48:30.397 D/NVITEM ( 884): : _getPacket continue read 1044 size 1024 grp
2 sub 439
01-09 13:48:30.397 D/NVITEM ( 884): : writeData:id=1,start=539048, bytesLen:1024
01-09 13:48:30.397 D/NVITEM ( 884): : *****memcpy packet buf to fromChannel
01-09 13:48:30.397 D/NVITEM ( 884): : _getPacket
01-09 13:48:30.398 D/NVITEM ( 884): : get wake_lock 0
01-09 13:48:30.398 D/NVITEM ( 884): : channel_read success
01-09 13:48:30.398 D/NVITEM ( 884): : _getPacket continue read 1044 size 1024 grp
2 sub 440
01-09 13:48:30.398 D/NVITEM ( 884): : writeData:id=1,start=540072, bytesLen:1024
01-09 13:48:30.398 D/NVITEM ( 884): : *****memcpy packet buf to fromChannel
01-09 13:48:30.398 D/NVITEM ( 884): : _getPacket
01-09 13:48:30.399 D/NVITEM ( 884): : get wake_lock 0
01-09 13:48:30.399 D/NVITEM ( 884): : channel_read success
01-09 13:48:30.399 D/NVITEM ( 884): : _getPacket continue read 1044 size 1024 grp
2 sub 441
01-09 13:48:30.399 D/NVITEM ( 884): : writeData:id=1,start=541096, bytesLen:1024
01-09 13:48:30.399 D/NVITEM ( 884): : *****memcpy packet buf to fromChannel
01-09 13:48:30.399 D/NVITEM ( 884): : _getPacket
01-09 13:48:30.399 D/NVITEM ( 884): : get wake_lock 0
01-09 13:48:30.399 D/NVITEM ( 884): : channel_read success
01-09 13:48:30.399 D/NVITEM ( 884): : _getPacket continue read 1044 size 1024 grp
2 sub 442
01-09 13:48:30.399 D/NVITEM ( 884): : writeData:id=1,start=542120, bytesLen:1024
01-09 13:48:30.399 D/NVITEM ( 884): : *****memcpy packet buf to fromChannel
01-09 13:48:30.400 D/NVITEM ( 884): : _getPacket
01-09 13:48:30.400 D/NVITEM ( 884): : get wake_lock 0
01-09 13:48:30.400 D/NVITEM ( 884): : channel_read success
01-09 13:48:30.400 D/NVITEM ( 884): : _getPacket continue read 1044 size 1024 grp
2 sub 443
01-09 13:48:30.400 D/NVITEM ( 884): : writeData:id=1,start=543144, bytesLen:1024
01-09 13:48:30.400 D/NVITEM ( 884): : *****memcpy packet buf to fromChannel
01-09 13:48:30.400 D/NVITEM ( 884): : _getPacket
01-09 13:48:30.400 E/CP_CONNECT_CTL( 658): socket_reconnect: socket_reconnect
src_sock=10, des_socket=cp_time_sync_server.
01-09 13:48:30.401 E/CP_CONNECT_CTL( 658): process_socket_connect: open
cp_time_sync_server failed: Connection refused [111(Connection refused)]
01-09 13:48:30.401 D/NVITEM ( 884): : get wake_lock 0
01-09 13:48:30.401 D/NVITEM ( 884): : channel_read success
01-09 13:48:30.401 D/NVITEM ( 884): : _getPacket continue read 1044 size 1024 grp
2 sub 444
01-09 13:48:30.401 D/NVITEM ( 884): : writeData:id=1,start=544168, bytesLen:1024
01-09 13:48:30.401 D/NVITEM ( 884): : *****memcpy packet buf to fromChannel
01-09 13:48:30.401 D/NVITEM ( 884): : _getPacket
01-09 13:48:30.401 D/NVITEM ( 884): : get wake_lock 0
01-09 13:48:30.401 D/NVITEM ( 884): : channel_read success
01-09 13:48:30.401 D/NVITEM ( 884): : _getPacket continue read 1044 size 1024 grp
2 sub 445
01-09 13:48:30.401 D/NVITEM ( 884): : writeData:id=1,start=545192, bytesLen:1024
01-09 13:48:30.401 D/NVITEM ( 884): : *****memcpy packet buf to fromChannel
01-09 13:48:30.401 D/NVITEM ( 884): : _getPacket
01-09 13:48:30.402 D/NVITEM ( 884): : get wake_lock 0
01-09 13:48:30.402 D/NVITEM ( 884): : channel_read success
01-09 13:48:30.402 D/NVITEM ( 884): : _getPacket continue read 1044 size 1024 grp
2 sub 446
01-09 13:48:30.402 D/NVITEM ( 884): : writeData:id=1,start=546216, bytesLen:1024
01-09 13:48:30.402 D/NVITEM ( 884): : *****memcpy packet buf to fromChannel
01-09 13:48:30.402 D/NVITEM ( 884): : _getPacket
01-09 13:48:30.402 D/NVITEM ( 884): : get wake_lock 0
01-09 13:48:30.402 D/NVITEM ( 884): : channel_read success
01-09 13:48:30.402 D/NVITEM ( 884): : _getPacket continue read 1044 size 1024 grp
2 sub 447
01-09 13:48:30.402 D/NVITEM ( 884): : writeData:id=1,start=547240, bytesLen:1024
01-09 13:48:30.402 D/NVITEM ( 884): : *****memcpy packet buf to fromChannel
01-09 13:48:30.402 D/NVITEM ( 884): : _getPacket
01-09 13:48:30.403 D/NVITEM ( 884): : get wake_lock 0
01-09 13:48:30.403 D/NVITEM ( 884): : channel_read success
01-09 13:48:30.403 D/NVITEM ( 884): : _getPacket continue read 1044 size 1024 grp
2 sub 448
01-09 13:48:30.403 D/NVITEM ( 884): : writeData:id=1,start=548264, bytesLen:1024
01-09 13:48:30.403 D/NVITEM ( 884): : *****memcpy packet buf to fromChannel
01-09 13:48:30.403 D/NVITEM ( 884): : _getPacket
01-09 13:48:30.403 D/NVITEM ( 884): : get wake_lock 0
01-09 13:48:30.403 D/NVITEM ( 884): : channel_read success
01-09 13:48:30.403 D/NVITEM ( 884): : _getPacket continue read 1044 size 1024 grp
2 sub 449
01-09 13:48:30.403 D/NVITEM ( 884): : writeData:id=1,start=549288, bytesLen:1024
01-09 13:48:30.403 D/NVITEM ( 884): : *****memcpy packet buf to fromChannel
01-09 13:48:30.403 D/NVITEM ( 884): : _getPacket
01-09 13:48:30.404 D/NVITEM ( 884): : get wake_lock 0
01-09 13:48:30.404 D/NVITEM ( 884): : channel_read success
01-09 13:48:30.404 D/NVITEM ( 884): : _getPacket continue read 1044 size 1024 grp
2 sub 450
01-09 13:48:30.404 D/NVITEM ( 884): : writeData:id=1,start=550312, bytesLen:1024
01-09 13:48:30.404 D/NVITEM ( 884): : *****memcpy packet buf to fromChannel
01-09 13:48:30.404 D/NVITEM ( 884): : _getPacket
01-09 13:48:30.405 D/NVITEM ( 884): : get wake_lock 0
01-09 13:48:30.405 D/NVITEM ( 884): : channel_read success
01-09 13:48:30.405 D/NVITEM ( 884): : _getPacket continue read 1044 size 1024 grp
2 sub 451
01-09 13:48:30.405 D/NVITEM ( 884): : writeData:id=1,start=551336, bytesLen:1024
01-09 13:48:30.405 D/NVITEM ( 884): : *****memcpy packet buf to fromChannel
01-09 13:48:30.405 D/NVITEM ( 884): : _getPacket
01-09 13:48:30.405 D/NVITEM ( 884): : get wake_lock 0
01-09 13:48:30.405 D/NVITEM ( 884): : channel_read success
01-09 13:48:30.405 D/NVITEM ( 884): : _getPacket continue read 1044 size 1024 grp
2 sub 452
01-09 13:48:30.405 D/NVITEM ( 884): : writeData:id=1,start=552360, bytesLen:1024
01-09 13:48:30.405 D/NVITEM ( 884): : *****memcpy packet buf to fromChannel
01-09 13:48:30.405 D/NVITEM ( 884): : _getPacket
01-09 13:48:30.406 D/NVITEM ( 884): : get wake_lock 0
01-09 13:48:30.406 D/NVITEM ( 884): : channel_read success
01-09 13:48:30.406 D/NVITEM ( 884): : _getPacket continue read 1044 size 1024 grp
2 sub 453
01-09 13:48:30.406 D/NVITEM ( 884): : writeData:id=1,start=553384, bytesLen:1024
01-09 13:48:30.406 D/NVITEM ( 884): : *****memcpy packet buf to fromChannel
01-09 13:48:30.406 D/NVITEM ( 884): : _getPacket
01-09 13:48:30.406 D/NVITEM ( 884): : get wake_lock 0
01-09 13:48:30.406 D/NVITEM ( 884): : channel_read success
01-09 13:48:30.406 D/NVITEM ( 884): : _getPacket continue read 1044 size 1024 grp
2 sub 454
01-09 13:48:30.406 D/NVITEM ( 884): : writeData:id=1,start=554408, bytesLen:1024
01-09 13:48:30.406 D/NVITEM ( 884): : *****memcpy packet buf to fromChannel
01-09 13:48:30.406 D/NVITEM ( 884): : _getPacket
01-09 13:48:30.407 D/NVITEM ( 884): : get wake_lock 0
01-09 13:48:30.407 D/NVITEM ( 884): : channel_read success
01-09 13:48:30.407 D/NVITEM ( 884): : _getPacket continue read 1044 size 1024 grp
2 sub 455
01-09 13:48:30.407 D/NVITEM ( 884): : writeData:id=1,start=555432, bytesLen:1024
01-09 13:48:30.407 D/NVITEM ( 884): : *****memcpy packet buf to fromChannel
01-09 13:48:30.407 D/NVITEM ( 884): : _getPacket
01-09 13:48:30.408 D/NVITEM ( 884): : get wake_lock 0
01-09 13:48:30.408 D/NVITEM ( 884): : channel_read success
01-09 13:48:30.408 D/NVITEM ( 884): : _getPacket continue read 1044 size 1024 grp
2 sub 456
01-09 13:48:30.408 D/NVITEM ( 884): : writeData:id=1,start=556456, bytesLen:1024
01-09 13:48:30.408 D/NVITEM ( 884): : *****memcpy packet buf to fromChannel
01-09 13:48:30.408 D/NVITEM ( 884): : _getPacket
01-09 13:48:30.408 D/NVITEM ( 884): : get wake_lock 0
01-09 13:48:30.408 D/NVITEM ( 884): : channel_read success
01-09 13:48:30.408 D/NVITEM ( 884): : _getPacket continue read 1044 size 1024 grp
2 sub 457
01-09 13:48:30.408 D/NVITEM ( 884): : writeData:id=1,start=557480, bytesLen:1024
01-09 13:48:30.408 D/NVITEM ( 884): : *****memcpy packet buf to fromChannel
01-09 13:48:30.408 D/NVITEM ( 884): : _getPacket
01-09 13:48:30.409 D/NVITEM ( 884): : get wake_lock 0
01-09 13:48:30.409 D/NVITEM ( 884): : channel_read success
01-09 13:48:30.409 D/NVITEM ( 884): : _getPacket continue read 1044 size 1024 grp
2 sub 458
01-09 13:48:30.409 D/NVITEM ( 884): : writeData:id=1,start=558504, bytesLen:1024
01-09 13:48:30.409 D/NVITEM ( 884): : *****memcpy packet buf to fromChannel
01-09 13:48:30.409 D/NVITEM ( 884): : _getPacket
01-09 13:48:30.409 D/NVITEM ( 884): : get wake_lock 0
01-09 13:48:30.409 D/NVITEM ( 884): : channel_read success
01-09 13:48:30.409 D/NVITEM ( 884): : _getPacket continue read 1044 size 1024 grp
2 sub 459
01-09 13:48:30.409 D/NVITEM ( 884): : writeData:id=1,start=559528, bytesLen:1024
01-09 13:48:30.409 D/NVITEM ( 884): : *****memcpy packet buf to fromChannel
01-09 13:48:30.409 D/NVITEM ( 884): : _getPacket
01-09 13:48:30.410 D/NVITEM ( 884): : get wake_lock 0
01-09 13:48:30.410 D/NVITEM ( 884): : channel_read success
01-09 13:48:30.410 D/NVITEM ( 884): : _getPacket continue read 1044 size 1024 grp
2 sub 460
01-09 13:48:30.410 D/NVITEM ( 884): : writeData:id=1,start=560552, bytesLen:1024
01-09 13:48:30.410 D/NVITEM ( 884): : *****memcpy packet buf to fromChannel
01-09 13:48:30.410 D/NVITEM ( 884): : _getPacket
01-09 13:48:30.411 D/NVITEM ( 884): : get wake_lock 0
01-09 13:48:30.411 D/NVITEM ( 884): : channel_read success
01-09 13:48:30.411 D/NVITEM ( 884): : _getPacket continue read 1044 size 1024 grp
2 sub 461
01-09 13:48:30.411 D/NVITEM ( 884): : writeData:id=1,start=561576, bytesLen:1024
01-09 13:48:30.411 D/NVITEM ( 884): : *****memcpy packet buf to fromChannel
01-09 13:48:30.411 D/NVITEM ( 884): : _getPacket
01-09 13:48:30.411 I/engmode_cp_watcher( 601): Successfully connected with
RILD(149)
01-09 13:48:30.411 I/engmode_cp_watcher( 601): Successfully sent c00000e2 message
to CP
01-09 13:48:30.411 D/NVITEM ( 884): : get wake_lock 0
01-09 13:48:30.411 D/NVITEM ( 884): : channel_read success
01-09 13:48:30.411 D/NVITEM ( 884): : _getPacket continue read 1044 size 1024 grp
2 sub 462
01-09 13:48:30.411 D/NVITEM ( 884): : writeData:id=1,start=562600, bytesLen:1024
01-09 13:48:30.411 D/NVITEM ( 884): : *****memcpy packet buf to fromChannel
01-09 13:48:30.411 D/NVITEM ( 884): : _getPacket
01-09 13:48:30.412 D/NVITEM ( 884): : get wake_lock 0
01-09 13:48:30.412 D/NVITEM ( 884): : channel_read success
01-09 13:48:30.412 D/NVITEM ( 884): : _getPacket continue read 1044 size 1024 grp
2 sub 463
01-09 13:48:30.412 D/NVITEM ( 884): : writeData:id=1,start=563624, bytesLen:1024
01-09 13:48:30.412 D/NVITEM ( 884): : *****memcpy packet buf to fromChannel
01-09 13:48:30.412 D/NVITEM ( 884): : _getPacket
01-09 13:48:30.412 I/HidlServiceManagement( 867): Registered
vendor.samsung.hardware.radio.bridge@2.0::ISehBridge/slot1 (start delay of 3659ms)
01-09 13:48:30.412 D/NVITEM ( 884): : get wake_lock 0
01-09 13:48:30.413 D/NVITEM ( 884): : channel_read success
01-09 13:48:30.413 D/NVITEM ( 884): : _getPacket continue read 1044 size 1024 grp
2 sub 464
01-09 13:48:30.413 D/NVITEM ( 884): : writeData:id=1,start=564648, bytesLen:1024
01-09 13:48:30.413 D/NVITEM ( 884): : *****memcpy packet buf to fromChannel
01-09 13:48:30.413 D/NVITEM ( 884): : _getPacket
01-09 13:48:30.416 D/NVITEM ( 884): : get wake_lock 0
01-09 13:48:30.416 D/NVITEM ( 884): : channel_read success
01-09 13:48:30.416 D/NVITEM ( 884): : _getPacket continue read 1044 size 1024 grp
2 sub 465
01-09 13:48:30.416 D/NVITEM ( 884): : writeData:id=1,start=565672, bytesLen:1024
01-09 13:48:30.416 D/NVITEM ( 884): : *****memcpy packet buf to fromChannel
01-09 13:48:30.416 D/NVITEM ( 884): : _getPacket
01-09 13:48:30.417 D/NVITEM ( 884): : get wake_lock 0
01-09 13:48:30.417 D/NVITEM ( 884): : channel_read success
01-09 13:48:30.417 D/NVITEM ( 884): : _getPacket continue read 1044 size 1024 grp
2 sub 466
01-09 13:48:30.417 D/NVITEM ( 884): : writeData:id=1,start=566696, bytesLen:1024
01-09 13:48:30.417 D/NVITEM ( 884): : *****memcpy packet buf to fromChannel
01-09 13:48:30.417 D/NVITEM ( 884): : _getPacket
01-09 13:48:30.417 D/NVITEM ( 884): : get wake_lock 0
01-09 13:48:30.417 D/NVITEM ( 884): : channel_read success
01-09 13:48:30.417 D/NVITEM ( 884): : _getPacket continue read 1044 size 1024 grp
2 sub 467
01-09 13:48:30.417 D/NVITEM ( 884): : writeData:id=1,start=567720, bytesLen:1024
01-09 13:48:30.417 D/NVITEM ( 884): : *****memcpy packet buf to fromChannel
01-09 13:48:30.417 D/NVITEM ( 884): : _getPacket
01-09 13:48:30.418 D/NVITEM ( 884): : get wake_lock 0
01-09 13:48:30.418 D/NVITEM ( 884): : channel_read success
01-09 13:48:30.418 D/NVITEM ( 884): : _getPacket continue read 1044 size 1024 grp
2 sub 468
01-09 13:48:30.418 D/NVITEM ( 884): : writeData:id=1,start=568744, bytesLen:1024
01-09 13:48:30.418 D/NVITEM ( 884): : *****memcpy packet buf to fromChannel
01-09 13:48:30.418 D/NVITEM ( 884): : _getPacket
01-09 13:48:30.418 D/NVITEM ( 884): : get wake_lock 0
01-09 13:48:30.418 D/NVITEM ( 884): : channel_read success
01-09 13:48:30.418 D/NVITEM ( 884): : _getPacket continue read 1044 size 1024 grp
2 sub 469
01-09 13:48:30.418 D/NVITEM ( 884): : writeData:id=1,start=569768, bytesLen:1024
01-09 13:48:30.418 D/NVITEM ( 884): : *****memcpy packet buf to fromChannel
01-09 13:48:30.418 D/NVITEM ( 884): : _getPacket
01-09 13:48:30.419 D/NVITEM ( 884): : get wake_lock 0
01-09 13:48:30.419 D/NVITEM ( 884): : channel_read success
01-09 13:48:30.419 D/NVITEM ( 884): : _getPacket continue read 1044 size 1024 grp
2 sub 470
01-09 13:48:30.419 D/NVITEM ( 884): : writeData:id=1,start=570792, bytesLen:1024
01-09 13:48:30.419 D/NVITEM ( 884): : *****memcpy packet buf to fromChannel
01-09 13:48:30.419 D/NVITEM ( 884): : _getPacket
01-09 13:48:30.419 D/NVITEM ( 884): : get wake_lock 0
01-09 13:48:30.419 D/NVITEM ( 884): : channel_read success
01-09 13:48:30.419 D/NVITEM ( 884): : _getPacket continue read 1044 size 1024 grp
2 sub 471
01-09 13:48:30.419 D/NVITEM ( 884): : writeData:id=1,start=571816, bytesLen:1024
01-09 13:48:30.419 D/NVITEM ( 884): : *****memcpy packet buf to fromChannel
01-09 13:48:30.419 D/NVITEM ( 884): : _getPacket
01-09 13:48:30.420 D/NVITEM ( 884): : get wake_lock 0
01-09 13:48:30.420 D/NVITEM ( 884): : channel_read success
01-09 13:48:30.420 D/NVITEM ( 884): : _getPacket continue read 1044 size 1024 grp
2 sub 472
01-09 13:48:30.420 D/NVITEM ( 884): : writeData:id=1,start=572840, bytesLen:1024
01-09 13:48:30.420 D/NVITEM ( 884): : *****memcpy packet buf to fromChannel
01-09 13:48:30.420 D/NVITEM ( 884): : _getPacket
01-09 13:48:30.420 D/NVITEM ( 884): : get wake_lock 0
01-09 13:48:30.420 D/NVITEM ( 884): : channel_read success
01-09 13:48:30.420 D/NVITEM ( 884): : _getPacket continue read 1044 size 1024 grp
2 sub 473
01-09 13:48:30.421 D/NVITEM ( 884): : writeData:id=1,start=573864, bytesLen:1024
01-09 13:48:30.421 D/NVITEM ( 884): : *****memcpy packet buf to fromChannel
01-09 13:48:30.421 D/NVITEM ( 884): : _getPacket
01-09 13:48:30.421 D/NVITEM ( 884): : get wake_lock 0
01-09 13:48:30.421 D/NVITEM ( 884): : channel_read success
01-09 13:48:30.421 D/NVITEM ( 884): : _getPacket continue read 1044 size 1024 grp
2 sub 474
01-09 13:48:30.421 D/NVITEM ( 884): : writeData:id=1,start=574888, bytesLen:1024
01-09 13:48:30.421 D/NVITEM ( 884): : *****memcpy packet buf to fromChannel
01-09 13:48:30.421 D/NVITEM ( 884): : _getPacket
01-09 13:48:30.422 D/NVITEM ( 884): : get wake_lock 0
01-09 13:48:30.422 D/NVITEM ( 884): : channel_read success
01-09 13:48:30.422 D/NVITEM ( 884): : _getPacket continue read 1044 size 1024 grp
2 sub 475
01-09 13:48:30.422 D/NVITEM ( 884): : writeData:id=1,start=575912, bytesLen:1024
01-09 13:48:30.422 D/NVITEM ( 884): : *****memcpy packet buf to fromChannel
01-09 13:48:30.422 D/NVITEM ( 884): : _getPacket
01-09 13:48:30.422 D/NVITEM ( 884): : get wake_lock 0
01-09 13:48:30.422 D/NVITEM ( 884): : channel_read success
01-09 13:48:30.422 D/NVITEM ( 884): : _getPacket continue read 1044 size 1024 grp
2 sub 476
01-09 13:48:30.422 D/NVITEM ( 884): : writeData:id=1,start=576936, bytesLen:1024
01-09 13:48:30.422 D/NVITEM ( 884): : *****memcpy packet buf to fromChannel
01-09 13:48:30.422 D/NVITEM ( 884): : _getPacket
01-09 13:48:30.423 D/NVITEM ( 884): : get wake_lock 0
01-09 13:48:30.423 D/NVITEM ( 884): : channel_read success
01-09 13:48:30.423 D/NVITEM ( 884): : _getPacket continue read 1044 size 1024 grp
2 sub 477
01-09 13:48:30.423 D/NVITEM ( 884): : writeData:id=1,start=577960, bytesLen:1024
01-09 13:48:30.423 D/NVITEM ( 884): : *****memcpy packet buf to fromChannel
01-09 13:48:30.423 D/NVITEM ( 884): : _getPacket
01-09 13:48:30.423 D/NVITEM ( 884): : get wake_lock 0
01-09 13:48:30.423 D/NVITEM ( 884): : channel_read success
01-09 13:48:30.423 D/NVITEM ( 884): : _getPacket continue read 1044 size 1024 grp
2 sub 478
01-09 13:48:30.423 D/NVITEM ( 884): : writeData:id=1,start=578984, bytesLen:1024
01-09 13:48:30.423 D/NVITEM ( 884): : *****memcpy packet buf to fromChannel
01-09 13:48:30.423 D/NVITEM ( 884): : _getPacket
01-09 13:48:30.424 D/NVITEM ( 884): : get wake_lock 0
01-09 13:48:30.424 D/NVITEM ( 884): : channel_read success
01-09 13:48:30.424 D/NVITEM ( 884): : _getPacket continue read 1044 size 1024 grp
2 sub 479
01-09 13:48:30.424 D/NVITEM ( 884): : writeData:id=1,start=580008, bytesLen:1024
01-09 13:48:30.424 D/NVITEM ( 884): : *****memcpy packet buf to fromChannel
01-09 13:48:30.424 D/NVITEM ( 884): : _getPacket
01-09 13:48:30.424 D/NVITEM ( 884): : get wake_lock 0
01-09 13:48:30.424 D/NVITEM ( 884): : channel_read success
01-09 13:48:30.424 D/NVITEM ( 884): : _getPacket continue read 1044 size 1024 grp
2 sub 480
01-09 13:48:30.424 D/NVITEM ( 884): : writeData:id=1,start=581032, bytesLen:1024
01-09 13:48:30.424 D/NVITEM ( 884): : *****memcpy packet buf to fromChannel
01-09 13:48:30.425 D/NVITEM ( 884): : _getPacket
01-09 13:48:30.425 D/NVITEM ( 884): : get wake_lock 0
01-09 13:48:30.425 D/NVITEM ( 884): : channel_read success
01-09 13:48:30.425 D/NVITEM ( 884): : _getPacket continue read 1044 size 1024 grp
2 sub 481
01-09 13:48:30.425 D/NVITEM ( 884): : writeData:id=1,start=582056, bytesLen:1024
01-09 13:48:30.425 D/NVITEM ( 884): : *****memcpy packet buf to fromChannel
01-09 13:48:30.425 D/NVITEM ( 884): : _getPacket
01-09 13:48:30.426 D/NVITEM ( 884): : get wake_lock 0
01-09 13:48:30.426 D/NVITEM ( 884): : channel_read success
01-09 13:48:30.426 D/NVITEM ( 884): : _getPacket continue read 1044 size 1024 grp
2 sub 482
01-09 13:48:30.426 D/NVITEM ( 884): : writeData:id=1,start=583080, bytesLen:1024
01-09 13:48:30.426 D/NVITEM ( 884): : *****memcpy packet buf to fromChannel
01-09 13:48:30.426 D/NVITEM ( 884): : _getPacket
01-09 13:48:30.426 D/NVITEM ( 884): : get wake_lock 0
01-09 13:48:30.426 D/NVITEM ( 884): : channel_read success
01-09 13:48:30.426 D/NVITEM ( 884): : _getPacket continue read 1044 size 1024 grp
2 sub 483
01-09 13:48:30.426 D/NVITEM ( 884): : writeData:id=1,start=584104, bytesLen:1024
01-09 13:48:30.426 D/NVITEM ( 884): : *****memcpy packet buf to fromChannel
01-09 13:48:30.426 D/NVITEM ( 884): : _getPacket
01-09 13:48:30.427 D/NVITEM ( 884): : get wake_lock 0
01-09 13:48:30.427 D/NVITEM ( 884): : channel_read success
01-09 13:48:30.427 D/NVITEM ( 884): : _getPacket continue read 1044 size 1024 grp
2 sub 484
01-09 13:48:30.427 D/NVITEM ( 884): : writeData:id=1,start=585128, bytesLen:1024
01-09 13:48:30.427 D/NVITEM ( 884): : *****memcpy packet buf to fromChannel
01-09 13:48:30.427 D/NVITEM ( 884): : _getPacket
01-09 13:48:30.427 D/NVITEM ( 884): : get wake_lock 0
01-09 13:48:30.427 D/NVITEM ( 884): : channel_read success
01-09 13:48:30.427 D/NVITEM ( 884): : _getPacket continue read 1044 size 1024 grp
2 sub 485
01-09 13:48:30.427 D/NVITEM ( 884): : writeData:id=1,start=586152, bytesLen:1024
01-09 13:48:30.427 D/NVITEM ( 884): : *****memcpy packet buf to fromChannel
01-09 13:48:30.427 D/NVITEM ( 884): : _getPacket
01-09 13:48:30.428 D/NVITEM ( 884): : get wake_lock 0
01-09 13:48:30.428 D/NVITEM ( 884): : channel_read success
01-09 13:48:30.428 D/NVITEM ( 884): : _getPacket continue read 1044 size 1024 grp
2 sub 486
01-09 13:48:30.428 D/NVITEM ( 884): : writeData:id=1,start=587176, bytesLen:1024
01-09 13:48:30.428 D/NVITEM ( 884): : *****memcpy packet buf to fromChannel
01-09 13:48:30.428 D/NVITEM ( 884): : _getPacket
01-09 13:48:30.429 D/NVITEM ( 884): : get wake_lock 0
01-09 13:48:30.429 D/NVITEM ( 884): : channel_read success
01-09 13:48:30.429 D/NVITEM ( 884): : _getPacket continue read 1044 size 1024 grp
2 sub 487
01-09 13:48:30.429 D/NVITEM ( 884): : writeData:id=1,start=588200, bytesLen:1024
01-09 13:48:30.429 D/NVITEM ( 884): : *****memcpy packet buf to fromChannel
01-09 13:48:30.429 D/NVITEM ( 884): : _getPacket
01-09 13:48:30.429 D/NVITEM ( 884): : get wake_lock 0
01-09 13:48:30.429 D/NVITEM ( 884): : channel_read success
01-09 13:48:30.429 D/NVITEM ( 884): : _getPacket continue read 1044 size 1024 grp
2 sub 488
01-09 13:48:30.429 D/NVITEM ( 884): : writeData:id=1,start=589224, bytesLen:1024
01-09 13:48:30.429 D/NVITEM ( 884): : *****memcpy packet buf to fromChannel
01-09 13:48:30.429 D/NVITEM ( 884): : _getPacket
01-09 13:48:30.430 D/NVITEM ( 884): : get wake_lock 0
01-09 13:48:30.430 D/NVITEM ( 884): : channel_read success
01-09 13:48:30.430 D/NVITEM ( 884): : _getPacket continue read 1044 size 1024 grp
2 sub 489
01-09 13:48:30.430 D/NVITEM ( 884): : writeData:id=1,start=590248, bytesLen:1024
01-09 13:48:30.430 D/NVITEM ( 884): : *****memcpy packet buf to fromChannel
01-09 13:48:30.430 D/NVITEM ( 884): : _getPacket
01-09 13:48:30.431 I/SprdSimpleOMXComponent( 859): Destruct
SprdSimpleOMXComponent, this: 0x0xf0e87200
01-09 13:48:30.431 D/NVITEM ( 884): : get wake_lock 0
01-09 13:48:30.431 D/NVITEM ( 884): : channel_read success
01-09 13:48:30.431 D/NVITEM ( 884): : _getPacket continue read 1044 size 1024 grp
2 sub 490
01-09 13:48:30.431 D/NVITEM ( 884): : writeData:id=1,start=591272, bytesLen:1024
01-09 13:48:30.431 D/NVITEM ( 884): : *****memcpy packet buf to fromChannel
01-09 13:48:30.431 D/NVITEM ( 884): : _getPacket
01-09 13:48:30.432 I/ACodec ( 837): [] Now uninitialized
01-09 13:48:30.433 I/OMXClient( 837): IOmx service obtained
01-09 13:48:30.433 I/OMXMaster( 859):
makeComponentInstance(OMX.sprd.mp3l2.decoder) in android.hardwar process
01-09 13:48:30.436 I/SprdSimpleOMXComponent( 859): Construct
SprdSimpleOMXComponent(0xf0e87200)
01-09 13:48:30.436 I/SPRDMP3 ( 859): openDecoder, lib: libomx_mp3dec_sprd.so
01-09 13:48:30.436 I/SPRDMP3 ( 859): MP3_ARM_DEC_Construct=0
01-09 13:48:30.436 I/SPRD_OMX_CORE( 859): Created OMXPlugin :
OMX.sprd.mp3l2.decoder
01-09 13:48:30.437 D/NVITEM ( 884): : get wake_lock 0
01-09 13:48:30.437 D/NVITEM ( 884): : channel_read success
01-09 13:48:30.437 D/NVITEM ( 884): : _getPacket continue read 1044 size 1024 grp
2 sub 491
01-09 13:48:30.437 D/NVITEM ( 884): : writeData:id=1,start=592296, bytesLen:1024
01-09 13:48:30.437 D/NVITEM ( 884): : *****memcpy packet buf to fromChannel
01-09 13:48:30.437 D/NVITEM ( 884): : _getPacket
01-09 13:48:30.438 D/NVITEM ( 884): : get wake_lock 0
01-09 13:48:30.438 D/NVITEM ( 884): : channel_read success
01-09 13:48:30.438 D/NVITEM ( 884): : _getPacket continue read 1044 size 1024 grp
2 sub 492
01-09 13:48:30.438 D/NVITEM ( 884): : writeData:id=1,start=593320, bytesLen:1024
01-09 13:48:30.438 D/NVITEM ( 884): : *****memcpy packet buf to fromChannel
01-09 13:48:30.438 D/NVITEM ( 884): : _getPacket
01-09 13:48:30.438 D/NVITEM ( 884): : get wake_lock 0
01-09 13:48:30.438 D/NVITEM ( 884): : channel_read success
01-09 13:48:30.438 D/NVITEM ( 884): : _getPacket continue read 1044 size 1024 grp
2 sub 493
01-09 13:48:30.438 D/NVITEM ( 884): : writeData:id=1,start=594344, bytesLen:1024
01-09 13:48:30.438 D/NVITEM ( 884): : *****memcpy packet buf to fromChannel
01-09 13:48:30.438 D/NVITEM ( 884): : _getPacket
01-09 13:48:30.439 D/NVITEM ( 884): : get wake_lock 0
01-09 13:48:30.439 D/NVITEM ( 884): : channel_read success
01-09 13:48:30.439 D/NVITEM ( 884): : _getPacket continue read 1044 size 1024 grp
2 sub 494
01-09 13:48:30.439 D/NVITEM ( 884): : writeData:id=1,start=595368, bytesLen:1024
01-09 13:48:30.439 D/NVITEM ( 884): : *****memcpy packet buf to fromChannel
01-09 13:48:30.439 D/NVITEM ( 884): : _getPacket
01-09 13:48:30.439 I/audio_hw_param( 619): load_xml_handle:0xeecb43e8
/vendor/etc/audio_params/sprd/LA/dsp_vbc.xml
01-09 13:48:30.439 D/NVITEM ( 884): : get wake_lock 0
01-09 13:48:30.439 D/NVITEM ( 884): : channel_read success
01-09 13:48:30.439 D/NVITEM ( 884): : _getPacket continue read 1044 size 1024 grp
2 sub 495
01-09 13:48:30.439 D/NVITEM ( 884): : writeData:id=1,start=596392, bytesLen:1024
01-09 13:48:30.439 D/NVITEM ( 884): : *****memcpy packet buf to fromChannel
01-09 13:48:30.439 D/NVITEM ( 884): : _getPacket
01-09 13:48:30.440 D/NVITEM ( 884): : get wake_lock 0
01-09 13:48:30.440 D/NVITEM ( 884): : channel_read success
01-09 13:48:30.440 D/NVITEM ( 884): : _getPacket continue read 1044 size 1024 grp
2 sub 496
01-09 13:48:30.440 D/NVITEM ( 884): : writeData:id=1,start=597416, bytesLen:1024
01-09 13:48:30.440 D/NVITEM ( 884): : *****memcpy packet buf to fromChannel
01-09 13:48:30.440 D/NVITEM ( 884): : _getPacket
01-09 13:48:30.447 D/NVITEM ( 884): : get wake_lock 0
01-09 13:48:30.447 D/NVITEM ( 884): : channel_read success
01-09 13:48:30.447 D/NVITEM ( 884): : _getPacket continue read 1044 size 1024 grp
2 sub 497
01-09 13:48:30.447 D/NVITEM ( 884): : writeData:id=1,start=598440, bytesLen:1024
01-09 13:48:30.447 D/NVITEM ( 884): : *****memcpy packet buf to fromChannel
01-09 13:48:30.447 D/NVITEM ( 884): : _getPacket
01-09 13:48:30.447 D/NVITEM ( 884): : get wake_lock 0
01-09 13:48:30.447 D/NVITEM ( 884): : channel_read success
01-09 13:48:30.447 D/NVITEM ( 884): : _getPacket continue read 1044 size 1024 grp
2 sub 498
01-09 13:48:30.447 D/NVITEM ( 884): : writeData:id=1,start=599464, bytesLen:1024
01-09 13:48:30.447 D/NVITEM ( 884): : *****memcpy packet buf to fromChannel
01-09 13:48:30.447 D/NVITEM ( 884): : _getPacket
01-09 13:48:30.448 D/NVITEM ( 884): : get wake_lock 0
01-09 13:48:30.448 D/NVITEM ( 884): : channel_read success
01-09 13:48:30.448 D/NVITEM ( 884): : _getPacket continue read 1044 size 1024 grp
2 sub 499
01-09 13:48:30.448 D/NVITEM ( 884): : writeData:id=1,start=600488, bytesLen:1024
01-09 13:48:30.448 D/NVITEM ( 884): : *****memcpy packet buf to fromChannel
01-09 13:48:30.448 D/NVITEM ( 884): : _getPacket
01-09 13:48:30.449 D/NVITEM ( 884): : get wake_lock 0
01-09 13:48:30.449 D/NVITEM ( 884): : channel_read success
01-09 13:48:30.449 D/NVITEM ( 884): : _getPacket continue read 1044 size 1024 grp
2 sub 500
01-09 13:48:30.449 D/NVITEM ( 884): : writeData:id=1,start=601512, bytesLen:1024
01-09 13:48:30.449 D/NVITEM ( 884): : *****memcpy packet buf to fromChannel
01-09 13:48:30.449 D/NVITEM ( 884): : _getPacket
01-09 13:48:30.449 D/NVITEM ( 884): : get wake_lock 0
01-09 13:48:30.449 D/NVITEM ( 884): : channel_read success
01-09 13:48:30.449 D/NVITEM ( 884): : _getPacket continue read 1044 size 1024 grp
2 sub 501
01-09 13:48:30.449 D/NVITEM ( 884): : writeData:id=1,start=602536, bytesLen:1024
01-09 13:48:30.449 D/NVITEM ( 884): : *****memcpy packet buf to fromChannel
01-09 13:48:30.449 D/NVITEM ( 884): : _getPacket
01-09 13:48:30.450 D/NVITEM ( 884): : get wake_lock 0
01-09 13:48:30.450 D/NVITEM ( 884): : channel_read success
01-09 13:48:30.450 D/NVITEM ( 884): : _getPacket continue read 1044 size 1024 grp
2 sub 502
01-09 13:48:30.450 D/NVITEM ( 884): : writeData:id=1,start=603560, bytesLen:1024
01-09 13:48:30.450 D/NVITEM ( 884): : *****memcpy packet buf to fromChannel
01-09 13:48:30.450 D/NVITEM ( 884): : _getPacket
01-09 13:48:30.451 D/NVITEM ( 884): : get wake_lock 0
01-09 13:48:30.451 D/NVITEM ( 884): : channel_read success
01-09 13:48:30.451 D/NVITEM ( 884): : _getPacket continue read 1044 size 1024 grp
2 sub 503
01-09 13:48:30.451 D/NVITEM ( 884): : writeData:id=1,start=604584, bytesLen:1024
01-09 13:48:30.451 D/NVITEM ( 884): : *****memcpy packet buf to fromChannel
01-09 13:48:30.451 D/NVITEM ( 884): : _getPacket
01-09 13:48:30.451 D/NVITEM ( 884): : get wake_lock 0
01-09 13:48:30.451 D/NVITEM ( 884): : channel_read success
01-09 13:48:30.451 D/NVITEM ( 884): : _getPacket continue read 1044 size 1024 grp
2 sub 504
01-09 13:48:30.451 D/NVITEM ( 884): : writeData:id=1,start=605608, bytesLen:1024
01-09 13:48:30.451 D/NVITEM ( 884): : *****memcpy packet buf to fromChannel
01-09 13:48:30.451 D/NVITEM ( 884): : _getPacket
01-09 13:48:30.452 D/NVITEM ( 884): : get wake_lock 0
01-09 13:48:30.452 D/NVITEM ( 884): : channel_read success
01-09 13:48:30.452 D/NVITEM ( 884): : _getPacket continue read 1044 size 1024 grp
2 sub 505
01-09 13:48:30.452 D/NVITEM ( 884): : writeData:id=1,start=606632, bytesLen:1024
01-09 13:48:30.452 D/NVITEM ( 884): : *****memcpy packet buf to fromChannel
01-09 13:48:30.452 D/NVITEM ( 884): : _getPacket
01-09 13:48:30.452 D/NVITEM ( 884): : get wake_lock 0
01-09 13:48:30.452 D/NVITEM ( 884): : channel_read success
01-09 13:48:30.452 D/NVITEM ( 884): : _getPacket continue read 1044 size 1024 grp
2 sub 506
01-09 13:48:30.452 D/NVITEM ( 884): : writeData:id=1,start=607656, bytesLen:1024
01-09 13:48:30.452 D/NVITEM ( 884): : *****memcpy packet buf to fromChannel
01-09 13:48:30.452 D/NVITEM ( 884): : _getPacket
01-09 13:48:30.453 D/NVITEM ( 884): : get wake_lock 0
01-09 13:48:30.453 D/NVITEM ( 884): : channel_read success
01-09 13:48:30.453 D/NVITEM ( 884): : _getPacket continue read 1044 size 1024 grp
2 sub 507
01-09 13:48:30.453 D/NVITEM ( 884): : writeData:id=1,start=608680, bytesLen:1024
01-09 13:48:30.453 D/NVITEM ( 884): : *****memcpy packet buf to fromChannel
01-09 13:48:30.453 D/NVITEM ( 884): : _getPacket
01-09 13:48:30.453 D/NVITEM ( 884): : get wake_lock 0
01-09 13:48:30.453 D/NVITEM ( 884): : channel_read success
01-09 13:48:30.453 D/NVITEM ( 884): : _getPacket continue read 1044 size 1024 grp
2 sub 508
01-09 13:48:30.453 D/NVITEM ( 884): : writeData:id=1,start=609704, bytesLen:1024
01-09 13:48:30.453 D/NVITEM ( 884): : *****memcpy packet buf to fromChannel
01-09 13:48:30.453 D/NVITEM ( 884): : _getPacket
01-09 13:48:30.454 D/NVITEM ( 884): : get wake_lock 0
01-09 13:48:30.454 D/NVITEM ( 884): : channel_read success
01-09 13:48:30.454 D/NVITEM ( 884): : _getPacket continue read 1044 size 1024 grp
2 sub 509
01-09 13:48:30.454 D/NVITEM ( 884): : writeData:id=1,start=610728, bytesLen:1024
01-09 13:48:30.454 D/NVITEM ( 884): : *****memcpy packet buf to fromChannel
01-09 13:48:30.454 D/NVITEM ( 884): : _getPacket
01-09 13:48:30.455 D/NVITEM ( 884): : get wake_lock 0
01-09 13:48:30.455 D/NVITEM ( 884): : channel_read success
01-09 13:48:30.455 D/NVITEM ( 884): : _getPacket continue read 1044 size 1024 grp
2 sub 510
01-09 13:48:30.455 D/NVITEM ( 884): : writeData:id=1,start=611752, bytesLen:1024
01-09 13:48:30.455 D/NVITEM ( 884): : *****memcpy packet buf to fromChannel
01-09 13:48:30.455 D/NVITEM ( 884): : _getPacket
01-09 13:48:30.455 E/refnotify( 873): RefNotify open /dev/stime_pm failed, error:
No such device
01-09 13:48:30.455 D/NVITEM ( 884): : get wake_lock 0
01-09 13:48:30.455 D/NVITEM ( 884): : channel_read success
01-09 13:48:30.455 D/NVITEM ( 884): : _getPacket continue read 1044 size 1024 grp
2 sub 511
01-09 13:48:30.455 D/NVITEM ( 884): : writeData:id=1,start=612776, bytesLen:1024
01-09 13:48:30.455 D/NVITEM ( 884): : *****memcpy packet buf to fromChannel
01-09 13:48:30.455 D/NVITEM ( 884): : _getPacket
01-09 13:48:30.456 D/NVITEM ( 884): : get wake_lock 0
01-09 13:48:30.456 D/NVITEM ( 884): : channel_read success
01-09 13:48:30.456 D/NVITEM ( 884): : _getPacket continue read 1044 size 1024 grp
2 sub 512
01-09 13:48:30.456 D/NVITEM ( 884): : writeData:id=1,start=613800, bytesLen:1024
01-09 13:48:30.456 D/NVITEM ( 884): : *****memcpy packet buf to fromChannel
01-09 13:48:30.456 D/NVITEM ( 884): : _getPacket
01-09 13:48:30.456 D/NVITEM ( 884): : get wake_lock 0
01-09 13:48:30.456 D/NVITEM ( 884): : channel_read success
01-09 13:48:30.456 D/NVITEM ( 884): : _getPacket continue read 1044 size 1024 grp
2 sub 513
01-09 13:48:30.456 D/NVITEM ( 884): : writeData:id=1,start=614824, bytesLen:1024
01-09 13:48:30.456 D/NVITEM ( 884): : *****memcpy packet buf to fromChannel
01-09 13:48:30.456 D/NVITEM ( 884): : _getPacket
01-09 13:48:30.457 D/NVITEM ( 884): : get wake_lock 0
01-09 13:48:30.457 D/NVITEM ( 884): : channel_read success
01-09 13:48:30.457 D/NVITEM ( 884): : _getPacket continue read 1044 size 1024 grp
2 sub 514
01-09 13:48:30.457 D/NVITEM ( 884): : writeData:id=1,start=615848, bytesLen:1024
01-09 13:48:30.457 D/NVITEM ( 884): : *****memcpy packet buf to fromChannel
01-09 13:48:30.457 D/NVITEM ( 884): : _getPacket
01-09 13:48:30.458 D/NVITEM ( 884): : get wake_lock 0
01-09 13:48:30.458 D/NVITEM ( 884): : channel_read success
01-09 13:48:30.458 D/NVITEM ( 884): : _getPacket continue read 1044 size 1024 grp
2 sub 515
01-09 13:48:30.458 D/NVITEM ( 884): : writeData:id=1,start=616872, bytesLen:1024
01-09 13:48:30.458 D/NVITEM ( 884): : *****memcpy packet buf to fromChannel
01-09 13:48:30.458 D/NVITEM ( 884): : _getPacket
01-09 13:48:30.458 D/NVITEM ( 884): : get wake_lock 0
01-09 13:48:30.458 D/NVITEM ( 884): : channel_read success
01-09 13:48:30.458 D/NVITEM ( 884): : _getPacket continue read 1044 size 1024 grp
2 sub 516
01-09 13:48:30.458 D/NVITEM ( 884): : writeData:id=1,start=617896, bytesLen:1024
01-09 13:48:30.458 D/NVITEM ( 884): : *****memcpy packet buf to fromChannel
01-09 13:48:30.458 D/NVITEM ( 884): : _getPacket
01-09 13:48:30.459 D/NVITEM ( 884): : get wake_lock 0
01-09 13:48:30.459 D/NVITEM ( 884): : channel_read success
01-09 13:48:30.459 D/NVITEM ( 884): : _getPacket continue read 1044 size 1024 grp
2 sub 517
01-09 13:48:30.459 D/NVITEM ( 884): : writeData:id=1,start=618920, bytesLen:1024
01-09 13:48:30.459 D/NVITEM ( 884): : *****memcpy packet buf to fromChannel
01-09 13:48:30.459 D/NVITEM ( 884): : _getPacket
01-09 13:48:30.459 D/NVITEM ( 884): : get wake_lock 0
01-09 13:48:30.459 D/NVITEM ( 884): : channel_read success
01-09 13:48:30.459 D/NVITEM ( 884): : _getPacket continue read 1044 size 1024 grp
2 sub 518
01-09 13:48:30.459 D/NVITEM ( 884): : writeData:id=1,start=619944, bytesLen:1024
01-09 13:48:30.459 D/NVITEM ( 884): : *****memcpy packet buf to fromChannel
01-09 13:48:30.460 D/NVITEM ( 884): : _getPacket
01-09 13:48:30.460 D/NVITEM ( 884): : get wake_lock 0
01-09 13:48:30.460 D/NVITEM ( 884): : channel_read success
01-09 13:48:30.460 D/NVITEM ( 884): : _getPacket continue read 1044 size 1024 grp
2 sub 519
01-09 13:48:30.460 D/NVITEM ( 884): : writeData:id=1,start=620968, bytesLen:1024
