06-22 09:24:08.353 D/DlbDap2Process( 559): setParam(arde = #1[1])
06-22 09:24:08.353 D/DlbDap2Process( 559): setParam(rsse = #1[0])
06-22 09:24:08.353 D/DlbDap2Process( 559): setParam(bexe = #1[0])
06-22 09:24:08.353 D/DlbDap2Process( 559): setParam(becf = #1[200])
06-22 09:24:08.353 D/DlbDap2Process( 559): setParam(bexf = #1[200])
06-22 09:24:08.353 D/DlbDap2Process( 559): setParam(vbhg = #3[-32, -144, -192])
06-22 09:24:08.353 D/DlbDap2Process( 559): setParam(vbog = #1[0])
06-22 09:24:08.353 D/DlbDap2Process( 559): setParam(vbsg = #1[0])
06-22 09:24:08.353 D/DlbDap2Process( 559): setSystemGain(vol = 0)
06-22 09:24:08.353 I/SystemConfig( 945): Reading permissions from
/vendor/etc/permissions/handheld_core_hardware.xml
06-22 09:24:08.353 D/DlbDap2Process( 559): setParam(avol = #1[-56])
06-22 09:24:08.353 D/DlbDap2Process( 559): setParam(dhfm = #1[1])
06-22 09:24:08.354 D/DlbDap2Process( 559): setParam(ceon = #1[1])
06-22 09:24:08.354 D/DlbDap2Process( 559): setParam(aoon = #1[1])
06-22 09:24:08.354 D/DlbDap2Process( 559): setParam(aron = #1[1])
06-22 09:24:08.354 D/DlbDap2Process( 559): setParam(artp = #1[12])
06-22 09:24:08.354 D/DlbDap2Process( 559): setAOBS(aobs = #62[20, 2, 47, 141, 234,
328, 469, 656, 844, 1031, 1313, 1688, 2250, 3000, 3750, 4688, 5813, 7125, 9000,
11250, 13875, 19688, 0, 0, 0, 0, 0, 0, 0, 0, 0, 0, 0, 0, 0, 0, 0, 0, 0, 0, 0, 0, 0,
0, 0, 0, 0, 0, 0, 0, 0, 0, 0, 0, 0, 0, 0, 0, 0, 0, 0, 0])
06-22 09:24:08.354 D/DlbDap2Process( 559): setParam(arbs = #81[20, 47, 141, 234,
328, 469, 656, 844, 1031, 1313, 1688, 2250, 3000, 3750, 4688, 5813, 7125, 9000,
11250, 13875, 19688, -192, -192, -192, -192, -192, -192, -192, -192, -192, -192, -
192, -192, -192, -192, -192, -192, -192, -192, -192, -192, 0, 0, 0, 0, 0, 0, 0, 0,
0, 0, 0, 0, 0, 0, 0, 0, 0, 0, 0, 0, 0, 0, 0, 0, 0, 0, 0, 0, 0, 0, 0, 0, 0, 0, 0, 0,
0, 0, 0, 0])
06-22 09:24:08.354 D/DlbDap2Process( 559): setParam(ards = #1[16])
06-22 09:24:08.354 D/DlbDap2Process( 559): setParam(bmdt = #80[1, -1600, 0, -1120,
-400, -240, 0, 5, 10, 0, 1, -1600, 0, -1120, -400, -240, 0, 5, 10, 0, 1, -1600, 0,
-1120, -400, -240, 0, 5, 10, 0, 1, -1600, 0, -1120, -400, -240, 0, 5, 10, 0, 1, -
1600, 0, -1120, -400, -240, 0, 5, 10, 0, 1, -1600, 0, -1120, -400, -240, 0, 5, 10,
0, 1, -1600, 0, -1120, -400, -240, 0, 5, 10, 0, 1, -1600, 0, -1120, -400, -240, 0,
5, 10, 0])
06-22 09:24:08.354 I/SystemConfig( 945): Reading permissions from
/vendor/etc/permissions/android.hardware.nfc.uicc.xml
06-22 09:24:08.354 D/DlbDap2Process( 559): setCEQT(ceqt = #312[2, 155, 0, 32767,
0, 32767, 0, 32767, 0, 32767, 0, 32767, 0, 32767, 0, 32767, 0, 32767, 0, 32767, 0,
32767, 0, 32767, 0, 32767, 0, 32767, 0, 32767, 0, 32767, 0, 32767, 0, 32767, 0,
32767, 0, 32767, 0, 32767, 0, 32767, 0, 32767, 0, 32767, 0, 32767, 0, 32767, 0,
32767, 0, 32767, 0, 32767, 0, 32767, 0, 32767, 0, 32767, 0, 32767, 0, 32767, 0,
32767, 0, 32767, 0, 32767, 0, 32767, 0, 32767, 0, 32767,
06-22 09:24:08.354 D/DlbDap2Process( 559): ceqt continue: 0, 32767, 0,
32767, 0, 32767, 0, 32767, 0, 32767, 0, 32767, 0, 32767, 0, 32767, 0, 32767, 0,
32767, 0, 32767, 0, 32767, 0, 32767, 0, 32767, 0, 32767, 0, 32767, 0, 32767, 0,
32767, 0, 32767, 0, 32767, 0, 32767, 0, 32767, 0, 32767, 0, 32767, 0, 32767, 0,
32767, 0, 32767, 0, 32767, 0, 32767, 0, 32767, 0, 32767, 0, 32767, 0, 32767, 0,
32767, 0, 32767, 0, 32767, 0, 32767, 0, 32767, 0, 0, 32767, 0,
06-22 09:24:08.354 I/SystemConfig( 945): Reading permissions from
/vendor/etc/permissions/com.nxp.mifare.xml
06-22 09:24:08.354 D/DlbDap2Process( 559): ceqt continue: 32767, 0, 32767,
0, 32767, 0, 32767, 0, 32767, 0, 32767, 0, 32767, 0, 32767, 0, 32767, 0, 32767, 0,
32767, 0, 32767, 0, 32767, 0, 32767, 0, 32767, 0, 32767, 0, 32767, 0, 32767, 0,
32767, 0, 32767, 0, 32767, 0, 32767, 0, 32767, 0, 32767, 0, 32767, 0, 32767, 0,
32767, 0, 32767, 0, 32767, 0, 32767, 0, 32767, 0, 32767, 0, 32767, 0, 32767, 0,
32767, 0, 32767, 0, 32767, 0, 32767, 0, 32767, 0, 32767, 0,
06-22 09:24:08.354 D/DlbDap2Process( 559): ceqt continue: 32767, 0, 32767,
0, 32767, 0, 32767, 0, 32767, 0, 32767, 0, 32767, 0, 32767, 0, 32767, 0, 32767, 0,
32767, 0, 32767, 0, 32767, 0, 32767, 0, 32767, 0, 32767, 0, 32767, 0, 32767, 0,
32767, 0, 32767, 0, 32767, 0, 32767, 0, 32767, 0, 32767, 0, 32767, 0, 32767, 0,
32767, 0, 32767, 0, 32767, 0, 32767, 0, 32767, 0, 32767, 0, 32767, 0, 32767, 0,
32767, 0, 32767, 0,#])
06-22 09:24:08.354 D/DlbEndpointParamCache( 559): doCommit() Committed 30
parameters out of 30.
06-22 09:24:08.354 I/SystemConfig( 945): Reading permissions from
/vendor/etc/permissions/android.hardware.sensor.gyroscope.xml
06-22 09:24:08.354 D/AudioSAEffectOffload( 559): update offload effect: DLB,0,2,0
06-22 09:24:08.354 I/SystemConfig( 945): Reading permissions from
/vendor/etc/permissions/android.hardware.wifi.xml
06-22 09:24:08.354 I/SystemConfig( 945): Reading permissions from
/vendor/etc/permissions/android.hardware.touchscreen.multitouch.jazzhand.xml
06-22 09:24:08.354 I/SystemConfig( 945): Reading permissions from
/vendor/etc/permissions/android.hardware.sensor.stepdetector.xml
06-22 09:24:08.354 I/AudioSAEffectOffload( 559): effect_command
EFFECT_CMD_SET_DEVICE curDevice 2 output -1306
06-22 09:24:08.355 I/SystemConfig( 945): Reading permissions from
/vendor/etc/permissions/android.hardware.camera.raw.xml
06-22 09:24:08.355 D/AudioSAEffectOffload( 559): update offload effect:
SA,2,0,0,0,0,0,0,0,0,0,0,0,0,0,0,0,0,4,4,0,1,0,0,0,0,0
06-22 09:24:08.355 I/MySound ( 559): setDevice 2, 0
06-22 09:24:08.355 I/Audio_DHA_24b a32( 559): AudioDHA Init sampling rate 48000,
BW 0
06-22 09:24:08.355 I/Audio_DHA_24b a32( 559): Init gt_init parameters are
06-22 09:24:08.355 I/Audio_DHA_24b a32( 559): 0 0 0 0 0 0 0 0 0 0 0 0
06-22 09:24:08.355 I/Audio_DHA_24b a32( 559): AudioDHA Param_Config parameters are
06-22 09:24:08.355 I/SystemConfig( 945): Reading permissions from
/vendor/etc/permissions/android.hardware.nfc.ese.xml
06-22 09:24:08.355 I/Audio_DHA_24b a32( 559): 0 0 0 0 0 0 0 0 0 0 0 0
06-22 09:24:08.355 I/AudioFlinger( 631): reviewTrackPromotion size 0
06-22 09:24:08.355 I/AudioFlinger( 631): change audio_format 1 , sample 48000
06-22 09:24:08.355 I/SystemConfig( 945): Reading permissions from
/vendor/etc/permissions/android.software.opengles.deqp.level.xml
06-22 09:24:08.355 I/SystemConfig( 945): Reading permissions from
/vendor/etc/permissions/android.software.ipsec_tunnels.xml
06-22 09:24:08.355 V/sec_audio_hw( 559): sec_stream_set_parameters(13:0) :
l_uhq_force_routing=2;l_uhq_update_format=1;l_uhq_wide_resolution_enable=false
06-22 09:24:08.355 D/audio_hw_primary( 559): primary_out-out_set_parameters: enter
with param =
l_uhq_force_routing=2;l_uhq_update_format=1;l_uhq_wide_resolution_enable=false
06-22 09:24:08.355 D/audio_hw_primary( 559): primary_out-out_set_parameters: with
new format = 1, new wideRes = 0, status = 0
06-22 09:24:08.355 I/SystemConfig( 945): Reading permissions from
/vendor/etc/permissions/android.hardware.location.gps.xml
06-22 09:24:08.355 I/SystemConfig( 945): Reading permissions from
/vendor/etc/permissions/android.hardware.bluetooth.xml
06-22 09:24:08.355 I/SystemConfig( 945): Reading permissions from
/vendor/etc/permissions/android.hardware.audio.low_latency.xml
06-22 09:24:08.355 D/audio_hw_primary( 559): primary_out-out_set_parameters: enter
with param = routing=2
06-22 09:24:08.356 I/audio_hw_primary( 559): primary_out-out_set_parameters:
requested to change route from speaker to speaker
06-22 09:24:08.356 D/AudioFlinger( 631): setCurDevice() 0x2
06-22 09:24:08.356 I/SystemConfig( 945): Reading permissions from
/vendor/etc/permissions/android.software.midi.xml
06-22 09:24:08.356 I/SystemConfig( 945): Reading permissions from
/vendor/etc/permissions/android.hardware.sensor.compass.xml
06-22 09:24:08.356 I/SystemConfig( 945): Reading permissions from
/vendor/etc/permissions/android.hardware.sensor.accelerometer.xml
06-22 09:24:08.356 V/APM_AudioPolicyManager( 631): setOutputDevices()
AF::createAudioPatch returned 0 patchHandle 12 num_sources 1 num_sinks 1
06-22 09:24:08.356 I/SystemConfig( 945): Reading permissions from
/vendor/etc/permissions/android.hardware.nfc.hce.xml
06-22 09:24:08.356 I/SystemConfig( 945): Reading permissions from
/vendor/etc/permissions/android.hardware.nfc.xml
06-22 09:24:08.356 V/APM_AudioPolicyManager( 631): computeVolume: stream 10, index
0, volume 0.000000, deviceTypes 0x2
06-22 09:24:08.356 V/APM_AudioPolicyManager( 631): computeVolume: stream 4, index
0, volume 0.000000, deviceTypes 0x2
06-22 09:24:08.356 V/APM_AudioPolicyManager( 631): checkAndSetVolume cannot set
volume group 3 volume when isn ot requested for comm
06-22 09:24:08.356 V/APM_AudioPolicyManager( 631): computeVolume: stream 8, index
0, volume 0.000000, deviceTypes 0x2
06-22 09:24:08.356 I/SystemConfig( 945): Reading permissions from
/vendor/etc/permissions/android.hardware.wifi.direct.xml
06-22 09:24:08.357 I/SystemConfig( 945): Reading permissions from
/vendor/etc/permissions/android.hardware.usb.accessory.xml
06-22 09:24:08.357 I/SystemConfig( 945): Reading permissions from
/vendor/etc/permissions/android.hardware.sensor.light.xml
06-22 09:24:08.357 I/SystemConfig( 945): Reading permissions from
/vendor/etc/permissions/android.hardware.telephony.ims.xml
06-22 09:24:08.357 V/APM_AudioPolicyManager( 631): computeVolume: camera shutter
sound volume 0.000000
06-22 09:24:08.357 V/APM_AudioPolicyManager( 631): computeVolume: stream 3, index
0, volume 0.000000, deviceTypes 0x2
06-22 09:24:08.357 I/SystemConfig( 945): Reading permissions from
/vendor/etc/permissions/android.hardware.camera.autofocus.xml
06-22 09:24:08.357 V/APM_AudioPolicyManager( 631): computeVolume: stream 3, index
1, volume 54.000000, deviceTypes 0x2
06-22 09:24:08.357 V/APM_AudioPolicyManager( 631): computeVolume: stream 5, index
0, volume 0.000000, deviceTypes 0x2
06-22 09:24:08.357 V/APM_AudioPolicyManager( 631): computeVolume: stream 2, index
0, volume 0.000000, deviceTypes 0x2
06-22 09:24:08.357 I/SystemConfig( 945): Reading permissions from
/vendor/etc/permissions/android.hardware.usb.host.xml
06-22 09:24:08.357 V/APM_AudioPolicyManager( 631): computeVolume: stream 1, index
0, volume 0.000000, deviceTypes 0x2
06-22 09:24:08.357 I/SystemConfig( 945): Reading permissions from
/vendor/etc/permissions/android.software.verified_boot.xml
06-22 09:24:08.357 I/SystemConfig( 945): Reading permissions from
/vendor/etc/permissions/android.hardware.camera.front.xml
06-22 09:24:08.358 I/SystemConfig( 945): Reading permissions from
/vendor/etc/permissions/android.hardware.sensor.stepcounter.xml
06-22 09:24:08.358 D/CoreStateController( 945): CoreStateController()
06-22 09:24:08.358 I/SystemConfig( 945): Reading permissions from
/vendor/etc/permissions/android.hardware.camera.xml
06-22 09:24:08.358 V/APM_AudioPolicyManager( 631): computeVolume: stream 9, index
0, volume 0.000000, deviceTypes 0x2
06-22 09:24:08.358 I/SystemConfig( 945): Reading permissions from
/vendor/etc/permissions/android.hardware.camera.flash-autofocus.xml
06-22 09:24:08.358 V/APM_AudioPolicyManager( 631): computeVolume: stream 0, index
0, volume 0.000000, deviceTypes 0x2
06-22 09:24:08.358 I/SystemConfig( 945): Reading permissions from
/vendor/etc/permissions/android.hardware.vulkan.compute.xml
06-22 09:24:08.358 V/APM_AudioPolicyManager( 631): computeVolume use music stream
11, stream=AUDIO_STREAM_ASSISTANT
06-22 09:24:08.358 V/APM_AudioPolicyManager( 631): computeVolume: stream 3, index
0, volume 0.000000, deviceTypes 0x2
06-22 09:24:08.359 I/SystemConfig( 945): Reading permissions from
/vendor/etc/permissions/android.hardware.vulkan.version.xml
06-22 09:24:08.359 I/AudioFlinger( 631): openOutput() this 0x6eb3820010, module 10
Device type:0x2,@:, SamplingRate 48000, Format 0x000004, Channels 0x3, flags 0x8
06-22 09:24:08.359 D/audio_hw_primary( 559): device-adev_open_output_stream:
enter: io_handle (21), sample_rate(48000) channel_mask(0x3) format(0x4)
framecount(0) devices(0x2) flags(0x8)
06-22 09:24:08.359 I/audio_hw_primary( 559): device-adev_open_output_stream:
requested to open Deep Buffer playback stream
06-22 09:24:08.359 I/SystemConfig( 945): Reading permissions from
/vendor/etc/permissions/android.hardware.telephony.gsm.xml
06-22 09:24:08.359 I/audio_hw_proxy_9820( 559): proxy-
proxy_create_playback_stream: opened Proxy Stream(deep_out)
06-22 09:24:08.359 I/audio_hw_primary( 559): deep_out-adev_open_output_stream:
transited to Standby
06-22 09:24:08.359 I/audio_hw_primary( 559): device-adev_open_output_stream:
opened deep_out stream
06-22 09:24:08.359 D/audio_hw_primary( 559): deep_out-out_update_source_metadata:
called, but not implemented yet
06-22 09:24:08.359 I/SystemConfig( 945): Reading permissions from
/vendor/etc/permissions/android.hardware.opengles.aep.xml
06-22 09:24:08.359 V/sec_audio_hw( 559): sec_dev_open_audio_stream: enter: handle
21, type 0, tag
06-22 09:24:08.359 V/sec_audio_hw( 559): sec_dev_open_audio_stream: exit
06-22 09:24:08.359 I/SystemConfig( 945): Reading permissions from
/vendor/etc/permissions/android.hardware.bluetooth_le.xml
06-22 09:24:08.359 I/SystemConfig( 945): Reading permissions from
/vendor/etc/permissions/android.hardware.vulkan.level.xml
06-22 09:24:08.360 I/SystemConfig( 945): Reading permissions from
/vendor/etc/permissions/android.software.vulkan.deqp.level.xml
06-22 09:24:08.360 I/SystemConfig( 945): Reading permissions from
/vendor/etc/permissions/android.hardware.wifi.aware.xml
06-22 09:24:08.360 I/SystemConfig( 945): Reading permissions from
/vendor/etc/permissions/android.hardware.camera.ar.xml
06-22 09:24:08.360 I/SystemConfig( 945): Reading permissions from
/vendor/etc/permissions/android.hardware.wifi.passpoint.xml
06-22 09:24:08.360 I/AudioFlinger( 631): HAL output buffer size 960 frames, normal
sink buffer size 960 frames
06-22 09:24:08.360 I/SystemConfig( 945): Reading permissions from
/vendor/etc/permissions/android.hardware.audio.pro.xml
06-22 09:24:08.360 I/AudioEffectStage( 631): makeSinkBuffer formatMask 0x6, normal
fc 960
06-22 09:24:08.360 I/AudioEffectStage( 631): make sec precision stage 0x3
06-22 09:24:08.360 I/SystemConfig( 945): Reading permissions from
/vendor/etc/permissions/android.hardware.sensor.barometer.xml
06-22 09:24:08.361 I/SystemConfig( 945): Reading permissions from
/vendor/etc/permissions/android.hardware.camera.full.xml
06-22 09:24:08.361 I/hwservicemanager( 419): getTransport: Cannot find entry
android.hardware.audio.effect@7.0::IEffectsFactory/default in either framework or
device VINTF manifest.
06-22 09:24:08.361 I/hwservicemanager( 419): getTransport: Cannot find entry
android.hardware.audio.effect@6.0::IEffectsFactory/default in either framework or
device VINTF manifest.
06-22 09:24:08.361 I/SystemConfig( 945): Reading aerProductName from
/system/etc/aer_product_name.xml
06-22 09:24:08.362 W/SystemConfig( 945): fname = o1stur
06-22 09:24:08.362 W/SystemConfig( 945): ro.product.name = beyond1ltexx
06-22 09:24:08.362 W/SystemConfig( 945): fname = o1sxtur
06-22 09:24:08.362 W/SystemConfig( 945): ro.product.name = beyond1ltexx
06-22 09:24:08.362 W/SystemConfig( 945): fname = o1sxser
06-22 09:24:08.362 W/SystemConfig( 945): ro.product.name = beyond1ltexx
06-22 09:24:08.362 W/SystemConfig( 945): fname = o1sxx
06-22 09:24:08.362 W/SystemConfig( 945): ro.product.name = beyond1ltexx
06-22 09:24:08.362 W/SystemConfig( 945): fname = o1sxxx
06-22 09:24:08.362 W/SystemConfig( 945): ro.product.name = beyond1ltexx
06-22 09:24:08.362 W/SystemConfig( 945): fname = o1sxeea
06-22 09:24:08.362 W/SystemConfig( 945): ro.product.name = beyond1ltexx
06-22 09:24:08.362 W/SystemConfig( 945): fname = o1sksx
06-22 09:24:08.362 W/SystemConfig( 945): ro.product.name = beyond1ltexx
06-22 09:24:08.362 W/SystemConfig( 945): fname = o1sser
06-22 09:24:08.362 W/SystemConfig( 945): ro.product.name = beyond1ltexx
06-22 09:24:08.362 W/SystemConfig( 945): fname = o1qcsx
06-22 09:24:08.362 W/SystemConfig( 945): ro.product.name = beyond1ltexx
06-22 09:24:08.362 W/SystemConfig( 945): fname = o1quew
06-22 09:24:08.362 W/SystemConfig( 945): ro.product.name = beyond1ltexx
06-22 09:24:08.362 W/SystemConfig( 945): fname = o1qzhx
06-22 09:24:08.362 W/SystemConfig( 945): ro.product.name = beyond1ltexx
06-22 09:24:08.362 W/SystemConfig( 945): fname = o1qsqw
06-22 09:24:08.362 W/SystemConfig( 945): ro.product.name = beyond1ltexx
06-22 09:24:08.362 W/SystemConfig( 945): fname = SC-51B
06-22 09:24:08.362 W/SystemConfig( 945): ro.product.name = beyond1ltexx
06-22 09:24:08.362 W/SystemConfig( 945): fname = SCG09_jp_kdi
06-22 09:24:08.362 W/SystemConfig( 945): ro.product.name = beyond1ltexx
06-22 09:24:08.362 W/SystemConfig( 945): fname = t2sksx
06-22 09:24:08.362 W/SystemConfig( 945): ro.product.name = beyond1ltexx
06-22 09:24:08.362 W/SystemConfig( 945): fname = t2sxxx
06-22 09:24:08.362 W/SystemConfig( 945): ro.product.name = beyond1ltexx
06-22 09:24:08.362 W/SystemConfig( 945): fname = t2sxser
06-22 09:24:08.362 W/SystemConfig( 945): ro.product.name = beyond1ltexx
06-22 09:24:08.362 W/SystemConfig( 945): fname = t2sxeea
06-22 09:24:08.362 W/SystemConfig( 945): ro.product.name = beyond1ltexx
06-22 09:24:08.362 W/SystemConfig( 945): fname = t2sxtur
06-22 09:24:08.362 W/SystemConfig( 945): ro.product.name = beyond1ltexx
06-22 09:24:08.362 W/SystemConfig( 945): fname = t2qzhx
06-22 09:24:08.362 W/SystemConfig( 945): ro.product.name = beyond1ltexx
06-22 09:24:08.362 W/SystemConfig( 945): fname = t2qsqw
06-22 09:24:08.362 W/SystemConfig( 945): ro.product.name = beyond1ltexx
06-22 09:24:08.362 I/servicemanager( 418): Adding 'u:r:system_server:s0' service
(activity_task:945)
06-22 09:24:08.362 W/SystemConfig( 945): fname = t2qcsx
06-22 09:24:08.362 W/SystemConfig( 945): ro.product.name = beyond1ltexx
06-22 09:24:08.362 W/SystemConfig( 945): fname = t2quew
06-22 09:24:08.362 W/SystemConfig( 945): ro.product.name = beyond1ltexx
06-22 09:24:08.362 W/SystemConfig( 945): fname = SCG10_jp_kdi
06-22 09:24:08.362 W/SystemConfig( 945): ro.product.name = beyond1ltexx
06-22 09:24:08.362 W/SystemConfig( 945): fname = p3sksx
06-22 09:24:08.362 W/SystemConfig( 945): ro.product.name = beyond1ltexx
06-22 09:24:08.362 W/SystemConfig( 945): fname = p3sxeea
06-22 09:24:08.362 W/SystemConfig( 945): ro.product.name = beyond1ltexx
06-22 09:24:08.362 W/SystemConfig( 945): fname = p3sxtur
06-22 09:24:08.362 W/SystemConfig( 945): ro.product.name = beyond1ltexx
06-22 09:24:08.362 I/SystemServiceManager( 945): Starting
com.android.server.am.ActivityManagerService$Lifecycle
06-22 09:24:08.362 W/SystemConfig( 945): fname = p3sxser
06-22 09:24:08.362 W/SystemConfig( 945): ro.product.name = beyond1ltexx
06-22 09:24:08.362 W/SystemConfig( 945): fname = p3sxxx
06-22 09:24:08.362 W/SystemConfig( 945): ro.product.name = beyond1ltexx
06-22 09:24:08.362 W/SystemConfig( 945): fname = p3qcsx
06-22 09:24:08.362 W/SystemConfig( 945): ro.product.name = beyond1ltexx
06-22 09:24:08.362 W/SystemConfig( 945): fname = p3qsqw
06-22 09:24:08.362 W/SystemConfig( 945): ro.product.name = beyond1ltexx
06-22 09:24:08.362 W/SystemConfig( 945): fname = p3quew
06-22 09:24:08.362 W/SystemConfig( 945): ro.product.name = beyond1ltexx
06-22 09:24:08.362 W/SystemConfig( 945): fname = p3qzhx
06-22 09:24:08.362 W/SystemConfig( 945): ro.product.name = beyond1ltexx
06-22 09:24:08.362 W/SystemConfig( 945): fname = SC-52B
06-22 09:24:08.362 W/SystemConfig( 945): ro.product.name = beyond1ltexx
06-22 09:24:08.362 W/SystemConfig( 945): fname = q2qsqw
06-22 09:24:08.362 W/SystemConfig( 945): ro.product.name = beyond1ltexx
06-22 09:24:08.362 W/SystemConfig( 945): fname = q2qxxx
06-22 09:24:08.362 W/SystemConfig( 945): ro.product.name = beyond1ltexx
06-22 09:24:08.362 W/SystemConfig( 945): fname = q2qcsx
06-22 09:24:08.362 W/SystemConfig( 945): ro.product.name = beyond1ltexx
06-22 09:24:08.362 W/SystemConfig( 945): fname = q2qzhx
06-22 09:24:08.362 W/SystemConfig( 945): ro.product.name = beyond1ltexx
06-22 09:24:08.362 W/SystemConfig( 945): fname = q2qksx
06-22 09:24:08.362 W/SystemConfig( 945): ro.product.name = beyond1ltexx
06-22 09:24:08.362 W/SystemConfig( 945): fname = q2qxtur
06-22 09:24:08.362 W/SystemConfig( 945): ro.product.name = beyond1ltexx
06-22 09:24:08.362 W/SystemConfig( 945): fname = q2qxser
06-22 09:24:08.362 W/SystemConfig( 945): ro.product.name = beyond1ltexx
06-22 09:24:08.363 W/SystemConfig( 945): fname = q2qxeea
06-22 09:24:08.363 W/SystemConfig( 945): ro.product.name = beyond1ltexx
06-22 09:24:08.363 W/SystemConfig( 945): fname = q2quew
06-22 09:24:08.363 W/SystemConfig( 945): ro.product.name = beyond1ltexx
06-22 09:24:08.363 W/SystemConfig( 945): fname = SC-55B
06-22 09:24:08.363 W/SystemConfig( 945): ro.product.name = beyond1ltexx
06-22 09:24:08.363 W/SystemConfig( 945): fname = SCG11_jp_kdi
06-22 09:24:08.363 W/SystemConfig( 945): ro.product.name = beyond1ltexx
06-22 09:24:08.363 W/SystemConfig( 945): fname = b2quew
06-22 09:24:08.363 W/SystemConfig( 945): ro.product.name = beyond1ltexx
06-22 09:24:08.363 W/SystemConfig( 945): fname = b2qxxx
06-22 09:24:08.363 W/SystemConfig( 945): ro.product.name = beyond1ltexx
06-22 09:24:08.363 W/SystemConfig( 945): fname = b2qcsx
06-22 09:24:08.363 W/SystemConfig( 945): ro.product.name = beyond1ltexx
06-22 09:24:08.363 W/SystemConfig( 945): fname = b2qsqw
06-22 09:24:08.363 W/SystemConfig( 945): ro.product.name = beyond1ltexx
06-22 09:24:08.363 W/SystemConfig( 945): fname = b2qzhx
06-22 09:24:08.363 W/SystemConfig( 945): ro.product.name = beyond1ltexx
06-22 09:24:08.363 W/SystemConfig( 945): fname = b2qxser
06-22 09:24:08.363 W/SystemConfig( 945): ro.product.name = beyond1ltexx
06-22 09:24:08.363 W/SystemConfig( 945): fname = b2qxtur
06-22 09:24:08.363 W/SystemConfig( 945): ro.product.name = beyond1ltexx
06-22 09:24:08.363 W/SystemConfig( 945): fname = b2qxeea
06-22 09:24:08.363 W/SystemConfig( 945): ro.product.name = beyond1ltexx
06-22 09:24:08.363 W/SystemConfig( 945): fname = b2qksx
06-22 09:24:08.363 W/SystemConfig( 945): ro.product.name = beyond1ltexx
06-22 09:24:08.363 W/SystemConfig( 945): fname = SC-54B
06-22 09:24:08.363 W/SystemConfig( 945): ro.product.name = beyond1ltexx
06-22 09:24:08.363 W/SystemConfig( 945): fname = SCG12_jp_kdi
06-22 09:24:08.363 W/SystemConfig( 945): ro.product.name = beyond1ltexx
06-22 09:24:08.363 W/SystemConfig( 945): fname = a52qnstur
06-22 09:24:08.363 W/SystemConfig( 945): ro.product.name = beyond1ltexx
06-22 09:24:08.363 W/SystemConfig( 945): fname = a52qnseea
06-22 09:24:08.363 W/SystemConfig( 945): ro.product.name = beyond1ltexx
06-22 09:24:08.363 W/SystemConfig( 945): fname = a52qnsxx
06-22 09:24:08.363 W/SystemConfig( 945): ro.product.name = beyond1ltexx
06-22 09:24:08.363 W/SystemConfig( 945): fname = a52qnsser
06-22 09:24:08.363 W/SystemConfig( 945): ro.product.name = beyond1ltexx
06-22 09:24:08.363 I/hwservicemanager( 419): getTransport: Cannot find entry
android.hardware.audio.effect@7.0::IEffectsFactory/default in either framework or
device VINTF manifest.
06-22 09:24:08.363 W/SystemConfig( 945): fname = a52qub
06-22 09:24:08.363 W/SystemConfig( 945): ro.product.name = beyond1ltexx
06-22 09:24:08.363 W/SystemConfig( 945): fname = a52xque
06-22 09:24:08.363 W/SystemConfig( 945): ro.product.name = beyond1ltexx
06-22 09:24:08.363 W/SystemConfig( 945): fname = a52xqcs
06-22 09:24:08.363 W/SystemConfig( 945): ro.product.name = beyond1ltexx
06-22 09:24:08.363 I/hwservicemanager( 419): getTransport: Cannot find entry
android.hardware.audio.effect@6.0::IEffectsFactory/default in either framework or
device VINTF manifest.
06-22 09:24:08.363 W/SystemConfig( 945): fname = a52xqnaeea
06-22 09:24:08.363 W/SystemConfig( 945): ro.product.name = beyond1ltexx
06-22 09:24:08.363 W/SystemConfig( 945): fname = a52xqsq
06-22 09:24:08.363 W/SystemConfig( 945): ro.product.name = beyond1ltexx
06-22 09:24:08.363 W/SystemConfig( 945): fname = a52xqzh
06-22 09:24:08.363 W/SystemConfig( 945): ro.product.name = beyond1ltexx
06-22 09:24:08.363 W/SystemConfig( 945): fname = a52xqks
06-22 09:24:08.363 W/SystemConfig( 945): ro.product.name = beyond1ltexx
06-22 09:24:08.363 W/SystemConfig( 945): fname = a52xqnaxx
06-22 09:24:08.363 W/SystemConfig( 945): ro.product.name = beyond1ltexx
06-22 09:24:08.363 W/SystemConfig( 945): fname = SC-53B
06-22 09:24:08.363 W/SystemConfig( 945): ro.product.name = beyond1ltexx
06-22 09:24:08.363 W/SystemConfig( 945): fname = a52sxqeea
06-22 09:24:08.363 W/SystemConfig( 945): ro.product.name = beyond1ltexx
06-22 09:24:08.363 W/SystemConfig( 945): fname = a52sxqtur
06-22 09:24:08.363 W/SystemConfig( 945): ro.product.name = beyond1ltexx
06-22 09:24:08.363 W/SystemConfig( 945): fname = a52sxqser
06-22 09:24:08.363 W/SystemConfig( 945): ro.product.name = beyond1ltexx
06-22 09:24:08.363 W/SystemConfig( 945): fname = a52sxqzt
06-22 09:24:08.363 W/SystemConfig( 945): ro.product.name = beyond1ltexx
06-22 09:24:08.363 W/SystemConfig( 945): fname = a52sxqxx
06-22 09:24:08.363 W/SystemConfig( 945): ro.product.name = beyond1ltexx
06-22 09:24:08.363 W/SystemConfig( 945): fname = a52sxqks
06-22 09:24:08.363 W/SystemConfig( 945): ro.product.name = beyond1ltexx
06-22 09:24:08.363 W/SystemConfig( 945): fname = r9sxtur
06-22 09:24:08.363 W/SystemConfig( 945): ro.product.name = beyond1ltexx
06-22 09:24:08.363 W/SystemConfig( 945): fname = r9sxxx
06-22 09:24:08.363 W/SystemConfig( 945): ro.product.name = beyond1ltexx
06-22 09:24:08.363 W/SystemConfig( 945): fname = r9qksx
06-22 09:24:08.363 W/SystemConfig( 945): ro.product.name = beyond1ltexx
06-22 09:24:08.363 W/SystemConfig( 945): fname = r9qxeea
06-22 09:24:08.363 W/SystemConfig( 945): ro.product.name = beyond1ltexx
06-22 09:24:08.363 W/SystemConfig( 945): fname = r9qxtur
06-22 09:24:08.363 W/SystemConfig( 945): ro.product.name = beyond1ltexx
06-22 09:24:08.363 W/SystemConfig( 945): fname = r9qxser
06-22 09:24:08.364 W/SystemConfig( 945): ro.product.name = beyond1ltexx
06-22 09:24:08.364 W/SystemConfig( 945): fname = r9qzh
06-22 09:24:08.364 W/SystemConfig( 945): ro.product.name = beyond1ltexx
06-22 09:24:08.364 W/SystemConfig( 945): fname = r9quew
06-22 09:24:08.364 W/SystemConfig( 945): ro.product.name = beyond1ltexx
06-22 09:24:08.364 W/SystemConfig( 945): fname = r9qxxx
06-22 09:24:08.364 W/SystemConfig( 945): ro.product.name = beyond1ltexx
06-22 09:24:08.364 W/SystemConfig( 945): fname = r9qcsx
06-22 09:24:08.364 W/SystemConfig( 945): ro.product.name = beyond1ltexx
06-22 09:24:08.364 W/SystemConfig( 945): fname = r9qsqw
06-22 09:24:08.364 W/SystemConfig( 945): ro.product.name = beyond1ltexx
06-22 09:24:08.364 W/SystemConfig( 945): fname = a32ub
06-22 09:24:08.364 W/SystemConfig( 945): ro.product.name = beyond1ltexx
06-22 09:24:08.364 W/SystemConfig( 945): fname = a32ks
06-22 09:24:08.364 W/SystemConfig( 945): ro.product.name = beyond1ltexx
06-22 09:24:08.364 W/SystemConfig( 945): fname = a32eea
06-22 09:24:08.364 W/SystemConfig( 945): ro.product.name = beyond1ltexx
06-22 09:24:08.364 W/SystemConfig( 945): fname = a32tur
06-22 09:24:08.364 W/SystemConfig( 945): ro.product.name = beyond1ltexx
06-22 09:24:08.364 W/SystemConfig( 945): fname = a32ser
06-22 09:24:08.364 W/SystemConfig( 945): ro.product.name = beyond1ltexx
06-22 09:24:08.364 W/SystemConfig( 945): fname = a32xx
06-22 09:24:08.364 W/SystemConfig( 945): ro.product.name = beyond1ltexx
06-22 09:24:08.364 W/SystemConfig( 945): fname = a32xxx
06-22 09:24:08.364 W/SystemConfig( 945): ro.product.name = beyond1ltexx
06-22 09:24:08.364 W/SystemConfig( 945): fname = a32xcs
06-22 09:24:08.364 W/SystemConfig( 945): ro.product.name = beyond1ltexx
06-22 09:24:08.364 W/SystemConfig( 945): fname = a32xeea
06-22 09:24:08.364 W/SystemConfig( 945): ro.product.name = beyond1ltexx
06-22 09:24:08.364 W/SystemConfig( 945): fname = a32xue
06-22 09:24:08.364 W/SystemConfig( 945): ro.product.name = beyond1ltexx
06-22 09:24:08.364 W/SystemConfig( 945): fname = a32xtfn
06-22 09:24:08.364 W/SystemConfig( 945): ro.product.name = beyond1ltexx
06-22 09:24:08.364 W/SystemConfig( 945): fname = a32xzh
06-22 09:24:08.364 W/SystemConfig( 945): ro.product.name = beyond1ltexx
06-22 09:24:08.364 W/SystemConfig( 945): fname = a32xsq
06-22 09:24:08.364 W/SystemConfig( 945): ro.product.name = beyond1ltexx
06-22 09:24:08.364 W/SystemConfig( 945): fname = a32xktt
06-22 09:24:08.364 W/SystemConfig( 945): ro.product.name = beyond1ltexx
06-22 09:24:08.364 W/SystemConfig( 945): fname = SCG08_jp_kdi
06-22 09:24:08.364 W/SystemConfig( 945): ro.product.name = beyond1ltexx
06-22 09:24:08.364 I/ActivityManager( 945): Memory class: 256
06-22 09:24:08.364 W/SystemConfig( 945): fname = xcover5eea
06-22 09:24:08.364 W/SystemConfig( 945): ro.product.name = beyond1ltexx
06-22 09:24:08.364 W/SystemConfig( 945): fname = xcover5ser
06-22 09:24:08.364 W/SystemConfig( 945): ro.product.name = beyond1ltexx
06-22 09:24:08.364 W/SystemConfig( 945): fname = xcover5kx
06-22 09:24:08.364 W/SystemConfig( 945): ro.product.name = beyond1ltexx
06-22 09:24:08.364 W/SystemConfig( 945): fname = xcover5xx
06-22 09:24:08.364 W/SystemConfig( 945): ro.product.name = beyond1ltexx
06-22 09:24:08.364 W/SystemConfig( 945): fname = gts7fewifixx
06-22 09:24:08.364 W/SystemConfig( 945): ro.product.name = beyond1ltexx
06-22 09:24:08.364 W/SystemConfig( 945): fname = gts7fewifitur
06-22 09:24:08.364 W/SystemConfig( 945): ro.product.name = beyond1ltexx
06-22 09:24:08.364 W/SystemConfig( 945): fname = gts7fewifieea
06-22 09:24:08.364 W/SystemConfig( 945): ro.product.name = beyond1ltexx
06-22 09:24:08.364 W/SystemConfig( 945): fname = gts7fewifiser
06-22 09:24:08.364 W/SystemConfig( 945): ro.product.name = beyond1ltexx
06-22 09:24:08.364 W/SystemConfig( 945): fname = gts7xllitexx
06-22 09:24:08.364 W/SystemConfig( 945): ro.product.name = beyond1ltexx
06-22 09:24:08.364 W/SystemConfig( 945): fname = gts7xlliteser
06-22 09:24:08.364 W/SystemConfig( 945): ro.product.name = beyond1ltexx
06-22 09:24:08.364 W/SystemConfig( 945): fname = gts7xllitexeea
06-22 09:24:08.364 W/SystemConfig( 945): ro.product.name = beyond1ltexx
06-22 09:24:08.364 W/SystemConfig( 945): fname = gts7xllitekx
06-22 09:24:08.364 W/SystemConfig( 945): ro.product.name = beyond1ltexx
06-22 09:24:08.364 W/SystemConfig( 945): fname = gts7xllitetur
06-22 09:24:08.364 W/SystemConfig( 945): ro.product.name = beyond1ltexx
06-22 09:24:08.364 W/SystemConfig( 945): fname = gts7xllitekxx
06-22 09:24:08.364 W/SystemConfig( 945): ro.product.name = beyond1ltexx
06-22 09:24:08.364 W/SystemConfig( 945): fname = gts7xllitesqwnc
06-22 09:24:08.364 W/SystemConfig( 945): ro.product.name = beyond1ltexx
06-22 09:24:08.364 W/SystemConfig( 945): fname = gts7xllitexxx
06-22 09:24:08.364 W/SystemConfig( 945): ro.product.name = beyond1ltexx
06-22 09:24:08.364 W/SystemConfig( 945): fname = gts7xllitesqw
06-22 09:24:08.364 W/SystemConfig( 945): ro.product.name = beyond1ltexx
06-22 09:24:08.364 W/SystemConfig( 945): fname = gts7xllitewifieea
06-22 09:24:08.364 W/SystemConfig( 945): ro.product.name = beyond1ltexx
06-22 09:24:08.364 W/SystemConfig( 945): fname = gts7xllitewifixx
06-22 09:24:08.364 W/SystemConfig( 945): ro.product.name = beyond1ltexx
06-22 09:24:08.364 W/SystemConfig( 945): fname = gts7xllitewifitur
06-22 09:24:08.364 W/SystemConfig( 945): ro.product.name = beyond1ltexx
06-22 09:24:08.364 W/SystemConfig( 945): fname = gts7xllitewifiser
06-22 09:24:08.364 W/SystemConfig( 945): ro.product.name = beyond1ltexx
06-22 09:24:08.364 W/SystemConfig( 945): fname = b0sxser
06-22 09:24:08.364 W/SystemConfig( 945): ro.product.name = beyond1ltexx
06-22 09:24:08.364 W/SystemConfig( 945): fname = b0sxtur
06-22 09:24:08.364 W/SystemConfig( 945): ro.product.name = beyond1ltexx
06-22 09:24:08.364 W/SystemConfig( 945): fname = b0sxxx
06-22 09:24:08.364 W/SystemConfig( 945): ro.product.name = beyond1ltexx
06-22 09:24:08.364 W/SystemConfig( 945): fname = b0sxeea
06-22 09:24:08.364 W/SystemConfig( 945): ro.product.name = beyond1ltexx
06-22 09:24:08.364 W/SystemConfig( 945): fname = b0sksx
06-22 09:24:08.364 W/SystemConfig( 945): ro.product.name = beyond1ltexx
06-22 09:24:08.364 W/SystemConfig( 945): fname = b0qksx
06-22 09:24:08.364 W/SystemConfig( 945): ro.product.name = beyond1ltexx
06-22 09:24:08.364 W/SystemConfig( 945): fname = b0quew
06-22 09:24:08.364 W/SystemConfig( 945): ro.product.name = beyond1ltexx
06-22 09:24:08.365 W/SystemConfig( 945): fname = b0qcsx
06-22 09:24:08.365 W/SystemConfig( 945): ro.product.name = beyond1ltexx
06-22 09:24:08.365 W/SystemConfig( 945): fname = b0qxxx
06-22 09:24:08.365 W/SystemConfig( 945): ro.product.name = beyond1ltexx
06-22 09:24:08.365 W/SystemConfig( 945): fname = b0qsqw
06-22 09:24:08.365 W/SystemConfig( 945): ro.product.name = beyond1ltexx
06-22 09:24:08.365 W/SystemConfig( 945): fname = b0qzhx
06-22 09:24:08.365 W/SystemConfig( 945): ro.product.name = beyond1ltexx
06-22 09:24:08.365 W/SystemConfig( 945): fname = b0qxtur
06-22 09:24:08.365 W/SystemConfig( 945): ro.product.name = beyond1ltexx
06-22 09:24:08.365 W/SystemConfig( 945): fname = r0sxxx
06-22 09:24:08.365 W/SystemConfig( 945): ro.product.name = beyond1ltexx
06-22 09:24:08.365 W/SystemConfig( 945): fname = r0sxeea
06-22 09:24:08.365 W/SystemConfig( 945): ro.product.name = beyond1ltexx
06-22 09:24:08.365 W/SystemConfig( 945): fname = r0sxtur
06-22 09:24:08.365 W/SystemConfig( 945): ro.product.name = beyond1ltexx
06-22 09:24:08.365 W/SystemConfig( 945): fname = r0sxser
06-22 09:24:08.365 W/SystemConfig( 945): ro.product.name = beyond1ltexx
06-22 09:24:08.365 W/SystemConfig( 945): fname = r0sksx
06-22 09:24:08.365 W/SystemConfig( 945): ro.product.name = beyond1ltexx
06-22 09:24:08.365 W/SystemConfig( 945): fname = r0qksx
06-22 09:24:08.365 W/SystemConfig( 945): ro.product.name = beyond1ltexx
06-22 09:24:08.365 W/SystemConfig( 945): fname = r0qxtur
06-22 09:24:08.365 W/SystemConfig( 945): ro.product.name = beyond1ltexx
06-22 09:24:08.365 W/SystemConfig( 945): fname = r0qcsx
06-22 09:24:08.365 W/SystemConfig( 945): ro.product.name = beyond1ltexx
06-22 09:24:08.365 W/SystemConfig( 945): fname = r0qzhx
06-22 09:24:08.365 W/SystemConfig( 945): ro.product.name = beyond1ltexx
06-22 09:24:08.365 W/SystemConfig( 945): fname = r0quew
06-22 09:24:08.365 W/SystemConfig( 945): ro.product.name = beyond1ltexx
06-22 09:24:08.365 W/SystemConfig( 945): fname = r0qsqw
06-22 09:24:08.365 W/SystemConfig( 945): ro.product.name = beyond1ltexx
06-22 09:24:08.365 W/SystemConfig( 945): fname = r0qxxx
06-22 09:24:08.365 W/SystemConfig( 945): ro.product.name = beyond1ltexx
06-22 09:24:08.365 W/SystemConfig( 945): fname = g0sxxx
06-22 09:24:08.365 W/SystemConfig( 945): ro.product.name = beyond1ltexx
06-22 09:24:08.365 W/SystemConfig( 945): fname = g0sxtur
06-22 09:24:08.365 W/SystemConfig( 945): ro.product.name = beyond1ltexx
06-22 09:24:08.365 W/SystemConfig( 945): fname = g0sxeea
06-22 09:24:08.365 W/SystemConfig( 945): ro.product.name = beyond1ltexx
06-22 09:24:08.365 W/SystemConfig( 945): fname = g0sxser
06-22 09:24:08.365 W/SystemConfig( 945): ro.product.name = beyond1ltexx
06-22 09:24:08.365 W/SystemConfig( 945): fname = g0sksx
06-22 09:24:08.365 W/SystemConfig( 945): ro.product.name = beyond1ltexx
06-22 09:24:08.365 W/SystemConfig( 945): fname = g0qksx
06-22 09:24:08.365 W/SystemConfig( 945): ro.product.name = beyond1ltexx
06-22 09:24:08.365 W/SystemConfig( 945): fname = g0quew
06-22 09:24:08.365 W/SystemConfig( 945): ro.product.name = beyond1ltexx
06-22 09:24:08.365 W/SystemConfig( 945): fname = g0qxtur
06-22 09:24:08.365 W/SystemConfig( 945): ro.product.name = beyond1ltexx
06-22 09:24:08.365 W/SystemConfig( 945): fname = g0qcsx
06-22 09:24:08.365 W/SystemConfig( 945): ro.product.name = beyond1ltexx
06-22 09:24:08.365 W/SystemConfig( 945): fname = g0qxxx
06-22 09:24:08.365 W/SystemConfig( 945): ro.product.name = beyond1ltexx
06-22 09:24:08.365 W/SystemConfig( 945): fname = g0qsqw
06-22 09:24:08.365 W/SystemConfig( 945): ro.product.name = beyond1ltexx
06-22 09:24:08.365 W/SystemConfig( 945): fname = g0qzhx
06-22 09:24:08.365 W/SystemConfig( 945): ro.product.name = beyond1ltexx
06-22 09:24:08.365 W/SystemConfig( 945): fname = gts8kxx
06-22 09:24:08.365 W/SystemConfig( 945): ro.product.name = beyond1ltexx
06-22 09:24:08.365 W/SystemConfig( 945): fname = gts8keea
06-22 09:24:08.365 W/SystemConfig( 945): ro.product.name = beyond1ltexx
06-22 09:24:08.365 W/SystemConfig( 945): fname = gts8xser
06-22 09:24:08.365 W/SystemConfig( 945): ro.product.name = beyond1ltexx
06-22 09:24:08.365 W/SystemConfig( 945): fname = gts8xeea
06-22 09:24:08.365 W/SystemConfig( 945): ro.product.name = beyond1ltexx
06-22 09:24:08.365 W/SystemConfig( 945): fname = gts8xxx
06-22 09:24:08.365 W/SystemConfig( 945): ro.product.name = beyond1ltexx
06-22 09:24:08.365 W/SystemConfig( 945): fname = gts8sq
06-22 09:24:08.365 W/SystemConfig( 945): ro.product.name = beyond1ltexx
06-22 09:24:08.365 W/SystemConfig( 945): fname = gts8wifiser
06-22 09:24:08.365 W/SystemConfig( 945): ro.product.name = beyond1ltexx
06-22 09:24:08.365 W/SystemConfig( 945): fname = gts8wifitur
06-22 09:24:08.365 W/SystemConfig( 945): ro.product.name = beyond1ltexx
06-22 09:24:08.365 W/SystemConfig( 945): fname = gts8wifixx
06-22 09:24:08.365 W/SystemConfig( 945): ro.product.name = beyond1ltexx
06-22 09:24:08.365 W/SystemConfig( 945): fname = gts8wifieea
06-22 09:24:08.365 W/SystemConfig( 945): ro.product.name = beyond1ltexx
06-22 09:24:08.365 W/SystemConfig( 945): fname = gts8pkxx
06-22 09:24:08.365 W/SystemConfig( 945): ro.product.name = beyond1ltexx
06-22 09:24:08.365 W/SystemConfig( 945): fname = gts8psqw
06-22 09:24:08.365 I/hwservicemanager( 419): getTransport: Cannot find entry
android.hardware.audio.effect@7.0::IEffectsFactory/default in either framework or
device VINTF manifest.
06-22 09:24:08.365 W/SystemConfig( 945): ro.product.name = beyond1ltexx
06-22 09:24:08.365 W/SystemConfig( 945): fname = gts8pxser
06-22 09:24:08.365 W/SystemConfig( 945): ro.product.name = beyond1ltexx
06-22 09:24:08.365 W/SystemConfig( 945): fname = gts8pxeea
06-22 09:24:08.365 W/SystemConfig( 945): ro.product.name = beyond1ltexx
06-22 09:24:08.365 W/SystemConfig( 945): fname = gts8pxxx
06-22 09:24:08.366 W/SystemConfig( 945): ro.product.name = beyond1ltexx
06-22 09:24:08.366 W/SystemConfig( 945): fname = gts8psqwnc
06-22 09:24:08.366 W/SystemConfig( 945): ro.product.name = beyond1ltexx
06-22 09:24:08.366 I/Binder ( 945): Setting heavy hitter watcher config: false,
0, 0.0
06-22 09:24:08.366 W/SystemConfig( 945): fname = gts8pwifitur
06-22 09:24:08.366 W/SystemConfig( 945): ro.product.name = beyond1ltexx
06-22 09:24:08.366 W/SystemConfig( 945): fname = gts8pwifiser
06-22 09:24:08.366 W/SystemConfig( 945): ro.product.name = beyond1ltexx
06-22 09:24:08.366 W/SystemConfig( 945): fname = gts8pwifixx
06-22 09:24:08.366 W/SystemConfig( 945): ro.product.name = beyond1ltexx
06-22 09:24:08.366 W/SystemConfig( 945): fname = gts8pwifieea
06-22 09:24:08.366 W/SystemConfig( 945): ro.product.name = beyond1ltexx
06-22 09:24:08.366 W/SystemConfig( 945): fname = gts8ukxx
06-22 09:24:08.366 W/SystemConfig( 945): ro.product.name = beyond1ltexx
06-22 09:24:08.366 W/SystemConfig( 945): fname = gts8uxser
06-22 09:24:08.366 W/SystemConfig( 945): ro.product.name = beyond1ltexx
06-22 09:24:08.366 W/SystemConfig( 945): fname = gts8uxeea
06-22 09:24:08.366 W/SystemConfig( 945): ro.product.name = beyond1ltexx
06-22 09:24:08.366 I/hwservicemanager( 419): getTransport: Cannot find entry
android.hardware.audio.effect@6.0::IEffectsFactory/default in either framework or
device VINTF manifest.
06-22 09:24:08.366 W/SystemConfig( 945): fname = gts8uxxx
06-22 09:24:08.366 W/SystemConfig( 945): ro.product.name = beyond1ltexx
06-22 09:24:08.366 W/SystemConfig( 945): fname = gts8uwifiser
06-22 09:24:08.366 W/SystemConfig( 945): ro.product.name = beyond1ltexx
06-22 09:24:08.366 W/SystemConfig( 945): fname = gts8uwifitur
06-22 09:24:08.366 W/SystemConfig( 945): ro.product.name = beyond1ltexx
06-22 09:24:08.366 W/SystemConfig( 945): fname = gts8uwifieea
06-22 09:24:08.366 W/SystemConfig( 945): ro.product.name = beyond1ltexx
06-22 09:24:08.366 W/SystemConfig( 945): fname = gts8uwifixx
06-22 09:24:08.366 W/SystemConfig( 945): ro.product.name = beyond1ltexx
06-22 09:24:08.366 W/SystemConfig( 945): fname = a13nntur
06-22 09:24:08.366 W/SystemConfig( 945): ro.product.name = beyond1ltexx
06-22 09:24:08.366 W/SystemConfig( 945): fname = a13nnxx
06-22 09:24:08.366 W/SystemConfig( 945): ro.product.name = beyond1ltexx
06-22 09:24:08.366 W/SystemConfig( 945): fname = a13ub
06-22 09:24:08.366 W/SystemConfig( 945): ro.product.name = beyond1ltexx
06-22 09:24:08.366 W/SystemConfig( 945): fname = a13nseea
06-22 09:24:08.366 W/SystemConfig( 945): ro.product.name = beyond1ltexx
06-22 09:24:08.366 W/SystemConfig( 945): fname = a13nsxx
06-22 09:24:08.366 W/SystemConfig( 945): ro.product.name = beyond1ltexx
06-22 09:24:08.366 W/SystemConfig( 945): fname = a13nsser
06-22 09:24:08.366 W/SystemConfig( 945): ro.product.name = beyond1ltexx
06-22 09:24:08.366 W/SystemConfig( 945): fname = a13sq
06-22 09:24:08.366 W/SystemConfig( 945): ro.product.name = beyond1ltexx
06-22 09:24:08.366 W/SystemConfig( 945): fname = a13ser
06-22 09:24:08.366 W/SystemConfig( 945): ro.product.name = beyond1ltexx
06-22 09:24:08.366 W/SystemConfig( 945): fname = a13xue
06-22 09:24:08.366 W/SystemConfig( 945): ro.product.name = beyond1ltexx
06-22 09:24:08.366 W/SystemConfig( 945): fname = a13xsq
06-22 09:24:08.366 W/SystemConfig( 945): ro.product.name = beyond1ltexx
06-22 09:24:08.366 W/SystemConfig( 945): fname = a13xtfn
06-22 09:24:08.366 W/SystemConfig( 945): ro.product.name = beyond1ltexx
06-22 09:24:08.366 W/SystemConfig( 945): fname = a13xcs
06-22 09:24:08.366 W/SystemConfig( 945): ro.product.name = beyond1ltexx
06-22 09:24:08.366 W/SystemConfig( 945): fname = a33xnndxx
06-22 09:24:08.366 W/SystemConfig( 945): ro.product.name = beyond1ltexx
06-22 09:24:08.366 W/SystemConfig( 945): fname = a33xnsdtur
06-22 09:24:08.366 W/SystemConfig( 945): ro.product.name = beyond1ltexx
06-22 09:24:08.366 W/SystemConfig( 945): fname = a33xnsdxx
06-22 09:24:08.366 W/SystemConfig( 945): ro.product.name = beyond1ltexx
06-22 09:24:08.366 W/SystemConfig( 945): fname = a33xnndx
06-22 09:24:08.366 W/SystemConfig( 945): ro.product.name = beyond1ltexx
06-22 09:24:08.366 W/SystemConfig( 945): fname = a33xnsdx
06-22 09:24:08.366 W/SystemConfig( 945): ro.product.name = beyond1ltexx
06-22 09:24:08.366 W/SystemConfig( 945): fname = a33xub
06-22 09:24:08.366 W/SystemConfig( 945): ro.product.name = beyond1ltexx
06-22 09:24:08.366 W/SystemConfig( 945): fname = a33xks
06-22 09:24:08.366 W/SystemConfig( 945): ro.product.name = beyond1ltexx
06-22 09:24:08.366 W/SystemConfig( 945): fname = a33xzh
06-22 09:24:08.366 W/SystemConfig( 945): ro.product.name = beyond1ltexx
06-22 09:24:08.366 W/SystemConfig( 945): fname = a33xnsser
06-22 09:24:08.366 W/SystemConfig( 945): ro.product.name = beyond1ltexx
06-22 09:24:08.366 W/SystemConfig( 945): fname = a33xnsxx
06-22 09:24:08.366 W/SystemConfig( 945): ro.product.name = beyond1ltexx
06-22 09:24:08.366 W/SystemConfig( 945): fname = a33xnseea
06-22 09:24:08.366 W/SystemConfig( 945): ro.product.name = beyond1ltexx
06-22 09:24:08.366 W/SystemConfig( 945): fname = a53xtfn
06-22 09:24:08.366 W/SystemConfig( 945): ro.product.name = beyond1ltexx
06-22 09:24:08.366 W/SystemConfig( 945): fname = a53xzh
06-22 09:24:08.366 W/SystemConfig( 945): ro.product.name = beyond1ltexx
06-22 09:24:08.366 W/SystemConfig( 945): fname = a53xcsx
06-22 09:24:08.366 W/SystemConfig( 945): ro.product.name = beyond1ltexx
06-22 09:24:08.366 W/SystemConfig( 945): fname = a53xnaxx
06-22 09:24:08.366 W/SystemConfig( 945): ro.product.name = beyond1ltexx
06-22 09:24:08.366 W/SystemConfig( 945): fname = a53xksx
06-22 09:24:08.366 W/SystemConfig( 945): ro.product.name = beyond1ltexx
06-22 09:24:08.366 W/SystemConfig( 945): fname = a53xnsser
06-22 09:24:08.366 W/SystemConfig( 945): ro.product.name = beyond1ltexx
06-22 09:24:08.366 W/SystemConfig( 945): fname = a53xnstur
06-22 09:24:08.366 W/SystemConfig( 945): ro.product.name = beyond1ltexx
06-22 09:24:08.366 W/SystemConfig( 945): fname = a53xnsxx
06-22 09:24:08.366 W/SystemConfig( 945): ro.product.name = beyond1ltexx
06-22 09:24:08.366 W/SystemConfig( 945): fname = a53xsqx
06-22 09:24:08.367 W/SystemConfig( 945): ro.product.name = beyond1ltexx
06-22 09:24:08.367 W/SystemConfig( 945): fname = a53xsqw
06-22 09:24:08.367 W/SystemConfig( 945): ro.product.name = beyond1ltexx
06-22 09:24:08.367 W/SystemConfig( 945): fname = a53xnaeea
06-22 09:24:08.367 W/SystemConfig( 945): ro.product.name = beyond1ltexx
06-22 09:24:08.367 W/SystemConfig( 945): fname = a53xue
06-22 09:24:08.367 W/SystemConfig( 945): ro.product.name = beyond1ltexx
06-22 09:24:08.368 D/AudioEffectStage( 631): initEffect() media_output_suhq has No
effect
06-22 09:24:08.368 I/hwservicemanager( 419): getTransport: Cannot find entry
android.hardware.audio.effect@7.0::IEffectsFactory/default in either framework or
device VINTF manifest.
06-22 09:24:08.368 I/hwservicemanager( 419): getTransport: Cannot find entry
android.hardware.audio.effect@6.0::IEffectsFactory/default in either framework or
device VINTF manifest.
06-22 09:24:08.369 D/AudioEffectStage( 631): initEffect() media_output_suhq_sub1
has No effect
06-22 09:24:08.369 D/AudioEffectStage( 631): initEffect() media_output_uhq has No
effect
06-22 09:24:08.369 I/hwservicemanager( 419): getTransport: Cannot find entry
android.hardware.audio.effect@7.0::IEffectsFactory/default in either framework or
device VINTF manifest.
06-22 09:24:08.369 I/hwservicemanager( 419): getTransport: Cannot find entry
android.hardware.audio.effect@6.0::IEffectsFactory/default in either framework or
device VINTF manifest.
06-22 09:24:08.371 I/hwservicemanager( 419): getTransport: Cannot find entry
android.hardware.audio.effect@7.0::IEffectsFactory/default in either framework or
device VINTF manifest.
06-22 09:24:08.371 I/hwservicemanager( 419): getTransport: Cannot find entry
android.hardware.audio.effect@6.0::IEffectsFactory/default in either framework or
device VINTF manifest.
06-22 09:24:08.372 I/EffectsFactory( 631): EffectCreate() create_effect
06-22 09:24:08.372 D/DlbDlbBufferProvider( 631): DlbBufferProvider()
06-22 09:24:08.372 D/DlbDlbBufferProvider( 631): DlbBufferProvider()
06-22 09:24:08.372 D/DlbDlbBufferProvider( 631): DlbBufferProvider()
06-22 09:24:08.372 D/DlbProfileParamCache( 631): ProfileParamCache(There is
specific tuning for endpiont: speaker)
06-22 09:24:08.372 D/DlbProfileParamCache( 631): ProfileParamCache(There is
specific tuning for endpiont: bluetooth)
06-22 09:24:08.372 I/DlbDap2Process( 631): init()
06-22 09:24:08.372 I/DlbDap2Process( 631): open()
06-22 09:24:08.374 W/SystemConfig( 945): No directory /system_ext/etc/sysconfig,
skipping
06-22 09:24:08.374 I/DlbDap2Process( 631): loadLicense() no license check!
06-22 09:24:08.374 I/DlbDap2Process( 631): validateLicense() no license check!
06-22 09:24:08.374 I/DlbDap2Process( 631): init() DAP opened
06-22 09:24:08.374 I/DlbDap2Process( 631): DAP library version: MOBILE v1.7
06-22 09:24:08.374 D/DlbDap2Process( 631): DAP output mode set to 1 with output
channel mask 0x3 and null mix matrix.
06-22 09:24:08.374 D/DlbProfileParamCache( 631): setProfile(profile=-1)
06-22 09:24:08.374 D/DlbProfileParamArray( 631): getProfileParams(profile = -1)
06-22 09:24:08.374 D/DlbDap2Process( 631): setSystemGain(vol = 0)
06-22 09:24:08.374 D/DlbDap2Process( 631): setParam(avon = #1[0])
06-22 09:24:08.374 D/DlbDap2Process( 631): setParam(iebs = #41[20, 47, 141, 234,
328, 469, 656, 844, 1031, 1313, 1688, 2250, 3000, 3750, 4688, 5813, 7125, 9000,
11250, 13875, 19688, 157, 167, 218, 218, 203, 188, 192, 192, 205, 213, 218, 209,
193, 159, 134, 97, 71, 22, -90, -283])
06-22 09:24:08.374 D/DlbProfileParamCache( 631):
setEndpointTuning(endpoint=speaker, tuning=speaker)
06-22 09:24:08.374 D/DlbProfileParamArray( 631): getAvailableTuningDevicesLen,
tuning = speaker, length = 7
06-22 09:24:08.374 D/DlbProfileParamArray( 631): getTuningParams(tuning = speaker)
06-22 09:24:08.374 D/DlbProfileParamCache( 631):
setEndpointTuning(endpoint=headphone, tuning=default)
06-22 09:24:08.374 D/DlbProfileParamCache( 631): setEndpointTuning(endpoint=other,
tuning=default)
06-22 09:24:08.374 D/DlbProfileParamCache( 631):
setEndpointTuning(endpoint=bluetooth, tuning=bluetooth)
06-22 09:24:08.374 D/DlbProfileParamArray( 631): getAvailableTuningDevicesLen,
tuning = bluetooth, length = 9
06-22 09:24:08.374 D/DlbProfileParamArray( 631): getAvailableTuningDevicesLen,
tuning = bluetooth_spatialAudio, length = 22
06-22 09:24:08.374 D/DlbProfileParamArray( 631): getTuningParams(tuning =
bluetooth)
06-22 09:24:08.374 D/DlbProfileParamCache( 631): setEndpointTuning(endpoint=usb,
tuning=default)
06-22 09:24:08.374 D/DlbProfileParamCache( 631):
setEndpointTuning(endpoint=aux_digital, tuning=default)
06-22 09:24:08.374 D/DlbProfileParamCache( 631):
setEndpointTuning(endpoint=remote_submix, tuning=default)
06-22 09:24:08.374 I/DlbDap2Process( 631): init()
06-22 09:24:08.374 I/DlbDap2Process( 631): open()
06-22 09:24:08.374 I/SystemConfig( 945): Reading permissions from
/system_ext/etc/permissions/com.android.carrierconfig.xml
06-22 09:24:08.375 I/SystemConfig( 945): Reading permissions from
/system_ext/etc/permissions/com.android.cellbroadcastreceiver.xml
06-22 09:24:08.375 I/SystemConfig( 945): Reading permissions from
/system_ext/etc/permissions/com.android.emergency.xml
06-22 09:24:08.376 I/SystemConfig( 945): Reading permissions from
/system_ext/etc/permissions/com.android.hotwordenrollment.common.util.xml
06-22 09:24:08.376 I/DlbDap2Process( 631): loadLicense() no license check!
06-22 09:24:08.376 I/DlbDap2Process( 631): validateLicense() no license check!
06-22 09:24:08.376 I/DlbDap2Process( 631): init() DAP opened
06-22 09:24:08.376 I/DlbDap2Process( 631): DAP library version: MOBILE v1.7
06-22 09:24:08.376 D/DlbDap2Process( 631): DAP output mode set to 1 with output
channel mask 0x3 and null mix matrix.
06-22 09:24:08.376 D/DlbDlbBufferProvider( 631): setConfig() Updating buffer
configuration.
