02-20 18:46:40.241 17007 17007 E ArmVmp : Match on catch block at 0xc3 in for 0xa1
02-20 18:46:40.242 17007 17007 E ArmVmp : Match on catch block at 0xc3 in for 0xa1
02-20 18:46:40.254 17007 17007 E ArmVmp : Match on catch block at 0xc3 in for 0xa5
02-20 18:46:40.256 17007 17007 E ArmVmp : Match on catch block at 0xc3 in for 0xa9
02-20 18:46:40.257 17007 17007 E ArmVmp : Match on catch block at 0xc3 in for 0xa9
02-20 18:46:40.271 17007 17007 E ArmVmp : Match on catch block at 0xc3 in for 0xa1
02-20 18:46:40.273 17007 17007 E ArmVmp : Match on catch block at 0xc3 in for 0xa5
02-20 18:46:40.274 17007 17007 E ArmVmp : Match on catch block at 0xc3 in for 0xa5
02-20 18:46:40.288 17007 17007 E ArmVmp : Match on catch block at 0xc3 in for 0xa9
02-20 18:46:40.290 17007 17007 E ArmVmp : Match on catch block at 0xc3 in for 0xa1
02-20 18:46:40.292 17007 17007 E ArmVmp : Match on catch block at 0xc3 in for 0xa1
02-20 18:46:40.305 17007 17007 E ArmVmp : Match on catch block at 0xc3 in for 0xa5
02-20 18:46:40.307 17007 17007 E ArmVmp : Match on catch block at 0xc3 in for 0xa9
02-20 18:46:40.309 17007 17007 E ArmVmp : Match on catch block at 0xc3 in for 0xa9
02-20 18:46:40.420 17007 17007 E ArmVmp : Match on catch block at 0xc3 in for 0xa9
02-20 18:46:40.423 17007 17007 E ArmVmp : Match on catch block at 0xc3 in for 0xa1
02-20 18:46:40.425 17007 17007 E ArmVmp : Match on catch block at 0xc3 in for 0xa1
02-20 18:46:40.511 17007 17007 E ArmVmp : Match on catch block at 0xc3 in for 0xa5
02-20 18:46:40.513 17007 17007 E ArmVmp : Match on catch block at 0xc3 in for 0xa9
02-20 18:46:40.514 17007 17007 E ArmVmp : Match on catch block at 0xc3 in for 0xa9
02-20 18:46:40.575 17007 17007 E ArmVmp : Match on catch block at 0xc3 in for 0xa9
02-20 18:46:40.577 17007 17007 E ArmVmp : Match on catch block at 0xc3 in for 0xa1
02-20 18:46:40.578 17007 17007 E ArmVmp : Match on catch block at 0xc3 in for 0xa1
02-20 18:46:40.632 17007 17007 E ArmVmp : Match on catch block at 0xc3 in for 0xa1
02-20 18:46:40.635 17007 17007 E ArmVmp : Match on catch block at 0xc3 in for 0xa5
02-20 18:46:40.636 17007 17007 E ArmVmp : Match on catch block at 0xc3 in for 0xa5
02-20 18:46:40.665 17007 17007 E ArmVmp : Match on catch block at 0xc3 in for 0xa9
02-20 18:46:40.667 17007 17007 E ArmVmp : Match on catch block at 0xc3 in for 0xa1
02-20 18:46:40.683 17007 17007 E ArmVmp : Match on catch block at 0xc3 in for 0xa1
02-20 18:46:40.685 17007 17007 E ArmVmp : Match on catch block at 0xc3 in for 0xa5
02-20 18:46:40.687 17007 17007 E ArmVmp : Match on catch block at 0xc3 in for 0xa5
02-20 18:46:40.723 17007 17007 E ArmVmp : Match on catch block at 0xc3 in for 0xa9
02-20 18:46:40.725 17007 17007 E ArmVmp : Match on catch block at 0xc3 in for 0xa1
02-20 18:46:40.732 17007 17007 E ArmVmp : Match on catch block at 0xc3 in for 0xa1
02-20 18:46:40.748 17007 17007 E ArmVmp : Match on catch block at 0xc3 in for 0xa9
02-20 18:46:40.750 17007 17007 E ArmVmp : Match on catch block at 0xc3 in for 0xa1
02-20 18:46:40.753 17007 17007 E ArmVmp : Match on catch block at 0xc3 in for 0xa1
02-20 18:46:40.766 17007 17007 E ArmVmp : Match on catch block at 0xc3 in for 0xa5
02-20 18:46:40.768 17007 17007 E ArmVmp : Match on catch block at 0xc3 in for 0xa9
02-20 18:46:40.769 17007 17007 E ArmVmp : Match on catch block at 0xc3 in for 0xa9
02-20 18:46:40.778 17007 17007 E ArmVmp : Match on catch block at 0xc3 in for 0xa1
02-20 18:46:40.781 17007 17007 E ArmVmp : Match on catch block at 0xc3 in for 0xa5
02-20 18:46:40.782 17007 17007 E ArmVmp : Match on catch block at 0xc3 in for 0xa5
02-20 18:46:40.791 17007 17007 E ArmVmp : Match on catch block at 0xc3 in for 0xa9
02-20 18:46:40.793 17007 17007 E ArmVmp : Match on catch block at 0xc3 in for 0xa1
02-20 18:46:40.794 17007 17007 E ArmVmp : Match on catch block at 0xc3 in for 0xa1
02-20 18:46:40.803 17007 17007 E ArmVmp : Match on catch block at 0xc3 in for 0xa5
02-20 18:46:40.806 17007 17007 E ArmVmp : Match on catch block at 0xc3 in for 0xa9
02-20 18:46:40.807 17007 17007 E ArmVmp : Match on catch block at 0xc3 in for 0xa9
02-20 18:46:40.820 17007 17007 E ArmVmp : Match on catch block at 0xc3 in for 0xa1
02-20 18:46:40.822 17007 17007 E ArmVmp : Match on catch block at 0xc3 in for 0xa5
02-20 18:46:40.824 17007 17007 E ArmVmp : Match on catch block at 0xc3 in for 0xa5
02-20 18:46:40.839 17007 17007 E ArmVmp : Match on catch block at 0xc3 in for 0xa9
02-20 18:46:40.842 17007 17007 E ArmVmp : Match on catch block at 0xc3 in for 0xa1
02-20 18:46:40.843 17007 17007 E ArmVmp : Match on catch block at 0xc3 in for 0xa1
02-20 18:46:40.853 17007 17007 E ArmVmp : Match on catch block at 0xc3 in for 0xa5
02-20 18:46:40.856 17007 17007 E ArmVmp : Match on catch block at 0xc3 in for 0xa9
02-20 18:46:40.857 17007 17007 E ArmVmp : Match on catch block at 0xc3 in for 0xa9
02-20 18:46:40.870 17007 17007 E ArmVmp : Match on catch block at 0xc3 in for 0xa1
02-20 18:46:40.872 17007 17007 E ArmVmp : Match on catch block at 0xc3 in for 0xa5
02-20 18:46:40.874 17007 17007 E ArmVmp : Match on catch block at 0xc3 in for 0xa5
02-20 18:46:40.886 17007 17007 E ArmVmp : Match on catch block at 0xc3 in for 0xa9
02-20 18:46:40.889 17007 17007 E ArmVmp : Match on catch block at 0xc3 in for 0xa1
02-20 18:46:40.890 17007 17007 E ArmVmp : Match on catch block at 0xc3 in for 0xa1
02-20 18:46:40.903 17007 17007 E ArmVmp : Match on catch block at 0xc3 in for 0xa5
02-20 18:46:40.906 17007 17007 E ArmVmp : Match on catch block at 0xc3 in for 0xa9
02-20 18:46:40.907 17007 17007 E ArmVmp : Match on catch block at 0xc3 in for 0xa9
02-20 18:46:40.920 17007 17007 E ArmVmp : Match on catch block at 0xc3 in for 0xa1
02-20 18:46:40.922 17007 17007 E ArmVmp : Match on catch block at 0xc3 in for 0xa5
02-20 18:46:40.923 17007 17007 E ArmVmp : Match on catch block at 0xc3 in for 0xa5
02-20 18:46:40.937 17007 17007 E ArmVmp : Match on catch block at 0xc3 in for 0xa9
02-20 18:46:40.940 17007 17007 E ArmVmp : Match on catch block at 0xc3 in for 0xa1
02-20 18:46:40.941 17007 17007 E ArmVmp : Match on catch block at 0xc3 in for 0xa1
02-20 18:46:40.955 17007 17007 E ArmVmp : Match on catch block at 0xc3 in for 0xa5
02-20 18:46:40.958 17007 17007 E ArmVmp : Match on catch block at 0xc3 in for 0xa9
02-20 18:46:40.960 17007 17007 E ArmVmp : Match on catch block at 0xc3 in for 0xa9
02-20 18:46:41.009 17007 17007 E ArmVmp : Match on catch block at 0xc3 in for 0xa1
02-20 18:46:41.011 17007 17007 E ArmVmp : Match on catch block at 0xc3 in for 0xa5
02-20 18:46:41.013 17007 17007 E ArmVmp : Match on catch block at 0xc3 in for 0xa5
02-20 18:46:41.027 17007 17007 W AudioManager: Use of stream types is deprecated
for operations other than volume control
02-20 18:46:41.027 17007 17007 W AudioManager: See the documentation of
requestAudioFocus() for what to use instead with android.media.AudioAttributes to
qualify your playback use case
02-20 18:46:41.032 17007 17007 E ArmVmp : Match on catch block at 0xc3 in for 0xa1
02-20 18:46:41.034 17007 17007 E ArmVmp : Match on catch block at 0xc3 in for 0xa5
02-20 18:46:41.036 17007 17007 E ArmVmp : Match on catch block at 0xc3 in for 0xa5
02-20 18:46:41.051 17007 19510 W AudioCapabilities: Unsupported mime audio/mpeg-L1
02-20 18:46:41.052 17007 19510 W AudioCapabilities: Unsupported mime audio/mpeg-L2
02-20 18:46:41.052 17007 17007 E ArmVmp : Match on catch block at 0xc3 in for 0xa9
02-20 18:46:41.055 17007 17007 E ArmVmp : Match on catch block at 0xc3 in for 0xa1
02-20 18:46:41.055 17007 19510 W VideoCapabilities: Unrecognized profile/level
32768/2 for video/mp4v-es
02-20 18:46:41.056 17007 19510 W VideoCapabilities: Unrecognized profile/level
32768/64 for video/mp4v-es
02-20 18:46:41.056 17007 17007 E ArmVmp : Match on catch block at 0xc3 in for 0xa1
02-20 18:46:41.088 17007 19516 E ACodec : [OMX.sprd.h264.decoder] setPortMode on
output to DynamicANWBuffer failed w/ err -2147483648
02-20 18:46:41.158 17007 19520 W Codec2Client: query -- param skipped: index =
1107298332.
02-20 18:46:41.158 17007 19520 W CCodec : This behavior is subject to change. It
is recommended that app developers double check whether the requested max input
size is in reasonable range.
02-20 18:46:41.159 17007 19520 W Codec2Client: query -- param skipped: index =
1342179345.
02-20 18:46:41.159 17007 19520 W Codec2Client: query -- param skipped: index =
2415921170.
02-20 18:46:41.159 17007 19520 W Codec2Client: query -- param skipped: index =
1610614798.
02-20 18:46:41.162 17007 19520 E FMQ : grantorIdx must be less than 3
02-20 18:46:41.162 17007 19520 E FMQ : grantorIdx must be less than 3
02-20 18:46:41.163 17007 19520 E ion : ioctl c0044901 failed with code -1:
Inappropriate ioctl for device
02-20 18:46:41.164 17007 19520 E FMQ : grantorIdx must be less than 3
02-20 18:46:41.168 17007 19517 E FMQ : grantorIdx must be less than 3
02-20 18:46:42.202 17007 17007 E ArmVmp : Match on catch block at 0xc3 in for 0xa1
02-20 18:46:42.205 17007 17007 E ArmVmp : Match on catch block at 0xc3 in for 0xa5
02-20 18:46:42.207 17007 17007 E ArmVmp : Match on catch block at 0xc3 in for 0xa5
02-20 18:46:42.468 17007 17007 E ArmVmp : Match on catch block at 0xc3 in for 0xa1
02-20 18:46:42.472 17007 17007 E ArmVmp : Match on catch block at 0xc3 in for 0xa5
02-20 18:46:42.474 17007 17007 E ArmVmp : Match on catch block at 0xc3 in for 0xa5
02-20 18:46:42.488 17007 17007 E ArmVmp : Match on catch block at 0xc3 in for 0xa9
02-20 18:46:42.491 17007 17007 E ArmVmp : Match on catch block at 0xc3 in for 0xa1
02-20 18:46:42.493 17007 17007 E ArmVmp : Match on catch block at 0xc3 in for 0xa1
02-20 18:46:42.502 17007 17007 E ArmVmp : Match on catch block at 0xc3 in for 0xa5
02-20 18:46:42.505 17007 17007 E ArmVmp : Match on catch block at 0xc3 in for 0xa9
02-20 18:46:42.507 17007 17007 E ArmVmp : Match on catch block at 0xc3 in for 0xa9
02-20 18:46:42.519 17007 17007 E ArmVmp : Match on catch block at 0xc3 in for 0xa1
02-20 18:46:42.522 17007 17007 E ArmVmp : Match on catch block at 0xc3 in for 0xa5
02-20 18:46:42.524 17007 17007 E ArmVmp : Match on catch block at 0xc3 in for 0xa5
02-20 18:46:42.535 17007 17007 E ArmVmp : Match on catch block at 0xc3 in for 0xa9
02-20 18:46:42.539 17007 17007 E ArmVmp : Match on catch block at 0xc3 in for 0xa1
02-20 18:46:42.541 17007 17007 E ArmVmp : Match on catch block at 0xc3 in for 0xa1
02-20 18:46:42.552 17007 17007 E ArmVmp : Match on catch block at 0xc3 in for 0xa5
02-20 18:46:42.555 17007 17007 E ArmVmp : Match on catch block at 0xc3 in for 0xa9
02-20 18:46:42.557 17007 17007 E ArmVmp : Match on catch block at 0xc3 in for 0xa9
02-20 18:46:42.568 17007 17007 E ArmVmp : Match on catch block at 0xc3 in for 0xa1
02-20 18:46:42.572 17007 17007 E ArmVmp : Match on catch block at 0xc3 in for 0xa5
02-20 18:46:42.573 17007 17007 E ArmVmp : Match on catch block at 0xc3 in for 0xa5
02-20 18:46:42.584 17007 17007 E ArmVmp : Match on catch block at 0xc3 in for 0xa9
02-20 18:46:42.588 17007 17007 E ArmVmp : Match on catch block at 0xc3 in for 0xa1
02-20 18:46:42.590 17007 17007 E ArmVmp : Match on catch block at 0xc3 in for 0xa1
02-20 18:46:42.602 17007 17007 E ArmVmp : Match on catch block at 0xc3 in for 0xa5
02-20 18:46:42.605 17007 17007 E ArmVmp : Match on catch block at 0xc3 in for 0xa9
02-20 18:46:42.607 17007 17007 E ArmVmp : Match on catch block at 0xc3 in for 0xa9
02-20 18:46:42.618 17007 17007 E ArmVmp : Match on catch block at 0xc3 in for 0xa1
02-20 18:46:42.621 17007 17007 E ArmVmp : Match on catch block at 0xc3 in for 0xa5
02-20 18:46:42.624 17007 17007 E ArmVmp : Match on catch block at 0xc3 in for 0xa5
02-20 18:46:42.634 17007 17007 E ArmVmp : Match on catch block at 0xc3 in for 0xa9
02-20 18:46:42.638 17007 17007 E ArmVmp : Match on catch block at 0xc3 in for 0xa1
02-20 18:46:42.641 17007 17007 E ArmVmp : Match on catch block at 0xc3 in for 0xa1
02-20 18:46:42.652 17007 17007 E ArmVmp : Match on catch block at 0xc3 in for 0xa5
02-20 18:46:42.655 17007 17007 E ArmVmp : Match on catch block at 0xc3 in for 0xa9
02-20 18:46:42.657 17007 17007 E ArmVmp : Match on catch block at 0xc3 in for 0xa9
02-20 18:46:42.668 17007 17007 E ArmVmp : Match on catch block at 0xc3 in for 0xa1
02-20 18:46:42.671 17007 17007 E ArmVmp : Match on catch block at 0xc3 in for 0xa5
02-20 18:46:42.674 17007 17007 E ArmVmp : Match on catch block at 0xc3 in for 0xa5
02-20 18:46:42.693 17007 17007 E ArmVmp : Match on catch block at 0xc3 in for 0xa9
02-20 18:46:42.697 17007 17007 E ArmVmp : Match on catch block at 0xc3 in for 0xa1
02-20 18:46:42.700 17007 17007 E ArmVmp : Match on catch block at 0xc3 in for 0xa1
02-20 18:46:42.716 17007 17007 E ArmVmp : Match on catch block at 0xc3 in for 0xa5
02-20 18:46:42.720 17007 17007 E ArmVmp : Match on catch block at 0xc3 in for 0xa9
02-20 18:46:42.722 17007 17007 E ArmVmp : Match on catch block at 0xc3 in for 0xa9
02-20 18:46:42.859 17007 17021 W System : A resource failed to call release.
02-20 18:46:43.652 17007 17007 E ArmVmp : Match on catch block at 0xc3 in for 0xa9
02-20 18:46:43.655 17007 17007 E ArmVmp : Match on catch block at 0xc3 in for 0xa1
02-20 18:46:43.656 17007 17007 E ArmVmp : Match on catch block at 0xc3 in for 0xa1
02-20 18:46:43.670 17007 17007 E ArmVmp : Match on catch block at 0xc3 in for 0xa5
02-20 18:46:43.672 17007 17007 E ArmVmp : Match on catch block at 0xc3 in for 0xa9
02-20 18:46:43.674 17007 17007 E ArmVmp : Match on catch block at 0xc3 in for 0xa9
02-20 18:46:43.949 17007 17007 E ArmVmp : Match on catch block at 0xc3 in for 0xa1
02-20 18:46:43.953 17007 17007 E ArmVmp : Match on catch block at 0xc3 in for 0xa5
02-20 18:46:43.955 17007 17007 E ArmVmp : Match on catch block at 0xc3 in for 0xa5
02-20 18:46:43.968 17007 17007 E ArmVmp : Match on catch block at 0xc3 in for 0xa9
02-20 18:46:43.970 17007 17007 E ArmVmp : Match on catch block at 0xc3 in for 0xa1
02-20 18:46:43.971 17007 17007 E ArmVmp : Match on catch block at 0xc3 in for 0xa1
02-20 18:46:43.991 17007 17007 E ArmVmp : Match on catch block at 0xc3 in for 0xa5
02-20 18:46:43.993 17007 17007 E ArmVmp : Match on catch block at 0xc3 in for 0xa9
02-20 18:46:43.994 17007 17007 E ArmVmp : Match on catch block at 0xc3 in for 0xa9
02-20 18:46:44.053 17007 19520 W Codec2Client: query -- param skipped: index =
1342179345.
02-20 18:46:44.053 17007 19520 W Codec2Client: query -- param skipped: index =
2415921170.
02-20 18:46:44.053 17007 19520 W Codec2Client: query -- param skipped: index =
1610614798.
02-20 18:46:44.089 17007 17007 E ArmVmp : Match on catch block at 0xc3 in for 0xa9
02-20 18:46:44.091 17007 17007 E ArmVmp : Match on catch block at 0xc3 in for 0xa1
02-20 18:46:44.092 17007 17007 E ArmVmp : Match on catch block at 0xc3 in for 0xa1
02-20 18:46:44.101 17007 17121 E SQLiteDatabase: Error inserting transferred=0
media_job_uuid=5e277863-f5df-4946-b877-c111cfa0055d transcoded=0 gif_attribution=0
first_scan_length=0 direct_path=/v/t62.7161-
24/56111907_4430025243890203_932279306513237396_n.enc?ccb=11-
4&oh=01_AdQQ9UOm9RZlO6FAljaThVkQxR60CLfUBbA8iezIk7__RQ&oe=65FBC9F5&_nc_sid=5e03e0
thumbnail_height_width_ratio=1.8 is_animated_sticker=0
file_hash=3ts0700iIUO29kw278/hrxYNN4BVzRNRE5Ccm23p2I0= file_path=null file_size=0
partial_media_hash=null face_x=0 face_y=0 height=850 trim_to=0
media_key_timestamp=1708417502000 message_url=https://mmg.whatsapp.net/v/t62.7161-
24/56111907_4430025243890203_932279306513237396_n.enc?ccb=11-
4&oh=01_AdQQ9UOm9RZlO6FAljaThVkQxR60CLfUBbA8iezIk7__RQ&oe=65FBC9F5&_nc_sid=5e03e0&m
ms3=true media_caption=null trim_from=0 mime_type=video/mp4
partial_media_enc_hash=null width=478 original_file_hash=null
has_streaming_sidecar=1 autotransfer_retry_enabled=0 media_upload_handle=null
message_row_id=27197 multicast_id=null
enc_file_hash=p+GrTkS4Zv/32patKOgOOO8G8OJrGUQ8g+ziZLzHGYo= mute_video=0
page_count=0 first_scan_sidecar=null suspicious_content=0 file_length=4012768
media_name=null media_duration=18 chat_row_id=530 media_key=[B@56575d3
02-20 18:46:44.101 17007 17121 E SQLiteDatabase:
android.database.sqlite.SQLiteConstraintException: UNIQUE constraint failed:
message_media.message_row_id (code 1555 SQLITE_CONSTRAINT_PRIMARYKEY)
02-20 18:46:44.101 17007 17121 E SQLiteDatabase: at
android.database.sqlite.SQLiteConnection.nativeExecuteForLastInsertedRowId(Native
Method)
02-20 18:46:44.101 17007 17121 E SQLiteDatabase: at
android.database.sqlite.SQLiteConnection.executeForLastInsertedRowId(SQLiteConnecti
on.java:938)
02-20 18:46:44.101 17007 17121 E SQLiteDatabase: at
android.database.sqlite.SQLiteSession.executeForLastInsertedRowId(SQLiteSession.jav
a:790)
02-20 18:46:44.101 17007 17121 E SQLiteDatabase: at
android.database.sqlite.SQLiteStatement.executeInsert(SQLiteStatement.java:88)
02-20 18:46:44.101 17007 17121 E SQLiteDatabase: at
android.database.sqlite.SQLiteDatabase.insertWithOnConflict(SQLiteDatabase.java:170
1)
02-20 18:46:44.101 17007 17121 E SQLiteDatabase: at
android.database.sqlite.SQLiteDatabase.insert(SQLiteDatabase.java:1570)
02-20 18:46:44.101 17007 17121 E SQLiteDatabase: at X.2tm.A08(Unknown
Source:6)
02-20 18:46:44.101 17007 17121 E SQLiteDatabase: at X.35Y.A07(Unknown
Source:212)
02-20 18:46:44.101 17007 17121 E SQLiteDatabase: at X.3QF.A14(Unknown
Source:470)
02-20 18:46:44.101 17007 17121 E SQLiteDatabase: at X.3gU.run(Unknown
Source:982)
02-20 18:46:44.101 17007 17121 E SQLiteDatabase: at
android.os.Handler.handleCallback(Handler.java:938)
02-20 18:46:44.101 17007 17121 E SQLiteDatabase: at
android.os.Handler.dispatchMessage(Handler.java:99)
02-20 18:46:44.101 17007 17121 E SQLiteDatabase: at
X.0zq.dispatchMessage(Unknown Source:4)
02-20 18:46:44.101 17007 17121 E SQLiteDatabase: at
android.os.Looper.loop(Looper.java:223)
02-20 18:46:44.101 17007 17121 E SQLiteDatabase: at
android.os.HandlerThread.run(HandlerThread.java:67)
02-20 18:46:44.113 17007 17007 E ArmVmp : Match on catch block at 0xc3 in for 0xa5
02-20 18:46:44.116 17007 17007 E ArmVmp : Match on catch block at 0xc3 in for 0xa9
02-20 18:46:44.117 17007 17007 E ArmVmp : Match on catch block at 0xc3 in for 0xa9
02-20 18:46:44.122 17007 17121 E SQLiteDatabase: Error inserting transferred=0
media_job_uuid=5e277863-f5df-4946-b877-c111cfa0055d transcoded=0 gif_attribution=0
first_scan_length=0 direct_path=/v/t62.7161-
24/56111907_4430025243890203_932279306513237396_n.enc?ccb=11-
4&oh=01_AdQQ9UOm9RZlO6FAljaThVkQxR60CLfUBbA8iezIk7__RQ&oe=65FBC9F5&_nc_sid=5e03e0
thumbnail_height_width_ratio=1.8 is_animated_sticker=0
file_hash=3ts0700iIUO29kw278/hrxYNN4BVzRNRE5Ccm23p2I0= file_path=null file_size=0
partial_media_hash=null face_x=0 face_y=0 height=850 trim_to=0
media_key_timestamp=1708417502000 message_url=https://mmg.whatsapp.net/v/t62.7161-
24/56111907_4430025243890203_932279306513237396_n.enc?ccb=11-
4&oh=01_AdQQ9UOm9RZlO6FAljaThVkQxR60CLfUBbA8iezIk7__RQ&oe=65FBC9F5&_nc_sid=5e03e0&m
ms3=true media_caption=null trim_from=0 mime_type=video/mp4
partial_media_enc_hash=null width=478 original_file_hash=null
has_streaming_sidecar=1 autotransfer_retry_enabled=0 media_upload_handle=null
message_row_id=27197 multicast_id=null
enc_file_hash=p+GrTkS4Zv/32patKOgOOO8G8OJrGUQ8g+ziZLzHGYo= mute_video=0
page_count=0 first_scan_sidecar=null suspicious_content=0 file_length=4012768
media_name=null media_duration=18 chat_row_id=530 media_key=[B@56575d3
02-20 18:46:44.122 17007 17121 E SQLiteDatabase:
android.database.sqlite.SQLiteConstraintException: UNIQUE constraint failed:
message_media.message_row_id (code 1555 SQLITE_CONSTRAINT_PRIMARYKEY)
02-20 18:46:44.122 17007 17121 E SQLiteDatabase: at
android.database.sqlite.SQLiteConnection.nativeExecuteForLastInsertedRowId(Native
Method)
02-20 18:46:44.122 17007 17121 E SQLiteDatabase: at
android.database.sqlite.SQLiteConnection.executeForLastInsertedRowId(SQLiteConnecti
on.java:938)
02-20 18:46:44.122 17007 17121 E SQLiteDatabase: at
android.database.sqlite.SQLiteSession.executeForLastInsertedRowId(SQLiteSession.jav
a:790)
02-20 18:46:44.122 17007 17121 E SQLiteDatabase: at
android.database.sqlite.SQLiteStatement.executeInsert(SQLiteStatement.java:88)
02-20 18:46:44.122 17007 17121 E SQLiteDatabase: at
android.database.sqlite.SQLiteDatabase.insertWithOnConflict(SQLiteDatabase.java:170
1)
02-20 18:46:44.122 17007 17121 E SQLiteDatabase: at
android.database.sqlite.SQLiteDatabase.insert(SQLiteDatabase.java:1570)
02-20 18:46:44.122 17007 17121 E SQLiteDatabase: at X.2tm.A08(Unknown
Source:6)
02-20 18:46:44.122 17007 17121 E SQLiteDatabase: at X.35Y.A07(Unknown
Source:212)
02-20 18:46:44.122 17007 17121 E SQLiteDatabase: at X.3QF.A14(Unknown
Source:470)
02-20 18:46:44.122 17007 17121 E SQLiteDatabase: at X.3gU.run(Unknown
Source:982)
02-20 18:46:44.122 17007 17121 E SQLiteDatabase: at
android.os.Handler.handleCallback(Handler.java:938)
02-20 18:46:44.122 17007 17121 E SQLiteDatabase: at
android.os.Handler.dispatchMessage(Handler.java:99)
02-20 18:46:44.122 17007 17121 E SQLiteDatabase: at
X.0zq.dispatchMessage(Unknown Source:4)
02-20 18:46:44.122 17007 17121 E SQLiteDatabase: at
android.os.Looper.loop(Looper.java:223)
02-20 18:46:44.122 17007 17121 E SQLiteDatabase: at
android.os.HandlerThread.run(HandlerThread.java:67)
02-20 18:46:44.137 17007 17007 E ArmVmp : Match on catch block at 0xc3 in for 0xa1
02-20 18:46:44.139 17007 17007 E ArmVmp : Match on catch block at 0xc3 in for 0xa5
02-20 18:46:44.140 17007 17007 E ArmVmp : Match on catch block at 0xc3 in for 0xa5
02-20 18:46:44.153 17007 17007 E ArmVmp : Match on catch block at 0xc3 in for 0xa9
02-20 18:46:44.156 17007 17007 E ArmVmp : Match on catch block at 0xc3 in for 0xa1
02-20 18:46:44.157 17007 17007 E ArmVmp : Match on catch block at 0xc3 in for 0xa1
02-20 18:46:44.165 17007 17007 E ArmVmp : Match on catch block at 0xc3 in for 0xa5
02-20 18:46:44.168 17007 17007 E ArmVmp : Match on catch block at 0xc3 in for 0xa9
02-20 18:46:44.169 17007 17007 E ArmVmp : Match on catch block at 0xc3 in for 0xa9
02-20 18:46:44.181 17007 17007 E ArmVmp : Match on catch block at 0xc3 in for 0xa5
02-20 18:46:44.183 17007 17007 E ArmVmp : Match on catch block at 0xc3 in for 0xa9
02-20 18:46:44.185 17007 17007 E ArmVmp : Match on catch block at 0xc3 in for 0xa9
02-20 18:46:44.198 17007 17007 E ArmVmp : Match on catch block at 0xc3 in for 0xa9
02-20 18:46:44.200 17007 17007 E ArmVmp : Match on catch block at 0xc3 in for 0xa1
02-20 18:46:44.201 17007 17007 E ArmVmp : Match on catch block at 0xc3 in for 0xa1
02-20 18:46:44.215 17007 17007 E ArmVmp : Match on catch block at 0xc3 in for 0xa5
02-20 18:46:44.217 17007 17007 E ArmVmp : Match on catch block at 0xc3 in for 0xa9
02-20 18:46:44.219 17007 17007 E ArmVmp : Match on catch block at 0xc3 in for 0xa9
02-20 18:46:44.231 17007 17007 E ArmVmp : Match on catch block at 0xc3 in for 0xa1
02-20 18:46:44.234 17007 17007 E ArmVmp : Match on catch block at 0xc3 in for 0xa5
02-20 18:46:44.236 17007 17007 E ArmVmp : Match on catch block at 0xc3 in for 0xa5
02-20 18:46:44.248 17007 17007 E ArmVmp : Match on catch block at 0xc3 in for 0xa9
02-20 18:46:44.250 17007 17007 E ArmVmp : Match on catch block at 0xc3 in for 0xa1
02-20 18:46:44.251 17007 17007 E ArmVmp : Match on catch block at 0xc3 in for 0xa1
02-20 18:46:44.267 17007 17007 E ArmVmp : Match on catch block at 0xc3 in for 0xa5
02-20 18:46:44.270 17007 17007 E ArmVmp : Match on catch block at 0xc3 in for 0xa9
02-20 18:46:44.271 17007 17007 E ArmVmp : Match on catch block at 0xc3 in for 0xa9
02-20 18:46:44.282 17007 17007 E ArmVmp : Match on catch block at 0xc3 in for 0xa1
02-20 18:46:44.284 17007 17007 E ArmVmp : Match on catch block at 0xc3 in for 0xa5
02-20 18:46:44.286 17007 17007 E ArmVmp : Match on catch block at 0xc3 in for 0xa5
02-20 18:46:44.298 17007 17007 E ArmVmp : Match on catch block at 0xc3 in for 0xa9
02-20 18:46:44.301 17007 17007 E ArmVmp : Match on catch block at 0xc3 in for 0xa1
02-20 18:46:44.303 17007 17007 E ArmVmp : Match on catch block at 0xc3 in for 0xa1
02-20 18:46:44.316 17007 17007 E ArmVmp : Match on catch block at 0xc3 in for 0xa1
02-20 18:46:44.318 17007 17007 E ArmVmp : Match on catch block at 0xc3 in for 0xa5
02-20 18:46:44.319 17007 17007 E ArmVmp : Match on catch block at 0xc3 in for 0xa5
02-20 18:46:44.347 17007 17007 E ArmVmp : Match on catch block at 0xc3 in for 0xa9
02-20 18:46:44.350 17007 17007 E ArmVmp : Match on catch block at 0xc3 in for 0xa1
02-20 18:46:44.352 17007 17007 E ArmVmp : Match on catch block at 0xc3 in for 0xa1
02-20 18:46:44.356 17007 17007 E ArmVmp : Match on catch block at 0xc3 in for 0xa5
02-20 18:46:44.358 17007 17007 E ArmVmp : Match on catch block at 0xc3 in for 0xa9
02-20 18:46:44.359 17007 17007 E ArmVmp : Match on catch block at 0xc3 in for 0xa9
02-20 18:46:44.377 17007 17007 E ArmVmp : Match on catch block at 0xc3 in for 0xa1
02-20 18:46:44.379 17007 17007 E ArmVmp : Match on catch block at 0xc3 in for 0xa5
02-20 18:46:44.381 17007 17007 E ArmVmp : Match on catch block at 0xc3 in for 0xa5
02-20 18:46:44.390 17007 17007 E ArmVmp : Match on catch block at 0xc3 in for 0xa5
02-20 18:46:44.392 17007 17007 E ArmVmp : Match on catch block at 0xc3 in for 0xa9
02-20 18:46:44.394 17007 17007 E ArmVmp : Match on catch block at 0xc3 in for 0xa9
02-20 18:46:44.399 17007 17007 E ArmVmp : Match on catch block at 0xc3 in for 0xa9
02-20 18:46:44.403 17007 17007 E ArmVmp : Match on catch block at 0xc3 in for 0xa1
02-20 18:46:44.404 17007 17007 E ArmVmp : Match on catch block at 0xc3 in for 0xa1
02-20 18:46:44.437 17007 17007 E ArmVmp : Match on catch block at 0xc3 in for 0xa5
02-20 18:46:44.440 17007 17007 E ArmVmp : Match on catch block at 0xc3 in for 0xa9
02-20 18:46:44.446 17007 17007 E ArmVmp : Match on catch block at 0xc3 in for 0xa9
02-20 18:46:44.450 17007 17007 E ArmVmp : Match on catch block at 0xc3 in for 0xa1
02-20 18:46:44.459 17007 17007 E ArmVmp : Match on catch block at 0xc3 in for 0xa9
02-20 18:46:44.462 17007 17007 E ArmVmp : Match on catch block at 0xc3 in for 0xa1
02-20 18:46:44.470 17007 17007 E ArmVmp : Match on catch block at 0xc3 in for 0xa9
02-20 18:46:44.472 17007 17007 E ArmVmp : Match on catch block at 0xc3 in for 0xa1
02-20 18:46:44.481 17007 17007 E ArmVmp : Match on catch block at 0xc3 in for 0xa5
02-20 18:46:44.483 17007 17007 E ArmVmp : Match on catch block at 0xc3 in for 0xa9
02-20 18:46:44.497 17007 17007 E ArmVmp : Match on catch block at 0xc3 in for 0xa1
02-20 18:46:44.500 17007 17007 E ArmVmp : Match on catch block at 0xc3 in for 0xa5
02-20 18:46:44.514 17007 17007 E ArmVmp : Match on catch block at 0xc3 in for 0xa9
02-20 18:46:44.517 17007 17007 E ArmVmp : Match on catch block at 0xc3 in for 0xa1
02-20 18:46:44.531 17007 17007 E ArmVmp : Match on catch block at 0xc3 in for 0xa5
02-20 18:46:44.533 17007 17007 E ArmVmp : Match on catch block at 0xc3 in for 0xa9
02-20 18:46:44.547 17007 17007 E ArmVmp : Match on catch block at 0xc3 in for 0xa1
02-20 18:46:44.550 17007 17007 E ArmVmp : Match on catch block at 0xc3 in for 0xa5
02-20 18:46:44.564 17007 17007 E ArmVmp : Match on catch block at 0xc3 in for 0xa9
02-20 18:46:44.566 17007 17007 E ArmVmp : Match on catch block at 0xc3 in for 0xa1
02-20 18:46:44.580 17007 17007 E ArmVmp : Match on catch block at 0xc3 in for 0xa5
02-20 18:46:44.582 17007 17007 E ArmVmp : Match on catch block at 0xc3 in for 0xa9
02-20 18:46:44.597 17007 17007 E ArmVmp : Match on catch block at 0xc3 in for 0xa1
02-20 18:46:44.599 17007 17007 E ArmVmp : Match on catch block at 0xc3 in for 0xa5
02-20 18:46:44.614 17007 17007 E ArmVmp : Match on catch block at 0xc3 in for 0xa9
02-20 18:46:44.616 17007 17007 E ArmVmp : Match on catch block at 0xc3 in for 0xa1
02-20 18:46:44.631 17007 17007 E ArmVmp : Match on catch block at 0xc3 in for 0xa5
02-20 18:46:44.633 17007 17007 E ArmVmp : Match on catch block at 0xc3 in for 0xa9
02-20 18:46:44.647 17007 17007 E ArmVmp : Match on catch block at 0xc3 in for 0xa1
02-20 18:46:44.649 17007 17007 E ArmVmp : Match on catch block at 0xc3 in for 0xa5
02-20 18:46:44.664 17007 17007 E ArmVmp : Match on catch block at 0xc3 in for 0xa9
02-20 18:46:44.667 17007 17007 E ArmVmp : Match on catch block at 0xc3 in for 0xa1
02-20 18:46:44.681 17007 17007 E ArmVmp : Match on catch block at 0xc3 in for 0xa5
02-20 18:46:44.684 17007 17007 E ArmVmp : Match on catch block at 0xc3 in for 0xa9
02-20 18:46:44.697 17007 17007 E ArmVmp : Match on catch block at 0xc3 in for 0xa1
02-20 18:46:44.699 17007 17007 E ArmVmp : Match on catch block at 0xc3 in for 0xa5
02-20 18:46:44.714 17007 17007 E ArmVmp : Match on catch block at 0xc3 in for 0xa9
02-20 18:46:44.716 17007 17007 E ArmVmp : Match on catch block at 0xc3 in for 0xa1
02-20 18:46:44.730 17007 17007 E ArmVmp : Match on catch block at 0xc3 in for 0xa5
02-20 18:46:44.733 17007 17007 E ArmVmp : Match on catch block at 0xc3 in for 0xa9
02-20 18:46:44.747 17007 17007 E ArmVmp : Match on catch block at 0xc3 in for 0xa1
02-20 18:46:44.750 17007 17007 E ArmVmp : Match on catch block at 0xc3 in for 0xa5
02-20 18:46:44.764 17007 17007 E ArmVmp : Match on catch block at 0xc3 in for 0xa9
02-20 18:46:44.766 17007 17007 E ArmVmp : Match on catch block at 0xc3 in for 0xa1
02-20 18:46:44.780 17007 17007 E ArmVmp : Match on catch block at 0xc3 in for 0xa5
02-20 18:46:44.782 17007 17007 E ArmVmp : Match on catch block at 0xc3 in for 0xa9
02-20 18:46:44.797 17007 17007 E ArmVmp : Match on catch block at 0xc3 in for 0xa1
02-20 18:46:44.799 17007 17007 E ArmVmp : Match on catch block at 0xc3 in for 0xa5
02-20 18:46:44.813 17007 17007 E ArmVmp : Match on catch block at 0xc3 in for 0xa5
02-20 18:46:44.815 17007 17007 E ArmVmp : Match on catch block at 0xc3 in for 0xa9
02-20 18:46:44.831 17007 17007 E ArmVmp : Match on catch block at 0xc3 in for 0xa9
02-20 18:46:44.833 17007 17007 E ArmVmp : Match on catch block at 0xc3 in for 0xa1
02-20 18:46:44.846 17007 17007 E ArmVmp : Match on catch block at 0xc3 in for 0xa1
02-20 18:46:44.848 17007 17007 E ArmVmp : Match on catch block at 0xc3 in for 0xa5
02-20 18:46:45.114 17007 17007 E ArmVmp : Match on catch block at 0xc3 in for 0xa9
02-20 18:46:45.118 17007 17007 E ArmVmp : Match on catch block at 0xc3 in for 0xa1
02-20 18:46:45.164 17007 17007 E ArmVmp : Match on catch block at 0xc3 in for 0xa1
02-20 18:46:45.168 17007 17007 E ArmVmp : Match on catch block at 0xc3 in for 0xa5
02-20 18:46:45.180 17007 17007 E ArmVmp : Match on catch block at 0xc3 in for 0xa5
02-20 18:46:45.183 17007 17007 E ArmVmp : Match on catch block at 0xc3 in for 0xa9
02-20 18:46:45.197 17007 17007 E ArmVmp : Match on catch block at 0xc3 in for 0xa9
02-20 18:46:45.198 17007 17007 E ArmVmp : Match on catch block at 0xc3 in for 0xa1
02-20 18:46:45.213 17007 17007 E ArmVmp : Match on catch block at 0xc3 in for 0xa1
02-20 18:46:45.216 17007 17007 E ArmVmp : Match on catch block at 0xc3 in for 0xa5
02-20 18:46:45.230 17007 17007 E ArmVmp : Match on catch block at 0xc3 in for 0xa5
02-20 18:46:45.232 17007 17007 E ArmVmp : Match on catch block at 0xc3 in for 0xa9
02-20 18:46:45.246 17007 17007 E ArmVmp : Match on catch block at 0xc3 in for 0xa9
02-20 18:46:45.249 17007 17007 E ArmVmp : Match on catch block at 0xc3 in for 0xa1
02-20 18:46:45.263 17007 17007 E ArmVmp : Match on catch block at 0xc3 in for 0xa1
02-20 18:46:45.265 17007 17007 E ArmVmp : Match on catch block at 0xc3 in for 0xa5
02-20 18:46:45.280 17007 17007 E ArmVmp : Match on catch block at 0xc3 in for 0xa5
02-20 18:46:45.282 17007 17007 E ArmVmp : Match on catch block at 0xc3 in for 0xa9
02-20 18:46:45.296 17007 17007 E ArmVmp : Match on catch block at 0xc3 in for 0xa9
02-20 18:46:45.298 17007 17007 E ArmVmp : Match on catch block at 0xc3 in for 0xa1
02-20 18:46:45.329 17007 17007 E ArmVmp : Match on catch block at 0xc3 in for 0xa9
02-20 18:46:45.332 17007 17007 E ArmVmp : Match on catch block at 0xc3 in for 0xa1
02-20 18:46:45.363 17007 17007 E ArmVmp : Match on catch block at 0xc3 in for 0xa1
02-20 18:46:45.366 17007 17007 E ArmVmp : Match on catch block at 0xc3 in for 0xa5
02-20 18:46:45.380 17007 17007 E ArmVmp : Match on catch block at 0xc3 in for 0xa5
02-20 18:46:45.383 17007 17007 E ArmVmp : Match on catch block at 0xc3 in for 0xa9
02-20 18:46:45.430 17007 17007 E ArmVmp : Match on catch block at 0xc3 in for 0xa5
02-20 18:46:45.432 17007 17007 E ArmVmp : Match on catch block at 0xc3 in for 0xa9
02-20 18:46:45.463 17007 17007 E ArmVmp : Match on catch block at 0xc3 in for 0xa9
02-20 18:46:45.465 17007 17007 E ArmVmp : Match on catch block at 0xc3 in for 0xa1
02-20 18:46:45.513 17007 17007 E ArmVmp : Match on catch block at 0xc3 in for 0xa1
02-20 18:46:45.515 17007 17007 E ArmVmp : Match on catch block at 0xc3 in for 0xa5
02-20 18:46:45.612 17007 17007 E ArmVmp : Match on catch block at 0xc3 in for 0xa5
02-20 18:46:45.615 17007 17007 E ArmVmp : Match on catch block at 0xc3 in for 0xa9
02-20 18:46:45.914 17007 17007 E ArmVmp : Match on catch block at 0xc3 in for 0xa1
02-20 18:46:45.917 17007 17007 E ArmVmp : Match on catch block at 0xc3 in for 0xa5
02-20 18:46:45.962 17007 17007 E ArmVmp : Match on catch block at 0xc3 in for 0xa1
02-20 18:46:45.964 17007 17007 E ArmVmp : Match on catch block at 0xc3 in for 0xa5
02-20 18:46:46.112 17007 17007 E ArmVmp : Match on catch block at 0xc3 in for 0xa5
02-20 18:46:46.116 17007 17007 E ArmVmp : Match on catch block at 0xc3 in for 0xa9
02-20 18:46:46.328 17007 17007 E ArmVmp : Match on catch block at 0xc3 in for 0xa9
02-20 18:46:46.332 17007 17007 E ArmVmp : Match on catch block at 0xc3 in for 0xa1
02-20 18:46:46.346 17007 17007 E ArmVmp : Match on catch block at 0xc3 in for 0xa1
02-20 18:46:46.349 17007 17007 E ArmVmp : Match on catch block at 0xc3 in for 0xa5
02-20 18:46:46.612 17007 17007 E ArmVmp : Match on catch block at 0xc3 in for 0xa5
02-20 18:46:46.616 17007 17007 E ArmVmp : Match on catch block at 0xc3 in for 0xa9
02-20 18:46:46.745 17007 17007 E ArmVmp : Match on catch block at 0xc3 in for 0xa9
02-20 18:46:46.749 17007 17007 E ArmVmp : Match on catch block at 0xc3 in for 0xa1
02-20 18:46:46.760 17007 17007 E ArmVmp : Match on catch block at 0xc3 in for 0xa1
02-20 18:46:46.763 17007 17007 E ArmVmp : Match on catch block at 0xc3 in for 0xa5
02-20 18:46:46.777 17007 17007 E ArmVmp : Match on catch block at 0xc3 in for 0xa5
02-20 18:46:46.780 17007 17007 E ArmVmp : Match on catch block at 0xc3 in for 0xa9
02-20 18:46:46.793 17007 17007 E ArmVmp : Match on catch block at 0xc3 in for 0xa9
02-20 18:46:46.796 17007 17007 E ArmVmp : Match on catch block at 0xc3 in for 0xa1
02-20 18:46:46.810 17007 17007 E ArmVmp : Match on catch block at 0xc3 in for 0xa1
02-20 18:46:46.812 17007 17007 E ArmVmp : Match on catch block at 0xc3 in for 0xa5
02-20 18:46:46.827 17007 17007 E ArmVmp : Match on catch block at 0xc3 in for 0xa5
02-20 18:46:46.829 17007 17007 E ArmVmp : Match on catch block at 0xc3 in for 0xa9
02-20 18:46:46.843 17007 17007 E ArmVmp : Match on catch block at 0xc3 in for 0xa9
02-20 18:46:46.846 17007 17007 E ArmVmp : Match on catch block at 0xc3 in for 0xa1
02-20 18:46:46.860 17007 17007 E ArmVmp : Match on catch block at 0xc3 in for 0xa1
02-20 18:46:46.863 17007 17007 E ArmVmp : Match on catch block at 0xc3 in for 0xa5
02-20 18:46:47.079 17007 17007 E ArmVmp : Match on catch block at 0xc3 in for 0xa5
02-20 18:46:47.083 17007 17007 E ArmVmp : Match on catch block at 0xc3 in for 0xa9
02-20 18:46:47.110 17007 17007 E ArmVmp : Match on catch block at 0xc3 in for 0xa9
02-20 18:46:47.112 17007 17007 E ArmVmp : Match on catch block at 0xc3 in for 0xa1
02-20 18:46:47.344 17007 17007 E ArmVmp : Match on catch block at 0xc3 in for 0xa9
02-20 18:46:47.348 17007 17007 E ArmVmp : Match on catch block at 0xc3 in for 0xa1
02-20 18:46:47.444 17007 17007 E ArmVmp : Match on catch block at 0xc3 in for 0xa1
02-20 18:46:47.448 17007 17007 E ArmVmp : Match on catch block at 0xc3 in for 0xa5
02-20 18:46:47.611 17007 17007 E ArmVmp : Match on catch block at 0xc3 in for 0xa1
02-20 18:46:47.615 17007 17007 E ArmVmp : Match on catch block at 0xc3 in for 0xa5
02-20 18:46:48.026 17007 17007 E ArmVmp : Match on catch block at 0xc3 in for 0xa5
02-20 18:46:48.030 17007 17007 E ArmVmp : Match on catch block at 0xc3 in for 0xa9
02-20 18:46:48.042 17007 17007 E ArmVmp : Match on catch block at 0xc3 in for 0xa9
02-20 18:46:48.045 17007 17007 E ArmVmp : Match on catch block at 0xc3 in for 0xa1
02-20 18:46:48.058 17007 17007 E ArmVmp : Match on catch block at 0xc3 in for 0xa1
02-20 18:46:48.061 17007 17007 E ArmVmp : Match on catch block at 0xc3 in for 0xa5
02-20 18:46:48.075 17007 17007 E ArmVmp : Match on catch block at 0xc3 in for 0xa5
02-20 18:46:48.077 17007 17007 E ArmVmp : Match on catch block at 0xc3 in for 0xa9
02-20 18:46:48.091 17007 17007 E ArmVmp : Match on catch block at 0xc3 in for 0xa9
02-20 18:46:48.094 17007 17007 E ArmVmp : Match on catch block at 0xc3 in for 0xa1
02-20 18:46:48.108 17007 17007 E ArmVmp : Match on catch block at 0xc3 in for 0xa1
02-20 18:46:48.112 17007 17007 E ArmVmp : Match on catch block at 0xc3 in for 0xa5
02-20 18:46:48.126 17007 17007 E ArmVmp : Match on catch block at 0xc3 in for 0xa5
02-20 18:46:48.129 17007 17007 E ArmVmp : Match on catch block at 0xc3 in for 0xa9
02-20 18:46:48.142 17007 17007 E ArmVmp : Match on catch block at 0xc3 in for 0xa9
02-20 18:46:48.146 17007 17007 E ArmVmp : Match on catch block at 0xc3 in for 0xa1
02-20 18:46:48.158 17007 17007 E ArmVmp : Match on catch block at 0xc3 in for 0xa1
02-20 18:46:48.162 17007 17007 E ArmVmp : Match on catch block at 0xc3 in for 0xa5
02-20 18:46:48.175 17007 17007 E ArmVmp : Match on catch block at 0xc3 in for 0xa5
02-20 18:46:48.177 17007 17007 E ArmVmp : Match on catch block at 0xc3 in for 0xa9
02-20 18:46:48.192 17007 17007 E ArmVmp : Match on catch block at 0xc3 in for 0xa9
02-20 18:46:48.194 17007 17007 E ArmVmp : Match on catch block at 0xc3 in for 0xa1
02-20 18:46:48.225 17007 17007 E ArmVmp : Match on catch block at 0xc3 in for 0xa1
02-20 18:46:48.228 17007 17007 E ArmVmp : Match on catch block at 0xc3 in for 0xa5
02-20 18:46:48.625 17007 17007 E ArmVmp : Match on catch block at 0xc3 in for 0xa5
02-20 18:46:48.630 17007 17007 E ArmVmp : Match on catch block at 0xc3 in for 0xa9
02-20 18:46:48.642 17007 17007 E ArmVmp : Match on catch block at 0xc3 in for 0xa9
02-20 18:46:48.645 17007 17007 E ArmVmp : Match on catch block at 0xc3 in for 0xa1
02-20 18:46:48.658 17007 17007 E ArmVmp : Match on catch block at 0xc3 in for 0xa1
02-20 18:46:48.660 17007 17007 E ArmVmp : Match on catch block at 0xc3 in for 0xa5
02-20 18:46:48.675 17007 17007 E ArmVmp : Match on catch block at 0xc3 in for 0xa5
02-20 18:46:48.678 17007 17007 E ArmVmp : Match on catch block at 0xc3 in for 0xa9
02-20 18:46:48.691 17007 17007 E ArmVmp : Match on catch block at 0xc3 in for 0xa9
02-20 18:46:48.695 17007 17007 E ArmVmp : Match on catch block at 0xc3 in for 0xa1
02-20 18:46:48.708 17007 17007 E ArmVmp : Match on catch block at 0xc3 in for 0xa1
02-20 18:46:48.711 17007 17007 E ArmVmp : Match on catch block at 0xc3 in for 0xa5
02-20 18:46:48.725 17007 17007 E ArmVmp : Match on catch block at 0xc3 in for 0xa5
02-20 18:46:48.728 17007 17007 E ArmVmp : Match on catch block at 0xc3 in for 0xa9
02-20 18:46:48.741 17007 17007 E ArmVmp : Match on catch block at 0xc3 in for 0xa9
02-20 18:46:48.745 17007 17007 E ArmVmp : Match on catch block at 0xc3 in for 0xa1
02-20 18:46:48.758 17007 17007 E ArmVmp : Match on catch block at 0xc3 in for 0xa1
02-20 18:46:48.761 17007 17007 E ArmVmp : Match on catch block at 0xc3 in for 0xa5
02-20 18:46:48.774 17007 17007 E ArmVmp : Match on catch block at 0xc3 in for 0xa5
02-20 18:46:48.778 17007 17007 E ArmVmp : Match on catch block at 0xc3 in for 0xa9
02-20 18:46:48.791 17007 17007 E ArmVmp : Match on catch block at 0xc3 in for 0xa9
02-20 18:46:48.794 17007 17007 E ArmVmp : Match on catch block at 0xc3 in for 0xa1
02-20 18:46:48.807 17007 17007 E ArmVmp : Match on catch block at 0xc3 in for 0xa1
02-20 18:46:48.811 17007 17007 E ArmVmp : Match on catch block at 0xc3 in for 0xa5
02-20 18:46:48.824 17007 17007 E ArmVmp : Match on catch block at 0xc3 in for 0xa5
02-20 18:46:48.827 17007 17007 E ArmVmp : Match on catch block at 0xc3 in for 0xa9
02-20 18:46:48.840 17007 17007 E ArmVmp : Match on catch block at 0xc3 in for 0xa9
02-20 18:46:48.844 17007 17007 E ArmVmp : Match on catch block at 0xc3 in for 0xa1
02-20 18:46:48.857 17007 17007 E ArmVmp : Match on catch block at 0xc3 in for 0xa1
02-20 18:46:48.860 17007 17007 E ArmVmp : Match on catch block at 0xc3 in for 0xa5
02-20 18:46:48.874 17007 17007 E ArmVmp : Match on catch block at 0xc3 in for 0xa5
02-20 18:46:48.877 17007 17007 E ArmVmp : Match on catch block at 0xc3 in for 0xa9
02-20 18:46:48.891 17007 17007 E ArmVmp : Match on catch block at 0xc3 in for 0xa9
02-20 18:46:48.895 17007 17007 E ArmVmp : Match on catch block at 0xc3 in for 0xa1
02-20 18:46:48.907 17007 17007 E ArmVmp : Match on catch block at 0xc3 in for 0xa1
02-20 18:46:48.910 17007 17007 E ArmVmp : Match on catch block at 0xc3 in for 0xa5
02-20 18:46:48.925 17007 17007 E ArmVmp : Match on catch block at 0xc3 in for 0xa5
02-20 18:46:48.929 17007 17007 E ArmVmp : Match on catch block at 0xc3 in for 0xa9
02-20 18:46:49.124 17007 17007 E ArmVmp : Match on catch block at 0xc3 in for 0xa9
02-20 18:46:49.127 17007 17007 E ArmVmp : Match on catch block at 0xc3 in for 0xa1
02-20 18:46:49.623 17007 17007 E ArmVmp : Match on catch block at 0xc3 in for 0xa5
02-20 18:46:49.627 17007 17007 E ArmVmp : Match on catch block at 0xc3 in for 0xa9
02-20 18:46:49.690 17007 17007 E ArmVmp : Match on catch block at 0xc3 in for 0xa9
02-20 18:46:49.693 17007 17007 E ArmVmp : Match on catch block at 0xc3 in for 0xa1
02-20 18:46:49.706 17007 17007 E ArmVmp : Match on catch block at 0xc3 in for 0xa1
02-20 18:46:49.710 17007 17007 E ArmVmp : Match on catch block at 0xc3 in for 0xa5
02-20 18:46:49.722 17007 17007 E ArmVmp : Match on catch block at 0xc3 in for 0xa5
02-20 18:46:49.727 17007 17007 E ArmVmp : Match on catch block at 0xc3 in for 0xa9
02-20 18:46:49.739 17007 17007 E ArmVmp : Match on catch block at 0xc3 in for 0xa9
02-20 18:46:49.741 17007 17007 E ArmVmp : Match on catch block at 0xc3 in for 0xa1
02-20 18:46:49.755 17007 17007 E ArmVmp : Match on catch block at 0xc3 in for 0xa1
02-20 18:46:49.757 17007 17007 E ArmVmp : Match on catch block at 0xc3 in for 0xa5
02-20 18:46:49.772 17007 17007 E ArmVmp : Match on catch block at 0xc3 in for 0xa5
02-20 18:46:49.776 17007 17007 E ArmVmp : Match on catch block at 0xc3 in for 0xa9
02-20 18:46:49.789 17007 17007 E ArmVmp : Match on catch block at 0xc3 in for 0xa9
02-20 18:46:49.793 17007 17007 E ArmVmp : Match on catch block at 0xc3 in for 0xa1
02-20 18:46:49.806 17007 17007 E ArmVmp : Match on catch block at 0xc3 in for 0xa1
02-20 18:46:49.809 17007 17007 E ArmVmp : Match on catch block at 0xc3 in for 0xa5
02-20 18:46:49.822 17007 17007 E ArmVmp : Match on catch block at 0xc3 in for 0xa5
02-20 18:46:49.826 17007 17007 E ArmVmp : Match on catch block at 0xc3 in for 0xa9
02-20 18:46:49.839 17007 17007 E ArmVmp : Match on catch block at 0xc3 in for 0xa9
02-20 18:46:49.843 17007 17007 E ArmVmp : Match on catch block at 0xc3 in for 0xa1
02-20 18:46:49.856 17007 17007 E ArmVmp : Match on catch block at 0xc3 in for 0xa1
02-20 18:46:49.859 17007 17007 E ArmVmp : Match on catch block at 0xc3 in for 0xa5
02-20 18:46:49.872 17007 17007 E ArmVmp : Match on catch block at 0xc3 in for 0xa5
02-20 18:46:49.876 17007 17007 E ArmVmp : Match on catch block at 0xc3 in for 0xa9
02-20 18:46:49.889 17007 17007 E ArmVmp : Match on catch block at 0xc3 in for 0xa9
02-20 18:46:49.893 17007 17007 E ArmVmp : Match on catch block at 0xc3 in for 0xa1
02-20 18:46:49.905 17007 17007 E ArmVmp : Match on catch block at 0xc3 in for 0xa1
02-20 18:46:49.909 17007 17007 E ArmVmp : Match on catch block at 0xc3 in for 0xa5
02-20 18:46:49.922 17007 17007 E ArmVmp : Match on catch block at 0xc3 in for 0xa5
02-20 18:46:49.925 17007 17007 E ArmVmp : Match on catch block at 0xc3 in for 0xa9
02-20 18:46:49.939 17007 17007 E ArmVmp : Match on catch block at 0xc3 in for 0xa9
02-20 18:46:49.942 17007 17007 E ArmVmp : Match on catch block at 0xc3 in for 0xa1
02-20 18:46:50.123 17007 17007 E ArmVmp : Match on catch block at 0xc3 in for 0xa1
02-20 18:46:50.127 17007 17007 E ArmVmp : Match on catch block at 0xc3 in for 0xa5
02-20 18:46:50.622 17007 17007 E ArmVmp : Match on catch block at 0xc3 in for 0xa5
02-20 18:46:50.625 17007 17007 E ArmVmp : Match on catch block at 0xc3 in for 0xa9
02-20 18:46:51.121 17007 17007 E ArmVmp : Match on catch block at 0xc3 in for 0xa9
02-20 18:46:51.125 17007 17007 E ArmVmp : Match on catch block at 0xc3 in for 0xa1
02-20 18:46:51.620 17007 17007 E ArmVmp : Match on catch block at 0xc3 in for 0xa1
02-20 18:46:51.624 17007 17007 E ArmVmp : Match on catch block at 0xc3 in for 0xa5
02-20 18:46:51.988 17007 17007 E ArmVmp : Match on catch block at 0xc3 in for 0xa5
02-20 18:46:51.991 17007 17007 E ArmVmp : Match on catch block at 0xc3 in for 0xa9
02-20 18:46:52.035 17007 17007 E ArmVmp : Match on catch block at 0xc3 in for 0xa5
02-20 18:46:52.038 17007 17007 E ArmVmp : Match on catch block at 0xc3 in for 0xa9
02-20 18:46:52.052 17007 17007 E ArmVmp : Match on catch block at 0xc3 in for 0xa9
02-20 18:46:52.055 17007 17007 E ArmVmp : Match on catch block at 0xc3 in for 0xa1
02-20 18:46:52.085 17007 17007 E ArmVmp : Match on catch block at 0xc3 in for 0xa9
02-20 18:46:52.088 17007 17007 E ArmVmp : Match on catch block at 0xc3 in for 0xa1
02-20 18:46:52.118 17007 17007 E ArmVmp : Match on catch block at 0xc3 in for 0xa9
02-20 18:46:52.121 17007 17007 E ArmVmp : Match on catch block at 0xc3 in for 0xa1
02-20 18:46:52.135 17007 17007 E ArmVmp : Match on catch block at 0xc3 in for 0xa1
02-20 18:46:52.138 17007 17007 E ArmVmp : Match on catch block at 0xc3 in for 0xa5
02-20 18:46:52.152 17007 17007 E ArmVmp : Match on catch block at 0xc3 in for 0xa5
02-20 18:46:52.154 17007 17007 E ArmVmp : Match on catch block at 0xc3 in for 0xa9
02-20 18:46:52.185 17007 17007 E ArmVmp : Match on catch block at 0xc3 in for 0xa5
02-20 18:46:52.188 17007 17007 E ArmVmp : Match on catch block at 0xc3 in for 0xa9
02-20 18:46:52.202 17007 17007 E ArmVmp : Match on catch block at 0xc3 in for 0xa9
02-20 18:46:52.204 17007 17007 E ArmVmp : Match on catch block at 0xc3 in for 0xa1
02-20 18:46:52.218 17007 17007 E ArmVmp : Match on catch block at 0xc3 in for 0xa1
02-20 18:46:52.222 17007 17007 E ArmVmp : Match on catch block at 0xc3 in for 0xa5
02-20 18:46:52.235 17007 17007 E ArmVmp : Match on catch block at 0xc3 in for 0xa5
02-20 18:46:52.238 17007 17007 E ArmVmp : Match on catch block at 0xc3 in for 0xa9
02-20 18:46:52.268 17007 17007 E ArmVmp : Match on catch block at 0xc3 in for 0xa5
02-20 18:46:52.271 17007 17007 E ArmVmp : Match on catch block at 0xc3 in for 0xa9
02-20 18:46:52.319 17007 17007 E ArmVmp : Match on catch block at 0xc3 in for 0xa5
02-20 18:46:52.325 17007 17007 E ArmVmp : Match on catch block at 0xc3 in for 0xa9
02-20 18:46:52.402 17007 17007 E ArmVmp : Match on catch block at 0xc3 in for 0xa9
02-20 18:46:52.404 17007 17007 E ArmVmp : Match on catch block at 0xc3 in for 0xa1
02-20 18:46:52.537 17007 17007 E ArmVmp : Match on catch block at 0xc3 in for 0xa5
02-20 18:46:52.540 17007 17007 E ArmVmp : Match on catch block at 0xc3 in for 0xa9
02-20 18:46:52.618 17007 17007 E ArmVmp : Match on catch block at 0xc3 in for 0xa1
02-20 18:46:52.620 17007 17007 E ArmVmp : Match on catch block at 0xc3 in for 0xa5
02-20 18:46:52.718 17007 17007 E ArmVmp : Match on catch block at 0xc3 in for 0xa5
02-20 18:46:52.721 17007 17007 E ArmVmp : Match on catch block at 0xc3 in for 0xa9
02-20 18:46:53.119 17007 17007 E ArmVmp : Match on catch block at 0xc3 in for 0xa1
02-20 18:46:53.123 17007 17007 E ArmVmp : Match on catch block at 0xc3 in for 0xa5
02-20 18:46:53.134 17007 17007 E ArmVmp : Match on catch block at 0xc3 in for 0xa5
02-20 18:46:53.139 17007 17007 E ArmVmp : Match on catch block at 0xc3 in for 0xa9
02-20 18:46:53.151 17007 17007 E ArmVmp : Match on catch block at 0xc3 in for 0xa9
02-20 18:46:53.155 17007 17007 E ArmVmp : Match on catch block at 0xc3 in for 0xa1
02-20 18:46:53.167 17007 17007 E ArmVmp : Match on catch block at 0xc3 in for 0xa1
02-20 18:46:53.170 17007 17007 E ArmVmp : Match on catch block at 0xc3 in for 0xa5
02-20 18:46:53.183 17007 17007 E ArmVmp : Match on catch block at 0xc3 in for 0xa5
02-20 18:46:53.186 17007 17007 E ArmVmp : Match on catch block at 0xc3 in for 0xa9
02-20 18:46:53.200 17007 17007 E ArmVmp : Match on catch block at 0xc3 in for 0xa9
02-20 18:46:53.202 17007 17007 E ArmVmp : Match on catch block at 0xc3 in for 0xa1
02-20 18:46:53.217 17007 17007 E ArmVmp : Match on catch block at 0xc3 in for 0xa9
02-20 18:46:53.220 17007 17007 E ArmVmp : Match on catch block at 0xc3 in for 0xa1
02-20 18:46:53.233 17007 17007 E ArmVmp : Match on catch block at 0xc3 in for 0xa9
02-20 18:46:53.236 17007 17007 E ArmVmp : Match on catch block at 0xc3 in for 0xa1
02-20 18:46:53.250 17007 17007 E ArmVmp : Match on catch block at 0xc3 in for 0xa9
02-20 18:46:53.252 17007 17007 E ArmVmp : Match on catch block at 0xc3 in for 0xa1
02-20 18:46:53.267 17007 17007 E ArmVmp : Match on catch block at 0xc3 in for 0xa9
02-20 18:46:53.270 17007 17007 E ArmVmp : Match on catch block at 0xc3 in for 0xa1
02-20 18:46:53.283 17007 17007 E ArmVmp : Match on catch block at 0xc3 in for 0xa1
02-20 18:46:53.285 17007 17007 E ArmVmp : Match on catch block at 0xc3 in for 0xa5
02-20 18:46:53.299 17007 17007 E ArmVmp : Match on catch block at 0xc3 in for 0xa5
02-20 18:46:53.302 17007 17007 E ArmVmp : Match on catch block at 0xc3 in for 0xa9
02-20 18:46:53.316 17007 17007 E ArmVmp : Match on catch block at 0xc3 in for 0xa5
02-20 18:46:53.319 17007 17007 E ArmVmp : Match on catch block at 0xc3 in for 0xa9
02-20 18:46:53.333 17007 17007 E ArmVmp : Match on catch block at 0xc3 in for 0xa5
02-20 18:46:53.336 17007 17007 E ArmVmp : Match on catch block at 0xc3 in for 0xa9
02-20 18:46:53.349 17007 17007 E ArmVmp : Match on catch block at 0xc3 in for 0xa9
02-20 18:46:53.352 17007 17007 E ArmVmp : Match on catch block at 0xc3 in for 0xa1
02-20 18:46:53.366 17007 17007 E ArmVmp : Match on catch block at 0xc3 in for 0xa9
