02-19 19:41:06.852 14873 14873 W com.mbwhatsapp: type=1400 audit(0.0:174566): avc:
granted { execute } for
path="/data/data/com.mbwhatsapp/files/decompressed/libs.spk.zst/libwhatsapp.so"
dev="dm-11" ino=727583 scontext=u:r:untrusted_app:s0:c30,c257,c512,c768
tcontext=u:object_r:app_data_file:s0:c30,c257,c512,c768 tclass=file
app=com.mbwhatsapp
02-19 19:41:06.872 14873 14873 W com.mbwhatsapp: type=1400 audit(0.0:174567): avc:
granted { execute } for
path="/data/data/com.mbwhatsapp/files/decompressed/libs.spk.zst/libcurve25519.so"
dev="dm-11" ino=727782 scontext=u:r:untrusted_app:s0:c30,c257,c512,c768
tcontext=u:object_r:app_data_file:s0:c30,c257,c512,c768 tclass=file
app=com.mbwhatsapp
02-19 19:41:06.876 14873 14873 W com.mbwhatsapp: type=1400 audit(0.0:174568): avc:
granted { execute } for
path="/data/data/com.mbwhatsapp/files/decompressed/libs.spk.zst/libwhatsapp.so"
dev="dm-11" ino=727583 scontext=u:r:untrusted_app:s0:c30,c257,c512,c768
tcontext=u:object_r:app_data_file:s0:c30,c257,c512,c768 tclass=file
app=com.mbwhatsapp
02-19 19:41:06.876 14873 14873 W com.mbwhatsapp: type=1400 audit(0.0:174569): avc:
granted { execute } for
path="/data/data/com.mbwhatsapp/files/decompressed/libs.spk.zst/libwhatsapp.so"
dev="dm-11" ino=727583 scontext=u:r:untrusted_app:s0:c30,c257,c512,c768
tcontext=u:object_r:app_data_file:s0:c30,c257,c512,c768 tclass=file
app=com.mbwhatsapp
02-19 19:41:06.876 14873 14873 W com.mbwhatsapp: type=1400 audit(0.0:174570): avc:
granted { execute } for
path="/data/data/com.mbwhatsapp/files/decompressed/libs.spk.zst/libwhatsapp.so"
dev="dm-11" ino=727583 scontext=u:r:untrusted_app:s0:c30,c257,c512,c768
tcontext=u:object_r:app_data_file:s0:c30,c257,c512,c768 tclass=file
app=com.mbwhatsapp
02-19 19:41:06.876 14873 14873 W com.mbwhatsapp: type=1400 audit(0.0:174571): avc:
denied { execmod } for path="/apex/com.android.runtime/lib64/bionic/libc.so"
dev="loop25" ino=33 scontext=u:r:untrusted_app:s0:c30,c257,c512,c768
tcontext=u:object_r:system_lib_file:s0 tclass=file permissive=0 app=com.mbwhatsapp
02-19 19:41:06.927 14873 14873 W CheckTime: App running slow: Executing
handleBindApplication : callApplicationOnCreate took 230ms
02-19 19:41:06.942 14873 14873 W com.mbwhatsapp: Class X.0eU failed lock
verification and will run slower.
02-19 19:41:06.942 14873 14873 W com.mbwhatsapp: Common causes for lock
verification issues are non-optimized dex code
02-19 19:41:06.942 14873 14873 W com.mbwhatsapp: and incorrect proguard
optimizations.
02-19 19:41:06.963 14873 17196 W com.mbwhatsapp: Class X.2rL failed lock
verification and will run slower.
02-19 19:41:07.069 17205 17205 E com.mbwhatsapp: Not starting debugger since
process cannot load the jdwp agent.
02-19 19:41:07.098 14873 14873 W com.mbwhatsapp: Class com.mbwhatsapp.HomeActivity
failed lock verification and will run slower.
02-19 19:41:07.302 14873 14873 E ArmVmp : Match on catch block at 0x0a in for 0xc1
02-19 19:41:07.321 14873 14873 E ArmVmp : Match on catch block at 0x0a in for
0x135
02-19 19:41:07.610 14873 17225 E libc : Access denied finding property
"vendor.mali.config"
02-19 19:41:07.631 14873 17233 W com.mbwhatsapp: Accessing hidden method
Lcom/android/org/conscrypt/ConscryptEngineSocket;->setUseSessionTickets(Z)V
(greylist-max-q,test-api, reflection, denied)
02-19 19:41:07.632 14873 17233 W com.mbwhatsapp: Accessing hidden method
Lcom/android/org/conscrypt/OpenSSLSocketImpl;->setUseSessionTickets(Z)V (greylist-
max-q,test-api, reflection, denied)
02-19 19:41:07.632 14873 17233 W com.mbwhatsapp: Accessing hidden method
Lcom/android/org/conscrypt/AbstractConscryptSocket;->setUseSessionTickets(Z)V
(greylist-max-q, reflection, denied)
02-19 19:41:07.632 14873 17233 W com.mbwhatsapp: Accessing hidden method
Lcom/android/org/conscrypt/ConscryptEngineSocket;->setHostname(Ljava/lang/String;)V
(greylist-max-q,test-api, reflection, denied)
02-19 19:41:07.632 14873 17233 W com.mbwhatsapp: Accessing hidden method
Lcom/android/org/conscrypt/OpenSSLSocketImpl;->setHostname(Ljava/lang/String;)V
(greylist-max-q,test-api, reflection, denied)
02-19 19:41:07.632 14873 17233 W com.mbwhatsapp: Accessing hidden method
Lcom/android/org/conscrypt/AbstractConscryptSocket;->setHostname(Ljava/lang/
String;)V (greylist-max-q, reflection, denied)
02-19 19:41:07.632 14873 17233 W com.mbwhatsapp: Accessing hidden method
Lcom/android/org/conscrypt/OpenSSLSocketImpl;->setAlpnProtocols([B)V (greylist-max-
q,test-api, reflection, denied)
02-19 19:41:07.632 14873 17233 W com.mbwhatsapp: Accessing hidden method
Lcom/android/org/conscrypt/AbstractConscryptSocket;->setAlpnProtocols([B)V
(greylist-max-q, reflection, denied)
02-19 19:41:07.829 14873 17233 W com.mbwhatsapp: Accessing hidden method
Lcom/android/org/conscrypt/OpenSSLSocketImpl;->getAlpnSelectedProtocol()[B
(greylist-max-q,test-api, reflection, denied)
02-19 19:41:07.829 14873 17233 W com.mbwhatsapp: Accessing hidden method
Lcom/android/org/conscrypt/AbstractConscryptSocket;->getAlpnSelectedProtocol()[B
(greylist-max-q, reflection, denied)
02-19 19:41:08.034 14873 14873 E RecyclerView: No adapter attached; skipping layout
02-19 19:41:08.063 14873 17225 E libc : Access denied finding property
"persist.vendor.sf.fbc"
02-19 19:41:08.063 14873 17225 E libc : Access denied finding property
"persist.vendor.gpu.fbc"
02-19 19:41:08.063 14873 17225 E libc : Access denied finding property
"persist.vendor.vsp.fbc"
02-19 19:41:08.078 14873 14888 W com.mbwhatsapp: Reducing the number of considered
missed Gc histogram windows from 379 to 100
02-19 19:41:08.159 14873 14873 E RecyclerView: No adapter attached; skipping layout
02-19 19:41:08.201 14873 14873 E ArmVmp : Match on catch block at 0x0a in for 0xd1
02-19 19:41:08.337 14873 17169 W LibraryVersion: Failed to get app version for
libraryName: firebase-iid
02-19 19:41:08.391 14873 17308 W LOTTIE : Animation contains merge paths. Merge
paths are only supported on KitKat+ and must be manually enabled by calling
enableMergePathsForKitKatAndAbove().
02-19 19:41:08.557 14873 14873 W LOTTIE : Animation contains merge paths but they
are disabled.
02-19 19:41:08.722 14873 14873 E ArmVmp : Match on catch block at 0x5b in for 0x81
02-19 19:41:10.790 14873 17374 E RenderScript: Failed loading RS driver: dlopen
failed: library "libRSDriverArm.so" not found
02-19 19:41:10.790 14873 17374 E RenderScript: Failed to load runtime
libRSDriverArm.so, loading default
02-19 19:41:10.955 14873 14873 E ArmVmp : Match on catch block at 0x0a in for 0xc1
02-19 19:41:10.958 14873 14873 E ArmVmp : Match on catch block at 0x0a in for 0xc1
02-19 19:41:11.200 14873 14873 W View : requestLayout() improperly called by
X.4rg{9225748 V.E....L. ......ID 0,452-720,1159} during layout: running second
layout pass
02-19 19:41:11.200 14873 14873 W View : requestLayout() improperly called by
android.widget.LinearLayout{3e749e1 V.E...... ......ID 220,2-688,698 #7f0b0e50
app:id/main_layout} during layout: running second layout pass
02-19 19:41:11.200 14873 14873 W View : requestLayout() improperly called by
com.mbwhatsapp.conversation.conversationrow.ConversationRowImage$RowImageView{70333
06 VFED..CL. ......ID 7,7-461,643 #7f0b0c84 app:id/image} during layout: running
second layout pass
02-19 19:41:11.205 14873 14873 E ArmVmp : Match on catch block at 0xc3 in for 0xb1
02-19 19:41:11.211 14873 14873 E ArmVmp : Match on catch block at 0xc3 in for 0xb9
02-19 19:41:11.301 14873 14873 E ArmVmp : Match on catch block at 0xc3 in for 0xa5
02-19 19:41:11.304 14873 14873 E ArmVmp : Match on catch block at 0xc3 in for 0xa1
02-19 19:41:11.323 14873 14873 W View : requestLayout() improperly called by
X.4rg{9225748 V.E....L. ......ID 0,452-720,1159} during second layout pass: posting
in next frame
02-19 19:41:11.323 14873 14873 W View : requestLayout() improperly called by
android.widget.LinearLayout{3e749e1 V.E...... .......D 220,2-688,698 #7f0b0e50
app:id/main_layout} during second layout pass: posting in next frame
02-19 19:41:11.334 14873 14873 E ArmVmp : Match on catch block at 0xc3 in for 0xa1
02-19 19:41:11.337 14873 14873 E ArmVmp : Match on catch block at 0xc3 in for 0xa5
02-19 19:41:11.356 14873 14873 E ArmVmp : Match on catch block at 0xc3 in for 0xa1
02-19 19:41:11.363 14873 14873 E ArmVmp : Match on catch block at 0xc3 in for 0xa5
02-19 19:41:11.533 14873 17193 E SQLiteDatabase: Error inserting transferred=1
media_job_uuid=3550ea49-52b3-4a76-8c2b-90f422f30e7a transcoded=0 gif_attribution=0
first_scan_length=13150 direct_path=/o1/v/t62.7118-24/f1/m231/up-oil-image-
7014d0e5-bb62-4242-9093-5f52a7a6c7f6?ccb=9-
4&oh=01_AdTJ3dwnmTnuZMeVXO9HpUCtsMMTsbaSryerAK10hT42Og&oe=65FAA11E&_nc_sid=000000
thumbnail_height_width_ratio=1.3125 is_animated_sticker=0
file_hash=GFU370T0dXacp2RBaze0BIUk6CK4Oi2DNR2QW+3+nBA= file_path=Media/MBWhatsApp
Images/Private/IMG-20240219-WA0023.jpg file_size=121396
partial_media_hash=F74/KxTcEGhOE+/sAa6b3qq38MquGQ+ogLilaoWANNM= face_x=0 face_y=0
height=1280 trim_to=0 media_key_timestamp=1708342849000
message_url=https://mmg.whatsapp.net/o1/v/t62.7118-24/f1/m231/up-oil-image-
7014d0e5-bb62-4242-9093-5f52a7a6c7f6?ccb=9-
4&oh=01_AdTJ3dwnmTnuZMeVXO9HpUCtsMMTsbaSryerAK10hT42Og&oe=65FAA11E&_nc_sid=000000&m
ms3=true media_caption=null trim_from=0 mime_type=image/jpeg
partial_media_enc_hash=null width=963 original_file_hash=null
has_streaming_sidecar=1 autotransfer_retry_enabled=1 media_upload_handle=null
message_row_id=26470 multicast_id=null
enc_file_hash=Gel8ogoEJRR2hqt5BnmCHJ1k7OlU82FNzTHTEUMpPXw= mute_video=0
page_count=0 first_scan_sidecar=[B@9f8b841 suspicious_content=0 file_length=121396
media_name=null media_duration=0 chat_row_id=530 media_key=[B@a5071e6
02-19 19:41:11.533 14873 17193 E SQLiteDatabase:
android.database.sqlite.SQLiteConstraintException: UNIQUE constraint failed:
message_media.message_row_id (code 1555 SQLITE_CONSTRAINT_PRIMARYKEY)
02-19 19:41:11.533 14873 17193 E SQLiteDatabase: at
android.database.sqlite.SQLiteConnection.nativeExecuteForLastInsertedRowId(Native
Method)
02-19 19:41:11.533 14873 17193 E SQLiteDatabase: at
android.database.sqlite.SQLiteConnection.executeForLastInsertedRowId(SQLiteConnecti
on.java:938)
02-19 19:41:11.533 14873 17193 E SQLiteDatabase: at
android.database.sqlite.SQLiteSession.executeForLastInsertedRowId(SQLiteSession.jav
a:790)
02-19 19:41:11.533 14873 17193 E SQLiteDatabase: at
android.database.sqlite.SQLiteStatement.executeInsert(SQLiteStatement.java:88)
02-19 19:41:11.533 14873 17193 E SQLiteDatabase: at
android.database.sqlite.SQLiteDatabase.insertWithOnConflict(SQLiteDatabase.java:170
1)
02-19 19:41:11.533 14873 17193 E SQLiteDatabase: at
android.database.sqlite.SQLiteDatabase.insert(SQLiteDatabase.java:1570)
02-19 19:41:11.533 14873 17193 E SQLiteDatabase: at X.2tm.A08(Unknown
Source:6)
02-19 19:41:11.533 14873 17193 E SQLiteDatabase: at X.35Y.A07(Unknown
Source:212)
02-19 19:41:11.533 14873 17193 E SQLiteDatabase: at X.3QF.A14(Unknown
Source:470)
02-19 19:41:11.533 14873 17193 E SQLiteDatabase: at X.3gU.run(Unknown
Source:982)
02-19 19:41:11.533 14873 17193 E SQLiteDatabase: at
android.os.Handler.handleCallback(Handler.java:938)
02-19 19:41:11.533 14873 17193 E SQLiteDatabase: at
android.os.Handler.dispatchMessage(Handler.java:99)
02-19 19:41:11.533 14873 17193 E SQLiteDatabase: at
X.0zq.dispatchMessage(Unknown Source:4)
02-19 19:41:11.533 14873 17193 E SQLiteDatabase: at
android.os.Looper.loop(Looper.java:223)
02-19 19:41:11.533 14873 17193 E SQLiteDatabase: at
android.os.HandlerThread.run(HandlerThread.java:67)
02-19 19:41:11.799 14873 14873 E ArmVmp : Match on catch block at 0xc3 in for 0xa1
02-19 19:41:11.802 14873 14873 E ArmVmp : Match on catch block at 0xc3 in for 0xa5
02-19 19:41:11.816 14873 14873 E ArmVmp : Match on catch block at 0xc3 in for 0xa5
02-19 19:41:11.820 14873 14873 E ArmVmp : Match on catch block at 0xc3 in for 0xa9
02-19 19:41:11.832 14873 14873 E ArmVmp : Match on catch block at 0xc3 in for 0xa9
02-19 19:41:11.835 14873 14873 E ArmVmp : Match on catch block at 0xc3 in for 0xa1
02-19 19:41:11.849 14873 14873 E ArmVmp : Match on catch block at 0xc3 in for 0xa1
02-19 19:41:11.853 14873 14873 E ArmVmp : Match on catch block at 0xc3 in for 0xa5
02-19 19:41:11.865 14873 14873 E ArmVmp : Match on catch block at 0xc3 in for 0xa5
02-19 19:41:11.868 14873 14873 E ArmVmp : Match on catch block at 0xc3 in for 0xa9
02-19 19:41:11.882 14873 14873 E ArmVmp : Match on catch block at 0xc3 in for 0xa9
02-19 19:41:11.885 14873 14873 E ArmVmp : Match on catch block at 0xc3 in for 0xa1
02-19 19:41:11.899 14873 14873 E ArmVmp : Match on catch block at 0xc3 in for 0xa1
02-19 19:41:11.903 14873 14873 E ArmVmp : Match on catch block at 0xc3 in for 0xa5
02-19 19:41:11.916 14873 14873 E ArmVmp : Match on catch block at 0xc3 in for 0xa5
02-19 19:41:11.919 14873 14873 E ArmVmp : Match on catch block at 0xc3 in for 0xa9
02-19 19:41:11.932 14873 14873 E ArmVmp : Match on catch block at 0xc3 in for 0xa9
02-19 19:41:11.935 14873 14873 E ArmVmp : Match on catch block at 0xc3 in for 0xa1
02-19 19:41:11.949 14873 14873 E ArmVmp : Match on catch block at 0xc3 in for 0xa1
02-19 19:41:11.952 14873 14873 E ArmVmp : Match on catch block at 0xc3 in for 0xa5
02-19 19:41:11.966 14873 14873 E ArmVmp : Match on catch block at 0xc3 in for 0xa5
02-19 19:41:11.969 14873 14873 E ArmVmp : Match on catch block at 0xc3 in for 0xa9
02-19 19:41:11.981 14873 14873 E ArmVmp : Match on catch block at 0xc3 in for 0xa9
02-19 19:41:11.985 14873 14873 E ArmVmp : Match on catch block at 0xc3 in for 0xa1
02-19 19:41:11.998 14873 14873 E ArmVmp : Match on catch block at 0xc3 in for 0xa1
02-19 19:41:12.001 14873 14873 E ArmVmp : Match on catch block at 0xc3 in for 0xa5
02-19 19:41:12.015 14873 14873 E ArmVmp : Match on catch block at 0xc3 in for 0xa5
02-19 19:41:12.018 14873 14873 E ArmVmp : Match on catch block at 0xc3 in for 0xa9
02-19 19:41:12.031 14873 14873 E ArmVmp : Match on catch block at 0xc3 in for 0xa9
02-19 19:41:12.034 14873 14873 E ArmVmp : Match on catch block at 0xc3 in for 0xa1
02-19 19:41:12.049 14873 14873 E ArmVmp : Match on catch block at 0xc3 in for 0xa1
02-19 19:41:12.052 14873 14873 E ArmVmp : Match on catch block at 0xc3 in for 0xa5
02-19 19:41:12.065 14873 14873 E ArmVmp : Match on catch block at 0xc3 in for 0xa5
02-19 19:41:12.069 14873 14873 E ArmVmp : Match on catch block at 0xc3 in for 0xa9
02-19 19:41:12.082 14873 14873 E ArmVmp : Match on catch block at 0xc3 in for 0xa9
02-19 19:41:12.085 14873 14873 E ArmVmp : Match on catch block at 0xc3 in for 0xa1
02-19 19:41:12.098 14873 14873 E ArmVmp : Match on catch block at 0xc3 in for 0xa1
02-19 19:41:12.101 14873 14873 E ArmVmp : Match on catch block at 0xc3 in for 0xa5
02-19 19:41:12.331 14873 14873 E ArmVmp : Match on catch block at 0xc3 in for 0xa5
02-19 19:41:12.335 14873 14873 E ArmVmp : Match on catch block at 0xc3 in for 0xa9
02-19 19:41:12.831 14873 14873 E ArmVmp : Match on catch block at 0xc3 in for 0xa5
02-19 19:41:12.836 14873 14873 E ArmVmp : Match on catch block at 0xc3 in for 0xa9
02-19 19:41:12.930 14873 14873 E ArmVmp : Match on catch block at 0xc3 in for 0xa9
02-19 19:41:12.934 14873 14873 E ArmVmp : Match on catch block at 0xc3 in for 0xa1
02-19 19:41:12.947 14873 14873 E ArmVmp : Match on catch block at 0xc3 in for 0xa1
02-19 19:41:12.953 14873 14873 E ArmVmp : Match on catch block at 0xc3 in for 0xa5
02-19 19:41:12.964 14873 14873 E ArmVmp : Match on catch block at 0xc3 in for 0xa5
02-19 19:41:12.969 14873 14873 E ArmVmp : Match on catch block at 0xc3 in for 0xa9
02-19 19:41:12.980 14873 14873 E ArmVmp : Match on catch block at 0xc3 in for 0xa9
02-19 19:41:12.984 14873 14873 E ArmVmp : Match on catch block at 0xc3 in for 0xa1
02-19 19:41:12.997 14873 14873 E ArmVmp : Match on catch block at 0xc3 in for 0xa1
02-19 19:41:13.000 14873 14873 E ArmVmp : Match on catch block at 0xc3 in for 0xa5
02-19 19:41:13.013 14873 14873 E ArmVmp : Match on catch block at 0xc3 in for 0xa5
02-19 19:41:13.017 14873 14873 E ArmVmp : Match on catch block at 0xc3 in for 0xa9
02-19 19:41:13.030 14873 14873 E ArmVmp : Match on catch block at 0xc3 in for 0xa9
02-19 19:41:13.034 14873 14873 E ArmVmp : Match on catch block at 0xc3 in for 0xa1
02-19 19:41:13.046 14873 14873 E ArmVmp : Match on catch block at 0xc3 in for 0xa1
02-19 19:41:13.051 14873 14873 E ArmVmp : Match on catch block at 0xc3 in for 0xa5
02-19 19:41:13.063 14873 14873 E ArmVmp : Match on catch block at 0xc3 in for 0xa5
02-19 19:41:13.074 14873 14873 E ArmVmp : Match on catch block at 0xc3 in for 0xa9
02-19 19:41:13.081 14873 14873 E ArmVmp : Match on catch block at 0xc3 in for 0xa9
02-19 19:41:13.087 14873 14873 E ArmVmp : Match on catch block at 0xc3 in for 0xa1
02-19 19:41:13.096 14873 14873 E ArmVmp : Match on catch block at 0xc3 in for 0xa1
02-19 19:41:13.101 14873 14873 E ArmVmp : Match on catch block at 0xc3 in for 0xa5
02-19 19:41:13.113 14873 14873 E ArmVmp : Match on catch block at 0xc3 in for 0xa5
02-19 19:41:13.116 14873 14873 E ArmVmp : Match on catch block at 0xc3 in for 0xa9
02-19 19:41:13.130 14873 14873 E ArmVmp : Match on catch block at 0xc3 in for 0xa9
02-19 19:41:13.133 14873 14873 E ArmVmp : Match on catch block at 0xc3 in for 0xa1
02-19 19:41:13.146 14873 14873 E ArmVmp : Match on catch block at 0xc3 in for 0xa1
02-19 19:41:13.150 14873 14873 E ArmVmp : Match on catch block at 0xc3 in for 0xa5
02-19 19:41:13.163 14873 14873 E ArmVmp : Match on catch block at 0xc3 in for 0xa5
02-19 19:41:13.168 14873 14873 E ArmVmp : Match on catch block at 0xc3 in for 0xa9
02-19 19:41:13.179 14873 14873 E ArmVmp : Match on catch block at 0xc3 in for 0xa9
02-19 19:41:13.183 14873 14873 E ArmVmp : Match on catch block at 0xc3 in for 0xa1
02-19 19:41:13.329 14873 14873 E ArmVmp : Match on catch block at 0xc3 in for 0xa1
02-19 19:41:13.333 14873 14873 E ArmVmp : Match on catch block at 0xc3 in for 0xa5
02-19 19:41:13.829 14873 14873 E ArmVmp : Match on catch block at 0xc3 in for 0xa5
02-19 19:41:13.832 14873 14873 E ArmVmp : Match on catch block at 0xc3 in for 0xa9
02-19 19:41:14.328 14873 14873 E ArmVmp : Match on catch block at 0xc3 in for 0xa5
02-19 19:41:14.331 14873 14873 E ArmVmp : Match on catch block at 0xc3 in for 0xa9
02-19 19:41:14.587 14873 14873 E ArmVmp : Match on catch block at 0xc3 in for 0xa1
02-19 19:41:14.590 14873 14873 E ArmVmp : Match on catch block at 0xc3 in for 0xa5
02-19 19:41:14.656 14873 14873 E ArmVmp : Match on catch block at 0xc3 in for 0xa1
02-19 19:41:14.658 14873 14873 E ArmVmp : Match on catch block at 0xc3 in for 0xa5
02-19 19:41:14.683 14873 14873 E ArmVmp : Match on catch block at 0xc3 in for 0xa9
02-19 19:41:14.685 14873 14873 E ArmVmp : Match on catch block at 0xc3 in for 0xa1
02-19 19:41:14.727 14873 14873 E ArmVmp : Match on catch block at 0xc3 in for 0xa9
02-19 19:41:14.730 14873 14873 E ArmVmp : Match on catch block at 0xc3 in for 0xa1
02-19 19:41:14.751 14873 14873 E ArmVmp : Match on catch block at 0xc3 in for 0xa1
02-19 19:41:14.753 14873 14873 E ArmVmp : Match on catch block at 0xc3 in for 0xa5
02-19 19:41:14.810 14873 14873 W TabLayout: MODE_SCROLLABLE + GRAVITY_FILL is not
supported, GRAVITY_START will be used instead
02-19 19:41:14.889 14873 14873 W BottomSheetBehavior: BottomSheetBehavior now
supports multiple callbacks. `setBottomSheetCallback()` removes all existing
callbacks, including ones set internally by library authors, which may result in
unintended behavior. This may change in the future. Please use
`addBottomSheetCallback()` and `removeBottomSheetCallback()` instead to set your
own callbacks.
02-19 19:41:14.966 14873 14873 E ArmVmp : Match on catch block at 0xc3 in for 0xa9
02-19 19:41:14.968 14873 14873 E ArmVmp : Match on catch block at 0xc3 in for 0xa1
02-19 19:41:15.056 14873 14873 W View : requestLayout() improperly called by
com.mbwhatsapp.WaImageView{a2c90cf VF.D..CL. ......ID 0,0-109,109 #7f0b1814
app:id/shutter} during layout: running second layout pass
02-19 19:41:15.056 14873 14873 W View : requestLayout() improperly called by
com.mbwhatsapp.CircularProgressBar{832ea5c V.ED..... ......ID 0,0-109,109 #7f0b14fc
app:id/recording_progress} during layout: running second layout pass
02-19 19:41:15.056 14873 14873 W View : requestLayout() improperly called by
com.mbwhatsapp.WaImageView{3e0165 VF.D..C.. ......ID 0,0-82,82 #7f0b1976
app:id/switch_camera_btn} during layout: running second layout pass
02-19 19:41:15.056 14873 14873 W View : requestLayout() improperly called by
com.mbwhatsapp.WaImageView{7f18e3a VFED..C.. ......ID 0,0-82,82 #7f0b0b0d
app:id/gallery_btn} during layout: running second layout pass
02-19 19:41:15.056 14873 14873 W View : requestLayout() improperly called by
com.mbwhatsapp.WaImageView{60b6aeb VF.D..C.. ......ID 0,0-82,82 #7f0b0a9c
app:id/flash_btn} during layout: running second layout pass
02-19 19:41:15.056 14873 14873 W View : requestLayout() improperly called by
com.mbwhatsapp.WaImageView{a325048 VFED..C.. ......ID 0,0-82,82 #7f0b057f
app:id/close_camera_btn} during layout: running second layout pass
02-19 19:41:15.056 14873 14873 W View : requestLayout() improperly called by
X.4Ki{b924ee1 V.ED..... ......ID 0,3-720,85} during layout: running second layout
pass
02-19 19:41:15.088 14873 14873 W View : requestLayout() improperly called by
com.mbwhatsapp.WaImageView{a2c90cf VF.D..CL. ......ID 305,1147-414,1256 #7f0b1814
app:id/shutter} during layout: running second layout pass
02-19 19:41:15.088 14873 14873 W View : requestLayout() improperly called by
com.mbwhatsapp.CircularProgressBar{832ea5c V.ED..... ......ID 305,1147-414,1256
#7f0b14fc app:id/recording_progress} during layout: running second layout pass
02-19 19:41:15.088 14873 14873 W View : requestLayout() improperly called by
com.mbwhatsapp.WaImageView{3e0165 VF.D..C.. ......ID 626,1162-708,1244 #7f0b1976
app:id/switch_camera_btn} during layout: running second layout pass
02-19 19:41:15.088 14873 14873 W View : requestLayout() improperly called by
com.mbwhatsapp.WaImageView{7f18e3a VFED..C.. ......ID 12,1162-94,1244 #7f0b0b0d
app:id/gallery_btn} during layout: running second layout pass
02-19 19:41:15.088 14873 14873 W View : requestLayout() improperly called by
com.mbwhatsapp.WaImageView{60b6aeb VF.D..C.. ......ID 626,12-708,94 #7f0b0a9c
app:id/flash_btn} during layout: running second layout pass
02-19 19:41:15.088 14873 14873 W View : requestLayout() improperly called by
com.mbwhatsapp.WaImageView{a325048 VFED..C.. ......I. 12,12-94,94 #7f0b057f
app:id/close_camera_btn} during layout: running second layout pass
02-19 19:41:15.110 14873 14873 E ArmVmp : Match on catch block at 0xc3 in for 0xa9
02-19 19:41:15.112 14873 14873 E ArmVmp : Match on catch block at 0xc3 in for 0xa1
02-19 19:41:15.160 14873 14873 W pool-6-thread-1: type=1400 audit(0.0:174572): avc:
granted { execute } for
path="/data/data/com.mbwhatsapp/files/decompressed/libs.spk.zst/libgifimage.so"
dev="dm-11" ino=727591 scontext=u:r:untrusted_app:s0:c30,c257,c512,c768
tcontext=u:object_r:app_data_file:s0:c30,c257,c512,c768 tclass=file
app=com.mbwhatsapp
02-19 19:41:16.376 14873 17225 E FrameEvents: updateAcquireFence: Did not find
frame.
02-19 19:41:16.587 14873 14890 W System : A resource failed to call close.
02-19 19:41:17.083 14873 14873 W BottomSheetBehavior: BottomSheetBehavior now
supports multiple callbacks. `setBottomSheetCallback()` removes all existing
callbacks, including ones set internally by library authors, which may result in
unintended behavior. This may change in the future. Please use
`addBottomSheetCallback()` and `removeBottomSheetCallback()` instead to set your
own callbacks.
02-19 19:41:17.090 14873 14873 E RecyclerView: No adapter attached; skipping layout
02-19 19:41:17.111 14873 14873 E RecyclerView: No adapter attached; skipping layout
02-19 19:41:18.100 14873 14890 W System : A resource failed to call close.
--------- beginning of system
--------- beginning of main
02-19 19:41:47.760 14873 14873 E ArmVmp : Match on catch block at 0xc3 in for 0xa1
02-19 19:41:47.774 14873 14873 E ArmVmp : Match on catch block at 0xc3 in for 0xa1
02-19 19:41:47.776 14873 14873 E ArmVmp : Match on catch block at 0xc3 in for 0xa5
02-19 19:41:47.790 14873 14873 E ArmVmp : Match on catch block at 0xc3 in for 0xa5
02-19 19:41:47.793 14873 14873 E ArmVmp : Match on catch block at 0xc3 in for 0xa9
02-19 19:41:47.806 14873 14873 E ArmVmp : Match on catch block at 0xc3 in for 0xa9
02-19 19:41:47.809 14873 14873 E ArmVmp : Match on catch block at 0xc3 in for 0xa1
02-19 19:41:47.823 14873 14873 E ArmVmp : Match on catch block at 0xc3 in for 0xa1
02-19 19:41:47.826 14873 14873 E ArmVmp : Match on catch block at 0xc3 in for 0xa5
02-19 19:41:47.844 14873 14873 E ArmVmp : Match on catch block at 0xc3 in for 0xa5
02-19 19:41:47.847 14873 14873 E ArmVmp : Match on catch block at 0xc3 in for 0xa9
02-19 19:41:47.856 14873 14873 E ArmVmp : Match on catch block at 0xc3 in for 0xa9
02-19 19:41:47.858 14873 14873 E ArmVmp : Match on catch block at 0xc3 in for 0xa1
02-19 19:41:47.872 14873 14873 E ArmVmp : Match on catch block at 0xc3 in for 0xa1
02-19 19:41:47.875 14873 14873 E ArmVmp : Match on catch block at 0xc3 in for 0xa5
02-19 19:41:47.889 14873 14873 E ArmVmp : Match on catch block at 0xc3 in for 0xa5
02-19 19:41:47.891 14873 14873 E ArmVmp : Match on catch block at 0xc3 in for 0xa9
02-19 19:41:47.905 14873 14873 E ArmVmp : Match on catch block at 0xc3 in for 0xa9
02-19 19:41:47.908 14873 14873 E ArmVmp : Match on catch block at 0xc3 in for 0xa1
02-19 19:41:47.922 14873 14873 E ArmVmp : Match on catch block at 0xc3 in for 0xa1
02-19 19:41:47.925 14873 14873 E ArmVmp : Match on catch block at 0xc3 in for 0xa5
02-19 19:41:47.939 14873 14873 E ArmVmp : Match on catch block at 0xc3 in for 0xa5
02-19 19:41:47.941 14873 14873 E ArmVmp : Match on catch block at 0xc3 in for 0xa9
02-19 19:41:47.956 14873 14873 E ArmVmp : Match on catch block at 0xc3 in for 0xa9
02-19 19:41:47.959 14873 14873 E ArmVmp : Match on catch block at 0xc3 in for 0xa1
02-19 19:41:47.973 14873 14873 E ArmVmp : Match on catch block at 0xc3 in for 0xa1
02-19 19:41:47.976 14873 14873 E ArmVmp : Match on catch block at 0xc3 in for 0xa5
02-19 19:41:47.990 14873 14873 E ArmVmp : Match on catch block at 0xc3 in for 0xa5
02-19 19:41:47.993 14873 14873 E ArmVmp : Match on catch block at 0xc3 in for 0xa9
02-19 19:41:48.006 14873 14873 E ArmVmp : Match on catch block at 0xc3 in for 0xa9
02-19 19:41:48.009 14873 14873 E ArmVmp : Match on catch block at 0xc3 in for 0xa1
02-19 19:41:48.023 14873 14873 E ArmVmp : Match on catch block at 0xc3 in for 0xa1
02-19 19:41:48.026 14873 14873 E ArmVmp : Match on catch block at 0xc3 in for 0xa5
02-19 19:41:48.039 14873 14873 E ArmVmp : Match on catch block at 0xc3 in for 0xa5
02-19 19:41:48.043 14873 14873 E ArmVmp : Match on catch block at 0xc3 in for 0xa9
02-19 19:41:48.056 14873 14873 E ArmVmp : Match on catch block at 0xc3 in for 0xa9
02-19 19:41:48.059 14873 14873 E ArmVmp : Match on catch block at 0xc3 in for 0xa1
02-19 19:41:48.073 14873 14873 E ArmVmp : Match on catch block at 0xc3 in for 0xa1
02-19 19:41:48.075 14873 14873 E ArmVmp : Match on catch block at 0xc3 in for 0xa5
02-19 19:41:48.089 14873 14873 E ArmVmp : Match on catch block at 0xc3 in for 0xa5
02-19 19:41:48.092 14873 14873 E ArmVmp : Match on catch block at 0xc3 in for 0xa9
02-19 19:41:48.106 14873 14873 E ArmVmp : Match on catch block at 0xc3 in for 0xa9
02-19 19:41:48.110 14873 14873 E ArmVmp : Match on catch block at 0xc3 in for 0xa1
02-19 19:41:48.123 14873 14873 E ArmVmp : Match on catch block at 0xc3 in for 0xa1
02-19 19:41:48.126 14873 14873 E ArmVmp : Match on catch block at 0xc3 in for 0xa5
02-19 19:41:48.139 14873 14873 E ArmVmp : Match on catch block at 0xc3 in for 0xa5
02-19 19:41:48.142 14873 14873 E ArmVmp : Match on catch block at 0xc3 in for 0xa9
02-19 19:41:48.156 14873 14873 E ArmVmp : Match on catch block at 0xc3 in for 0xa9
02-19 19:41:48.159 14873 14873 E ArmVmp : Match on catch block at 0xc3 in for 0xa1
02-19 19:41:48.173 14873 14873 E ArmVmp : Match on catch block at 0xc3 in for 0xa1
02-19 19:41:48.176 14873 14873 E ArmVmp : Match on catch block at 0xc3 in for 0xa5
02-19 19:41:48.189 14873 14873 E ArmVmp : Match on catch block at 0xc3 in for 0xa5
02-19 19:41:48.192 14873 14873 E ArmVmp : Match on catch block at 0xc3 in for 0xa9
02-19 19:41:48.206 14873 14873 E ArmVmp : Match on catch block at 0xc3 in for 0xa9
02-19 19:41:48.208 14873 14873 E ArmVmp : Match on catch block at 0xc3 in for 0xa1
02-19 19:41:48.223 14873 14873 E ArmVmp : Match on catch block at 0xc3 in for 0xa1
02-19 19:41:48.226 14873 14873 E ArmVmp : Match on catch block at 0xc3 in for 0xa5
02-19 19:41:48.239 14873 14873 E ArmVmp : Match on catch block at 0xc3 in for 0xa5
02-19 19:41:48.242 14873 14873 E ArmVmp : Match on catch block at 0xc3 in for 0xa9
02-19 19:41:48.256 14873 14873 E ArmVmp : Match on catch block at 0xc3 in for 0xa9
02-19 19:41:48.258 14873 14873 E ArmVmp : Match on catch block at 0xc3 in for 0xa1
02-19 19:41:48.273 14873 14873 E ArmVmp : Match on catch block at 0xc3 in for 0xa1
02-19 19:41:48.276 14873 14873 E ArmVmp : Match on catch block at 0xc3 in for 0xa5
02-19 19:41:48.289 14873 14873 E ArmVmp : Match on catch block at 0xc3 in for 0xa5
02-19 19:41:48.292 14873 14873 E ArmVmp : Match on catch block at 0xc3 in for 0xa9
02-19 19:41:48.317 14873 14873 E ArmVmp : Match on catch block at 0xc3 in for 0xa9
02-19 19:41:48.323 14873 14873 E ArmVmp : Match on catch block at 0xc3 in for 0xa1
02-19 19:41:48.326 14873 14873 E ArmVmp : Match on catch block at 0xc3 in for 0xa1
02-19 19:41:48.330 14873 14873 E ArmVmp : Match on catch block at 0xc3 in for 0xa5
02-19 19:41:48.338 14873 14873 E ArmVmp : Match on catch block at 0xc3 in for 0xa5
02-19 19:41:48.340 14873 14873 E ArmVmp : Match on catch block at 0xc3 in for 0xa9
02-19 19:41:48.355 14873 14873 E ArmVmp : Match on catch block at 0xc3 in for 0xa9
02-19 19:41:48.357 14873 14873 E ArmVmp : Match on catch block at 0xc3 in for 0xa1
02-19 19:41:48.371 14873 14873 E ArmVmp : Match on catch block at 0xc3 in for 0xa1
02-19 19:41:48.373 14873 14873 E ArmVmp : Match on catch block at 0xc3 in for 0xa5
02-19 19:41:48.397 14873 14873 E ArmVmp : Match on catch block at 0xc3 in for 0xa5
02-19 19:41:48.399 14873 14873 E ArmVmp : Match on catch block at 0xc3 in for 0xa9
02-19 19:41:48.405 14873 14873 E ArmVmp : Match on catch block at 0xc3 in for 0xa9
02-19 19:41:48.408 14873 14873 E ArmVmp : Match on catch block at 0xc3 in for 0xa1
02-19 19:41:48.421 14873 14873 E ArmVmp : Match on catch block at 0xc3 in for 0xa1
02-19 19:41:48.423 14873 14873 E ArmVmp : Match on catch block at 0xc3 in for 0xa5
02-19 19:41:48.438 14873 14873 E ArmVmp : Match on catch block at 0xc3 in for 0xa5
02-19 19:41:48.440 14873 14873 E ArmVmp : Match on catch block at 0xc3 in for 0xa9
02-19 19:41:48.455 14873 14873 E ArmVmp : Match on catch block at 0xc3 in for 0xa9
02-19 19:41:48.457 14873 14873 E ArmVmp : Match on catch block at 0xc3 in for 0xa1
02-19 19:41:48.471 14873 14873 E ArmVmp : Match on catch block at 0xc3 in for 0xa1
02-19 19:41:48.473 14873 14873 E ArmVmp : Match on catch block at 0xc3 in for 0xa5
02-19 19:41:48.488 14873 14873 E ArmVmp : Match on catch block at 0xc3 in for 0xa5
02-19 19:41:48.490 14873 14873 E ArmVmp : Match on catch block at 0xc3 in for 0xa9
02-19 19:41:48.505 14873 14873 E ArmVmp : Match on catch block at 0xc3 in for 0xa9
02-19 19:41:48.506 14873 14873 E ArmVmp : Match on catch block at 0xc3 in for 0xa1
02-19 19:41:48.521 14873 14873 E ArmVmp : Match on catch block at 0xc3 in for 0xa1
02-19 19:41:48.523 14873 14873 E ArmVmp : Match on catch block at 0xc3 in for 0xa5
02-19 19:41:48.538 14873 14873 E ArmVmp : Match on catch block at 0xc3 in for 0xa5
02-19 19:41:48.539 14873 14873 E ArmVmp : Match on catch block at 0xc3 in for 0xa9
02-19 19:41:48.554 14873 14873 E ArmVmp : Match on catch block at 0xc3 in for 0xa9
02-19 19:41:48.557 14873 14873 E ArmVmp : Match on catch block at 0xc3 in for 0xa1
02-19 19:41:48.572 14873 14873 E ArmVmp : Match on catch block at 0xc3 in for 0xa1
02-19 19:41:48.580 14873 14873 E ArmVmp : Match on catch block at 0xc3 in for 0xa5
02-19 19:41:48.588 14873 14873 E ArmVmp : Match on catch block at 0xc3 in for 0xa5
02-19 19:41:48.590 14873 14873 E ArmVmp : Match on catch block at 0xc3 in for 0xa9
02-19 19:41:48.604 14873 14873 E ArmVmp : Match on catch block at 0xc3 in for 0xa9
02-19 19:41:48.606 14873 14873 E ArmVmp : Match on catch block at 0xc3 in for 0xa1
02-19 19:41:48.621 14873 14873 E ArmVmp : Match on catch block at 0xc3 in for 0xa1
02-19 19:41:48.623 14873 14873 E ArmVmp : Match on catch block at 0xc3 in for 0xa5
02-19 19:41:48.638 14873 14873 E ArmVmp : Match on catch block at 0xc3 in for 0xa5
02-19 19:41:48.639 14873 14873 E ArmVmp : Match on catch block at 0xc3 in for 0xa9
02-19 19:41:48.654 14873 14873 E ArmVmp : Match on catch block at 0xc3 in for 0xa9
02-19 19:41:48.657 14873 14873 E ArmVmp : Match on catch block at 0xc3 in for 0xa1
02-19 19:41:48.671 14873 14873 E ArmVmp : Match on catch block at 0xc3 in for 0xa1
02-19 19:41:48.673 14873 14873 E ArmVmp : Match on catch block at 0xc3 in for 0xa5
02-19 19:41:48.688 14873 14873 E ArmVmp : Match on catch block at 0xc3 in for 0xa5
02-19 19:41:48.689 14873 14873 E ArmVmp : Match on catch block at 0xc3 in for 0xa9
02-19 19:41:48.704 14873 14873 E ArmVmp : Match on catch block at 0xc3 in for 0xa9
02-19 19:41:48.706 14873 14873 E ArmVmp : Match on catch block at 0xc3 in for 0xa1
02-19 19:41:48.721 14873 14873 E ArmVmp : Match on catch block at 0xc3 in for 0xa1
02-19 19:41:48.723 14873 14873 E ArmVmp : Match on catch block at 0xc3 in for 0xa5
02-19 19:41:48.738 14873 14873 E ArmVmp : Match on catch block at 0xc3 in for 0xa5
02-19 19:41:48.739 14873 14873 E ArmVmp : Match on catch block at 0xc3 in for 0xa9
02-19 19:41:48.754 14873 14873 E ArmVmp : Match on catch block at 0xc3 in for 0xa9
02-19 19:41:48.757 14873 14873 E ArmVmp : Match on catch block at 0xc3 in for 0xa1
02-19 19:41:48.772 14873 14873 E ArmVmp : Match on catch block at 0xc3 in for 0xa1
02-19 19:41:48.774 14873 14873 E ArmVmp : Match on catch block at 0xc3 in for 0xa5
02-19 19:41:48.788 14873 14873 E ArmVmp : Match on catch block at 0xc3 in for 0xa5
02-19 19:41:48.791 14873 14873 E ArmVmp : Match on catch block at 0xc3 in for 0xa9
02-19 19:41:48.805 14873 14873 E ArmVmp : Match on catch block at 0xc3 in for 0xa9
02-19 19:41:48.809 14873 14873 E ArmVmp : Match on catch block at 0xc3 in for 0xa1
02-19 19:41:48.821 14873 14873 E ArmVmp : Match on catch block at 0xc3 in for 0xa1
02-19 19:41:48.824 14873 14873 E ArmVmp : Match on catch block at 0xc3 in for 0xa5
02-19 19:41:48.838 14873 14873 E ArmVmp : Match on catch block at 0xc3 in for 0xa5
02-19 19:41:48.841 14873 14873 E ArmVmp : Match on catch block at 0xc3 in for 0xa9
02-19 19:41:48.855 14873 14873 E ArmVmp : Match on catch block at 0xc3 in for 0xa9
02-19 19:41:48.858 14873 14873 E ArmVmp : Match on catch block at 0xc3 in for 0xa1
02-19 19:41:48.872 14873 14873 E ArmVmp : Match on catch block at 0xc3 in for 0xa1
02-19 19:41:48.874 14873 14873 E ArmVmp : Match on catch block at 0xc3 in for 0xa5
02-19 19:41:48.888 14873 14873 E ArmVmp : Match on catch block at 0xc3 in for 0xa5
02-19 19:41:48.891 14873 14873 E ArmVmp : Match on catch block at 0xc3 in for 0xa9
02-19 19:41:48.904 14873 14873 E ArmVmp : Match on catch block at 0xc3 in for 0xa9
02-19 19:41:48.907 14873 14873 E ArmVmp : Match on catch block at 0xc3 in for 0xa1
02-19 19:41:48.921 14873 14873 E ArmVmp : Match on catch block at 0xc3 in for 0xa1
02-19 19:41:48.924 14873 14873 E ArmVmp : Match on catch block at 0xc3 in for 0xa5
02-19 19:41:48.938 14873 14873 E ArmVmp : Match on catch block at 0xc3 in for 0xa5
02-19 19:41:48.941 14873 14873 E ArmVmp : Match on catch block at 0xc3 in for 0xa9
02-19 19:41:48.955 14873 14873 E ArmVmp : Match on catch block at 0xc3 in for 0xa9
02-19 19:41:48.957 14873 14873 E ArmVmp : Match on catch block at 0xc3 in for 0xa1
02-19 19:41:48.972 14873 14873 E ArmVmp : Match on catch block at 0xc3 in for 0xa1
02-19 19:41:48.974 14873 14873 E ArmVmp : Match on catch block at 0xc3 in for 0xa5
02-19 19:41:48.988 14873 14873 E ArmVmp : Match on catch block at 0xc3 in for 0xa5
02-19 19:41:48.991 14873 14873 E ArmVmp : Match on catch block at 0xc3 in for 0xa9
02-19 19:41:49.005 14873 14873 E ArmVmp : Match on catch block at 0xc3 in for 0xa9
02-19 19:41:49.007 14873 14873 E ArmVmp : Match on catch block at 0xc3 in for 0xa1
02-19 19:41:49.022 14873 14873 E ArmVmp : Match on catch block at 0xc3 in for 0xa1
02-19 19:41:49.024 14873 14873 E ArmVmp : Match on catch block at 0xc3 in for 0xa5
02-19 19:41:49.038 14873 14873 E ArmVmp : Match on catch block at 0xc3 in for 0xa5
02-19 19:41:49.040 14873 14873 E ArmVmp : Match on catch block at 0xc3 in for 0xa9
02-19 19:41:49.054 14873 14873 E ArmVmp : Match on catch block at 0xc3 in for 0xa9
02-19 19:41:49.057 14873 14873 E ArmVmp : Match on catch block at 0xc3 in for 0xa1
02-19 19:41:49.071 14873 14873 E ArmVmp : Match on catch block at 0xc3 in for 0xa1
02-19 19:41:49.074 14873 14873 E ArmVmp : Match on catch block at 0xc3 in for 0xa5
02-19 19:41:49.088 14873 14873 E ArmVmp : Match on catch block at 0xc3 in for 0xa5
02-19 19:41:49.090 14873 14873 E ArmVmp : Match on catch block at 0xc3 in for 0xa9
02-19 19:41:49.104 14873 14873 E ArmVmp : Match on catch block at 0xc3 in for 0xa9
02-19 19:41:49.107 14873 14873 E ArmVmp : Match on catch block at 0xc3 in for 0xa1
02-19 19:41:49.121 14873 14873 E ArmVmp : Match on catch block at 0xc3 in for 0xa1
02-19 19:41:49.124 14873 14873 E ArmVmp : Match on catch block at 0xc3 in for 0xa5
02-19 19:41:49.137 14873 14873 E ArmVmp : Match on catch block at 0xc3 in for 0xa5
02-19 19:41:49.140 14873 14873 E ArmVmp : Match on catch block at 0xc3 in for 0xa9
02-19 19:41:49.154 14873 14873 E ArmVmp : Match on catch block at 0xc3 in for 0xa9
02-19 19:41:49.157 14873 14873 E ArmVmp : Match on catch block at 0xc3 in for 0xa1
02-19 19:41:49.171 14873 14873 E ArmVmp : Match on catch block at 0xc3 in for 0xa1
02-19 19:41:49.174 14873 14873 E ArmVmp : Match on catch block at 0xc3 in for 0xa5
02-19 19:41:49.188 14873 14873 E ArmVmp : Match on catch block at 0xc3 in for 0xa5
02-19 19:41:49.190 14873 14873 E ArmVmp : Match on catch block at 0xc3 in for 0xa9
02-19 19:41:49.205 14873 14873 E ArmVmp : Match on catch block at 0xc3 in for 0xa9
02-19 19:41:49.207 14873 14873 E ArmVmp : Match on catch block at 0xc3 in for 0xa1
02-19 19:41:49.221 14873 14873 E ArmVmp : Match on catch block at 0xc3 in for 0xa1
02-19 19:41:49.224 14873 14873 E ArmVmp : Match on catch block at 0xc3 in for 0xa5
02-19 19:41:49.237 14873 14873 E ArmVmp : Match on catch block at 0xc3 in for 0xa5
02-19 19:41:49.240 14873 14873 E ArmVmp : Match on catch block at 0xc3 in for 0xa9
02-19 19:41:49.254 14873 14873 E ArmVmp : Match on catch block at 0xc3 in for 0xa9
02-19 19:41:49.257 14873 14873 E ArmVmp : Match on catch block at 0xc3 in for 0xa1
02-19 19:41:49.271 14873 14873 E ArmVmp : Match on catch block at 0xc3 in for 0xa1
02-19 19:41:49.276 14873 14873 E ArmVmp : Match on catch block at 0xc3 in for 0xa5
02-19 19:41:49.288 14873 14873 E ArmVmp : Match on catch block at 0xc3 in for 0xa5
02-19 19:41:49.291 14873 14873 E ArmVmp : Match on catch block at 0xc3 in for 0xa9
02-19 19:41:49.304 14873 14873 E ArmVmp : Match on catch block at 0xc3 in for 0xa9
02-19 19:41:49.307 14873 14873 E ArmVmp : Match on catch block at 0xc3 in for 0xa1
02-19 19:41:49.321 14873 14873 E ArmVmp : Match on catch block at 0xc3 in for 0xa1
02-19 19:41:49.323 14873 14873 E ArmVmp : Match on catch block at 0xc3 in for 0xa5
02-19 19:41:49.337 14873 14873 E ArmVmp : Match on catch block at 0xc3 in for 0xa5
02-19 19:41:49.340 14873 14873 E ArmVmp : Match on catch block at 0xc3 in for 0xa9
02-19 19:41:49.354 14873 14873 E ArmVmp : Match on catch block at 0xc3 in for 0xa9
02-19 19:41:49.356 14873 14873 E ArmVmp : Match on catch block at 0xc3 in for 0xa1
02-19 19:41:49.370 14873 14873 E ArmVmp : Match on catch block at 0xc3 in for 0xa1
02-19 19:41:49.373 14873 14873 E ArmVmp : Match on catch block at 0xc3 in for 0xa5
02-19 19:41:49.387 14873 14873 E ArmVmp : Match on catch block at 0xc3 in for 0xa5
02-19 19:41:49.390 14873 14873 E ArmVmp : Match on catch block at 0xc3 in for 0xa9
02-19 19:41:49.404 14873 14873 E ArmVmp : Match on catch block at 0xc3 in for 0xa9
02-19 19:41:49.406 14873 14873 E ArmVmp : Match on catch block at 0xc3 in for 0xa1
02-19 19:41:49.421 14873 14873 E ArmVmp : Match on catch block at 0xc3 in for 0xa1
02-19 19:41:49.423 14873 14873 E ArmVmp : Match on catch block at 0xc3 in for 0xa5
02-19 19:41:49.437 14873 14873 E ArmVmp : Match on catch block at 0xc3 in for 0xa5
02-19 19:41:49.440 14873 14873 E ArmVmp : Match on catch block at 0xc3 in for 0xa9
02-19 19:41:49.454 14873 14873 E ArmVmp : Match on catch block at 0xc3 in for 0xa9
02-19 19:41:49.456 14873 14873 E ArmVmp : Match on catch block at 0xc3 in for 0xa1
02-19 19:41:49.471 14873 14873 E ArmVmp : Match on catch block at 0xc3 in for 0xa1
02-19 19:41:49.474 14873 14873 E ArmVmp : Match on catch block at 0xc3 in for 0xa5
02-19 19:41:49.487 14873 14873 E ArmVmp : Match on catch block at 0xc3 in for 0xa5
02-19 19:41:49.490 14873 14873 E ArmVmp : Match on catch block at 0xc3 in for 0xa9
02-19 19:41:49.504 14873 14873 E ArmVmp : Match on catch block at 0xc3 in for 0xa9
02-19 19:41:49.507 14873 14873 E ArmVmp : Match on catch block at 0xc3 in for 0xa1
02-19 19:41:49.520 14873 14873 E ArmVmp : Match on catch block at 0xc3 in for 0xa1
02-19 19:41:49.523 14873 14873 E ArmVmp : Match on catch block at 0xc3 in for 0xa5
02-19 19:41:49.537 14873 14873 E ArmVmp : Match on catch block at 0xc3 in for 0xa5
02-19 19:41:49.540 14873 14873 E ArmVmp : Match on catch block at 0xc3 in for 0xa9
02-19 19:41:49.554 14873 14873 E ArmVmp : Match on catch block at 0xc3 in for 0xa9
02-19 19:41:49.556 14873 14873 E ArmVmp : Match on catch block at 0xc3 in for 0xa1
02-19 19:41:49.570 14873 14873 E ArmVmp : Match on catch block at 0xc3 in for 0xa1
02-19 19:41:49.573 14873 14873 E ArmVmp : Match on catch block at 0xc3 in for 0xa5
02-19 19:41:49.587 14873 14873 E ArmVmp : Match on catch block at 0xc3 in for 0xa5
02-19 19:41:49.590 14873 14873 E ArmVmp : Match on catch block at 0xc3 in for 0xa9
02-19 19:41:49.603 14873 14873 E ArmVmp : Match on catch block at 0xc3 in for 0xa9
02-19 19:41:49.606 14873 14873 E ArmVmp : Match on catch block at 0xc3 in for 0xa1
02-19 19:41:49.620 14873 14873 E ArmVmp : Match on catch block at 0xc3 in for 0xa1
02-19 19:41:49.623 14873 14873 E ArmVmp : Match on catch block at 0xc3 in for 0xa5
02-19 19:41:49.637 14873 14873 E ArmVmp : Match on catch block at 0xc3 in for 0xa5
02-19 19:41:49.639 14873 14873 E ArmVmp : Match on catch block at 0xc3 in for 0xa9
02-19 19:41:49.653 14873 14873 E ArmVmp : Match on catch block at 0xc3 in for 0xa9
02-19 19:41:49.656 14873 14873 E ArmVmp : Match on catch block at 0xc3 in for 0xa1
02-19 19:41:49.670 14873 14873 E ArmVmp : Match on catch block at 0xc3 in for 0xa1
02-19 19:41:49.673 14873 14873 E ArmVmp : Match on catch block at 0xc3 in for 0xa5
02-19 19:41:49.687 14873 14873 E ArmVmp : Match on catch block at 0xc3 in for 0xa5
02-19 19:41:49.690 14873 14873 E ArmVmp : Match on catch block at 0xc3 in for 0xa9
02-19 19:41:49.703 14873 14873 E ArmVmp : Match on catch block at 0xc3 in for 0xa9
02-19 19:41:49.706 14873 14873 E ArmVmp : Match on catch block at 0xc3 in for 0xa1
02-19 19:41:49.720 14873 14873 E ArmVmp : Match on catch block at 0xc3 in for 0xa1
02-19 19:41:49.722 14873 14873 E ArmVmp : Match on catch block at 0xc3 in for 0xa5
02-19 19:41:49.737 14873 14873 E ArmVmp : Match on catch block at 0xc3 in for 0xa5
02-19 19:41:49.740 14873 14873 E ArmVmp : Match on catch block at 0xc3 in for 0xa9
02-19 19:41:49.753 14873 14873 E ArmVmp : Match on catch block at 0xc3 in for 0xa9
02-19 19:41:49.756 14873 14873 E ArmVmp : Match on catch block at 0xc3 in for 0xa1
02-19 19:41:49.770 14873 14873 E ArmVmp : Match on catch block at 0xc3 in for 0xa1
02-19 19:41:49.773 14873 14873 E ArmVmp : Match on catch block at 0xc3 in for 0xa5
02-19 19:41:49.787 14873 14873 E ArmVmp : Match on catch block at 0xc3 in for 0xa5
02-19 19:41:49.790 14873 14873 E ArmVmp : Match on catch block at 0xc3 in for 0xa9
02-19 19:41:49.803 14873 14873 E ArmVmp : Match on catch block at 0xc3 in for 0xa9
02-19 19:41:49.806 14873 14873 E ArmVmp : Match on catch block at 0xc3 in for 0xa1
02-19 19:41:49.820 14873 14873 E ArmVmp : Match on catch block at 0xc3 in for 0xa1
02-19 19:41:49.823 14873 14873 E ArmVmp : Match on catch block at 0xc3 in for 0xa5
02-19 19:41:49.836 14873 14873 E ArmVmp : Match on catch block at 0xc3 in for 0xa5
02-19 19:41:49.839 14873 14873 E ArmVmp : Match on catch block at 0xc3 in for 0xa9
02-19 19:41:49.853 14873 14873 E ArmVmp : Match on catch block at 0xc3 in for 0xa9
02-19 19:41:49.856 14873 14873 E ArmVmp : Match on catch block at 0xc3 in for 0xa1
02-19 19:41:49.870 14873 14873 E ArmVmp : Match on catch block at 0xc3 in for 0xa1
02-19 19:41:49.872 14873 14873 E ArmVmp : Match on catch block at 0xc3 in for 0xa5
02-19 19:41:49.887 14873 14873 E ArmVmp : Match on catch block at 0xc3 in for 0xa5
02-19 19:41:49.890 14873 14873 E ArmVmp : Match on catch block at 0xc3 in for 0xa9
02-19 19:41:49.904 14873 14873 E ArmVmp : Match on catch block at 0xc3 in for 0xa9
02-19 19:41:49.906 14873 14873 E ArmVmp : Match on catch block at 0xc3 in for 0xa1
02-19 19:41:49.920 14873 14873 E ArmVmp : Match on catch block at 0xc3 in for 0xa1
02-19 19:41:49.923 14873 14873 E ArmVmp : Match on catch block at 0xc3 in for 0xa5
02-19 19:41:49.936 14873 14873 E ArmVmp : Match on catch block at 0xc3 in for 0xa5
02-19 19:41:49.939 14873 14873 E ArmVmp : Match on catch block at 0xc3 in for 0xa9
02-19 19:41:49.953 14873 14873 E ArmVmp : Match on catch block at 0xc3 in for 0xa9
02-19 19:41:49.956 14873 14873 E ArmVmp : Match on catch block at 0xc3 in for 0xa1
02-19 19:41:49.970 14873 14873 E ArmVmp : Match on catch block at 0xc3 in for 0xa1
02-19 19:41:49.972 14873 14873 E ArmVmp : Match on catch block at 0xc3 in for 0xa5
02-19 19:41:49.986 14873 14873 E ArmVmp : Match on catch block at 0xc3 in for 0xa5
02-19 19:41:49.989 14873 14873 E ArmVmp : Match on catch block at 0xc3 in for 0xa9
02-19 19:41:50.003 14873 14873 E ArmVmp : Match on catch block at 0xc3 in for 0xa9
02-19 19:41:50.006 14873 14873 E ArmVmp : Match on catch block at 0xc3 in for 0xa1
02-19 19:41:50.020 14873 14873 E ArmVmp : Match on catch block at 0xc3 in for 0xa1
02-19 19:41:50.023 14873 14873 E ArmVmp : Match on catch block at 0xc3 in for 0xa5
02-19 19:41:50.036 14873 14873 E ArmVmp : Match on catch block at 0xc3 in for 0xa5
02-19 19:41:50.039 14873 14873 E ArmVmp : Match on catch block at 0xc3 in for 0xa9
02-19 19:41:50.053 14873 14873 E ArmVmp : Match on catch block at 0xc3 in for 0xa9
02-19 19:41:50.056 14873 14873 E ArmVmp : Match on catch block at 0xc3 in for 0xa1
02-19 19:41:50.069 14873 14873 E ArmVmp : Match on catch block at 0xc3 in for 0xa1
02-19 19:41:50.072 14873 14873 E ArmVmp : Match on catch block at 0xc3 in for 0xa5
02-19 19:41:50.086 14873 14873 E ArmVmp : Match on catch block at 0xc3 in for 0xa5
02-19 19:41:50.089 14873 14873 E ArmVmp : Match on catch block at 0xc3 in for 0xa9
02-19 19:41:50.103 14873 14873 E ArmVmp : Match on catch block at 0xc3 in for 0xa9
02-19 19:41:50.106 14873 14873 E ArmVmp : Match on catch block at 0xc3 in for 0xa1
02-19 19:41:50.119 14873 14873 E ArmVmp : Match on catch block at 0xc3 in for 0xa1
02-19 19:41:50.122 14873 14873 E ArmVmp : Match on catch block at 0xc3 in for 0xa5
02-19 19:41:50.136 14873 14873 E ArmVmp : Match on catch block at 0xc3 in for 0xa5
02-19 19:41:50.139 14873 14873 E ArmVmp : Match on catch block at 0xc3 in for 0xa9
02-19 19:41:50.153 14873 14873 E ArmVmp : Match on catch block at 0xc3 in for 0xa9
02-19 19:41:50.156 14873 14873 E ArmVmp : Match on catch block at 0xc3 in for 0xa1
02-19 19:41:50.169 14873 14873 E ArmVmp : Match on catch block at 0xc3 in for 0xa1
02-19 19:41:50.172 14873 14873 E ArmVmp : Match on catch block at 0xc3 in for 0xa5
02-19 19:41:50.186 14873 14873 E ArmVmp : Match on catch block at 0xc3 in for 0xa5
02-19 19:41:50.189 14873 14873 E ArmVmp : Match on catch block at 0xc3 in for 0xa9
02-19 19:41:50.203 14873 14873 E ArmVmp : Match on catch block at 0xc3 in for 0xa9
02-19 19:41:50.205 14873 14873 E ArmVmp : Match on catch block at 0xc3 in for 0xa1
02-19 19:41:50.219 14873 14873 E ArmVmp : Match on catch block at 0xc3 in for 0xa1
02-19 19:41:50.222 14873 14873 E ArmVmp : Match on catch block at 0xc3 in for 0xa5
02-19 19:41:50.236 14873 14873 E ArmVmp : Match on catch block at 0xc3 in for 0xa5
02-19 19:41:50.239 14873 14873 E ArmVmp : Match on catch block at 0xc3 in for 0xa9
02-19 19:41:50.252 14873 14873 E ArmVmp : Match on catch block at 0xc3 in for 0xa9
02-19 19:41:50.256 14873 14873 E ArmVmp : Match on catch block at 0xc3 in for 0xa1
02-19 19:41:50.269 14873 14873 E ArmVmp : Match on catch block at 0xc3 in for 0xa1
02-19 19:41:50.272 14873 14873 E ArmVmp : Match on catch block at 0xc3 in for 0xa5
02-19 19:41:50.286 14873 14873 E ArmVmp : Match on catch block at 0xc3 in for 0xa5
02-19 19:41:50.288 14873 14873 E ArmVmp : Match on catch block at 0xc3 in for 0xa9
02-19 19:41:50.302 14873 14873 E ArmVmp : Match on catch block at 0xc3 in for 0xa9
02-19 19:41:50.307 14873 14873 E ArmVmp : Match on catch block at 0xc3 in for 0xa1
02-19 19:41:50.320 14873 14873 E ArmVmp : Match on catch block at 0xc3 in for 0xa1
02-19 19:41:50.322 14873 14873 E ArmVmp : Match on catch block at 0xc3 in for 0xa5
02-19 19:41:50.336 14873 14873 E ArmVmp : Match on catch block at 0xc3 in for 0xa5
02-19 19:41:50.339 14873 14873 E ArmVmp : Match on catch block at 0xc3 in for 0xa9
02-19 19:41:50.353 14873 14873 E ArmVmp : Match on catch block at 0xc3 in for 0xa9
02-19 19:41:50.355 14873 14873 E ArmVmp : Match on catch block at 0xc3 in for 0xa1
02-19 19:41:50.369 14873 14873 E ArmVmp : Match on catch block at 0xc3 in for 0xa1
02-19 19:41:50.372 14873 14873 E ArmVmp : Match on catch block at 0xc3 in for 0xa5
