message_media.message_row_id (code 1555 SQLITE_CONSTRAINT_PRIMARYKEY)
02-19 18:27:45.644 3019 3068 E SQLiteDatabase: at
android.database.sqlite.SQLiteConnection.nativeExecuteForLastInsertedRowId(Native
Method)
02-19 18:27:45.644 3019 3068 E SQLiteDatabase: at
android.database.sqlite.SQLiteConnection.executeForLastInsertedRowId(SQLiteConnecti
on.java:938)
02-19 18:27:45.644 3019 3068 E SQLiteDatabase: at
android.database.sqlite.SQLiteSession.executeForLastInsertedRowId(SQLiteSession.jav
a:790)
02-19 18:27:45.644 3019 3068 E SQLiteDatabase: at
android.database.sqlite.SQLiteStatement.executeInsert(SQLiteStatement.java:88)
02-19 18:27:45.644 3019 3068 E SQLiteDatabase: at
android.database.sqlite.SQLiteDatabase.insertWithOnConflict(SQLiteDatabase.java:170
1)
02-19 18:27:45.644 3019 3068 E SQLiteDatabase: at
android.database.sqlite.SQLiteDatabase.insert(SQLiteDatabase.java:1570)
02-19 18:27:45.644 3019 3068 E SQLiteDatabase: at X.2tm.A08(Unknown
Source:6)
02-19 18:27:45.644 3019 3068 E SQLiteDatabase: at X.35Y.A07(Unknown
Source:212)
02-19 18:27:45.644 3019 3068 E SQLiteDatabase: at X.3QF.A14(Unknown
Source:470)
02-19 18:27:45.644 3019 3068 E SQLiteDatabase: at X.3gU.run(Unknown
Source:982)
02-19 18:27:45.644 3019 3068 E SQLiteDatabase: at
android.os.Handler.handleCallback(Handler.java:938)
02-19 18:27:45.644 3019 3068 E SQLiteDatabase: at
android.os.Handler.dispatchMessage(Handler.java:99)
02-19 18:27:45.644 3019 3068 E SQLiteDatabase: at
X.0zq.dispatchMessage(Unknown Source:4)
02-19 18:27:45.644 3019 3068 E SQLiteDatabase: at
android.os.Looper.loop(Looper.java:223)
02-19 18:27:45.644 3019 3068 E SQLiteDatabase: at
android.os.HandlerThread.run(HandlerThread.java:67)
02-19 18:27:45.698 3019 3033 W System : A resource failed to call release.
02-19 18:27:45.698 3019 3033 W System : A resource failed to call release.
02-19 18:27:47.000 3019 3019 E ArmVmp : Match on catch block at 0x0a in for 0xc1
02-19 18:27:47.002 3019 3019 E ArmVmp : Match on catch block at 0x0a in for 0xc9
02-19 18:27:47.199 3019 3019 E ArmVmp : Match on catch block at 0xc3 in for 0xb9
02-19 18:27:47.201 3019 3019 E ArmVmp : Match on catch block at 0xc3 in for 0xb9
02-19 18:27:47.239 3019 3019 E ArmVmp : Match on catch block at 0xc3 in for 0xa1
02-19 18:27:47.242 3019 3019 E ArmVmp : Match on catch block at 0xc3 in for 0xa5
02-19 18:27:47.259 3019 3019 E ArmVmp : Match on catch block at 0xc3 in for 0xa5
02-19 18:27:47.261 3019 3019 E ArmVmp : Match on catch block at 0xc3 in for 0xa9
02-19 18:27:47.277 3019 3019 E ArmVmp : Match on catch block at 0xc3 in for 0xa1
02-19 18:27:47.279 3019 3019 E ArmVmp : Match on catch block at 0xc3 in for 0xa5
02-19 18:27:47.773 3019 3019 E ArmVmp : Match on catch block at 0xc3 in for 0xa5
02-19 18:27:47.776 3019 3019 E ArmVmp : Match on catch block at 0xc3 in for 0xa9
02-19 18:27:47.840 3019 3019 E ArmVmp : Match on catch block at 0xc3 in for 0xa9
02-19 18:27:47.843 3019 3019 E ArmVmp : Match on catch block at 0xc3 in for 0xa1
02-19 18:27:47.857 3019 3019 E ArmVmp : Match on catch block at 0xc3 in for 0xa1
02-19 18:27:47.860 3019 3019 E ArmVmp : Match on catch block at 0xc3 in for 0xa5
02-19 18:27:47.873 3019 3019 E ArmVmp : Match on catch block at 0xc3 in for 0xa5
02-19 18:27:47.876 3019 3019 E ArmVmp : Match on catch block at 0xc3 in for 0xa9
02-19 18:27:47.889 3019 3019 E ArmVmp : Match on catch block at 0xc3 in for 0xa9
02-19 18:27:47.892 3019 3019 E ArmVmp : Match on catch block at 0xc3 in for 0xa1
02-19 18:27:47.907 3019 3019 E ArmVmp : Match on catch block at 0xc3 in for 0xa1
02-19 18:27:47.909 3019 3019 E ArmVmp : Match on catch block at 0xc3 in for 0xa5
02-19 18:27:47.923 3019 3019 E ArmVmp : Match on catch block at 0xc3 in for 0xa5
02-19 18:27:47.926 3019 3019 E ArmVmp : Match on catch block at 0xc3 in for 0xa9
02-19 18:27:47.940 3019 3019 E ArmVmp : Match on catch block at 0xc3 in for 0xa9
02-19 18:27:47.943 3019 3019 E ArmVmp : Match on catch block at 0xc3 in for 0xa1
02-19 18:27:47.956 3019 3019 E ArmVmp : Match on catch block at 0xc3 in for 0xa1
02-19 18:27:47.959 3019 3019 E ArmVmp : Match on catch block at 0xc3 in for 0xa5
02-19 18:27:47.973 3019 3019 E ArmVmp : Match on catch block at 0xc3 in for 0xa5
02-19 18:27:47.975 3019 3019 E ArmVmp : Match on catch block at 0xc3 in for 0xa9
02-19 18:27:47.989 3019 3019 E ArmVmp : Match on catch block at 0xc3 in for 0xa9
02-19 18:27:47.992 3019 3019 E ArmVmp : Match on catch block at 0xc3 in for 0xa1
02-19 18:27:48.006 3019 3019 E ArmVmp : Match on catch block at 0xc3 in for 0xa1
02-19 18:27:48.009 3019 3019 E ArmVmp : Match on catch block at 0xc3 in for 0xa5
02-19 18:27:48.022 3019 3019 E ArmVmp : Match on catch block at 0xc3 in for 0xa5
02-19 18:27:48.026 3019 3019 E ArmVmp : Match on catch block at 0xc3 in for 0xa9
02-19 18:27:48.040 3019 3019 E ArmVmp : Match on catch block at 0xc3 in for 0xa9
02-19 18:27:48.043 3019 3019 E ArmVmp : Match on catch block at 0xc3 in for 0xa1
02-19 18:27:48.056 3019 3019 E ArmVmp : Match on catch block at 0xc3 in for 0xa1
02-19 18:27:48.059 3019 3019 E ArmVmp : Match on catch block at 0xc3 in for 0xa5
02-19 18:27:48.072 3019 3019 E ArmVmp : Match on catch block at 0xc3 in for 0xa5
02-19 18:27:48.075 3019 3019 E ArmVmp : Match on catch block at 0xc3 in for 0xa9
02-19 18:27:48.089 3019 3019 E ArmVmp : Match on catch block at 0xc3 in for 0xa9
02-19 18:27:48.092 3019 3019 E ArmVmp : Match on catch block at 0xc3 in for 0xa1
02-19 18:27:48.106 3019 3019 E ArmVmp : Match on catch block at 0xc3 in for 0xa1
02-19 18:27:48.109 3019 3019 E ArmVmp : Match on catch block at 0xc3 in for 0xa5
02-19 18:27:48.122 3019 3019 E ArmVmp : Match on catch block at 0xc3 in for 0xa5
02-19 18:27:48.125 3019 3019 E ArmVmp : Match on catch block at 0xc3 in for 0xa9
02-19 18:27:48.139 3019 3019 E ArmVmp : Match on catch block at 0xc3 in for 0xa9
02-19 18:27:48.142 3019 3019 E ArmVmp : Match on catch block at 0xc3 in for 0xa1
02-19 18:27:48.273 3019 3019 E ArmVmp : Match on catch block at 0xc3 in for 0xa1
02-19 18:27:48.276 3019 3019 E ArmVmp : Match on catch block at 0xc3 in for 0xa5
02-19 18:27:48.772 3019 3019 E ArmVmp : Match on catch block at 0xc3 in for 0xa5
02-19 18:27:48.775 3019 3019 E ArmVmp : Match on catch block at 0xc3 in for 0xa9
02-19 18:27:48.855 3019 3019 E ArmVmp : Match on catch block at 0xc3 in for 0xa9
02-19 18:27:48.859 3019 3019 E ArmVmp : Match on catch block at 0xc3 in for 0xa1
02-19 18:27:48.871 3019 3019 E ArmVmp : Match on catch block at 0xc3 in for 0xa1
02-19 18:27:48.875 3019 3019 E ArmVmp : Match on catch block at 0xc3 in for 0xa5
02-19 18:27:48.888 3019 3019 E ArmVmp : Match on catch block at 0xc3 in for 0xa5
02-19 18:27:48.891 3019 3019 E ArmVmp : Match on catch block at 0xc3 in for 0xa9
02-19 18:27:48.905 3019 3019 E ArmVmp : Match on catch block at 0xc3 in for 0xa9
02-19 18:27:48.909 3019 3019 E ArmVmp : Match on catch block at 0xc3 in for 0xa1
02-19 18:27:48.921 3019 3019 E ArmVmp : Match on catch block at 0xc3 in for 0xa1
02-19 18:27:48.924 3019 3019 E ArmVmp : Match on catch block at 0xc3 in for 0xa5
02-19 18:27:48.938 3019 3019 E ArmVmp : Match on catch block at 0xc3 in for 0xa5
02-19 18:27:48.940 3019 3019 E ArmVmp : Match on catch block at 0xc3 in for 0xa9
02-19 18:27:48.954 3019 3019 E ArmVmp : Match on catch block at 0xc3 in for 0xa9
02-19 18:27:48.957 3019 3019 E ArmVmp : Match on catch block at 0xc3 in for 0xa1
02-19 18:27:48.971 3019 3019 E ArmVmp : Match on catch block at 0xc3 in for 0xa1
02-19 18:27:48.974 3019 3019 E ArmVmp : Match on catch block at 0xc3 in for 0xa5
02-19 18:27:48.988 3019 3019 E ArmVmp : Match on catch block at 0xc3 in for 0xa5
02-19 18:27:48.991 3019 3019 E ArmVmp : Match on catch block at 0xc3 in for 0xa9
02-19 18:27:49.004 3019 3019 E ArmVmp : Match on catch block at 0xc3 in for 0xa9
02-19 18:27:49.007 3019 3019 E ArmVmp : Match on catch block at 0xc3 in for 0xa1
02-19 18:27:49.021 3019 3019 E ArmVmp : Match on catch block at 0xc3 in for 0xa1
02-19 18:27:49.024 3019 3019 E ArmVmp : Match on catch block at 0xc3 in for 0xa5
02-19 18:27:49.037 3019 3019 E ArmVmp : Match on catch block at 0xc3 in for 0xa5
02-19 18:27:49.040 3019 3019 E ArmVmp : Match on catch block at 0xc3 in for 0xa9
02-19 18:27:49.054 3019 3019 E ArmVmp : Match on catch block at 0xc3 in for 0xa9
02-19 18:27:49.057 3019 3019 E ArmVmp : Match on catch block at 0xc3 in for 0xa1
02-19 18:27:49.071 3019 3019 E ArmVmp : Match on catch block at 0xc3 in for 0xa1
02-19 18:27:49.074 3019 3019 E ArmVmp : Match on catch block at 0xc3 in for 0xa5
02-19 18:27:49.087 3019 3019 E ArmVmp : Match on catch block at 0xc3 in for 0xa5
02-19 18:27:49.090 3019 3019 E ArmVmp : Match on catch block at 0xc3 in for 0xa9
02-19 18:27:49.104 3019 3019 E ArmVmp : Match on catch block at 0xc3 in for 0xa9
02-19 18:27:49.107 3019 3019 E ArmVmp : Match on catch block at 0xc3 in for 0xa1
02-19 18:27:49.271 3019 3019 E ArmVmp : Match on catch block at 0xc3 in for 0xa1
02-19 18:27:49.274 3019 3019 E ArmVmp : Match on catch block at 0xc3 in for 0xa5
02-19 18:27:49.787 3019 3019 E ArmVmp : Match on catch block at 0xc3 in for 0xa5
02-19 18:27:49.790 3019 3019 E ArmVmp : Match on catch block at 0xc3 in for 0xa9
02-19 18:27:50.287 3019 3019 E ArmVmp : Match on catch block at 0xc3 in for 0xa5
02-19 18:27:50.291 3019 3019 E ArmVmp : Match on catch block at 0xc3 in for 0xa9
02-19 18:27:50.784 3019 3019 E ArmVmp : Match on catch block at 0xc3 in for 0xa9
02-19 18:27:50.788 3019 3019 E ArmVmp : Match on catch block at 0xc3 in for 0xa1
02-19 18:27:51.284 3019 3019 E ArmVmp : Match on catch block at 0xc3 in for 0xa1
02-19 18:27:51.288 3019 3019 E ArmVmp : Match on catch block at 0xc3 in for 0xa5
02-19 18:27:51.783 3019 3019 E ArmVmp : Match on catch block at 0xc3 in for 0xa1
02-19 18:27:51.786 3019 3019 E ArmVmp : Match on catch block at 0xc3 in for 0xa5
02-19 18:27:52.067 3019 3019 E ArmVmp : Match on catch block at 0xc3 in for 0xa5
02-19 18:27:52.070 3019 3019 E ArmVmp : Match on catch block at 0xc3 in for 0xa9
02-19 18:27:52.106 3019 3019 E ArmVmp : Match on catch block at 0xc3 in for 0xa5
02-19 18:27:52.109 3019 3019 E ArmVmp : Match on catch block at 0xc3 in for 0xa9
02-19 18:27:52.118 3019 3098 E FrameEvents: updateAcquireFence: Did not find
frame.
02-19 18:27:52.184 3019 3019 W ResourceType: Bad XML block: header size 18254 or
total size 169478669 is larger than data size 231
02-19 18:27:52.187 3019 3019 W ResourceType: Bad XML block: header size 18254 or
total size 169478669 is larger than data size 431
02-19 18:27:52.196 3019 3019 W ResourceType: Bad XML block: header size 18254 or
total size 169478669 is larger than data size 376
02-19 18:27:52.200 3019 3019 W ResourceType: Bad XML block: header size 18254 or
total size 169478669 is larger than data size 168
02-19 18:27:52.205 3019 3019 W ResourceType: Bad XML block: header size 18254 or
total size 169478669 is larger than data size 571
02-19 18:27:52.211 3019 3019 W ResourceType: Bad XML block: header size 18254 or
total size 169478669 is larger than data size 193
02-19 18:27:52.214 3019 3019 W ResourceType: Bad XML block: header size 18254 or
total size 169478669 is larger than data size 363
02-19 18:27:52.217 3019 3019 W ResourceType: Bad XML block: header size 18254 or
total size 169478669 is larger than data size 630
02-19 18:27:52.220 3019 3019 W ResourceType: Bad XML block: header size 18254 or
total size 169478669 is larger than data size 313
02-19 18:27:52.223 3019 3019 W ResourceType: Bad XML block: header size 18254 or
total size 169478669 is larger than data size 630
02-19 18:27:52.225 3019 3019 W ResourceType: Bad XML block: header size 18254 or
total size 169478669 is larger than data size 457
02-19 18:27:52.228 3019 3019 W ResourceType: Bad XML block: header size 18254 or
total size 169478669 is larger than data size 343
02-19 18:27:52.234 3019 3019 W ResourceType: Bad XML block: header size 18254 or
total size 169478669 is larger than data size 589
02-19 18:27:52.237 3019 3019 W ResourceType: Bad XML block: header size 18254 or
total size 169478669 is larger than data size 293
02-19 18:27:52.249 3019 3019 W ResourceType: Bad XML block: header size 18254 or
total size 169478669 is larger than data size 547
02-19 18:27:52.281 3019 3019 W ResourceType: Bad XML block: header size 18254 or
total size 169478669 is larger than data size 363
02-19 18:27:52.316 3019 3019 W View : requestLayout() improperly called by
android.widget.Space{512aa42 I.ED..... ......I. 20,61-27,68 #7f0b00ba
app:id/action_tile_spacing} during layout: running second layout pass
02-19 18:27:52.316 3019 3019 W View : requestLayout() improperly called by
android.widget.Space{9deca53 I.ED..... ......I. 20,61-27,68 #7f0b00ba
app:id/action_tile_spacing} during layout: running second layout pass
02-19 18:27:52.316 3019 3019 W View : requestLayout() improperly called by
android.widget.Space{4b39f90 I.ED..... ......I. 20,61-27,68 #7f0b00ba
app:id/action_tile_spacing} during layout: running second layout pass
02-19 18:27:52.337 3019 3019 E ArmVmp : Match on catch block at 0xc3 in for 0xa1
02-19 18:27:52.340 3019 3019 E ArmVmp : Match on catch block at 0xc3 in for 0xa5
02-19 18:27:52.460 3019 3019 E ArmVmp : Match on catch block at 0xc3 in for 0xa1
02-19 18:27:52.463 3019 3019 E ArmVmp : Match on catch block at 0xc3 in for 0xa5
02-19 18:27:52.496 3019 3033 W System : A resource failed to call release.
02-19 18:27:52.716 3019 3019 E ArmVmp : Match on catch block at 0xc3 in for 0xa5
02-19 18:27:52.719 3019 3019 E ArmVmp : Match on catch block at 0xc3 in for 0xa9
02-19 18:27:52.863 3019 3019 W ResourceType: Bad XML block: header size 18254 or
total size 169478669 is larger than data size 363
02-19 18:27:57.112 3019 3019 E Dialog : show dialog
view=DecorView@f99193c[ContactInfoActivity]
02-19 18:27:57.574 3019 3019 W InputEventReceiver: Attempted to finish an input
event but the input event receiver has already been disposed.
02-19 18:27:57.939 3019 3019 E Dialog : show dialog
view=DecorView@93eb555[ContactInfoActivity]
02-19 18:27:58.202 3019 3019 W InputEventReceiver: Attempted to finish an input
event but the input event receiver has already been disposed.
02-19 18:27:59.194 3019 3019 E Dialog : show dialog
view=DecorView@a299659[ContactInfoActivity]
02-19 18:27:59.831 3019 3019 W InputEventReceiver: Attempted to finish an input
event but the input event receiver has already been disposed.
02-19 18:27:59.958 3019 3019 W BottomSheetBehavior: BottomSheetBehavior now
supports multiple callbacks. `setBottomSheetCallback()` removes all existing
callbacks, including ones set internally by library authors, which may result in
unintended behavior. This may change in the future. Please use
`addBottomSheetCallback()` and `removeBottomSheetCallback()` instead to set your
own callbacks.
02-19 18:27:59.958 3019 3019 W BottomSheetBehavior: BottomSheetBehavior now
supports multiple callbacks. `setBottomSheetCallback()` removes all existing
callbacks, including ones set internally by library authors, which may result in
unintended behavior. This may change in the future. Please use
`addBottomSheetCallback()` and `removeBottomSheetCallback()` instead to set your
own callbacks.
02-19 18:28:00.047 3019 3019 E RecyclerView: No adapter attached; skipping layout
02-19 18:28:00.114 3019 3782 W AudioCapabilities: Unsupported mime audio/mpeg-L1
02-19 18:28:00.115 3019 3782 W AudioCapabilities: Unsupported mime audio/mpeg-L2
02-19 18:28:00.120 3019 3782 W VideoCapabilities: Unrecognized profile/level
32768/2 for video/mp4v-es
02-19 18:28:00.120 3019 3782 W VideoCapabilities: Unrecognized profile/level
32768/64 for video/mp4v-es
02-19 18:28:00.150 3019 3791 E ACodec : [OMX.sprd.h264.decoder] setPortMode on
output to DynamicANWBuffer failed w/ err -2147483648
02-19 18:28:00.226 3019 3795 W Codec2Client: query -- param skipped: index =
1107298332.
02-19 18:28:00.226 3019 3795 W CCodec : This behavior is subject to change. It
is recommended that app developers double check whether the requested max input
size is in reasonable range.
02-19 18:28:00.232 3019 3795 W Codec2Client: query -- param skipped: index =
1342179345.
02-19 18:28:00.232 3019 3795 W Codec2Client: query -- param skipped: index =
2415921170.
02-19 18:28:00.232 3019 3795 W Codec2Client: query -- param skipped: index =
1610614798.
02-19 18:28:00.236 3019 3795 E FMQ : grantorIdx must be less than 3
02-19 18:28:00.236 3019 3795 E FMQ : grantorIdx must be less than 3
02-19 18:28:00.238 3019 3795 E ion : ioctl c0044901 failed with code -1:
Inappropriate ioctl for device
02-19 18:28:00.240 3019 3795 E FMQ : grantorIdx must be less than 3
02-19 18:28:00.251 3019 3792 E FMQ : grantorIdx must be less than 3
02-19 18:28:00.267 3019 3019 W RenderThread: type=1400 audit(0.0:162189): avc:
denied { getattr } for name="dmabuf:" dev="dmabuf" ino=1
scontext=u:r:untrusted_app:s0:c30,c257,c512,c768 tcontext=u:object_r:unlabeled:s0
tclass=filesystem permissive=0 app=com.mbwhatsapp
02-19 18:28:00.379 3019 3019 W RenderThread: type=1400 audit(0.0:162190): avc:
denied { getattr } for name="dmabuf:" dev="dmabuf" ino=1
scontext=u:r:untrusted_app:s0:c30,c257,c512,c768 tcontext=u:object_r:unlabeled:s0
tclass=filesystem permissive=0 app=com.mbwhatsapp
02-19 18:28:00.415 3019 3019 W RenderThread: type=1400 audit(0.0:162191): avc:
denied { getattr } for name="dmabuf:" dev="dmabuf" ino=1
scontext=u:r:untrusted_app:s0:c30,c257,c512,c768 tcontext=u:object_r:unlabeled:s0
tclass=filesystem permissive=0 app=com.mbwhatsapp
02-19 18:28:00.479 3019 3019 W RenderThread: type=1400 audit(0.0:162192): avc:
denied { getattr } for name="dmabuf:" dev="dmabuf" ino=1
scontext=u:r:untrusted_app:s0:c30,c257,c512,c768 tcontext=u:object_r:unlabeled:s0
tclass=filesystem permissive=0 app=com.mbwhatsapp
02-19 18:28:00.547 3019 3019 W RenderThread: type=1400 audit(0.0:162193): avc:
denied { getattr } for name="dmabuf:" dev="dmabuf" ino=1
scontext=u:r:untrusted_app:s0:c30,c257,c512,c768 tcontext=u:object_r:unlabeled:s0
tclass=filesystem permissive=0 app=com.mbwhatsapp
02-19 18:28:00.599 3019 3019 W RenderThread: type=1400 audit(0.0:162194): avc:
denied { getattr } for name="dmabuf:" dev="dmabuf" ino=1
scontext=u:r:untrusted_app:s0:c30,c257,c512,c768 tcontext=u:object_r:unlabeled:s0
tclass=filesystem permissive=0 app=com.mbwhatsapp
02-19 18:28:00.631 3019 3019 W RenderThread: type=1400 audit(0.0:162195): avc:
denied { getattr } for name="dmabuf:" dev="dmabuf" ino=1
scontext=u:r:untrusted_app:s0:c30,c257,c512,c768 tcontext=u:object_r:unlabeled:s0
tclass=filesystem permissive=0 app=com.mbwhatsapp
02-19 18:28:10.678 3019 3795 W Codec2Client: query -- param skipped: index =
1342179345.
02-19 18:28:10.678 3019 3795 W Codec2Client: query -- param skipped: index =
2415921170.
02-19 18:28:10.678 3019 3795 W Codec2Client: query -- param skipped: index =
1610614798.
02-19 18:28:11.108 3019 3019 E ArmVmp : Match on catch block at 0x0a in for 0xc1
02-19 18:28:11.110 3019 3019 E ArmVmp : Match on catch block at 0x0a in for 0xc9
02-19 18:28:11.136 3019 3019 E ArmVmp : Match on catch block at 0xc3 in for 0xa1
02-19 18:28:11.139 3019 3019 E ArmVmp : Match on catch block at 0xc3 in for 0xa5
02-19 18:28:11.142 3019 3098 E FrameEvents: updateAcquireFence: Did not find
frame.
02-19 18:28:11.152 3019 3019 E ArmVmp : Match on catch block at 0xc3 in for 0xa9
02-19 18:28:11.154 3019 3019 E ArmVmp : Match on catch block at 0xc3 in for 0xa1
02-19 18:28:11.175 3019 3019 E ArmVmp : Match on catch block at 0xc3 in for 0xa9
02-19 18:28:11.178 3019 3019 E ArmVmp : Match on catch block at 0xc3 in for 0xa1
02-19 18:28:11.535 3019 3019 E ArmVmp : Match on catch block at 0xc3 in for 0xa1
02-19 18:28:11.538 3019 3019 E ArmVmp : Match on catch block at 0xc3 in for 0xa5
02-19 18:28:11.553 3019 3019 E ArmVmp : Match on catch block at 0xc3 in for 0xa5
02-19 18:28:11.555 3019 3019 E ArmVmp : Match on catch block at 0xc3 in for 0xa9
02-19 18:28:11.567 3019 3019 E ArmVmp : Match on catch block at 0xc3 in for 0xa9
02-19 18:28:11.569 3019 3019 E ArmVmp : Match on catch block at 0xc3 in for 0xa1
02-19 18:28:11.674 3019 3019 E ArmVmp : Match on catch block at 0xc3 in for 0xa5
02-19 18:28:11.676 3019 3019 E ArmVmp : Match on catch block at 0xc3 in for 0xa9
02-19 18:28:11.691 3019 3019 E ArmVmp : Match on catch block at 0xc3 in for 0xa1
02-19 18:28:11.693 3019 3019 E ArmVmp : Match on catch block at 0xc3 in for 0xa5
02-19 18:28:11.933 3019 3019 E ArmVmp : Match on catch block at 0xc3 in for 0xa5
02-19 18:28:11.936 3019 3019 E ArmVmp : Match on catch block at 0xc3 in for 0xa9
02-19 18:28:11.949 3019 3019 E ArmVmp : Match on catch block at 0xc3 in for 0xa9
02-19 18:28:11.952 3019 3019 E ArmVmp : Match on catch block at 0xc3 in for 0xa1
02-19 18:28:11.966 3019 3019 E ArmVmp : Match on catch block at 0xc3 in for 0xa1
02-19 18:28:11.969 3019 3019 E ArmVmp : Match on catch block at 0xc3 in for 0xa5
02-19 18:28:11.983 3019 3019 E ArmVmp : Match on catch block at 0xc3 in for 0xa5
02-19 18:28:11.984 3019 3019 E ArmVmp : Match on catch block at 0xc3 in for 0xa9
02-19 18:28:11.999 3019 3019 E ArmVmp : Match on catch block at 0xc3 in for 0xa9
02-19 18:28:12.001 3019 3019 E ArmVmp : Match on catch block at 0xc3 in for 0xa1
02-19 18:28:12.017 3019 3019 E ArmVmp : Match on catch block at 0xc3 in for 0xa1
02-19 18:28:12.020 3019 3019 E ArmVmp : Match on catch block at 0xc3 in for 0xa5
02-19 18:28:12.033 3019 3019 E ArmVmp : Match on catch block at 0xc3 in for 0xa5
02-19 18:28:12.036 3019 3019 E ArmVmp : Match on catch block at 0xc3 in for 0xa9
02-19 18:28:12.050 3019 3019 E ArmVmp : Match on catch block at 0xc3 in for 0xa9
02-19 18:28:12.053 3019 3019 E ArmVmp : Match on catch block at 0xc3 in for 0xa1
02-19 18:28:12.067 3019 3019 E ArmVmp : Match on catch block at 0xc3 in for 0xa1
02-19 18:28:12.071 3019 3019 E ArmVmp : Match on catch block at 0xc3 in for 0xa5
02-19 18:28:12.083 3019 3019 E ArmVmp : Match on catch block at 0xc3 in for 0xa5
02-19 18:28:12.086 3019 3019 E ArmVmp : Match on catch block at 0xc3 in for 0xa9
02-19 18:28:12.100 3019 3019 E ArmVmp : Match on catch block at 0xc3 in for 0xa9
02-19 18:28:12.103 3019 3019 E ArmVmp : Match on catch block at 0xc3 in for 0xa1
02-19 18:28:12.117 3019 3019 E ArmVmp : Match on catch block at 0xc3 in for 0xa1
02-19 18:28:12.120 3019 3019 E ArmVmp : Match on catch block at 0xc3 in for 0xa5
02-19 18:28:12.134 3019 3019 E ArmVmp : Match on catch block at 0xc3 in for 0xa5
02-19 18:28:12.137 3019 3019 E ArmVmp : Match on catch block at 0xc3 in for 0xa9
02-19 18:28:12.150 3019 3019 E ArmVmp : Match on catch block at 0xc3 in for 0xa9
02-19 18:28:12.153 3019 3019 E ArmVmp : Match on catch block at 0xc3 in for 0xa1
02-19 18:28:12.166 3019 3019 E ArmVmp : Match on catch block at 0xc3 in for 0xa1
02-19 18:28:12.169 3019 3019 E ArmVmp : Match on catch block at 0xc3 in for 0xa5
02-19 18:28:12.183 3019 3019 E ArmVmp : Match on catch block at 0xc3 in for 0xa5
02-19 18:28:12.186 3019 3019 E ArmVmp : Match on catch block at 0xc3 in for 0xa9
02-19 18:28:12.201 3019 3019 E ArmVmp : Match on catch block at 0xc3 in for 0xa9
02-19 18:28:12.203 3019 3019 E ArmVmp : Match on catch block at 0xc3 in for 0xa1
02-19 18:28:12.216 3019 3019 E ArmVmp : Match on catch block at 0xc3 in for 0xa9
02-19 18:28:12.218 3019 3019 E ArmVmp : Match on catch block at 0xc3 in for 0xa1
02-19 18:28:12.232 3019 3019 E ArmVmp : Match on catch block at 0xc3 in for 0xa5
02-19 18:28:12.235 3019 3019 E ArmVmp : Match on catch block at 0xc3 in for 0xa9
02-19 18:28:12.260 3019 3019 E ArmVmp : Match on catch block at 0xc3 in for 0xa9
02-19 18:28:12.262 3019 3019 E ArmVmp : Match on catch block at 0xc3 in for 0xa1
02-19 18:28:12.278 3019 3019 E ArmVmp : Match on catch block at 0xc3 in for 0xa1
02-19 18:28:12.280 3019 3019 E ArmVmp : Match on catch block at 0xc3 in for 0xa5
02-19 18:28:12.314 3019 3019 E ArmVmp : Match on catch block at 0xc3 in for 0xa1
02-19 18:28:12.316 3019 3019 E ArmVmp : Match on catch block at 0xc3 in for 0xa5
02-19 18:28:12.760 3019 3019 E ArmVmp : Match on catch block at 0xc3 in for 0xa5
02-19 18:28:12.762 3019 3019 E ArmVmp : Match on catch block at 0xc3 in for 0xa9
02-19 18:28:17.069 3019 3019 W BottomSheetBehavior: BottomSheetBehavior now
supports multiple callbacks. `setBottomSheetCallback()` removes all existing
callbacks, including ones set internally by library authors, which may result in
unintended behavior. This may change in the future. Please use
`addBottomSheetCallback()` and `removeBottomSheetCallback()` instead to set your
own callbacks.
02-19 18:28:17.069 3019 3019 W BottomSheetBehavior: BottomSheetBehavior now
supports multiple callbacks. `setBottomSheetCallback()` removes all existing
callbacks, including ones set internally by library authors, which may result in
unintended behavior. This may change in the future. Please use
`addBottomSheetCallback()` and `removeBottomSheetCallback()` instead to set your
own callbacks.
02-19 18:28:17.084 3019 3019 W BottomSheetBehavior: BottomSheetBehavior now
supports multiple callbacks. `setBottomSheetCallback()` removes all existing
callbacks, including ones set internally by library authors, which may result in
unintended behavior. This may change in the future. Please use
`addBottomSheetCallback()` and `removeBottomSheetCallback()` instead to set your
own callbacks.
02-19 18:28:17.084 3019 3019 W BottomSheetBehavior: BottomSheetBehavior now
supports multiple callbacks. `setBottomSheetCallback()` removes all existing
callbacks, including ones set internally by library authors, which may result in
unintended behavior. This may change in the future. Please use
`addBottomSheetCallback()` and `removeBottomSheetCallback()` instead to set your
own callbacks.
02-19 18:28:17.093 3019 3019 W BottomSheetBehavior: BottomSheetBehavior now
supports multiple callbacks. `setBottomSheetCallback()` removes all existing
callbacks, including ones set internally by library authors, which may result in
unintended behavior. This may change in the future. Please use
`addBottomSheetCallback()` and `removeBottomSheetCallback()` instead to set your
own callbacks.
02-19 18:28:17.093 3019 3019 W BottomSheetBehavior: BottomSheetBehavior now
supports multiple callbacks. `setBottomSheetCallback()` removes all existing
callbacks, including ones set internally by library authors, which may result in
unintended behavior. This may change in the future. Please use
`addBottomSheetCallback()` and `removeBottomSheetCallback()` instead to set your
own callbacks.
02-19 18:28:17.112 3019 3019 E RecyclerView: No adapter attached; skipping layout
02-19 18:28:17.112 3019 3019 E RecyclerView: No adapter attached; skipping layout
02-19 18:28:17.695 3019 3068 E SQLiteDatabase: Error inserting transferred=1
media_job_uuid=9f594fff-9268-4075-b28f-af7aa4231fe5 transcoded=0 gif_attribution=0
first_scan_length=5000 direct_path=/v/t62.7118-
24/30979758_1752992431873475_1464968083176913296_n.enc?ccb=11-
4&oh=01_AdQOQlOc3MHibxH0QD9BH0FCawmxPF2p2cVJPF8bl846xA&oe=65FAA678&_nc_sid=5e03e0
thumbnail_height_width_ratio=1.3521127 is_animated_sticker=0
file_hash=w9wQAbOjsoDP09857UllpR10vTnOTOUTcT5oEVIWl2U=
file_path=Media/.Statuses/1c0e7c34d44d4c2185d339444557dd77.jpg file_size=38269
partial_media_hash=Vy8xigSwD4oiVBd/FqJxk6CurVGBmuiVZuaMA9noiIc= face_x=0 face_y=0
height=1040 trim_to=0 media_key_timestamp=1708338461000
message_url=https://mmg.whatsapp.net/v/t62.7118-
24/30979758_1752992431873475_1464968083176913296_n.enc?ccb=11-
4&oh=01_AdQOQlOc3MHibxH0QD9BH0FCawmxPF2p2cVJPF8bl846xA&oe=65FAA678&_nc_sid=5e03e0&m
ms3=true media_caption=null trim_from=0 mime_type=image/jpeg
partial_media_enc_hash=null width=780 original_file_hash=null
has_streaming_sidecar=1 autotransfer_retry_enabled=1 media_upload_handle=null
message_row_id=26386 multicast_id=null
enc_file_hash=H/gMeNM0n2Bbvz5rRy2r/Gi+CbuBgzwAaQXHMZ/BXtM= mute_video=0
page_count=0 first_scan_sidecar=[B@4e0f411 suspicious_content=0 file_length=38269
media_name=null media_duration=0 chat_row_id=88 media_key=[B@44b4976
02-19 18:28:17.695 3019 3068 E SQLiteDatabase:
android.database.sqlite.SQLiteConstraintException: UNIQUE constraint failed:
message_media.message_row_id (code 1555 SQLITE_CONSTRAINT_PRIMARYKEY)
02-19 18:28:17.695 3019 3068 E SQLiteDatabase: at
android.database.sqlite.SQLiteConnection.nativeExecuteForLastInsertedRowId(Native
Method)
02-19 18:28:17.695 3019 3068 E SQLiteDatabase: at
android.database.sqlite.SQLiteConnection.executeForLastInsertedRowId(SQLiteConnecti
on.java:938)
02-19 18:28:17.695 3019 3068 E SQLiteDatabase: at
android.database.sqlite.SQLiteSession.executeForLastInsertedRowId(SQLiteSession.jav
a:790)
02-19 18:28:17.695 3019 3068 E SQLiteDatabase: at
android.database.sqlite.SQLiteStatement.executeInsert(SQLiteStatement.java:88)
02-19 18:28:17.695 3019 3068 E SQLiteDatabase: at
android.database.sqlite.SQLiteDatabase.insertWithOnConflict(SQLiteDatabase.java:170
1)
02-19 18:28:17.695 3019 3068 E SQLiteDatabase: at
android.database.sqlite.SQLiteDatabase.insert(SQLiteDatabase.java:1570)
02-19 18:28:17.695 3019 3068 E SQLiteDatabase: at X.2tm.A08(Unknown
Source:6)
02-19 18:28:17.695 3019 3068 E SQLiteDatabase: at X.35Y.A07(Unknown
Source:212)
02-19 18:28:17.695 3019 3068 E SQLiteDatabase: at X.3QF.A14(Unknown
Source:470)
02-19 18:28:17.695 3019 3068 E SQLiteDatabase: at X.3gU.run(Unknown
Source:982)
02-19 18:28:17.695 3019 3068 E SQLiteDatabase: at
android.os.Handler.handleCallback(Handler.java:938)
02-19 18:28:17.695 3019 3068 E SQLiteDatabase: at
android.os.Handler.dispatchMessage(Handler.java:99)
02-19 18:28:17.695 3019 3068 E SQLiteDatabase: at
X.0zq.dispatchMessage(Unknown Source:4)
02-19 18:28:17.695 3019 3068 E SQLiteDatabase: at
android.os.Looper.loop(Looper.java:223)
02-19 18:28:17.695 3019 3068 E SQLiteDatabase: at
android.os.HandlerThread.run(HandlerThread.java:67)
02-19 18:28:18.196 3019 3033 W System : A resource failed to call release.
02-19 18:28:18.308 3019 3068 E SQLiteDatabase: Error inserting transferred=0
media_job_uuid=5f366a00-ff2a-45cf-86ce-eef92e83a732 transcoded=0 gif_attribution=0
first_scan_length=0 direct_path=/v/t62.7161-
24/29713830_1089566749047803_4652389876078303847_n.enc?ccb=11-
4&oh=01_AdS3_ZCBlbFCcYrL8f18y0pDghCz3xyqhmJbBzmvETuapQ&oe=65FA868C&_nc_sid=5e03e0
thumbnail_height_width_ratio=1.7777778 is_animated_sticker=0
file_hash=EyA/NIdD+h6P45VFXyPNbBhwBsnKKV1twsB2HET9MoA= file_path=null file_size=0
partial_media_hash=null face_x=0 face_y=0 height=1280 trim_to=0
media_key_timestamp=1708338463000 message_url=https://mmg.whatsapp.net/v/t62.7161-
24/29713830_1089566749047803_4652389876078303847_n.enc?ccb=11-
4&oh=01_AdS3_ZCBlbFCcYrL8f18y0pDghCz3xyqhmJbBzmvETuapQ&oe=65FA868C&_nc_sid=5e03e0&m
ms3=true media_caption=null trim_from=0 mime_type=video/mp4
partial_media_enc_hash=null width=720 original_file_hash=null
has_streaming_sidecar=1 autotransfer_retry_enabled=1 media_upload_handle=null
message_row_id=26387 multicast_id=null
enc_file_hash=O2m7rYXgnueU+UI2O+1WAKCjQcwMiVxNrU8R3NLzDdo= mute_video=0
page_count=0 first_scan_sidecar=null suspicious_content=0 file_length=1069402
media_name=null media_duration=30 chat_row_id=88 media_key=[B@4774081
02-19 18:28:18.308 3019 3068 E SQLiteDatabase:
android.database.sqlite.SQLiteConstraintException: UNIQUE constraint failed:
message_media.message_row_id (code 1555 SQLITE_CONSTRAINT_PRIMARYKEY)
02-19 18:28:18.308 3019 3068 E SQLiteDatabase: at
android.database.sqlite.SQLiteConnection.nativeExecuteForLastInsertedRowId(Native
Method)
02-19 18:28:18.308 3019 3068 E SQLiteDatabase: at
android.database.sqlite.SQLiteConnection.executeForLastInsertedRowId(SQLiteConnecti
on.java:938)
02-19 18:28:18.308 3019 3068 E SQLiteDatabase: at
android.database.sqlite.SQLiteSession.executeForLastInsertedRowId(SQLiteSession.jav
a:790)
02-19 18:28:18.308 3019 3068 E SQLiteDatabase: at
android.database.sqlite.SQLiteStatement.executeInsert(SQLiteStatement.java:88)
02-19 18:28:18.308 3019 3068 E SQLiteDatabase: at
android.database.sqlite.SQLiteDatabase.insertWithOnConflict(SQLiteDatabase.java:170
1)
02-19 18:28:18.308 3019 3068 E SQLiteDatabase: at
android.database.sqlite.SQLiteDatabase.insert(SQLiteDatabase.java:1570)
02-19 18:28:18.308 3019 3068 E SQLiteDatabase: at X.2tm.A08(Unknown
Source:6)
02-19 18:28:18.308 3019 3068 E SQLiteDatabase: at X.35Y.A07(Unknown
Source:212)
02-19 18:28:18.308 3019 3068 E SQLiteDatabase: at X.3QF.A14(Unknown
Source:470)
02-19 18:28:18.308 3019 3068 E SQLiteDatabase: at X.3gU.run(Unknown
Source:982)
02-19 18:28:18.308 3019 3068 E SQLiteDatabase: at
android.os.Handler.handleCallback(Handler.java:938)
02-19 18:28:18.308 3019 3068 E SQLiteDatabase: at
android.os.Handler.dispatchMessage(Handler.java:99)
02-19 18:28:18.308 3019 3068 E SQLiteDatabase: at
X.0zq.dispatchMessage(Unknown Source:4)
02-19 18:28:18.308 3019 3068 E SQLiteDatabase: at
android.os.Looper.loop(Looper.java:223)
02-19 18:28:18.308 3019 3068 E SQLiteDatabase: at
android.os.HandlerThread.run(HandlerThread.java:67)
02-19 18:28:25.152 3019 3033 W System : A resource failed to call release.
02-19 18:28:25.152 3019 3033 W System : A resource failed to call release.
02-19 18:28:27.365 3019 3019 E ArmVmp : Match on catch block at 0x0a in for 0xc1
02-19 18:28:27.367 3019 3019 E ArmVmp : Match on catch block at 0x0a in for 0xc9
02-19 18:28:27.555 3019 3019 E ArmVmp : Match on catch block at 0xc3 in for 0xb9
02-19 18:28:27.558 3019 3019 E ArmVmp : Match on catch block at 0xc3 in for 0xb9
02-19 18:28:27.603 3019 3019 E ArmVmp : Match on catch block at 0xc3 in for 0xa1
02-19 18:28:27.605 3019 3019 E ArmVmp : Match on catch block at 0xc3 in for 0xa5
02-19 18:28:27.624 3019 3019 E ArmVmp : Match on catch block at 0xc3 in for 0xa1
02-19 18:28:27.626 3019 3019 E ArmVmp : Match on catch block at 0xc3 in for 0xa5
02-19 18:28:27.647 3019 3019 E ArmVmp : Match on catch block at 0xc3 in for 0xa1
02-19 18:28:27.649 3019 3019 E ArmVmp : Match on catch block at 0xc3 in for 0xa5
02-19 18:28:27.653 3019 3019 E ArmVmp : Match on catch block at 0xc3 in for 0xa5
02-19 18:28:27.654 3019 3019 E ArmVmp : Match on catch block at 0xc3 in for 0xa9
02-19 18:28:28.091 3019 3019 E ArmVmp : Match on catch block at 0xc3 in for 0xa9
02-19 18:28:28.094 3019 3019 E ArmVmp : Match on catch block at 0xc3 in for 0xa1
02-19 18:28:28.142 3019 3019 E ArmVmp : Match on catch block at 0xc3 in for 0xa1
02-19 18:28:28.145 3019 3019 E ArmVmp : Match on catch block at 0xc3 in for 0xa5
02-19 18:28:28.176 3019 3019 E ArmVmp : Match on catch block at 0xc3 in for 0xa9
02-19 18:28:28.179 3019 3019 E ArmVmp : Match on catch block at 0xc3 in for 0xa1
02-19 18:28:28.192 3019 3019 E ArmVmp : Match on catch block at 0xc3 in for 0xa5
02-19 18:28:28.194 3019 3019 E ArmVmp : Match on catch block at 0xc3 in for 0xa9
02-19 18:28:28.207 3019 3019 E ArmVmp : Match on catch block at 0xc3 in for 0xa9
02-19 18:28:28.209 3019 3019 E ArmVmp : Match on catch block at 0xc3 in for 0xa1
02-19 18:28:28.223 3019 3019 E ArmVmp : Match on catch block at 0xc3 in for 0xa1
02-19 18:28:28.226 3019 3019 E ArmVmp : Match on catch block at 0xc3 in for 0xa5
02-19 18:28:28.240 3019 3019 E ArmVmp : Match on catch block at 0xc3 in for 0xa5
02-19 18:28:28.242 3019 3019 E ArmVmp : Match on catch block at 0xc3 in for 0xa9
02-19 18:28:28.257 3019 3019 E ArmVmp : Match on catch block at 0xc3 in for 0xa9
02-19 18:28:28.259 3019 3019 E ArmVmp : Match on catch block at 0xc3 in for 0xa1
02-19 18:28:28.273 3019 3019 E ArmVmp : Match on catch block at 0xc3 in for 0xa1
02-19 18:28:28.276 3019 3019 E ArmVmp : Match on catch block at 0xc3 in for 0xa5
02-19 18:28:28.290 3019 3019 E ArmVmp : Match on catch block at 0xc3 in for 0xa5
02-19 18:28:28.295 3019 3019 E ArmVmp : Match on catch block at 0xc3 in for 0xa9
02-19 18:28:28.307 3019 3019 E ArmVmp : Match on catch block at 0xc3 in for 0xa9
02-19 18:28:28.309 3019 3019 E ArmVmp : Match on catch block at 0xc3 in for 0xa1
02-19 18:28:28.323 3019 3019 E ArmVmp : Match on catch block at 0xc3 in for 0xa1
02-19 18:28:28.325 3019 3019 E ArmVmp : Match on catch block at 0xc3 in for 0xa5
02-19 18:28:28.340 3019 3019 E ArmVmp : Match on catch block at 0xc3 in for 0xa5
02-19 18:28:28.342 3019 3019 E ArmVmp : Match on catch block at 0xc3 in for 0xa9
02-19 18:28:28.356 3019 3019 E ArmVmp : Match on catch block at 0xc3 in for 0xa9
02-19 18:28:28.359 3019 3019 E ArmVmp : Match on catch block at 0xc3 in for 0xa1
02-19 18:28:28.373 3019 3019 E ArmVmp : Match on catch block at 0xc3 in for 0xa1
02-19 18:28:28.375 3019 3019 E ArmVmp : Match on catch block at 0xc3 in for 0xa5
02-19 18:28:28.390 3019 3019 E ArmVmp : Match on catch block at 0xc3 in for 0xa5
02-19 18:28:28.392 3019 3019 E ArmVmp : Match on catch block at 0xc3 in for 0xa9
02-19 18:28:28.406 3019 3019 E ArmVmp : Match on catch block at 0xc3 in for 0xa9
02-19 18:28:28.409 3019 3019 E ArmVmp : Match on catch block at 0xc3 in for 0xa1
02-19 18:28:28.423 3019 3019 E ArmVmp : Match on catch block at 0xc3 in for 0xa1
02-19 18:28:28.425 3019 3019 E ArmVmp : Match on catch block at 0xc3 in for 0xa5
02-19 18:28:28.440 3019 3019 E ArmVmp : Match on catch block at 0xc3 in for 0xa5
02-19 18:28:28.442 3019 3019 E ArmVmp : Match on catch block at 0xc3 in for 0xa9
02-19 18:28:28.456 3019 3019 E ArmVmp : Match on catch block at 0xc3 in for 0xa9
02-19 18:28:28.458 3019 3019 E ArmVmp : Match on catch block at 0xc3 in for 0xa1
02-19 18:28:28.473 3019 3019 E ArmVmp : Match on catch block at 0xc3 in for 0xa1
02-19 18:28:28.475 3019 3019 E ArmVmp : Match on catch block at 0xc3 in for 0xa5
02-19 18:28:28.490 3019 3019 E ArmVmp : Match on catch block at 0xc3 in for 0xa5
02-19 18:28:28.492 3019 3019 E ArmVmp : Match on catch block at 0xc3 in for 0xa9
02-19 18:28:28.506 3019 3019 E ArmVmp : Match on catch block at 0xc3 in for 0xa9
02-19 18:28:28.509 3019 3019 E ArmVmp : Match on catch block at 0xc3 in for 0xa1
02-19 18:28:28.523 3019 3019 E ArmVmp : Match on catch block at 0xc3 in for 0xa1
02-19 18:28:28.525 3019 3019 E ArmVmp : Match on catch block at 0xc3 in for 0xa5
02-19 18:28:28.539 3019 3019 E ArmVmp : Match on catch block at 0xc3 in for 0xa5
02-19 18:28:28.542 3019 3019 E ArmVmp : Match on catch block at 0xc3 in for 0xa9
02-19 18:28:28.556 3019 3019 E ArmVmp : Match on catch block at 0xc3 in for 0xa9
02-19 18:28:28.559 3019 3019 E ArmVmp : Match on catch block at 0xc3 in for 0xa1
02-19 18:28:28.623 3019 3019 E ArmVmp : Match on catch block at 0xc3 in for 0xa1
02-19 18:28:28.625 3019 3019 E ArmVmp : Match on catch block at 0xc3 in for 0xa5
02-19 18:28:28.639 3019 3019 E ArmVmp : Match on catch block at 0xc3 in for 0xa5
02-19 18:28:28.642 3019 3019 E ArmVmp : Match on catch block at 0xc3 in for 0xa9
02-19 18:28:28.656 3019 3019 E ArmVmp : Match on catch block at 0xc3 in for 0xa9
02-19 18:28:28.659 3019 3019 E ArmVmp : Match on catch block at 0xc3 in for 0xa1
02-19 18:28:28.673 3019 3019 E ArmVmp : Match on catch block at 0xc3 in for 0xa1
02-19 18:28:28.675 3019 3019 E ArmVmp : Match on catch block at 0xc3 in for 0xa5
02-19 18:28:28.690 3019 3019 E ArmVmp : Match on catch block at 0xc3 in for 0xa5
02-19 18:28:28.692 3019 3019 E ArmVmp : Match on catch block at 0xc3 in for 0xa9
02-19 18:28:28.706 3019 3019 E ArmVmp : Match on catch block at 0xc3 in for 0xa9
02-19 18:28:28.708 3019 3019 E ArmVmp : Match on catch block at 0xc3 in for 0xa1
02-19 18:28:28.723 3019 3019 E ArmVmp : Match on catch block at 0xc3 in for 0xa1
02-19 18:28:28.725 3019 3019 E ArmVmp : Match on catch block at 0xc3 in for 0xa5
02-19 18:28:28.739 3019 3019 E ArmVmp : Match on catch block at 0xc3 in for 0xa5
02-19 18:28:28.742 3019 3019 E ArmVmp : Match on catch block at 0xc3 in for 0xa9
02-19 18:28:28.756 3019 3019 E ArmVmp : Match on catch block at 0xc3 in for 0xa9
02-19 18:28:28.758 3019 3019 E ArmVmp : Match on catch block at 0xc3 in for 0xa1
02-19 18:28:28.772 3019 3019 E ArmVmp : Match on catch block at 0xc3 in for 0xa9
02-19 18:28:28.774 3019 3019 E ArmVmp : Match on catch block at 0xc3 in for 0xa1
02-19 18:28:29.156 3019 3019 E ArmVmp : Match on catch block at 0xc3 in for 0xa1
02-19 18:28:29.158 3019 3019 E ArmVmp : Match on catch block at 0xc3 in for 0xa5
02-19 18:28:29.172 3019 3019 E ArmVmp : Match on catch block at 0xc3 in for 0xa5
02-19 18:28:29.177 3019 3019 E ArmVmp : Match on catch block at 0xc3 in for 0xa9
02-19 18:28:29.189 3019 3019 E ArmVmp : Match on catch block at 0xc3 in for 0xa9
02-19 18:28:29.193 3019 3019 E ArmVmp : Match on catch block at 0xc3 in for 0xa1
02-19 18:28:29.205 3019 3019 E ArmVmp : Match on catch block at 0xc3 in for 0xa1
02-19 18:28:29.209 3019 3019 E ArmVmp : Match on catch block at 0xc3 in for 0xa5
02-19 18:28:29.222 3019 3019 E ArmVmp : Match on catch block at 0xc3 in for 0xa5
02-19 18:28:29.226 3019 3019 E ArmVmp : Match on catch block at 0xc3 in for 0xa9
02-19 18:28:29.239 3019 3019 E ArmVmp : Match on catch block at 0xc3 in for 0xa9
02-19 18:28:29.242 3019 3019 E ArmVmp : Match on catch block at 0xc3 in for 0xa1
02-19 18:28:29.256 3019 3019 E ArmVmp : Match on catch block at 0xc3 in for 0xa1
02-19 18:28:29.259 3019 3019 E ArmVmp : Match on catch block at 0xc3 in for 0xa5
02-19 18:28:29.272 3019 3019 E ArmVmp : Match on catch block at 0xc3 in for 0xa5
02-19 18:28:29.275 3019 3019 E ArmVmp : Match on catch block at 0xc3 in for 0xa9
02-19 18:28:29.289 3019 3019 E ArmVmp : Match on catch block at 0xc3 in for 0xa9
02-19 18:28:29.292 3019 3019 E ArmVmp : Match on catch block at 0xc3 in for 0xa1
02-19 18:28:29.305 3019 3019 E ArmVmp : Match on catch block at 0xc3 in for 0xa1
02-19 18:28:29.309 3019 3019 E ArmVmp : Match on catch block at 0xc3 in for 0xa5
02-19 18:28:29.322 3019 3019 E ArmVmp : Match on catch block at 0xc3 in for 0xa5
02-19 18:28:29.326 3019 3019 E ArmVmp : Match on catch block at 0xc3 in for 0xa9
02-19 18:28:29.338 3019 3019 E ArmVmp : Match on catch block at 0xc3 in for 0xa9
02-19 18:28:29.342 3019 3019 E ArmVmp : Match on catch block at 0xc3 in for 0xa1
02-19 18:28:29.356 3019 3019 E ArmVmp : Match on catch block at 0xc3 in for 0xa1
02-19 18:28:29.359 3019 3019 E ArmVmp : Match on catch block at 0xc3 in for 0xa5
02-19 18:28:29.372 3019 3019 E ArmVmp : Match on catch block at 0xc3 in for 0xa5
02-19 18:28:29.375 3019 3019 E ArmVmp : Match on catch block at 0xc3 in for 0xa9
02-19 18:28:29.389 3019 3019 E ArmVmp : Match on catch block at 0xc3 in for 0xa9
02-19 18:28:29.392 3019 3019 E ArmVmp : Match on catch block at 0xc3 in for 0xa1
02-19 18:28:29.405 3019 3019 E ArmVmp : Match on catch block at 0xc3 in for 0xa1
02-19 18:28:29.408 3019 3019 E ArmVmp : Match on catch block at 0xc3 in for 0xa5
02-19 18:28:29.422 3019 3019 E ArmVmp : Match on catch block at 0xc3 in for 0xa5
02-19 18:28:29.425 3019 3019 E ArmVmp : Match on catch block at 0xc3 in for 0xa9
02-19 18:28:29.438 3019 3019 E ArmVmp : Match on catch block at 0xc3 in for 0xa9
02-19 18:28:29.441 3019 3019 E ArmVmp : Match on catch block at 0xc3 in for 0xa1
02-19 18:28:29.655 3019 3019 E ArmVmp : Match on catch block at 0xc3 in for 0xa9
02-19 18:28:29.658 3019 3019 E ArmVmp : Match on catch block at 0xc3 in for 0xa1
02-19 18:28:30.154 3019 3019 E ArmVmp : Match on catch block at 0xc3 in for 0xa1
02-19 18:28:30.158 3019 3019 E ArmVmp : Match on catch block at 0xc3 in for 0xa5
02-19 18:28:30.654 3019 3019 E ArmVmp : Match on catch block at 0xc3 in for 0xa1
02-19 18:28:30.657 3019 3019 E ArmVmp : Match on catch block at 0xc3 in for 0xa5
02-19 18:28:31.154 3019 3019 E ArmVmp : Match on catch block at 0xc3 in for 0xa5
02-19 18:28:31.158 3019 3019 E ArmVmp : Match on catch block at 0xc3 in for 0xa9
02-19 18:28:31.653 3019 3019 E ArmVmp : Match on catch block at 0xc3 in for 0xa9
02-19 18:28:31.656 3019 3019 E ArmVmp : Match on catch block at 0xc3 in for 0xa1
02-19 18:28:32.152 3019 3019 E ArmVmp : Match on catch block at 0xc3 in for 0xa1
02-19 18:28:32.156 3019 3019 E ArmVmp : Match on catch block at 0xc3 in for 0xa5
02-19 18:28:32.650 3019 3019 E ArmVmp : Match on catch block at 0xc3 in for 0xa5
02-19 18:28:32.654 3019 3019 E ArmVmp : Match on catch block at 0xc3 in for 0xa9
02-19 18:28:33.150 3019 3019 E ArmVmp : Match on catch block at 0xc3 in for 0xa9
02-19 18:28:33.153 3019 3019 E ArmVmp : Match on catch block at 0xc3 in for 0xa1
02-19 18:28:33.649 3019 3019 E ArmVmp : Match on catch block at 0xc3 in for 0xa1
02-19 18:28:33.652 3019 3019 E ArmVmp : Match on catch block at 0xc3 in for 0xa5
02-19 18:28:34.148 3019 3019 E ArmVmp : Match on catch block at 0xc3 in for 0xa5
02-19 18:28:34.151 3019 3019 E ArmVmp : Match on catch block at 0xc3 in for 0xa9
02-19 18:28:34.664 3019 3019 E ArmVmp : Match on catch block at 0xc3 in for 0xa9
02-19 18:28:34.668 3019 3019 E ArmVmp : Match on catch block at 0xc3 in for 0xa1
02-19 18:28:35.163 3019 3019 E ArmVmp : Match on catch block at 0xc3 in for 0xa1
02-19 18:28:35.166 3019 3019 E ArmVmp : Match on catch block at 0xc3 in for 0xa5
02-19 18:28:35.468 3019 3019 E ArmVmp : Match on catch block at 0xc3 in for 0xa5
02-19 18:28:35.471 3019 3019 E ArmVmp : Match on catch block at 0xc3 in for 0xa9
02-19 18:28:35.479 3019 3019 E ArmVmp : Match on catch block at 0xc3 in for 0xa9
02-19 18:28:35.481 3019 3019 E ArmVmp : Match on catch block at 0xc3 in for 0xa1
02-19 18:28:35.511 3019 3019 E ArmVmp : Match on catch block at 0xc3 in for 0xa1
02-19 18:28:35.514 3019 3019 E ArmVmp : Match on catch block at 0xc3 in for 0xa5
02-19 18:28:35.518 3019 3019 E ArmVmp : Match on catch block at 0xc3 in for 0xa9
02-19 18:28:35.520 3019 3019 E ArmVmp : Match on catch block at 0xc3 in for 0xa1
02-19 18:28:35.571 3019 3019 E ArmVmp : Match on catch block at 0xc3 in for 0xa1
02-19 18:28:35.574 3019 3019 E ArmVmp : Match on catch block at 0xc3 in for 0xa5
02-19 18:28:35.577 3019 3019 E ArmVmp : Match on catch block at 0xc3 in for 0xa9
02-19 18:28:35.580 3019 3019 E ArmVmp : Match on catch block at 0xc3 in for 0xa1
02-19 18:28:35.594 3019 3019 E ArmVmp : Match on catch block at 0xc3 in for 0xa5
02-19 18:28:35.599 3019 3019 E ArmVmp : Match on catch block at 0xc3 in for 0xa9
02-19 18:28:35.611 3019 3019 E ArmVmp : Match on catch block at 0xc3 in for 0xa1
02-19 18:28:35.613 3019 3019 E ArmVmp : Match on catch block at 0xc3 in for 0xa5
02-19 18:28:35.628 3019 3019 E ArmVmp : Match on catch block at 0xc3 in for 0xa9
02-19 18:28:35.630 3019 3019 E ArmVmp : Match on catch block at 0xc3 in for 0xa1
02-19 18:28:35.645 3019 3019 E ArmVmp : Match on catch block at 0xc3 in for 0xa5
02-19 18:28:35.647 3019 3019 E ArmVmp : Match on catch block at 0xc3 in for 0xa9
02-19 18:28:35.661 3019 3019 E ArmVmp : Match on catch block at 0xc3 in for 0xa1
02-19 18:28:35.663 3019 3019 E ArmVmp : Match on catch block at 0xc3 in for 0xa5
02-19 18:28:35.678 3019 3019 E ArmVmp : Match on catch block at 0xc3 in for 0xa9
02-19 18:28:35.680 3019 3019 E ArmVmp : Match on catch block at 0xc3 in for 0xa1
02-19 18:28:35.694 3019 3019 E ArmVmp : Match on catch block at 0xc3 in for 0xa5
02-19 18:28:35.697 3019 3019 E ArmVmp : Match on catch block at 0xc3 in for 0xa9
02-19 18:28:35.711 3019 3019 E ArmVmp : Match on catch block at 0xc3 in for 0xa1
02-19 18:28:35.714 3019 3019 E ArmVmp : Match on catch block at 0xc3 in for 0xa5
02-19 18:28:35.728 3019 3019 E ArmVmp : Match on catch block at 0xc3 in for 0xa9
02-19 18:28:35.730 3019 3019 E ArmVmp : Match on catch block at 0xc3 in for 0xa1
02-19 18:28:35.744 3019 3019 E ArmVmp : Match on catch block at 0xc3 in for 0xa5
02-19 18:28:35.746 3019 3019 E ArmVmp : Match on catch block at 0xc3 in for 0xa9
02-19 18:28:35.761 3019 3019 E ArmVmp : Match on catch block at 0xc3 in for 0xa1
02-19 18:28:35.763 3019 3019 E ArmVmp : Match on catch block at 0xc3 in for 0xa5
02-19 18:28:35.778 3019 3019 E ArmVmp : Match on catch block at 0xc3 in for 0xa9
02-19 18:28:35.780 3019 3019 E ArmVmp : Match on catch block at 0xc3 in for 0xa1
02-19 18:28:35.794 3019 3019 E ArmVmp : Match on catch block at 0xc3 in for 0xa5
02-19 18:28:35.796 3019 3019 E ArmVmp : Match on catch block at 0xc3 in for 0xa9
02-19 18:28:35.811 3019 3019 E ArmVmp : Match on catch block at 0xc3 in for 0xa1
02-19 18:28:35.813 3019 3019 E ArmVmp : Match on catch block at 0xc3 in for 0xa5
02-19 18:28:35.827 3019 3019 E ArmVmp : Match on catch block at 0xc3 in for 0xa9
02-19 18:28:35.829 3019 3019 E ArmVmp : Match on catch block at 0xc3 in for 0xa1
02-19 18:28:35.844 3019 3019 E ArmVmp : Match on catch block at 0xc3 in for 0xa5
02-19 18:28:35.846 3019 3019 E ArmVmp : Match on catch block at 0xc3 in for 0xa9
02-19 18:28:35.861 3019 3019 E ArmVmp : Match on catch block at 0xc3 in for 0xa1
02-19 18:28:35.863 3019 3019 E ArmVmp : Match on catch block at 0xc3 in for 0xa5
02-19 18:28:35.877 3019 3019 E ArmVmp : Match on catch block at 0xc3 in for 0xa9
02-19 18:28:35.879 3019 3019 E ArmVmp : Match on catch block at 0xc3 in for 0xa1
02-19 18:28:35.894 3019 3019 E ArmVmp : Match on catch block at 0xc3 in for 0xa5
02-19 18:28:35.896 3019 3019 E ArmVmp : Match on catch block at 0xc3 in for 0xa9
02-19 18:28:35.911 3019 3019 E ArmVmp : Match on catch block at 0xc3 in for 0xa1
02-19 18:28:35.913 3019 3019 E ArmVmp : Match on catch block at 0xc3 in for 0xa5
02-19 18:28:35.929 3019 3019 E ArmVmp : Match on catch block at 0xc3 in for 0xa9
02-19 18:28:35.932 3019 3019 E ArmVmp : Match on catch block at 0xc3 in for 0xa1
02-19 18:28:35.945 3019 3019 E ArmVmp : Match on catch block at 0xc3 in for 0xa5
02-19 18:28:35.948 3019 3019 E ArmVmp : Match on catch block at 0xc3 in for 0xa9
02-19 18:28:35.962 3019 3019 E ArmVmp : Match on catch block at 0xc3 in for 0xa1
02-19 18:28:35.965 3019 3019 E ArmVmp : Match on catch block at 0xc3 in for 0xa5
02-19 18:28:35.978 3019 3019 E ArmVmp : Match on catch block at 0xc3 in for 0xa9
02-19 18:28:35.981 3019 3019 E ArmVmp : Match on catch block at 0xc3 in for 0xa1
02-19 18:28:35.995 3019 3019 E ArmVmp : Match on catch block at 0xc3 in for 0xa5
02-19 18:28:35.998 3019 3019 E ArmVmp : Match on catch block at 0xc3 in for 0xa9
02-19 18:28:36.012 3019 3019 E ArmVmp : Match on catch block at 0xc3 in for 0xa1
02-19 18:28:36.015 3019 3019 E ArmVmp : Match on catch block at 0xc3 in for 0xa5
02-19 18:28:36.040 3019 3019 E ArmVmp : Match on catch block at 0xc3 in for 0xa1
