Lcom/android/org/conscrypt/OpenSSLSocketImpl;->setUseSessionTickets(Z)V (greylist-
max-q,test-api, reflection, denied)
02-20 22:34:09.691 2284 2284 W com.mbwhatsapp: Accessing hidden method
Lcom/android/org/conscrypt/AbstractConscryptSocket;->setUseSessionTickets(Z)V
(greylist-max-q, reflection, denied)
02-20 22:34:09.705 2284 2284 W com.mbwhatsapp: type=1400 audit(0.0:453706): avc:
granted { execute } for
path="/data/data/com.mbwhatsapp/files/decompressed/libs.spk.zst/libc++_shared.so"
dev="dm-11" ino=727909 scontext=u:r:untrusted_app:s0:c30,c257,c512,c768
tcontext=u:object_r:app_data_file:s0:c30,c257,c512,c768 tclass=file
app=com.mbwhatsapp
02-20 22:34:09.709 2284 2284 W com.mbwhatsapp: type=1400 audit(0.0:453707): avc:
granted { execute } for
path="/data/data/com.mbwhatsapp/files/decompressed/libs.spk.zst/libvlc.so" dev="dm-
11" ino=727639 scontext=u:r:untrusted_app:s0:c30,c257,c512,c768
tcontext=u:object_r:app_data_file:s0:c30,c257,c512,c768 tclass=file
app=com.mbwhatsapp
02-20 22:34:09.710 2284 2284 W linker : Warning:
"/data/data/com.mbwhatsapp/files/decompressed/libs.spk.zst/libc++_shared.so" unused
DT entry: unknown processor-specific (type 0x70000001 arg 0x0) (ignoring)
02-20 22:34:09.713 2284 2284 W com.mbwhatsapp: type=1400 audit(0.0:453708): avc:
granted { execute } for
path="/data/data/com.mbwhatsapp/files/decompressed/libs.spk.zst/libwhatsapp.so"
dev="dm-11" ino=727583 scontext=u:r:untrusted_app:s0:c30,c257,c512,c768
tcontext=u:object_r:app_data_file:s0:c30,c257,c512,c768 tclass=file
app=com.mbwhatsapp
02-20 22:34:09.725 2284 2284 W com.mbwhatsapp: type=1400 audit(0.0:453709): avc:
granted { execute } for
path="/data/data/com.mbwhatsapp/files/decompressed/libs.spk.zst/libcurve25519.so"
dev="dm-11" ino=727782 scontext=u:r:untrusted_app:s0:c30,c257,c512,c768
tcontext=u:object_r:app_data_file:s0:c30,c257,c512,c768 tclass=file
app=com.mbwhatsapp
02-20 22:34:09.725 2284 2284 W com.mbwhatsapp: type=1400 audit(0.0:453710): avc:
granted { execute } for
path="/data/data/com.mbwhatsapp/files/decompressed/libs.spk.zst/libwhatsapp.so"
dev="dm-11" ino=727583 scontext=u:r:untrusted_app:s0:c30,c257,c512,c768
tcontext=u:object_r:app_data_file:s0:c30,c257,c512,c768 tclass=file
app=com.mbwhatsapp
02-20 22:34:09.781 2284 2284 W com.mbwhatsapp: Class X.0eU failed lock
verification and will run slower.
02-20 22:34:09.781 2284 2284 W com.mbwhatsapp: Common causes for lock
verification issues are non-optimized dex code
02-20 22:34:09.781 2284 2284 W com.mbwhatsapp: and incorrect proguard
optimizations.
02-20 22:34:09.782 2284 10798 W com.mbwhatsapp: Class X.2rL failed lock
verification and will run slower.
02-20 22:34:09.889 10808 10808 E com.mbwhatsapp: Not starting debugger since
process cannot load the jdwp agent.
02-20 22:34:09.919 2284 2284 W com.mbwhatsapp: Class com.mbwhatsapp.HomeActivity
failed lock verification and will run slower.
02-20 22:34:10.121 2284 2284 E ArmVmp : Match on catch block at 0x0a in for 0xc5
02-20 22:34:10.136 2284 2284 E ArmVmp : Match on catch block at 0x0a in for
0x131
02-20 22:34:10.258 2284 10837 W com.mbwhatsapp: Accessing hidden method
Lcom/android/org/conscrypt/ConscryptEngineSocket;->setUseSessionTickets(Z)V
(greylist-max-q,test-api, reflection, denied)
02-20 22:34:10.258 2284 10837 W com.mbwhatsapp: Accessing hidden method
Lcom/android/org/conscrypt/OpenSSLSocketImpl;->setUseSessionTickets(Z)V (greylist-
max-q,test-api, reflection, denied)
02-20 22:34:10.258 2284 10837 W com.mbwhatsapp: Accessing hidden method
Lcom/android/org/conscrypt/AbstractConscryptSocket;->setUseSessionTickets(Z)V
(greylist-max-q, reflection, denied)
02-20 22:34:10.258 2284 10837 W com.mbwhatsapp: Accessing hidden method
Lcom/android/org/conscrypt/ConscryptEngineSocket;->setHostname(Ljava/lang/String;)V
(greylist-max-q,test-api, reflection, denied)
02-20 22:34:10.258 2284 10837 W com.mbwhatsapp: Accessing hidden method
Lcom/android/org/conscrypt/OpenSSLSocketImpl;->setHostname(Ljava/lang/String;)V
(greylist-max-q,test-api, reflection, denied)
02-20 22:34:10.258 2284 10837 W com.mbwhatsapp: Accessing hidden method
Lcom/android/org/conscrypt/AbstractConscryptSocket;->setHostname(Ljava/lang/
String;)V (greylist-max-q, reflection, denied)
02-20 22:34:10.259 2284 10837 W com.mbwhatsapp: Accessing hidden method
Lcom/android/org/conscrypt/OpenSSLSocketImpl;->setAlpnProtocols([B)V (greylist-max-
q,test-api, reflection, denied)
02-20 22:34:10.259 2284 10837 W com.mbwhatsapp: Accessing hidden method
Lcom/android/org/conscrypt/AbstractConscryptSocket;->setAlpnProtocols([B)V
(greylist-max-q, reflection, denied)
02-20 22:34:10.463 2284 10828 E libc : Access denied finding property
"vendor.mali.config"
02-20 22:34:10.521 2284 10828 E libc : Access denied finding property
"persist.vendor.sf.fbc"
02-20 22:34:10.521 2284 10828 E libc : Access denied finding property
"persist.vendor.gpu.fbc"
02-20 22:34:10.521 2284 10828 E libc : Access denied finding property
"persist.vendor.vsp.fbc"
02-20 22:34:11.307 2284 2284 E ArmVmp : Match on catch block at 0x0a in for 0xd9
02-20 22:34:11.856 2284 11005 W LOTTIE : Animation contains merge paths. Merge
paths are only supported on KitKat+ and must be manually enabled by calling
enableMergePathsForKitKatAndAbove().
02-20 22:34:12.230 2284 2284 E RecyclerView: No adapter attached; skipping layout
02-20 22:34:12.497 2284 2284 E RecyclerView: No adapter attached; skipping layout
02-20 22:34:12.512 2284 2284 W LOTTIE : Animation contains merge paths but they
are disabled.
02-20 22:34:12.883 2284 2284 E ArmVmp : Match on catch block at 0x5b in for 0x89
02-20 22:34:14.674 2284 11022 E RenderScript: Failed loading RS driver: dlopen
failed: library "libRSDriverArm.so" not found
02-20 22:34:14.674 2284 11022 E RenderScript: Failed to load runtime
libRSDriverArm.so, loading default
02-20 22:34:14.808 2284 2284 E ArmVmp : Match on catch block at 0x0a in for 0xc1
02-20 22:34:14.812 2284 2284 E ArmVmp : Match on catch block at 0x0a in for 0xc1
02-20 22:34:15.167 2284 2284 E ArmVmp : Match on catch block at 0xc3 in for 0xb1
02-20 22:34:15.173 2284 2284 E ArmVmp : Match on catch block at 0xc3 in for 0xb9
02-20 22:34:15.301 2284 2284 E ArmVmp : Match on catch block at 0xc3 in for 0xa5
02-20 22:34:15.305 2284 2284 E ArmVmp : Match on catch block at 0xc3 in for 0xa1
02-20 22:34:15.382 2284 2284 E ArmVmp : Match on catch block at 0xc3 in for 0xa1
02-20 22:34:15.386 2284 2284 E ArmVmp : Match on catch block at 0xc3 in for 0xa5
02-20 22:34:15.416 2284 10837 W com.mbwhatsapp: Accessing hidden method
Lcom/android/org/conscrypt/OpenSSLSocketImpl;->getAlpnSelectedProtocol()[B
(greylist-max-q,test-api, reflection, denied)
02-20 22:34:15.416 2284 10837 W com.mbwhatsapp: Accessing hidden method
Lcom/android/org/conscrypt/AbstractConscryptSocket;->getAlpnSelectedProtocol()[B
(greylist-max-q, reflection, denied)
02-20 22:34:15.425 2284 2284 E ArmVmp : Match on catch block at 0xc3 in for 0xa9
02-20 22:34:15.428 2284 2284 E ArmVmp : Match on catch block at 0xc3 in for 0xa1
02-20 22:34:15.463 2284 2284 E ArmVmp : Match on catch block at 0xc3 in for 0xa9
02-20 22:34:15.467 2284 2284 E ArmVmp : Match on catch block at 0xc3 in for 0xa1
02-20 22:34:15.479 2284 2284 E ArmVmp : Match on catch block at 0xc3 in for 0xa1
02-20 22:34:15.482 2284 2284 E ArmVmp : Match on catch block at 0xc3 in for 0xa5
02-20 22:34:15.648 2284 2284 E ArmVmp : Match on catch block at 0xc3 in for 0xa5
02-20 22:34:15.651 2284 2284 E ArmVmp : Match on catch block at 0xc3 in for 0xa9
02-20 22:34:15.664 2284 2284 E ArmVmp : Match on catch block at 0xc3 in for 0xa9
02-20 22:34:15.668 2284 2284 E ArmVmp : Match on catch block at 0xc3 in for 0xa1
02-20 22:34:15.693 2284 2284 E ArmVmp : Match on catch block at 0xc3 in for 0xa1
02-20 22:34:15.695 2284 2284 E ArmVmp : Match on catch block at 0xc3 in for 0xa5
02-20 22:34:15.707 2284 2284 E ArmVmp : Match on catch block at 0xc3 in for 0xa5
02-20 22:34:15.709 2284 2284 E ArmVmp : Match on catch block at 0xc3 in for 0xa9
02-20 22:34:15.714 2284 2284 E ArmVmp : Match on catch block at 0xc3 in for 0xa9
02-20 22:34:15.716 2284 2284 E ArmVmp : Match on catch block at 0xc3 in for 0xa1
02-20 22:34:15.730 2284 2284 E ArmVmp : Match on catch block at 0xc3 in for 0xa1
02-20 22:34:15.733 2284 2284 E ArmVmp : Match on catch block at 0xc3 in for 0xa5
02-20 22:34:15.747 2284 2284 E ArmVmp : Match on catch block at 0xc3 in for 0xa5
02-20 22:34:15.750 2284 2284 E ArmVmp : Match on catch block at 0xc3 in for 0xa9
02-20 22:34:15.764 2284 2284 E ArmVmp : Match on catch block at 0xc3 in for 0xa9
02-20 22:34:15.766 2284 2284 E ArmVmp : Match on catch block at 0xc3 in for 0xa1
02-20 22:34:15.780 2284 2284 E ArmVmp : Match on catch block at 0xc3 in for 0xa1
02-20 22:34:15.782 2284 2284 E ArmVmp : Match on catch block at 0xc3 in for 0xa5
02-20 22:34:15.797 2284 2284 E ArmVmp : Match on catch block at 0xc3 in for 0xa5
02-20 22:34:15.800 2284 2284 E ArmVmp : Match on catch block at 0xc3 in for 0xa9
02-20 22:34:15.814 2284 2284 E ArmVmp : Match on catch block at 0xc3 in for 0xa9
02-20 22:34:15.816 2284 2284 E ArmVmp : Match on catch block at 0xc3 in for 0xa1
02-20 22:34:15.831 2284 2284 E ArmVmp : Match on catch block at 0xc3 in for 0xa1
02-20 22:34:15.835 2284 2284 E ArmVmp : Match on catch block at 0xc3 in for 0xa5
02-20 22:34:15.847 2284 2284 E ArmVmp : Match on catch block at 0xc3 in for 0xa5
02-20 22:34:15.851 2284 2284 E ArmVmp : Match on catch block at 0xc3 in for 0xa9
02-20 22:34:15.864 2284 2284 E ArmVmp : Match on catch block at 0xc3 in for 0xa9
02-20 22:34:15.868 2284 2284 E ArmVmp : Match on catch block at 0xc3 in for 0xa1
02-20 22:34:15.880 2284 2284 E ArmVmp : Match on catch block at 0xc3 in for 0xa9
02-20 22:34:15.883 2284 2284 E ArmVmp : Match on catch block at 0xc3 in for 0xa1
02-20 22:34:15.897 2284 2284 E ArmVmp : Match on catch block at 0xc3 in for 0xa1
02-20 22:34:15.899 2284 2284 E ArmVmp : Match on catch block at 0xc3 in for 0xa5
02-20 22:34:15.914 2284 2284 E ArmVmp : Match on catch block at 0xc3 in for 0xa9
02-20 22:34:15.918 2284 2284 E ArmVmp : Match on catch block at 0xc3 in for 0xa1
02-20 22:34:15.930 2284 2284 E ArmVmp : Match on catch block at 0xc3 in for 0xa1
02-20 22:34:15.932 2284 2284 E ArmVmp : Match on catch block at 0xc3 in for 0xa5
02-20 22:34:15.947 2284 2284 E ArmVmp : Match on catch block at 0xc3 in for 0xa9
02-20 22:34:15.950 2284 2284 E ArmVmp : Match on catch block at 0xc3 in for 0xa1
02-20 22:34:16.040 2284 2284 E ArmVmp : Match on catch block at 0xc3 in for 0xa5
02-20 22:34:16.042 2284 2284 E ArmVmp : Match on catch block at 0xc3 in for 0xa9
02-20 22:34:16.048 2284 2284 E ArmVmp : Match on catch block at 0xc3 in for 0xa9
02-20 22:34:16.050 2284 2284 E ArmVmp : Match on catch block at 0xc3 in for 0xa1
02-20 22:34:16.379 2284 2284 E ArmVmp : Match on catch block at 0xc3 in for 0xa1
02-20 22:34:16.384 2284 2284 E ArmVmp : Match on catch block at 0xc3 in for 0xa5
02-20 22:34:16.399 2284 2284 E ArmVmp : Match on catch block at 0xc3 in for 0xa5
02-20 22:34:16.402 2284 2284 E ArmVmp : Match on catch block at 0xc3 in for 0xa9
02-20 22:34:16.710 2284 2284 E ArmVmp : Match on catch block at 0xc3 in for 0xa5
02-20 22:34:16.715 2284 2284 E ArmVmp : Match on catch block at 0xc3 in for 0xa9
02-20 22:34:16.731 2284 2284 E ArmVmp : Match on catch block at 0xc3 in for 0xa9
02-20 22:34:16.736 2284 2284 E ArmVmp : Match on catch block at 0xc3 in for 0xa1
02-20 22:34:16.896 2284 2284 E ArmVmp : Match on catch block at 0xc3 in for 0xa5
02-20 22:34:16.900 2284 2284 E ArmVmp : Match on catch block at 0xc3 in for 0xa9
02-20 22:34:17.105 2284 10751 W LibraryVersion: Failed to get app version for
libraryName: firebase-iid
02-20 22:34:17.396 2284 2284 E ArmVmp : Match on catch block at 0xc3 in for 0xa1
02-20 22:34:17.400 2284 2284 E ArmVmp : Match on catch block at 0xc3 in for 0xa5
02-20 22:34:17.514 2284 2298 W System : A resource failed to call close.
02-20 22:34:17.515 2284 2298 W System : A resource failed to call close.
02-20 22:34:17.729 2284 2284 E ArmVmp : Match on catch block at 0xc3 in for 0xa1
02-20 22:34:17.732 2284 2284 E ArmVmp : Match on catch block at 0xc3 in for 0xa5
02-20 22:34:17.745 2284 2284 E ArmVmp : Match on catch block at 0xc3 in for 0xa1
02-20 22:34:17.747 2284 2284 E ArmVmp : Match on catch block at 0xc3 in for 0xa5
02-20 22:34:17.761 2284 2284 E ArmVmp : Match on catch block at 0xc3 in for 0xa5
02-20 22:34:17.765 2284 2284 E ArmVmp : Match on catch block at 0xc3 in for 0xa9
02-20 22:34:17.777 2284 2284 E ArmVmp : Match on catch block at 0xc3 in for 0xa9
02-20 22:34:17.779 2284 2284 E ArmVmp : Match on catch block at 0xc3 in for 0xa1
02-20 22:34:17.794 2284 2284 E ArmVmp : Match on catch block at 0xc3 in for 0xa1
02-20 22:34:17.796 2284 2284 E ArmVmp : Match on catch block at 0xc3 in for 0xa5
02-20 22:34:17.811 2284 2284 E ArmVmp : Match on catch block at 0xc3 in for 0xa5
02-20 22:34:17.815 2284 2284 E ArmVmp : Match on catch block at 0xc3 in for 0xa9
02-20 22:34:17.827 2284 2284 E ArmVmp : Match on catch block at 0xc3 in for 0xa9
02-20 22:34:17.829 2284 2284 E ArmVmp : Match on catch block at 0xc3 in for 0xa1
02-20 22:34:17.846 2284 2284 E ArmVmp : Match on catch block at 0xc3 in for 0xa9
02-20 22:34:17.848 2284 2284 E ArmVmp : Match on catch block at 0xc3 in for 0xa1
02-20 22:34:17.861 2284 2284 E ArmVmp : Match on catch block at 0xc3 in for 0xa1
02-20 22:34:17.863 2284 2284 E ArmVmp : Match on catch block at 0xc3 in for 0xa5
02-20 22:34:17.877 2284 2284 E ArmVmp : Match on catch block at 0xc3 in for 0xa5
02-20 22:34:17.880 2284 2284 E ArmVmp : Match on catch block at 0xc3 in for 0xa9
02-20 22:34:17.894 2284 2284 E ArmVmp : Match on catch block at 0xc3 in for 0xa9
02-20 22:34:17.898 2284 2284 E ArmVmp : Match on catch block at 0xc3 in for 0xa1
02-20 22:34:17.911 2284 2284 E ArmVmp : Match on catch block at 0xc3 in for 0xa1
02-20 22:34:17.914 2284 2284 E ArmVmp : Match on catch block at 0xc3 in for 0xa5
02-20 22:34:17.927 2284 2284 E ArmVmp : Match on catch block at 0xc3 in for 0xa5
02-20 22:34:17.929 2284 2284 E ArmVmp : Match on catch block at 0xc3 in for 0xa9
02-20 22:34:18.310 2284 2284 E ArmVmp : Match on catch block at 0xc3 in for 0xa9
02-20 22:34:18.312 2284 2284 E ArmVmp : Match on catch block at 0xc3 in for 0xa1
02-20 22:34:18.326 2284 2284 E ArmVmp : Match on catch block at 0xc3 in for 0xa1
02-20 22:34:18.329 2284 2284 E ArmVmp : Match on catch block at 0xc3 in for 0xa5
02-20 22:34:18.343 2284 2284 E ArmVmp : Match on catch block at 0xc3 in for 0xa5
02-20 22:34:18.348 2284 2284 E ArmVmp : Match on catch block at 0xc3 in for 0xa9
02-20 22:34:18.360 2284 2284 E ArmVmp : Match on catch block at 0xc3 in for 0xa9
02-20 22:34:18.363 2284 2284 E ArmVmp : Match on catch block at 0xc3 in for 0xa1
02-20 22:34:18.377 2284 2284 E ArmVmp : Match on catch block at 0xc3 in for 0xa1
02-20 22:34:18.380 2284 2284 E ArmVmp : Match on catch block at 0xc3 in for 0xa5
02-20 22:34:18.394 2284 2284 E ArmVmp : Match on catch block at 0xc3 in for 0xa5
02-20 22:34:18.397 2284 2284 E ArmVmp : Match on catch block at 0xc3 in for 0xa9
02-20 22:34:18.410 2284 2284 E ArmVmp : Match on catch block at 0xc3 in for 0xa9
02-20 22:34:18.414 2284 2284 E ArmVmp : Match on catch block at 0xc3 in for 0xa1
02-20 22:34:18.427 2284 2284 E ArmVmp : Match on catch block at 0xc3 in for 0xa1
02-20 22:34:18.431 2284 2284 E ArmVmp : Match on catch block at 0xc3 in for 0xa5
02-20 22:34:18.443 2284 2284 E ArmVmp : Match on catch block at 0xc3 in for 0xa5
02-20 22:34:18.447 2284 2284 E ArmVmp : Match on catch block at 0xc3 in for 0xa9
02-20 22:34:18.460 2284 2284 E ArmVmp : Match on catch block at 0xc3 in for 0xa9
02-20 22:34:18.463 2284 2284 E ArmVmp : Match on catch block at 0xc3 in for 0xa1
02-20 22:34:18.477 2284 2284 E ArmVmp : Match on catch block at 0xc3 in for 0xa1
02-20 22:34:18.480 2284 2284 E ArmVmp : Match on catch block at 0xc3 in for 0xa5
02-20 22:34:18.493 2284 2284 E ArmVmp : Match on catch block at 0xc3 in for 0xa5
02-20 22:34:18.497 2284 2284 E ArmVmp : Match on catch block at 0xc3 in for 0xa9
02-20 22:34:18.510 2284 2284 E ArmVmp : Match on catch block at 0xc3 in for 0xa9
02-20 22:34:18.513 2284 2284 E ArmVmp : Match on catch block at 0xc3 in for 0xa1
02-20 22:34:18.526 2284 2284 E ArmVmp : Match on catch block at 0xc3 in for 0xa1
02-20 22:34:18.530 2284 2284 E ArmVmp : Match on catch block at 0xc3 in for 0xa5
02-20 22:34:18.543 2284 2284 E ArmVmp : Match on catch block at 0xc3 in for 0xa5
02-20 22:34:18.547 2284 2284 E ArmVmp : Match on catch block at 0xc3 in for 0xa9
02-20 22:34:18.560 2284 2284 E ArmVmp : Match on catch block at 0xc3 in for 0xa9
02-20 22:34:18.563 2284 2284 E ArmVmp : Match on catch block at 0xc3 in for 0xa1
02-20 22:34:18.676 2284 2284 E ArmVmp : Match on catch block at 0xc3 in for 0xa1
02-20 22:34:18.679 2284 2284 E ArmVmp : Match on catch block at 0xc3 in for 0xa5
02-20 22:34:18.909 2284 2284 E ArmVmp : Match on catch block at 0xc3 in for 0xa5
02-20 22:34:18.913 2284 2284 E ArmVmp : Match on catch block at 0xc3 in for 0xa9
02-20 22:34:19.409 2284 2284 E ArmVmp : Match on catch block at 0xc3 in for 0xa9
02-20 22:34:19.412 2284 2284 E ArmVmp : Match on catch block at 0xc3 in for 0xa1
02-20 22:34:19.849 2284 2284 E ArmVmp : Match on catch block at 0xc3 in for 0xa1
02-20 22:34:19.851 2284 2284 E ArmVmp : Match on catch block at 0xc3 in for 0xa5
02-20 22:34:19.857 2284 2284 E ArmVmp : Match on catch block at 0xc3 in for 0xa5
02-20 22:34:19.859 2284 2284 E ArmVmp : Match on catch block at 0xc3 in for 0xa9
02-20 22:34:19.874 2284 2284 E ArmVmp : Match on catch block at 0xc3 in for 0xa5
02-20 22:34:19.876 2284 2284 E ArmVmp : Match on catch block at 0xc3 in for 0xa9
02-20 22:34:20.173 2284 2284 E ArmVmp : Match on catch block at 0xc3 in for 0xa9
02-20 22:34:20.175 2284 2284 E ArmVmp : Match on catch block at 0xc3 in for 0xa1
02-20 22:34:20.506 2284 2284 E ArmVmp : Match on catch block at 0xc3 in for 0xa1
02-20 22:34:20.508 2284 2284 E ArmVmp : Match on catch block at 0xc3 in for 0xa5
02-20 22:34:20.706 2284 2284 E ArmVmp : Match on catch block at 0xc3 in for 0xa5
02-20 22:34:20.708 2284 2284 E ArmVmp : Match on catch block at 0xc3 in for 0xa9
02-20 22:34:20.922 2284 2284 E ArmVmp : Match on catch block at 0xc3 in for 0xa9
02-20 22:34:20.924 2284 2284 E ArmVmp : Match on catch block at 0xc3 in for 0xa1
02-20 22:34:21.188 2284 2284 E ArmVmp : Match on catch block at 0xc3 in for 0xa1
02-20 22:34:21.190 2284 2284 E ArmVmp : Match on catch block at 0xc3 in for 0xa5
02-20 22:34:21.404 2284 2284 E ArmVmp : Match on catch block at 0xc3 in for 0xa5
02-20 22:34:21.406 2284 2284 E ArmVmp : Match on catch block at 0xc3 in for 0xa9
02-20 22:34:21.454 2284 2284 E ArmVmp : Match on catch block at 0xc3 in for 0xa9
02-20 22:34:21.456 2284 2284 E ArmVmp : Match on catch block at 0xc3 in for 0xa1
02-20 22:34:21.471 2284 2284 E ArmVmp : Match on catch block at 0xc3 in for 0xa1
02-20 22:34:21.473 2284 2284 E ArmVmp : Match on catch block at 0xc3 in for 0xa5
02-20 22:34:21.488 2284 2284 E ArmVmp : Match on catch block at 0xc3 in for 0xa5
02-20 22:34:21.490 2284 2284 E ArmVmp : Match on catch block at 0xc3 in for 0xa9
02-20 22:34:21.504 2284 2284 E ArmVmp : Match on catch block at 0xc3 in for 0xa9
02-20 22:34:21.507 2284 2284 E ArmVmp : Match on catch block at 0xc3 in for 0xa1
02-20 22:34:21.521 2284 2284 E ArmVmp : Match on catch block at 0xc3 in for 0xa1
02-20 22:34:21.523 2284 2284 E ArmVmp : Match on catch block at 0xc3 in for 0xa5
02-20 22:34:21.538 2284 2284 E ArmVmp : Match on catch block at 0xc3 in for 0xa5
02-20 22:34:21.540 2284 2284 E ArmVmp : Match on catch block at 0xc3 in for 0xa9
02-20 22:34:21.554 2284 2284 E ArmVmp : Match on catch block at 0xc3 in for 0xa9
02-20 22:34:21.557 2284 2284 E ArmVmp : Match on catch block at 0xc3 in for 0xa1
02-20 22:34:21.571 2284 2284 E ArmVmp : Match on catch block at 0xc3 in for 0xa1
02-20 22:34:21.573 2284 2284 E ArmVmp : Match on catch block at 0xc3 in for 0xa5
02-20 22:34:21.587 2284 2284 E ArmVmp : Match on catch block at 0xc3 in for 0xa5
02-20 22:34:21.589 2284 2284 E ArmVmp : Match on catch block at 0xc3 in for 0xa9
02-20 22:34:21.604 2284 2284 E ArmVmp : Match on catch block at 0xc3 in for 0xa9
02-20 22:34:21.606 2284 2284 E ArmVmp : Match on catch block at 0xc3 in for 0xa1
02-20 22:34:21.621 2284 2284 E ArmVmp : Match on catch block at 0xc3 in for 0xa1
02-20 22:34:21.623 2284 2284 E ArmVmp : Match on catch block at 0xc3 in for 0xa5
02-20 22:34:21.637 2284 2284 E ArmVmp : Match on catch block at 0xc3 in for 0xa5
02-20 22:34:21.639 2284 2284 E ArmVmp : Match on catch block at 0xc3 in for 0xa9
02-20 22:34:21.654 2284 2284 E ArmVmp : Match on catch block at 0xc3 in for 0xa9
02-20 22:34:21.656 2284 2284 E ArmVmp : Match on catch block at 0xc3 in for 0xa1
02-20 22:34:21.671 2284 2284 E ArmVmp : Match on catch block at 0xc3 in for 0xa1
02-20 22:34:21.673 2284 2284 E ArmVmp : Match on catch block at 0xc3 in for 0xa5
02-20 22:34:21.687 2284 2284 E ArmVmp : Match on catch block at 0xc3 in for 0xa5
02-20 22:34:21.690 2284 2284 E ArmVmp : Match on catch block at 0xc3 in for 0xa9
02-20 22:34:21.704 2284 2284 E ArmVmp : Match on catch block at 0xc3 in for 0xa9
02-20 22:34:21.706 2284 2284 E ArmVmp : Match on catch block at 0xc3 in for 0xa1
02-20 22:34:21.721 2284 2284 E ArmVmp : Match on catch block at 0xc3 in for 0xa1
02-20 22:34:21.723 2284 2284 E ArmVmp : Match on catch block at 0xc3 in for 0xa5
02-20 22:34:21.871 2284 2284 E ArmVmp : Match on catch block at 0xc3 in for 0xa5
02-20 22:34:21.872 2284 2284 E ArmVmp : Match on catch block at 0xc3 in for 0xa9
02-20 22:34:22.253 2284 2284 E ArmVmp : Match on catch block at 0xc3 in for 0xa9
02-20 22:34:22.256 2284 2284 E ArmVmp : Match on catch block at 0xc3 in for 0xa1
02-20 22:34:22.386 2284 2284 E ArmVmp : Match on catch block at 0xc3 in for 0xa1
02-20 22:34:22.390 2284 2284 E ArmVmp : Match on catch block at 0xc3 in for 0xa5
02-20 22:34:22.669 2284 2284 E ArmVmp : Match on catch block at 0xc3 in for 0xa5
02-20 22:34:22.672 2284 2284 E ArmVmp : Match on catch block at 0xc3 in for 0xa9
02-20 22:34:23.169 2284 2284 E ArmVmp : Match on catch block at 0xc3 in for 0xa9
02-20 22:34:23.172 2284 2284 E ArmVmp : Match on catch block at 0xc3 in for 0xa1
02-20 22:34:23.185 2284 2284 E ArmVmp : Match on catch block at 0xc3 in for 0xa1
02-20 22:34:23.188 2284 2284 E ArmVmp : Match on catch block at 0xc3 in for 0xa5
02-20 22:34:23.435 2284 2284 E ArmVmp : Match on catch block at 0xc3 in for 0xa5
02-20 22:34:23.437 2284 2284 E ArmVmp : Match on catch block at 0xc3 in for 0xa9
02-20 22:34:23.568 2284 2284 E ArmVmp : Match on catch block at 0xc3 in for 0xa9
02-20 22:34:23.570 2284 2284 E ArmVmp : Match on catch block at 0xc3 in for 0xa1
02-20 22:34:23.917 2284 2284 E ArmVmp : Match on catch block at 0xc3 in for 0xa1
02-20 22:34:23.919 2284 2284 E ArmVmp : Match on catch block at 0xc3 in for 0xa5
02-20 22:34:24.266 2284 2284 E ArmVmp : Match on catch block at 0xc3 in for 0xa5
02-20 22:34:24.268 2284 2284 E ArmVmp : Match on catch block at 0xc3 in for 0xa9
02-20 22:34:24.433 2284 2284 E ArmVmp : Match on catch block at 0xc3 in for 0xa9
02-20 22:34:24.435 2284 2284 E ArmVmp : Match on catch block at 0xc3 in for 0xa1
02-20 22:34:24.682 2284 2284 E ArmVmp : Match on catch block at 0xc3 in for 0xa1
02-20 22:34:24.684 2284 2284 E ArmVmp : Match on catch block at 0xc3 in for 0xa5
02-20 22:34:24.799 2284 2284 E ArmVmp : Match on catch block at 0xc3 in for 0xa5
02-20 22:34:24.801 2284 2284 E ArmVmp : Match on catch block at 0xc3 in for 0xa9
02-20 22:34:25.015 2284 2284 E ArmVmp : Match on catch block at 0xc3 in for 0xa9
02-20 22:34:25.019 2284 2284 E ArmVmp : Match on catch block at 0xc3 in for 0xa1
02-20 22:34:25.265 2284 2284 E ArmVmp : Match on catch block at 0xc3 in for 0xa1
02-20 22:34:25.267 2284 2284 E ArmVmp : Match on catch block at 0xc3 in for 0xa5
02-20 22:34:25.415 2284 2284 E ArmVmp : Match on catch block at 0xc3 in for 0xa5
02-20 22:34:25.417 2284 2284 E ArmVmp : Match on catch block at 0xc3 in for 0xa9
02-20 22:34:25.548 2284 2284 E ArmVmp : Match on catch block at 0xc3 in for 0xa9
02-20 22:34:25.550 2284 2284 E ArmVmp : Match on catch block at 0xc3 in for 0xa1
02-20 22:34:25.664 2284 2284 E ArmVmp : Match on catch block at 0xc3 in for 0xa1
02-20 22:34:25.666 2284 2284 E ArmVmp : Match on catch block at 0xc3 in for 0xa5
02-20 22:34:25.797 2284 2284 E ArmVmp : Match on catch block at 0xc3 in for 0xa5
02-20 22:34:25.799 2284 2284 E ArmVmp : Match on catch block at 0xc3 in for 0xa9
02-20 22:34:26.097 2284 2284 E ArmVmp : Match on catch block at 0xc3 in for 0xa9
02-20 22:34:26.099 2284 2284 E ArmVmp : Match on catch block at 0xc3 in for 0xa1
02-20 22:34:26.579 2284 2284 E ArmVmp : Match on catch block at 0xc3 in for 0xa1
02-20 22:34:26.582 2284 2284 E ArmVmp : Match on catch block at 0xc3 in for 0xa5
02-20 22:34:26.896 2284 2284 E ArmVmp : Match on catch block at 0xc3 in for 0xa5
02-20 22:34:26.898 2284 2284 E ArmVmp : Match on catch block at 0xc3 in for 0xa9
02-20 22:34:27.012 2284 2284 E ArmVmp : Match on catch block at 0xc3 in for 0xa9
02-20 22:34:27.014 2284 2284 E ArmVmp : Match on catch block at 0xc3 in for 0xa1
02-20 22:34:27.345 2284 2284 E ArmVmp : Match on catch block at 0xc3 in for 0xa1
02-20 22:34:27.347 2284 2284 E ArmVmp : Match on catch block at 0xc3 in for 0xa5
02-20 22:34:27.554 2284 2284 E ArmVmp : Match on catch block at 0xc3 in for 0xa1
02-20 22:34:27.557 2284 2284 E ArmVmp : Match on catch block at 0xc3 in for 0xa5
02-20 22:34:27.563 2284 2284 E ArmVmp : Match on catch block at 0xc3 in for 0xa5
02-20 22:34:27.565 2284 2284 E ArmVmp : Match on catch block at 0xc3 in for 0xa9
02-20 22:34:28.044 2284 2284 E ArmVmp : Match on catch block at 0xc3 in for 0xa9
02-20 22:34:28.047 2284 2284 E ArmVmp : Match on catch block at 0xc3 in for 0xa1
02-20 22:34:28.060 2284 2284 E ArmVmp : Match on catch block at 0xc3 in for 0xa9
02-20 22:34:28.062 2284 2284 E ArmVmp : Match on catch block at 0xc3 in for 0xa1
02-20 22:34:28.476 2284 2284 E ArmVmp : Match on catch block at 0xc3 in for 0xa1
02-20 22:34:28.479 2284 2284 E ArmVmp : Match on catch block at 0xc3 in for 0xa5
02-20 22:34:28.534 2284 2284 E ArmVmp : Match on catch block at 0xc3 in for 0xa1
02-20 22:34:28.536 2284 2284 E ArmVmp : Match on catch block at 0xc3 in for 0xa5
02-20 22:34:28.550 2284 2284 E ArmVmp : Match on catch block at 0xc3 in for 0xa1
02-20 22:34:28.552 2284 2284 E ArmVmp : Match on catch block at 0xc3 in for 0xa5
02-20 22:34:28.560 2284 2284 E ArmVmp : Match on catch block at 0xc3 in for 0xa5
02-20 22:34:28.562 2284 2284 E ArmVmp : Match on catch block at 0xc3 in for 0xa9
02-20 22:34:28.576 2284 2284 E ArmVmp : Match on catch block at 0xc3 in for 0xa9
02-20 22:34:28.578 2284 2284 E ArmVmp : Match on catch block at 0xc3 in for 0xa1
02-20 22:34:28.594 2284 2284 E ArmVmp : Match on catch block at 0xc3 in for 0xa1
02-20 22:34:28.597 2284 2284 E ArmVmp : Match on catch block at 0xc3 in for 0xa5
02-20 22:34:28.609 2284 2284 E ArmVmp : Match on catch block at 0xc3 in for 0xa5
02-20 22:34:28.611 2284 2284 E ArmVmp : Match on catch block at 0xc3 in for 0xa9
02-20 22:34:28.626 2284 2284 E ArmVmp : Match on catch block at 0xc3 in for 0xa9
02-20 22:34:28.629 2284 2284 E ArmVmp : Match on catch block at 0xc3 in for 0xa1
02-20 22:34:28.643 2284 2284 E ArmVmp : Match on catch block at 0xc3 in for 0xa1
02-20 22:34:28.645 2284 2284 E ArmVmp : Match on catch block at 0xc3 in for 0xa5
02-20 22:34:28.660 2284 2284 E ArmVmp : Match on catch block at 0xc3 in for 0xa5
02-20 22:34:28.664 2284 2284 E ArmVmp : Match on catch block at 0xc3 in for 0xa9
02-20 22:34:28.676 2284 2284 E ArmVmp : Match on catch block at 0xc3 in for 0xa9
02-20 22:34:28.678 2284 2284 E ArmVmp : Match on catch block at 0xc3 in for 0xa1
02-20 22:34:28.714 2284 2284 E ArmVmp : Match on catch block at 0xc3 in for 0xa5
02-20 22:34:28.718 2284 2284 E ArmVmp : Match on catch block at 0xc3 in for 0xa9
02-20 22:34:28.731 2284 2284 E ArmVmp : Match on catch block at 0xc3 in for 0xa9
02-20 22:34:28.733 2284 2284 E ArmVmp : Match on catch block at 0xc3 in for 0xa1
02-20 22:34:28.749 2284 2284 E ArmVmp : Match on catch block at 0xc3 in for 0xa1
02-20 22:34:28.750 2284 2284 E ArmVmp : Match on catch block at 0xc3 in for 0xa5
02-20 22:34:29.026 2284 2284 E ArmVmp : Match on catch block at 0xc3 in for 0xa5
02-20 22:34:29.028 2284 2284 E ArmVmp : Match on catch block at 0xc3 in for 0xa9
02-20 22:34:29.345 2284 2284 E ArmVmp : Match on catch block at 0xc3 in for 0xa9
02-20 22:34:29.347 2284 2284 E ArmVmp : Match on catch block at 0xc3 in for 0xa1
02-20 22:34:29.359 2284 2284 E ArmVmp : Match on catch block at 0xc3 in for 0xa9
02-20 22:34:29.362 2284 2284 E ArmVmp : Match on catch block at 0xc3 in for 0xa1
02-20 22:34:29.363 2284 10855 W MediaPlayer: Use of stream types is deprecated for
operations other than volume control
02-20 22:34:29.363 2284 10855 W MediaPlayer: See the documentation of
setAudioStreamType() for what to use instead with android.media.AudioAttributes to
qualify your playback use case
02-20 22:34:29.525 2284 2284 E ArmVmp : Match on catch block at 0xc3 in for 0xa5
02-20 22:34:29.527 2284 2284 E ArmVmp : Match on catch block at 0xc3 in for 0xa9
02-20 22:34:30.024 2284 2284 E ArmVmp : Match on catch block at 0xc3 in for 0xa9
02-20 22:34:30.027 2284 2284 E ArmVmp : Match on catch block at 0xc3 in for 0xa1
02-20 22:34:30.524 2284 2284 E ArmVmp : Match on catch block at 0xc3 in for 0xa1
02-20 22:34:30.528 2284 2284 E ArmVmp : Match on catch block at 0xc3 in for 0xa5
02-20 22:34:30.957 2284 2284 E ArmVmp : Match on catch block at 0xc3 in for 0xa5
02-20 22:34:30.960 2284 2284 E ArmVmp : Match on catch block at 0xc3 in for 0xa9
02-20 22:34:30.973 2284 2284 E ArmVmp : Match on catch block at 0xc3 in for 0xa9
02-20 22:34:30.977 2284 2284 E ArmVmp : Match on catch block at 0xc3 in for 0xa1
02-20 22:34:30.990 2284 2284 E ArmVmp : Match on catch block at 0xc3 in for 0xa1
02-20 22:34:30.993 2284 2284 E ArmVmp : Match on catch block at 0xc3 in for 0xa5
02-20 22:34:31.007 2284 2284 E ArmVmp : Match on catch block at 0xc3 in for 0xa5
02-20 22:34:31.011 2284 2284 E ArmVmp : Match on catch block at 0xc3 in for 0xa9
02-20 22:34:31.023 2284 2284 E ArmVmp : Match on catch block at 0xc3 in for 0xa9
02-20 22:34:31.026 2284 2284 E ArmVmp : Match on catch block at 0xc3 in for 0xa1
02-20 22:34:31.039 2284 2284 E ArmVmp : Match on catch block at 0xc3 in for 0xa1
02-20 22:34:31.043 2284 2284 E ArmVmp : Match on catch block at 0xc3 in for 0xa5
02-20 22:34:31.056 2284 2284 E ArmVmp : Match on catch block at 0xc3 in for 0xa5
02-20 22:34:31.059 2284 2284 E ArmVmp : Match on catch block at 0xc3 in for 0xa9
02-20 22:34:31.073 2284 2284 E ArmVmp : Match on catch block at 0xc3 in for 0xa9
02-20 22:34:31.076 2284 2284 E ArmVmp : Match on catch block at 0xc3 in for 0xa1
02-20 22:34:31.089 2284 2284 E ArmVmp : Match on catch block at 0xc3 in for 0xa1
02-20 22:34:31.092 2284 2284 E ArmVmp : Match on catch block at 0xc3 in for 0xa5
02-20 22:34:31.106 2284 2284 E ArmVmp : Match on catch block at 0xc3 in for 0xa5
02-20 22:34:31.111 2284 2284 E ArmVmp : Match on catch block at 0xc3 in for 0xa9
02-20 22:34:31.122 2284 2284 E ArmVmp : Match on catch block at 0xc3 in for 0xa9
02-20 22:34:31.126 2284 2284 E ArmVmp : Match on catch block at 0xc3 in for 0xa1
02-20 22:34:31.139 2284 2284 E ArmVmp : Match on catch block at 0xc3 in for 0xa1
02-20 22:34:31.144 2284 2284 E ArmVmp : Match on catch block at 0xc3 in for 0xa5
02-20 22:34:31.156 2284 2284 E ArmVmp : Match on catch block at 0xc3 in for 0xa5
02-20 22:34:31.159 2284 2284 E ArmVmp : Match on catch block at 0xc3 in for 0xa9
02-20 22:34:31.173 2284 2284 E ArmVmp : Match on catch block at 0xc3 in for 0xa9
02-20 22:34:31.176 2284 2284 E ArmVmp : Match on catch block at 0xc3 in for 0xa1
02-20 22:34:31.189 2284 2284 E ArmVmp : Match on catch block at 0xc3 in for 0xa1
02-20 22:34:31.192 2284 2284 E ArmVmp : Match on catch block at 0xc3 in for 0xa5
02-20 22:34:31.206 2284 2284 E ArmVmp : Match on catch block at 0xc3 in for 0xa5
02-20 22:34:31.209 2284 2284 E ArmVmp : Match on catch block at 0xc3 in for 0xa9
02-20 22:34:31.539 2284 2284 E ArmVmp : Match on catch block at 0xc3 in for 0xa9
02-20 22:34:31.542 2284 2284 E ArmVmp : Match on catch block at 0xc3 in for 0xa1
02-20 22:34:32.038 2284 2284 E ArmVmp : Match on catch block at 0xc3 in for 0xa1
02-20 22:34:32.042 2284 2284 E ArmVmp : Match on catch block at 0xc3 in for 0xa5
02-20 22:34:32.538 2284 2284 E ArmVmp : Match on catch block at 0xc3 in for 0xa1
02-20 22:34:32.541 2284 2284 E ArmVmp : Match on catch block at 0xc3 in for 0xa5
02-20 22:34:33.037 2284 2284 E ArmVmp : Match on catch block at 0xc3 in for 0xa5
02-20 22:34:33.040 2284 2284 E ArmVmp : Match on catch block at 0xc3 in for 0xa9
02-20 22:34:33.535 2284 2284 E ArmVmp : Match on catch block at 0xc3 in for 0xa9
02-20 22:34:33.539 2284 2284 E ArmVmp : Match on catch block at 0xc3 in for 0xa1
02-20 22:34:34.035 2284 2284 E ArmVmp : Match on catch block at 0xc3 in for 0xa1
02-20 22:34:34.038 2284 2284 E ArmVmp : Match on catch block at 0xc3 in for 0xa5
02-20 22:34:34.551 2284 2284 E ArmVmp : Match on catch block at 0xc3 in for 0xa5
02-20 22:34:34.554 2284 2284 E ArmVmp : Match on catch block at 0xc3 in for 0xa9
02-20 22:34:35.050 2284 2284 E ArmVmp : Match on catch block at 0xc3 in for 0xa9
02-20 22:34:35.053 2284 2284 E ArmVmp : Match on catch block at 0xc3 in for 0xa1
02-20 22:34:35.549 2284 2284 E ArmVmp : Match on catch block at 0xc3 in for 0xa1
02-20 22:34:35.552 2284 2284 E ArmVmp : Match on catch block at 0xc3 in for 0xa5
02-20 22:34:36.048 2284 2284 E ArmVmp : Match on catch block at 0xc3 in for 0xa5
02-20 22:34:36.051 2284 2284 E ArmVmp : Match on catch block at 0xc3 in for 0xa9
02-20 22:34:36.547 2284 2284 E ArmVmp : Match on catch block at 0xc3 in for 0xa9
02-20 22:34:36.551 2284 2284 E ArmVmp : Match on catch block at 0xc3 in for 0xa1
02-20 22:34:37.047 2284 2284 E ArmVmp : Match on catch block at 0xc3 in for 0xa1
02-20 22:34:37.050 2284 2284 E ArmVmp : Match on catch block at 0xc3 in for 0xa5
02-20 22:34:37.546 2284 2284 E ArmVmp : Match on catch block at 0xc3 in for 0xa5
02-20 22:34:37.548 2284 2284 E ArmVmp : Match on catch block at 0xc3 in for 0xa9
02-20 22:34:38.045 2284 2284 E ArmVmp : Match on catch block at 0xc3 in for 0xa9
02-20 22:34:38.048 2284 2284 E ArmVmp : Match on catch block at 0xc3 in for 0xa1
02-20 22:34:38.397 2284 2284 E ArmVmp : Match on catch block at 0xc3 in for 0xa1
02-20 22:34:38.400 2284 2284 E ArmVmp : Match on catch block at 0xc3 in for 0xa5
02-20 22:34:38.410 2284 2284 E ArmVmp : Match on catch block at 0xc3 in for 0xa5
02-20 22:34:38.412 2284 2284 E ArmVmp : Match on catch block at 0xc3 in for 0xa9
02-20 22:34:38.454 2284 2284 E ArmVmp : Match on catch block at 0xc3 in for 0xa5
02-20 22:34:38.456 2284 2284 E ArmVmp : Match on catch block at 0xc3 in for 0xa9
02-20 22:34:38.462 2284 2284 E ArmVmp : Match on catch block at 0xc3 in for 0xa9
02-20 22:34:38.467 2284 2284 E ArmVmp : Match on catch block at 0xc3 in for 0xa1
02-20 22:34:38.543 2284 2284 E ArmVmp : Match on catch block at 0xc3 in for 0xa1
02-20 22:34:38.546 2284 2284 E ArmVmp : Match on catch block at 0xc3 in for 0xa5
02-20 22:34:39.043 2284 2284 E ArmVmp : Match on catch block at 0xc3 in for 0xa5
02-20 22:34:39.045 2284 2284 E ArmVmp : Match on catch block at 0xc3 in for 0xa9
02-20 22:34:39.330 2284 2284 E ArmVmp : Match on catch block at 0xc3 in for 0xa1
02-20 22:34:39.332 2284 2284 E ArmVmp : Match on catch block at 0xc3 in for 0xa5
02-20 22:34:39.346 2284 2284 E ArmVmp : Match on catch block at 0xc3 in for 0xa5
02-20 22:34:39.348 2284 2284 E ArmVmp : Match on catch block at 0xc3 in for 0xa9
02-20 22:34:39.384 2284 2284 E ArmVmp : Match on catch block at 0xc3 in for 0xa5
02-20 22:34:39.386 2284 2284 E ArmVmp : Match on catch block at 0xc3 in for 0xa9
02-20 22:34:39.389 2284 2284 E ArmVmp : Match on catch block at 0xc3 in for 0xa1
02-20 22:34:39.392 2284 2284 E ArmVmp : Match on catch block at 0xc3 in for 0xa5
02-20 22:34:39.398 2284 2284 E ArmVmp : Match on catch block at 0xc3 in for 0xa9
02-20 22:34:39.400 2284 2284 E ArmVmp : Match on catch block at 0xc3 in for 0xa1
02-20 22:34:39.409 2284 2284 E ArmVmp : Match on catch block at 0xc3 in for 0xa5
02-20 22:34:39.412 2284 2284 E ArmVmp : Match on catch block at 0xc3 in for 0xa9
02-20 22:34:39.426 2284 2284 E ArmVmp : Match on catch block at 0xc3 in for 0xa1
02-20 22:34:39.429 2284 2284 E ArmVmp : Match on catch block at 0xc3 in for 0xa5
02-20 22:34:39.442 2284 2284 E ArmVmp : Match on catch block at 0xc3 in for 0xa9
02-20 22:34:39.444 2284 2284 E ArmVmp : Match on catch block at 0xc3 in for 0xa1
02-20 22:34:39.459 2284 2284 E ArmVmp : Match on catch block at 0xc3 in for 0xa5
02-20 22:34:39.461 2284 2284 E ArmVmp : Match on catch block at 0xc3 in for 0xa9
02-20 22:34:39.536 2284 2284 E ArmVmp : Match on catch block at 0xc3 in for 0xa1
02-20 22:34:39.539 2284 2284 E ArmVmp : Match on catch block at 0xc3 in for 0xa5
02-20 22:34:39.588 2284 2284 E ArmVmp : Match on catch block at 0xc3 in for 0xa1
02-20 22:34:39.591 2284 2284 E ArmVmp : Match on catch block at 0xc3 in for 0xa9
02-20 22:34:39.599 2284 2284 E ArmVmp : Match on catch block at 0xc3 in for 0xa9
02-20 22:34:39.601 2284 2284 E ArmVmp : Match on catch block at 0xc3 in for 0xa1
02-20 22:34:39.611 2284 2284 E ArmVmp : Match on catch block at 0xc3 in for 0xa1
02-20 22:34:39.613 2284 2284 E ArmVmp : Match on catch block at 0xc3 in for 0xa5
02-20 22:34:39.625 2284 2284 E ArmVmp : Match on catch block at 0xc3 in for 0xa5
02-20 22:34:39.627 2284 2284 E ArmVmp : Match on catch block at 0xc3 in for 0xa9
02-20 22:34:39.642 2284 2284 E ArmVmp : Match on catch block at 0xc3 in for 0xa5
02-20 22:34:39.644 2284 2284 E ArmVmp : Match on catch block at 0xc3 in for 0xa9
02-20 22:34:40.042 2284 2284 E ArmVmp : Match on catch block at 0xc3 in for 0xa5
02-20 22:34:40.045 2284 2284 E ArmVmp : Match on catch block at 0xc3 in for 0xa9
02-20 22:34:40.059 2284 2284 E ArmVmp : Match on catch block at 0xc3 in for 0xa9
02-20 22:34:40.061 2284 2284 E ArmVmp : Match on catch block at 0xc3 in for 0xa1
02-20 22:34:40.075 2284 2284 E ArmVmp : Match on catch block at 0xc3 in for 0xa1
02-20 22:34:40.078 2284 2284 E ArmVmp : Match on catch block at 0xc3 in for 0xa5
02-20 22:34:40.092 2284 2284 E ArmVmp : Match on catch block at 0xc3 in for 0xa5
02-20 22:34:40.094 2284 2284 E ArmVmp : Match on catch block at 0xc3 in for 0xa9
02-20 22:34:40.108 2284 2284 E ArmVmp : Match on catch block at 0xc3 in for 0xa9
02-20 22:34:40.111 2284 2284 E ArmVmp : Match on catch block at 0xc3 in for 0xa1
02-20 22:34:40.125 2284 2284 E ArmVmp : Match on catch block at 0xc3 in for 0xa1
02-20 22:34:40.128 2284 2284 E ArmVmp : Match on catch block at 0xc3 in for 0xa5
02-20 22:34:40.141 2284 2284 E ArmVmp : Match on catch block at 0xc3 in for 0xa5
02-20 22:34:40.144 2284 2284 E ArmVmp : Match on catch block at 0xc3 in for 0xa9
02-20 22:34:40.159 2284 2284 E ArmVmp : Match on catch block at 0xc3 in for 0xa9
02-20 22:34:40.162 2284 2284 E ArmVmp : Match on catch block at 0xc3 in for 0xa1
02-20 22:34:40.174 2284 2284 E ArmVmp : Match on catch block at 0xc3 in for 0xa1
02-20 22:34:40.178 2284 2284 E ArmVmp : Match on catch block at 0xc3 in for 0xa5
02-20 22:34:40.191 2284 2284 E ArmVmp : Match on catch block at 0xc3 in for 0xa5
02-20 22:34:40.194 2284 2284 E ArmVmp : Match on catch block at 0xc3 in for 0xa9
02-20 22:34:40.208 2284 2284 E ArmVmp : Match on catch block at 0xc3 in for 0xa9
02-20 22:34:40.211 2284 2284 E ArmVmp : Match on catch block at 0xc3 in for 0xa1
02-20 22:34:40.225 2284 2284 E ArmVmp : Match on catch block at 0xc3 in for 0xa1
02-20 22:34:40.228 2284 2284 E ArmVmp : Match on catch block at 0xc3 in for 0xa5
02-20 22:34:40.241 2284 2284 E ArmVmp : Match on catch block at 0xc3 in for 0xa5
02-20 22:34:40.244 2284 2284 E ArmVmp : Match on catch block at 0xc3 in for 0xa9
02-20 22:34:40.258 2284 2284 E ArmVmp : Match on catch block at 0xc3 in for 0xa9
02-20 22:34:40.261 2284 2284 E ArmVmp : Match on catch block at 0xc3 in for 0xa1
02-20 22:34:40.274 2284 2284 E ArmVmp : Match on catch block at 0xc3 in for 0xa1
02-20 22:34:40.277 2284 2284 E ArmVmp : Match on catch block at 0xc3 in for 0xa5
02-20 22:34:40.291 2284 2284 E ArmVmp : Match on catch block at 0xc3 in for 0xa5
02-20 22:34:40.295 2284 2284 E ArmVmp : Match on catch block at 0xc3 in for 0xa9
02-20 22:34:40.391 2284 2284 E ArmVmp : Match on catch block at 0xc3 in for 0xa1
02-20 22:34:40.394 2284 2284 E ArmVmp : Match on catch block at 0xc3 in for 0xa5
02-20 22:34:40.440 2284 2284 E ArmVmp : Match on catch block at 0xc3 in for 0xa5
02-20 22:34:40.444 2284 2284 E ArmVmp : Match on catch block at 0xc3 in for 0xa9
02-20 22:34:40.557 2284 2284 E ArmVmp : Match on catch block at 0xc3 in for 0xa9
02-20 22:34:40.560 2284 2284 E ArmVmp : Match on catch block at 0xc3 in for 0xa1
02-20 22:34:40.775 2284 2284 E ArmVmp : Match on catch block at 0xc3 in for 0xa1
02-20 22:34:40.778 2284 2284 E ArmVmp : Match on catch block at 0xc3 in for 0xa5
02-20 22:34:40.791 2284 2284 E ArmVmp : Match on catch block at 0xc3 in for 0xa5
02-20 22:34:40.794 2284 2284 E ArmVmp : Match on catch block at 0xc3 in for 0xa9
02-20 22:34:40.808 2284 2284 E ArmVmp : Match on catch block at 0xc3 in for 0xa9
02-20 22:34:40.811 2284 2284 E ArmVmp : Match on catch block at 0xc3 in for 0xa1
02-20 22:34:40.825 2284 2284 E ArmVmp : Match on catch block at 0xc3 in for 0xa1
02-20 22:34:40.827 2284 2284 E ArmVmp : Match on catch block at 0xc3 in for 0xa5
02-20 22:34:40.840 2284 2284 E ArmVmp : Match on catch block at 0xc3 in for 0xa5
02-20 22:34:40.842 2284 2284 E ArmVmp : Match on catch block at 0xc3 in for 0xa9
02-20 22:34:40.856 2284 2284 E ArmVmp : Match on catch block at 0xc3 in for 0xa9
02-20 22:34:40.859 2284 2284 E ArmVmp : Match on catch block at 0xc3 in for 0xa1
02-20 22:34:40.873 2284 2284 E ArmVmp : Match on catch block at 0xc3 in for 0xa5
02-20 22:34:40.875 2284 2284 E ArmVmp : Match on catch block at 0xc3 in for 0xa9
02-20 22:34:40.890 2284 2284 E ArmVmp : Match on catch block at 0xc3 in for 0xa1
02-20 22:34:40.892 2284 2284 E ArmVmp : Match on catch block at 0xc3 in for 0xa5
02-20 22:34:40.906 2284 2284 E ArmVmp : Match on catch block at 0xc3 in for 0xa9
02-20 22:34:40.909 2284 2284 E ArmVmp : Match on catch block at 0xc3 in for 0xa1
02-20 22:34:40.923 2284 2284 E ArmVmp : Match on catch block at 0xc3 in for 0xa5
02-20 22:34:40.925 2284 2284 E ArmVmp : Match on catch block at 0xc3 in for 0xa9
02-20 22:34:40.940 2284 2284 E ArmVmp : Match on catch block at 0xc3 in for 0xa1
02-20 22:34:40.942 2284 2284 E ArmVmp : Match on catch block at 0xc3 in for 0xa5
02-20 22:34:40.956 2284 2284 E ArmVmp : Match on catch block at 0xc3 in for 0xa9
02-20 22:34:40.959 2284 2284 E ArmVmp : Match on catch block at 0xc3 in for 0xa1
02-20 22:34:40.998 2284 2284 E ArmVmp : Match on catch block at 0xc3 in for 0xa1
02-20 22:34:41.001 2284 2284 E ArmVmp : Match on catch block at 0xc3 in for 0xa5
02-20 22:34:41.007 2284 2284 E ArmVmp : Match on catch block at 0xc3 in for 0xa9
02-20 22:34:41.009 2284 2284 E ArmVmp : Match on catch block at 0xc3 in for 0xa1
02-20 22:34:41.016 2284 2284 E ArmVmp : Match on catch block at 0xc3 in for 0xa5
02-20 22:34:41.018 2284 2284 E ArmVmp : Match on catch block at 0xc3 in for 0xa9
02-20 22:34:41.023 2284 2284 E ArmVmp : Match on catch block at 0xc3 in for 0xa9
02-20 22:34:41.024 2284 2284 E ArmVmp : Match on catch block at 0xc3 in for 0xa1
02-20 22:34:41.040 2284 2284 E ArmVmp : Match on catch block at 0xc3 in for 0xa1
02-20 22:34:41.041 2284 2284 E ArmVmp : Match on catch block at 0xc3 in for 0xa5
02-20 22:34:41.056 2284 2284 E ArmVmp : Match on catch block at 0xc3 in for 0xa9
02-20 22:34:41.058 2284 2284 E ArmVmp : Match on catch block at 0xc3 in for 0xa1
02-20 22:34:41.072 2284 2284 E ArmVmp : Match on catch block at 0xc3 in for 0xa1
02-20 22:34:41.074 2284 2284 E ArmVmp : Match on catch block at 0xc3 in for 0xa5
02-20 22:34:41.123 2284 2284 E ArmVmp : Match on catch block at 0xc3 in for 0xa1
02-20 22:34:41.125 2284 2284 E ArmVmp : Match on catch block at 0xc3 in for 0xa5
02-20 22:34:41.139 2284 2284 E ArmVmp : Match on catch block at 0xc3 in for 0xa5
02-20 22:34:41.141 2284 2284 E ArmVmp : Match on catch block at 0xc3 in for 0xa9
02-20 22:34:41.156 2284 2284 E ArmVmp : Match on catch block at 0xc3 in for 0xa9
02-20 22:34:41.159 2284 2284 E ArmVmp : Match on catch block at 0xc3 in for 0xa1
02-20 22:34:41.173 2284 2284 E ArmVmp : Match on catch block at 0xc3 in for 0xa1
02-20 22:34:41.175 2284 2284 E ArmVmp : Match on catch block at 0xc3 in for 0xa5
02-20 22:34:41.190 2284 2284 E ArmVmp : Match on catch block at 0xc3 in for 0xa5
02-20 22:34:41.192 2284 2284 E ArmVmp : Match on catch block at 0xc3 in for 0xa9
02-20 22:34:41.206 2284 2284 E ArmVmp : Match on catch block at 0xc3 in for 0xa9
02-20 22:34:41.208 2284 2284 E ArmVmp : Match on catch block at 0xc3 in for 0xa1
02-20 22:34:41.223 2284 2284 E ArmVmp : Match on catch block at 0xc3 in for 0xa1
02-20 22:34:41.225 2284 2284 E ArmVmp : Match on catch block at 0xc3 in for 0xa5
02-20 22:34:41.239 2284 2284 E ArmVmp : Match on catch block at 0xc3 in for 0xa5
02-20 22:34:41.241 2284 2284 E ArmVmp : Match on catch block at 0xc3 in for 0xa9
02-20 22:34:41.255 2284 2284 E ArmVmp : Match on catch block at 0xc3 in for 0xa5
02-20 22:34:41.257 2284 2284 E ArmVmp : Match on catch block at 0xc3 in for 0xa9
02-20 22:34:41.322 2284 2284 E ArmVmp : Match on catch block at 0xc3 in for 0xa9
02-20 22:34:41.324 2284 2284 E ArmVmp : Match on catch block at 0xc3 in for 0xa1
02-20 22:34:41.555 2284 2284 E ArmVmp : Match on catch block at 0xc3 in for 0xa9
02-20 22:34:41.558 2284 2284 E ArmVmp : Match on catch block at 0xc3 in for 0xa1
02-20 22:34:41.656 2284 2284 E ArmVmp : Match on catch block at 0xc3 in for 0xa5
02-20 22:34:41.659 2284 2284 E ArmVmp : Match on catch block at 0xc3 in for 0xa9
02-20 22:34:41.690 2284 2284 E ArmVmp : Match on catch block at 0xc3 in for 0xa5
02-20 22:34:41.692 2284 2284 E ArmVmp : Match on catch block at 0xc3 in for 0xa9
02-20 22:34:41.735 2284 2284 E ArmVmp : Match on catch block at 0xc3 in for 0xa9
02-20 22:34:41.738 2284 2284 E ArmVmp : Match on catch block at 0xc3 in for 0xa1
02-20 22:34:41.907 2284 2284 E ArmVmp : Match on catch block at 0xc3 in for 0xa1
02-20 22:34:41.910 2284 2284 E ArmVmp : Match on catch block at 0xc3 in for 0xa5
02-20 22:34:41.968 2284 2298 W System : A resource failed to call close.
02-20 22:34:41.968 2284 2298 W System : A resource failed to call close.
02-20 22:34:42.328 2284 2284 E ArmVmp : Match on catch block at 0xc3 in for 0xa5
02-20 22:34:42.330 2284 2284 E ArmVmp : Match on catch block at 0xc3 in for 0xa9
--------- beginning of main
02-21 06:00:54.796 5454 5454 E com.mbwhatsapp: Not starting debugger since
process cannot load the jdwp agent.
02-21 06:00:56.088 5454 5454 W System.err: java.lang.ClassNotFoundException:
mbmodsd.mbmodsw.ui.views.btn.BtnBK
02-21 06:00:56.088 5454 5454 W System.err: at
java.lang.Runtime.nativeLoad(Native Method)
02-21 06:00:56.088 5454 5454 W System.err: at
java.lang.Runtime.nativeLoad(Runtime.java:1131)
02-21 06:00:56.088 5454 5454 W System.err: at
java.lang.Runtime.loadLibrary0(Runtime.java:1085)
02-21 06:00:56.088 5454 5454 W System.err: at
java.lang.Runtime.loadLibrary0(Runtime.java:1008)
02-21 06:00:56.088 5454 5454 W System.err: at
java.lang.System.loadLibrary(System.java:1664)
02-21 06:00:56.088 5454 5454 W System.err: at arm.EpicVm.<clinit>(Unknown
Source:2)
02-21 06:00:56.088 5454 5454 W System.err: at
java.lang.Class.newInstance(Native Method)
02-21 06:00:56.088 5454 5454 W System.err: at
android.app.AppComponentFactory.instantiateApplication(AppComponentFactory.java:76)
02-21 06:00:56.088 5454 5454 W System.err: at
androidx.core.app.CoreComponentFactory.instantiateApplication(Unknown Source:0)
02-21 06:00:56.088 5454 5454 W System.err: at
android.app.Instrumentation.newApplication(Instrumentation.java:1158)
02-21 06:00:56.088 5454 5454 W System.err: at
android.app.LoadedApk.makeApplication(LoadedApk.java:1268)
02-21 06:00:56.089 5454 5454 W System.err: at
android.app.ActivityThread.handleBindApplication(ActivityThread.java:6911)
02-21 06:00:56.089 5454 5454 W System.err: at
android.app.ActivityThread.access$1300(ActivityThread.java:260)
02-21 06:00:56.089 5454 5454 W System.err: at
android.app.ActivityThread$H.handleMessage(ActivityThread.java:1955)
02-21 06:00:56.089 5454 5454 W System.err: at
android.os.Handler.dispatchMessage(Handler.java:106)
02-21 06:00:56.089 5454 5454 W System.err: at
android.os.Looper.loop(Looper.java:223)
02-21 06:00:56.089 5454 5454 W System.err: at
android.app.ActivityThread.main(ActivityThread.java:7977)
02-21 06:00:56.089 5454 5454 W System.err: at
java.lang.reflect.Method.invoke(Native Method)
02-21 06:00:56.089 5454 5454 W System.err: at
com.android.internal.os.RuntimeInit$MethodAndArgsCaller.run(RuntimeInit.java:603)
02-21 06:00:56.089 5454 5454 W System.err: at
com.android.internal.os.ZygoteInit.main(ZygoteInit.java:948)
02-21 06:00:56.202 5454 5454 W CheckTime: App running slow: Executing
handleBindApplication : makeApplication took 632ms
02-21 06:00:56.217 5454 5454 E CustomActivityOnCrash: IMPORTANT WARNING! You
already have an UncaughtExceptionHandler, are you sure this is correct? If you use
a custom UncaughtExceptionHandler, you must initialize it AFTER
CustomActivityOnCrash! Installing anyway, but your original handler will not be
called.
02-21 06:00:56.478 5454 5454 W CheckTime: App running slow: Executing
handleBindApplication : installContentProviders took 276ms
02-21 06:00:57.111 5454 5454 W com.mbwhatsapp: Accessing hidden method
Lcom/android/org/conscrypt/OpenSSLSocketImpl;->setUseSessionTickets(Z)V (greylist-
max-q,test-api, reflection, denied)
02-21 06:00:57.112 5454 5454 W com.mbwhatsapp: Accessing hidden method
Lcom/android/org/conscrypt/AbstractConscryptSocket;->setUseSessionTickets(Z)V
(greylist-max-q, reflection, denied)
02-21 06:00:57.219 5454 5454 W linker : Warning:
"/data/data/com.mbwhatsapp/files/decompressed/libs.spk.zst/libc++_shared.so" unused
