02-19 19:43:01.438 17205 17205 E ArmVmp : Match on catch block at 0xc3 in for 0xa9
02-19 19:43:01.452 17205 17205 E ArmVmp : Match on catch block at 0xc3 in for 0xa9
02-19 19:43:01.454 17205 17205 E ArmVmp : Match on catch block at 0xc3 in for 0xa1
02-19 19:43:01.469 17205 17205 E ArmVmp : Match on catch block at 0xc3 in for 0xa1
02-19 19:43:01.471 17205 17205 E ArmVmp : Match on catch block at 0xc3 in for 0xa5
02-19 19:43:01.485 17205 17205 E ArmVmp : Match on catch block at 0xc3 in for 0xa5
02-19 19:43:01.487 17205 17205 E ArmVmp : Match on catch block at 0xc3 in for 0xa9
02-19 19:43:01.502 17205 17205 E ArmVmp : Match on catch block at 0xc3 in for 0xa9
02-19 19:43:01.504 17205 17205 E ArmVmp : Match on catch block at 0xc3 in for 0xa1
02-19 19:43:01.519 17205 17205 E ArmVmp : Match on catch block at 0xc3 in for 0xa1
02-19 19:43:01.523 17205 17205 E ArmVmp : Match on catch block at 0xc3 in for 0xa5
02-19 19:43:01.536 17205 17205 E ArmVmp : Match on catch block at 0xc3 in for 0xa5
02-19 19:43:01.539 17205 17205 E ArmVmp : Match on catch block at 0xc3 in for 0xa9
02-19 19:43:01.552 17205 17205 E ArmVmp : Match on catch block at 0xc3 in for 0xa9
02-19 19:43:01.554 17205 17205 E ArmVmp : Match on catch block at 0xc3 in for 0xa1
02-19 19:43:01.569 17205 17205 E ArmVmp : Match on catch block at 0xc3 in for 0xa1
02-19 19:43:01.571 17205 17205 E ArmVmp : Match on catch block at 0xc3 in for 0xa5
02-19 19:43:01.585 17205 17205 E ArmVmp : Match on catch block at 0xc3 in for 0xa5
02-19 19:43:01.587 17205 17205 E ArmVmp : Match on catch block at 0xc3 in for 0xa9
02-19 19:43:01.969 17205 17205 E ArmVmp : Match on catch block at 0xc3 in for 0xa5
02-19 19:43:01.972 17205 17205 E ArmVmp : Match on catch block at 0xc3 in for 0xa9
02-19 19:43:02.023 17205 17205 E ArmVmp : Match on catch block at 0xc3 in for 0xa5
02-19 19:43:02.025 17205 17205 E ArmVmp : Match on catch block at 0xc3 in for 0xa9
02-19 19:43:02.038 17205 17205 E ArmVmp : Match on catch block at 0xc3 in for 0xa9
02-19 19:43:02.040 17205 17205 E ArmVmp : Match on catch block at 0xc3 in for 0xa1
02-19 19:43:02.051 17205 17205 E ArmVmp : Match on catch block at 0xc3 in for 0xa1
02-19 19:43:02.054 17205 17205 E ArmVmp : Match on catch block at 0xc3 in for 0xa5
02-19 19:43:02.091 17205 17205 E ArmVmp : Match on catch block at 0xc3 in for 0xa5
02-19 19:43:02.093 17205 17205 E ArmVmp : Match on catch block at 0xc3 in for 0xa9
02-19 19:43:02.103 17205 17205 E ArmVmp : Match on catch block at 0xc3 in for 0xa9
02-19 19:43:02.105 17205 17205 E ArmVmp : Match on catch block at 0xc3 in for 0xa1
02-19 19:43:02.119 17205 17205 E ArmVmp : Match on catch block at 0xc3 in for 0xa1
02-19 19:43:02.120 17205 17205 E ArmVmp : Match on catch block at 0xc3 in for 0xa5
02-19 19:43:02.134 17205 17205 E ArmVmp : Match on catch block at 0xc3 in for 0xa5
02-19 19:43:02.137 17205 17205 E ArmVmp : Match on catch block at 0xc3 in for 0xa9
02-19 19:43:02.151 17205 17205 E ArmVmp : Match on catch block at 0xc3 in for 0xa9
02-19 19:43:02.154 17205 17205 E ArmVmp : Match on catch block at 0xc3 in for 0xa1
02-19 19:43:02.168 17205 17205 E ArmVmp : Match on catch block at 0xc3 in for 0xa1
02-19 19:43:02.169 17205 17205 E ArmVmp : Match on catch block at 0xc3 in for 0xa5
02-19 19:43:02.184 17205 17205 E ArmVmp : Match on catch block at 0xc3 in for 0xa5
02-19 19:43:02.186 17205 17205 E ArmVmp : Match on catch block at 0xc3 in for 0xa9
02-19 19:43:02.201 17205 17205 E ArmVmp : Match on catch block at 0xc3 in for 0xa9
02-19 19:43:02.203 17205 17205 E ArmVmp : Match on catch block at 0xc3 in for 0xa1
02-19 19:43:02.217 17205 17205 E ArmVmp : Match on catch block at 0xc3 in for 0xa1
02-19 19:43:02.219 17205 17205 E ArmVmp : Match on catch block at 0xc3 in for 0xa5
02-19 19:43:02.505 17205 17205 E ArmVmp : Match on catch block at 0xc3 in for 0xa5
02-19 19:43:02.508 17205 17205 E ArmVmp : Match on catch block at 0xc3 in for 0xa9
02-19 19:43:02.513 17205 18443 W MediaPlayer: Use of stream types is deprecated for
operations other than volume control
02-19 19:43:02.513 17205 18443 W MediaPlayer: See the documentation of
setAudioStreamType() for what to use instead with android.media.AudioAttributes to
qualify your playback use case
02-19 19:43:02.518 17205 17205 E ArmVmp : Match on catch block at 0xc3 in for 0xa9
02-19 19:43:02.520 17205 17205 E ArmVmp : Match on catch block at 0xc3 in for 0xa1
02-19 19:43:03.017 17205 17205 E ArmVmp : Match on catch block at 0xc3 in for 0xa1
02-19 19:43:03.020 17205 17205 E ArmVmp : Match on catch block at 0xc3 in for 0xa5
02-19 19:43:03.122 17205 17205 E ArmVmp : Match on catch block at 0xc3 in for 0xa9
02-19 19:43:03.125 17205 17205 E ArmVmp : Match on catch block at 0xc3 in for 0xa1
02-19 19:43:03.133 17205 17205 E ArmVmp : Match on catch block at 0xc3 in for 0xa1
02-19 19:43:03.136 17205 17205 E ArmVmp : Match on catch block at 0xc3 in for 0xa5
02-19 19:43:03.193 17205 17205 E ArmVmp : Match on catch block at 0xc3 in for 0xa9
02-19 19:43:03.195 17205 17205 E ArmVmp : Match on catch block at 0xc3 in for 0xa1
02-19 19:43:03.200 17205 17205 E ArmVmp : Match on catch block at 0xc3 in for 0xa1
02-19 19:43:03.202 17205 17205 E ArmVmp : Match on catch block at 0xc3 in for 0xa5
02-19 19:43:03.516 17205 17205 E ArmVmp : Match on catch block at 0xc3 in for 0xa5
02-19 19:43:03.518 17205 17205 E ArmVmp : Match on catch block at 0xc3 in for 0xa9
02-19 19:43:03.655 17205 17205 E ArmVmp : Match on catch block at 0xc3 in for 0xa5
02-19 19:43:03.657 17205 17205 E ArmVmp : Match on catch block at 0xc3 in for 0xa9
02-19 19:43:03.734 17205 17205 E ArmVmp : Match on catch block at 0xc3 in for 0xa9
02-19 19:43:03.739 17205 17205 E ArmVmp : Match on catch block at 0xc3 in for 0xa1
02-19 19:43:04.174 17205 17205 E ArmVmp : Match on catch block at 0xc3 in for 0xa1
02-19 19:43:04.177 17205 17205 E ArmVmp : Match on catch block at 0xc3 in for 0xa5
02-19 19:43:06.637 17205 17205 E ArmVmp : Match on catch block at 0x0a in for 0xc5
02-19 19:43:06.639 17205 17205 E ArmVmp : Match on catch block at 0x0a in for 0xc1
02-19 19:43:06.734 17205 17205 E ArmVmp : Match on catch block at 0xc3 in for 0xb1
02-19 19:43:06.728 17205 17205 W pool-8-thread-1: type=1400 audit(0.0:174663): avc:
granted { execute } for
path="/data/data/com.mbwhatsapp/files/decompressed/libs.spk.zst/libgifimage.so"
dev="dm-11" ino=727591 scontext=u:r:untrusted_app:s0:c30,c257,c512,c768
tcontext=u:object_r:app_data_file:s0:c30,c257,c512,c768 tclass=file
app=com.mbwhatsapp
02-19 19:43:06.735 17205 17205 E ArmVmp : Match on catch block at 0xc3 in for 0xb1
02-19 19:43:06.737 17205 17205 E ArmVmp : Match on catch block at 0xc3 in for 0xb1
02-19 19:43:06.772 17205 17205 E ArmVmp : Match on catch block at 0xc3 in for 0xa9
02-19 19:43:06.773 17205 17205 E ArmVmp : Match on catch block at 0xc3 in for 0xa1
02-19 19:43:06.774 17205 17205 E ArmVmp : Match on catch block at 0xc3 in for 0xa1
02-19 19:43:06.798 17205 17205 E ArmVmp : Match on catch block at 0xc3 in for 0xa5
02-19 19:43:06.800 17205 17205 E ArmVmp : Match on catch block at 0xc3 in for 0xa9
02-19 19:43:06.801 17205 17205 E ArmVmp : Match on catch block at 0xc3 in for 0xa9
02-19 19:43:06.831 17205 17205 E ArmVmp : Match on catch block at 0xc3 in for 0xa5
02-19 19:43:06.834 17205 17205 E ArmVmp : Match on catch block at 0xc3 in for 0xa9
02-19 19:43:06.835 17205 17205 E ArmVmp : Match on catch block at 0xc3 in for 0xa9
02-19 19:43:06.846 17205 17205 E ArmVmp : Match on catch block at 0xc3 in for 0xa1
02-19 19:43:06.848 17205 17205 E ArmVmp : Match on catch block at 0xc3 in for 0xa5
02-19 19:43:06.850 17205 17205 E ArmVmp : Match on catch block at 0xc3 in for 0xa5
02-19 19:43:06.860 17205 17205 E ArmVmp : Match on catch block at 0xc3 in for 0xa9
02-19 19:43:06.862 17205 17205 E ArmVmp : Match on catch block at 0xc3 in for 0xa1
02-19 19:43:06.863 17205 17205 E ArmVmp : Match on catch block at 0xc3 in for 0xa1
02-19 19:43:06.878 17205 17205 E ArmVmp : Match on catch block at 0xc3 in for 0xa1
02-19 19:43:06.882 17205 17205 E ArmVmp : Match on catch block at 0xc3 in for 0xa5
02-19 19:43:06.884 17205 17205 E ArmVmp : Match on catch block at 0xc3 in for 0xa5
02-19 19:43:06.961 17205 17205 E ArmVmp : Match on catch block at 0xc3 in for 0xa5
02-19 19:43:06.963 17205 17205 E ArmVmp : Match on catch block at 0xc3 in for 0xa9
02-19 19:43:06.964 17205 17205 E ArmVmp : Match on catch block at 0xc3 in for 0xa9
02-19 19:43:06.976 17205 17205 E ArmVmp : Match on catch block at 0xc3 in for 0xa1
02-19 19:43:06.978 17205 17205 E ArmVmp : Match on catch block at 0xc3 in for 0xa5
02-19 19:43:06.979 17205 17205 E ArmVmp : Match on catch block at 0xc3 in for 0xa5
02-19 19:43:07.326 17205 17205 E ArmVmp : Match on catch block at 0xc3 in for 0xa1
02-19 19:43:07.327 17205 17205 E ArmVmp : Match on catch block at 0xc3 in for 0xa5
02-19 19:43:07.329 17205 17205 E ArmVmp : Match on catch block at 0xc3 in for 0xa5
02-19 19:43:07.476 17205 17205 E ArmVmp : Match on catch block at 0xc3 in for 0xa9
02-19 19:43:07.478 17205 17205 E ArmVmp : Match on catch block at 0xc3 in for 0xa1
02-19 19:43:07.481 17205 17205 E ArmVmp : Match on catch block at 0xc3 in for 0xa1
02-19 19:43:07.493 17205 17205 E ArmVmp : Match on catch block at 0xc3 in for 0xa5
02-19 19:43:07.496 17205 17205 E ArmVmp : Match on catch block at 0xc3 in for 0xa9
02-19 19:43:07.499 17205 17205 E ArmVmp : Match on catch block at 0xc3 in for 0xa9
02-19 19:43:07.509 17205 17205 E ArmVmp : Match on catch block at 0xc3 in for 0xa1
02-19 19:43:07.510 17205 17205 E ArmVmp : Match on catch block at 0xc3 in for 0xa5
02-19 19:43:07.511 17205 17205 E ArmVmp : Match on catch block at 0xc3 in for 0xa5
02-19 19:43:07.526 17205 17205 E ArmVmp : Match on catch block at 0xc3 in for 0xa9
02-19 19:43:07.527 17205 17205 E ArmVmp : Match on catch block at 0xc3 in for 0xa1
02-19 19:43:07.528 17205 17205 E ArmVmp : Match on catch block at 0xc3 in for 0xa1
02-19 19:43:07.542 17205 17205 E ArmVmp : Match on catch block at 0xc3 in for 0xa5
02-19 19:43:07.544 17205 17205 E ArmVmp : Match on catch block at 0xc3 in for 0xa9
02-19 19:43:07.545 17205 17205 E ArmVmp : Match on catch block at 0xc3 in for 0xa9
02-19 19:43:07.559 17205 17205 E ArmVmp : Match on catch block at 0xc3 in for 0xa1
02-19 19:43:07.560 17205 17205 E ArmVmp : Match on catch block at 0xc3 in for 0xa5
02-19 19:43:07.561 17205 17205 E ArmVmp : Match on catch block at 0xc3 in for 0xa5
02-19 19:43:07.576 17205 17205 E ArmVmp : Match on catch block at 0xc3 in for 0xa9
02-19 19:43:07.577 17205 17205 E ArmVmp : Match on catch block at 0xc3 in for 0xa1
02-19 19:43:07.578 17205 17205 E ArmVmp : Match on catch block at 0xc3 in for 0xa1
02-19 19:43:07.602 17205 17205 E ArmVmp : Match on catch block at 0xc3 in for 0xa5
02-19 19:43:07.603 17205 17205 E ArmVmp : Match on catch block at 0xc3 in for 0xa9
02-19 19:43:07.605 17205 17205 E ArmVmp : Match on catch block at 0xc3 in for 0xa9
02-19 19:43:07.609 17205 17205 E ArmVmp : Match on catch block at 0xc3 in for 0xa1
02-19 19:43:07.610 17205 17205 E ArmVmp : Match on catch block at 0xc3 in for 0xa5
02-19 19:43:07.612 17205 17205 E ArmVmp : Match on catch block at 0xc3 in for 0xa5
02-19 19:43:07.630 17205 17205 E ArmVmp : Match on catch block at 0xc3 in for 0xa1
02-19 19:43:07.632 17205 17205 E ArmVmp : Match on catch block at 0xc3 in for 0xa5
02-19 19:43:07.633 17205 17205 E ArmVmp : Match on catch block at 0xc3 in for 0xa5
02-19 19:43:07.647 17205 17205 E ArmVmp : Match on catch block at 0xc3 in for 0xa1
02-19 19:43:07.649 17205 17205 E ArmVmp : Match on catch block at 0xc3 in for 0xa5
02-19 19:43:07.650 17205 17205 E ArmVmp : Match on catch block at 0xc3 in for 0xa5
02-19 19:43:07.748 17205 17205 E ArmVmp : Match on catch block at 0xc3 in for 0xa1
02-19 19:43:07.750 17205 17205 E ArmVmp : Match on catch block at 0xc3 in for 0xa5
02-19 19:43:07.751 17205 17205 E ArmVmp : Match on catch block at 0xc3 in for 0xa5
02-19 19:43:07.792 17205 17205 E ArmVmp : Match on catch block at 0xc3 in for 0xa1
02-19 19:43:07.797 17205 17205 E ArmVmp : Match on catch block at 0xc3 in for 0xa5
02-19 19:43:07.799 17205 17205 E ArmVmp : Match on catch block at 0xc3 in for 0xa5
02-19 19:43:07.840 17205 17205 E ArmVmp : Match on catch block at 0xc3 in for 0xa9
02-19 19:43:07.844 17205 17205 E ArmVmp : Match on catch block at 0xc3 in for 0xa1
02-19 19:43:07.849 17205 17205 E ArmVmp : Match on catch block at 0xc3 in for 0xa1
02-19 19:43:07.878 17205 17205 E ArmVmp : Match on catch block at 0xc3 in for 0xa9
02-19 19:43:07.881 17205 17205 E ArmVmp : Match on catch block at 0xc3 in for 0xa1
02-19 19:43:07.884 17205 17205 E ArmVmp : Match on catch block at 0xc3 in for 0xa1
02-19 19:43:08.218 17205 18395 E SQLiteDatabase: Error inserting transferred=1
media_job_uuid=a56373d4-27f8-406b-bd3d-c91ca2e979c9 transcoded=0 gif_attribution=0
first_scan_length=12041 direct_path=/o1/v/t62.7118-24/f1/m269/up-oil-image-
4843536a-271f-4b70-9514-129dc09865c0?ccb=9-4&oh=01_AdTZXVj-LeIKyLLiYADAYNOfF-
UwwsRXOLMMJ_26szboVw&oe=65FA9848&_nc_sid=000000 thumbnail_height_width_ratio=1.3125
is_animated_sticker=0 file_hash=eXoPDuw78yl5V8PTyB4aGjiNAKoJBwhxN1papnmRk40=
file_path=Media/MBWhatsApp Images/Private/IMG-20240219-WA0025.jpg file_size=86627
partial_media_hash=3rbhAeLxtDOaFteQOBY2iSVZVSytJyO2ewhCdHyp1us= face_x=0 face_y=0
height=1280 trim_to=0 media_key_timestamp=1708342976000
message_url=https://mmg.whatsapp.net/o1/v/t62.7118-24/f1/m269/up-oil-image-
4843536a-271f-4b70-9514-129dc09865c0?ccb=9-4&oh=01_AdTZXVj-LeIKyLLiYADAYNOfF-
UwwsRXOLMMJ_26szboVw&oe=65FA9848&_nc_sid=000000&mms3=true media_caption=null
trim_from=0 mime_type=image/jpeg partial_media_enc_hash=null width=963
original_file_hash=null has_streaming_sidecar=1 autotransfer_retry_enabled=1
media_upload_handle=null message_row_id=26475 multicast_id=null
enc_file_hash=Os0y9bg0Q0wbNoodC7ps5JsNPABgsxMB+cxYxysZc04= mute_video=0
page_count=0 first_scan_sidecar=[B@1160b3a suspicious_content=0 file_length=86627
media_name=null media_duration=0 chat_row_id=530 media_key=[B@6aaa3eb
02-19 19:43:08.218 17205 18395 E SQLiteDatabase:
android.database.sqlite.SQLiteConstraintException: UNIQUE constraint failed:
message_media.message_row_id (code 1555 SQLITE_CONSTRAINT_PRIMARYKEY)
02-19 19:43:08.218 17205 18395 E SQLiteDatabase: at
android.database.sqlite.SQLiteConnection.nativeExecuteForLastInsertedRowId(Native
Method)
02-19 19:43:08.218 17205 18395 E SQLiteDatabase: at
android.database.sqlite.SQLiteConnection.executeForLastInsertedRowId(SQLiteConnecti
on.java:938)
02-19 19:43:08.218 17205 18395 E SQLiteDatabase: at
android.database.sqlite.SQLiteSession.executeForLastInsertedRowId(SQLiteSession.jav
a:790)
02-19 19:43:08.218 17205 18395 E SQLiteDatabase: at
android.database.sqlite.SQLiteStatement.executeInsert(SQLiteStatement.java:88)
02-19 19:43:08.218 17205 18395 E SQLiteDatabase: at
android.database.sqlite.SQLiteDatabase.insertWithOnConflict(SQLiteDatabase.java:170
1)
02-19 19:43:08.218 17205 18395 E SQLiteDatabase: at
android.database.sqlite.SQLiteDatabase.insert(SQLiteDatabase.java:1570)
02-19 19:43:08.218 17205 18395 E SQLiteDatabase: at X.2tm.A08(Unknown
Source:6)
02-19 19:43:08.218 17205 18395 E SQLiteDatabase: at X.35Y.A07(Unknown
Source:212)
02-19 19:43:08.218 17205 18395 E SQLiteDatabase: at X.3QF.A14(Unknown
Source:470)
02-19 19:43:08.218 17205 18395 E SQLiteDatabase: at X.3gU.run(Unknown
Source:982)
02-19 19:43:08.218 17205 18395 E SQLiteDatabase: at
android.os.Handler.handleCallback(Handler.java:938)
02-19 19:43:08.218 17205 18395 E SQLiteDatabase: at
android.os.Handler.dispatchMessage(Handler.java:99)
02-19 19:43:08.218 17205 18395 E SQLiteDatabase: at
X.0zq.dispatchMessage(Unknown Source:4)
02-19 19:43:08.218 17205 18395 E SQLiteDatabase: at
android.os.Looper.loop(Looper.java:223)
02-19 19:43:08.218 17205 18395 E SQLiteDatabase: at
android.os.HandlerThread.run(HandlerThread.java:67)
02-19 19:43:08.391 17205 17205 E ArmVmp : Match on catch block at 0xc3 in for 0xa9
02-19 19:43:08.394 17205 17205 E ArmVmp : Match on catch block at 0xc3 in for 0xa1
02-19 19:43:08.396 17205 17205 E ArmVmp : Match on catch block at 0xc3 in for 0xa1
02-19 19:43:08.790 17205 17205 E RecyclerView: No adapter attached; skipping layout
02-19 19:43:08.795 17205 17205 E ArmVmp : Match on catch block at 0xc3 in for 0xa1
02-19 19:43:08.797 17205 17205 E ArmVmp : Match on catch block at 0xc3 in for 0xa5
02-19 19:43:08.799 17205 17205 E ArmVmp : Match on catch block at 0xc3 in for 0xa5
02-19 19:43:09.144 17205 17205 E ArmVmp : Match on catch block at 0x0a in for 0xa5
02-19 19:43:09.148 17205 17205 E ArmVmp : Match on catch block at 0x0a in for 0xa9
02-19 19:43:09.151 17205 17205 E ArmVmp : Match on catch block at 0x0a in for 0xa9
02-19 19:43:09.153 17205 17205 E ArmVmp : Match on catch block at 0x0a in for 0xa9
02-19 19:43:09.155 17205 17205 E ArmVmp : Match on catch block at 0x0a in for 0xa9
02-19 19:43:09.152 17205 17205 W StickerImageFil: type=1400 audit(0.0:174664): avc:
granted { execute } for
path="/data/data/com.mbwhatsapp/files/decompressed/libs.spk.zst/libstatic-webp.so"
dev="dm-11" ino=727899 scontext=u:r:untrusted_app:s0:c30,c257,c512,c768
tcontext=u:object_r:app_data_file:s0:c30,c257,c512,c768 tclass=file
app=com.mbwhatsapp
02-19 19:43:09.158 17205 17205 E ArmVmp : Match on catch block at 0x0a in for 0xa9
02-19 19:43:09.177 17205 17205 E ArmVmp : Match on catch block at 0x0a in for 0xa9
02-19 19:43:09.356 17205 17205 E ArmVmp : Match on catch block at 0xc3 in for 0xa1
02-19 19:43:09.359 17205 17205 E ArmVmp : Match on catch block at 0xc3 in for 0xa5
02-19 19:43:09.361 17205 17205 E ArmVmp : Match on catch block at 0xc3 in for 0xa5
02-19 19:43:09.373 17205 17205 E ArmVmp : Match on catch block at 0xc3 in for 0xa9
02-19 19:43:09.376 17205 17205 E ArmVmp : Match on catch block at 0xc3 in for 0xa1
02-19 19:43:09.378 17205 17205 E ArmVmp : Match on catch block at 0xc3 in for 0xa1
02-19 19:43:09.390 17205 17205 E ArmVmp : Match on catch block at 0xc3 in for 0xa5
02-19 19:43:09.393 17205 17205 E ArmVmp : Match on catch block at 0xc3 in for 0xa9
02-19 19:43:09.395 17205 17205 E ArmVmp : Match on catch block at 0xc3 in for 0xa9
02-19 19:43:09.407 17205 17205 E ArmVmp : Match on catch block at 0xc3 in for 0xa1
02-19 19:43:09.410 17205 17205 E ArmVmp : Match on catch block at 0xc3 in for 0xa5
02-19 19:43:09.412 17205 17205 E ArmVmp : Match on catch block at 0xc3 in for 0xa5
02-19 19:43:09.424 17205 17205 E ArmVmp : Match on catch block at 0xc3 in for 0xa9
02-19 19:43:09.429 17205 17205 E ArmVmp : Match on catch block at 0xc3 in for 0xa1
02-19 19:43:09.431 17205 17205 E ArmVmp : Match on catch block at 0xc3 in for 0xa1
02-19 19:43:09.441 17205 17205 E ArmVmp : Match on catch block at 0xc3 in for 0xa5
02-19 19:43:09.443 17205 17205 E ArmVmp : Match on catch block at 0xc3 in for 0xa9
02-19 19:43:09.445 17205 17205 E ArmVmp : Match on catch block at 0xc3 in for 0xa9
02-19 19:43:09.456 17205 17205 E ArmVmp : Match on catch block at 0xc3 in for 0xa1
02-19 19:43:09.459 17205 17205 E ArmVmp : Match on catch block at 0xc3 in for 0xa5
02-19 19:43:09.461 17205 17205 E ArmVmp : Match on catch block at 0xc3 in for 0xa5
02-19 19:43:09.474 17205 17205 E ArmVmp : Match on catch block at 0xc3 in for 0xa9
02-19 19:43:09.476 17205 17205 E ArmVmp : Match on catch block at 0xc3 in for 0xa1
02-19 19:43:09.478 17205 17205 E ArmVmp : Match on catch block at 0xc3 in for 0xa1
02-19 19:43:09.482 17205 17205 E ArmVmp : Match on catch block at 0x0a in for 0xa1
02-19 19:43:09.490 17205 17205 E ArmVmp : Match on catch block at 0x0a in for 0xa1
02-19 19:43:09.492 17205 17205 E ArmVmp : Match on catch block at 0x0a in for 0xa1
02-19 19:43:09.505 17205 17205 E ArmVmp : Match on catch block at 0x0a in for 0xa1
02-19 19:43:09.510 17205 17205 E ArmVmp : Match on catch block at 0xc3 in for 0xa5
02-19 19:43:09.511 17205 17205 E ArmVmp : Match on catch block at 0xc3 in for 0xa9
02-19 19:43:09.513 17205 17205 E ArmVmp : Match on catch block at 0xc3 in for 0xa9
02-19 19:43:09.522 17205 17205 E ArmVmp : Match on catch block at 0xc3 in for 0xa1
02-19 19:43:09.524 17205 17205 E ArmVmp : Match on catch block at 0xc3 in for 0xa5
02-19 19:43:09.526 17205 17205 E ArmVmp : Match on catch block at 0xc3 in for 0xa5
02-19 19:43:09.540 17205 17205 E ArmVmp : Match on catch block at 0xc3 in for 0xa9
02-19 19:43:09.543 17205 17205 E ArmVmp : Match on catch block at 0xc3 in for 0xa1
02-19 19:43:09.545 17205 17205 E ArmVmp : Match on catch block at 0xc3 in for 0xa1
02-19 19:43:09.557 17205 17205 E ArmVmp : Match on catch block at 0xc3 in for 0xa5
02-19 19:43:09.560 17205 17205 E ArmVmp : Match on catch block at 0xc3 in for 0xa9
02-19 19:43:09.562 17205 17205 E ArmVmp : Match on catch block at 0xc3 in for 0xa9
02-19 19:43:09.573 17205 17205 E ArmVmp : Match on catch block at 0xc3 in for 0xa1
02-19 19:43:09.575 17205 17205 E ArmVmp : Match on catch block at 0xc3 in for 0xa5
02-19 19:43:09.577 17205 17205 E ArmVmp : Match on catch block at 0xc3 in for 0xa5
02-19 19:43:09.590 17205 17205 E ArmVmp : Match on catch block at 0xc3 in for 0xa9
02-19 19:43:09.592 17205 17205 E ArmVmp : Match on catch block at 0xc3 in for 0xa1
02-19 19:43:09.593 17205 17205 E ArmVmp : Match on catch block at 0xc3 in for 0xa1
02-19 19:43:09.606 17205 17205 E ArmVmp : Match on catch block at 0xc3 in for 0xa5
02-19 19:43:09.607 17205 17205 E ArmVmp : Match on catch block at 0xc3 in for 0xa9
02-19 19:43:09.608 17205 17205 E ArmVmp : Match on catch block at 0xc3 in for 0xa9
02-19 19:43:11.498 17205 17205 E Dialog : show dialog
view=DecorView@35a70fd[Conversation]
02-19 19:43:11.500 17205 17205 E ArmVmp : Match on catch block at 0xc3 in for 0xa5
02-19 19:43:11.502 17205 17205 E ArmVmp : Match on catch block at 0xc3 in for 0xa9
02-19 19:43:11.520 17205 17205 E ArmVmp : Match on catch block at 0xc3 in for 0xb9
02-19 19:43:11.525 17205 17205 E ArmVmp : Match on catch block at 0xc3 in for 0xa9
02-19 19:43:11.555 17205 17205 E ArmVmp : Match on catch block at 0xc3 in for 0xa1
02-19 19:43:11.557 17205 17205 E ArmVmp : Match on catch block at 0xc3 in for 0xa5
02-19 19:43:11.566 17205 17205 E ArmVmp : Match on catch block at 0xc3 in for 0xa9
02-19 19:43:11.574 17205 17205 E ArmVmp : Match on catch block at 0xc3 in for 0xa1
02-19 19:43:11.583 17205 17205 E ArmVmp : Match on catch block at 0xc3 in for 0xa5
02-19 19:43:11.586 17205 17205 E ArmVmp : Match on catch block at 0xc3 in for 0xa9
02-19 19:43:11.595 17205 17205 E ArmVmp : Match on catch block at 0xc3 in for 0xa1
02-19 19:43:11.599 17205 17205 E ArmVmp : Match on catch block at 0xc3 in for 0xa5
02-19 19:43:12.161 17205 17205 E ArmVmp : Match on catch block at 0xc3 in for 0xa1
02-19 19:43:12.162 17205 17205 E ArmVmp : Match on catch block at 0xc3 in for 0xa5
02-19 19:43:12.172 17205 17205 E ArmVmp : Match on catch block at 0xc3 in for 0xa9
02-19 19:43:12.180 17205 18395 E SQLiteDatabase: Error inserting transferred=0
media_job_uuid=bc777e0e-f6a6-431c-adeb-e8c343251db6 transcoded=1 gif_attribution=0
first_scan_length=0 direct_path=null thumbnail_height_width_ratio=1.0
is_animated_sticker=0 file_hash=cB2TQeyKsJPtAGEbNkm6z17sslMRFkkFA+N3LwhFd+4=
file_path=/data/user/0/com.mbwhatsapp/files/Stickers/cB2TQeyKsJPtAGEbNkm6z17sslMRFk
kFA+N3LwhFd+4=.webp file_size=15870 partial_media_hash=null face_x=0 face_y=0
height=64 trim_to=0 media_key_timestamp=0 message_url=null media_caption=null
trim_from=0 mime_type=image/webp partial_media_enc_hash=null width=64
original_file_hash=null has_streaming_sidecar=0 autotransfer_retry_enabled=1
media_upload_handle=null message_row_id=26476 multicast_id=null enc_file_hash=null
mute_video=0 page_count=0 first_scan_sidecar=null suspicious_content=0
file_length=15870 media_name=cB2TQeyKsJPtAGEbNkm6z17sslMRFkkFA+N3LwhFd+4=.webp
media_duration=0 chat_row_id=198 media_key=null
02-19 19:43:12.180 17205 18395 E SQLiteDatabase:
android.database.sqlite.SQLiteConstraintException: UNIQUE constraint failed:
message_media.message_row_id (code 1555 SQLITE_CONSTRAINT_PRIMARYKEY)
02-19 19:43:12.180 17205 18395 E SQLiteDatabase: at
android.database.sqlite.SQLiteConnection.nativeExecuteForLastInsertedRowId(Native
Method)
02-19 19:43:12.180 17205 18395 E SQLiteDatabase: at
android.database.sqlite.SQLiteConnection.executeForLastInsertedRowId(SQLiteConnecti
on.java:938)
02-19 19:43:12.180 17205 18395 E SQLiteDatabase: at
android.database.sqlite.SQLiteSession.executeForLastInsertedRowId(SQLiteSession.jav
a:790)
02-19 19:43:12.180 17205 18395 E SQLiteDatabase: at
android.database.sqlite.SQLiteStatement.executeInsert(SQLiteStatement.java:88)
02-19 19:43:12.180 17205 18395 E SQLiteDatabase: at
android.database.sqlite.SQLiteDatabase.insertWithOnConflict(SQLiteDatabase.java:170
1)
02-19 19:43:12.180 17205 18395 E SQLiteDatabase: at
android.database.sqlite.SQLiteDatabase.insert(SQLiteDatabase.java:1570)
02-19 19:43:12.180 17205 18395 E SQLiteDatabase: at X.2tm.A08(Unknown
Source:6)
02-19 19:43:12.180 17205 18395 E SQLiteDatabase: at X.35Y.A07(Unknown
Source:212)
02-19 19:43:12.180 17205 18395 E SQLiteDatabase: at X.3QF.A14(Unknown
Source:470)
02-19 19:43:12.180 17205 18395 E SQLiteDatabase: at X.3gU.run(Unknown
Source:982)
02-19 19:43:12.180 17205 18395 E SQLiteDatabase: at
android.os.Handler.handleCallback(Handler.java:938)
02-19 19:43:12.180 17205 18395 E SQLiteDatabase: at
android.os.Handler.dispatchMessage(Handler.java:99)
02-19 19:43:12.180 17205 18395 E SQLiteDatabase: at
X.0zq.dispatchMessage(Unknown Source:4)
02-19 19:43:12.180 17205 18395 E SQLiteDatabase: at
android.os.Looper.loop(Looper.java:223)
02-19 19:43:12.180 17205 18395 E SQLiteDatabase: at
android.os.HandlerThread.run(HandlerThread.java:67)
02-19 19:43:12.181 17205 17205 E ArmVmp : Match on catch block at 0xc3 in for 0xa5
02-19 19:43:12.183 17205 17205 E ArmVmp : Match on catch block at 0xc3 in for 0xa9
02-19 19:43:12.228 17205 17205 E ArmVmp : Match on catch block at 0xc3 in for 0xa1
02-19 19:43:12.230 17205 17205 E ArmVmp : Match on catch block at 0xc3 in for 0xa5
02-19 19:43:12.239 17205 17205 E ArmVmp : Match on catch block at 0xc3 in for 0xa5
02-19 19:43:12.242 17205 17205 E ArmVmp : Match on catch block at 0xc3 in for 0xa9
02-19 19:43:12.286 17205 17205 E ArmVmp : Match on catch block at 0xc3 in for 0xa5
02-19 19:43:12.288 17205 17205 E ArmVmp : Match on catch block at 0xc3 in for 0xa9
02-19 19:43:12.301 17205 17205 E ArmVmp : Match on catch block at 0xc3 in for 0xa5
02-19 19:43:12.303 17205 17205 E ArmVmp : Match on catch block at 0xc3 in for 0xa9
02-19 19:43:13.148 17205 18395 E SQLiteDatabase: Error inserting transferred=1
media_job_uuid=bc777e0e-f6a6-431c-adeb-e8c343251db6 transcoded=1 gif_attribution=0
first_scan_length=0 direct_path=/v/t62.15575-
24/35088291_919949982841552_2782042799465815848_n.enc?ccb=11-
4&oh=01_AdQZXXBXrHVHT4GTOPZBJzDyjNK08GkvLIuQd7vXUdGuig&oe=65FAA6E8&_nc_sid=5e03e0
thumbnail_height_width_ratio=1.0 is_animated_sticker=0
file_hash=cB2TQeyKsJPtAGEbNkm6z17sslMRFkkFA+N3LwhFd+4= file_path=Media/MBWhatsApp
Stickers/STK-20240219-WA0013.webp file_size=15870 partial_media_hash=null face_x=0
face_y=0 height=64 trim_to=0 media_key_timestamp=1708318031493
message_url=https://mmg.whatsapp.net/v/t62.15575-
24/35088291_919949982841552_2782042799465815848_n.enc?ccb=11-
4&oh=01_AdQZXXBXrHVHT4GTOPZBJzDyjNK08GkvLIuQd7vXUdGuig&oe=65FAA6E8&_nc_sid=5e03e0&m
ms3=true media_caption=null trim_from=0 mime_type=image/webp
partial_media_enc_hash=null width=64 original_file_hash=null
has_streaming_sidecar=0 autotransfer_retry_enabled=0 media_upload_handle=null
message_row_id=26476 multicast_id=null
enc_file_hash=NvddlWYG1i2mEanTrsAA1fuEtQ5Aumivg9awIAHSIn8= mute_video=0
page_count=0 first_scan_sidecar=null suspicious_content=0 file_length=15870
media_name=cB2TQeyKsJPtAGEbNkm6z17sslMRFkkFA+N3LwhFd+4=.webp media_duration=0
chat_row_id=198 media_key=[B@be2955d
02-19 19:43:13.148 17205 18395 E SQLiteDatabase:
android.database.sqlite.SQLiteConstraintException: UNIQUE constraint failed:
message_media.message_row_id (code 1555 SQLITE_CONSTRAINT_PRIMARYKEY)
02-19 19:43:13.148 17205 18395 E SQLiteDatabase: at
android.database.sqlite.SQLiteConnection.nativeExecuteForLastInsertedRowId(Native
Method)
02-19 19:43:13.148 17205 18395 E SQLiteDatabase: at
android.database.sqlite.SQLiteConnection.executeForLastInsertedRowId(SQLiteConnecti
on.java:938)
02-19 19:43:13.148 17205 18395 E SQLiteDatabase: at
android.database.sqlite.SQLiteSession.executeForLastInsertedRowId(SQLiteSession.jav
a:790)
02-19 19:43:13.148 17205 18395 E SQLiteDatabase: at
android.database.sqlite.SQLiteStatement.executeInsert(SQLiteStatement.java:88)
02-19 19:43:13.148 17205 18395 E SQLiteDatabase: at
android.database.sqlite.SQLiteDatabase.insertWithOnConflict(SQLiteDatabase.java:170
1)
02-19 19:43:13.148 17205 18395 E SQLiteDatabase: at
android.database.sqlite.SQLiteDatabase.insert(SQLiteDatabase.java:1570)
02-19 19:43:13.148 17205 18395 E SQLiteDatabase: at X.2tm.A08(Unknown
Source:6)
02-19 19:43:13.148 17205 18395 E SQLiteDatabase: at X.35Y.A07(Unknown
Source:212)
02-19 19:43:13.148 17205 18395 E SQLiteDatabase: at X.3QF.A14(Unknown
Source:470)
02-19 19:43:13.148 17205 18395 E SQLiteDatabase: at X.3gU.run(Unknown
Source:982)
02-19 19:43:13.148 17205 18395 E SQLiteDatabase: at
android.os.Handler.handleCallback(Handler.java:938)
02-19 19:43:13.148 17205 18395 E SQLiteDatabase: at
android.os.Handler.dispatchMessage(Handler.java:99)
02-19 19:43:13.148 17205 18395 E SQLiteDatabase: at
X.0zq.dispatchMessage(Unknown Source:4)
02-19 19:43:13.148 17205 18395 E SQLiteDatabase: at
android.os.Looper.loop(Looper.java:223)
02-19 19:43:13.148 17205 18395 E SQLiteDatabase: at
android.os.HandlerThread.run(HandlerThread.java:67)
02-19 19:43:13.166 17205 17205 E ArmVmp : Match on catch block at 0xc3 in for 0xa9
02-19 19:43:13.168 17205 17205 E ArmVmp : Match on catch block at 0xc3 in for 0xa1
02-19 19:43:13.174 17205 17205 E ArmVmp : Match on catch block at 0xc3 in for 0xa1
02-19 19:43:13.176 17205 17205 E ArmVmp : Match on catch block at 0xc3 in for 0xa5
02-19 19:43:13.295 17205 17205 E ArmVmp : Match on catch block at 0xc3 in for 0xa1
02-19 19:43:13.297 17205 17205 E ArmVmp : Match on catch block at 0xc3 in for 0xa5
02-19 19:43:13.300 17205 17205 E ArmVmp : Match on catch block at 0xc3 in for 0xa5
02-19 19:43:13.302 17205 17205 E ArmVmp : Match on catch block at 0xc3 in for 0xa9
02-19 19:43:13.551 17205 17205 E ArmVmp : Match on catch block at 0xc3 in for 0xa9
02-19 19:43:13.552 17205 17205 E ArmVmp : Match on catch block at 0xc3 in for 0xa1
02-19 19:43:13.556 17205 18443 W MediaPlayer: Use of stream types is deprecated for
operations other than volume control
02-19 19:43:13.556 17205 18443 W MediaPlayer: See the documentation of
setAudioStreamType() for what to use instead with android.media.AudioAttributes to
qualify your playback use case
02-19 19:43:13.566 17205 17205 E ArmVmp : Match on catch block at 0xc3 in for 0xa9
02-19 19:43:13.567 17205 17205 E ArmVmp : Match on catch block at 0xc3 in for 0xa1
02-19 19:43:13.990 17205 17205 E ArmVmp : Match on catch block at 0xc3 in for 0xa9
02-19 19:43:13.993 17205 17205 E ArmVmp : Match on catch block at 0xc3 in for 0xa1
02-19 19:43:14.125 17205 17205 E ArmVmp : Match on catch block at 0xc3 in for 0xa1
02-19 19:43:14.126 17205 17205 E ArmVmp : Match on catch block at 0xc3 in for 0xa5
02-19 19:43:14.544 17205 17205 E ArmVmp : Match on catch block at 0xc3 in for 0xa9
02-19 19:43:14.546 17205 17205 E ArmVmp : Match on catch block at 0xc3 in for 0xa1
02-19 19:43:18.720 17205 17205 W BottomSheetBehavior: BottomSheetBehavior now
supports multiple callbacks. `setBottomSheetCallback()` removes all existing
callbacks, including ones set internally by library authors, which may result in
unintended behavior. This may change in the future. Please use
`addBottomSheetCallback()` and `removeBottomSheetCallback()` instead to set your
own callbacks.
02-19 19:43:18.720 17205 17205 W BottomSheetBehavior: BottomSheetBehavior now
supports multiple callbacks. `setBottomSheetCallback()` removes all existing
callbacks, including ones set internally by library authors, which may result in
unintended behavior. This may change in the future. Please use
`addBottomSheetCallback()` and `removeBottomSheetCallback()` instead to set your
own callbacks.
02-19 19:43:18.873 17205 19151 W AudioCapabilities: Unsupported mime audio/mpeg-L1
02-19 19:43:18.874 17205 19151 W AudioCapabilities: Unsupported mime audio/mpeg-L2
02-19 19:43:18.877 17205 19151 W VideoCapabilities: Unrecognized profile/level
32768/2 for video/mp4v-es
02-19 19:43:18.877 17205 19151 W VideoCapabilities: Unrecognized profile/level
32768/64 for video/mp4v-es
02-19 19:43:18.919 17205 19159 E ACodec : [OMX.sprd.h264.decoder] setPortMode on
output to DynamicANWBuffer failed w/ err -2147483648
02-19 19:43:19.020 17205 19164 W Codec2Client: query -- param skipped: index =
1107298332.
02-19 19:43:19.020 17205 19164 W CCodec : This behavior is subject to change. It
is recommended that app developers double check whether the requested max input
size is in reasonable range.
02-19 19:43:19.021 17205 19164 W Codec2Client: query -- param skipped: index =
1342179345.
02-19 19:43:19.021 17205 19164 W Codec2Client: query -- param skipped: index =
2415921170.
02-19 19:43:19.021 17205 19164 W Codec2Client: query -- param skipped: index =
1610614798.
02-19 19:43:19.026 17205 19164 E FMQ : grantorIdx must be less than 3
02-19 19:43:19.026 17205 19164 E FMQ : grantorIdx must be less than 3
02-19 19:43:19.027 17205 19164 E ion : ioctl c0044901 failed with code -1:
Inappropriate ioctl for device
02-19 19:43:19.029 17205 19164 E FMQ : grantorIdx must be less than 3
02-19 19:43:19.038 17205 19160 E FMQ : grantorIdx must be less than 3
02-19 19:43:19.096 17205 17205 W RenderThread: type=1400 audit(0.0:174668): avc:
denied { getattr } for name="dmabuf:" dev="dmabuf" ino=1
scontext=u:r:untrusted_app:s0:c30,c257,c512,c768 tcontext=u:object_r:unlabeled:s0
tclass=filesystem permissive=0 app=com.mbwhatsapp
02-19 19:43:19.125 17205 19151 W AudioTrack: getTimestamp_l(1045): retrograde
timestamp time corrected, 35012439014571 < 35012551283879
02-19 19:43:19.208 17205 17205 W RenderThread: type=1400 audit(0.0:174669): avc:
denied { getattr } for name="dmabuf:" dev="dmabuf" ino=1
scontext=u:r:untrusted_app:s0:c30,c257,c512,c768 tcontext=u:object_r:unlabeled:s0
tclass=filesystem permissive=0 app=com.mbwhatsapp
02-19 19:43:19.240 17205 17205 W RenderThread: type=1400 audit(0.0:174670): avc:
denied { getattr } for name="dmabuf:" dev="dmabuf" ino=1
scontext=u:r:untrusted_app:s0:c30,c257,c512,c768 tcontext=u:object_r:unlabeled:s0
tclass=filesystem permissive=0 app=com.mbwhatsapp
02-19 19:43:19.308 17205 17205 W RenderThread: type=1400 audit(0.0:174671): avc:
denied { getattr } for name="dmabuf:" dev="dmabuf" ino=1
scontext=u:r:untrusted_app:s0:c30,c257,c512,c768 tcontext=u:object_r:unlabeled:s0
tclass=filesystem permissive=0 app=com.mbwhatsapp
02-19 19:43:19.360 17205 17205 W RenderThread: type=1400 audit(0.0:174672): avc:
denied { getattr } for name="dmabuf:" dev="dmabuf" ino=1
scontext=u:r:untrusted_app:s0:c30,c257,c512,c768 tcontext=u:object_r:unlabeled:s0
tclass=filesystem permissive=0 app=com.mbwhatsapp
02-19 19:43:21.464 17205 17205 W RenderThread: type=1400 audit(0.0:174676): avc:
denied { getattr } for name="dmabuf:" dev="dmabuf" ino=1
scontext=u:r:untrusted_app:s0:c30,c257,c512,c768 tcontext=u:object_r:unlabeled:s0
tclass=filesystem permissive=0 app=com.mbwhatsapp
02-19 19:43:21.516 17205 17205 W RenderThread: type=1400 audit(0.0:174677): avc:
denied { getattr } for name="dmabuf:" dev="dmabuf" ino=1
scontext=u:r:untrusted_app:s0:c30,c257,c512,c768 tcontext=u:object_r:unlabeled:s0
tclass=filesystem permissive=0 app=com.mbwhatsapp
02-19 19:43:21.548 17205 17205 W RenderThread: type=1400 audit(0.0:174678): avc:
denied { getattr } for name="dmabuf:" dev="dmabuf" ino=1
scontext=u:r:untrusted_app:s0:c30,c257,c512,c768 tcontext=u:object_r:unlabeled:s0
tclass=filesystem permissive=0 app=com.mbwhatsapp
02-19 19:43:21.600 17205 17205 W RenderThread: type=1400 audit(0.0:174679): avc:
denied { getattr } for name="dmabuf:" dev="dmabuf" ino=1
scontext=u:r:untrusted_app:s0:c30,c257,c512,c768 tcontext=u:object_r:unlabeled:s0
tclass=filesystem permissive=0 app=com.mbwhatsapp
02-19 19:43:21.632 17205 17205 W RenderThread: type=1400 audit(0.0:174680): avc:
denied { getattr } for name="dmabuf:" dev="dmabuf" ino=1
scontext=u:r:untrusted_app:s0:c30,c257,c512,c768 tcontext=u:object_r:unlabeled:s0
tclass=filesystem permissive=0 app=com.mbwhatsapp
02-19 19:43:30.862 17205 19164 W Codec2Client: query -- param skipped: index =
1342179345.
02-19 19:43:30.862 17205 19164 W Codec2Client: query -- param skipped: index =
2415921170.
02-19 19:43:30.862 17205 19164 W Codec2Client: query -- param skipped: index =
1610614798.
--------- beginning of system
--------- beginning of main
02-19 20:15:49.577 17205 17205 E ArmVmp : Match on catch block at 0xc3 in for 0xa5
02-19 20:15:49.580 17205 17205 E ArmVmp : Match on catch block at 0xc3 in for 0xa9
02-19 20:15:49.583 17205 17205 E ArmVmp : Match on catch block at 0xc3 in for 0xa9
02-19 20:15:49.590 17205 17205 E ArmVmp : Match on catch block at 0xc3 in for 0xa5
02-19 20:15:49.594 17205 17205 E ArmVmp : Match on catch block at 0xc3 in for 0xa9
02-19 20:15:49.596 17205 17205 E ArmVmp : Match on catch block at 0xc3 in for 0xa9
02-19 20:15:49.607 17205 17205 E ArmVmp : Match on catch block at 0xc3 in for 0xa1
02-19 20:15:49.609 17205 17205 E ArmVmp : Match on catch block at 0xc3 in for 0xa5
02-19 20:15:49.610 17205 17205 E ArmVmp : Match on catch block at 0xc3 in for 0xa5
02-19 20:15:49.623 17205 17205 E ArmVmp : Match on catch block at 0xc3 in for 0xa9
02-19 20:15:49.625 17205 17205 E ArmVmp : Match on catch block at 0xc3 in for 0xa1
02-19 20:15:49.627 17205 17205 E ArmVmp : Match on catch block at 0xc3 in for 0xa1
02-19 20:15:49.640 17205 17205 E ArmVmp : Match on catch block at 0xc3 in for 0xa5
02-19 20:15:49.642 17205 17205 E ArmVmp : Match on catch block at 0xc3 in for 0xa9
02-19 20:15:49.644 17205 17205 E ArmVmp : Match on catch block at 0xc3 in for 0xa9
02-19 20:15:49.657 17205 17205 E ArmVmp : Match on catch block at 0xc3 in for 0xa1
02-19 20:15:49.660 17205 17205 E ArmVmp : Match on catch block at 0xc3 in for 0xa5
02-19 20:15:49.661 17205 17205 E ArmVmp : Match on catch block at 0xc3 in for 0xa5
02-19 20:15:49.673 17205 17205 E ArmVmp : Match on catch block at 0xc3 in for 0xa9
02-19 20:15:49.675 17205 17205 E ArmVmp : Match on catch block at 0xc3 in for 0xa1
02-19 20:15:49.677 17205 17205 E ArmVmp : Match on catch block at 0xc3 in for 0xa1
02-19 20:15:49.692 17205 17205 E ArmVmp : Match on catch block at 0xc3 in for 0xa5
02-19 20:15:49.694 17205 17205 E ArmVmp : Match on catch block at 0xc3 in for 0xa9
02-19 20:15:49.695 17205 17205 E ArmVmp : Match on catch block at 0xc3 in for 0xa9
02-19 20:15:49.706 17205 17205 E ArmVmp : Match on catch block at 0xc3 in for 0xa1
02-19 20:15:49.708 17205 17205 E ArmVmp : Match on catch block at 0xc3 in for 0xa5
02-19 20:15:49.710 17205 17205 E ArmVmp : Match on catch block at 0xc3 in for 0xa5
02-19 20:15:49.723 17205 17205 E ArmVmp : Match on catch block at 0xc3 in for 0xa9
02-19 20:15:49.727 17205 17205 E ArmVmp : Match on catch block at 0xc3 in for 0xa1
02-19 20:15:49.729 17205 17205 E ArmVmp : Match on catch block at 0xc3 in for 0xa1
02-19 20:15:49.740 17205 17205 E ArmVmp : Match on catch block at 0xc3 in for 0xa5
02-19 20:15:49.743 17205 17205 E ArmVmp : Match on catch block at 0xc3 in for 0xa9
02-19 20:15:49.746 17205 17205 E ArmVmp : Match on catch block at 0xc3 in for 0xa9
02-19 20:15:49.756 17205 17205 E ArmVmp : Match on catch block at 0xc3 in for 0xa1
02-19 20:15:49.758 17205 17205 E ArmVmp : Match on catch block at 0xc3 in for 0xa5
02-19 20:15:49.760 17205 17205 E ArmVmp : Match on catch block at 0xc3 in for 0xa5
02-19 20:15:49.773 17205 17205 E ArmVmp : Match on catch block at 0xc3 in for 0xa9
02-19 20:15:49.776 17205 17205 E ArmVmp : Match on catch block at 0xc3 in for 0xa1
02-19 20:15:49.778 17205 17205 E ArmVmp : Match on catch block at 0xc3 in for 0xa1
02-19 20:15:50.023 17205 17205 E ArmVmp : Match on catch block at 0xc3 in for 0xa5
02-19 20:15:50.027 17205 17205 E ArmVmp : Match on catch block at 0xc3 in for 0xa9
02-19 20:15:50.029 17205 17205 E ArmVmp : Match on catch block at 0xc3 in for 0xa9
02-19 20:15:50.206 17205 17205 E ArmVmp : Match on catch block at 0xc3 in for 0xa1
02-19 20:15:50.208 17205 17205 E ArmVmp : Match on catch block at 0xc3 in for 0xa5
02-19 20:15:50.209 17205 17205 E ArmVmp : Match on catch block at 0xc3 in for 0xa5
02-19 20:15:50.373 17205 17205 E ArmVmp : Match on catch block at 0xc3 in for 0xa5
02-19 20:15:50.375 17205 17205 E ArmVmp : Match on catch block at 0xc3 in for 0xa9
02-19 20:15:50.376 17205 17205 E ArmVmp : Match on catch block at 0xc3 in for 0xa9
02-19 20:15:50.422 17205 17205 E ArmVmp : Match on catch block at 0xc3 in for 0xa1
02-19 20:15:50.424 17205 17205 E ArmVmp : Match on catch block at 0xc3 in for 0xa5
02-19 20:15:50.425 17205 17205 E ArmVmp : Match on catch block at 0xc3 in for 0xa5
02-19 20:15:50.439 17205 17205 E ArmVmp : Match on catch block at 0xc3 in for 0xa9
02-19 20:15:50.442 17205 17205 E ArmVmp : Match on catch block at 0xc3 in for 0xa1
02-19 20:15:50.443 17205 17205 E ArmVmp : Match on catch block at 0xc3 in for 0xa1
02-19 20:15:50.455 17205 17205 E ArmVmp : Match on catch block at 0xc3 in for 0xa5
02-19 20:15:50.458 17205 17205 E ArmVmp : Match on catch block at 0xc3 in for 0xa9
02-19 20:15:50.459 17205 17205 E ArmVmp : Match on catch block at 0xc3 in for 0xa9
02-19 20:15:50.472 17205 17205 E ArmVmp : Match on catch block at 0xc3 in for 0xa1
02-19 20:15:50.474 17205 17205 E ArmVmp : Match on catch block at 0xc3 in for 0xa5
02-19 20:15:50.476 17205 17205 E ArmVmp : Match on catch block at 0xc3 in for 0xa5
02-19 20:15:50.488 17205 17205 E ArmVmp : Match on catch block at 0xc3 in for 0xa9
02-19 20:15:50.490 17205 17205 E ArmVmp : Match on catch block at 0xc3 in for 0xa1
02-19 20:15:50.492 17205 17205 E ArmVmp : Match on catch block at 0xc3 in for 0xa1
02-19 20:15:50.505 17205 17205 E ArmVmp : Match on catch block at 0xc3 in for 0xa5
02-19 20:15:50.507 17205 17205 E ArmVmp : Match on catch block at 0xc3 in for 0xa9
02-19 20:15:50.509 17205 17205 E ArmVmp : Match on catch block at 0xc3 in for 0xa9
02-19 20:15:50.522 17205 17205 E ArmVmp : Match on catch block at 0xc3 in for 0xa1
02-19 20:15:50.524 17205 17205 E ArmVmp : Match on catch block at 0xc3 in for 0xa5
02-19 20:15:50.526 17205 17205 E ArmVmp : Match on catch block at 0xc3 in for 0xa5
02-19 20:15:50.538 17205 17205 E ArmVmp : Match on catch block at 0xc3 in for 0xa9
02-19 20:15:50.541 17205 17205 E ArmVmp : Match on catch block at 0xc3 in for 0xa1
02-19 20:15:50.543 17205 17205 E ArmVmp : Match on catch block at 0xc3 in for 0xa1
02-19 20:15:50.555 17205 17205 E ArmVmp : Match on catch block at 0xc3 in for 0xa5
02-19 20:15:50.558 17205 17205 E ArmVmp : Match on catch block at 0xc3 in for 0xa9
02-19 20:15:50.559 17205 17205 E ArmVmp : Match on catch block at 0xc3 in for 0xa9
02-19 20:15:50.572 17205 17205 E ArmVmp : Match on catch block at 0xc3 in for 0xa1
02-19 20:15:50.574 17205 17205 E ArmVmp : Match on catch block at 0xc3 in for 0xa5
02-19 20:15:50.575 17205 17205 E ArmVmp : Match on catch block at 0xc3 in for 0xa5
02-19 20:15:50.588 17205 17205 E ArmVmp : Match on catch block at 0xc3 in for 0xa9
02-19 20:15:50.590 17205 17205 E ArmVmp : Match on catch block at 0xc3 in for 0xa1
02-19 20:15:50.592 17205 17205 E ArmVmp : Match on catch block at 0xc3 in for 0xa1
02-19 20:15:50.605 17205 17205 E ArmVmp : Match on catch block at 0xc3 in for 0xa5
02-19 20:15:50.607 17205 17205 E ArmVmp : Match on catch block at 0xc3 in for 0xa9
02-19 20:15:50.609 17205 17205 E ArmVmp : Match on catch block at 0xc3 in for 0xa9
02-19 20:15:50.622 17205 17205 E ArmVmp : Match on catch block at 0xc3 in for 0xa1
02-19 20:15:50.623 17205 17205 E ArmVmp : Match on catch block at 0xc3 in for 0xa5
02-19 20:15:50.627 17205 17205 E ArmVmp : Match on catch block at 0xc3 in for 0xa5
02-19 20:15:50.638 17205 17205 E ArmVmp : Match on catch block at 0xc3 in for 0xa9
02-19 20:15:50.640 17205 17205 E ArmVmp : Match on catch block at 0xc3 in for 0xa1
02-19 20:15:50.642 17205 17205 E ArmVmp : Match on catch block at 0xc3 in for 0xa1
02-19 20:15:50.655 17205 17205 E ArmVmp : Match on catch block at 0xc3 in for 0xa5
02-19 20:15:50.657 17205 17205 E ArmVmp : Match on catch block at 0xc3 in for 0xa9
02-19 20:15:50.659 17205 17205 E ArmVmp : Match on catch block at 0xc3 in for 0xa9
02-19 20:15:50.672 17205 17205 E ArmVmp : Match on catch block at 0xc3 in for 0xa1
02-19 20:15:50.673 17205 17205 E ArmVmp : Match on catch block at 0xc3 in for 0xa5
02-19 20:15:50.675 17205 17205 E ArmVmp : Match on catch block at 0xc3 in for 0xa5
02-19 20:15:50.721 17205 17205 E ArmVmp : Match on catch block at 0xc3 in for 0xa9
02-19 20:15:50.723 17205 17205 E ArmVmp : Match on catch block at 0xc3 in for 0xa1
02-19 20:15:50.725 17205 17205 E ArmVmp : Match on catch block at 0xc3 in for 0xa1
02-19 20:15:50.954 17205 17205 E ArmVmp : Match on catch block at 0xc3 in for 0xa5
02-19 20:15:50.960 17205 17205 E ArmVmp : Match on catch block at 0xc3 in for 0xa9
02-19 20:15:50.962 17205 17205 E ArmVmp : Match on catch block at 0xc3 in for 0xa9
02-19 20:15:51.455 17205 17205 E ArmVmp : Match on catch block at 0xc3 in for 0xa1
02-19 20:15:51.458 17205 17205 E ArmVmp : Match on catch block at 0xc3 in for 0xa5
02-19 20:15:51.460 17205 17205 E ArmVmp : Match on catch block at 0xc3 in for 0xa5
02-19 20:15:51.920 17205 17205 E ArmVmp : Match on catch block at 0xc3 in for 0xa9
02-19 20:15:51.922 17205 17205 E ArmVmp : Match on catch block at 0xc3 in for 0xa1
02-19 20:15:51.924 17205 17205 E ArmVmp : Match on catch block at 0xc3 in for 0xa1
02-19 20:15:52.103 17205 17205 E ArmVmp : Match on catch block at 0xc3 in for 0xa5
02-19 20:15:52.105 17205 17205 E ArmVmp : Match on catch block at 0xc3 in for 0xa9
02-19 20:15:52.107 17205 17205 E ArmVmp : Match on catch block at 0xc3 in for 0xa9
02-19 20:15:52.569 17205 17205 E ArmVmp : Match on catch block at 0xc3 in for 0xa1
02-19 20:15:52.571 17205 17205 E ArmVmp : Match on catch block at 0xc3 in for 0xa5
02-19 20:15:52.572 17205 17205 E ArmVmp : Match on catch block at 0xc3 in for 0xa5
02-19 20:15:52.801 17205 17205 E ArmVmp : Match on catch block at 0xc3 in for 0xa9
02-19 20:15:52.803 17205 17205 E ArmVmp : Match on catch block at 0xc3 in for 0xa1
02-19 20:15:52.805 17205 17205 E ArmVmp : Match on catch block at 0xc3 in for 0xa1
02-19 20:15:53.201 17205 17205 E ArmVmp : Match on catch block at 0xc3 in for 0xa5
02-19 20:15:53.203 17205 17205 E ArmVmp : Match on catch block at 0xc3 in for 0xa9
02-19 20:15:53.205 17205 17205 E ArmVmp : Match on catch block at 0xc3 in for 0xa9
02-19 20:15:53.534 17205 17205 E ArmVmp : Match on catch block at 0xc3 in for 0xa1
02-19 20:15:53.537 17205 17205 E ArmVmp : Match on catch block at 0xc3 in for 0xa5
02-19 20:15:53.542 17205 17205 E ArmVmp : Match on catch block at 0xc3 in for 0xa5
02-19 20:15:53.683 17205 17205 E ArmVmp : Match on catch block at 0xc3 in for 0xa9
02-19 20:15:53.686 17205 17205 E ArmVmp : Match on catch block at 0xc3 in for 0xa1
02-19 20:15:53.687 17205 17205 E ArmVmp : Match on catch block at 0xc3 in for 0xa1
02-19 20:15:53.784 17205 17205 E ArmVmp : Match on catch block at 0xc3 in for 0xa5
02-19 20:15:53.786 17205 17205 E ArmVmp : Match on catch block at 0xc3 in for 0xa9
02-19 20:15:53.788 17205 17205 E ArmVmp : Match on catch block at 0xc3 in for 0xa9
02-19 20:15:53.933 17205 17205 E ArmVmp : Match on catch block at 0xc3 in for 0xa1
02-19 20:15:53.935 17205 17205 E ArmVmp : Match on catch block at 0xc3 in for 0xa5
02-19 20:15:53.936 17205 17205 E ArmVmp : Match on catch block at 0xc3 in for 0xa5
02-19 20:15:54.266 17205 17205 E ArmVmp : Match on catch block at 0xc3 in for 0xa9
02-19 20:15:54.268 17205 17205 E ArmVmp : Match on catch block at 0xc3 in for 0xa1
02-19 20:15:54.270 17205 17205 E ArmVmp : Match on catch block at 0xc3 in for 0xa1
02-19 20:15:54.532 17205 17205 E ArmVmp : Match on catch block at 0xc3 in for 0xa5
02-19 20:15:54.534 17205 17205 E ArmVmp : Match on catch block at 0xc3 in for 0xa9
02-19 20:15:54.536 17205 17205 E ArmVmp : Match on catch block at 0xc3 in for 0xa9
02-19 20:15:54.698 17205 17205 E ArmVmp : Match on catch block at 0xc3 in for 0xa1
02-19 20:15:54.701 17205 17205 E ArmVmp : Match on catch block at 0xc3 in for 0xa5
02-19 20:15:54.702 17205 17205 E ArmVmp : Match on catch block at 0xc3 in for 0xa5
02-19 20:15:54.948 17205 17205 E ArmVmp : Match on catch block at 0xc3 in for 0xa5
02-19 20:15:54.950 17205 17205 E ArmVmp : Match on catch block at 0xc3 in for 0xa9
02-19 20:15:54.952 17205 17205 E ArmVmp : Match on catch block at 0xc3 in for 0xa9
02-19 20:15:54.980 17205 17205 E ArmVmp : Match on catch block at 0xc3 in for 0xa5
02-19 20:15:54.982 17205 17205 E ArmVmp : Match on catch block at 0xc3 in for 0xa9
02-19 20:15:54.984 17205 17205 E ArmVmp : Match on catch block at 0xc3 in for 0xa9
02-19 20:15:55.009 17205 17205 E ArmVmp : Match on catch block at 0xc3 in for 0xa1
02-19 20:15:55.013 17205 17205 E ArmVmp : Match on catch block at 0xc3 in for 0xa5
02-19 20:15:55.046 17205 17205 E ArmVmp : Match on catch block at 0xc3 in for 0xa9
02-19 20:15:55.049 17205 17205 E ArmVmp : Match on catch block at 0xc3 in for 0xa1
02-19 20:15:55.065 17205 17205 E ArmVmp : Match on catch block at 0xc3 in for 0xa5
02-19 20:15:55.067 17205 17205 E ArmVmp : Match on catch block at 0xc3 in for 0xa9
02-19 20:15:55.078 17205 17205 E ArmVmp : Match on catch block at 0xc3 in for 0xa5
02-19 20:15:55.080 17205 17205 E ArmVmp : Match on catch block at 0xc3 in for 0xa9
02-19 20:15:55.083 17205 17205 E ArmVmp : Match on catch block at 0xc3 in for 0xa5
02-19 20:15:55.085 17205 17205 E ArmVmp : Match on catch block at 0xc3 in for 0xa9
02-19 20:15:55.098 17205 17205 E ArmVmp : Match on catch block at 0xc3 in for 0xa5
02-19 20:15:55.101 17205 17205 E ArmVmp : Match on catch block at 0xc3 in for 0xa9
