03-02 08:06:29.891 10081 10081 W com.whatsapp: Class X.0eU failed lock verification
and will run slower.
03-02 08:06:30.064 10081 10081 W com.whatsapp: Class com.whatsapp.HomeActivity
failed lock verification and will run slower.
03-02 08:06:30.399 10081 10081 E ion : ioctl c0044901 failed with code -1:
Invalid argument
03-02 08:06:30.462 10081 10081 E ArmVmp : Match on catch block at 0x0a in for 0xc1
03-02 08:06:30.491 10081 10081 E ArmVmp : Match on catch block at 0x0a in for
0x139
03-02 08:06:30.860 10081 19006 W LOTTIE : Animation contains merge paths. Merge
paths are only supported on KitKat+ and must be manually enabled by calling
enableMergePathsForKitKatAndAbove().
03-02 08:06:31.078 10081 19010 E libc : Access denied finding property
"vendor.debug.drm.logv"
03-02 08:06:31.078 10081 19010 E libc : Access denied finding property
"vendor.debug.drm.logv"
03-02 08:06:31.079 10081 19010 E libc : Access denied finding property
"vendor.debug.drm.logd"
03-02 08:06:31.079 10081 19010 E libc : Access denied finding property
"vendor.debug.drm.logv"
03-02 08:06:31.693 10081 10081 E RecyclerView: No adapter attached; skipping layout
03-02 08:06:31.737 10081 18990 E ion : ioctl c0044901 failed with code -1:
Invalid argument
03-02 08:06:31.816 10081 10081 W Choreographer: Already have a pending vsync event.
There should only be one at a time.
03-02 08:06:31.868 10081 10081 E RecyclerView: No adapter attached; skipping layout
03-02 08:06:31.870 10081 10081 W View : requestLayout() improperly called by
androidx.appcompat.view.menu.ActionMenuItemView{ff6b08b VFED..C.. ......ID 194,0-
290,0 #7f0b0f8a app:id/menuitem_search} during layout: running second layout pass
03-02 08:06:31.870 10081 10081 W View : requestLayout() improperly called by
androidx.appcompat.widget.ActionMenuView{c55b568 V.E...... ......ID 280,250-
754,250} during layout: running second layout pass
03-02 08:06:31.901 10081 10081 W Choreographer: Already have a pending vsync event.
There should only be one at a time.
03-02 08:06:31.954 10081 10081 W LOTTIE : Animation contains merge paths but they
are disabled.
03-02 08:06:31.987 10081 10081 E ArmVmp : Match on catch block at 0x0a in for 0xd1
03-02 08:06:32.037 10081 10081 W View : requestLayout() improperly called by
DecorView@2557a51[HomeActivity] during second layout pass: posting in next frame
03-02 08:06:32.680 10081 10081 E ArmVmp : Match on catch block at 0x5b in for 0x85
03-02 08:06:32.713 10081 10081 E ArmVmp : Match on catch block at 0x5b in for 0x81
03-02 08:06:32.737 10081 10081 E ArmVmp : Match on catch block at 0x5b in for 0x85
03-02 08:06:32.759 10081 10081 E ArmVmp : Match on catch block at 0x5b in for 0x85
03-02 08:06:35.331 10081 18993 W com.whatsapp: Accessing hidden method
Lcom/android/org/conscrypt/ConscryptEngineSocket;->setUseSessionTickets(Z)V
(greylist-max-q,test-api, reflection, denied)
03-02 08:06:35.332 10081 18993 W com.whatsapp: Accessing hidden method
Lcom/android/org/conscrypt/OpenSSLSocketImpl;->setUseSessionTickets(Z)V (greylist-
max-q,test-api, reflection, denied)
03-02 08:06:35.332 10081 18993 W com.whatsapp: Accessing hidden method
Lcom/android/org/conscrypt/AbstractConscryptSocket;->setUseSessionTickets(Z)V
(greylist-max-q, reflection, denied)
03-02 08:06:35.333 10081 18993 W com.whatsapp: Accessing hidden method
Lcom/android/org/conscrypt/ConscryptEngineSocket;->setHostname(Ljava/lang/String;)V
(greylist-max-q,test-api, reflection, denied)
03-02 08:06:35.333 10081 18993 W com.whatsapp: Accessing hidden method
Lcom/android/org/conscrypt/OpenSSLSocketImpl;->setHostname(Ljava/lang/String;)V
(greylist-max-q,test-api, reflection, denied)
03-02 08:06:35.333 10081 18993 W com.whatsapp: Accessing hidden method
Lcom/android/org/conscrypt/AbstractConscryptSocket;->setHostname(Ljava/lang/
String;)V (greylist-max-q, reflection, denied)
03-02 08:06:35.334 10081 18993 W com.whatsapp: Accessing hidden method
Lcom/android/org/conscrypt/OpenSSLSocketImpl;->setAlpnProtocols([B)V (greylist-max-
q,test-api, reflection, denied)
03-02 08:06:35.334 10081 18993 W com.whatsapp: Accessing hidden method
Lcom/android/org/conscrypt/AbstractConscryptSocket;->setAlpnProtocols([B)V
(greylist-max-q, reflection, denied)
03-02 08:06:35.520 10081 18993 W com.whatsapp: Accessing hidden method
Lcom/android/org/conscrypt/OpenSSLSocketImpl;->getAlpnSelectedProtocol()[B
(greylist-max-q,test-api, reflection, denied)
03-02 08:06:35.521 10081 18993 W com.whatsapp: Accessing hidden method
Lcom/android/org/conscrypt/AbstractConscryptSocket;->getAlpnSelectedProtocol()[B
(greylist-max-q, reflection, denied)
03-02 08:06:35.952 10081 10081 E ArmVmp : Match on catch block at 0x0a in for 0xc1
03-02 08:06:35.977 10081 10081 E ArmVmp : Match on catch block at 0x0a in for
0x135
03-02 08:06:36.852 10081 10081 E RecyclerView: No adapter attached; skipping layout
03-02 08:06:37.287 10081 10081 E RecyclerView: No adapter attached; skipping layout
03-02 08:06:37.329 10081 10081 E ArmVmp : Match on catch block at 0x0a in for 0xd9
03-02 08:06:37.402 10081 18955 W LibraryVersion: Failed to get app version for
libraryName: firebase-iid
03-02 08:06:37.628 10081 10081 E ArmVmp : Match on catch block at 0x5b in for 0x85
03-02 08:06:37.654 10081 10081 E ArmVmp : Match on catch block at 0x5b in for 0x89
03-02 08:06:37.682 10081 10081 E ArmVmp : Match on catch block at 0x5b in for 0x85
03-02 08:06:38.033 10081 18946 W System : A resource failed to call release.
03-02 08:06:38.034 10081 18946 W System : A resource failed to call release.
03-02 08:06:40.390 10081 10081 W BottomSheetBehavior: BottomSheetBehavior now
supports multiple callbacks. `setBottomSheetCallback()` removes all existing
callbacks, including ones set internally by library authors, which may result in
unintended behavior. This may change in the future. Please use
`addBottomSheetCallback()` and `removeBottomSheetCallback()` instead to set your
own callbacks.
03-02 08:06:40.391 10081 10081 W BottomSheetBehavior: BottomSheetBehavior now
supports multiple callbacks. `setBottomSheetCallback()` removes all existing
callbacks, including ones set internally by library authors, which may result in
unintended behavior. This may change in the future. Please use
`addBottomSheetCallback()` and `removeBottomSheetCallback()` instead to set your
own callbacks.
03-02 08:06:40.639 10081 10081 W BottomSheetBehavior: BottomSheetBehavior now
supports multiple callbacks. `setBottomSheetCallback()` removes all existing
callbacks, including ones set internally by library authors, which may result in
unintended behavior. This may change in the future. Please use
`addBottomSheetCallback()` and `removeBottomSheetCallback()` instead to set your
own callbacks.
03-02 08:06:40.640 10081 10081 W BottomSheetBehavior: BottomSheetBehavior now
supports multiple callbacks. `setBottomSheetCallback()` removes all existing
callbacks, including ones set internally by library authors, which may result in
unintended behavior. This may change in the future. Please use
`addBottomSheetCallback()` and `removeBottomSheetCallback()` instead to set your
own callbacks.
03-02 08:06:40.716 10081 10081 E RecyclerView: No adapter attached; skipping layout
03-02 08:06:42.585 10081 19107 W AudioCapabilities: Unsupported mime audio/x-adpcm-
ms
03-02 08:06:42.585 10081 19107 W AudioCapabilities: Unsupported mime audio/x-adpcm-
dvi-ima
03-02 08:06:42.586 10081 19107 W AudioCapabilities: Unsupported mime audio/alac
03-02 08:06:42.586 10081 19107 W AudioCapabilities: Unsupported mime audio/ape
03-02 08:06:42.590 10081 19107 W VideoCapabilities: Unrecognized profile/level 1/32
for video/mp4v-es
03-02 08:06:42.591 10081 19107 W VideoCapabilities: Unrecognized profile/level
32768/2 for video/mp4v-es
03-02 08:06:42.591 10081 19107 W VideoCapabilities: Unrecognized profile/level
32768/64 for video/mp4v-es
03-02 08:06:42.592 10081 19107 W VideoCapabilities: Unsupported mime video/xvid
03-02 08:06:42.595 10081 19107 W VideoCapabilities: Unrecognized profile/level 1/32
for video/mp4v-es
03-02 08:06:42.649 10081 19114 E ACodec : notify contains hdr-static-info
03-02 08:06:42.649 10081 19114 E ACodec : without HDR static info
03-02 08:06:42.649 10081 19113 E MediaCodec: kWhatComponentConfigured
mIsDecodingHDRVideo = 0
03-02 08:06:42.713 10081 19114 E ACodec : notify contains hdr-static-info
03-02 08:06:42.713 10081 19114 E ACodec : without HDR static info
03-02 08:06:42.720 10081 19120 W Codec2Client: query -- param skipped: index =
1107298332.
03-02 08:06:42.720 10081 19120 W CCodec : This behavior is subject to change. It
is recommended that app developers double check whether the requested max input
size is in reasonable range.
03-02 08:06:42.720 10081 19120 E MediaCodec: kWhatComponentConfigured
mIsDecodingHDRVideo = 0
03-02 08:06:42.721 10081 19120 W Codec2Client: query -- param skipped: index =
1342179345.
03-02 08:06:42.721 10081 19120 W Codec2Client: query -- param skipped: index =
2415921170.
03-02 08:06:42.721 10081 19120 W Codec2Client: query -- param skipped: index =
1610614798.
03-02 08:06:42.723 10081 19120 E FMQ : grantorIdx must be less than 3
03-02 08:06:42.723 10081 19120 E FMQ : grantorIdx must be less than 3
03-02 08:06:42.730 10081 19120 E FMQ : grantorIdx must be less than 3
03-02 08:06:44.358 10081 18990 W RefBase : CallStack::getCurrentInternal not
linked, returning null
03-02 08:06:44.358 10081 18990 W RefBase : CallStack::logStackInternal not linked
03-02 08:06:44.373 10081 19120 W Codec2Client: query -- param skipped: index =
1342179345.
03-02 08:06:44.373 10081 19120 W Codec2Client: query -- param skipped: index =
2415921170.
03-02 08:06:44.373 10081 19120 W Codec2Client: query -- param skipped: index =
1610614798.
03-02 08:06:44.376 10081 19114 W ACodec : Failed to set ANW_HWComposer to OMX,
ignoring (-2147483648)
03-02 08:06:44.530 10081 18978 E SQLiteDatabase: Error inserting transferred=0
media_job_uuid=616ef2a3-85b0-4480-8c51-1591b9694f4a transcoded=0 gif_attribution=0
first_scan_length=0 direct_path=/v/t62.7161-
24/11859277_394984770123940_6385515477327052139_n.enc?ccb=11-
4&oh=01_AdR3vc1Yd5E93Zc7FGtwuku1lBDWVPdTWt7zWoGbuPlSVA&oe=6609F7CB&_nc_sid=5e03e0
thumbnail_height_width_ratio=1.7777778 is_animated_sticker=0
file_hash=Uy26yTmirDVXrZ+4+S3qdBQksndIjoznIkuMHJk77c8= file_path=null file_size=0
partial_media_hash=null face_x=0 face_y=0 height=1024 trim_to=0
media_key_timestamp=1709347697000 message_url=https://mmg.whatsapp.net/v/t62.7161-
24/11859277_394984770123940_6385515477327052139_n.enc?ccb=11-
4&oh=01_AdR3vc1Yd5E93Zc7FGtwuku1lBDWVPdTWt7zWoGbuPlSVA&oe=6609F7CB&_nc_sid=5e03e0&m
ms3=true media_caption=null trim_from=0 mime_type=video/mp4
partial_media_enc_hash=null width=576 original_file_hash=null
has_streaming_sidecar=1 autotransfer_retry_enabled=0 media_upload_handle=null
message_row_id=318 multicast_id=null
enc_file_hash=wwNMQzhIhm9WHccabZUTk720QT3afLEgYVHWe2tD2tM= mute_video=0
page_count=0 first_scan_sidecar=null suspicious_content=0 file_length=3966207
media_name=null media_duration=29 chat_row_id=47 media_key=[B@78f2759
03-02 08:06:44.530 10081 18978 E SQLiteDatabase:
android.database.sqlite.SQLiteConstraintException: UNIQUE constraint failed:
message_media.message_row_id (code 1555 SQLITE_CONSTRAINT_PRIMARYKEY)
03-02 08:06:44.530 10081 18978 E SQLiteDatabase: at
android.database.sqlite.SQLiteConnection.nativeExecuteForLastInsertedRowId(Native
Method)
03-02 08:06:44.530 10081 18978 E SQLiteDatabase: at
android.database.sqlite.SQLiteConnection.executeForLastInsertedRowId(SQLiteConnecti
on.java:984)
03-02 08:06:44.530 10081 18978 E SQLiteDatabase: at
android.database.sqlite.SQLiteSession.executeForLastInsertedRowId(SQLiteSession.jav
a:790)
03-02 08:06:44.530 10081 18978 E SQLiteDatabase: at
android.database.sqlite.SQLiteStatement.executeInsert(SQLiteStatement.java:88)
03-02 08:06:44.530 10081 18978 E SQLiteDatabase: at
android.database.sqlite.SQLiteDatabase.insertWithOnConflict(SQLiteDatabase.java:172
0)
03-02 08:06:44.530 10081 18978 E SQLiteDatabase: at
android.database.sqlite.SQLiteDatabase.insert(SQLiteDatabase.java:1589)
03-02 08:06:44.530 10081 18978 E SQLiteDatabase: at X.2tm.A08(Unknown
Source:6)
03-02 08:06:44.530 10081 18978 E SQLiteDatabase: at X.35Y.A07(Unknown
Source:212)
03-02 08:06:44.530 10081 18978 E SQLiteDatabase: at X.3QF.A14(Unknown
Source:470)
03-02 08:06:44.530 10081 18978 E SQLiteDatabase: at X.3gU.run(Unknown
Source:982)
03-02 08:06:44.530 10081 18978 E SQLiteDatabase: at
android.os.Handler.handleCallback(Handler.java:938)
03-02 08:06:44.530 10081 18978 E SQLiteDatabase: at
android.os.Handler.dispatchMessage(Handler.java:99)
03-02 08:06:44.530 10081 18978 E SQLiteDatabase: at
X.0zq.dispatchMessage(Unknown Source:4)
03-02 08:06:44.530 10081 18978 E SQLiteDatabase: at
android.os.Looper.loop(Looper.java:224)
03-02 08:06:44.530 10081 18978 E SQLiteDatabase: at
android.os.HandlerThread.run(HandlerThread.java:67)
03-02 08:06:44.553 10081 18978 E SQLiteDatabase: Error inserting transferred=0
media_job_uuid=616ef2a3-85b0-4480-8c51-1591b9694f4a transcoded=0 gif_attribution=0
first_scan_length=0 direct_path=/v/t62.7161-
24/11859277_394984770123940_6385515477327052139_n.enc?ccb=11-
4&oh=01_AdR3vc1Yd5E93Zc7FGtwuku1lBDWVPdTWt7zWoGbuPlSVA&oe=6609F7CB&_nc_sid=5e03e0
thumbnail_height_width_ratio=1.7777778 is_animated_sticker=0
file_hash=Uy26yTmirDVXrZ+4+S3qdBQksndIjoznIkuMHJk77c8= file_path=null file_size=0
partial_media_hash=null face_x=0 face_y=0 height=1024 trim_to=0
media_key_timestamp=1709347697000 message_url=https://mmg.whatsapp.net/v/t62.7161-
24/11859277_394984770123940_6385515477327052139_n.enc?ccb=11-
4&oh=01_AdR3vc1Yd5E93Zc7FGtwuku1lBDWVPdTWt7zWoGbuPlSVA&oe=6609F7CB&_nc_sid=5e03e0&m
ms3=true media_caption=null trim_from=0 mime_type=video/mp4
partial_media_enc_hash=null width=576 original_file_hash=null
has_streaming_sidecar=1 autotransfer_retry_enabled=0 media_upload_handle=null
message_row_id=318 multicast_id=null
enc_file_hash=wwNMQzhIhm9WHccabZUTk720QT3afLEgYVHWe2tD2tM= mute_video=0
page_count=0 first_scan_sidecar=null suspicious_content=0 file_length=3966207
media_name=null media_duration=29 chat_row_id=47 media_key=[B@78f2759
03-02 08:06:44.553 10081 18978 E SQLiteDatabase:
android.database.sqlite.SQLiteConstraintException: UNIQUE constraint failed:
message_media.message_row_id (code 1555 SQLITE_CONSTRAINT_PRIMARYKEY)
03-02 08:06:44.553 10081 18978 E SQLiteDatabase: at
android.database.sqlite.SQLiteConnection.nativeExecuteForLastInsertedRowId(Native
Method)
03-02 08:06:44.553 10081 18978 E SQLiteDatabase: at
android.database.sqlite.SQLiteConnection.executeForLastInsertedRowId(SQLiteConnecti
on.java:984)
03-02 08:06:44.553 10081 18978 E SQLiteDatabase: at
android.database.sqlite.SQLiteSession.executeForLastInsertedRowId(SQLiteSession.jav
a:790)
03-02 08:06:44.553 10081 18978 E SQLiteDatabase: at
android.database.sqlite.SQLiteStatement.executeInsert(SQLiteStatement.java:88)
03-02 08:06:44.553 10081 18978 E SQLiteDatabase: at
android.database.sqlite.SQLiteDatabase.insertWithOnConflict(SQLiteDatabase.java:172
0)
03-02 08:06:44.553 10081 18978 E SQLiteDatabase: at
android.database.sqlite.SQLiteDatabase.insert(SQLiteDatabase.java:1589)
03-02 08:06:44.553 10081 18978 E SQLiteDatabase: at X.2tm.A08(Unknown
Source:6)
03-02 08:06:44.553 10081 18978 E SQLiteDatabase: at X.35Y.A07(Unknown
Source:212)
03-02 08:06:44.553 10081 18978 E SQLiteDatabase: at X.3QF.A14(Unknown
Source:470)
03-02 08:06:44.553 10081 18978 E SQLiteDatabase: at X.3gU.run(Unknown
Source:982)
03-02 08:06:44.553 10081 18978 E SQLiteDatabase: at
android.os.Handler.handleCallback(Handler.java:938)
03-02 08:06:44.553 10081 18978 E SQLiteDatabase: at
android.os.Handler.dispatchMessage(Handler.java:99)
03-02 08:06:44.553 10081 18978 E SQLiteDatabase: at
X.0zq.dispatchMessage(Unknown Source:4)
03-02 08:06:44.553 10081 18978 E SQLiteDatabase: at
android.os.Looper.loop(Looper.java:224)
03-02 08:06:44.553 10081 18978 E SQLiteDatabase: at
android.os.HandlerThread.run(HandlerThread.java:67)
03-02 08:06:47.290 10081 18946 W System : A resource failed to call release.
03-02 08:07:09.805 10081 10081 W com.whatsapp: Verification of void
X.5pH.A1Z(android.os.Bundle) took 110.031ms (92091.58 bytecodes/s) (247928B
approximate peak alloc)
03-02 08:07:10.216 10081 10081 E ArmVmp : Match on catch block at 0x0a in for 0xc5
03-02 08:07:10.224 10081 10081 E ArmVmp : Match on catch block at 0x0a in for 0xc5
03-02 08:07:10.718 10081 10081 E ArmVmp : Match on catch block at 0xc3 in for 0xb9
03-02 08:07:10.729 10081 10081 E ArmVmp : Match on catch block at 0xc3 in for 0xb5
03-02 08:07:10.837 10081 10081 E ArmVmp : Match on catch block at 0xc3 in for 0xa9
03-02 08:07:10.841 10081 10081 E ArmVmp : Match on catch block at 0xc3 in for 0xa5
03-02 08:07:10.907 10081 10081 E ArmVmp : Match on catch block at 0xc3 in for 0xa5
03-02 08:07:10.910 10081 10081 E ArmVmp : Match on catch block at 0xc3 in for 0xa9
03-02 08:07:10.924 10081 10081 E ArmVmp : Match on catch block at 0xc3 in for 0xa9
03-02 08:07:10.929 10081 10081 E ArmVmp : Match on catch block at 0xc3 in for 0xa1
03-02 08:07:11.089 10081 10081 E ArmVmp : Match on catch block at 0xc3 in for 0xa1
03-02 08:07:11.093 10081 10081 E ArmVmp : Match on catch block at 0xc3 in for 0xa5
03-02 08:07:11.101 10081 10081 E ArmVmp : Match on catch block at 0xc3 in for 0xa5
03-02 08:07:11.106 10081 10081 E ArmVmp : Match on catch block at 0xc3 in for 0xa9
03-02 08:07:11.118 10081 10081 E ArmVmp : Match on catch block at 0xc3 in for 0xa9
03-02 08:07:11.122 10081 10081 E ArmVmp : Match on catch block at 0xc3 in for 0xa1
03-02 08:07:11.134 10081 10081 E ArmVmp : Match on catch block at 0xc3 in for 0xa1
03-02 08:07:11.138 10081 10081 E ArmVmp : Match on catch block at 0xc3 in for 0xa5
03-02 08:07:11.150 10081 10081 E ArmVmp : Match on catch block at 0xc3 in for 0xa5
03-02 08:07:11.154 10081 10081 E ArmVmp : Match on catch block at 0xc3 in for 0xa9
03-02 08:07:11.167 10081 10081 E ArmVmp : Match on catch block at 0xc3 in for 0xa9
03-02 08:07:11.171 10081 10081 E ArmVmp : Match on catch block at 0xc3 in for 0xa1
03-02 08:07:11.183 10081 10081 E ArmVmp : Match on catch block at 0xc3 in for 0xa1
03-02 08:07:11.188 10081 10081 E ArmVmp : Match on catch block at 0xc3 in for 0xa5
03-02 08:07:11.200 10081 10081 E ArmVmp : Match on catch block at 0xc3 in for 0xa5
03-02 08:07:11.204 10081 10081 E ArmVmp : Match on catch block at 0xc3 in for 0xa9
03-02 08:07:11.220 10081 10081 E ArmVmp : Match on catch block at 0xc3 in for 0xa9
03-02 08:07:11.224 10081 10081 E ArmVmp : Match on catch block at 0xc3 in for 0xa1
03-02 08:07:11.248 10081 10081 E ArmVmp : Match on catch block at 0xc3 in for 0xa1
03-02 08:07:11.253 10081 10081 E ArmVmp : Match on catch block at 0xc3 in for 0xa5
03-02 08:07:11.258 10081 10081 E ArmVmp : Match on catch block at 0xc3 in for 0xa5
03-02 08:07:11.262 10081 10081 E ArmVmp : Match on catch block at 0xc3 in for 0xa9
03-02 08:07:11.267 10081 10081 E ArmVmp : Match on catch block at 0xc3 in for 0xa9
03-02 08:07:11.272 10081 10081 E ArmVmp : Match on catch block at 0xc3 in for 0xa1
03-02 08:07:11.283 10081 10081 E ArmVmp : Match on catch block at 0xc3 in for 0xa1
03-02 08:07:11.286 10081 10081 E ArmVmp : Match on catch block at 0xc3 in for 0xa5
03-02 08:07:11.299 10081 10081 E ArmVmp : Match on catch block at 0xc3 in for 0xa5
03-02 08:07:11.303 10081 10081 E ArmVmp : Match on catch block at 0xc3 in for 0xa9
03-02 08:07:11.317 10081 10081 E ArmVmp : Match on catch block at 0xc3 in for 0xa9
03-02 08:07:11.321 10081 10081 E ArmVmp : Match on catch block at 0xc3 in for 0xa1
03-02 08:07:11.333 10081 10081 E ArmVmp : Match on catch block at 0xc3 in for 0xa1
03-02 08:07:11.337 10081 10081 E ArmVmp : Match on catch block at 0xc3 in for 0xa5
03-02 08:07:11.350 10081 10081 E ArmVmp : Match on catch block at 0xc3 in for 0xa5
03-02 08:07:11.354 10081 10081 E ArmVmp : Match on catch block at 0xc3 in for 0xa9
03-02 08:07:11.366 10081 10081 E ArmVmp : Match on catch block at 0xc3 in for 0xa9
03-02 08:07:11.370 10081 10081 E ArmVmp : Match on catch block at 0xc3 in for 0xa1
03-02 08:07:11.383 10081 10081 E ArmVmp : Match on catch block at 0xc3 in for 0xa1
03-02 08:07:11.387 10081 10081 E ArmVmp : Match on catch block at 0xc3 in for 0xa5
03-02 08:07:11.399 10081 10081 E ArmVmp : Match on catch block at 0xc3 in for 0xa5
03-02 08:07:11.403 10081 10081 E ArmVmp : Match on catch block at 0xc3 in for 0xa9
03-02 08:07:11.416 10081 10081 E ArmVmp : Match on catch block at 0xc3 in for 0xa9
03-02 08:07:11.420 10081 10081 E ArmVmp : Match on catch block at 0xc3 in for 0xa1
03-02 08:07:11.885 10081 10081 E ArmVmp : Match on catch block at 0xc3 in for 0xa1
03-02 08:07:11.889 10081 10081 E ArmVmp : Match on catch block at 0xc3 in for 0xa5
03-02 08:07:12.495 10081 10081 E ArmVmp : Match on catch block at 0xc3 in for 0xa5
03-02 08:07:12.500 10081 10081 E ArmVmp : Match on catch block at 0xc3 in for 0xa9
03-02 08:07:12.511 10081 10081 E ArmVmp : Match on catch block at 0xc3 in for 0xa9
03-02 08:07:12.515 10081 10081 E ArmVmp : Match on catch block at 0xc3 in for 0xa1
03-02 08:07:12.527 10081 10081 E ArmVmp : Match on catch block at 0xc3 in for 0xa1
03-02 08:07:12.531 10081 10081 E ArmVmp : Match on catch block at 0xc3 in for 0xa5
03-02 08:07:12.543 10081 10081 E ArmVmp : Match on catch block at 0xc3 in for 0xa5
03-02 08:07:12.547 10081 10081 E ArmVmp : Match on catch block at 0xc3 in for 0xa9
03-02 08:07:12.560 10081 10081 E ArmVmp : Match on catch block at 0xc3 in for 0xa9
03-02 08:07:12.563 10081 10081 E ArmVmp : Match on catch block at 0xc3 in for 0xa1
03-02 08:07:12.576 10081 10081 E ArmVmp : Match on catch block at 0xc3 in for 0xa1
03-02 08:07:12.580 10081 10081 E ArmVmp : Match on catch block at 0xc3 in for 0xa5
03-02 08:07:12.593 10081 10081 E ArmVmp : Match on catch block at 0xc3 in for 0xa5
03-02 08:07:12.597 10081 10081 E ArmVmp : Match on catch block at 0xc3 in for 0xa9
03-02 08:07:12.609 10081 10081 E ArmVmp : Match on catch block at 0xc3 in for 0xa9
03-02 08:07:12.613 10081 10081 E ArmVmp : Match on catch block at 0xc3 in for 0xa1
03-02 08:07:12.626 10081 10081 E ArmVmp : Match on catch block at 0xc3 in for 0xa1
03-02 08:07:12.630 10081 10081 E ArmVmp : Match on catch block at 0xc3 in for 0xa5
03-02 08:07:12.643 10081 10081 E ArmVmp : Match on catch block at 0xc3 in for 0xa5
03-02 08:07:12.647 10081 10081 E ArmVmp : Match on catch block at 0xc3 in for 0xa9
03-02 08:07:12.659 10081 10081 E ArmVmp : Match on catch block at 0xc3 in for 0xa9
03-02 08:07:12.663 10081 10081 E ArmVmp : Match on catch block at 0xc3 in for 0xa1
03-02 08:07:12.676 10081 10081 E ArmVmp : Match on catch block at 0xc3 in for 0xa1
03-02 08:07:12.680 10081 10081 E ArmVmp : Match on catch block at 0xc3 in for 0xa5
03-02 08:07:12.693 10081 10081 E ArmVmp : Match on catch block at 0xc3 in for 0xa5
03-02 08:07:12.696 10081 10081 E ArmVmp : Match on catch block at 0xc3 in for 0xa9
03-02 08:07:12.709 10081 10081 E ArmVmp : Match on catch block at 0xc3 in for 0xa9
03-02 08:07:12.713 10081 10081 E ArmVmp : Match on catch block at 0xc3 in for 0xa1
03-02 08:07:12.726 10081 10081 E ArmVmp : Match on catch block at 0xc3 in for 0xa1
03-02 08:07:12.730 10081 10081 E ArmVmp : Match on catch block at 0xc3 in for 0xa5
03-02 08:07:12.742 10081 10081 E ArmVmp : Match on catch block at 0xc3 in for 0xa5
03-02 08:07:12.746 10081 10081 E ArmVmp : Match on catch block at 0xc3 in for 0xa9
03-02 08:07:12.759 10081 10081 E ArmVmp : Match on catch block at 0xc3 in for 0xa9
03-02 08:07:12.762 10081 10081 E ArmVmp : Match on catch block at 0xc3 in for 0xa1
03-02 08:07:12.886 10081 10081 E ArmVmp : Match on catch block at 0xc3 in for 0xa1
03-02 08:07:12.890 10081 10081 E ArmVmp : Match on catch block at 0xc3 in for 0xa5
03-02 08:07:13.887 10081 10081 E ArmVmp : Match on catch block at 0xc3 in for 0xa1
03-02 08:07:13.891 10081 10081 E ArmVmp : Match on catch block at 0xc3 in for 0xa5
03-02 08:07:14.886 10081 10081 E ArmVmp : Match on catch block at 0xc3 in for 0xa5
03-02 08:07:14.890 10081 10081 E ArmVmp : Match on catch block at 0xc3 in for 0xa9
03-02 08:07:15.457 10081 10081 W SoundPool: Use of stream types is deprecated for
operations other than volume control
03-02 08:07:15.457 10081 10081 W SoundPool: See the documentation of SoundPool()
for what to use instead with android.media.AudioAttributes to qualify your playback
use case
03-02 08:07:15.477 10081 10081 W AudioManager: Use of stream types is deprecated
for operations other than volume control
03-02 08:07:15.477 10081 10081 W AudioManager: See the documentation of
requestAudioFocus() for what to use instead with android.media.AudioAttributes to
qualify your playback use case
03-02 08:07:15.481 10081 19082 W SoundPool: play soundID 1 not READY
03-02 08:07:15.483 10081 19170 W Codec2Client: query -- param skipped: index =
1107298332.
03-02 08:07:15.484 10081 19170 E MediaCodec: kWhatComponentConfigured
mIsDecodingHDRVideo = 0
03-02 08:07:15.484 10081 19170 W Codec2Client: query -- param skipped: index =
1342179345.
03-02 08:07:15.485 10081 19170 W Codec2Client: query -- param skipped: index =
2415921170.
03-02 08:07:15.485 10081 19171 W Codec2Client: query -- param skipped: index =
1107298332.
03-02 08:07:15.485 10081 19171 E MediaCodec: kWhatComponentConfigured
mIsDecodingHDRVideo = 0
03-02 08:07:15.486 10081 19170 E FMQ : grantorIdx must be less than 3
03-02 08:07:15.486 10081 19171 W Codec2Client: query -- param skipped: index =
1342179345.
03-02 08:07:15.486 10081 19170 E FMQ : grantorIdx must be less than 3
03-02 08:07:15.486 10081 19171 W Codec2Client: query -- param skipped: index =
2415921170.
03-02 08:07:15.487 10081 19171 E FMQ : grantorIdx must be less than 3
03-02 08:07:15.487 10081 19171 E FMQ : grantorIdx must be less than 3
03-02 08:07:15.491 10081 19170 E FMQ : grantorIdx must be less than 3
03-02 08:07:15.492 10081 19171 E FMQ : grantorIdx must be less than 3
03-02 08:07:15.500 10081 19115 E FMQ : grantorIdx must be less than 3
03-02 08:07:15.502 10081 19115 E FMQ : grantorIdx must be less than 3
03-02 08:07:15.511 10081 10081 W libOpenSLES: Conversion from OpenSL ES positional
channel mask 0x4 to Android mask 0 loses channels
03-02 08:07:15.542 10081 19182 W Codec2Client: query -- param skipped: index =
1107298332.
03-02 08:07:15.542 10081 19182 E MediaCodec: kWhatComponentConfigured
mIsDecodingHDRVideo = 0
03-02 08:07:15.543 10081 19182 W Codec2Client: query -- param skipped: index =
1342179345.
03-02 08:07:15.543 10081 19182 W Codec2Client: query -- param skipped: index =
2415921170.
03-02 08:07:15.544 10081 19182 E FMQ : grantorIdx must be less than 3
03-02 08:07:15.545 10081 19182 E FMQ : grantorIdx must be less than 3
03-02 08:07:15.549 10081 19182 E FMQ : grantorIdx must be less than 3
03-02 08:07:15.558 10081 19115 E FMQ : grantorIdx must be less than 3
03-02 08:07:15.561 10081 19185 W Codec2Client: query -- param skipped: index =
1107298332.
03-02 08:07:15.562 10081 19185 E MediaCodec: kWhatComponentConfigured
mIsDecodingHDRVideo = 0
03-02 08:07:15.563 10081 19185 W Codec2Client: query -- param skipped: index =
1342179345.
03-02 08:07:15.563 10081 19185 W Codec2Client: query -- param skipped: index =
2415921170.
03-02 08:07:15.563 10081 19185 E FMQ : grantorIdx must be less than 3
03-02 08:07:15.564 10081 19185 E FMQ : grantorIdx must be less than 3
03-02 08:07:15.564 10081 10081 E ArmVmp : Match on catch block at 0xc3 in for 0xa1
03-02 08:07:15.568 10081 19185 E FMQ : grantorIdx must be less than 3
03-02 08:07:15.568 10081 10081 E ArmVmp : Match on catch block at 0xc3 in for 0xa5
03-02 08:07:15.578 10081 19115 E FMQ : grantorIdx must be less than 3
03-02 08:07:15.591 10081 10081 E ArmVmp : Match on catch block at 0xc3 in for 0xa9
03-02 08:07:15.596 10081 10081 E ArmVmp : Match on catch block at 0xc3 in for 0xa1
03-02 08:07:15.606 10081 10081 E ArmVmp : Match on catch block at 0xc3 in for 0xa5
03-02 08:07:15.611 10081 10081 E ArmVmp : Match on catch block at 0xc3 in for 0xa9
03-02 08:07:15.621 10081 10081 E ArmVmp : Match on catch block at 0xc3 in for 0xa1
03-02 08:07:15.624 10081 19188 W Codec2Client: query -- param skipped: index =
1107298332.
03-02 08:07:15.624 10081 19188 E MediaCodec: kWhatComponentConfigured
mIsDecodingHDRVideo = 0
03-02 08:07:15.625 10081 19188 W Codec2Client: query -- param skipped: index =
1342179345.
03-02 08:07:15.625 10081 19188 W Codec2Client: query -- param skipped: index =
2415921170.
03-02 08:07:15.626 10081 10081 E ArmVmp : Match on catch block at 0xc3 in for 0xa5
03-02 08:07:15.626 10081 19188 E FMQ : grantorIdx must be less than 3
03-02 08:07:15.627 10081 19188 E FMQ : grantorIdx must be less than 3
03-02 08:07:15.633 10081 19188 E FMQ : grantorIdx must be less than 3
03-02 08:07:15.635 10081 10081 E ArmVmp : Match on catch block at 0xc3 in for 0xa9
03-02 08:07:15.640 10081 10081 E ArmVmp : Match on catch block at 0xc3 in for 0xa1
03-02 08:07:15.645 10081 19115 E FMQ : grantorIdx must be less than 3
03-02 08:07:15.680 10081 19192 W Codec2Client: query -- param skipped: index =
1107298332.
03-02 08:07:15.681 10081 19192 E MediaCodec: kWhatComponentConfigured
mIsDecodingHDRVideo = 0
03-02 08:07:15.683 10081 19192 W Codec2Client: query -- param skipped: index =
1342179345.
03-02 08:07:15.683 10081 19192 W Codec2Client: query -- param skipped: index =
2415921170.
03-02 08:07:15.685 10081 19192 E FMQ : grantorIdx must be less than 3
03-02 08:07:15.685 10081 19192 E FMQ : grantorIdx must be less than 3
03-02 08:07:15.692 10081 19192 E FMQ : grantorIdx must be less than 3
03-02 08:07:15.703 10081 19115 E FMQ : grantorIdx must be less than 3
03-02 08:07:15.733 10081 10081 E ArmVmp : Match on catch block at 0xc3 in for 0xa9
03-02 08:07:15.737 10081 10081 E ArmVmp : Match on catch block at 0xc3 in for 0xa1
03-02 08:07:15.747 10081 10081 E ArmVmp : Match on catch block at 0xc3 in for 0xa5
03-02 08:07:15.751 10081 10081 E ArmVmp : Match on catch block at 0xc3 in for 0xa9
03-02 08:07:15.892 10081 10081 E ArmVmp : Match on catch block at 0xc3 in for 0xa1
03-02 08:07:15.896 10081 10081 E ArmVmp : Match on catch block at 0xc3 in for 0xa5
03-02 08:07:15.908 10081 10081 E ArmVmp : Match on catch block at 0xc3 in for 0xa5
03-02 08:07:15.913 10081 10081 E ArmVmp : Match on catch block at 0xc3 in for 0xa9
03-02 08:07:15.927 10081 10081 E ArmVmp : Match on catch block at 0xc3 in for 0xa9
03-02 08:07:15.931 10081 10081 E ArmVmp : Match on catch block at 0xc3 in for 0xa1
03-02 08:07:15.939 10081 10081 E ArmVmp : Match on catch block at 0xc3 in for 0xa5
03-02 08:07:15.946 10081 10081 E ArmVmp : Match on catch block at 0xc3 in for 0xa9
03-02 08:07:15.954 10081 10081 E ArmVmp : Match on catch block at 0xc3 in for 0xa1
03-02 08:07:15.958 10081 10081 E ArmVmp : Match on catch block at 0xc3 in for 0xa5
03-02 08:07:15.967 10081 10081 E ArmVmp : Match on catch block at 0xc3 in for 0xa9
03-02 08:07:15.972 10081 10081 E ArmVmp : Match on catch block at 0xc3 in for 0xa1
03-02 08:07:15.979 10081 10081 E ArmVmp : Match on catch block at 0xc3 in for 0xa5
03-02 08:07:15.983 10081 10081 E ArmVmp : Match on catch block at 0xc3 in for 0xa9
03-02 08:07:15.994 10081 10081 E ArmVmp : Match on catch block at 0xc3 in for 0xa1
03-02 08:07:15.998 10081 10081 E ArmVmp : Match on catch block at 0xc3 in for 0xa5
03-02 08:07:16.011 10081 10081 E ArmVmp : Match on catch block at 0xc3 in for 0xa9
03-02 08:07:16.016 10081 10081 E ArmVmp : Match on catch block at 0xc3 in for 0xa1
03-02 08:07:16.028 10081 10081 E ArmVmp : Match on catch block at 0xc3 in for 0xa5
03-02 08:07:16.032 10081 10081 E ArmVmp : Match on catch block at 0xc3 in for 0xa9
03-02 08:07:16.044 10081 10081 E ArmVmp : Match on catch block at 0xc3 in for 0xa1
03-02 08:07:16.048 10081 10081 E ArmVmp : Match on catch block at 0xc3 in for 0xa5
03-02 08:07:16.061 10081 10081 E ArmVmp : Match on catch block at 0xc3 in for 0xa9
03-02 08:07:16.064 10081 10081 E ArmVmp : Match on catch block at 0xc3 in for 0xa1
03-02 08:07:16.077 10081 10081 E ArmVmp : Match on catch block at 0xc3 in for 0xa5
03-02 08:07:16.081 10081 10081 E ArmVmp : Match on catch block at 0xc3 in for 0xa9
03-02 08:07:16.094 10081 10081 E ArmVmp : Match on catch block at 0xc3 in for 0xa1
03-02 08:07:16.098 10081 10081 E ArmVmp : Match on catch block at 0xc3 in for 0xa5
03-02 08:07:16.110 10081 10081 E ArmVmp : Match on catch block at 0xc3 in for 0xa9
03-02 08:07:16.113 10081 10081 E ArmVmp : Match on catch block at 0xc3 in for 0xa1
03-02 08:07:16.126 10081 10081 E ArmVmp : Match on catch block at 0xc3 in for 0xa1
03-02 08:07:16.130 10081 10081 E ArmVmp : Match on catch block at 0xc3 in for 0xa5
03-02 08:07:16.143 10081 10081 E ArmVmp : Match on catch block at 0xc3 in for 0xa5
03-02 08:07:16.146 10081 10081 E ArmVmp : Match on catch block at 0xc3 in for 0xa9
03-02 08:07:16.159 10081 10081 E ArmVmp : Match on catch block at 0xc3 in for 0xa9
03-02 08:07:16.163 10081 10081 E ArmVmp : Match on catch block at 0xc3 in for 0xa1
03-02 08:07:16.176 10081 10081 E ArmVmp : Match on catch block at 0xc3 in for 0xa1
03-02 08:07:16.180 10081 10081 E ArmVmp : Match on catch block at 0xc3 in for 0xa5
03-02 08:07:16.193 10081 10081 E ArmVmp : Match on catch block at 0xc3 in for 0xa5
03-02 08:07:16.196 10081 10081 E ArmVmp : Match on catch block at 0xc3 in for 0xa9
03-02 08:07:16.209 10081 10081 E ArmVmp : Match on catch block at 0xc3 in for 0xa9
03-02 08:07:16.213 10081 10081 E ArmVmp : Match on catch block at 0xc3 in for 0xa1
03-02 08:07:16.225 10081 10081 E ArmVmp : Match on catch block at 0xc3 in for 0xa1
03-02 08:07:16.230 10081 10081 E ArmVmp : Match on catch block at 0xc3 in for 0xa5
03-02 08:07:16.242 10081 10081 E ArmVmp : Match on catch block at 0xc3 in for 0xa5
03-02 08:07:16.246 10081 10081 E ArmVmp : Match on catch block at 0xc3 in for 0xa9
03-02 08:07:16.258 10081 10081 E ArmVmp : Match on catch block at 0xc3 in for 0xa9
03-02 08:07:16.262 10081 10081 E ArmVmp : Match on catch block at 0xc3 in for 0xa1
03-02 08:07:16.275 10081 10081 E ArmVmp : Match on catch block at 0xc3 in for 0xa1
03-02 08:07:16.279 10081 10081 E ArmVmp : Match on catch block at 0xc3 in for 0xa5
03-02 08:07:16.292 10081 10081 E ArmVmp : Match on catch block at 0xc3 in for 0xa5
03-02 08:07:16.296 10081 10081 E ArmVmp : Match on catch block at 0xc3 in for 0xa9
03-02 08:07:16.308 10081 10081 E ArmVmp : Match on catch block at 0xc3 in for 0xa9
03-02 08:07:16.312 10081 10081 E ArmVmp : Match on catch block at 0xc3 in for 0xa1
03-02 08:07:16.325 10081 10081 E ArmVmp : Match on catch block at 0xc3 in for 0xa1
03-02 08:07:16.328 10081 10081 E ArmVmp : Match on catch block at 0xc3 in for 0xa5
03-02 08:07:16.341 10081 10081 E ArmVmp : Match on catch block at 0xc3 in for 0xa5
03-02 08:07:16.345 10081 10081 E ArmVmp : Match on catch block at 0xc3 in for 0xa9
03-02 08:07:16.358 10081 10081 E ArmVmp : Match on catch block at 0xc3 in for 0xa9
03-02 08:07:16.362 10081 10081 E ArmVmp : Match on catch block at 0xc3 in for 0xa1
03-02 08:07:16.374 10081 10081 E ArmVmp : Match on catch block at 0xc3 in for 0xa1
03-02 08:07:16.378 10081 10081 E ArmVmp : Match on catch block at 0xc3 in for 0xa5
03-02 08:07:16.391 10081 10081 E ArmVmp : Match on catch block at 0xc3 in for 0xa5
03-02 08:07:16.395 10081 10081 E ArmVmp : Match on catch block at 0xc3 in for 0xa9
03-02 08:07:16.408 10081 10081 E ArmVmp : Match on catch block at 0xc3 in for 0xa9
03-02 08:07:16.412 10081 10081 E ArmVmp : Match on catch block at 0xc3 in for 0xa1
03-02 08:07:16.424 10081 10081 E ArmVmp : Match on catch block at 0xc3 in for 0xa1
03-02 08:07:16.428 10081 10081 E ArmVmp : Match on catch block at 0xc3 in for 0xa5
03-02 08:07:16.441 10081 10081 E ArmVmp : Match on catch block at 0xc3 in for 0xa5
03-02 08:07:16.445 10081 10081 E ArmVmp : Match on catch block at 0xc3 in for 0xa9
03-02 08:07:16.459 10081 10081 E ArmVmp : Match on catch block at 0xc3 in for 0xa9
03-02 08:07:16.463 10081 10081 E ArmVmp : Match on catch block at 0xc3 in for 0xa1
03-02 08:07:16.474 10081 10081 E ArmVmp : Match on catch block at 0xc3 in for 0xa1
03-02 08:07:16.478 10081 10081 E ArmVmp : Match on catch block at 0xc3 in for 0xa5
03-02 08:07:16.491 10081 10081 E ArmVmp : Match on catch block at 0xc3 in for 0xa5
03-02 08:07:16.494 10081 10081 E ArmVmp : Match on catch block at 0xc3 in for 0xa9
03-02 08:07:16.507 10081 10081 E ArmVmp : Match on catch block at 0xc3 in for 0xa9
03-02 08:07:16.511 10081 10081 E ArmVmp : Match on catch block at 0xc3 in for 0xa1
03-02 08:07:16.524 10081 10081 E ArmVmp : Match on catch block at 0xc3 in for 0xa1
03-02 08:07:16.528 10081 10081 E ArmVmp : Match on catch block at 0xc3 in for 0xa5
03-02 08:07:16.540 10081 10081 E ArmVmp : Match on catch block at 0xc3 in for 0xa5
03-02 08:07:16.544 10081 10081 E ArmVmp : Match on catch block at 0xc3 in for 0xa9
03-02 08:07:16.557 10081 10081 E ArmVmp : Match on catch block at 0xc3 in for 0xa9
03-02 08:07:16.560 10081 10081 E ArmVmp : Match on catch block at 0xc3 in for 0xa1
03-02 08:07:16.573 10081 10081 E ArmVmp : Match on catch block at 0xc3 in for 0xa1
03-02 08:07:16.577 10081 10081 E ArmVmp : Match on catch block at 0xc3 in for 0xa5
03-02 08:07:16.590 10081 10081 E ArmVmp : Match on catch block at 0xc3 in for 0xa5
03-02 08:07:16.594 10081 10081 E ArmVmp : Match on catch block at 0xc3 in for 0xa9
03-02 08:07:16.606 10081 10081 E ArmVmp : Match on catch block at 0xc3 in for 0xa9
03-02 08:07:16.610 10081 10081 E ArmVmp : Match on catch block at 0xc3 in for 0xa1
03-02 08:07:16.623 10081 10081 E ArmVmp : Match on catch block at 0xc3 in for 0xa1
03-02 08:07:16.627 10081 10081 E ArmVmp : Match on catch block at 0xc3 in for 0xa5
03-02 08:07:16.640 10081 10081 E ArmVmp : Match on catch block at 0xc3 in for 0xa5
03-02 08:07:16.643 10081 10081 E ArmVmp : Match on catch block at 0xc3 in for 0xa9
03-02 08:07:16.656 10081 10081 E ArmVmp : Match on catch block at 0xc3 in for 0xa9
03-02 08:07:16.660 10081 10081 E ArmVmp : Match on catch block at 0xc3 in for 0xa1
03-02 08:07:16.673 10081 10081 E ArmVmp : Match on catch block at 0xc3 in for 0xa1
03-02 08:07:16.677 10081 10081 E ArmVmp : Match on catch block at 0xc3 in for 0xa5
03-02 08:07:16.689 10081 10081 E ArmVmp : Match on catch block at 0xc3 in for 0xa5
03-02 08:07:16.693 10081 10081 E ArmVmp : Match on catch block at 0xc3 in for 0xa9
03-02 08:07:16.706 10081 10081 E ArmVmp : Match on catch block at 0xc3 in for 0xa9
03-02 08:07:16.710 10081 10081 E ArmVmp : Match on catch block at 0xc3 in for 0xa1
03-02 08:07:16.722 10081 10081 E ArmVmp : Match on catch block at 0xc3 in for 0xa1
03-02 08:07:16.726 10081 10081 E ArmVmp : Match on catch block at 0xc3 in for 0xa5
03-02 08:07:16.739 10081 10081 E ArmVmp : Match on catch block at 0xc3 in for 0xa5
03-02 08:07:16.743 10081 10081 E ArmVmp : Match on catch block at 0xc3 in for 0xa9
03-02 08:07:16.756 10081 10081 E ArmVmp : Match on catch block at 0xc3 in for 0xa9
03-02 08:07:16.759 10081 10081 E ArmVmp : Match on catch block at 0xc3 in for 0xa1
03-02 08:07:16.772 10081 10081 E ArmVmp : Match on catch block at 0xc3 in for 0xa1
03-02 08:07:16.776 10081 10081 E ArmVmp : Match on catch block at 0xc3 in for 0xa5
03-02 08:07:16.789 10081 10081 E ArmVmp : Match on catch block at 0xc3 in for 0xa5
03-02 08:07:16.793 10081 10081 E ArmVmp : Match on catch block at 0xc3 in for 0xa9
03-02 08:07:16.806 10081 10081 E ArmVmp : Match on catch block at 0xc3 in for 0xa9
03-02 08:07:16.809 10081 10081 E ArmVmp : Match on catch block at 0xc3 in for 0xa1
03-02 08:07:16.822 10081 10081 E ArmVmp : Match on catch block at 0xc3 in for 0xa1
03-02 08:07:16.826 10081 10081 E ArmVmp : Match on catch block at 0xc3 in for 0xa5
03-02 08:07:16.839 10081 10081 E ArmVmp : Match on catch block at 0xc3 in for 0xa5
03-02 08:07:16.842 10081 10081 E ArmVmp : Match on catch block at 0xc3 in for 0xa9
03-02 08:07:16.855 10081 10081 E ArmVmp : Match on catch block at 0xc3 in for 0xa9
03-02 08:07:16.859 10081 10081 E ArmVmp : Match on catch block at 0xc3 in for 0xa1
03-02 08:07:16.872 10081 10081 E ArmVmp : Match on catch block at 0xc3 in for 0xa1
03-02 08:07:16.876 10081 10081 E ArmVmp : Match on catch block at 0xc3 in for 0xa5
03-02 08:07:16.889 10081 10081 E ArmVmp : Match on catch block at 0xc3 in for 0xa9
03-02 08:07:16.893 10081 10081 E ArmVmp : Match on catch block at 0xc3 in for 0xa1
03-02 08:07:16.905 10081 10081 E ArmVmp : Match on catch block at 0xc3 in for 0xa1
03-02 08:07:16.909 10081 10081 E ArmVmp : Match on catch block at 0xc3 in for 0xa5
03-02 08:07:16.922 10081 10081 E ArmVmp : Match on catch block at 0xc3 in for 0xa5
03-02 08:07:16.926 10081 10081 E ArmVmp : Match on catch block at 0xc3 in for 0xa9
03-02 08:07:16.938 10081 10081 E ArmVmp : Match on catch block at 0xc3 in for 0xa9
03-02 08:07:16.942 10081 10081 E ArmVmp : Match on catch block at 0xc3 in for 0xa1
03-02 08:07:16.955 10081 10081 E ArmVmp : Match on catch block at 0xc3 in for 0xa5
03-02 08:07:16.959 10081 10081 E ArmVmp : Match on catch block at 0xc3 in for 0xa9
03-02 08:07:16.972 10081 10081 E ArmVmp : Match on catch block at 0xc3 in for 0xa9
03-02 08:07:16.975 10081 10081 E ArmVmp : Match on catch block at 0xc3 in for 0xa1
03-02 08:07:16.988 10081 10081 E ArmVmp : Match on catch block at 0xc3 in for 0xa1
03-02 08:07:16.993 10081 10081 E ArmVmp : Match on catch block at 0xc3 in for 0xa5
03-02 08:07:17.005 10081 10081 E ArmVmp : Match on catch block at 0xc3 in for 0xa5
03-02 08:07:17.009 10081 10081 E ArmVmp : Match on catch block at 0xc3 in for 0xa9
03-02 08:07:17.021 10081 10081 E ArmVmp : Match on catch block at 0xc3 in for 0xa1
03-02 08:07:17.025 10081 10081 E ArmVmp : Match on catch block at 0xc3 in for 0xa5
03-02 08:07:17.038 10081 10081 E ArmVmp : Match on catch block at 0xc3 in for 0xa5
03-02 08:07:17.042 10081 10081 E ArmVmp : Match on catch block at 0xc3 in for 0xa9
03-02 08:07:17.054 10081 10081 E ArmVmp : Match on catch block at 0xc3 in for 0xa9
03-02 08:07:17.058 10081 10081 E ArmVmp : Match on catch block at 0xc3 in for 0xa1
03-02 08:07:17.071 10081 10081 E ArmVmp : Match on catch block at 0xc3 in for 0xa1
03-02 08:07:17.075 10081 10081 E ArmVmp : Match on catch block at 0xc3 in for 0xa5
03-02 08:07:17.087 10081 10081 E ArmVmp : Match on catch block at 0xc3 in for 0xa9
03-02 08:07:17.092 10081 10081 E ArmVmp : Match on catch block at 0xc3 in for 0xa1
03-02 08:07:17.104 10081 10081 E ArmVmp : Match on catch block at 0xc3 in for 0xa1
03-02 08:07:17.108 10081 10081 E ArmVmp : Match on catch block at 0xc3 in for 0xa5
03-02 08:07:17.121 10081 10081 E ArmVmp : Match on catch block at 0xc3 in for 0xa5
03-02 08:07:17.124 10081 10081 E ArmVmp : Match on catch block at 0xc3 in for 0xa9
03-02 08:07:17.137 10081 10081 E ArmVmp : Match on catch block at 0xc3 in for 0xa9
03-02 08:07:17.141 10081 10081 E ArmVmp : Match on catch block at 0xc3 in for 0xa1
03-02 08:07:17.154 10081 10081 E ArmVmp : Match on catch block at 0xc3 in for 0xa5
03-02 08:07:17.157 10081 10081 E ArmVmp : Match on catch block at 0xc3 in for 0xa9
03-02 08:07:17.170 10081 10081 E ArmVmp : Match on catch block at 0xc3 in for 0xa9
03-02 08:07:17.174 10081 10081 E ArmVmp : Match on catch block at 0xc3 in for 0xa1
03-02 08:07:17.187 10081 10081 E ArmVmp : Match on catch block at 0xc3 in for 0xa1
03-02 08:07:17.191 10081 10081 E ArmVmp : Match on catch block at 0xc3 in for 0xa5
03-02 08:07:17.203 10081 10081 E ArmVmp : Match on catch block at 0xc3 in for 0xa5
03-02 08:07:17.207 10081 10081 E ArmVmp : Match on catch block at 0xc3 in for 0xa9
03-02 08:07:17.220 10081 10081 E ArmVmp : Match on catch block at 0xc3 in for 0xa5
03-02 08:07:17.224 10081 10081 E ArmVmp : Match on catch block at 0xc3 in for 0xa9
03-02 08:07:17.237 10081 10081 E ArmVmp : Match on catch block at 0xc3 in for 0xa9
03-02 08:07:17.240 10081 10081 E ArmVmp : Match on catch block at 0xc3 in for 0xa1
03-02 08:07:17.253 10081 10081 E ArmVmp : Match on catch block at 0xc3 in for 0xa1
03-02 08:07:17.257 10081 10081 E ArmVmp : Match on catch block at 0xc3 in for 0xa5
03-02 08:07:17.270 10081 10081 E ArmVmp : Match on catch block at 0xc3 in for 0xa5
03-02 08:07:17.274 10081 10081 E ArmVmp : Match on catch block at 0xc3 in for 0xa9
03-02 08:07:17.286 10081 10081 E ArmVmp : Match on catch block at 0xc3 in for 0xa1
03-02 08:07:17.291 10081 10081 E ArmVmp : Match on catch block at 0xc3 in for 0xa5
03-02 08:07:17.303 10081 10081 E ArmVmp : Match on catch block at 0xc3 in for 0xa5
03-02 08:07:17.307 10081 10081 E ArmVmp : Match on catch block at 0xc3 in for 0xa9
03-02 08:07:17.320 10081 10081 E ArmVmp : Match on catch block at 0xc3 in for 0xa9
03-02 08:07:17.323 10081 10081 E ArmVmp : Match on catch block at 0xc3 in for 0xa1
03-02 08:07:17.336 10081 10081 E ArmVmp : Match on catch block at 0xc3 in for 0xa1
03-02 08:07:17.340 10081 10081 E ArmVmp : Match on catch block at 0xc3 in for 0xa5
03-02 08:07:17.353 10081 10081 E ArmVmp : Match on catch block at 0xc3 in for 0xa9
03-02 08:07:17.357 10081 10081 E ArmVmp : Match on catch block at 0xc3 in for 0xa1
03-02 08:07:17.370 10081 10081 E ArmVmp : Match on catch block at 0xc3 in for 0xa1
03-02 08:07:17.373 10081 10081 E ArmVmp : Match on catch block at 0xc3 in for 0xa5
03-02 08:07:17.386 10081 10081 E ArmVmp : Match on catch block at 0xc3 in for 0xa5
03-02 08:07:17.390 10081 10081 E ArmVmp : Match on catch block at 0xc3 in for 0xa9
03-02 08:07:17.403 10081 10081 E ArmVmp : Match on catch block at 0xc3 in for 0xa9
03-02 08:07:17.406 10081 10081 E ArmVmp : Match on catch block at 0xc3 in for 0xa1
03-02 08:07:17.419 10081 10081 E ArmVmp : Match on catch block at 0xc3 in for 0xa5
03-02 08:07:17.423 10081 10081 E ArmVmp : Match on catch block at 0xc3 in for 0xa9
03-02 08:07:17.436 10081 10081 E ArmVmp : Match on catch block at 0xc3 in for 0xa9
03-02 08:07:17.440 10081 10081 E ArmVmp : Match on catch block at 0xc3 in for 0xa1
03-02 08:07:17.452 10081 10081 E ArmVmp : Match on catch block at 0xc3 in for 0xa1
03-02 08:07:17.456 10081 10081 E ArmVmp : Match on catch block at 0xc3 in for 0xa5
03-02 08:07:17.469 10081 10081 E ArmVmp : Match on catch block at 0xc3 in for 0xa5
03-02 08:07:17.473 10081 10081 E ArmVmp : Match on catch block at 0xc3 in for 0xa9
03-02 08:07:17.486 10081 10081 E ArmVmp : Match on catch block at 0xc3 in for 0xa1
03-02 08:07:17.489 10081 10081 E ArmVmp : Match on catch block at 0xc3 in for 0xa5
03-02 08:07:17.502 10081 10081 E ArmVmp : Match on catch block at 0xc3 in for 0xa5
03-02 08:07:17.506 10081 10081 E ArmVmp : Match on catch block at 0xc3 in for 0xa9
03-02 08:07:17.519 10081 10081 E ArmVmp : Match on catch block at 0xc3 in for 0xa9
03-02 08:07:17.523 10081 10081 E ArmVmp : Match on catch block at 0xc3 in for 0xa1
03-02 08:07:17.535 10081 10081 E ArmVmp : Match on catch block at 0xc3 in for 0xa1
03-02 08:07:17.539 10081 10081 E ArmVmp : Match on catch block at 0xc3 in for 0xa5
03-02 08:07:17.552 10081 10081 E ArmVmp : Match on catch block at 0xc3 in for 0xa9
03-02 08:07:17.556 10081 10081 E ArmVmp : Match on catch block at 0xc3 in for 0xa1
03-02 08:07:17.569 10081 10081 E ArmVmp : Match on catch block at 0xc3 in for 0xa1
03-02 08:07:17.572 10081 10081 E ArmVmp : Match on catch block at 0xc3 in for 0xa5
03-02 08:07:17.585 10081 10081 E ArmVmp : Match on catch block at 0xc3 in for 0xa5
03-02 08:07:17.589 10081 10081 E ArmVmp : Match on catch block at 0xc3 in for 0xa9
03-02 08:07:17.602 10081 10081 E ArmVmp : Match on catch block at 0xc3 in for 0xa9
03-02 08:07:17.605 10081 10081 E ArmVmp : Match on catch block at 0xc3 in for 0xa1
03-02 08:07:17.618 10081 10081 E ArmVmp : Match on catch block at 0xc3 in for 0xa5
03-02 08:07:17.622 10081 10081 E ArmVmp : Match on catch block at 0xc3 in for 0xa9
03-02 08:07:17.635 10081 10081 E ArmVmp : Match on catch block at 0xc3 in for 0xa9
03-02 08:07:17.639 10081 10081 E ArmVmp : Match on catch block at 0xc3 in for 0xa1
03-02 08:07:17.651 10081 10081 E ArmVmp : Match on catch block at 0xc3 in for 0xa1
03-02 08:07:17.655 10081 10081 E ArmVmp : Match on catch block at 0xc3 in for 0xa5
03-02 08:07:17.668 10081 10081 E ArmVmp : Match on catch block at 0xc3 in for 0xa5
03-02 08:07:17.672 10081 10081 E ArmVmp : Match on catch block at 0xc3 in for 0xa9
03-02 08:07:17.685 10081 10081 E ArmVmp : Match on catch block at 0xc3 in for 0xa1
03-02 08:07:17.688 10081 10081 E ArmVmp : Match on catch block at 0xc3 in for 0xa5
03-02 08:07:17.701 10081 10081 E ArmVmp : Match on catch block at 0xc3 in for 0xa5
03-02 08:07:17.705 10081 10081 E ArmVmp : Match on catch block at 0xc3 in for 0xa9
03-02 08:07:17.718 10081 10081 E ArmVmp : Match on catch block at 0xc3 in for 0xa9
03-02 08:07:17.722 10081 10081 E ArmVmp : Match on catch block at 0xc3 in for 0xa1
03-02 08:07:17.734 10081 10081 E ArmVmp : Match on catch block at 0xc3 in for 0xa1
03-02 08:07:17.738 10081 10081 E ArmVmp : Match on catch block at 0xc3 in for 0xa5
03-02 08:07:17.753 10081 10081 E ArmVmp : Match on catch block at 0xc3 in for 0xa9
03-02 08:07:17.756 10081 10081 E ArmVmp : Match on catch block at 0xc3 in for 0xa1
03-02 08:07:17.768 10081 10081 E ArmVmp : Match on catch block at 0xc3 in for 0xa1
03-02 08:07:17.771 10081 10081 E ArmVmp : Match on catch block at 0xc3 in for 0xa5
03-02 08:07:17.784 10081 10081 E ArmVmp : Match on catch block at 0xc3 in for 0xa5
03-02 08:07:17.788 10081 10081 E ArmVmp : Match on catch block at 0xc3 in for 0xa9
03-02 08:07:17.801 10081 10081 E ArmVmp : Match on catch block at 0xc3 in for 0xa9
03-02 08:07:17.805 10081 10081 E ArmVmp : Match on catch block at 0xc3 in for 0xa1
03-02 08:07:17.817 10081 10081 E ArmVmp : Match on catch block at 0xc3 in for 0xa1
03-02 08:07:17.821 10081 10081 E ArmVmp : Match on catch block at 0xc3 in for 0xa5
03-02 08:07:17.834 10081 10081 E ArmVmp : Match on catch block at 0xc3 in for 0xa5
03-02 08:07:17.838 10081 10081 E ArmVmp : Match on catch block at 0xc3 in for 0xa9
03-02 08:07:17.850 10081 10081 E ArmVmp : Match on catch block at 0xc3 in for 0xa9
03-02 08:07:17.854 10081 10081 E ArmVmp : Match on catch block at 0xc3 in for 0xa1
03-02 08:07:17.867 10081 10081 E ArmVmp : Match on catch block at 0xc3 in for 0xa1
03-02 08:07:17.871 10081 10081 E ArmVmp : Match on catch block at 0xc3 in for 0xa5
