03-01 22:22:16.212 13687 13687 E ArmVmp : Match on catch block at 0xc3 in for 0xa1
03-01 22:22:16.215 13687 13687 E ArmVmp : Match on catch block at 0xc3 in for 0xa5
03-01 22:22:16.228 13687 13687 E ArmVmp : Match on catch block at 0xc3 in for 0xa5
03-01 22:22:16.232 13687 13687 E ArmVmp : Match on catch block at 0xc3 in for 0xa9
03-01 22:22:16.245 13687 13687 E ArmVmp : Match on catch block at 0xc3 in for 0xa9
03-01 22:22:16.249 13687 13687 E ArmVmp : Match on catch block at 0xc3 in for 0xa1
03-01 22:22:16.262 13687 13687 E ArmVmp : Match on catch block at 0xc3 in for 0xa1
03-01 22:22:16.265 13687 13687 E ArmVmp : Match on catch block at 0xc3 in for 0xa5
03-01 22:22:16.278 13687 13687 E ArmVmp : Match on catch block at 0xc3 in for 0xa5
03-01 22:22:16.282 13687 13687 E ArmVmp : Match on catch block at 0xc3 in for 0xa9
03-01 22:22:16.295 13687 13687 E ArmVmp : Match on catch block at 0xc3 in for 0xa9
03-01 22:22:16.299 13687 13687 E ArmVmp : Match on catch block at 0xc3 in for 0xa1
03-01 22:22:16.527 13687 13687 E ArmVmp : Match on catch block at 0xc3 in for 0xa1
03-01 22:22:16.531 13687 13687 E ArmVmp : Match on catch block at 0xc3 in for 0xa5
03-01 22:22:17.528 13687 13687 E ArmVmp : Match on catch block at 0xc3 in for 0xa5
03-01 22:22:17.532 13687 13687 E ArmVmp : Match on catch block at 0xc3 in for 0xa9
03-01 22:22:18.533 13687 13687 E ArmVmp : Match on catch block at 0xc3 in for 0xa9
03-01 22:22:18.537 13687 13687 E ArmVmp : Match on catch block at 0xc3 in for 0xa1
03-01 22:22:19.539 13687 13687 E ArmVmp : Match on catch block at 0xc3 in for 0xa1
03-01 22:22:19.543 13687 13687 E ArmVmp : Match on catch block at 0xc3 in for 0xa5
03-01 22:22:20.548 13687 13687 E ArmVmp : Match on catch block at 0xc3 in for 0xa5
03-01 22:22:20.553 13687 13687 E ArmVmp : Match on catch block at 0xc3 in for 0xa9
03-01 22:22:21.541 13687 13687 E ArmVmp : Match on catch block at 0xc3 in for 0xa9
03-01 22:22:21.549 13687 13687 E ArmVmp : Match on catch block at 0xc3 in for 0xa1
03-01 22:22:22.553 13687 13687 E ArmVmp : Match on catch block at 0xc3 in for 0xa1
03-01 22:22:22.560 13687 13687 E ArmVmp : Match on catch block at 0xc3 in for 0xa5
03-01 22:22:22.894 13687 13687 E ArmVmp : Match on catch block at 0xc3 in for 0xa5
03-01 22:22:22.898 13687 13687 E ArmVmp : Match on catch block at 0xc3 in for 0xa9
03-01 22:22:22.907 13687 13687 E ArmVmp : Match on catch block at 0xc3 in for 0xa9
03-01 22:22:22.911 13687 13687 E ArmVmp : Match on catch block at 0xc3 in for 0xa1
03-01 22:22:23.543 13687 13687 E ArmVmp : Match on catch block at 0xc3 in for 0xa1
03-01 22:22:23.547 13687 13687 E ArmVmp : Match on catch block at 0xc3 in for 0xa5
03-01 22:22:24.477 13687 13687 E ArmVmp : Match on catch block at 0xc3 in for 0xa5
03-01 22:22:24.481 13687 13687 E ArmVmp : Match on catch block at 0xc3 in for 0xa9
03-01 22:22:24.494 13687 13687 E ArmVmp : Match on catch block at 0xc3 in for 0xa9
03-01 22:22:24.497 13687 13687 E ArmVmp : Match on catch block at 0xc3 in for 0xa1
03-01 22:22:24.510 13687 13687 E ArmVmp : Match on catch block at 0xc3 in for 0xa1
03-01 22:22:24.513 13687 13687 E ArmVmp : Match on catch block at 0xc3 in for 0xa5
03-01 22:22:24.520 13687 13687 E ArmVmp : Match on catch block at 0xc3 in for 0xa5
03-01 22:22:24.524 13687 13687 E ArmVmp : Match on catch block at 0xc3 in for 0xa9
03-01 22:22:24.536 13687 13687 E ArmVmp : Match on catch block at 0xc3 in for 0xa9
03-01 22:22:24.540 13687 13687 E ArmVmp : Match on catch block at 0xc3 in for 0xa1
03-01 22:22:24.553 13687 13687 E ArmVmp : Match on catch block at 0xc3 in for 0xa1
03-01 22:22:24.557 13687 13687 E ArmVmp : Match on catch block at 0xc3 in for 0xa5
03-01 22:22:24.570 13687 13687 E ArmVmp : Match on catch block at 0xc3 in for 0xa5
03-01 22:22:24.573 13687 13687 E ArmVmp : Match on catch block at 0xc3 in for 0xa9
03-01 22:22:24.586 13687 13687 E ArmVmp : Match on catch block at 0xc3 in for 0xa9
03-01 22:22:24.590 13687 13687 E ArmVmp : Match on catch block at 0xc3 in for 0xa1
03-01 22:22:24.603 13687 13687 E ArmVmp : Match on catch block at 0xc3 in for 0xa1
03-01 22:22:24.607 13687 13687 E ArmVmp : Match on catch block at 0xc3 in for 0xa5
03-01 22:22:24.620 13687 13687 E ArmVmp : Match on catch block at 0xc3 in for 0xa5
03-01 22:22:24.624 13687 13687 E ArmVmp : Match on catch block at 0xc3 in for 0xa9
03-01 22:22:24.637 13687 13687 E ArmVmp : Match on catch block at 0xc3 in for 0xa9
03-01 22:22:24.641 13687 13687 E ArmVmp : Match on catch block at 0xc3 in for 0xa1
03-01 22:22:24.654 13687 13687 E ArmVmp : Match on catch block at 0xc3 in for 0xa1
03-01 22:22:24.657 13687 13687 E ArmVmp : Match on catch block at 0xc3 in for 0xa5
03-01 22:22:24.671 13687 13687 E ArmVmp : Match on catch block at 0xc3 in for 0xa5
03-01 22:22:24.674 13687 13687 E ArmVmp : Match on catch block at 0xc3 in for 0xa9
03-01 22:22:24.687 13687 13687 E ArmVmp : Match on catch block at 0xc3 in for 0xa9
03-01 22:22:24.691 13687 13687 E ArmVmp : Match on catch block at 0xc3 in for 0xa1
03-01 22:22:24.704 13687 13687 E ArmVmp : Match on catch block at 0xc3 in for 0xa1
03-01 22:22:24.708 13687 13687 E ArmVmp : Match on catch block at 0xc3 in for 0xa5
03-01 22:22:24.720 13687 13687 E ArmVmp : Match on catch block at 0xc3 in for 0xa5
03-01 22:22:24.724 13687 13687 E ArmVmp : Match on catch block at 0xc3 in for 0xa9
03-01 22:22:24.737 13687 13687 E ArmVmp : Match on catch block at 0xc3 in for 0xa9
03-01 22:22:24.742 13687 13687 E ArmVmp : Match on catch block at 0xc3 in for 0xa1
03-01 22:22:25.553 13687 13687 E ArmVmp : Match on catch block at 0xc3 in for 0xa1
03-01 22:22:25.557 13687 13687 E ArmVmp : Match on catch block at 0xc3 in for 0xa5
03-01 22:22:25.747 13687 14277 W MediaPlayer: Use of stream types is deprecated for
operations other than volume control
03-01 22:22:25.747 13687 14277 W MediaPlayer: See the documentation of
setAudioStreamType() for what to use instead with android.media.AudioAttributes to
qualify your playback use case
03-01 22:22:25.805 13687 13687 E ArmVmp : Match on catch block at 0xc3 in for 0xa5
03-01 22:22:25.811 13687 13687 E ArmVmp : Match on catch block at 0xc3 in for 0xa9
03-01 22:22:25.845 13687 13687 E ArmVmp : Match on catch block at 0xc3 in for 0xa5
03-01 22:22:25.850 13687 13687 E ArmVmp : Match on catch block at 0xc3 in for 0xa9
03-01 22:22:25.863 13687 13687 E ArmVmp : Match on catch block at 0xc3 in for 0xa1
03-01 22:22:25.869 13687 13687 E ArmVmp : Match on catch block at 0xc3 in for 0xa5
03-01 22:22:26.562 13687 13687 E ArmVmp : Match on catch block at 0xc3 in for 0xa1
03-01 22:22:26.566 13687 13687 E ArmVmp : Match on catch block at 0xc3 in for 0xa5
03-01 22:22:27.430 13687 13687 E ArmVmp : Match on catch block at 0xc3 in for 0xa5
03-01 22:22:27.433 13687 13687 E ArmVmp : Match on catch block at 0xc3 in for 0xa9
03-01 22:22:27.447 13687 13687 E ArmVmp : Match on catch block at 0xc3 in for 0xa9
03-01 22:22:27.450 13687 13687 E ArmVmp : Match on catch block at 0xc3 in for 0xa1
03-01 22:22:27.455 13687 13687 E ArmVmp : Match on catch block at 0xc3 in for 0xa1
03-01 22:22:27.460 13687 13687 E ArmVmp : Match on catch block at 0xc3 in for 0xa5
03-01 22:22:27.472 13687 13687 E ArmVmp : Match on catch block at 0xc3 in for 0xa5
03-01 22:22:27.475 13687 13687 E ArmVmp : Match on catch block at 0xc3 in for 0xa9
03-01 22:22:27.488 13687 13687 E ArmVmp : Match on catch block at 0xc3 in for 0xa9
03-01 22:22:27.492 13687 13687 E ArmVmp : Match on catch block at 0xc3 in for 0xa1
03-01 22:22:27.505 13687 13687 E ArmVmp : Match on catch block at 0xc3 in for 0xa1
03-01 22:22:27.508 13687 13687 E ArmVmp : Match on catch block at 0xc3 in for 0xa5
03-01 22:22:27.521 13687 13687 E ArmVmp : Match on catch block at 0xc3 in for 0xa5
03-01 22:22:27.525 13687 13687 E ArmVmp : Match on catch block at 0xc3 in for 0xa9
03-01 22:22:27.539 13687 13687 E ArmVmp : Match on catch block at 0xc3 in for 0xa9
03-01 22:22:27.543 13687 13687 E ArmVmp : Match on catch block at 0xc3 in for 0xa1
03-01 22:22:27.556 13687 13687 E ArmVmp : Match on catch block at 0xc3 in for 0xa1
03-01 22:22:27.559 13687 13687 E ArmVmp : Match on catch block at 0xc3 in for 0xa5
03-01 22:22:27.573 13687 13687 E ArmVmp : Match on catch block at 0xc3 in for 0xa5
03-01 22:22:27.576 13687 13687 E ArmVmp : Match on catch block at 0xc3 in for 0xa9
03-01 22:22:27.589 13687 13687 E ArmVmp : Match on catch block at 0xc3 in for 0xa9
03-01 22:22:27.593 13687 13687 E ArmVmp : Match on catch block at 0xc3 in for 0xa1
03-01 22:22:27.606 13687 13687 E ArmVmp : Match on catch block at 0xc3 in for 0xa1
03-01 22:22:27.610 13687 13687 E ArmVmp : Match on catch block at 0xc3 in for 0xa5
03-01 22:22:27.623 13687 13687 E ArmVmp : Match on catch block at 0xc3 in for 0xa5
03-01 22:22:27.626 13687 13687 E ArmVmp : Match on catch block at 0xc3 in for 0xa9
03-01 22:22:27.639 13687 13687 E ArmVmp : Match on catch block at 0xc3 in for 0xa9
03-01 22:22:27.643 13687 13687 E ArmVmp : Match on catch block at 0xc3 in for 0xa1
03-01 22:22:27.656 13687 13687 E ArmVmp : Match on catch block at 0xc3 in for 0xa1
03-01 22:22:27.660 13687 13687 E ArmVmp : Match on catch block at 0xc3 in for 0xa5
03-01 22:22:27.672 13687 13687 E ArmVmp : Match on catch block at 0xc3 in for 0xa5
03-01 22:22:27.676 13687 13687 E ArmVmp : Match on catch block at 0xc3 in for 0xa9
03-01 22:22:27.689 13687 13687 E ArmVmp : Match on catch block at 0xc3 in for 0xa5
03-01 22:22:27.693 13687 13687 E ArmVmp : Match on catch block at 0xc3 in for 0xa9
03-01 22:22:27.853 13687 13687 E ArmVmp : Match on catch block at 0xc3 in for 0xa9
03-01 22:22:27.857 13687 13687 E ArmVmp : Match on catch block at 0xc3 in for 0xa1
03-01 22:22:27.863 13687 13687 E ArmVmp : Match on catch block at 0xc3 in for 0xa1
03-01 22:22:27.868 13687 13687 E ArmVmp : Match on catch block at 0xc3 in for 0xa5
03-01 22:22:27.977 13687 13687 E ArmVmp : Match on catch block at 0xc3 in for 0xa5
03-01 22:22:27.982 13687 13687 E ArmVmp : Match on catch block at 0xc3 in for 0xa9
03-01 22:22:27.990 13687 13687 E ArmVmp : Match on catch block at 0xc3 in for 0xa9
03-01 22:22:27.997 13687 13687 E ArmVmp : Match on catch block at 0xc3 in for 0xa1
03-01 22:22:28.567 13687 13687 E ArmVmp : Match on catch block at 0xc3 in for 0xa1
03-01 22:22:28.571 13687 13687 E ArmVmp : Match on catch block at 0xc3 in for 0xa5
03-01 22:22:29.563 13687 13687 E ArmVmp : Match on catch block at 0xc3 in for 0xa5
03-01 22:22:29.567 13687 13687 E ArmVmp : Match on catch block at 0xc3 in for 0xa9
03-01 22:22:29.579 13687 13687 E ArmVmp : Match on catch block at 0xc3 in for 0xa9
03-01 22:22:29.583 13687 13687 E ArmVmp : Match on catch block at 0xc3 in for 0xa1
03-01 22:22:29.595 13687 13687 E ArmVmp : Match on catch block at 0xc3 in for 0xa1
03-01 22:22:29.599 13687 13687 E ArmVmp : Match on catch block at 0xc3 in for 0xa5
03-01 22:22:29.612 13687 13687 E ArmVmp : Match on catch block at 0xc3 in for 0xa5
03-01 22:22:29.616 13687 13687 E ArmVmp : Match on catch block at 0xc3 in for 0xa9
03-01 22:22:29.629 13687 13687 E ArmVmp : Match on catch block at 0xc3 in for 0xa9
03-01 22:22:29.633 13687 13687 E ArmVmp : Match on catch block at 0xc3 in for 0xa1
03-01 22:22:29.644 13687 13687 E ArmVmp : Match on catch block at 0xc3 in for 0xa1
03-01 22:22:29.648 13687 13687 E ArmVmp : Match on catch block at 0xc3 in for 0xa5
03-01 22:22:29.661 13687 13687 E ArmVmp : Match on catch block at 0xc3 in for 0xa5
03-01 22:22:29.665 13687 13687 E ArmVmp : Match on catch block at 0xc3 in for 0xa9
03-01 22:22:29.677 13687 13687 E ArmVmp : Match on catch block at 0xc3 in for 0xa9
03-01 22:22:29.681 13687 13687 E ArmVmp : Match on catch block at 0xc3 in for 0xa1
03-01 22:22:29.694 13687 13687 E ArmVmp : Match on catch block at 0xc3 in for 0xa1
03-01 22:22:29.697 13687 13687 E ArmVmp : Match on catch block at 0xc3 in for 0xa5
03-01 22:22:29.710 13687 13687 E ArmVmp : Match on catch block at 0xc3 in for 0xa5
03-01 22:22:29.714 13687 13687 E ArmVmp : Match on catch block at 0xc3 in for 0xa9
03-01 22:22:29.728 13687 13687 E ArmVmp : Match on catch block at 0xc3 in for 0xa9
03-01 22:22:29.732 13687 13687 E ArmVmp : Match on catch block at 0xc3 in for 0xa1
03-01 22:22:29.745 13687 13687 E ArmVmp : Match on catch block at 0xc3 in for 0xa1
03-01 22:22:29.748 13687 13687 E ArmVmp : Match on catch block at 0xc3 in for 0xa5
03-01 22:22:29.762 13687 13687 E ArmVmp : Match on catch block at 0xc3 in for 0xa5
03-01 22:22:29.765 13687 13687 E ArmVmp : Match on catch block at 0xc3 in for 0xa9
03-01 22:22:29.778 13687 13687 E ArmVmp : Match on catch block at 0xc3 in for 0xa9
03-01 22:22:29.782 13687 13687 E ArmVmp : Match on catch block at 0xc3 in for 0xa1
03-01 22:22:29.795 13687 13687 E ArmVmp : Match on catch block at 0xc3 in for 0xa1
03-01 22:22:29.799 13687 13687 E ArmVmp : Match on catch block at 0xc3 in for 0xa5
03-01 22:22:29.812 13687 13687 E ArmVmp : Match on catch block at 0xc3 in for 0xa5
03-01 22:22:29.815 13687 13687 E ArmVmp : Match on catch block at 0xc3 in for 0xa9
03-01 22:22:29.828 13687 13687 E ArmVmp : Match on catch block at 0xc3 in for 0xa9
03-01 22:22:29.831 13687 13687 E ArmVmp : Match on catch block at 0xc3 in for 0xa1
03-01 22:22:30.591 13687 13687 E ArmVmp : Match on catch block at 0xc3 in for 0xa1
03-01 22:22:30.594 13687 13687 E ArmVmp : Match on catch block at 0xc3 in for 0xa5
03-01 22:22:31.594 13687 13687 E ArmVmp : Match on catch block at 0xc3 in for 0xa5
03-01 22:22:31.598 13687 13687 E ArmVmp : Match on catch block at 0xc3 in for 0xa9
03-01 22:22:32.420 13687 13687 E ArmVmp : Match on catch block at 0xc3 in for 0xa5
03-01 22:22:32.423 13687 13687 E ArmVmp : Match on catch block at 0xc3 in for 0xa9
03-01 22:22:32.432 13687 13687 E ArmVmp : Match on catch block at 0xc3 in for 0xa9
03-01 22:22:32.436 13687 13687 E ArmVmp : Match on catch block at 0xc3 in for 0xa1
03-01 22:22:32.581 13687 13687 E ArmVmp : Match on catch block at 0xc3 in for 0xa1
03-01 22:22:32.584 13687 13687 E ArmVmp : Match on catch block at 0xc3 in for 0xa5
03-01 22:22:33.581 13687 13687 E ArmVmp : Match on catch block at 0xc3 in for 0xa5
03-01 22:22:33.584 13687 13687 E ArmVmp : Match on catch block at 0xc3 in for 0xa9
03-01 22:22:33.852 13687 13687 E ArmVmp : Match on catch block at 0xc3 in for 0xa5
03-01 22:22:33.856 13687 13687 E ArmVmp : Match on catch block at 0xc3 in for 0xa9
03-01 22:22:33.863 13687 13687 E ArmVmp : Match on catch block at 0xc3 in for 0xa9
03-01 22:22:33.867 13687 13687 E ArmVmp : Match on catch block at 0xc3 in for 0xa1
03-01 22:22:33.972 13687 13687 E ArmVmp : Match on catch block at 0xc3 in for 0xa1
03-01 22:22:33.976 13687 13687 E ArmVmp : Match on catch block at 0xc3 in for 0xa5
03-01 22:22:33.984 13687 13687 E ArmVmp : Match on catch block at 0xc3 in for 0xa5
03-01 22:22:33.989 13687 13687 E ArmVmp : Match on catch block at 0xc3 in for 0xa9
03-01 22:22:34.588 13687 13687 E ArmVmp : Match on catch block at 0xc3 in for 0xa9
03-01 22:22:34.593 13687 13687 E ArmVmp : Match on catch block at 0xc3 in for 0xa1
03-01 22:22:35.573 13687 13687 E ArmVmp : Match on catch block at 0xc3 in for 0xa1
03-01 22:22:35.577 13687 13687 E ArmVmp : Match on catch block at 0xc3 in for 0xa5
03-01 22:22:35.589 13687 13687 E ArmVmp : Match on catch block at 0xc3 in for 0xa5
03-01 22:22:35.593 13687 13687 E ArmVmp : Match on catch block at 0xc3 in for 0xa9
03-01 22:22:35.598 13687 13687 E ArmVmp : Match on catch block at 0xc3 in for 0xa9
03-01 22:22:35.602 13687 13687 E ArmVmp : Match on catch block at 0xc3 in for 0xa1
03-01 22:22:35.614 13687 13687 E ArmVmp : Match on catch block at 0xc3 in for 0xa1
03-01 22:22:35.618 13687 13687 E ArmVmp : Match on catch block at 0xc3 in for 0xa5
03-01 22:22:35.631 13687 13687 E ArmVmp : Match on catch block at 0xc3 in for 0xa5
03-01 22:22:35.635 13687 13687 E ArmVmp : Match on catch block at 0xc3 in for 0xa9
03-01 22:22:35.648 13687 13687 E ArmVmp : Match on catch block at 0xc3 in for 0xa9
03-01 22:22:35.652 13687 13687 E ArmVmp : Match on catch block at 0xc3 in for 0xa1
03-01 22:22:35.664 13687 13687 E ArmVmp : Match on catch block at 0xc3 in for 0xa1
03-01 22:22:35.668 13687 13687 E ArmVmp : Match on catch block at 0xc3 in for 0xa5
03-01 22:22:35.681 13687 13687 E ArmVmp : Match on catch block at 0xc3 in for 0xa5
03-01 22:22:35.686 13687 13687 E ArmVmp : Match on catch block at 0xc3 in for 0xa9
03-01 22:22:35.698 13687 13687 E ArmVmp : Match on catch block at 0xc3 in for 0xa9
03-01 22:22:35.702 13687 13687 E ArmVmp : Match on catch block at 0xc3 in for 0xa1
03-01 22:22:35.715 13687 13687 E ArmVmp : Match on catch block at 0xc3 in for 0xa1
03-01 22:22:35.719 13687 13687 E ArmVmp : Match on catch block at 0xc3 in for 0xa5
03-01 22:22:35.732 13687 13687 E ArmVmp : Match on catch block at 0xc3 in for 0xa5
03-01 22:22:35.736 13687 13687 E ArmVmp : Match on catch block at 0xc3 in for 0xa9
03-01 22:22:35.749 13687 13687 E ArmVmp : Match on catch block at 0xc3 in for 0xa9
03-01 22:22:35.753 13687 13687 E ArmVmp : Match on catch block at 0xc3 in for 0xa1
03-01 22:22:35.765 13687 13687 E ArmVmp : Match on catch block at 0xc3 in for 0xa1
03-01 22:22:35.769 13687 13687 E ArmVmp : Match on catch block at 0xc3 in for 0xa5
03-01 22:22:35.782 13687 13687 E ArmVmp : Match on catch block at 0xc3 in for 0xa5
03-01 22:22:35.786 13687 13687 E ArmVmp : Match on catch block at 0xc3 in for 0xa9
03-01 22:22:35.799 13687 13687 E ArmVmp : Match on catch block at 0xc3 in for 0xa9
03-01 22:22:35.802 13687 13687 E ArmVmp : Match on catch block at 0xc3 in for 0xa1
03-01 22:22:35.815 13687 13687 E ArmVmp : Match on catch block at 0xc3 in for 0xa1
03-01 22:22:35.819 13687 13687 E ArmVmp : Match on catch block at 0xc3 in for 0xa5
03-01 22:22:35.832 13687 13687 E ArmVmp : Match on catch block at 0xc3 in for 0xa5
03-01 22:22:35.835 13687 13687 E ArmVmp : Match on catch block at 0xc3 in for 0xa9
03-01 22:22:36.615 13687 13687 E ArmVmp : Match on catch block at 0xc3 in for 0xa9
03-01 22:22:36.619 13687 13687 E ArmVmp : Match on catch block at 0xc3 in for 0xa1
03-01 22:22:37.443 13687 13687 E ArmVmp : Match on catch block at 0xc3 in for 0xa5
03-01 22:22:37.447 13687 13687 E ArmVmp : Match on catch block at 0xc3 in for 0xa9
03-01 22:22:37.461 13687 13687 E ArmVmp : Match on catch block at 0xc3 in for 0xa5
03-01 22:22:37.466 13687 13687 E ArmVmp : Match on catch block at 0xc3 in for 0xa9
03-01 22:22:37.472 13687 13687 E ArmVmp : Match on catch block at 0xc3 in for 0xa9
03-01 22:22:37.476 13687 13687 E ArmVmp : Match on catch block at 0xc3 in for 0xa1
03-01 22:22:37.489 13687 13687 E ArmVmp : Match on catch block at 0xc3 in for 0xa1
03-01 22:22:37.493 13687 13687 E ArmVmp : Match on catch block at 0xc3 in for 0xa5
03-01 22:22:37.506 13687 13687 E ArmVmp : Match on catch block at 0xc3 in for 0xa5
03-01 22:22:37.510 13687 13687 E ArmVmp : Match on catch block at 0xc3 in for 0xa9
03-01 22:22:37.523 13687 13687 E ArmVmp : Match on catch block at 0xc3 in for 0xa9
03-01 22:22:37.527 13687 13687 E ArmVmp : Match on catch block at 0xc3 in for 0xa1
03-01 22:22:37.540 13687 13687 E ArmVmp : Match on catch block at 0xc3 in for 0xa1
03-01 22:22:37.543 13687 13687 E ArmVmp : Match on catch block at 0xc3 in for 0xa5
03-01 22:22:37.560 13687 13687 E ArmVmp : Match on catch block at 0xc3 in for 0xa5
03-01 22:22:37.564 13687 13687 E ArmVmp : Match on catch block at 0xc3 in for 0xa9
03-01 22:22:37.573 13687 13687 E ArmVmp : Match on catch block at 0xc3 in for 0xa9
03-01 22:22:37.577 13687 13687 E ArmVmp : Match on catch block at 0xc3 in for 0xa1
03-01 22:22:37.590 13687 13687 E ArmVmp : Match on catch block at 0xc3 in for 0xa1
03-01 22:22:37.595 13687 13687 E ArmVmp : Match on catch block at 0xc3 in for 0xa5
03-01 22:22:37.607 13687 13687 E ArmVmp : Match on catch block at 0xc3 in for 0xa5
03-01 22:22:37.610 13687 13687 E ArmVmp : Match on catch block at 0xc3 in for 0xa9
03-01 22:22:37.623 13687 13687 E ArmVmp : Match on catch block at 0xc3 in for 0xa9
03-01 22:22:37.627 13687 13687 E ArmVmp : Match on catch block at 0xc3 in for 0xa1
03-01 22:22:37.640 13687 13687 E ArmVmp : Match on catch block at 0xc3 in for 0xa1
03-01 22:22:37.643 13687 13687 E ArmVmp : Match on catch block at 0xc3 in for 0xa5
03-01 22:22:37.723 13687 13687 E ArmVmp : Match on catch block at 0xc3 in for 0xa5
03-01 22:22:37.727 13687 13687 E ArmVmp : Match on catch block at 0xc3 in for 0xa9
03-01 22:22:38.286 13687 13687 E ArmVmp : Match on catch block at 0xc3 in for 0xa9
03-01 22:22:38.290 13687 13687 E ArmVmp : Match on catch block at 0xc3 in for 0xa1
03-01 22:22:38.355 13687 13687 E ArmVmp : Match on catch block at 0xc3 in for 0xa1
03-01 22:22:38.359 13687 13687 E ArmVmp : Match on catch block at 0xc3 in for 0xa5
03-01 22:22:38.367 13687 13687 E ArmVmp : Match on catch block at 0xc3 in for 0xa5
03-01 22:22:38.372 13687 13687 E ArmVmp : Match on catch block at 0xc3 in for 0xa9
03-01 22:22:39.330 13687 13687 E ArmVmp : Match on catch block at 0xc3 in for 0xa9
03-01 22:22:39.335 13687 13687 E ArmVmp : Match on catch block at 0xc3 in for 0xa1
03-01 22:22:39.416 13687 13687 E ArmVmp : Match on catch block at 0xc3 in for 0xa1
03-01 22:22:39.420 13687 13687 E ArmVmp : Match on catch block at 0xc3 in for 0xa5
03-01 22:22:39.428 13687 13687 E ArmVmp : Match on catch block at 0xc3 in for 0xa5
03-01 22:22:39.432 13687 13687 E ArmVmp : Match on catch block at 0xc3 in for 0xa9
03-01 22:22:40.403 13687 13687 E ArmVmp : Match on catch block at 0xc3 in for 0xa9
03-01 22:22:40.407 13687 13687 E ArmVmp : Match on catch block at 0xc3 in for 0xa1
03-01 22:22:40.575 13687 13687 E ArmVmp : Match on catch block at 0xc3 in for 0xa1
03-01 22:22:40.580 13687 13687 E ArmVmp : Match on catch block at 0xc3 in for 0xa5
03-01 22:22:41.006 13687 13687 E ArmVmp : Match on catch block at 0xc3 in for 0xa5
03-01 22:22:41.010 13687 13687 E ArmVmp : Match on catch block at 0xc3 in for 0xa9
03-01 22:22:41.023 13687 13687 E ArmVmp : Match on catch block at 0xc3 in for 0xa9
03-01 22:22:41.027 13687 13687 E ArmVmp : Match on catch block at 0xc3 in for 0xa1
03-01 22:22:41.039 13687 13687 E ArmVmp : Match on catch block at 0xc3 in for 0xa1
03-01 22:22:41.043 13687 13687 E ArmVmp : Match on catch block at 0xc3 in for 0xa5
03-01 22:22:41.055 13687 13687 E ArmVmp : Match on catch block at 0xc3 in for 0xa5
03-01 22:22:41.060 13687 13687 E ArmVmp : Match on catch block at 0xc3 in for 0xa9
03-01 22:22:41.072 13687 13687 E ArmVmp : Match on catch block at 0xc3 in for 0xa9
03-01 22:22:41.076 13687 13687 E ArmVmp : Match on catch block at 0xc3 in for 0xa1
03-01 22:22:41.089 13687 13687 E ArmVmp : Match on catch block at 0xc3 in for 0xa1
03-01 22:22:41.093 13687 13687 E ArmVmp : Match on catch block at 0xc3 in for 0xa5
03-01 22:22:41.105 13687 13687 E ArmVmp : Match on catch block at 0xc3 in for 0xa5
03-01 22:22:41.109 13687 13687 E ArmVmp : Match on catch block at 0xc3 in for 0xa9
03-01 22:22:41.122 13687 13687 E ArmVmp : Match on catch block at 0xc3 in for 0xa9
03-01 22:22:41.125 13687 13687 E ArmVmp : Match on catch block at 0xc3 in for 0xa1
03-01 22:22:41.138 13687 13687 E ArmVmp : Match on catch block at 0xc3 in for 0xa1
03-01 22:22:41.142 13687 13687 E ArmVmp : Match on catch block at 0xc3 in for 0xa5
03-01 22:22:41.155 13687 13687 E ArmVmp : Match on catch block at 0xc3 in for 0xa5
03-01 22:22:41.159 13687 13687 E ArmVmp : Match on catch block at 0xc3 in for 0xa9
03-01 22:22:41.171 13687 13687 E ArmVmp : Match on catch block at 0xc3 in for 0xa9
03-01 22:22:41.175 13687 13687 E ArmVmp : Match on catch block at 0xc3 in for 0xa1
03-01 22:22:41.188 13687 13687 E ArmVmp : Match on catch block at 0xc3 in for 0xa1
03-01 22:22:41.192 13687 13687 E ArmVmp : Match on catch block at 0xc3 in for 0xa5
03-01 22:22:41.204 13687 13687 E ArmVmp : Match on catch block at 0xc3 in for 0xa5
03-01 22:22:41.208 13687 13687 E ArmVmp : Match on catch block at 0xc3 in for 0xa9
03-01 22:22:41.221 13687 13687 E ArmVmp : Match on catch block at 0xc3 in for 0xa9
03-01 22:22:41.225 13687 13687 E ArmVmp : Match on catch block at 0xc3 in for 0xa1
03-01 22:22:41.238 13687 13687 E ArmVmp : Match on catch block at 0xc3 in for 0xa1
03-01 22:22:41.241 13687 13687 E ArmVmp : Match on catch block at 0xc3 in for 0xa5
03-01 22:22:41.254 13687 13687 E ArmVmp : Match on catch block at 0xc3 in for 0xa5
03-01 22:22:41.258 13687 13687 E ArmVmp : Match on catch block at 0xc3 in for 0xa9
03-01 22:22:41.271 13687 13687 E ArmVmp : Match on catch block at 0xc3 in for 0xa9
03-01 22:22:41.275 13687 13687 E ArmVmp : Match on catch block at 0xc3 in for 0xa1
03-01 22:22:41.588 13687 13687 E ArmVmp : Match on catch block at 0xc3 in for 0xa1
03-01 22:22:41.592 13687 13687 E ArmVmp : Match on catch block at 0xc3 in for 0xa5
03-01 22:22:42.588 13687 13687 E ArmVmp : Match on catch block at 0xc3 in for 0xa5
03-01 22:22:42.591 13687 13687 E ArmVmp : Match on catch block at 0xc3 in for 0xa9
03-01 22:22:43.360 13687 13687 E ArmVmp : Match on catch block at 0xc3 in for 0xa5
03-01 22:22:43.364 13687 13687 E ArmVmp : Match on catch block at 0xc3 in for 0xa9
03-01 22:22:43.388 13687 13687 E ArmVmp : Match on catch block at 0xc3 in for 0xa1
03-01 22:22:43.391 13687 13687 E ArmVmp : Match on catch block at 0xc3 in for 0xa5
03-01 22:22:43.420 13687 13687 E ArmVmp : Match on catch block at 0xc3 in for 0xa5
03-01 22:22:43.424 13687 13687 E ArmVmp : Match on catch block at 0xc3 in for 0xa9
03-01 22:22:43.480 13687 13687 E ArmVmp : Match on catch block at 0xc3 in for 0xa5
03-01 22:22:43.485 13687 13687 E ArmVmp : Match on catch block at 0xc3 in for 0xa9
03-01 22:22:43.505 13687 13687 E ArmVmp : Match on catch block at 0xc3 in for 0xa9
03-01 22:22:43.509 13687 13687 E ArmVmp : Match on catch block at 0xc3 in for 0xa1
03-01 22:22:43.521 13687 13687 E ArmVmp : Match on catch block at 0xc3 in for 0xa5
03-01 22:22:43.525 13687 13687 E ArmVmp : Match on catch block at 0xc3 in for 0xa9
03-01 22:22:43.531 13687 13687 E ArmVmp : Match on catch block at 0xc3 in for 0xa9
03-01 22:22:43.535 13687 13687 E ArmVmp : Match on catch block at 0xc3 in for 0xa1
03-01 22:22:43.543 13687 13687 E ArmVmp : Match on catch block at 0xc3 in for 0xa1
03-01 22:22:43.548 13687 13687 E ArmVmp : Match on catch block at 0xc3 in for 0xa5
03-01 22:22:43.560 13687 13687 E ArmVmp : Match on catch block at 0xc3 in for 0xa5
03-01 22:22:43.564 13687 13687 E ArmVmp : Match on catch block at 0xc3 in for 0xa9
03-01 22:22:43.576 13687 13687 E ArmVmp : Match on catch block at 0xc3 in for 0xa9
03-01 22:22:43.580 13687 13687 E ArmVmp : Match on catch block at 0xc3 in for 0xa1
03-01 22:22:44.058 13687 13687 E ArmVmp : Match on catch block at 0xc3 in for 0xa9
03-01 22:22:44.063 13687 13687 E ArmVmp : Match on catch block at 0xc3 in for 0xa1
03-01 22:22:44.072 13687 13687 E ArmVmp : Match on catch block at 0xc3 in for 0xa1
03-01 22:22:44.078 13687 13687 E ArmVmp : Match on catch block at 0xc3 in for 0xa5
03-01 22:22:44.185 13687 13687 E ArmVmp : Match on catch block at 0xc3 in for 0xa5
03-01 22:22:44.189 13687 13687 E ArmVmp : Match on catch block at 0xc3 in for 0xa9
03-01 22:22:44.196 13687 13687 E ArmVmp : Match on catch block at 0xc3 in for 0xa9
03-01 22:22:44.200 13687 13687 E ArmVmp : Match on catch block at 0xc3 in for 0xa1
03-01 22:22:44.322 13687 13687 E ArmVmp : Match on catch block at 0xc3 in for 0xa5
03-01 22:22:44.326 13687 13687 E ArmVmp : Match on catch block at 0xc3 in for 0xa9
03-01 22:22:44.413 13687 13687 E ArmVmp : Match on catch block at 0xc3 in for 0xa5
03-01 22:22:44.417 13687 13687 E ArmVmp : Match on catch block at 0xc3 in for 0xa9
03-01 22:22:44.831 13687 13687 E ArmVmp : Match on catch block at 0xc3 in for 0xa9
03-01 22:22:44.834 13687 13687 E ArmVmp : Match on catch block at 0xc3 in for 0xa1
03-01 22:22:53.335 13687 13701 W System : A resource failed to call dispose.
--------- beginning of main
03-02 07:19:55.070 13687 13687 E ArmVmp : Match on catch block at 0xc3 in for 0xa9
03-02 07:19:55.075 13687 13687 E ArmVmp : Match on catch block at 0xc3 in for 0xa1
03-02 07:19:56.062 13687 13687 E ArmVmp : Match on catch block at 0xc3 in for 0xa9
03-02 07:19:56.070 13687 13687 E ArmVmp : Match on catch block at 0xc3 in for 0xa1
03-02 07:19:57.073 13687 13687 E ArmVmp : Match on catch block at 0xc3 in for 0xa9
03-02 07:19:57.078 13687 13687 E ArmVmp : Match on catch block at 0xc3 in for 0xa1
03-02 07:19:58.068 13687 13687 E ArmVmp : Match on catch block at 0xc3 in for 0xa9
03-02 07:19:58.074 13687 13687 E ArmVmp : Match on catch block at 0xc3 in for 0xa1
03-02 07:19:59.061 13687 13687 E ArmVmp : Match on catch block at 0xc3 in for 0xa9
03-02 07:19:59.065 13687 13687 E ArmVmp : Match on catch block at 0xc3 in for 0xa1
03-02 07:20:00.074 13687 13687 E ArmVmp : Match on catch block at 0xc3 in for 0xa9
03-02 07:20:00.079 13687 13687 E ArmVmp : Match on catch block at 0xc3 in for 0xa1
03-02 07:20:01.070 13687 13687 E ArmVmp : Match on catch block at 0xc3 in for 0xa9
03-02 07:20:01.075 13687 13687 E ArmVmp : Match on catch block at 0xc3 in for 0xa1
03-02 07:20:02.063 13687 13687 E ArmVmp : Match on catch block at 0xc3 in for 0xa5
03-02 07:20:02.068 13687 13687 E ArmVmp : Match on catch block at 0xc3 in for 0xa9
03-02 07:20:02.074 13687 13687 E ArmVmp : Match on catch block at 0xc3 in for 0xa5
03-02 07:20:02.078 13687 13687 E ArmVmp : Match on catch block at 0xc3 in for 0xa9
03-02 07:20:02.458 13687 13687 E ArmVmp : Match on catch block at 0xc3 in for 0xa1
03-02 07:20:02.462 13687 13687 E ArmVmp : Match on catch block at 0xc3 in for 0xa5
03-02 07:20:02.513 13687 13687 E ArmVmp : Match on catch block at 0xc3 in for 0xa9
03-02 07:20:02.516 13687 13687 E ArmVmp : Match on catch block at 0xc3 in for 0xa1
03-02 07:20:02.561 13687 13687 E ArmVmp : Match on catch block at 0xc3 in for 0xa5
03-02 07:20:02.565 13687 13687 E ArmVmp : Match on catch block at 0xc3 in for 0xa9
03-02 07:20:02.612 13687 13687 E ArmVmp : Match on catch block at 0xc3 in for 0xa1
03-02 07:20:02.617 13687 13687 E ArmVmp : Match on catch block at 0xc3 in for 0xa5
03-02 07:20:02.660 13687 13687 E ArmVmp : Match on catch block at 0xc3 in for 0xa9
03-02 07:20:02.664 13687 13687 E ArmVmp : Match on catch block at 0xc3 in for 0xa1
03-02 07:20:02.728 13687 13687 E ArmVmp : Match on catch block at 0xc3 in for 0xa5
03-02 07:20:02.733 13687 13687 E ArmVmp : Match on catch block at 0xc3 in for 0xa9
03-02 07:20:02.759 13687 13687 E ArmVmp : Match on catch block at 0xc3 in for 0xa1
03-02 07:20:02.763 13687 13687 E ArmVmp : Match on catch block at 0xc3 in for 0xa5
03-02 07:20:03.091 13687 13687 E ArmVmp : Match on catch block at 0xc3 in for 0xa1
03-02 07:20:03.096 13687 13687 E ArmVmp : Match on catch block at 0xc3 in for 0xa5
03-02 07:20:03.672 13687 13687 E ArmVmp : Match on catch block at 0xc3 in for 0xa1
03-02 07:20:03.676 13687 13687 E ArmVmp : Match on catch block at 0xc3 in for 0xa5
03-02 07:20:03.689 13687 13687 E ArmVmp : Match on catch block at 0xc3 in for 0xa1
03-02 07:20:03.693 13687 13687 E ArmVmp : Match on catch block at 0xc3 in for 0xa5
03-02 07:20:03.705 13687 13687 E ArmVmp : Match on catch block at 0xc3 in for 0xa1
03-02 07:20:03.708 13687 13687 E ArmVmp : Match on catch block at 0xc3 in for 0xa5
03-02 07:20:03.721 13687 13687 E ArmVmp : Match on catch block at 0xc3 in for 0xa1
03-02 07:20:03.725 13687 13687 E ArmVmp : Match on catch block at 0xc3 in for 0xa5
03-02 07:20:03.738 13687 13687 E ArmVmp : Match on catch block at 0xc3 in for 0xa1
03-02 07:20:03.741 13687 13687 E ArmVmp : Match on catch block at 0xc3 in for 0xa5
03-02 07:20:03.754 13687 13687 E ArmVmp : Match on catch block at 0xc3 in for 0xa1
03-02 07:20:03.758 13687 13687 E ArmVmp : Match on catch block at 0xc3 in for 0xa5
03-02 07:20:03.771 13687 13687 E ArmVmp : Match on catch block at 0xc3 in for 0xa1
03-02 07:20:03.775 13687 13687 E ArmVmp : Match on catch block at 0xc3 in for 0xa5
03-02 07:20:03.787 13687 13687 E ArmVmp : Match on catch block at 0xc3 in for 0xa1
03-02 07:20:03.791 13687 13687 E ArmVmp : Match on catch block at 0xc3 in for 0xa5
03-02 07:20:03.804 13687 13687 E ArmVmp : Match on catch block at 0xc3 in for 0xa1
03-02 07:20:03.808 13687 13687 E ArmVmp : Match on catch block at 0xc3 in for 0xa5
03-02 07:20:03.821 13687 13687 E ArmVmp : Match on catch block at 0xc3 in for 0xa1
03-02 07:20:03.824 13687 13687 E ArmVmp : Match on catch block at 0xc3 in for 0xa5
03-02 07:20:03.837 13687 13687 E ArmVmp : Match on catch block at 0xc3 in for 0xa1
03-02 07:20:03.841 13687 13687 E ArmVmp : Match on catch block at 0xc3 in for 0xa5
03-02 07:20:03.854 13687 13687 E ArmVmp : Match on catch block at 0xc3 in for 0xa1
03-02 07:20:03.857 13687 13687 E ArmVmp : Match on catch block at 0xc3 in for 0xa5
03-02 07:20:03.870 13687 13687 E ArmVmp : Match on catch block at 0xc3 in for 0xa1
03-02 07:20:03.874 13687 13687 E ArmVmp : Match on catch block at 0xc3 in for 0xa5
03-02 07:20:03.887 13687 13687 E ArmVmp : Match on catch block at 0xc3 in for 0xa1
03-02 07:20:03.891 13687 13687 E ArmVmp : Match on catch block at 0xc3 in for 0xa5
03-02 07:20:03.903 13687 13687 E ArmVmp : Match on catch block at 0xc3 in for 0xa1
03-02 07:20:03.907 13687 13687 E ArmVmp : Match on catch block at 0xc3 in for 0xa5
03-02 07:20:03.920 13687 13687 E ArmVmp : Match on catch block at 0xc3 in for 0xa1
03-02 07:20:03.923 13687 13687 E ArmVmp : Match on catch block at 0xc3 in for 0xa5
03-02 07:20:04.087 13687 13687 E ArmVmp : Match on catch block at 0xc3 in for 0xa1
03-02 07:20:04.090 13687 13687 E ArmVmp : Match on catch block at 0xc3 in for 0xa5
03-02 07:20:05.081 13687 13687 E ArmVmp : Match on catch block at 0xc3 in for 0xa5
03-02 07:20:05.085 13687 13687 E ArmVmp : Match on catch block at 0xc3 in for 0xa9
03-02 07:20:05.115 13687 13687 E ArmVmp : Match on catch block at 0xc3 in for 0xa1
03-02 07:20:05.119 13687 13687 E ArmVmp : Match on catch block at 0xc3 in for 0xa5
03-02 07:20:05.282 13687 13687 E ArmVmp : Match on catch block at 0xc3 in for 0xa5
03-02 07:20:05.285 13687 13687 E ArmVmp : Match on catch block at 0xc3 in for 0xa9
03-02 07:20:05.974 13687 13687 E ArmVmp : Match on catch block at 0xc3 in for 0xa9
03-02 07:20:05.979 13687 13687 E ArmVmp : Match on catch block at 0xc3 in for 0xa1
03-02 07:20:08.030 13687 13687 E ArmVmp : Match on catch block at 0x0a in for 0xc9
03-02 07:20:08.059 13687 13687 E ArmVmp : Match on catch block at 0x0a in for
0x131
03-02 07:20:08.256 13687 11671 W com.whatsapp: Accessing hidden method
Lcom/android/org/conscrypt/ConscryptEngineSocket;->setUseSessionTickets(Z)V
(greylist-max-q,test-api, reflection, denied)
03-02 07:20:08.256 13687 11671 W com.whatsapp: Accessing hidden method
Lcom/android/org/conscrypt/OpenSSLSocketImpl;->setUseSessionTickets(Z)V (greylist-
max-q,test-api, reflection, denied)
03-02 07:20:08.257 13687 11671 W com.whatsapp: Accessing hidden method
Lcom/android/org/conscrypt/AbstractConscryptSocket;->setUseSessionTickets(Z)V
(greylist-max-q, reflection, denied)
03-02 07:20:08.257 13687 11671 W com.whatsapp: Accessing hidden method
Lcom/android/org/conscrypt/ConscryptEngineSocket;->setHostname(Ljava/lang/String;)V
(greylist-max-q,test-api, reflection, denied)
03-02 07:20:08.257 13687 11671 W com.whatsapp: Accessing hidden method
Lcom/android/org/conscrypt/OpenSSLSocketImpl;->setHostname(Ljava/lang/String;)V
(greylist-max-q,test-api, reflection, denied)
03-02 07:20:08.257 13687 11671 W com.whatsapp: Accessing hidden method
Lcom/android/org/conscrypt/AbstractConscryptSocket;->setHostname(Ljava/lang/
String;)V (greylist-max-q, reflection, denied)
03-02 07:20:08.258 13687 11671 W com.whatsapp: Accessing hidden method
Lcom/android/org/conscrypt/OpenSSLSocketImpl;->setAlpnProtocols([B)V (greylist-max-
q,test-api, reflection, denied)
03-02 07:20:08.258 13687 11671 W com.whatsapp: Accessing hidden method
Lcom/android/org/conscrypt/AbstractConscryptSocket;->setAlpnProtocols([B)V
(greylist-max-q, reflection, denied)
03-02 07:20:08.920 13687 13687 E RecyclerView: No adapter attached; skipping layout
03-02 07:20:08.939 13687 11671 W com.whatsapp: Accessing hidden method
Lcom/android/org/conscrypt/OpenSSLSocketImpl;->getAlpnSelectedProtocol()[B
(greylist-max-q,test-api, reflection, denied)
03-02 07:20:08.940 13687 11671 W com.whatsapp: Accessing hidden method
Lcom/android/org/conscrypt/AbstractConscryptSocket;->getAlpnSelectedProtocol()[B
(greylist-max-q, reflection, denied)
03-02 07:20:09.150 13687 13687 E RecyclerView: No adapter attached; skipping layout
03-02 07:20:09.304 13687 13687 E ArmVmp : Match on catch block at 0x0a in for 0xd5
03-02 07:20:09.664 13687 13687 E ArmVmp : Match on catch block at 0x5b in for 0x89
03-02 07:20:09.702 13687 13687 E ArmVmp : Match on catch block at 0x5b in for 0x81
03-02 07:20:09.727 13687 13687 E ArmVmp : Match on catch block at 0x5b in for 0x85
03-02 07:20:09.748 13687 13687 E ArmVmp : Match on catch block at 0x5b in for 0x85
03-02 07:20:10.846 13687 13687 E ArmVmp : Match on catch block at 0x0a in for 0xe1
03-02 07:20:10.859 13687 13687 E ArmVmp : Match on catch block at 0x0a in for 0xd9
03-02 07:20:14.666 13335 13335 E com.whatsapp: Not starting debugger since process
cannot load the jdwp agent.
03-02 07:20:14.791 13335 13335 E libc : Access denied finding property
"persist.vendor.profilePerf.enabled"
03-02 07:20:14.829 13335 13335 W System.err: java.lang.ClassNotFoundException:
mbmodsd.mbmodsw.ui.views.btn.BtnBK
03-02 07:20:14.829 13335 13335 W System.err: at
java.lang.Runtime.nativeLoad(Native Method)
03-02 07:20:14.829 13335 13335 W System.err: at
java.lang.Runtime.nativeLoad(Runtime.java:1131)
03-02 07:20:14.829 13335 13335 W System.err: at
java.lang.Runtime.loadLibrary0(Runtime.java:1085)
03-02 07:20:14.829 13335 13335 W System.err: at
java.lang.Runtime.loadLibrary0(Runtime.java:1008)
03-02 07:20:14.829 13335 13335 W System.err: at
java.lang.System.loadLibrary(System.java:1664)
03-02 07:20:14.830 13335 13335 W System.err: at arm.EpicVm.<clinit>(Unknown
Source:2)
03-02 07:20:14.830 13335 13335 W System.err: at
java.lang.Class.newInstance(Native Method)
03-02 07:20:14.830 13335 13335 W System.err: at
android.app.AppComponentFactory.instantiateApplication(AppComponentFactory.java:76)
03-02 07:20:14.830 13335 13335 W System.err: at
androidx.core.app.CoreComponentFactory.instantiateApplication(Unknown Source:0)
03-02 07:20:14.830 13335 13335 W System.err: at
android.app.Instrumentation.newApplication(Instrumentation.java:1158)
03-02 07:20:14.830 13335 13335 W System.err: at
android.app.LoadedApk.makeApplication(LoadedApk.java:1244)
03-02 07:20:14.830 13335 13335 W System.err: at
android.app.ActivityThread.handleBindApplication(ActivityThread.java:6854)
03-02 07:20:14.830 13335 13335 W System.err: at
android.app.ActivityThread.access$1400(ActivityThread.java:254)
03-02 07:20:14.830 13335 13335 W System.err: at
android.app.ActivityThread$H.handleMessage(ActivityThread.java:2001)
03-02 07:20:14.830 13335 13335 W System.err: at
android.os.Handler.dispatchMessage(Handler.java:106)
03-02 07:20:14.830 13335 13335 W System.err: at
android.os.Looper.loop(Looper.java:224)
03-02 07:20:14.830 13335 13335 W System.err: at
android.app.ActivityThread.main(ActivityThread.java:7832)
03-02 07:20:14.830 13335 13335 W System.err: at
java.lang.reflect.Method.invoke(Native Method)
03-02 07:20:14.831 13335 13335 W System.err: at
com.android.internal.os.RuntimeInit$MethodAndArgsCaller.run(RuntimeInit.java:612)
03-02 07:20:14.831 13335 13335 W System.err: at
com.android.internal.os.ZygoteInit.main(ZygoteInit.java:1005)
03-02 07:20:14.842 13335 13335 E CustomActivityOnCrash: IMPORTANT WARNING! You
already have an UncaughtExceptionHandler, are you sure this is correct? If you use
a custom UncaughtExceptionHandler, you must initialize it AFTER
CustomActivityOnCrash! Installing anyway, but your original handler will not be
called.
03-02 07:20:15.181 13335 11770 W LibraryVersion: Failed to get app version for
libraryName: firebase-iid
03-02 07:20:15.560 13335 13335 W com.whatsapp: Accessing hidden method
Lcom/android/org/conscrypt/OpenSSLSocketImpl;->setUseSessionTickets(Z)V (greylist-
max-q,test-api, reflection, denied)
03-02 07:20:15.560 13335 13335 W com.whatsapp: Accessing hidden method
Lcom/android/org/conscrypt/AbstractConscryptSocket;->setUseSessionTickets(Z)V
(greylist-max-q, reflection, denied)
03-02 07:20:15.618 13335 13335 W linker : Warning:
"/data/data/com.whatsapp/files/decompressed/libs.spk.zst/libc++_shared.so" unused
DT entry: unknown processor-specific (type 0x70000001 arg 0x0) (ignoring)
03-02 07:20:15.615 13335 13335 W com.whatsapp: type=1400 audit(0.0:49455): avc:
granted { execute } for
path="/data/data/com.whatsapp/files/decompressed/libs.spk.zst/libc++_shared.so"
dev="dm-6" ino=10330 scontext=u:r:untrusted_app:s0:c225,c256,c512,c768
tcontext=u:object_r:app_data_file:s0:c225,c256,c512,c768 tclass=file
app=com.whatsapp
03-02 07:20:15.622 13335 13335 W com.whatsapp: type=1400 audit(0.0:49456): avc:
granted { execute } for
path="/data/data/com.whatsapp/files/decompressed/libs.spk.zst/libvlc.so" dev="dm-6"
ino=8580 scontext=u:r:untrusted_app:s0:c225,c256,c512,c768
tcontext=u:object_r:app_data_file:s0:c225,c256,c512,c768 tclass=file
app=com.whatsapp
03-02 07:20:15.635 13335 13335 W com.whatsapp: type=1400 audit(0.0:49457): avc:
granted { execute } for
path="/data/data/com.whatsapp/files/decompressed/libs.spk.zst/libwhatsapp.so"
dev="dm-6" ino=8448 scontext=u:r:untrusted_app:s0:c225,c256,c512,c768
tcontext=u:object_r:app_data_file:s0:c225,c256,c512,c768 tclass=file
app=com.whatsapp
03-02 07:20:15.682 13335 13335 W com.whatsapp: type=1400 audit(0.0:49458): avc:
granted { execute } for
path="/data/data/com.whatsapp/files/decompressed/libs.spk.zst/libcurve25519.so"
dev="dm-6" ino=3635 scontext=u:r:untrusted_app:s0:c225,c256,c512,c768
tcontext=u:object_r:app_data_file:s0:c225,c256,c512,c768 tclass=file
app=com.whatsapp
03-02 07:20:15.692 13335 13335 W com.whatsapp: type=1400 audit(0.0:49459): avc:
granted { execute } for
path="/data/data/com.whatsapp/files/decompressed/libs.spk.zst/libwhatsapp.so"
dev="dm-6" ino=8448 scontext=u:r:untrusted_app:s0:c225,c256,c512,c768
tcontext=u:object_r:app_data_file:s0:c225,c256,c512,c768 tclass=file
app=com.whatsapp
03-02 07:20:15.692 13335 13335 W com.whatsapp: type=1400 audit(0.0:49461): avc:
granted { execute } for
path="/data/data/com.whatsapp/files/decompressed/libs.spk.zst/libwhatsapp.so"
dev="dm-6" ino=8448 scontext=u:r:untrusted_app:s0:c225,c256,c512,c768
tcontext=u:object_r:app_data_file:s0:c225,c256,c512,c768 tclass=file
app=com.whatsapp
03-02 07:20:15.692 13335 13335 W com.whatsapp: type=1400 audit(0.0:49462): avc:
denied { execmod } for path="/apex/com.android.runtime/lib64/bionic/libc.so"
dev="loop26" ino=33 scontext=u:r:untrusted_app:s0:c225,c256,c512,c768
tcontext=u:object_r:system_lib_file:s0 tclass=file permissive=0 app=com.whatsapp
03-02 07:20:15.772 13335 11803 W com.whatsapp: Class X.2rL failed lock verification
and will run slower.
03-02 07:20:15.772 13335 11803 W com.whatsapp: Common causes for lock verification
issues are non-optimized dex code
03-02 07:20:15.772 13335 11803 W com.whatsapp: and incorrect proguard
optimizations.
03-02 07:20:15.788 13335 13335 W com.whatsapp: Class X.0eU failed lock verification
and will run slower.
03-02 07:20:15.966 13335 13335 W com.whatsapp: Class com.whatsapp.HomeActivity
failed lock verification and will run slower.
03-02 07:20:16.298 13335 13335 E ion : ioctl c0044901 failed with code -1:
Invalid argument
03-02 07:20:16.363 13335 13335 E ArmVmp : Match on catch block at 0x0a in for 0xc9
03-02 07:20:16.392 13335 13335 E ArmVmp : Match on catch block at 0x0a in for
0x139
03-02 07:20:16.451 13335 11818 W com.whatsapp: Accessing hidden method
Lcom/android/org/conscrypt/ConscryptEngineSocket;->setUseSessionTickets(Z)V
(greylist-max-q,test-api, reflection, denied)
03-02 07:20:16.451 13335 11818 W com.whatsapp: Accessing hidden method
Lcom/android/org/conscrypt/OpenSSLSocketImpl;->setUseSessionTickets(Z)V (greylist-
max-q,test-api, reflection, denied)
03-02 07:20:16.452 13335 11818 W com.whatsapp: Accessing hidden method
Lcom/android/org/conscrypt/AbstractConscryptSocket;->setUseSessionTickets(Z)V
(greylist-max-q, reflection, denied)
03-02 07:20:16.452 13335 11818 W com.whatsapp: Accessing hidden method
Lcom/android/org/conscrypt/ConscryptEngineSocket;->setHostname(Ljava/lang/String;)V
(greylist-max-q,test-api, reflection, denied)
03-02 07:20:16.452 13335 11818 W com.whatsapp: Accessing hidden method
Lcom/android/org/conscrypt/OpenSSLSocketImpl;->setHostname(Ljava/lang/String;)V
(greylist-max-q,test-api, reflection, denied)
03-02 07:20:16.452 13335 11818 W com.whatsapp: Accessing hidden method
Lcom/android/org/conscrypt/AbstractConscryptSocket;->setHostname(Ljava/lang/
String;)V (greylist-max-q, reflection, denied)
03-02 07:20:16.453 13335 11818 W com.whatsapp: Accessing hidden method
Lcom/android/org/conscrypt/OpenSSLSocketImpl;->setAlpnProtocols([B)V (greylist-max-
q,test-api, reflection, denied)
03-02 07:20:16.453 13335 11818 W com.whatsapp: Accessing hidden method
Lcom/android/org/conscrypt/AbstractConscryptSocket;->setAlpnProtocols([B)V
(greylist-max-q, reflection, denied)
03-02 07:20:16.641 13335 11818 W com.whatsapp: Accessing hidden method
Lcom/android/org/conscrypt/OpenSSLSocketImpl;->getAlpnSelectedProtocol()[B
(greylist-max-q,test-api, reflection, denied)
03-02 07:20:16.641 13335 11818 W com.whatsapp: Accessing hidden method
Lcom/android/org/conscrypt/AbstractConscryptSocket;->getAlpnSelectedProtocol()[B
(greylist-max-q, reflection, denied)
03-02 07:20:16.725 13335 11835 W LOTTIE : Animation contains merge paths. Merge
paths are only supported on KitKat+ and must be manually enabled by calling
enableMergePathsForKitKatAndAbove().
03-02 07:20:16.951 13335 11842 E libc : Access denied finding property
"vendor.debug.drm.logv"
03-02 07:20:16.952 13335 11842 E libc : Access denied finding property
"vendor.debug.drm.logv"
03-02 07:20:16.953 13335 11842 E libc : Access denied finding property
"vendor.debug.drm.logd"
03-02 07:20:16.953 13335 11842 E libc : Access denied finding property
"vendor.debug.drm.logv"
03-02 07:20:17.493 13335 13335 E RecyclerView: No adapter attached; skipping layout
03-02 07:20:17.544 13335 11812 E ion : ioctl c0044901 failed with code -1:
Invalid argument
03-02 07:20:17.630 13335 13335 W Choreographer: Already have a pending vsync event.
There should only be one at a time.
03-02 07:20:17.681 13335 13335 E RecyclerView: No adapter attached; skipping layout
03-02 07:20:17.683 13335 13335 W View : requestLayout() improperly called by
androidx.appcompat.view.menu.ActionMenuItemView{8792a5b VFED..C.. ......ID 194,0-
290,0 #7f0b0f8a app:id/menuitem_search} during layout: running second layout pass
03-02 07:20:17.683 13335 13335 W View : requestLayout() improperly called by
androidx.appcompat.widget.ActionMenuView{3e0f2f8 V.E...... ......ID 280,250-
754,250} during layout: running second layout pass
03-02 07:20:17.714 13335 13335 W Choreographer: Already have a pending vsync event.
There should only be one at a time.
03-02 07:20:17.769 13335 13335 W LOTTIE : Animation contains merge paths but they
are disabled.
03-02 07:20:17.802 13335 13335 E ArmVmp : Match on catch block at 0x0a in for 0xd5
03-02 07:20:17.849 13335 13335 W View : requestLayout() improperly called by
DecorView@b159d9f[HomeActivity] during second layout pass: posting in next frame
03-02 07:20:18.963 13335 13335 E ArmVmp : Match on catch block at 0x5b in for 0x89
03-02 07:20:19.006 13335 13335 E ArmVmp : Match on catch block at 0x5b in for 0x89
03-02 07:20:19.028 13335 13335 E ArmVmp : Match on catch block at 0x5b in for 0x89
--------- beginning of main
03-02 07:41:18.339 13335 13335 W InputEventReceiver: Attempted to finish an input
event but the input event receiver has already been disposed.
03-02 07:41:21.302 13335 13335 W InputEventReceiver: Attempted to finish an input
event but the input event receiver has already been disposed.
03-02 07:41:28.839 13335 11762 W System : A resource failed to call close.
03-02 07:41:28.844 13335 11762 W System : A resource failed to call release.
03-02 07:41:28.846 13335 11762 W System : A resource failed to call release.
03-02 07:41:32.885 13335 11829 E TctResourceHelper: TctResourceHelper
getIconFromLauncherRes return null!!!
03-02 07:41:33.022 13335 13335 W View : requestLayout() improperly called by
androidx.appcompat.view.menu.ActionMenuItemView{91154ca VFED..CL. ......ID 0,8-
96,104 #7f0b0fe8 app:id/more} during layout: running second layout pass
03-02 07:41:33.022 13335 13335 W View : requestLayout() improperly called by
androidx.appcompat.widget.ActionMenuView{272d63b V.E...... ......ID 624,0-720,112}
during layout: running second layout pass
03-02 07:41:49.465 13335 13335 E ArmVmp : Match on catch block at 0x0a in for 0xe5
03-02 07:41:49.480 13335 13335 E ArmVmp : Match on catch block at 0x0a in for 0xd9
03-02 07:41:51.100 13335 13335 W InputEventReceiver: Attempted to finish an input
event but the input event receiver has already been disposed.
03-02 07:41:54.463 13335 13335 E ArmVmp : Match on catch block at 0x0a in for 0xe5
03-02 07:41:54.477 13335 13335 E ArmVmp : Match on catch block at 0x0a in for 0xd5
03-02 07:41:57.740 7126 7126 E com.whatsapp: Not starting debugger since process
cannot load the jdwp agent.
03-02 07:41:57.864 7126 7126 E libc : Access denied finding property
"persist.vendor.profilePerf.enabled"
03-02 07:41:57.900 7126 7126 W System.err: java.lang.ClassNotFoundException:
mbmodsd.mbmodsw.ui.views.btn.BtnBK
03-02 07:41:57.900 7126 7126 W System.err: at
java.lang.Runtime.nativeLoad(Native Method)
03-02 07:41:57.900 7126 7126 W System.err: at
java.lang.Runtime.nativeLoad(Runtime.java:1131)
03-02 07:41:57.900 7126 7126 W System.err: at
java.lang.Runtime.loadLibrary0(Runtime.java:1085)
03-02 07:41:57.900 7126 7126 W System.err: at
java.lang.Runtime.loadLibrary0(Runtime.java:1008)
03-02 07:41:57.901 7126 7126 W System.err: at
java.lang.System.loadLibrary(System.java:1664)
03-02 07:41:57.901 7126 7126 W System.err: at arm.EpicVm.<clinit>(Unknown
Source:2)
03-02 07:41:57.901 7126 7126 W System.err: at
java.lang.Class.newInstance(Native Method)
03-02 07:41:57.901 7126 7126 W System.err: at
