03-05 22:21:57.400 7355 7355 E ArmVmp : Match on catch block at 0xc3 in for 0xa5
03-05 22:21:57.428 7355 7355 E ArmVmp : Match on catch block at 0xc3 in for 0xa1
03-05 22:21:57.432 7355 7355 E ArmVmp : Match on catch block at 0xc3 in for 0xa5
03-05 22:21:57.462 7355 7355 E ArmVmp : Match on catch block at 0xc3 in for 0xa1
03-05 22:21:57.466 7355 7355 E ArmVmp : Match on catch block at 0xc3 in for 0xa5
03-05 22:21:57.496 7355 7355 E ArmVmp : Match on catch block at 0xc3 in for 0xa1
03-05 22:21:57.500 7355 7355 E ArmVmp : Match on catch block at 0xc3 in for 0xa5
03-05 22:21:57.529 7355 7355 E ArmVmp : Match on catch block at 0xc3 in for 0xa1
03-05 22:21:57.533 7355 7355 E ArmVmp : Match on catch block at 0xc3 in for 0xa5
03-05 22:21:57.562 7355 7355 E ArmVmp : Match on catch block at 0xc3 in for 0xa1
03-05 22:21:57.566 7355 7355 E ArmVmp : Match on catch block at 0xc3 in for 0xa5
03-05 22:21:57.596 7355 7355 E ArmVmp : Match on catch block at 0xc3 in for 0xa1
03-05 22:21:57.601 7355 7355 E ArmVmp : Match on catch block at 0xc3 in for 0xa5
03-05 22:21:57.686 7355 7355 E ArmVmp : Match on catch block at 0xc3 in for 0xa5
03-05 22:21:57.693 7355 7355 E ArmVmp : Match on catch block at 0xc3 in for 0xa9
03-05 22:21:57.713 7355 7355 E ArmVmp : Match on catch block at 0xc3 in for 0xa5
03-05 22:21:57.720 7355 7355 E ArmVmp : Match on catch block at 0xc3 in for 0xa9
03-05 22:21:57.747 7355 7355 E ArmVmp : Match on catch block at 0xc3 in for 0xa5
03-05 22:21:57.753 7355 7355 E ArmVmp : Match on catch block at 0xc3 in for 0xa9
03-05 22:21:57.779 7355 7355 E ArmVmp : Match on catch block at 0xc3 in for 0xa5
03-05 22:21:57.784 7355 7355 E ArmVmp : Match on catch block at 0xc3 in for 0xa9
03-05 22:21:57.813 7355 7355 E ArmVmp : Match on catch block at 0xc3 in for 0xa1
03-05 22:21:57.819 7355 7355 E ArmVmp : Match on catch block at 0xc3 in for 0xa5
03-05 22:21:57.845 7355 7355 E ArmVmp : Match on catch block at 0xc3 in for 0xa1
03-05 22:21:57.849 7355 7355 E ArmVmp : Match on catch block at 0xc3 in for 0xa5
03-05 22:21:57.911 7355 7355 E ArmVmp : Match on catch block at 0xc3 in for 0xa1
03-05 22:21:57.915 7355 7355 E ArmVmp : Match on catch block at 0xc3 in for 0xa5
03-05 22:21:58.413 7355 7355 E ArmVmp : Match on catch block at 0xc3 in for 0xa1
03-05 22:21:58.419 7355 7355 E ArmVmp : Match on catch block at 0xc3 in for 0xa5
03-05 22:21:58.912 7355 7355 E ArmVmp : Match on catch block at 0xc3 in for 0xa1
03-05 22:21:58.916 7355 7355 E ArmVmp : Match on catch block at 0xc3 in for 0xa5
03-05 22:21:58.946 7355 7355 E ArmVmp : Match on catch block at 0xc3 in for 0xa9
03-05 22:21:58.950 7355 7355 E ArmVmp : Match on catch block at 0xc3 in for 0xa1
03-05 22:21:58.995 7355 7355 E ArmVmp : Match on catch block at 0xc3 in for 0xa9
03-05 22:21:58.999 7355 7355 E ArmVmp : Match on catch block at 0xc3 in for 0xa1
03-05 22:21:59.029 7355 7355 E ArmVmp : Match on catch block at 0xc3 in for 0xa5
03-05 22:21:59.034 7355 7355 E ArmVmp : Match on catch block at 0xc3 in for 0xa9
03-05 22:21:59.042 7355 7355 E ArmVmp : Match on catch block at 0xc3 in for 0xa5
03-05 22:21:59.046 7355 7355 E ArmVmp : Match on catch block at 0xc3 in for 0xa9
03-05 22:21:59.063 7355 7355 E ArmVmp : Match on catch block at 0xc3 in for 0xa5
03-05 22:21:59.067 7355 7355 E ArmVmp : Match on catch block at 0xc3 in for 0xa9
03-05 22:21:59.087 7355 7355 E ArmVmp : Match on catch block at 0xc3 in for 0xa5
03-05 22:21:59.092 7355 7355 E ArmVmp : Match on catch block at 0xc3 in for 0xa9
03-05 22:21:59.114 7355 7355 E ArmVmp : Match on catch block at 0xc3 in for 0xa5
03-05 22:21:59.119 7355 7355 E ArmVmp : Match on catch block at 0xc3 in for 0xa9
03-05 22:21:59.131 7355 7355 E ArmVmp : Match on catch block at 0xc3 in for 0xa5
03-05 22:21:59.135 7355 7355 E ArmVmp : Match on catch block at 0xc3 in for 0xa9
03-05 22:21:59.146 7355 7355 E ArmVmp : Match on catch block at 0xc3 in for 0xa5
03-05 22:21:59.150 7355 7355 E ArmVmp : Match on catch block at 0xc3 in for 0xa9
03-05 22:21:59.162 7355 7355 E ArmVmp : Match on catch block at 0xc3 in for 0xa5
03-05 22:21:59.167 7355 7355 E ArmVmp : Match on catch block at 0xc3 in for 0xa9
03-05 22:21:59.180 7355 7355 E ArmVmp : Match on catch block at 0xc3 in for 0xa5
03-05 22:21:59.185 7355 7355 E ArmVmp : Match on catch block at 0xc3 in for 0xa9
03-05 22:21:59.205 7355 7355 W StaticLayout: maxLineHeight should not be -1.
maxLines:1 lineCount:1
03-05 22:21:59.244 7355 7355 W StaticLayout: maxLineHeight should not be -1.
maxLines:1 lineCount:1
03-05 22:21:59.245 7355 7355 W StaticLayout: maxLineHeight should not be -1.
maxLines:1 lineCount:1
03-05 22:21:59.250 7355 7355 W StaticLayout: maxLineHeight should not be -1.
maxLines:1 lineCount:1
03-05 22:21:59.253 7355 7355 W StaticLayout: maxLineHeight should not be -1.
maxLines:1 lineCount:1
03-05 22:21:59.274 7355 7355 E ArmVmp : Match on catch block at 0xc3 in for 0xa5
03-05 22:21:59.280 7355 7355 E ArmVmp : Match on catch block at 0xc3 in for 0xa9
03-05 22:21:59.316 7355 7355 E ArmVmp : Match on catch block at 0xc3 in for 0xa5
03-05 22:21:59.320 7355 7355 E ArmVmp : Match on catch block at 0xc3 in for 0xa9
03-05 22:21:59.418 7355 7355 E ArmVmp : Match on catch block at 0xc3 in for 0xa1
03-05 22:21:59.423 7355 7355 E ArmVmp : Match on catch block at 0xc3 in for 0xa5
03-05 22:21:59.451 7355 7355 E ArmVmp : Match on catch block at 0xc3 in for 0xa5
03-05 22:21:59.456 7355 7355 E ArmVmp : Match on catch block at 0xc3 in for 0xa9
03-05 22:21:59.465 7355 7355 E ArmVmp : Match on catch block at 0xc3 in for 0xa5
03-05 22:21:59.471 7355 7355 E ArmVmp : Match on catch block at 0xc3 in for 0xa9
03-05 22:21:59.479 7355 7355 E ArmVmp : Match on catch block at 0xc3 in for 0xa5
03-05 22:21:59.485 7355 7355 E ArmVmp : Match on catch block at 0xc3 in for 0xa9
03-05 22:21:59.997 7355 7355 E ArmVmp : Match on catch block at 0xc3 in for 0xa1
03-05 22:22:00.000 7355 7355 E ArmVmp : Match on catch block at 0xc3 in for 0xa5
03-05 22:22:00.040 7355 7355 E ArmVmp : Match on catch block at 0xc3 in for 0xa5
03-05 22:22:00.043 7355 7355 E ArmVmp : Match on catch block at 0xc3 in for 0xa9
03-05 22:22:00.053 7355 7420 W MediaPlayer: Use of stream types is deprecated for
operations other than volume control
03-05 22:22:00.053 7355 7420 W MediaPlayer: See the documentation of
setAudioStreamType() for what to use instead with android.media.AudioAttributes to
qualify your playback use case
03-05 22:22:00.053 7355 7355 E ArmVmp : Match on catch block at 0xc3 in for 0xa5
03-05 22:22:00.057 7355 7355 E ArmVmp : Match on catch block at 0xc3 in for 0xa9
03-05 22:22:00.058 7355 7420 E AudioFeatures: Application cannot support or
Zenmode close
03-05 22:22:00.199 7355 7355 W PlayerBase: baseStop state not match:4
03-05 22:22:00.200 7355 7355 W PlayerBase: baseStop state not match:4
03-05 22:22:00.498 7355 7355 E ArmVmp : Match on catch block at 0xc3 in for 0xa5
03-05 22:22:00.503 7355 7355 E ArmVmp : Match on catch block at 0xc3 in for 0xa9
03-05 22:22:00.998 7355 7355 E ArmVmp : Match on catch block at 0xc3 in for 0xa5
03-05 22:22:01.003 7355 7355 E ArmVmp : Match on catch block at 0xc3 in for 0xa9
03-05 22:22:01.500 7355 7355 E ArmVmp : Match on catch block at 0xc3 in for 0xa5
03-05 22:22:01.503 7355 7355 E ArmVmp : Match on catch block at 0xc3 in for 0xa9
03-05 22:22:01.632 7355 7355 E ArmVmp : Match on catch block at 0xc3 in for 0xa5
03-05 22:22:01.637 7355 7355 E ArmVmp : Match on catch block at 0xc3 in for 0xa9
03-05 22:22:01.648 7355 7355 E ArmVmp : Match on catch block at 0xc3 in for 0xa5
03-05 22:22:01.654 7355 7355 E ArmVmp : Match on catch block at 0xc3 in for 0xa9
03-05 22:22:01.664 7355 7355 E ArmVmp : Match on catch block at 0xc3 in for 0xa5
03-05 22:22:01.670 7355 7355 E ArmVmp : Match on catch block at 0xc3 in for 0xa9
03-05 22:22:01.681 7355 7355 E ArmVmp : Match on catch block at 0xc3 in for 0xa5
03-05 22:22:01.687 7355 7355 E ArmVmp : Match on catch block at 0xc3 in for 0xa9
03-05 22:22:01.698 7355 7355 E ArmVmp : Match on catch block at 0xc3 in for 0xa5
03-05 22:22:01.703 7355 7355 E ArmVmp : Match on catch block at 0xc3 in for 0xa9
03-05 22:22:01.715 7355 7355 E ArmVmp : Match on catch block at 0xc3 in for 0xa5
03-05 22:22:01.719 7355 7355 E ArmVmp : Match on catch block at 0xc3 in for 0xa9
03-05 22:22:01.732 7355 7355 E ArmVmp : Match on catch block at 0xc3 in for 0xa5
03-05 22:22:01.736 7355 7355 E ArmVmp : Match on catch block at 0xc3 in for 0xa9
03-05 22:22:01.748 7355 7355 E ArmVmp : Match on catch block at 0xc3 in for 0xa5
03-05 22:22:01.752 7355 7355 E ArmVmp : Match on catch block at 0xc3 in for 0xa9
03-05 22:22:01.765 7355 7355 E ArmVmp : Match on catch block at 0xc3 in for 0xa5
03-05 22:22:01.770 7355 7355 E ArmVmp : Match on catch block at 0xc3 in for 0xa9
03-05 22:22:01.782 7355 7355 E ArmVmp : Match on catch block at 0xc3 in for 0xa5
03-05 22:22:01.786 7355 7355 E ArmVmp : Match on catch block at 0xc3 in for 0xa9
03-05 22:22:01.798 7355 7355 E ArmVmp : Match on catch block at 0xc3 in for 0xa5
03-05 22:22:01.803 7355 7355 E ArmVmp : Match on catch block at 0xc3 in for 0xa9
03-05 22:22:01.816 7355 7355 E ArmVmp : Match on catch block at 0xc3 in for 0xa5
03-05 22:22:01.820 7355 7355 E ArmVmp : Match on catch block at 0xc3 in for 0xa9
03-05 22:22:01.831 7355 7355 E ArmVmp : Match on catch block at 0xc3 in for 0xa5
03-05 22:22:01.836 7355 7355 E ArmVmp : Match on catch block at 0xc3 in for 0xa9
03-05 22:22:01.848 7355 7355 E ArmVmp : Match on catch block at 0xc3 in for 0xa5
03-05 22:22:01.853 7355 7355 E ArmVmp : Match on catch block at 0xc3 in for 0xa9
03-05 22:22:01.864 7355 7355 E ArmVmp : Match on catch block at 0xc3 in for 0xa5
03-05 22:22:01.869 7355 7355 E ArmVmp : Match on catch block at 0xc3 in for 0xa9
03-05 22:22:01.882 7355 7355 E ArmVmp : Match on catch block at 0xc3 in for 0xa5
03-05 22:22:01.886 7355 7355 E ArmVmp : Match on catch block at 0xc3 in for 0xa9
03-05 22:22:01.898 7355 7355 E ArmVmp : Match on catch block at 0xc3 in for 0xa5
03-05 22:22:01.903 7355 7355 E ArmVmp : Match on catch block at 0xc3 in for 0xa9
03-05 22:22:01.999 7355 7355 E ArmVmp : Match on catch block at 0xc3 in for 0xa5
03-05 22:22:02.003 7355 7355 E ArmVmp : Match on catch block at 0xc3 in for 0xa9
03-05 22:22:02.500 7355 7355 E ArmVmp : Match on catch block at 0xc3 in for 0xa5
03-05 22:22:02.503 7355 7355 E ArmVmp : Match on catch block at 0xc3 in for 0xa9
03-05 22:22:03.000 7355 7355 E ArmVmp : Match on catch block at 0xc3 in for 0xa5
03-05 22:22:03.004 7355 7355 E ArmVmp : Match on catch block at 0xc3 in for 0xa9
03-05 22:22:03.182 7355 7355 E ArmVmp : Match on catch block at 0xc3 in for 0xa5
03-05 22:22:03.186 7355 7355 E ArmVmp : Match on catch block at 0xc3 in for 0xa9
03-05 22:22:03.389 7355 7355 E ArmVmp : Match on catch block at 0xc3 in for 0xa1
03-05 22:22:03.396 7355 7355 E ArmVmp : Match on catch block at 0xc3 in for 0xa5
03-05 22:22:03.459 7355 7355 E RecyclerView: No adapter attached; skipping layout
03-05 22:22:03.522 7355 7355 E ArmVmp : Match on catch block at 0xc3 in for 0xa1
03-05 22:22:03.526 7355 7355 E ArmVmp : Match on catch block at 0xc3 in for 0xa5
03-05 22:22:03.628 7355 7355 W StaticLayout: maxLineHeight should not be -1.
maxLines:1 lineCount:1
03-05 22:22:03.646 7355 7355 W StaticLayout: maxLineHeight should not be -1.
maxLines:1 lineCount:1
03-05 22:22:03.647 7355 7355 W StaticLayout: maxLineHeight should not be -1.
maxLines:1 lineCount:1
03-05 22:22:03.674 7355 7355 W StaticLayout: maxLineHeight should not be -1.
maxLines:1 lineCount:1
03-05 22:22:03.689 7355 7355 W StaticLayout: maxLineHeight should not be -1.
maxLines:1 lineCount:1
03-05 22:22:03.709 7355 7355 E ArmVmp : Match on catch block at 0xc3 in for 0xa9
03-05 22:22:03.714 7355 7355 E ArmVmp : Match on catch block at 0xc3 in for 0xa1
03-05 22:22:03.762 7355 7355 E ArmVmp : Match on catch block at 0x0a in for 0xa1
03-05 22:22:03.773 7355 7355 E ArmVmp : Match on catch block at 0xc3 in for 0xa5
03-05 22:22:03.778 7355 7355 E ArmVmp : Match on catch block at 0xc3 in for 0xa9
03-05 22:22:03.792 7355 7355 E ArmVmp : Match on catch block at 0x0a in for 0xa1
03-05 22:22:03.845 7355 7355 E ArmVmp : Match on catch block at 0x0a in for 0xa1
03-05 22:22:03.889 7355 7355 E ArmVmp : Match on catch block at 0xc3 in for 0xa5
03-05 22:22:03.895 7355 7355 E ArmVmp : Match on catch block at 0xc3 in for 0xa9
03-05 22:22:04.401 7355 7355 E ArmVmp : Match on catch block at 0xc3 in for 0xa5
03-05 22:22:04.407 7355 7355 E ArmVmp : Match on catch block at 0xc3 in for 0xa9
03-05 22:22:04.901 7355 7355 E ArmVmp : Match on catch block at 0xc3 in for 0xa5
03-05 22:22:04.905 7355 7355 E ArmVmp : Match on catch block at 0xc3 in for 0xa9
03-05 22:22:05.186 7355 7355 E ArmVmp : Match on catch block at 0xc3 in for 0xa5
03-05 22:22:05.193 7355 7355 E ArmVmp : Match on catch block at 0xc3 in for 0xa9
03-05 22:22:05.218 7355 7355 E ArmVmp : Match on catch block at 0xc3 in for 0xa5
03-05 22:22:05.223 7355 7355 E ArmVmp : Match on catch block at 0xc3 in for 0xa9
03-05 22:22:05.245 7355 7355 E ArmVmp : Match on catch block at 0xc3 in for 0xa5
03-05 22:22:05.250 7355 7355 E ArmVmp : Match on catch block at 0xc3 in for 0xa9
03-05 22:22:05.273 7355 7355 E ArmVmp : Match on catch block at 0xc3 in for 0xa5
03-05 22:22:05.277 7355 7355 E ArmVmp : Match on catch block at 0xc3 in for 0xa9
03-05 22:22:05.299 7355 7355 E ArmVmp : Match on catch block at 0xc3 in for 0xa5
03-05 22:22:05.303 7355 7355 E ArmVmp : Match on catch block at 0xc3 in for 0xa9
03-05 22:22:05.322 7355 7355 E ArmVmp : Match on catch block at 0xc3 in for 0xa5
03-05 22:22:05.327 7355 7355 E ArmVmp : Match on catch block at 0xc3 in for 0xa9
03-05 22:22:05.347 7355 7355 E ArmVmp : Match on catch block at 0xc3 in for 0xa5
03-05 22:22:05.351 7355 7355 E ArmVmp : Match on catch block at 0xc3 in for 0xa9
03-05 22:22:05.370 7355 7355 E ArmVmp : Match on catch block at 0xc3 in for 0xa5
03-05 22:22:05.374 7355 7355 E ArmVmp : Match on catch block at 0xc3 in for 0xa9
03-05 22:22:05.393 7355 7355 E ArmVmp : Match on catch block at 0xc3 in for 0xa5
03-05 22:22:05.397 7355 7355 E ArmVmp : Match on catch block at 0xc3 in for 0xa9
03-05 22:22:05.423 7355 7355 E ArmVmp : Match on catch block at 0xc3 in for 0xa5
03-05 22:22:05.427 7355 7355 E ArmVmp : Match on catch block at 0xc3 in for 0xa9
03-05 22:22:05.445 7355 7355 E ArmVmp : Match on catch block at 0xc3 in for 0xa5
03-05 22:22:05.449 7355 7355 E ArmVmp : Match on catch block at 0xc3 in for 0xa9
03-05 22:22:05.934 7355 7355 E ArmVmp : Match on catch block at 0xc3 in for 0xa5
03-05 22:22:05.938 7355 7355 E ArmVmp : Match on catch block at 0xc3 in for 0xa9
03-05 22:22:06.436 7355 7355 E ArmVmp : Match on catch block at 0xc3 in for 0xa5
03-05 22:22:06.443 7355 7355 E ArmVmp : Match on catch block at 0xc3 in for 0xa9
03-05 22:22:06.955 7355 7355 E ArmVmp : Match on catch block at 0xc3 in for 0xa5
03-05 22:22:06.961 7355 7355 E ArmVmp : Match on catch block at 0xc3 in for 0xa9
03-05 22:22:07.164 7355 7355 E ArmVmp : Match on catch block at 0x0a in for 0xa1
03-05 22:22:07.209 7355 7355 E ArmVmp : Match on catch block at 0x0a in for 0xa1
03-05 22:22:07.452 7355 7355 E ArmVmp : Match on catch block at 0xc3 in for 0xa5
03-05 22:22:07.456 7355 7355 E ArmVmp : Match on catch block at 0xc3 in for 0xa9
03-05 22:22:07.841 7355 7355 E ArmVmp : Match on catch block at 0x0a in for 0xa1
03-05 22:22:07.874 7355 7355 E ArmVmp : Match on catch block at 0x0a in for 0xa1
03-05 22:22:07.956 7355 7355 E ArmVmp : Match on catch block at 0xc3 in for 0xa5
03-05 22:22:07.963 7355 7355 E ArmVmp : Match on catch block at 0xc3 in for 0xa9
03-05 22:22:08.453 7355 7355 E ArmVmp : Match on catch block at 0xc3 in for 0xa5
03-05 22:22:08.457 7355 7355 E ArmVmp : Match on catch block at 0xc3 in for 0xa9
03-05 22:22:08.956 7355 7355 E ArmVmp : Match on catch block at 0xc3 in for 0xa5
03-05 22:22:08.965 7355 7355 E ArmVmp : Match on catch block at 0xc3 in for 0xa9
03-05 22:22:09.059 7355 7355 E ArmVmp : Match on catch block at 0x0a in for 0xa1
03-05 22:22:09.076 7355 7355 E ArmVmp : Match on catch block at 0x0a in for 0xa1
03-05 22:22:09.453 7355 7355 E ArmVmp : Match on catch block at 0xc3 in for 0xa5
03-05 22:22:09.457 7355 7355 E ArmVmp : Match on catch block at 0xc3 in for 0xa9
03-05 22:22:09.954 7355 7355 E ArmVmp : Match on catch block at 0xc3 in for 0xa5
03-05 22:22:09.961 7355 7355 E ArmVmp : Match on catch block at 0xc3 in for 0xa9
03-05 22:22:10.134 7355 7355 E ArmVmp : Match on catch block at 0xc3 in for 0xa5
03-05 22:22:10.142 7355 7355 E ArmVmp : Match on catch block at 0xc3 in for 0xa9
03-05 22:22:10.174 7355 7355 E ArmVmp : Match on catch block at 0xc3 in for 0xa5
03-05 22:22:10.179 7355 7355 E ArmVmp : Match on catch block at 0xc3 in for 0xa9
03-05 22:22:10.190 7355 7397 E SQLiteDatabase: Error inserting media_duration=0
file_path=/data/user/0/com.mbwhatsapp/files/Stickers/D5JHxmGpT5rdgPY3wjqTOU9Lgw-
ZoINBQXP-xBJT+hA=.webp transferred=0 thumbnail_height_width_ratio=1.0 face_y=0
face_x=0 trim_from=0 media_caption=null transcoded=1 message_url=null
first_scan_sidecar=null direct_path=null original_file_hash=null
is_animated_sticker=0 media_name=D5JHxmGpT5rdgPY3wjqTOU9Lgw-ZoINBQXP-xBJT+hA=.webp
has_streaming_sidecar=0 partial_media_enc_hash=null media_key=null
multicast_id=null page_count=0 height=64 partial_media_hash=null gif_attribution=0
mute_video=0 autotransfer_retry_enabled=1 first_scan_length=0 trim_to=0
media_key_timestamp=0 file_size=27624 chat_row_id=2 media_job_uuid=bbc7b08d-a1c6-
44f6-a476-57125511e362 message_row_id=3169 enc_file_hash=null
file_hash=D5JHxmGpT5rdgPY3wjqTOU9Lgw/ZoINBQXP/xBJT+hA= mime_type=image/webp
media_upload_handle=null suspicious_content=0 width=64 file_length=27624
03-05 22:22:10.190 7355 7397 E SQLiteDatabase:
android.database.sqlite.SQLiteConstraintException: UNIQUE constraint failed:
message_media.message_row_id (code 1555 SQLITE_CONSTRAINT_PRIMARYKEY)
03-05 22:22:10.190 7355 7397 E SQLiteDatabase: at
android.database.sqlite.SQLiteConnection.nativeExecuteForLastInsertedRowId(Native
Method)
03-05 22:22:10.190 7355 7397 E SQLiteDatabase: at
android.database.sqlite.SQLiteConnection.executeForLastInsertedRowId(SQLiteConnecti
on.java:829)
03-05 22:22:10.190 7355 7397 E SQLiteDatabase: at
android.database.sqlite.SQLiteSession.executeForLastInsertedRowId(SQLiteSession.jav
a:788)
03-05 22:22:10.190 7355 7397 E SQLiteDatabase: at
android.database.sqlite.SQLiteStatement.executeInsert(SQLiteStatement.java:86)
03-05 22:22:10.190 7355 7397 E SQLiteDatabase: at
android.database.sqlite.SQLiteDatabase.insertWithOnConflict(SQLiteDatabase.java:156
4)
03-05 22:22:10.190 7355 7397 E SQLiteDatabase: at
android.database.sqlite.SQLiteDatabase.insert(SQLiteDatabase.java:1433)
03-05 22:22:10.190 7355 7397 E SQLiteDatabase: at X.2tm.A08(Unknown
Source:6)
03-05 22:22:10.190 7355 7397 E SQLiteDatabase: at X.35Y.A07(Unknown
Source:212)
03-05 22:22:10.190 7355 7397 E SQLiteDatabase: at X.3QF.A14(Unknown
Source:470)
03-05 22:22:10.190 7355 7397 E SQLiteDatabase: at X.3gU.run(Unknown
Source:982)
03-05 22:22:10.190 7355 7397 E SQLiteDatabase: at
android.os.Handler.handleCallback(Handler.java:873)
03-05 22:22:10.190 7355 7397 E SQLiteDatabase: at
android.os.Handler.dispatchMessage(Handler.java:99)
03-05 22:22:10.190 7355 7397 E SQLiteDatabase: at
X.0zq.dispatchMessage(Unknown Source:4)
03-05 22:22:10.190 7355 7397 E SQLiteDatabase: at
android.os.Looper.loop(Looper.java:224)
03-05 22:22:10.190 7355 7397 E SQLiteDatabase: at
android.os.HandlerThread.run(HandlerThread.java:65)
03-05 22:22:10.210 7355 7355 W PlayerBase: baseStop state not match:0
03-05 22:22:10.262 7355 7355 E ArmVmp : Match on catch block at 0xc3 in for 0xa1
03-05 22:22:10.268 7355 7355 E ArmVmp : Match on catch block at 0xc3 in for 0xa5
03-05 22:22:10.301 7355 7355 E ArmVmp : Match on catch block at 0xc3 in for 0xa9
03-05 22:22:10.307 7355 7355 E ArmVmp : Match on catch block at 0xc3 in for 0xa1
03-05 22:22:10.353 7355 7355 E ArmVmp : Match on catch block at 0xc3 in for 0xa1
03-05 22:22:10.360 7355 7355 E ArmVmp : Match on catch block at 0xc3 in for 0xa5
03-05 22:22:10.388 7355 7355 E ArmVmp : Match on catch block at 0x0a in for 0xa9
03-05 22:22:10.397 7355 7355 E ArmVmp : Match on catch block at 0xc3 in for 0xa1
03-05 22:22:10.404 7355 7355 E ArmVmp : Match on catch block at 0xc3 in for 0xa5
03-05 22:22:10.455 7355 7355 E ArmVmp : Match on catch block at 0xc3 in for 0xa1
03-05 22:22:10.463 7355 7355 E ArmVmp : Match on catch block at 0xc3 in for 0xa5
03-05 22:22:10.601 7355 7397 E SQLiteDatabase: Error inserting media_duration=0
file_path=Media/MBWhatsApp Stickers/STK-20240305-WA0027.webp transferred=1
thumbnail_height_width_ratio=1.0 face_y=0 face_x=0 trim_from=0 media_caption=null
transcoded=1 message_url=https://mmg.whatsapp.net/v/t62.15575-
24/31460460_956730445834140_7567004126678830702_n.enc?ccb=11-4&oh=01_AdQp5N-
bG88RydmkwwESKYwL2hAx2lxCYYan3opqL7Y1CA&oe=660EB2D2&_nc_sid=5e03e0&mms3=true
first_scan_sidecar=null direct_path=/v/t62.15575-
24/31460460_956730445834140_7567004126678830702_n.enc?ccb=11-4&oh=01_AdQp5N-
bG88RydmkwwESKYwL2hAx2lxCYYan3opqL7Y1CA&oe=660EB2D2&_nc_sid=5e03e0
original_file_hash=null is_animated_sticker=0
media_name=D5JHxmGpT5rdgPY3wjqTOU9Lgw-ZoINBQXP-xBJT+hA=.webp
has_streaming_sidecar=0 partial_media_enc_hash=null media_key=[B@b6e30f6
multicast_id=null page_count=0 height=64 partial_media_hash=null gif_attribution=0
mute_video=0 autotransfer_retry_enabled=0 first_scan_length=0 trim_to=0
media_key_timestamp=1709649305000 file_size=27624 chat_row_id=2
media_job_uuid=bbc7b08d-a1c6-44f6-a476-57125511e362 message_row_id=3169
enc_file_hash=FGQwjMjYjUp1TdrTPZDkf8g3rIY+33DPVVQHURL/JN0=
file_hash=D5JHxmGpT5rdgPY3wjqTOU9Lgw/ZoINBQXP/xBJT+hA= mime_type=image/webp
media_upload_handle=null suspicious_content=0 width=64 file_length=27624
03-05 22:22:10.601 7355 7397 E SQLiteDatabase:
android.database.sqlite.SQLiteConstraintException: UNIQUE constraint failed:
message_media.message_row_id (code 1555 SQLITE_CONSTRAINT_PRIMARYKEY)
03-05 22:22:10.601 7355 7397 E SQLiteDatabase: at
android.database.sqlite.SQLiteConnection.nativeExecuteForLastInsertedRowId(Native
Method)
03-05 22:22:10.601 7355 7397 E SQLiteDatabase: at
android.database.sqlite.SQLiteConnection.executeForLastInsertedRowId(SQLiteConnecti
on.java:829)
03-05 22:22:10.601 7355 7397 E SQLiteDatabase: at
android.database.sqlite.SQLiteSession.executeForLastInsertedRowId(SQLiteSession.jav
a:788)
03-05 22:22:10.601 7355 7397 E SQLiteDatabase: at
android.database.sqlite.SQLiteStatement.executeInsert(SQLiteStatement.java:86)
03-05 22:22:10.601 7355 7397 E SQLiteDatabase: at
android.database.sqlite.SQLiteDatabase.insertWithOnConflict(SQLiteDatabase.java:156
4)
03-05 22:22:10.601 7355 7397 E SQLiteDatabase: at
android.database.sqlite.SQLiteDatabase.insert(SQLiteDatabase.java:1433)
03-05 22:22:10.601 7355 7397 E SQLiteDatabase: at X.2tm.A08(Unknown
Source:6)
03-05 22:22:10.601 7355 7397 E SQLiteDatabase: at X.35Y.A07(Unknown
Source:212)
03-05 22:22:10.601 7355 7397 E SQLiteDatabase: at X.3QF.A14(Unknown
Source:470)
03-05 22:22:10.601 7355 7397 E SQLiteDatabase: at X.3gU.run(Unknown
Source:982)
03-05 22:22:10.601 7355 7397 E SQLiteDatabase: at
android.os.Handler.handleCallback(Handler.java:873)
03-05 22:22:10.601 7355 7397 E SQLiteDatabase: at
android.os.Handler.dispatchMessage(Handler.java:99)
03-05 22:22:10.601 7355 7397 E SQLiteDatabase: at
X.0zq.dispatchMessage(Unknown Source:4)
03-05 22:22:10.601 7355 7397 E SQLiteDatabase: at
android.os.Looper.loop(Looper.java:224)
03-05 22:22:10.601 7355 7397 E SQLiteDatabase: at
android.os.HandlerThread.run(HandlerThread.java:65)
03-05 22:22:10.638 7355 7355 E ArmVmp : Match on catch block at 0xc3 in for 0xa9
03-05 22:22:10.643 7355 7355 E ArmVmp : Match on catch block at 0xc3 in for 0xa1
03-05 22:22:10.670 7355 7355 E ArmVmp : Match on catch block at 0xc3 in for 0xa9
03-05 22:22:10.677 7355 7355 E ArmVmp : Match on catch block at 0xc3 in for 0xa1
03-05 22:22:10.958 7355 7355 E ArmVmp : Match on catch block at 0xc3 in for 0xa5
03-05 22:22:10.967 7355 7355 E ArmVmp : Match on catch block at 0xc3 in for 0xa9
03-05 22:22:11.001 7355 7355 E ArmVmp : Match on catch block at 0xc3 in for 0xa9
03-05 22:22:11.008 7355 7355 E ArmVmp : Match on catch block at 0xc3 in for 0xa1
03-05 22:22:11.092 7355 7355 E ArmVmp : Match on catch block at 0xc3 in for 0xa9
03-05 22:22:11.097 7355 7355 E ArmVmp : Match on catch block at 0xc3 in for 0xa1
03-05 22:22:11.106 7355 7355 E ArmVmp : Match on catch block at 0xc3 in for 0xa9
03-05 22:22:11.110 7355 7355 E ArmVmp : Match on catch block at 0xc3 in for 0xa1
03-05 22:22:11.362 7355 7355 E ArmVmp : Match on catch block at 0xc3 in for 0xa9
03-05 22:22:11.366 7355 7355 E ArmVmp : Match on catch block at 0xc3 in for 0xa1
03-05 22:22:11.375 7355 7420 W MediaPlayer: Use of stream types is deprecated for
operations other than volume control
03-05 22:22:11.375 7355 7355 E ArmVmp : Match on catch block at 0xc3 in for 0xa9
03-05 22:22:11.376 7355 7420 W MediaPlayer: See the documentation of
setAudioStreamType() for what to use instead with android.media.AudioAttributes to
qualify your playback use case
03-05 22:22:11.380 7355 7420 E AudioFeatures: Application cannot support or
Zenmode close
03-05 22:22:11.381 7355 7355 E ArmVmp : Match on catch block at 0xc3 in for 0xa1
03-05 22:22:11.455 7355 7355 E ArmVmp : Match on catch block at 0xc3 in for 0xa9
03-05 22:22:11.465 7355 7355 E ArmVmp : Match on catch block at 0xc3 in for 0xa1
03-05 22:22:11.522 7355 7355 W PlayerBase: baseStop state not match:4
03-05 22:22:11.523 7355 7355 W PlayerBase: baseStop state not match:4
03-05 22:22:11.956 7355 7355 E ArmVmp : Match on catch block at 0xc3 in for 0xa5
03-05 22:22:11.961 7355 7355 E ArmVmp : Match on catch block at 0xc3 in for 0xa9
03-05 22:22:12.360 7355 7355 E ArmVmp : Match on catch block at 0xc3 in for 0xa5
03-05 22:22:12.364 7355 7355 E ArmVmp : Match on catch block at 0xc3 in for 0xa9
03-05 22:22:12.374 7355 7355 E ArmVmp : Match on catch block at 0xc3 in for 0xa9
03-05 22:22:12.379 7355 7355 E ArmVmp : Match on catch block at 0xc3 in for 0xa1
03-05 22:22:12.391 7355 7355 E ArmVmp : Match on catch block at 0xc3 in for 0xa1
03-05 22:22:12.397 7355 7355 E ArmVmp : Match on catch block at 0xc3 in for 0xa5
03-05 22:22:12.408 7355 7355 E ArmVmp : Match on catch block at 0xc3 in for 0xa5
03-05 22:22:12.413 7355 7355 E ArmVmp : Match on catch block at 0xc3 in for 0xa9
03-05 22:22:12.424 7355 7355 E ArmVmp : Match on catch block at 0xc3 in for 0xa9
03-05 22:22:12.429 7355 7355 E ArmVmp : Match on catch block at 0xc3 in for 0xa1
03-05 22:22:12.441 7355 7355 E ArmVmp : Match on catch block at 0xc3 in for 0xa1
03-05 22:22:12.447 7355 7355 E ArmVmp : Match on catch block at 0xc3 in for 0xa5
03-05 22:22:12.458 7355 7355 E ArmVmp : Match on catch block at 0xc3 in for 0xa5
03-05 22:22:12.463 7355 7355 E ArmVmp : Match on catch block at 0xc3 in for 0xa9
03-05 22:22:12.475 7355 7355 E ArmVmp : Match on catch block at 0xc3 in for 0xa9
03-05 22:22:12.480 7355 7355 E ArmVmp : Match on catch block at 0xc3 in for 0xa1
03-05 22:22:12.492 7355 7355 E ArmVmp : Match on catch block at 0xc3 in for 0xa1
03-05 22:22:12.497 7355 7355 E ArmVmp : Match on catch block at 0xc3 in for 0xa5
03-05 22:22:12.508 7355 7355 E ArmVmp : Match on catch block at 0xc3 in for 0xa5
03-05 22:22:12.512 7355 7355 E ArmVmp : Match on catch block at 0xc3 in for 0xa9
03-05 22:22:12.523 7355 7355 E ArmVmp : Match on catch block at 0xc3 in for 0xa9
03-05 22:22:12.528 7355 7355 E ArmVmp : Match on catch block at 0xc3 in for 0xa1
03-05 22:22:12.541 7355 7355 E ArmVmp : Match on catch block at 0xc3 in for 0xa1
03-05 22:22:12.547 7355 7355 E ArmVmp : Match on catch block at 0xc3 in for 0xa5
03-05 22:22:12.557 7355 7355 E ArmVmp : Match on catch block at 0xc3 in for 0xa5
03-05 22:22:12.562 7355 7355 E ArmVmp : Match on catch block at 0xc3 in for 0xa9
03-05 22:22:12.673 7355 7355 E ArmVmp : Match on catch block at 0xc3 in for 0xa5
03-05 22:22:12.677 7355 7355 E ArmVmp : Match on catch block at 0xc3 in for 0xa9
03-05 22:22:12.850 7355 7355 E ArmVmp : Match on catch block at 0xc3 in for 0xa5
03-05 22:22:12.856 7355 7355 E ArmVmp : Match on catch block at 0xc3 in for 0xa9
03-05 22:22:12.867 7355 7355 E ArmVmp : Match on catch block at 0xc3 in for 0xa9
03-05 22:22:12.875 7355 7355 E ArmVmp : Match on catch block at 0xc3 in for 0xa1
03-05 22:22:12.894 7355 7355 E ArmVmp : Match on catch block at 0xc3 in for 0xa1
03-05 22:22:12.900 7355 7355 E ArmVmp : Match on catch block at 0xc3 in for 0xa5
03-05 22:22:12.916 7355 7355 E ArmVmp : Match on catch block at 0xc3 in for 0xa5
03-05 22:22:12.921 7355 7355 E ArmVmp : Match on catch block at 0xc3 in for 0xa9
03-05 22:22:12.936 7355 7355 E ArmVmp : Match on catch block at 0xc3 in for 0xa9
03-05 22:22:12.941 7355 7355 E ArmVmp : Match on catch block at 0xc3 in for 0xa1
03-05 22:22:12.957 7355 7355 E ArmVmp : Match on catch block at 0xc3 in for 0xa1
03-05 22:22:12.963 7355 7355 E ArmVmp : Match on catch block at 0xc3 in for 0xa5
03-05 22:22:12.976 7355 7355 E ArmVmp : Match on catch block at 0xc3 in for 0xa5
03-05 22:22:12.981 7355 7355 E ArmVmp : Match on catch block at 0xc3 in for 0xa9
03-05 22:22:12.994 7355 7355 E ArmVmp : Match on catch block at 0xc3 in for 0xa9
03-05 22:22:13.000 7355 7355 E ArmVmp : Match on catch block at 0xc3 in for 0xa1
03-05 22:22:13.015 7355 7355 E ArmVmp : Match on catch block at 0xc3 in for 0xa1
03-05 22:22:13.020 7355 7355 E ArmVmp : Match on catch block at 0xc3 in for 0xa5
03-05 22:22:13.036 7355 7355 E ArmVmp : Match on catch block at 0xc3 in for 0xa5
03-05 22:22:13.042 7355 7355 E ArmVmp : Match on catch block at 0xc3 in for 0xa9
03-05 22:22:13.056 7355 7355 E ArmVmp : Match on catch block at 0xc3 in for 0xa9
03-05 22:22:13.060 7355 7355 E ArmVmp : Match on catch block at 0xc3 in for 0xa1
03-05 22:22:13.073 7355 7355 E ArmVmp : Match on catch block at 0xc3 in for 0xa1
03-05 22:22:13.078 7355 7355 E ArmVmp : Match on catch block at 0xc3 in for 0xa5
03-05 22:22:13.092 7355 7355 E ArmVmp : Match on catch block at 0xc3 in for 0xa5
03-05 22:22:13.097 7355 7355 E ArmVmp : Match on catch block at 0xc3 in for 0xa9
03-05 22:22:13.110 7355 7355 E ArmVmp : Match on catch block at 0xc3 in for 0xa9
03-05 22:22:13.115 7355 7355 E ArmVmp : Match on catch block at 0xc3 in for 0xa1
03-05 22:22:13.128 7355 7355 E ArmVmp : Match on catch block at 0xc3 in for 0xa1
03-05 22:22:13.133 7355 7355 E ArmVmp : Match on catch block at 0xc3 in for 0xa5
03-05 22:22:13.146 7355 7355 E ArmVmp : Match on catch block at 0xc3 in for 0xa5
03-05 22:22:13.151 7355 7355 E ArmVmp : Match on catch block at 0xc3 in for 0xa9
03-05 22:22:13.162 7355 7355 E ArmVmp : Match on catch block at 0xc3 in for 0xa9
03-05 22:22:13.167 7355 7355 E ArmVmp : Match on catch block at 0xc3 in for 0xa1
03-05 22:22:13.178 7355 7355 E ArmVmp : Match on catch block at 0xc3 in for 0xa1
03-05 22:22:13.183 7355 7355 E ArmVmp : Match on catch block at 0xc3 in for 0xa5
03-05 22:22:13.196 7355 7355 E ArmVmp : Match on catch block at 0xc3 in for 0xa5
03-05 22:22:13.201 7355 7355 E ArmVmp : Match on catch block at 0xc3 in for 0xa9
03-05 22:22:13.214 7355 7355 E ArmVmp : Match on catch block at 0xc3 in for 0xa9
03-05 22:22:13.218 7355 7355 E ArmVmp : Match on catch block at 0xc3 in for 0xa1
03-05 22:22:13.232 7355 7355 E ArmVmp : Match on catch block at 0xc3 in for 0xa1
03-05 22:22:13.237 7355 7355 E ArmVmp : Match on catch block at 0xc3 in for 0xa5
03-05 22:22:13.251 7355 7355 E ArmVmp : Match on catch block at 0xc3 in for 0xa5
03-05 22:22:13.254 7355 7355 E ArmVmp : Match on catch block at 0xc3 in for 0xa9
03-05 22:22:13.266 7355 7355 E ArmVmp : Match on catch block at 0xc3 in for 0xa9
03-05 22:22:13.270 7355 7355 E ArmVmp : Match on catch block at 0xc3 in for 0xa1
03-05 22:22:13.285 7355 7355 E ArmVmp : Match on catch block at 0xc3 in for 0xa1
03-05 22:22:13.292 7355 7355 E ArmVmp : Match on catch block at 0xc3 in for 0xa5
03-05 22:22:13.300 7355 7355 E ArmVmp : Match on catch block at 0xc3 in for 0xa5
03-05 22:22:13.306 7355 7355 E ArmVmp : Match on catch block at 0xc3 in for 0xa9
03-05 22:22:13.316 7355 7355 E ArmVmp : Match on catch block at 0xc3 in for 0xa9
03-05 22:22:13.320 7355 7355 E ArmVmp : Match on catch block at 0xc3 in for 0xa1
03-05 22:22:13.333 7355 7355 E ArmVmp : Match on catch block at 0xc3 in for 0xa1
03-05 22:22:13.337 7355 7355 E ArmVmp : Match on catch block at 0xc3 in for 0xa5
03-05 22:22:13.348 7355 7355 E ArmVmp : Match on catch block at 0xc3 in for 0xa5
03-05 22:22:13.352 7355 7355 E ArmVmp : Match on catch block at 0xc3 in for 0xa9
03-05 22:22:13.364 7355 7355 E ArmVmp : Match on catch block at 0xc3 in for 0xa9
03-05 22:22:13.368 7355 7355 E ArmVmp : Match on catch block at 0xc3 in for 0xa1
03-05 22:22:13.380 7355 7355 E ArmVmp : Match on catch block at 0xc3 in for 0xa1
03-05 22:22:13.384 7355 7355 E ArmVmp : Match on catch block at 0xc3 in for 0xa5
03-05 22:22:13.397 7355 7355 E ArmVmp : Match on catch block at 0xc3 in for 0xa5
03-05 22:22:13.401 7355 7355 E ArmVmp : Match on catch block at 0xc3 in for 0xa9
03-05 22:22:13.413 7355 7355 E ArmVmp : Match on catch block at 0xc3 in for 0xa9
03-05 22:22:13.418 7355 7355 E ArmVmp : Match on catch block at 0xc3 in for 0xa1
03-05 22:22:13.428 7355 7355 E ArmVmp : Match on catch block at 0xc3 in for 0xa1
03-05 22:22:13.433 7355 7355 E ArmVmp : Match on catch block at 0xc3 in for 0xa5
03-05 22:22:13.444 7355 7355 E ArmVmp : Match on catch block at 0xc3 in for 0xa5
03-05 22:22:13.448 7355 7355 E ArmVmp : Match on catch block at 0xc3 in for 0xa9
03-05 22:22:13.489 7355 7355 E ArmVmp : Match on catch block at 0xc3 in for 0xa5
03-05 22:22:13.493 7355 7355 E ArmVmp : Match on catch block at 0xc3 in for 0xa9
03-05 22:22:13.590 7355 7355 E ArmVmp : Match on catch block at 0xc3 in for 0xa1
03-05 22:22:13.594 7355 7355 E ArmVmp : Match on catch block at 0xc3 in for 0xa5
03-05 22:22:13.622 7355 7355 E ArmVmp : Match on catch block at 0xc3 in for 0xa5
03-05 22:22:13.625 7355 7355 E ArmVmp : Match on catch block at 0xc3 in for 0xa9
03-05 22:22:13.656 7355 7355 E ArmVmp : Match on catch block at 0xc3 in for 0xa9
03-05 22:22:13.659 7355 7355 E ArmVmp : Match on catch block at 0xc3 in for 0xa1
03-05 22:22:13.690 7355 7355 E ArmVmp : Match on catch block at 0xc3 in for 0xa1
03-05 22:22:13.693 7355 7355 E ArmVmp : Match on catch block at 0xc3 in for 0xa5
03-05 22:22:13.722 7355 7355 E ArmVmp : Match on catch block at 0xc3 in for 0xa5
03-05 22:22:13.726 7355 7355 E ArmVmp : Match on catch block at 0xc3 in for 0xa9
03-05 22:22:13.756 7355 7355 E ArmVmp : Match on catch block at 0xc3 in for 0xa9
03-05 22:22:13.760 7355 7355 E ArmVmp : Match on catch block at 0xc3 in for 0xa1
03-05 22:22:13.789 7355 7355 E ArmVmp : Match on catch block at 0xc3 in for 0xa1
03-05 22:22:13.792 7355 7355 E ArmVmp : Match on catch block at 0xc3 in for 0xa5
03-05 22:22:13.822 7355 7355 E ArmVmp : Match on catch block at 0xc3 in for 0xa5
03-05 22:22:13.826 7355 7355 E ArmVmp : Match on catch block at 0xc3 in for 0xa9
03-05 22:22:13.840 7355 7355 E ArmVmp : Match on catch block at 0xc3 in for 0xa9
03-05 22:22:13.844 7355 7355 E ArmVmp : Match on catch block at 0xc3 in for 0xa1
03-05 22:22:13.856 7355 7355 E ArmVmp : Match on catch block at 0xc3 in for 0xa1
03-05 22:22:13.862 7355 7355 E ArmVmp : Match on catch block at 0xc3 in for 0xa5
03-05 22:22:13.873 7355 7355 E ArmVmp : Match on catch block at 0xc3 in for 0xa5
03-05 22:22:13.879 7355 7355 E ArmVmp : Match on catch block at 0xc3 in for 0xa9
03-05 22:22:13.889 7355 7355 E ArmVmp : Match on catch block at 0xc3 in for 0xa9
03-05 22:22:13.896 7355 7355 E ArmVmp : Match on catch block at 0xc3 in for 0xa1
03-05 22:22:13.906 7355 7355 E ArmVmp : Match on catch block at 0xc3 in for 0xa1
03-05 22:22:13.912 7355 7355 E ArmVmp : Match on catch block at 0xc3 in for 0xa5
03-05 22:22:13.923 7355 7355 E ArmVmp : Match on catch block at 0xc3 in for 0xa5
03-05 22:22:13.929 7355 7355 E ArmVmp : Match on catch block at 0xc3 in for 0xa9
03-05 22:22:13.939 7355 7355 E ArmVmp : Match on catch block at 0xc3 in for 0xa9
03-05 22:22:13.945 7355 7355 E ArmVmp : Match on catch block at 0xc3 in for 0xa1
03-05 22:22:13.956 7355 7355 E ArmVmp : Match on catch block at 0xc3 in for 0xa1
03-05 22:22:13.961 7355 7355 E ArmVmp : Match on catch block at 0xc3 in for 0xa5
03-05 22:22:13.973 7355 7355 E ArmVmp : Match on catch block at 0xc3 in for 0xa5
03-05 22:22:13.976 7355 7355 E ArmVmp : Match on catch block at 0xc3 in for 0xa9
03-05 22:22:13.989 7355 7355 E ArmVmp : Match on catch block at 0xc3 in for 0xa9
03-05 22:22:13.995 7355 7355 E ArmVmp : Match on catch block at 0xc3 in for 0xa1
03-05 22:22:14.006 7355 7355 E ArmVmp : Match on catch block at 0xc3 in for 0xa1
03-05 22:22:14.012 7355 7355 E ArmVmp : Match on catch block at 0xc3 in for 0xa5
03-05 22:22:14.022 7355 7355 E ArmVmp : Match on catch block at 0xc3 in for 0xa5
03-05 22:22:14.028 7355 7355 E ArmVmp : Match on catch block at 0xc3 in for 0xa9
03-05 22:22:14.039 7355 7355 E ArmVmp : Match on catch block at 0xc3 in for 0xa9
03-05 22:22:14.045 7355 7355 E ArmVmp : Match on catch block at 0xc3 in for 0xa1
03-05 22:22:14.056 7355 7355 E ArmVmp : Match on catch block at 0xc3 in for 0xa1
03-05 22:22:14.061 7355 7355 E ArmVmp : Match on catch block at 0xc3 in for 0xa5
03-05 22:22:14.072 7355 7355 E ArmVmp : Match on catch block at 0xc3 in for 0xa5
03-05 22:22:14.079 7355 7355 E ArmVmp : Match on catch block at 0xc3 in for 0xa9
03-05 22:22:14.089 7355 7355 E ArmVmp : Match on catch block at 0xc3 in for 0xa9
03-05 22:22:14.096 7355 7355 E ArmVmp : Match on catch block at 0xc3 in for 0xa1
03-05 22:22:14.106 7355 7355 E ArmVmp : Match on catch block at 0xc3 in for 0xa1
03-05 22:22:14.112 7355 7355 E ArmVmp : Match on catch block at 0xc3 in for 0xa5
03-05 22:22:14.139 7355 7355 E ArmVmp : Match on catch block at 0xc3 in for 0xa5
03-05 22:22:14.143 7355 7355 E ArmVmp : Match on catch block at 0xc3 in for 0xa9
03-05 22:22:14.173 7355 7355 E ArmVmp : Match on catch block at 0xc3 in for 0xa9
03-05 22:22:14.176 7355 7355 E ArmVmp : Match on catch block at 0xc3 in for 0xa1
03-05 22:22:14.206 7355 7355 E ArmVmp : Match on catch block at 0xc3 in for 0xa1
03-05 22:22:14.210 7355 7355 E ArmVmp : Match on catch block at 0xc3 in for 0xa5
03-05 22:22:14.240 7355 7355 E ArmVmp : Match on catch block at 0xc3 in for 0xa5
03-05 22:22:14.244 7355 7355 E ArmVmp : Match on catch block at 0xc3 in for 0xa9
03-05 22:22:14.273 7355 7355 E ArmVmp : Match on catch block at 0xc3 in for 0xa9
03-05 22:22:14.277 7355 7355 E ArmVmp : Match on catch block at 0xc3 in for 0xa1
03-05 22:22:14.306 7355 7355 E ArmVmp : Match on catch block at 0xc3 in for 0xa1
03-05 22:22:14.310 7355 7355 E ArmVmp : Match on catch block at 0xc3 in for 0xa5
03-05 22:22:14.340 7355 7355 E ArmVmp : Match on catch block at 0xc3 in for 0xa5
03-05 22:22:14.344 7355 7355 E ArmVmp : Match on catch block at 0xc3 in for 0xa9
03-05 22:22:14.373 7355 7355 E ArmVmp : Match on catch block at 0xc3 in for 0xa9
03-05 22:22:14.377 7355 7355 E ArmVmp : Match on catch block at 0xc3 in for 0xa1
03-05 22:22:14.406 7355 7355 E ArmVmp : Match on catch block at 0xc3 in for 0xa1
03-05 22:22:14.410 7355 7355 E ArmVmp : Match on catch block at 0xc3 in for 0xa5
03-05 22:22:14.439 7355 7355 E ArmVmp : Match on catch block at 0xc3 in for 0xa5
03-05 22:22:14.443 7355 7355 E ArmVmp : Match on catch block at 0xc3 in for 0xa9
03-05 22:22:14.473 7355 7355 E ArmVmp : Match on catch block at 0xc3 in for 0xa9
03-05 22:22:14.476 7355 7355 E ArmVmp : Match on catch block at 0xc3 in for 0xa1
03-05 22:22:14.489 7355 7355 E ArmVmp : Match on catch block at 0xc3 in for 0xa1
03-05 22:22:14.493 7355 7355 E ArmVmp : Match on catch block at 0xc3 in for 0xa5
03-05 22:22:14.507 7355 7355 E ArmVmp : Match on catch block at 0xc3 in for 0xa5
03-05 22:22:14.511 7355 7355 E ArmVmp : Match on catch block at 0xc3 in for 0xa9
03-05 22:22:14.540 7355 7355 E ArmVmp : Match on catch block at 0xc3 in for 0xa9
03-05 22:22:14.544 7355 7355 E ArmVmp : Match on catch block at 0xc3 in for 0xa1
03-05 22:22:14.573 7355 7355 E ArmVmp : Match on catch block at 0xc3 in for 0xa1
03-05 22:22:14.578 7355 7355 E ArmVmp : Match on catch block at 0xc3 in for 0xa5
03-05 22:22:14.607 7355 7355 E ArmVmp : Match on catch block at 0xc3 in for 0xa1
03-05 22:22:14.612 7355 7355 E ArmVmp : Match on catch block at 0xc3 in for 0xa5
03-05 22:22:14.644 7355 7355 E ArmVmp : Match on catch block at 0xc3 in for 0xa9
03-05 22:22:14.648 7355 7355 E ArmVmp : Match on catch block at 0xc3 in for 0xa1
03-05 22:22:14.658 7355 7355 E ArmVmp : Match on catch block at 0xc3 in for 0xa1
03-05 22:22:14.662 7355 7355 E ArmVmp : Match on catch block at 0xc3 in for 0xa5
03-05 22:22:14.675 7355 7355 E ArmVmp : Match on catch block at 0xc3 in for 0xa5
03-05 22:22:14.681 7355 7355 E ArmVmp : Match on catch block at 0xc3 in for 0xa9
03-05 22:22:14.819 7355 7355 W StaticLayout: maxLineHeight should not be -1.
maxLines:1 lineCount:1
03-05 22:22:14.826 7355 7355 W StaticLayout: maxLineHeight should not be -1.
maxLines:1 lineCount:1
03-05 22:22:14.831 7355 7355 E ArmVmp : Match on catch block at 0xc3 in for 0xa1
03-05 22:22:14.835 7355 7355 E ArmVmp : Match on catch block at 0xc3 in for 0xa5
03-05 22:22:14.852 7355 7420 W MediaPlayer: Use of stream types is deprecated for
operations other than volume control
03-05 22:22:14.852 7355 7420 W MediaPlayer: See the documentation of
setAudioStreamType() for what to use instead with android.media.AudioAttributes to
qualify your playback use case
03-05 22:22:14.856 7355 7420 E AudioFeatures: Application cannot support or
Zenmode close
03-05 22:22:14.866 7355 7355 W PlayerBase: baseStop state not match:0
03-05 22:22:14.892 7355 7355 E ArmVmp : Match on catch block at 0xc3 in for 0xa5
03-05 22:22:14.897 7355 7355 E ArmVmp : Match on catch block at 0xc3 in for 0xa9
03-05 22:22:14.925 7355 7355 E ArmVmp : Match on catch block at 0xc3 in for 0xa5
03-05 22:22:14.930 7355 7355 E ArmVmp : Match on catch block at 0xc3 in for 0xa9
03-05 22:22:14.990 7355 7355 E ArmVmp : Match on catch block at 0xc3 in for 0xa9
03-05 22:22:14.994 7355 7355 E ArmVmp : Match on catch block at 0xc3 in for 0xa1
03-05 22:22:15.491 7355 7355 E ArmVmp : Match on catch block at 0xc3 in for 0xa9
03-05 22:22:15.497 7355 7355 E ArmVmp : Match on catch block at 0xc3 in for 0xa1
03-05 22:22:15.991 7355 7355 E ArmVmp : Match on catch block at 0xc3 in for 0xa1
03-05 22:22:15.996 7355 7355 E ArmVmp : Match on catch block at 0xc3 in for 0xa5
03-05 22:22:16.475 7355 7355 E ArmVmp : Match on catch block at 0xc3 in for 0xa5
03-05 22:22:16.479 7355 7355 E ArmVmp : Match on catch block at 0xc3 in for 0xa9
03-05 22:22:16.491 7355 7355 E ArmVmp : Match on catch block at 0xc3 in for 0xa9
03-05 22:22:16.498 7355 7355 E ArmVmp : Match on catch block at 0xc3 in for 0xa1
03-05 22:22:16.508 7355 7355 E ArmVmp : Match on catch block at 0xc3 in for 0xa1
03-05 22:22:16.514 7355 7355 E ArmVmp : Match on catch block at 0xc3 in for 0xa5
03-05 22:22:16.525 7355 7355 E ArmVmp : Match on catch block at 0xc3 in for 0xa5
03-05 22:22:16.531 7355 7355 E ArmVmp : Match on catch block at 0xc3 in for 0xa9
03-05 22:22:16.541 7355 7355 E ArmVmp : Match on catch block at 0xc3 in for 0xa9
03-05 22:22:16.546 7355 7355 E ArmVmp : Match on catch block at 0xc3 in for 0xa1
03-05 22:22:16.558 7355 7355 E ArmVmp : Match on catch block at 0xc3 in for 0xa1
03-05 22:22:16.563 7355 7355 E ArmVmp : Match on catch block at 0xc3 in for 0xa5
03-05 22:22:16.575 7355 7355 E ArmVmp : Match on catch block at 0xc3 in for 0xa5
03-05 22:22:16.585 7355 7355 E ArmVmp : Match on catch block at 0xc3 in for 0xa9
03-05 22:22:16.594 7355 7355 E ArmVmp : Match on catch block at 0xc3 in for 0xa9
03-05 22:22:16.600 7355 7355 E ArmVmp : Match on catch block at 0xc3 in for 0xa1
03-05 22:22:16.611 7355 7355 E ArmVmp : Match on catch block at 0xc3 in for 0xa1
03-05 22:22:16.617 7355 7355 E ArmVmp : Match on catch block at 0xc3 in for 0xa5
03-05 22:22:16.628 7355 7355 E ArmVmp : Match on catch block at 0xc3 in for 0xa5
03-05 22:22:16.634 7355 7355 E ArmVmp : Match on catch block at 0xc3 in for 0xa9
03-05 22:22:16.644 7355 7355 E ArmVmp : Match on catch block at 0xc3 in for 0xa9
03-05 22:22:16.650 7355 7355 E ArmVmp : Match on catch block at 0xc3 in for 0xa1
03-05 22:22:16.662 7355 7355 E ArmVmp : Match on catch block at 0xc3 in for 0xa1
03-05 22:22:16.668 7355 7355 E ArmVmp : Match on catch block at 0xc3 in for 0xa5
03-05 22:22:16.679 7355 7355 E ArmVmp : Match on catch block at 0xc3 in for 0xa5
03-05 22:22:16.685 7355 7355 E ArmVmp : Match on catch block at 0xc3 in for 0xa9
03-05 22:22:16.696 7355 7355 E ArmVmp : Match on catch block at 0xc3 in for 0xa9
03-05 22:22:16.701 7355 7355 E ArmVmp : Match on catch block at 0xc3 in for 0xa1
03-05 22:22:16.713 7355 7355 E ArmVmp : Match on catch block at 0xc3 in for 0xa1
03-05 22:22:16.718 7355 7355 E ArmVmp : Match on catch block at 0xc3 in for 0xa5
03-05 22:22:16.729 7355 7355 E ArmVmp : Match on catch block at 0xc3 in for 0xa5
03-05 22:22:16.736 7355 7355 E ArmVmp : Match on catch block at 0xc3 in for 0xa9
03-05 22:22:17.009 7355 7355 E ArmVmp : Match on catch block at 0xc3 in for 0xa9
03-05 22:22:17.013 7355 7355 E ArmVmp : Match on catch block at 0xc3 in for 0xa1
03-05 22:22:17.176 7355 7355 W PlayerBase: baseStop state not match:4
03-05 22:22:17.177 7355 7355 W PlayerBase: baseStop state not match:4
03-05 22:22:17.371 7355 7355 W ActivityThread: handleWindowVisibility: no
activity for token android.os.BinderProxy@a49b477
03-05 22:22:17.520 7355 7355 E ArmVmp : Match on catch block at 0xc3 in for 0xa9
03-05 22:22:17.523 7355 7355 E ArmVmp : Match on catch block at 0xc3 in for 0xa1
03-05 22:22:17.922 7355 7458 W System : ClassLoader referenced unknown path:
system/framework/mediatek-cta.jar
03-05 22:22:19.200 7355 7355 W StaticLayout: maxLineHeight should not be -1.
maxLines:1 lineCount:1
03-05 22:22:19.206 7355 7355 W StaticLayout: maxLineHeight should not be -1.
maxLines:1 lineCount:1
03-05 22:22:19.217 7355 7355 E ArmVmp : Match on catch block at 0xc3 in for 0xa5
03-05 22:22:19.220 7355 7355 E ArmVmp : Match on catch block at 0xc3 in for 0xa9
03-05 22:22:19.253 7355 7355 W StaticLayout: maxLineHeight should not be -1.
maxLines:1 lineCount:1
03-05 22:22:19.258 7355 7355 W StaticLayout: maxLineHeight should not be -1.
maxLines:1 lineCount:1
03-05 22:22:19.262 7355 7355 E ArmVmp : Match on catch block at 0xc3 in for 0xa5
03-05 22:22:19.266 7355 7355 E ArmVmp : Match on catch block at 0xc3 in for 0xa9
03-05 22:22:19.285 7355 7355 W PlayerBase: baseStop state not match:0
03-05 22:22:19.287 7355 7355 E ArmVmp : Match on catch block at 0xc3 in for 0xa9
03-05 22:22:19.291 7355 7355 E ArmVmp : Match on catch block at 0xc3 in for 0xa1
03-05 22:22:19.711 7355 7355 E ArmVmp : Match on catch block at 0xc3 in for 0xa1
03-05 22:22:19.716 7355 7355 E ArmVmp : Match on catch block at 0xc3 in for 0xa5
03-05 22:22:20.211 7355 7355 E ArmVmp : Match on catch block at 0xc3 in for 0xa5
03-05 22:22:20.215 7355 7355 E ArmVmp : Match on catch block at 0xc3 in for 0xa9
03-05 22:22:20.711 7355 7355 E ArmVmp : Match on catch block at 0xc3 in for 0xa9
03-05 22:22:20.715 7355 7355 E ArmVmp : Match on catch block at 0xc3 in for 0xa1
03-05 22:22:20.847 7355 7355 E ArmVmp : Match on catch block at 0xc3 in for 0xa1
03-05 22:22:20.852 7355 7355 E ArmVmp : Match on catch block at 0xc3 in for 0xa5
03-05 22:22:20.861 7355 7355 E ArmVmp : Match on catch block at 0xc3 in for 0xa5
03-05 22:22:20.867 7355 7355 E ArmVmp : Match on catch block at 0xc3 in for 0xa9
03-05 22:22:20.877 7355 7355 E ArmVmp : Match on catch block at 0xc3 in for 0xa9
03-05 22:22:20.883 7355 7355 E ArmVmp : Match on catch block at 0xc3 in for 0xa1
03-05 22:22:20.894 7355 7355 E ArmVmp : Match on catch block at 0xc3 in for 0xa1
03-05 22:22:20.901 7355 7355 E ArmVmp : Match on catch block at 0xc3 in for 0xa5
03-05 22:22:20.911 7355 7355 E ArmVmp : Match on catch block at 0xc3 in for 0xa5
03-05 22:22:20.918 7355 7355 E ArmVmp : Match on catch block at 0xc3 in for 0xa9
03-05 22:22:20.928 7355 7355 E ArmVmp : Match on catch block at 0xc3 in for 0xa9
03-05 22:22:20.934 7355 7355 E ArmVmp : Match on catch block at 0xc3 in for 0xa1
03-05 22:22:20.944 7355 7355 E ArmVmp : Match on catch block at 0xc3 in for 0xa1
03-05 22:22:20.951 7355 7355 E ArmVmp : Match on catch block at 0xc3 in for 0xa5
03-05 22:22:20.961 7355 7355 E ArmVmp : Match on catch block at 0xc3 in for 0xa5
03-05 22:22:20.968 7355 7355 E ArmVmp : Match on catch block at 0xc3 in for 0xa9
03-05 22:22:20.977 7355 7355 E ArmVmp : Match on catch block at 0xc3 in for 0xa9
03-05 22:22:20.983 7355 7355 E ArmVmp : Match on catch block at 0xc3 in for 0xa1
03-05 22:22:20.994 7355 7355 E ArmVmp : Match on catch block at 0xc3 in for 0xa1
03-05 22:22:20.999 7355 7355 E ArmVmp : Match on catch block at 0xc3 in for 0xa5
03-05 22:22:21.012 7355 7355 E ArmVmp : Match on catch block at 0xc3 in for 0xa5
03-05 22:22:21.016 7355 7355 E ArmVmp : Match on catch block at 0xc3 in for 0xa9
03-05 22:22:21.028 7355 7355 E ArmVmp : Match on catch block at 0xc3 in for 0xa9
03-05 22:22:21.032 7355 7355 E ArmVmp : Match on catch block at 0xc3 in for 0xa1
03-05 22:22:21.045 7355 7355 E ArmVmp : Match on catch block at 0xc3 in for 0xa1
03-05 22:22:21.049 7355 7355 E ArmVmp : Match on catch block at 0xc3 in for 0xa5
03-05 22:22:21.062 7355 7355 E ArmVmp : Match on catch block at 0xc3 in for 0xa5
03-05 22:22:21.067 7355 7355 E ArmVmp : Match on catch block at 0xc3 in for 0xa9
03-05 22:22:21.078 7355 7355 E ArmVmp : Match on catch block at 0xc3 in for 0xa9
03-05 22:22:21.083 7355 7355 E ArmVmp : Match on catch block at 0xc3 in for 0xa1
03-05 22:22:21.096 7355 7355 E ArmVmp : Match on catch block at 0xc3 in for 0xa1
03-05 22:22:21.100 7355 7355 E ArmVmp : Match on catch block at 0xc3 in for 0xa5
03-05 22:22:21.111 7355 7355 E ArmVmp : Match on catch block at 0xc3 in for 0xa5
03-05 22:22:21.116 7355 7355 E ArmVmp : Match on catch block at 0xc3 in for 0xa9
03-05 22:22:21.212 7355 7355 E ArmVmp : Match on catch block at 0xc3 in for 0xa9
