03-05 22:00:19.037 30393 30393 E ArmVmp : Match on catch block at 0xc3 in for 0xa9
03-05 22:00:19.043 30393 30393 E ArmVmp : Match on catch block at 0xc3 in for 0xa1
03-05 22:00:19.056 30393 30393 E ArmVmp : Match on catch block at 0xc3 in for 0xa9
03-05 22:00:19.061 30393 30393 E ArmVmp : Match on catch block at 0xc3 in for 0xa1
03-05 22:00:19.081 30393 30393 E ArmVmp : Match on catch block at 0xc3 in for 0xa9
03-05 22:00:19.087 30393 30393 E ArmVmp : Match on catch block at 0xc3 in for 0xa1
03-05 22:00:19.105 30393 30393 E ArmVmp : Match on catch block at 0xc3 in for 0xa9
03-05 22:00:19.110 30393 30393 E ArmVmp : Match on catch block at 0xc3 in for 0xa1
03-05 22:00:19.121 30393 30393 E ArmVmp : Match on catch block at 0xc3 in for 0xa9
03-05 22:00:19.128 30393 30393 E ArmVmp : Match on catch block at 0xc3 in for 0xa1
03-05 22:00:19.138 30393 30393 E ArmVmp : Match on catch block at 0xc3 in for 0xa9
03-05 22:00:19.145 30393 30393 E ArmVmp : Match on catch block at 0xc3 in for 0xa1
03-05 22:00:19.154 30393 30393 E ArmVmp : Match on catch block at 0xc3 in for 0xa9
03-05 22:00:19.159 30393 30393 E ArmVmp : Match on catch block at 0xc3 in for 0xa1
03-05 22:00:19.173 30393 30393 E ArmVmp : Match on catch block at 0xc3 in for 0xa9
03-05 22:00:19.177 30393 30393 E ArmVmp : Match on catch block at 0xc3 in for 0xa1
03-05 22:00:19.321 30393 30393 E ArmVmp : Match on catch block at 0xc3 in for 0xa9
03-05 22:00:19.325 30393 30393 E ArmVmp : Match on catch block at 0xc3 in for 0xa1
03-05 22:00:19.488 30393 30393 E ArmVmp : Match on catch block at 0xc3 in for 0xa9
03-05 22:00:19.492 30393 30393 E ArmVmp : Match on catch block at 0xc3 in for 0xa1
03-05 22:00:19.656 30393 30393 E ArmVmp : Match on catch block at 0xc3 in for 0xa9
03-05 22:00:19.660 30393 30393 E ArmVmp : Match on catch block at 0xc3 in for 0xa1
03-05 22:00:19.914 30393 30393 E ArmVmp : Match on catch block at 0xc3 in for 0xa1
03-05 22:00:19.919 30393 30393 E ArmVmp : Match on catch block at 0xc3 in for 0xa5
03-05 22:00:19.929 30393 30393 E ArmVmp : Match on catch block at 0xc3 in for 0xa1
03-05 22:00:19.939 30393 30393 E ArmVmp : Match on catch block at 0xc3 in for 0xa5
03-05 22:00:19.958 30393 31807 W MediaPlayer: Use of stream types is deprecated for
operations other than volume control
03-05 22:00:19.958 30393 31807 W MediaPlayer: See the documentation of
setAudioStreamType() for what to use instead with android.media.AudioAttributes to
qualify your playback use case
03-05 22:00:19.968 30393 31807 E AudioFeatures: Application cannot support or
Zenmode close
03-05 22:00:20.155 30393 30393 E ArmVmp : Match on catch block at 0xc3 in for 0xa1
03-05 22:00:20.159 30393 30393 E ArmVmp : Match on catch block at 0xc3 in for 0xa5
03-05 22:00:20.457 30393 30393 W PlayerBase: baseStop state not match:4
03-05 22:00:20.458 30393 30393 W PlayerBase: baseStop state not match:4
03-05 22:00:20.656 30393 30393 E ArmVmp : Match on catch block at 0xc3 in for 0xa5
03-05 22:00:20.661 30393 30393 E ArmVmp : Match on catch block at 0xc3 in for 0xa9
03-05 22:00:20.722 30393 30393 E ArmVmp : Match on catch block at 0xc3 in for 0xa5
03-05 22:00:20.726 30393 30393 E ArmVmp : Match on catch block at 0xc3 in for 0xa9
03-05 22:00:20.761 30393 30393 E ArmVmp : Match on catch block at 0xc3 in for 0xa9
03-05 22:00:20.765 30393 30393 E ArmVmp : Match on catch block at 0xc3 in for 0xa1
03-05 22:00:20.777 30393 30393 W IInputConnectionWrapper: getTextBeforeCursor on
inactive InputConnection
03-05 22:00:20.809 30393 30393 E ArmVmp : Match on catch block at 0xc3 in for 0xa9
03-05 22:00:20.814 30393 30393 E ArmVmp : Match on catch block at 0xc3 in for 0xa1
03-05 22:00:20.822 30393 30393 W IInputConnectionWrapper: getSelectedText on
inactive InputConnection
03-05 22:00:20.825 30393 30393 E ArmVmp : Match on catch block at 0xc3 in for 0xa9
03-05 22:00:20.830 30393 30393 E ArmVmp : Match on catch block at 0xc3 in for 0xa1
03-05 22:00:20.844 30393 30393 W IInputConnectionWrapper: getTextAfterCursor on
inactive InputConnection
03-05 22:00:20.866 30393 30393 E ArmVmp : Match on catch block at 0xc3 in for 0xa1
03-05 22:00:20.871 30393 30393 E ArmVmp : Match on catch block at 0xc3 in for 0xa5
03-05 22:00:21.019 30393 30393 E ArmVmp : Match on catch block at 0xc3 in for 0xa1
03-05 22:00:21.024 30393 30393 E ArmVmp : Match on catch block at 0xc3 in for 0xa5
03-05 22:00:21.099 30393 30393 E ArmVmp : Match on catch block at 0xc3 in for 0xa9
03-05 22:00:21.104 30393 30393 E ArmVmp : Match on catch block at 0xc3 in for 0xa1
03-05 22:00:21.139 30393 30393 E ArmVmp : Match on catch block at 0xc3 in for 0xa9
03-05 22:00:21.144 30393 30393 E ArmVmp : Match on catch block at 0xc3 in for 0xa1
03-05 22:00:21.159 30393 30393 E ArmVmp : Match on catch block at 0xc3 in for 0xa9
03-05 22:00:21.165 30393 30393 E ArmVmp : Match on catch block at 0xc3 in for 0xa1
03-05 22:00:21.255 30393 30393 E ArmVmp : Match on catch block at 0xc3 in for 0xa9
03-05 22:00:21.260 30393 30393 E ArmVmp : Match on catch block at 0xc3 in for 0xa1
03-05 22:00:21.536 30393 30393 E ArmVmp : Match on catch block at 0xc3 in for 0xa5
03-05 22:00:21.542 30393 30393 E ArmVmp : Match on catch block at 0xc3 in for 0xa9
03-05 22:00:21.593 30393 30393 E ArmVmp : Match on catch block at 0xc3 in for 0xa5
03-05 22:00:21.597 30393 30393 E ArmVmp : Match on catch block at 0xc3 in for 0xa9
03-05 22:00:21.629 30393 30393 E ArmVmp : Match on catch block at 0xc3 in for 0xa5
03-05 22:00:21.634 30393 30393 E ArmVmp : Match on catch block at 0xc3 in for 0xa9
03-05 22:00:21.649 30393 30393 E ArmVmp : Match on catch block at 0xc3 in for 0xa9
03-05 22:00:21.655 30393 30393 E ArmVmp : Match on catch block at 0xc3 in for 0xa1
03-05 22:00:21.756 30393 30393 E ArmVmp : Match on catch block at 0xc3 in for 0xa1
03-05 22:00:21.761 30393 30393 E ArmVmp : Match on catch block at 0xc3 in for 0xa5
03-05 22:00:22.256 30393 30393 E ArmVmp : Match on catch block at 0xc3 in for 0xa5
03-05 22:00:22.261 30393 30393 E ArmVmp : Match on catch block at 0xc3 in for 0xa9
03-05 22:00:22.611 30393 30393 E ArmVmp : Match on catch block at 0xc3 in for 0xa1
03-05 22:00:22.618 30393 30393 E ArmVmp : Match on catch block at 0xc3 in for 0xa5
03-05 22:00:22.642 30393 30393 E ArmVmp : Match on catch block at 0xc3 in for 0xa1
03-05 22:00:22.650 30393 30393 E ArmVmp : Match on catch block at 0xc3 in for 0xa5
03-05 22:00:22.777 30393 30393 E ArmVmp : Match on catch block at 0xc3 in for 0xa1
03-05 22:00:22.784 30393 30393 E ArmVmp : Match on catch block at 0xc3 in for 0xa5
03-05 22:00:22.805 30393 30393 E ArmVmp : Match on catch block at 0xc3 in for 0xa9
03-05 22:00:22.811 30393 30393 E ArmVmp : Match on catch block at 0xc3 in for 0xa1
03-05 22:00:22.851 30393 30393 E ArmVmp : Match on catch block at 0xc3 in for 0xa1
03-05 22:00:22.856 30393 30393 E ArmVmp : Match on catch block at 0xc3 in for 0xa5
03-05 22:00:23.326 30393 30393 E ArmVmp : Match on catch block at 0xc3 in for 0xa1
03-05 22:00:23.332 30393 30393 E ArmVmp : Match on catch block at 0xc3 in for 0xa5
03-05 22:00:23.356 30393 30393 E ArmVmp : Match on catch block at 0xc3 in for 0xa5
03-05 22:00:23.363 30393 30393 E ArmVmp : Match on catch block at 0xc3 in for 0xa9
03-05 22:00:23.435 30393 30393 E ArmVmp : Match on catch block at 0xc3 in for 0xa5
03-05 22:00:23.441 30393 30393 E ArmVmp : Match on catch block at 0xc3 in for 0xa9
03-05 22:00:23.462 30393 30393 E ArmVmp : Match on catch block at 0xc3 in for 0xa5
03-05 22:00:23.470 30393 30393 E ArmVmp : Match on catch block at 0xc3 in for 0xa9
03-05 22:00:23.563 30393 30401 W System : A resource failed to call close.
03-05 22:00:23.564 30393 30401 W System : A resource failed to call close.
03-05 22:00:23.900 30393 30393 E ArmVmp : Match on catch block at 0xc3 in for 0xa5
03-05 22:00:23.907 30393 30393 E ArmVmp : Match on catch block at 0xc3 in for 0xa9
03-05 22:00:23.915 30393 30393 E ArmVmp : Match on catch block at 0xc3 in for 0xa9
03-05 22:00:23.922 30393 30393 E ArmVmp : Match on catch block at 0xc3 in for 0xa1
03-05 22:00:23.972 30393 30393 E ArmVmp : Match on catch block at 0xc3 in for 0xa5
03-05 22:00:23.978 30393 30393 E ArmVmp : Match on catch block at 0xc3 in for 0xa9
03-05 22:00:23.990 30393 31807 W MediaPlayer: Use of stream types is deprecated for
operations other than volume control
03-05 22:00:23.990 30393 31807 W MediaPlayer: See the documentation of
setAudioStreamType() for what to use instead with android.media.AudioAttributes to
qualify your playback use case
03-05 22:00:23.993 30393 30393 E ArmVmp : Match on catch block at 0xc3 in for 0xa9
03-05 22:00:23.996 30393 31807 E AudioFeatures: Application cannot support or
Zenmode close
03-05 22:00:24.000 30393 30393 E ArmVmp : Match on catch block at 0xc3 in for 0xa1
03-05 22:00:24.038 30393 30393 E ArmVmp : Match on catch block at 0xc3 in for 0xa1
03-05 22:00:24.045 30393 30393 E ArmVmp : Match on catch block at 0xc3 in for 0xa5
03-05 22:00:24.066 30393 30393 E ArmVmp : Match on catch block at 0xc3 in for 0xa9
03-05 22:00:24.074 30393 30393 E ArmVmp : Match on catch block at 0xc3 in for 0xa1
03-05 22:00:24.124 30393 30393 W PlayerBase: baseStop state not match:0
03-05 22:00:24.192 30393 30393 E ArmVmp : Match on catch block at 0xc3 in for 0xa5
03-05 22:00:24.198 30393 30393 E ArmVmp : Match on catch block at 0xc3 in for 0xa9
03-05 22:00:24.210 30393 30393 E ArmVmp : Match on catch block at 0xc3 in for 0xa1
03-05 22:00:24.216 30393 30393 E ArmVmp : Match on catch block at 0xc3 in for 0xa5
03-05 22:00:24.248 30393 30393 W PlayerBase: baseStop state not match:4
03-05 22:00:24.250 30393 30393 W PlayerBase: baseStop state not match:4
03-05 22:00:24.320 30393 30401 W System : A resource failed to call close.
03-05 22:00:24.322 30393 30401 W System : A resource failed to call close.
03-05 22:00:24.484 30393 30393 E ArmVmp : Match on catch block at 0xc3 in for 0xa1
03-05 22:00:24.490 30393 30393 E ArmVmp : Match on catch block at 0xc3 in for 0xa5
03-05 22:00:24.572 30393 30393 E ArmVmp : Match on catch block at 0xc3 in for 0xa5
03-05 22:00:24.578 30393 30393 E ArmVmp : Match on catch block at 0xc3 in for 0xa9
03-05 22:00:24.613 30393 30393 E ArmVmp : Match on catch block at 0xc3 in for 0xa1
03-05 22:00:24.621 30393 30393 E ArmVmp : Match on catch block at 0xc3 in for 0xa5
03-05 22:00:24.655 30393 30393 E ArmVmp : Match on catch block at 0xc3 in for 0xa5
03-05 22:00:24.661 30393 30393 E ArmVmp : Match on catch block at 0xc3 in for 0xa9
03-05 22:00:24.676 30393 30393 E ArmVmp : Match on catch block at 0xc3 in for 0xa9
03-05 22:00:24.684 30393 30393 E ArmVmp : Match on catch block at 0xc3 in for 0xa1
03-05 22:00:24.970 30393 30401 W System : A resource failed to call close.
03-05 22:00:24.971 30393 30401 W System : A resource failed to call close.
03-05 22:00:24.998 30393 30393 E ArmVmp : Match on catch block at 0xc3 in for 0xa5
03-05 22:00:25.003 30393 30393 E ArmVmp : Match on catch block at 0xc3 in for 0xa9
03-05 22:00:25.011 30393 30393 E ArmVmp : Match on catch block at 0xc3 in for 0xa9
03-05 22:00:25.016 30393 30393 E ArmVmp : Match on catch block at 0xc3 in for 0xa1
03-05 22:00:25.109 30393 30393 E ArmVmp : Match on catch block at 0xc3 in for 0xa1
03-05 22:00:25.115 30393 30393 E ArmVmp : Match on catch block at 0xc3 in for 0xa5
03-05 22:00:25.215 30393 30393 E ArmVmp : Match on catch block at 0xc3 in for 0xa1
03-05 22:00:25.221 30393 30393 E ArmVmp : Match on catch block at 0xc3 in for 0xa5
03-05 22:00:25.259 30393 30393 W com.mbwhatsapp: type=1400 audit(0.0:28245): avc:
denied { read } for name="u:object_r:graphics_debug_prop:s0" dev="tmpfs" ino=12588
scontext=u:r:untrusted_app:s0:c143,c256,c512,c768
tcontext=u:object_r:graphics_debug_prop:s0 tclass=file permissive=0
03-05 22:00:25.259 30393 30393 W com.mbwhatsapp: type=1400 audit(0.0:28246): avc:
denied { read } for name="u:object_r:debug_bq_dump_prop:s0" dev="tmpfs" ino=12547
scontext=u:r:untrusted_app:s0:c143,c256,c512,c768
tcontext=u:object_r:debug_bq_dump_prop:s0 tclass=file permissive=0
03-05 22:00:25.259 30393 30393 W com.mbwhatsapp: type=1400 audit(0.0:28247): avc:
denied { read } for name="u:object_r:debug_bq_dump_prop:s0" dev="tmpfs" ino=12547
scontext=u:r:untrusted_app:s0:c143,c256,c512,c768
tcontext=u:object_r:debug_bq_dump_prop:s0 tclass=file permissive=0
03-05 22:00:25.259 30393 30393 W com.mbwhatsapp: type=1400 audit(0.0:28248): avc:
denied { read } for name="u:object_r:graphics_debug_prop:s0" dev="tmpfs" ino=12588
scontext=u:r:untrusted_app:s0:c143,c256,c512,c768
tcontext=u:object_r:graphics_debug_prop:s0 tclass=file permissive=0
03-05 22:00:25.260 30393 30393 E libc : Access denied finding property
"vendor.debug.sf.stc_interval"
03-05 22:00:25.261 30393 30393 E libc : Access denied finding property
"vendor.debug.bq.dump"
03-05 22:00:25.262 30393 30393 E libc : Access denied finding property
"vendor.debug.bq.dump"
03-05 22:00:25.262 30393 30393 E libc : Access denied finding property
"vendor.debug.bq.line"
03-05 22:00:25.263 30393 30393 W RenderThread: type=1400 audit(0.0:28249): avc:
denied { read } for name="u:object_r:graphics_debug_prop:s0" dev="tmpfs" ino=12588
scontext=u:r:untrusted_app:s0:c143,c256,c512,c768
tcontext=u:object_r:graphics_debug_prop:s0 tclass=file permissive=0
03-05 22:00:25.264 30393 30471 E libc : Access denied finding property
"vendor.debug.bq.line"
03-05 22:00:25.289 30393 30393 W ActivityThread: handleWindowVisibility: no
activity for token android.os.BinderProxy@bac5c13
03-05 22:00:25.877 30393 30393 E ArmVmp : Match on catch block at 0xc3 in for 0xa5
03-05 22:00:25.882 30393 30393 E ArmVmp : Match on catch block at 0xc3 in for 0xa9
03-05 22:00:25.973 30393 30393 E ArmVmp : Match on catch block at 0xc3 in for 0xa5
03-05 22:00:25.978 30393 30393 E ArmVmp : Match on catch block at 0xc3 in for 0xa9
03-05 22:00:26.208 30393 30393 W StaticLayout: maxLineHeight should not be -1.
maxLines:1 lineCount:1
03-05 22:00:26.393 30393 30393 E ArmVmp : Match on catch block at 0xc3 in for 0xa9
03-05 22:00:26.400 30393 30393 E ArmVmp : Match on catch block at 0xc3 in for 0xa1
03-05 22:00:26.517 30393 30393 E ArmVmp : Match on catch block at 0xc3 in for 0xa1
03-05 22:00:26.523 30393 30393 E ArmVmp : Match on catch block at 0xc3 in for 0xa5
03-05 22:00:26.680 30393 30401 W System : A resource failed to call close.
03-05 22:00:26.681 30393 30401 W System : A resource failed to call close.
03-05 22:00:26.841 30393 30393 E ArmVmp : Match on catch block at 0xc3 in for 0xa9
03-05 22:00:26.846 30393 30393 E ArmVmp : Match on catch block at 0xc3 in for 0xa1
03-05 22:00:26.926 30393 30393 E ArmVmp : Match on catch block at 0xc3 in for 0xa1
03-05 22:00:26.933 30393 30393 E ArmVmp : Match on catch block at 0xc3 in for 0xa5
03-05 22:00:27.406 30393 30393 E ArmVmp : Match on catch block at 0xc3 in for 0xa9
03-05 22:00:27.412 30393 30393 E ArmVmp : Match on catch block at 0xc3 in for 0xa1
03-05 22:00:27.424 30393 30401 W System : A resource failed to call close.
03-05 22:00:27.427 30393 30401 W System : A resource failed to call close.
03-05 22:00:27.462 30393 30393 E ArmVmp : Match on catch block at 0xc3 in for 0xa9
03-05 22:00:27.470 30393 30393 E ArmVmp : Match on catch block at 0xc3 in for 0xa1
03-05 22:00:27.883 30393 30393 E ArmVmp : Match on catch block at 0xc3 in for 0xa1
03-05 22:00:27.889 30393 30393 E ArmVmp : Match on catch block at 0xc3 in for 0xa5
03-05 22:00:27.911 30393 30393 E ArmVmp : Match on catch block at 0xc3 in for 0xa9
03-05 22:00:27.918 30393 30393 E ArmVmp : Match on catch block at 0xc3 in for 0xa1
03-05 22:00:28.162 30393 30401 W System : A resource failed to call close.
03-05 22:00:28.164 30393 30401 W System : A resource failed to call close.
03-05 22:00:28.466 30393 30393 E ArmVmp : Match on catch block at 0xc3 in for 0xa1
03-05 22:00:28.473 30393 30393 E ArmVmp : Match on catch block at 0xc3 in for 0xa5
03-05 22:00:28.532 30393 30393 E ArmVmp : Match on catch block at 0xc3 in for 0xa9
03-05 22:00:28.541 30393 30393 E ArmVmp : Match on catch block at 0xc3 in for 0xa1
03-05 22:00:28.563 30393 30393 W com.mbwhatsapp: type=1400 audit(0.0:28252): avc:
denied { read } for name="u:object_r:graphics_debug_prop:s0" dev="tmpfs" ino=12588
scontext=u:r:untrusted_app:s0:c143,c256,c512,c768
tcontext=u:object_r:graphics_debug_prop:s0 tclass=file permissive=0
03-05 22:00:28.563 30393 30393 W com.mbwhatsapp: type=1400 audit(0.0:28253): avc:
denied { read } for name="u:object_r:debug_bq_dump_prop:s0" dev="tmpfs" ino=12547
scontext=u:r:untrusted_app:s0:c143,c256,c512,c768
tcontext=u:object_r:debug_bq_dump_prop:s0 tclass=file permissive=0
03-05 22:00:28.563 30393 30393 W com.mbwhatsapp: type=1400 audit(0.0:28254): avc:
denied { read } for name="u:object_r:debug_bq_dump_prop:s0" dev="tmpfs" ino=12547
scontext=u:r:untrusted_app:s0:c143,c256,c512,c768
tcontext=u:object_r:debug_bq_dump_prop:s0 tclass=file permissive=0
03-05 22:00:28.565 30393 30393 E libc : Access denied finding property
"vendor.debug.sf.stc_interval"
03-05 22:00:28.565 30393 30393 E libc : Access denied finding property
"vendor.debug.bq.dump"
03-05 22:00:28.566 30393 30393 E libc : Access denied finding property
"vendor.debug.bq.dump"
03-05 22:00:28.567 30393 30393 E libc : Access denied finding property
"vendor.debug.bq.line"
03-05 22:00:28.581 30393 30471 E libc : Access denied finding property
"vendor.debug.bq.line"
03-05 22:00:28.603 30393 30393 E ArmVmp : Match on catch block at 0xc3 in for 0xa9
03-05 22:00:28.613 30393 30393 E ArmVmp : Match on catch block at 0xc3 in for 0xa1
03-05 22:00:28.632 30393 30393 E ArmVmp : Match on catch block at 0xc3 in for 0xa1
03-05 22:00:28.643 30393 30393 E ArmVmp : Match on catch block at 0xc3 in for 0xa5
03-05 22:00:28.898 30393 30401 W System : A resource failed to call close.
03-05 22:00:28.900 30393 30401 W System : A resource failed to call close.
03-05 22:00:29.259 30393 30393 E ArmVmp : Match on catch block at 0xc3 in for 0xa5
03-05 22:00:29.266 30393 30393 E ArmVmp : Match on catch block at 0xc3 in for 0xa9
03-05 22:00:29.365 30393 30393 E ArmVmp : Match on catch block at 0xc3 in for 0xa1
03-05 22:00:29.372 30393 30393 E ArmVmp : Match on catch block at 0xc3 in for 0xa5
03-05 22:00:29.411 30393 30393 E ArmVmp : Match on catch block at 0xc3 in for 0xa9
03-05 22:00:29.418 30393 30393 E ArmVmp : Match on catch block at 0xc3 in for 0xa1
03-05 22:00:29.452 30393 30393 E ArmVmp : Match on catch block at 0xc3 in for 0xa5
03-05 22:00:29.460 30393 30393 E ArmVmp : Match on catch block at 0xc3 in for 0xa9
03-05 22:00:29.492 30393 30393 E ArmVmp : Match on catch block at 0xc3 in for 0xa9
03-05 22:00:29.499 30393 30393 E ArmVmp : Match on catch block at 0xc3 in for 0xa1
03-05 22:00:29.880 30393 30393 E ArmVmp : Match on catch block at 0xc3 in for 0xa9
03-05 22:00:29.887 30393 30393 E ArmVmp : Match on catch block at 0xc3 in for 0xa1
03-05 22:00:30.006 30393 30393 E ArmVmp : Match on catch block at 0xc3 in for 0xa5
03-05 22:00:30.013 30393 30393 E ArmVmp : Match on catch block at 0xc3 in for 0xa9
03-05 22:00:30.111 30393 30401 W System : A resource failed to call close.
03-05 22:00:30.114 30393 30401 W System : A resource failed to call close.
03-05 22:00:30.144 30393 30393 E ArmVmp : Match on catch block at 0xc3 in for 0xa1
03-05 22:00:30.150 30393 30393 E ArmVmp : Match on catch block at 0xc3 in for 0xa5
03-05 22:00:30.404 30393 30393 E ArmVmp : Match on catch block at 0xc3 in for 0xa9
03-05 22:00:30.407 30393 30393 E ArmVmp : Match on catch block at 0xc3 in for 0xa1
03-05 22:00:30.441 30393 30393 W PlayerBase: baseStop state not match:0
03-05 22:00:30.683 30393 30393 E ArmVmp : Match on catch block at 0xc3 in for 0xa9
03-05 22:00:30.689 30393 30393 E ArmVmp : Match on catch block at 0xc3 in for 0xa1
03-05 22:00:30.860 30393 30401 W System : A resource failed to call close.
03-05 22:00:30.865 30393 30401 W System : A resource failed to call close.
03-05 22:00:30.915 30393 30393 E ArmVmp : Match on catch block at 0xc3 in for 0xa1
03-05 22:00:30.921 30393 30393 E ArmVmp : Match on catch block at 0xc3 in for 0xa5
03-05 22:00:30.948 30393 30393 E ArmVmp : Match on catch block at 0xc3 in for 0xa1
03-05 22:00:30.954 30393 30393 E ArmVmp : Match on catch block at 0xc3 in for 0xa5
03-05 22:00:31.129 30393 30393 E ArmVmp : Match on catch block at 0xc3 in for 0xa5
03-05 22:00:31.135 30393 30393 E ArmVmp : Match on catch block at 0xc3 in for 0xa9
03-05 22:00:31.195 30393 30393 E ArmVmp : Match on catch block at 0xc3 in for 0xa5
03-05 22:00:31.200 30393 30393 E ArmVmp : Match on catch block at 0xc3 in for 0xa9
03-05 22:00:31.217 30393 30393 E ArmVmp : Match on catch block at 0xc3 in for 0xa5
03-05 22:00:31.224 30393 30393 E ArmVmp : Match on catch block at 0xc3 in for 0xa9
03-05 22:00:31.312 30393 30393 E ArmVmp : Match on catch block at 0xc3 in for 0xa5
03-05 22:00:31.317 30393 30393 E ArmVmp : Match on catch block at 0xc3 in for 0xa9
03-05 22:00:31.330 30393 30393 E ArmVmp : Match on catch block at 0xc3 in for 0xa9
03-05 22:00:31.337 30393 30393 E ArmVmp : Match on catch block at 0xc3 in for 0xa1
03-05 22:00:31.350 30393 30393 E ArmVmp : Match on catch block at 0xc3 in for 0xa5
03-05 22:00:31.356 30393 30393 E ArmVmp : Match on catch block at 0xc3 in for 0xa9
03-05 22:00:31.560 30393 30393 E ArmVmp : Match on catch block at 0xc3 in for 0xa5
03-05 22:00:31.564 30393 30393 E ArmVmp : Match on catch block at 0xc3 in for 0xa9
03-05 22:00:31.788 30393 30393 E ArmVmp : Match on catch block at 0xc3 in for 0xa5
03-05 22:00:31.794 30393 30393 E ArmVmp : Match on catch block at 0xc3 in for 0xa9
03-05 22:00:31.844 30393 30393 E ArmVmp : Match on catch block at 0xc3 in for 0xa5
03-05 22:00:31.850 30393 30393 E ArmVmp : Match on catch block at 0xc3 in for 0xa9
03-05 22:00:32.067 30393 30393 E ArmVmp : Match on catch block at 0xc3 in for 0xa1
03-05 22:00:32.073 30393 30393 E ArmVmp : Match on catch block at 0xc3 in for 0xa5
03-05 22:00:32.097 30393 30393 E ArmVmp : Match on catch block at 0xc3 in for 0xa1
03-05 22:00:32.106 30393 30393 E ArmVmp : Match on catch block at 0xc3 in for 0xa5
03-05 22:00:32.359 30393 30401 W System : A resource failed to call close.
03-05 22:00:32.361 30393 30401 W System : A resource failed to call close.
03-05 22:00:32.494 30393 30393 E ArmVmp : Match on catch block at 0xc3 in for 0xa1
03-05 22:00:32.499 30393 30393 E ArmVmp : Match on catch block at 0xc3 in for 0xa5
03-05 22:00:32.724 30393 30393 E ArmVmp : Match on catch block at 0xc3 in for 0xa5
03-05 22:00:32.729 30393 30393 E ArmVmp : Match on catch block at 0xc3 in for 0xa9
03-05 22:00:32.999 30393 30401 W System : A resource failed to call close.
03-05 22:00:33.005 30393 30401 W System : A resource failed to call close.
03-05 22:00:33.033 30393 30393 E ArmVmp : Match on catch block at 0xc3 in for 0xa5
03-05 22:00:33.038 30393 30393 E ArmVmp : Match on catch block at 0xc3 in for 0xa9
03-05 22:00:33.217 30393 30393 E ArmVmp : Match on catch block at 0xc3 in for 0xa5
03-05 22:00:33.222 30393 30393 E ArmVmp : Match on catch block at 0xc3 in for 0xa9
03-05 22:00:33.282 30393 30393 E ArmVmp : Match on catch block at 0xc3 in for 0xa9
03-05 22:00:33.286 30393 30393 E ArmVmp : Match on catch block at 0xc3 in for 0xa1
03-05 22:00:33.557 30393 30393 E ArmVmp : Match on catch block at 0xc3 in for 0xa5
03-05 22:00:33.563 30393 30393 E ArmVmp : Match on catch block at 0xc3 in for 0xa9
03-05 22:00:33.679 30393 30393 E ArmVmp : Match on catch block at 0xc3 in for 0xa5
03-05 22:00:33.684 30393 30393 E ArmVmp : Match on catch block at 0xc3 in for 0xa9
03-05 22:00:33.717 30393 30393 E ArmVmp : Match on catch block at 0xc3 in for 0xa1
03-05 22:00:33.722 30393 30393 E ArmVmp : Match on catch block at 0xc3 in for 0xa5
03-05 22:00:33.730 30393 30393 E ArmVmp : Match on catch block at 0xc3 in for 0xa5
03-05 22:00:33.736 30393 30393 E ArmVmp : Match on catch block at 0xc3 in for 0xa9
03-05 22:00:33.749 30393 30393 E ArmVmp : Match on catch block at 0xc3 in for 0xa9
03-05 22:00:33.754 30393 30393 E ArmVmp : Match on catch block at 0xc3 in for 0xa1
03-05 22:00:34.037 30393 30393 E ArmVmp : Match on catch block at 0xc3 in for 0xa9
03-05 22:00:34.042 30393 30393 E ArmVmp : Match on catch block at 0xc3 in for 0xa1
03-05 22:00:34.066 30393 30393 E ArmVmp : Match on catch block at 0xc3 in for 0xa5
03-05 22:00:34.072 30393 30393 E ArmVmp : Match on catch block at 0xc3 in for 0xa9
03-05 22:00:34.266 30393 30393 E ArmVmp : Match on catch block at 0xc3 in for 0xa9
03-05 22:00:34.272 30393 30393 E ArmVmp : Match on catch block at 0xc3 in for 0xa1
03-05 22:00:34.286 30393 30393 E ArmVmp : Match on catch block at 0xc3 in for 0xa1
03-05 22:00:34.292 30393 30393 E ArmVmp : Match on catch block at 0xc3 in for 0xa5
03-05 22:00:34.300 30393 30393 E ArmVmp : Match on catch block at 0xc3 in for 0xa5
03-05 22:00:34.304 30393 30393 E ArmVmp : Match on catch block at 0xc3 in for 0xa9
03-05 22:00:34.317 30393 30393 E ArmVmp : Match on catch block at 0xc3 in for 0xa9
03-05 22:00:34.323 30393 30393 E ArmVmp : Match on catch block at 0xc3 in for 0xa1
03-05 22:00:34.333 30393 30393 E ArmVmp : Match on catch block at 0xc3 in for 0xa1
03-05 22:00:34.339 30393 30393 E ArmVmp : Match on catch block at 0xc3 in for 0xa5
03-05 22:00:34.351 30393 30393 E ArmVmp : Match on catch block at 0xc3 in for 0xa5
03-05 22:00:34.363 30393 30393 E ArmVmp : Match on catch block at 0xc3 in for 0xa9
03-05 22:00:34.372 30393 30393 E ArmVmp : Match on catch block at 0xc3 in for 0xa9
03-05 22:00:34.377 30393 30393 E ArmVmp : Match on catch block at 0xc3 in for 0xa1
03-05 22:00:34.548 30393 30393 E ArmVmp : Match on catch block at 0xc3 in for 0xa1
03-05 22:00:34.553 30393 30393 E ArmVmp : Match on catch block at 0xc3 in for 0xa5
03-05 22:00:34.595 30393 30393 E ArmVmp : Match on catch block at 0xc3 in for 0xa9
03-05 22:00:34.601 30393 30393 E ArmVmp : Match on catch block at 0xc3 in for 0xa1
03-05 22:00:34.766 30393 30393 E ArmVmp : Match on catch block at 0xc3 in for 0xa5
03-05 22:00:34.771 30393 30393 E ArmVmp : Match on catch block at 0xc3 in for 0xa9
03-05 22:00:35.298 30393 30393 E ArmVmp : Match on catch block at 0xc3 in for 0xa9
03-05 22:00:35.302 30393 30393 E ArmVmp : Match on catch block at 0xc3 in for 0xa1
03-05 22:00:35.317 30393 30393 E ArmVmp : Match on catch block at 0xc3 in for 0xa5
03-05 22:00:35.322 30393 30393 E ArmVmp : Match on catch block at 0xc3 in for 0xa9
03-05 22:00:35.349 30393 30393 E ArmVmp : Match on catch block at 0xc3 in for 0xa9
03-05 22:00:35.353 30393 30393 E ArmVmp : Match on catch block at 0xc3 in for 0xa1
03-05 22:00:35.805 30393 30393 E ArmVmp : Match on catch block at 0xc3 in for 0xa1
03-05 22:00:35.810 30393 30393 E ArmVmp : Match on catch block at 0xc3 in for 0xa5
03-05 22:00:35.826 30393 30393 E ArmVmp : Match on catch block at 0xc3 in for 0xa9
03-05 22:00:35.831 30393 30393 E ArmVmp : Match on catch block at 0xc3 in for 0xa1
03-05 22:00:35.859 30393 30393 E ArmVmp : Match on catch block at 0xc3 in for 0xa5
03-05 22:00:35.862 30393 30393 E ArmVmp : Match on catch block at 0xc3 in for 0xa9
03-05 22:00:35.871 30393 30393 E ArmVmp : Match on catch block at 0xc3 in for 0xa9
03-05 22:00:35.876 30393 30393 E ArmVmp : Match on catch block at 0xc3 in for 0xa1
03-05 22:00:36.010 30393 30393 E ArmVmp : Match on catch block at 0xc3 in for 0xa5
03-05 22:00:36.014 30393 30393 E ArmVmp : Match on catch block at 0xc3 in for 0xa9
03-05 22:00:36.203 30393 30393 E ArmVmp : Match on catch block at 0xc3 in for 0xa1
03-05 22:00:36.208 30393 30393 E ArmVmp : Match on catch block at 0xc3 in for 0xa5
03-05 22:00:36.421 30393 30393 E ArmVmp : Match on catch block at 0xc3 in for 0xa9
03-05 22:00:36.425 30393 30393 E ArmVmp : Match on catch block at 0xc3 in for 0xa1
03-05 22:00:36.472 30393 30393 E ArmVmp : Match on catch block at 0xc3 in for 0xa1
03-05 22:00:36.476 30393 30393 E ArmVmp : Match on catch block at 0xc3 in for 0xa5
03-05 22:00:36.486 30393 30393 E ArmVmp : Match on catch block at 0xc3 in for 0xa1
03-05 22:00:36.491 30393 30393 E ArmVmp : Match on catch block at 0xc3 in for 0xa5
03-05 22:00:36.701 30393 30393 E ArmVmp : Match on catch block at 0xc3 in for 0xa1
03-05 22:00:36.707 30393 30393 E ArmVmp : Match on catch block at 0xc3 in for 0xa5
03-05 22:00:36.978 30393 30393 E ArmVmp : Match on catch block at 0xc3 in for 0xa9
03-05 22:00:36.983 30393 30393 E ArmVmp : Match on catch block at 0xc3 in for 0xa1
03-05 22:00:36.999 30393 30393 E ArmVmp : Match on catch block at 0xc3 in for 0xa5
03-05 22:00:37.003 30393 30393 E ArmVmp : Match on catch block at 0xc3 in for 0xa9
03-05 22:00:37.033 30393 30393 E ArmVmp : Match on catch block at 0xc3 in for 0xa9
03-05 22:00:37.038 30393 30393 E ArmVmp : Match on catch block at 0xc3 in for 0xa1
03-05 22:00:37.536 30393 30393 E ArmVmp : Match on catch block at 0xc3 in for 0xa5
03-05 22:00:37.540 30393 30393 E ArmVmp : Match on catch block at 0xc3 in for 0xa9
03-05 22:00:37.584 30393 30393 E ArmVmp : Match on catch block at 0xc3 in for 0xa5
03-05 22:00:37.589 30393 30393 E ArmVmp : Match on catch block at 0xc3 in for 0xa9
03-05 22:00:37.602 30393 30393 E ArmVmp : Match on catch block at 0xc3 in for 0xa9
03-05 22:00:37.609 30393 30393 E ArmVmp : Match on catch block at 0xc3 in for 0xa1
03-05 22:00:37.617 30393 30393 E ArmVmp : Match on catch block at 0xc3 in for 0xa1
03-05 22:00:37.623 30393 30393 E ArmVmp : Match on catch block at 0xc3 in for 0xa5
03-05 22:00:37.634 30393 30393 E ArmVmp : Match on catch block at 0xc3 in for 0xa5
03-05 22:00:37.640 30393 30393 E ArmVmp : Match on catch block at 0xc3 in for 0xa9
03-05 22:00:37.650 30393 30393 E ArmVmp : Match on catch block at 0xc3 in for 0xa9
03-05 22:00:37.655 30393 30393 E ArmVmp : Match on catch block at 0xc3 in for 0xa1
03-05 22:00:37.667 30393 30393 E ArmVmp : Match on catch block at 0xc3 in for 0xa1
03-05 22:00:37.673 30393 30393 E ArmVmp : Match on catch block at 0xc3 in for 0xa5
03-05 22:00:37.684 30393 30393 E ArmVmp : Match on catch block at 0xc3 in for 0xa5
03-05 22:00:37.689 30393 30393 E ArmVmp : Match on catch block at 0xc3 in for 0xa9
03-05 22:00:37.700 30393 30393 E ArmVmp : Match on catch block at 0xc3 in for 0xa9
03-05 22:00:37.707 30393 30393 E ArmVmp : Match on catch block at 0xc3 in for 0xa1
03-05 22:00:37.717 30393 30393 E ArmVmp : Match on catch block at 0xc3 in for 0xa1
03-05 22:00:37.722 30393 30393 E ArmVmp : Match on catch block at 0xc3 in for 0xa5
03-05 22:00:37.734 30393 30393 E ArmVmp : Match on catch block at 0xc3 in for 0xa5
03-05 22:00:37.740 30393 30393 E ArmVmp : Match on catch block at 0xc3 in for 0xa9
03-05 22:00:37.751 30393 30393 E ArmVmp : Match on catch block at 0xc3 in for 0xa9
03-05 22:00:37.757 30393 30393 E ArmVmp : Match on catch block at 0xc3 in for 0xa1
03-05 22:00:38.062 30393 30393 E ArmVmp : Match on catch block at 0xc3 in for 0xa5
03-05 22:00:38.067 30393 30393 E ArmVmp : Match on catch block at 0xc3 in for 0xa9
03-05 22:00:38.114 30393 30393 E ArmVmp : Match on catch block at 0xc3 in for 0xa9
03-05 22:00:38.118 30393 30393 E ArmVmp : Match on catch block at 0xc3 in for 0xa1
03-05 22:00:38.130 30393 30393 E ArmVmp : Match on catch block at 0xc3 in for 0xa5
03-05 22:00:38.135 30393 30393 E ArmVmp : Match on catch block at 0xc3 in for 0xa9
03-05 22:00:38.562 30393 30393 E ArmVmp : Match on catch block at 0xc3 in for 0xa9
03-05 22:00:38.568 30393 30393 E ArmVmp : Match on catch block at 0xc3 in for 0xa1
03-05 22:00:38.589 30393 30393 E ArmVmp : Match on catch block at 0xc3 in for 0xa5
03-05 22:00:38.596 30393 30393 E ArmVmp : Match on catch block at 0xc3 in for 0xa9
03-05 22:00:38.635 30393 30393 E ArmVmp : Match on catch block at 0xc3 in for 0xa9
03-05 22:00:38.640 30393 30393 E ArmVmp : Match on catch block at 0xc3 in for 0xa1
03-05 22:00:39.113 30393 30393 E ArmVmp : Match on catch block at 0xc3 in for 0xa1
03-05 22:00:39.118 30393 30393 E ArmVmp : Match on catch block at 0xc3 in for 0xa5
03-05 22:00:39.135 30393 30393 E ArmVmp : Match on catch block at 0xc3 in for 0xa9
03-05 22:00:39.140 30393 30393 E ArmVmp : Match on catch block at 0xc3 in for 0xa1
03-05 22:00:39.169 30393 30393 E ArmVmp : Match on catch block at 0xc3 in for 0xa1
03-05 22:00:39.173 30393 30393 E ArmVmp : Match on catch block at 0xc3 in for 0xa5
03-05 22:00:39.354 30393 30393 E ArmVmp : Match on catch block at 0xc3 in for 0xa5
03-05 22:00:39.359 30393 30393 E ArmVmp : Match on catch block at 0xc3 in for 0xa9
03-05 22:00:39.370 30393 30393 E ArmVmp : Match on catch block at 0xc3 in for 0xa9
03-05 22:00:39.378 30393 30393 E ArmVmp : Match on catch block at 0xc3 in for 0xa1
03-05 22:00:39.387 30393 30393 E ArmVmp : Match on catch block at 0xc3 in for 0xa1
03-05 22:00:39.394 30393 30393 E ArmVmp : Match on catch block at 0xc3 in for 0xa5
03-05 22:00:39.669 30393 30393 E ArmVmp : Match on catch block at 0xc3 in for 0xa1
03-05 22:00:39.675 30393 30393 E ArmVmp : Match on catch block at 0xc3 in for 0xa5
03-05 22:00:39.760 30393 30393 E ArmVmp : Match on catch block at 0xc3 in for 0xa9
03-05 22:00:39.765 30393 30393 E ArmVmp : Match on catch block at 0xc3 in for 0xa1
03-05 22:00:39.778 30393 30393 E ArmVmp : Match on catch block at 0xc3 in for 0xa5
03-05 22:00:39.784 30393 30393 E ArmVmp : Match on catch block at 0xc3 in for 0xa9
03-05 22:00:39.793 30393 30393 E ArmVmp : Match on catch block at 0xc3 in for 0xa9
03-05 22:00:39.798 30393 30393 E ArmVmp : Match on catch block at 0xc3 in for 0xa1
03-05 22:00:39.807 30393 30393 E ArmVmp : Match on catch block at 0xc3 in for 0xa1
03-05 22:00:39.812 30393 30393 E ArmVmp : Match on catch block at 0xc3 in for 0xa5
03-05 22:00:39.828 30393 30393 E ArmVmp : Match on catch block at 0xc3 in for 0xa5
03-05 22:00:39.834 30393 30393 E ArmVmp : Match on catch block at 0xc3 in for 0xa9
03-05 22:00:39.854 30393 30393 E ArmVmp : Match on catch block at 0xc3 in for 0xa9
03-05 22:00:39.858 30393 30393 E ArmVmp : Match on catch block at 0xc3 in for 0xa1
03-05 22:00:39.891 30393 30393 E ArmVmp : Match on catch block at 0xc3 in for 0xa5
03-05 22:00:39.895 30393 30393 E ArmVmp : Match on catch block at 0xc3 in for 0xa9
03-05 22:00:39.901 30393 30393 E ArmVmp : Match on catch block at 0xc3 in for 0xa9
03-05 22:00:39.906 30393 30393 E ArmVmp : Match on catch block at 0xc3 in for 0xa1
03-05 22:00:39.915 30393 30393 E ArmVmp : Match on catch block at 0xc3 in for 0xa1
03-05 22:00:39.920 30393 30393 E ArmVmp : Match on catch block at 0xc3 in for 0xa5
03-05 22:00:39.928 30393 30393 E ArmVmp : Match on catch block at 0xc3 in for 0xa5
03-05 22:00:39.933 30393 30393 E ArmVmp : Match on catch block at 0xc3 in for 0xa9
03-05 22:00:40.060 30393 30393 E ArmVmp : Match on catch block at 0xc3 in for 0xa1
03-05 22:00:40.064 30393 30393 E ArmVmp : Match on catch block at 0xc3 in for 0xa5
03-05 22:00:40.087 30393 30393 E ArmVmp : Match on catch block at 0xc3 in for 0xa5
03-05 22:00:40.091 30393 30393 E ArmVmp : Match on catch block at 0xc3 in for 0xa9
03-05 22:00:40.097 30393 30393 E ArmVmp : Match on catch block at 0xc3 in for 0xa5
03-05 22:00:40.102 30393 30393 E ArmVmp : Match on catch block at 0xc3 in for 0xa9
03-05 22:00:40.109 30393 30393 E ArmVmp : Match on catch block at 0xc3 in for 0xa1
03-05 22:00:40.113 30393 30393 E ArmVmp : Match on catch block at 0xc3 in for 0xa5
03-05 22:00:40.120 30393 30393 E ArmVmp : Match on catch block at 0xc3 in for 0xa9
03-05 22:00:40.124 30393 30393 E ArmVmp : Match on catch block at 0xc3 in for 0xa1
03-05 22:00:40.135 30393 30393 E ArmVmp : Match on catch block at 0xc3 in for 0xa1
03-05 22:00:40.140 30393 30393 E ArmVmp : Match on catch block at 0xc3 in for 0xa5
03-05 22:00:40.288 30393 30393 E ArmVmp : Match on catch block at 0xc3 in for 0xa5
03-05 22:00:40.291 30393 30393 E ArmVmp : Match on catch block at 0xc3 in for 0xa9
03-05 22:00:40.710 30393 30393 E ArmVmp : Match on catch block at 0xc3 in for 0xa9
03-05 22:00:40.716 30393 30393 E ArmVmp : Match on catch block at 0xc3 in for 0xa1
03-05 22:00:40.737 30393 30393 E ArmVmp : Match on catch block at 0xc3 in for 0xa5
03-05 22:00:40.742 30393 30393 E ArmVmp : Match on catch block at 0xc3 in for 0xa9
03-05 22:00:40.787 30393 30393 E ArmVmp : Match on catch block at 0xc3 in for 0xa5
03-05 22:00:40.791 30393 30393 E ArmVmp : Match on catch block at 0xc3 in for 0xa9
03-05 22:00:40.854 30393 30393 E ArmVmp : Match on catch block at 0xc3 in for 0xa1
03-05 22:00:40.858 30393 30393 E ArmVmp : Match on catch block at 0xc3 in for 0xa5
03-05 22:00:40.931 30393 30393 E ArmVmp : Match on catch block at 0xc3 in for 0xa1
03-05 22:00:40.934 30393 30393 E ArmVmp : Match on catch block at 0xc3 in for 0xa5
03-05 22:00:40.943 30393 30393 W com.mbwhatsapp: type=1400 audit(0.0:28257): avc:
denied { read } for name="u:object_r:graphics_debug_prop:s0" dev="tmpfs" ino=12588
scontext=u:r:untrusted_app:s0:c143,c256,c512,c768
tcontext=u:object_r:graphics_debug_prop:s0 tclass=file permissive=0
03-05 22:00:40.947 30393 30393 W com.mbwhatsapp: type=1400 audit(0.0:28258): avc:
denied { read } for name="u:object_r:debug_bq_dump_prop:s0" dev="tmpfs" ino=12547
scontext=u:r:untrusted_app:s0:c143,c256,c512,c768
tcontext=u:object_r:debug_bq_dump_prop:s0 tclass=file permissive=0
03-05 22:00:40.947 30393 30393 W com.mbwhatsapp: type=1400 audit(0.0:28259): avc:
denied { read } for name="u:object_r:debug_bq_dump_prop:s0" dev="tmpfs" ino=12547
scontext=u:r:untrusted_app:s0:c143,c256,c512,c768
tcontext=u:object_r:debug_bq_dump_prop:s0 tclass=file permissive=0
03-05 22:00:40.947 30393 30393 W com.mbwhatsapp: type=1400 audit(0.0:28260): avc:
denied { read } for name="u:object_r:graphics_debug_prop:s0" dev="tmpfs" ino=12588
scontext=u:r:untrusted_app:s0:c143,c256,c512,c768
tcontext=u:object_r:graphics_debug_prop:s0 tclass=file permissive=0
03-05 22:00:40.947 30393 30393 W RenderThread: type=1400 audit(0.0:28261): avc:
denied { read } for name="u:object_r:graphics_debug_prop:s0" dev="tmpfs" ino=12588
scontext=u:r:untrusted_app:s0:c143,c256,c512,c768
tcontext=u:object_r:graphics_debug_prop:s0 tclass=file permissive=0
03-05 22:00:40.947 30393 30393 E libc : Access denied finding property
"vendor.debug.sf.stc_interval"
03-05 22:00:40.947 30393 30393 E libc : Access denied finding property
"vendor.debug.bq.dump"
03-05 22:00:40.948 30393 30393 E libc : Access denied finding property
"vendor.debug.bq.dump"
03-05 22:00:40.948 30393 30393 E libc : Access denied finding property
"vendor.debug.bq.line"
03-05 22:00:40.948 30393 30471 E libc : Access denied finding property
"vendor.debug.bq.line"
03-05 22:00:40.992 30393 30393 E ArmVmp : Match on catch block at 0xc3 in for 0xa5
03-05 22:00:40.997 30393 30393 E ArmVmp : Match on catch block at 0xc3 in for 0xa9
03-05 22:00:41.001 30393 30393 W ActivityThread: handleWindowVisibility: no
activity for token android.os.BinderProxy@827ccae
03-05 22:00:41.262 30393 30393 W ResourceType: Bad XML block: header size 18254 or
total size 169478669 is larger than data size 380
03-05 22:00:41.268 30393 30393 W ResourceType: Bad XML block: header size 18254 or
total size 169478669 is larger than data size 431
03-05 22:00:41.289 30393 30393 W ResourceType: Bad XML block: header size 18254 or
total size 169478669 is larger than data size 677
03-05 22:00:41.295 30393 30393 W ResourceType: Bad XML block: header size 18254 or
total size 169478669 is larger than data size 248
03-05 22:00:41.306 30393 30393 W ResourceType: Bad XML block: header size 18254 or
total size 169478669 is larger than data size 571
03-05 22:00:41.317 30393 30393 W ResourceType: Bad XML block: header size 18254 or
total size 169478669 is larger than data size 333
03-05 22:00:41.323 30393 30393 W ResourceType: Bad XML block: header size 18254 or
total size 169478669 is larger than data size 650
03-05 22:00:41.330 30393 30393 W ResourceType: Bad XML block: header size 18254 or
total size 169478669 is larger than data size 1150
03-05 22:00:41.337 30393 30393 W ResourceType: Bad XML block: header size 18254 or
total size 169478669 is larger than data size 491
03-05 22:00:41.344 30393 30393 W ResourceType: Bad XML block: header size 18254 or
total size 169478669 is larger than data size 1150
03-05 22:00:41.351 30393 30393 W ResourceType: Bad XML block: header size 18254 or
total size 169478669 is larger than data size 659
03-05 22:00:41.357 30393 30393 W ResourceType: Bad XML block: header size 18254 or
total size 169478669 is larger than data size 593
03-05 22:00:41.411 30393 30393 W ResourceType: Bad XML block: header size 18254 or
total size 169478669 is larger than data size 473
03-05 22:00:41.416 30393 30393 W ResourceType: Bad XML block: header size 18254 or
total size 169478669 is larger than data size 510
03-05 22:00:41.570 30393 30393 W ResourceType: Bad XML block: header size 18254 or
total size 169478669 is larger than data size 473
03-05 22:00:41.920 30393 30393 W View : requestLayout() improperly called by
android.widget.Space{965d048 I.ED..... ......I. 24,72-32,80 #7f0b00ba
app:id/action_tile_spacing} during layout: running second layout pass
03-05 22:00:41.920 30393 30393 W View : requestLayout() improperly called by
android.widget.Space{57fcee1 I.ED..... ......I. 24,72-32,80 #7f0b00ba
app:id/action_tile_spacing} during layout: running second layout pass
03-05 22:00:41.931 30393 30393 E ArmVmp : Match on catch block at 0xc3 in for 0xa9
03-05 22:00:41.935 30393 30393 E ArmVmp : Match on catch block at 0xc3 in for 0xa1
03-05 22:00:41.993 30393 30393 W ResourceType: Bad XML block: header size 18254 or
total size 169478669 is larger than data size 853
03-05 22:00:42.196 30393 30393 E ArmVmp : Match on catch block at 0xc3 in for 0xa5
03-05 22:00:42.202 30393 30393 E ArmVmp : Match on catch block at 0xc3 in for 0xa9
03-05 22:00:42.548 30393 30393 W ResourceType: Bad XML block: header size 18254 or
total size 169478669 is larger than data size 853
03-05 22:00:42.748 30393 30393 E ArmVmp : Match on catch block at 0xc3 in for 0xa9
03-05 22:00:42.753 30393 30393 E ArmVmp : Match on catch block at 0xc3 in for 0xa1
03-05 22:00:42.767 30393 30393 W ViewRootImpl[GroupChatInfoActivity]: Dropping
event due to no window focus: MotionEvent { action=ACTION_MOVE, actionButton=0,
id[0]=0, x[0]=549.1972, y[0]=506.80283, toolType[0]=TOOL_TYPE_FINGER,
buttonState=0, metaState=0, flags=0x0, edgeFlags=0x0, pointerCount=1,
historySize=12, eventTime=6821019, downTime=6820876, deviceId=2, source=0x1002 }
03-05 22:00:42.883 30393 30393 E ArmVmp : Match on catch block at 0xc3 in for 0xa9
03-05 22:00:42.887 30393 30393 E ArmVmp : Match on catch block at 0xc3 in for 0xa1
03-05 22:00:42.946 30393 30393 W ViewRootImpl[GroupChatInfoActivity]: Dropping
event due to no window focus: MotionEvent { action=ACTION_MOVE, actionButton=0,
id[0]=0, x[0]=556.0, y[0]=492.0, toolType[0]=TOOL_TYPE_FINGER, buttonState=0,
metaState=0, flags=0x0, edgeFlags=0x0, pointerCount=1, historySize=14,
eventTime=6821188, downTime=6820876, deviceId=2, source=0x1002 }
03-05 22:00:43.151 30393 30393 E ArmVmp : Match on catch block at 0xc3 in for 0xa9
03-05 22:00:43.156 30393 30393 E ArmVmp : Match on catch block at 0xc3 in for 0xa1
03-05 22:00:43.169 30393 30393 W ResourceType: Bad XML block: header size 18254 or
total size 169478669 is larger than data size 853
03-05 22:00:43.207 30393 30393 E ArmVmp : Match on catch block at 0xc3 in for 0xa9
03-05 22:00:43.210 30393 30393 E ArmVmp : Match on catch block at 0xc3 in for 0xa1
03-05 22:00:43.223 30393 30393 W ResourceType: Bad XML block: header size 18254 or
total size 169478669 is larger than data size 853
03-05 22:00:43.314 30393 30393 E ArmVmp : Match on catch block at 0xc3 in for 0xa1
03-05 22:00:43.318 30393 30393 E ArmVmp : Match on catch block at 0xc3 in for 0xa5
03-05 22:00:43.691 30393 30393 W ResourceType: Bad XML block: header size 18254 or
total size 169478669 is larger than data size 853
03-05 22:00:43.716 30393 30393 W ActivityThread: handleWindowVisibility: no
activity for token android.os.BinderProxy@6e8257
03-05 22:00:44.017 30393 30393 E ArmVmp : Match on catch block at 0x0a in for 0xc5
03-05 22:00:44.022 30393 30393 E ArmVmp : Match on catch block at 0x0a in for 0xc1
03-05 22:00:44.509 30393 30393 E ArmVmp : Match on catch block at 0xc3 in for 0xb5
03-05 22:00:44.516 30393 30393 E ArmVmp : Match on catch block at 0xc3 in for 0xb5
03-05 22:00:44.747 30393 30393 E ArmVmp : Match on catch block at 0xc3 in for 0xa5
03-05 22:00:44.752 30393 30393 E ArmVmp : Match on catch block at 0xc3 in for 0xa9
03-05 22:00:45.125 30393 30393 E ArmVmp : Match on catch block at 0xc3 in for 0xa5
03-05 22:00:45.130 30393 30393 E ArmVmp : Match on catch block at 0xc3 in for 0xa9
03-05 22:00:45.175 30393 30393 W ResourceType: Bad XML block: header size 18254 or
total size 169478669 is larger than data size 853
03-05 22:00:45.206 30393 30393 E ArmVmp : Match on catch block at 0xc3 in for 0xa1
03-05 22:00:45.210 30393 30393 E ArmVmp : Match on catch block at 0xc3 in for 0xa5
03-05 22:00:45.403 30393 30401 W System : A resource failed to call close.
03-05 22:00:45.404 30393 30401 W System : A resource failed to call close.
03-05 22:00:45.497 30393 30393 E ArmVmp : Match on catch block at 0xc3 in for 0xa1
03-05 22:00:45.502 30393 30393 E ArmVmp : Match on catch block at 0xc3 in for 0xa5
03-05 22:00:45.518 30393 30393 E ArmVmp : Match on catch block at 0xc3 in for 0xa5
03-05 22:00:45.523 30393 30393 E ArmVmp : Match on catch block at 0xc3 in for 0xa9
03-05 22:00:45.536 30393 30393 W ResourceType: Bad XML block: header size 18254 or
total size 169478669 is larger than data size 853
03-05 22:00:45.597 30393 30393 E ArmVmp : Match on catch block at 0xc3 in for 0xa5
03-05 22:00:45.601 30393 30393 E ArmVmp : Match on catch block at 0xc3 in for 0xa9
03-05 22:00:45.822 30393 30393 E ArmVmp : Match on catch block at 0xc3 in for 0xa9
03-05 22:00:45.827 30393 30393 E ArmVmp : Match on catch block at 0xc3 in for 0xa1
03-05 22:00:45.862 30393 30393 E ArmVmp : Match on catch block at 0xc3 in for 0xa9
03-05 22:00:45.867 30393 30393 E ArmVmp : Match on catch block at 0xc3 in for 0xa1
03-05 22:00:45.876 30393 30393 E ArmVmp : Match on catch block at 0xc3 in for 0xa9
03-05 22:00:45.882 30393 30393 E ArmVmp : Match on catch block at 0xc3 in for 0xa1
03-05 22:00:45.893 30393 30393 W ResourceType: Bad XML block: header size 18254 or
total size 169478669 is larger than data size 853
03-05 22:00:45.915 30393 30393 E ArmVmp : Match on catch block at 0xc3 in for 0xa1
03-05 22:00:45.922 30393 30393 E ArmVmp : Match on catch block at 0xc3 in for 0xa5
03-05 22:00:45.930 30393 30393 E ArmVmp : Match on catch block at 0xc3 in for 0xa1
03-05 22:00:45.937 30393 30393 E ArmVmp : Match on catch block at 0xc3 in for 0xa5
03-05 22:00:45.955 30393 30393 E ArmVmp : Match on catch block at 0xc3 in for 0xa5
03-05 22:00:45.963 30393 30393 E ArmVmp : Match on catch block at 0xc3 in for 0xa9
03-05 22:00:45.974 30393 30393 E ArmVmp : Match on catch block at 0xc3 in for 0xa9
03-05 22:00:45.982 30393 30393 E ArmVmp : Match on catch block at 0xc3 in for 0xa1
03-05 22:00:45.995 30393 30393 E ArmVmp : Match on catch block at 0xc3 in for 0xa1
03-05 22:00:46.001 30393 30393 E ArmVmp : Match on catch block at 0xc3 in for 0xa5
03-05 22:00:46.015 30393 30393 E ArmVmp : Match on catch block at 0xc3 in for 0xa5
03-05 22:00:46.022 30393 30393 E ArmVmp : Match on catch block at 0xc3 in for 0xa9
03-05 22:00:46.032 30393 30393 E ArmVmp : Match on catch block at 0xc3 in for 0xa9
03-05 22:00:46.040 30393 30393 E ArmVmp : Match on catch block at 0xc3 in for 0xa1
03-05 22:00:46.052 30393 30393 E ArmVmp : Match on catch block at 0xc3 in for 0xa1
03-05 22:00:46.060 30393 30393 E ArmVmp : Match on catch block at 0xc3 in for 0xa5
03-05 22:00:46.236 30393 30393 E ArmVmp : Match on catch block at 0xc3 in for 0xa5
03-05 22:00:46.241 30393 30393 E ArmVmp : Match on catch block at 0xc3 in for 0xa9
03-05 22:00:46.255 30393 30393 E ArmVmp : Match on catch block at 0xc3 in for 0xa1
03-05 22:00:46.262 30393 30393 E ArmVmp : Match on catch block at 0xc3 in for 0xa5
03-05 22:00:46.280 30393 30393 E ArmVmp : Match on catch block at 0xc3 in for 0xa1
03-05 22:00:46.286 30393 30393 E ArmVmp : Match on catch block at 0xc3 in for 0xa5
03-05 22:00:46.293 30393 30393 E ArmVmp : Match on catch block at 0xc3 in for 0xa5
03-05 22:00:46.298 30393 30393 E ArmVmp : Match on catch block at 0xc3 in for 0xa9
03-05 22:00:46.362 30393 30393 E ArmVmp : Match on catch block at 0xc3 in for 0xa1
03-05 22:00:46.366 30393 30393 E ArmVmp : Match on catch block at 0xc3 in for 0xa5
03-05 22:00:46.558 30393 30393 E ArmVmp : Match on catch block at 0xc3 in for 0xa5
03-05 22:00:46.562 30393 30393 E ArmVmp : Match on catch block at 0xc3 in for 0xa9
03-05 22:00:46.990 30393 30393 E ArmVmp : Match on catch block at 0xc3 in for 0xa1
03-05 22:00:46.996 30393 30393 E ArmVmp : Match on catch block at 0xc3 in for 0xa5
03-05 22:00:47.009 30393 30393 E ArmVmp : Match on catch block at 0xc3 in for 0xa9
03-05 22:00:47.016 30393 30393 E ArmVmp : Match on catch block at 0xc3 in for 0xa1
03-05 22:00:47.057 30393 30393 E ArmVmp : Match on catch block at 0xc3 in for 0xa1
03-05 22:00:47.062 30393 30393 E ArmVmp : Match on catch block at 0xc3 in for 0xa5
03-05 22:00:47.210 30393 30393 E ArmVmp : Match on catch block at 0xc3 in for 0xa5
03-05 22:00:47.215 30393 30393 E ArmVmp : Match on catch block at 0xc3 in for 0xa9
03-05 22:00:47.238 30393 30393 E ArmVmp : Match on catch block at 0xc3 in for 0xa5
03-05 22:00:47.245 30393 30393 E ArmVmp : Match on catch block at 0xc3 in for 0xa9
03-05 22:00:47.591 30393 30401 W System : A resource failed to call close.
03-05 22:00:47.592 30393 30401 W System : A resource failed to call close.
03-05 22:00:47.671 30393 30393 E ArmVmp : Match on catch block at 0xc3 in for 0xa5
03-05 22:00:47.676 30393 30393 E ArmVmp : Match on catch block at 0xc3 in for 0xa9
03-05 22:00:47.693 30393 30393 E ArmVmp : Match on catch block at 0xc3 in for 0xa1
03-05 22:00:47.699 30393 30393 E ArmVmp : Match on catch block at 0xc3 in for 0xa5
03-05 22:00:48.226 30393 30393 E ArmVmp : Match on catch block at 0xc3 in for 0xa9
03-05 22:00:48.234 30393 30393 E ArmVmp : Match on catch block at 0xc3 in for 0xa1
03-05 22:00:48.272 30393 30393 E ArmVmp : Match on catch block at 0xc3 in for 0xa5
