android.content.ContentProvider.enforceReadPermissionInner(ContentProvider.java:772
)
03-05 21:59:45.844 30393 31025 E DatabaseUtils: at
android.content.ContentProvider$Transport.enforceReadPermission(ContentProvider.jav
a:535)
03-05 21:59:45.844 30393 31025 E DatabaseUtils: at
android.content.ContentProvider$Transport.enforceFilePermission(ContentProvider.jav
a:526)
03-05 21:59:45.844 30393 31025 E DatabaseUtils: at
android.content.ContentProvider$Transport.openTypedAssetFile(ContentProvider.java:4
54)
03-05 21:59:45.844 30393 31025 E DatabaseUtils: at
android.content.ContentProviderNative.onTransact(ContentProviderNative.java:302)
03-05 21:59:45.844 30393 31025 E DatabaseUtils: at
android.os.Binder.execTransact(Binder.java:750)
03-05 21:59:45.849 30393 31025 E DatabaseUtils: Writing exception to parcel
03-05 21:59:45.849 30393 31025 E DatabaseUtils: java.lang.SecurityException:
Permission Denial: reading com.mbwhatsapp.contentprovider.MediaProvider uri
content://com.mbwhatsapp.provider.media/item/ebc857dd-78be-4263-9d9c-1fe729fa5155
from pid=1439, uid=10011 requires the provider be exported, or grantUriPermission()
03-05 21:59:45.849 30393 31025 E DatabaseUtils: at
android.content.ContentProvider.enforceReadPermissionInner(ContentProvider.java:772
)
03-05 21:59:45.849 30393 31025 E DatabaseUtils: at
android.content.ContentProvider$Transport.enforceReadPermission(ContentProvider.jav
a:535)
03-05 21:59:45.849 30393 31025 E DatabaseUtils: at
android.content.ContentProvider$Transport.enforceFilePermission(ContentProvider.jav
a:526)
03-05 21:59:45.849 30393 31025 E DatabaseUtils: at
android.content.ContentProvider$Transport.openTypedAssetFile(ContentProvider.java:4
54)
03-05 21:59:45.849 30393 31025 E DatabaseUtils: at
android.content.ContentProviderNative.onTransact(ContentProviderNative.java:302)
03-05 21:59:45.849 30393 31025 E DatabaseUtils: at
android.os.Binder.execTransact(Binder.java:750)
03-05 21:59:45.853 30393 30678 E DatabaseUtils: Writing exception to parcel
03-05 21:59:45.853 30393 30678 E DatabaseUtils: java.lang.SecurityException:
Permission Denial: reading com.mbwhatsapp.contentprovider.MediaProvider uri
content://com.mbwhatsapp.provider.media/item/ebc857dd-78be-4263-9d9c-1fe729fa5155
from pid=1439, uid=10011 requires the provider be exported, or grantUriPermission()
03-05 21:59:45.853 30393 30678 E DatabaseUtils: at
android.content.ContentProvider.enforceReadPermissionInner(ContentProvider.java:772
)
03-05 21:59:45.853 30393 30678 E DatabaseUtils: at
android.content.ContentProvider$Transport.enforceReadPermission(ContentProvider.jav
a:535)
03-05 21:59:45.853 30393 30678 E DatabaseUtils: at
android.content.ContentProvider$Transport.enforceFilePermission(ContentProvider.jav
a:526)
03-05 21:59:45.853 30393 30678 E DatabaseUtils: at
android.content.ContentProvider$Transport.openTypedAssetFile(ContentProvider.java:4
54)
03-05 21:59:45.853 30393 30678 E DatabaseUtils: at
android.content.ContentProviderNative.onTransact(ContentProviderNative.java:302)
03-05 21:59:45.853 30393 30678 E DatabaseUtils: at
android.os.Binder.execTransact(Binder.java:750)
03-05 21:59:48.089 30393 30678 E DatabaseUtils: Writing exception to parcel
03-05 21:59:48.089 30393 30678 E DatabaseUtils: java.lang.SecurityException:
Permission Denial: reading com.mbwhatsapp.contentprovider.MediaProvider uri
content://com.mbwhatsapp.provider.media/item/db564062-0da0-490d-bc9f-2b0972cb6dc8
from pid=1439, uid=10011 requires the provider be exported, or grantUriPermission()
03-05 21:59:48.089 30393 30678 E DatabaseUtils: at
android.content.ContentProvider.enforceReadPermissionInner(ContentProvider.java:772
)
03-05 21:59:48.089 30393 30678 E DatabaseUtils: at
android.content.ContentProvider$Transport.enforceReadPermission(ContentProvider.jav
a:535)
03-05 21:59:48.089 30393 30678 E DatabaseUtils: at
android.content.ContentProvider$Transport.enforceFilePermission(ContentProvider.jav
a:526)
03-05 21:59:48.089 30393 30678 E DatabaseUtils: at
android.content.ContentProvider$Transport.openTypedAssetFile(ContentProvider.java:4
54)
03-05 21:59:48.089 30393 30678 E DatabaseUtils: at
android.content.ContentProviderNative.onTransact(ContentProviderNative.java:302)
03-05 21:59:48.089 30393 30678 E DatabaseUtils: at
android.os.Binder.execTransact(Binder.java:750)
03-05 21:59:48.092 30393 31025 E DatabaseUtils: Writing exception to parcel
03-05 21:59:48.092 30393 31025 E DatabaseUtils: java.lang.SecurityException:
Permission Denial: reading com.mbwhatsapp.contentprovider.MediaProvider uri
content://com.mbwhatsapp.provider.media/item/db564062-0da0-490d-bc9f-2b0972cb6dc8
from pid=1439, uid=10011 requires the provider be exported, or grantUriPermission()
03-05 21:59:48.092 30393 31025 E DatabaseUtils: at
android.content.ContentProvider.enforceReadPermissionInner(ContentProvider.java:772
)
03-05 21:59:48.092 30393 31025 E DatabaseUtils: at
android.content.ContentProvider$Transport.enforceReadPermission(ContentProvider.jav
a:535)
03-05 21:59:48.092 30393 31025 E DatabaseUtils: at
android.content.ContentProvider$Transport.enforceFilePermission(ContentProvider.jav
a:526)
03-05 21:59:48.092 30393 31025 E DatabaseUtils: at
android.content.ContentProvider$Transport.openTypedAssetFile(ContentProvider.java:4
54)
03-05 21:59:48.092 30393 31025 E DatabaseUtils: at
android.content.ContentProviderNative.onTransact(ContentProviderNative.java:302)
03-05 21:59:48.092 30393 31025 E DatabaseUtils: at
android.os.Binder.execTransact(Binder.java:750)
03-05 21:59:48.094 30393 30678 E DatabaseUtils: Writing exception to parcel
03-05 21:59:48.094 30393 30678 E DatabaseUtils: java.lang.SecurityException:
Permission Denial: reading com.mbwhatsapp.contentprovider.MediaProvider uri
content://com.mbwhatsapp.provider.media/item/db564062-0da0-490d-bc9f-2b0972cb6dc8
from pid=1439, uid=10011 requires the provider be exported, or grantUriPermission()
03-05 21:59:48.094 30393 30678 E DatabaseUtils: at
android.content.ContentProvider.enforceReadPermissionInner(ContentProvider.java:772
)
03-05 21:59:48.094 30393 30678 E DatabaseUtils: at
android.content.ContentProvider$Transport.enforceReadPermission(ContentProvider.jav
a:535)
03-05 21:59:48.094 30393 30678 E DatabaseUtils: at
android.content.ContentProvider$Transport.enforceFilePermission(ContentProvider.jav
a:526)
03-05 21:59:48.094 30393 30678 E DatabaseUtils: at
android.content.ContentProvider$Transport.openTypedAssetFile(ContentProvider.java:4
54)
03-05 21:59:48.094 30393 30678 E DatabaseUtils: at
android.content.ContentProviderNative.onTransact(ContentProviderNative.java:302)
03-05 21:59:48.094 30393 30678 E DatabaseUtils: at
android.os.Binder.execTransact(Binder.java:750)
03-05 21:59:48.789 30393 31025 E DatabaseUtils: Writing exception to parcel
03-05 21:59:48.789 30393 31025 E DatabaseUtils: java.lang.SecurityException:
Permission Denial: reading com.mbwhatsapp.contentprovider.MediaProvider uri
content://com.mbwhatsapp.provider.media/item/2abc0dca-b4de-4b31-834e-4383439efbde
from pid=1439, uid=10011 requires the provider be exported, or grantUriPermission()
03-05 21:59:48.789 30393 31025 E DatabaseUtils: at
android.content.ContentProvider.enforceReadPermissionInner(ContentProvider.java:772
)
03-05 21:59:48.789 30393 31025 E DatabaseUtils: at
android.content.ContentProvider$Transport.enforceReadPermission(ContentProvider.jav
a:535)
03-05 21:59:48.789 30393 31025 E DatabaseUtils: at
android.content.ContentProvider$Transport.enforceFilePermission(ContentProvider.jav
a:526)
03-05 21:59:48.789 30393 31025 E DatabaseUtils: at
android.content.ContentProvider$Transport.openTypedAssetFile(ContentProvider.java:4
54)
03-05 21:59:48.789 30393 31025 E DatabaseUtils: at
android.content.ContentProviderNative.onTransact(ContentProviderNative.java:302)
03-05 21:59:48.789 30393 31025 E DatabaseUtils: at
android.os.Binder.execTransact(Binder.java:750)
03-05 21:59:48.795 30393 31025 E DatabaseUtils: Writing exception to parcel
03-05 21:59:48.795 30393 31025 E DatabaseUtils: java.lang.SecurityException:
Permission Denial: reading com.mbwhatsapp.contentprovider.MediaProvider uri
content://com.mbwhatsapp.provider.media/item/2abc0dca-b4de-4b31-834e-4383439efbde
from pid=1439, uid=10011 requires the provider be exported, or grantUriPermission()
03-05 21:59:48.795 30393 31025 E DatabaseUtils: at
android.content.ContentProvider.enforceReadPermissionInner(ContentProvider.java:772
)
03-05 21:59:48.795 30393 31025 E DatabaseUtils: at
android.content.ContentProvider$Transport.enforceReadPermission(ContentProvider.jav
a:535)
03-05 21:59:48.795 30393 31025 E DatabaseUtils: at
android.content.ContentProvider$Transport.enforceFilePermission(ContentProvider.jav
a:526)
03-05 21:59:48.795 30393 31025 E DatabaseUtils: at
android.content.ContentProvider$Transport.openTypedAssetFile(ContentProvider.java:4
54)
03-05 21:59:48.795 30393 31025 E DatabaseUtils: at
android.content.ContentProviderNative.onTransact(ContentProviderNative.java:302)
03-05 21:59:48.795 30393 31025 E DatabaseUtils: at
android.os.Binder.execTransact(Binder.java:750)
03-05 21:59:48.804 30393 31025 E DatabaseUtils: Writing exception to parcel
03-05 21:59:48.804 30393 31025 E DatabaseUtils: java.lang.SecurityException:
Permission Denial: reading com.mbwhatsapp.contentprovider.MediaProvider uri
content://com.mbwhatsapp.provider.media/item/2abc0dca-b4de-4b31-834e-4383439efbde
from pid=1439, uid=10011 requires the provider be exported, or grantUriPermission()
03-05 21:59:48.804 30393 31025 E DatabaseUtils: at
android.content.ContentProvider.enforceReadPermissionInner(ContentProvider.java:772
)
03-05 21:59:48.804 30393 31025 E DatabaseUtils: at
android.content.ContentProvider$Transport.enforceReadPermission(ContentProvider.jav
a:535)
03-05 21:59:48.804 30393 31025 E DatabaseUtils: at
android.content.ContentProvider$Transport.enforceFilePermission(ContentProvider.jav
a:526)
03-05 21:59:48.804 30393 31025 E DatabaseUtils: at
android.content.ContentProvider$Transport.openTypedAssetFile(ContentProvider.java:4
54)
03-05 21:59:48.804 30393 31025 E DatabaseUtils: at
android.content.ContentProviderNative.onTransact(ContentProviderNative.java:302)
03-05 21:59:48.804 30393 31025 E DatabaseUtils: at
android.os.Binder.execTransact(Binder.java:750)
03-05 21:59:50.580 30393 30393 W ActivityThread: handleWindowVisibility: no
activity for token android.os.BinderProxy@b9d7436
03-05 21:59:51.042 30393 31025 E DatabaseUtils: Writing exception to parcel
03-05 21:59:51.042 30393 31025 E DatabaseUtils: java.lang.SecurityException:
Permission Denial: reading com.mbwhatsapp.contentprovider.MediaProvider uri
content://com.mbwhatsapp.provider.media/item/69b6a68d-49f3-48ed-a4a0-65964485b7bd
from pid=1439, uid=10011 requires the provider be exported, or grantUriPermission()
03-05 21:59:51.042 30393 31025 E DatabaseUtils: at
android.content.ContentProvider.enforceReadPermissionInner(ContentProvider.java:772
)
03-05 21:59:51.042 30393 31025 E DatabaseUtils: at
android.content.ContentProvider$Transport.enforceReadPermission(ContentProvider.jav
a:535)
03-05 21:59:51.042 30393 31025 E DatabaseUtils: at
android.content.ContentProvider$Transport.enforceFilePermission(ContentProvider.jav
a:526)
03-05 21:59:51.042 30393 31025 E DatabaseUtils: at
android.content.ContentProvider$Transport.openTypedAssetFile(ContentProvider.java:4
54)
03-05 21:59:51.042 30393 31025 E DatabaseUtils: at
android.content.ContentProviderNative.onTransact(ContentProviderNative.java:302)
03-05 21:59:51.042 30393 31025 E DatabaseUtils: at
android.os.Binder.execTransact(Binder.java:750)
03-05 21:59:51.043 30393 30678 E DatabaseUtils: Writing exception to parcel
03-05 21:59:51.043 30393 30678 E DatabaseUtils: java.lang.SecurityException:
Permission Denial: reading com.mbwhatsapp.contentprovider.MediaProvider uri
content://com.mbwhatsapp.provider.media/item/69b6a68d-49f3-48ed-a4a0-65964485b7bd
from pid=1439, uid=10011 requires the provider be exported, or grantUriPermission()
03-05 21:59:51.043 30393 30678 E DatabaseUtils: at
android.content.ContentProvider.enforceReadPermissionInner(ContentProvider.java:772
)
03-05 21:59:51.043 30393 30678 E DatabaseUtils: at
android.content.ContentProvider$Transport.enforceReadPermission(ContentProvider.jav
a:535)
03-05 21:59:51.043 30393 30678 E DatabaseUtils: at
android.content.ContentProvider$Transport.enforceFilePermission(ContentProvider.jav
a:526)
03-05 21:59:51.043 30393 30678 E DatabaseUtils: at
android.content.ContentProvider$Transport.openTypedAssetFile(ContentProvider.java:4
54)
03-05 21:59:51.043 30393 30678 E DatabaseUtils: at
android.content.ContentProviderNative.onTransact(ContentProviderNative.java:302)
03-05 21:59:51.043 30393 30678 E DatabaseUtils: at
android.os.Binder.execTransact(Binder.java:750)
03-05 21:59:51.051 30393 30688 E DatabaseUtils: Writing exception to parcel
03-05 21:59:51.051 30393 30688 E DatabaseUtils: java.lang.SecurityException:
Permission Denial: reading com.mbwhatsapp.contentprovider.MediaProvider uri
content://com.mbwhatsapp.provider.media/item/69b6a68d-49f3-48ed-a4a0-65964485b7bd
from pid=1439, uid=10011 requires the provider be exported, or grantUriPermission()
03-05 21:59:51.051 30393 30688 E DatabaseUtils: at
android.content.ContentProvider.enforceReadPermissionInner(ContentProvider.java:772
)
03-05 21:59:51.051 30393 30688 E DatabaseUtils: at
android.content.ContentProvider$Transport.enforceReadPermission(ContentProvider.jav
a:535)
03-05 21:59:51.051 30393 30688 E DatabaseUtils: at
android.content.ContentProvider$Transport.enforceFilePermission(ContentProvider.jav
a:526)
03-05 21:59:51.051 30393 30688 E DatabaseUtils: at
android.content.ContentProvider$Transport.openTypedAssetFile(ContentProvider.java:4
54)
03-05 21:59:51.051 30393 30688 E DatabaseUtils: at
android.content.ContentProviderNative.onTransact(ContentProviderNative.java:302)
03-05 21:59:51.051 30393 30688 E DatabaseUtils: at
android.os.Binder.execTransact(Binder.java:750)
03-05 21:59:51.068 30393 30393 E ArmVmp : Match on catch block at 0x0a in for 0xc1
03-05 21:59:51.075 30393 30393 E ArmVmp : Match on catch block at 0x0a in for 0xc9
03-05 21:59:51.718 30393 30393 E ArmVmp : Match on catch block at 0xc3 in for 0xb1
03-05 21:59:51.738 30393 30393 E ArmVmp : Match on catch block at 0xc3 in for 0xb1
03-05 21:59:51.760 30393 31025 E DatabaseUtils: Writing exception to parcel
03-05 21:59:51.760 30393 31025 E DatabaseUtils: java.lang.SecurityException:
Permission Denial: reading com.mbwhatsapp.contentprovider.MediaProvider uri
content://com.mbwhatsapp.provider.media/item/5bf137d8-dc52-4186-93c8-a71eba53dcfb
from pid=1439, uid=10011 requires the provider be exported, or grantUriPermission()
03-05 21:59:51.760 30393 31025 E DatabaseUtils: at
android.content.ContentProvider.enforceReadPermissionInner(ContentProvider.java:772
)
03-05 21:59:51.760 30393 31025 E DatabaseUtils: at
android.content.ContentProvider$Transport.enforceReadPermission(ContentProvider.jav
a:535)
03-05 21:59:51.760 30393 31025 E DatabaseUtils: at
android.content.ContentProvider$Transport.enforceFilePermission(ContentProvider.jav
a:526)
03-05 21:59:51.760 30393 31025 E DatabaseUtils: at
android.content.ContentProvider$Transport.openTypedAssetFile(ContentProvider.java:4
54)
03-05 21:59:51.760 30393 31025 E DatabaseUtils: at
android.content.ContentProviderNative.onTransact(ContentProviderNative.java:302)
03-05 21:59:51.760 30393 31025 E DatabaseUtils: at
android.os.Binder.execTransact(Binder.java:750)
03-05 21:59:51.763 30393 30688 E DatabaseUtils: Writing exception to parcel
03-05 21:59:51.763 30393 30688 E DatabaseUtils: java.lang.SecurityException:
Permission Denial: reading com.mbwhatsapp.contentprovider.MediaProvider uri
content://com.mbwhatsapp.provider.media/item/5bf137d8-dc52-4186-93c8-a71eba53dcfb
from pid=1439, uid=10011 requires the provider be exported, or grantUriPermission()
03-05 21:59:51.763 30393 30688 E DatabaseUtils: at
android.content.ContentProvider.enforceReadPermissionInner(ContentProvider.java:772
)
03-05 21:59:51.763 30393 30688 E DatabaseUtils: at
android.content.ContentProvider$Transport.enforceReadPermission(ContentProvider.jav
a:535)
03-05 21:59:51.763 30393 30688 E DatabaseUtils: at
android.content.ContentProvider$Transport.enforceFilePermission(ContentProvider.jav
a:526)
03-05 21:59:51.763 30393 30688 E DatabaseUtils: at
android.content.ContentProvider$Transport.openTypedAssetFile(ContentProvider.java:4
54)
03-05 21:59:51.763 30393 30688 E DatabaseUtils: at
android.content.ContentProviderNative.onTransact(ContentProviderNative.java:302)
03-05 21:59:51.763 30393 30688 E DatabaseUtils: at
android.os.Binder.execTransact(Binder.java:750)
03-05 21:59:52.101 30393 30393 E ArmVmp : Match on catch block at 0xc3 in for 0xa1
03-05 21:59:52.106 30393 30393 E ArmVmp : Match on catch block at 0xc3 in for 0xa5
03-05 21:59:52.109 30393 30393 E ArmVmp : Match on catch block at 0xc3 in for 0xa5
03-05 21:59:52.700 30393 30393 E ArmVmp : Match on catch block at 0xc3 in for 0xa9
03-05 21:59:52.708 30393 30393 E ArmVmp : Match on catch block at 0xc3 in for 0xa1
03-05 21:59:52.711 30393 30393 E ArmVmp : Match on catch block at 0xc3 in for 0xa1
03-05 21:59:53.073 30393 30393 E ArmVmp : Match on catch block at 0xc3 in for 0xa1
03-05 21:59:53.079 30393 30393 E ArmVmp : Match on catch block at 0xc3 in for 0xa5
03-05 21:59:53.083 30393 30393 E ArmVmp : Match on catch block at 0xc3 in for 0xa5
03-05 21:59:53.274 30393 30393 E ArmVmp : Match on catch block at 0xc3 in for 0xa1
03-05 21:59:53.281 30393 30393 E ArmVmp : Match on catch block at 0xc3 in for 0xa5
03-05 21:59:53.285 30393 30393 E ArmVmp : Match on catch block at 0xc3 in for 0xa5
03-05 21:59:53.558 30393 30393 E ArmVmp : Match on catch block at 0xc3 in for 0xa9
03-05 21:59:53.565 30393 30393 E ArmVmp : Match on catch block at 0xc3 in for 0xa1
03-05 21:59:53.569 30393 30393 E ArmVmp : Match on catch block at 0xc3 in for 0xa1
03-05 21:59:53.846 30393 30393 E ArmVmp : Match on catch block at 0xc3 in for 0xa9
03-05 21:59:53.853 30393 30393 E ArmVmp : Match on catch block at 0xc3 in for 0xa1
03-05 21:59:53.856 30393 30393 E ArmVmp : Match on catch block at 0xc3 in for 0xa1
03-05 21:59:53.934 30393 30393 E ArmVmp : Match on catch block at 0xc3 in for 0xa9
03-05 21:59:53.939 30393 30393 E ArmVmp : Match on catch block at 0xc3 in for 0xa1
03-05 21:59:53.944 30393 30393 E ArmVmp : Match on catch block at 0xc3 in for 0xa1
03-05 21:59:54.122 30393 30401 W System : A resource failed to call close.
03-05 21:59:54.258 30393 30393 E ArmVmp : Match on catch block at 0xc3 in for 0xa9
03-05 21:59:54.263 30393 30393 E ArmVmp : Match on catch block at 0xc3 in for 0xa1
03-05 21:59:54.266 30393 30393 E ArmVmp : Match on catch block at 0xc3 in for 0xa1
03-05 21:59:54.382 30393 30393 E ArmVmp : Match on catch block at 0xc3 in for 0xa9
03-05 21:59:54.387 30393 30393 E ArmVmp : Match on catch block at 0xc3 in for 0xa1
03-05 21:59:54.391 30393 30393 E ArmVmp : Match on catch block at 0xc3 in for 0xa1
03-05 21:59:54.583 30393 30393 E ArmVmp : Match on catch block at 0xc3 in for 0xa1
03-05 21:59:54.589 30393 30393 E ArmVmp : Match on catch block at 0xc3 in for 0xa5
03-05 21:59:54.592 30393 30393 E ArmVmp : Match on catch block at 0xc3 in for 0xa5
03-05 21:59:54.638 30393 30393 E ArmVmp : Match on catch block at 0xc3 in for 0xa1
03-05 21:59:54.642 30393 30393 E ArmVmp : Match on catch block at 0xc3 in for 0xa5
03-05 21:59:54.645 30393 30393 E ArmVmp : Match on catch block at 0xc3 in for 0xa5
03-05 21:59:54.824 30393 30393 E ArmVmp : Match on catch block at 0xc3 in for 0xa5
03-05 21:59:54.829 30393 30393 E ArmVmp : Match on catch block at 0xc3 in for 0xa9
03-05 21:59:54.832 30393 30393 E ArmVmp : Match on catch block at 0xc3 in for 0xa9
03-05 21:59:54.895 30393 30393 E ArmVmp : Match on catch block at 0xc3 in for 0xa1
03-05 21:59:54.900 30393 30393 E ArmVmp : Match on catch block at 0xc3 in for 0xa5
03-05 21:59:54.903 30393 30393 E ArmVmp : Match on catch block at 0xc3 in for 0xa5
03-05 21:59:54.998 30393 30401 W System : A resource failed to call close.
03-05 21:59:55.375 30393 30393 E ArmVmp : Match on catch block at 0xc3 in for 0xa5
03-05 21:59:55.382 30393 30393 E ArmVmp : Match on catch block at 0xc3 in for 0xa9
03-05 21:59:55.434 30393 30393 E ArmVmp : Match on catch block at 0xc3 in for 0xa1
03-05 21:59:55.442 30393 30393 E ArmVmp : Match on catch block at 0xc3 in for 0xa5
03-05 21:59:55.532 30393 30393 E ArmVmp : Match on catch block at 0xc3 in for 0xa5
03-05 21:59:55.540 30393 30393 E ArmVmp : Match on catch block at 0xc3 in for 0xa9
03-05 21:59:55.822 30393 30401 W System : A resource failed to call close.
03-05 21:59:55.823 30393 30401 W System : A resource failed to call close.
03-05 21:59:55.828 30393 30393 E ArmVmp : Match on catch block at 0xc3 in for 0xa9
03-05 21:59:55.834 30393 30393 E ArmVmp : Match on catch block at 0xc3 in for 0xa1
03-05 21:59:55.856 30393 30393 E ArmVmp : Match on catch block at 0xc3 in for 0xa1
03-05 21:59:55.862 30393 30393 E ArmVmp : Match on catch block at 0xc3 in for 0xa5
03-05 21:59:55.988 30393 30393 E ArmVmp : Match on catch block at 0xc3 in for 0xa9
03-05 21:59:55.993 30393 30393 E ArmVmp : Match on catch block at 0xc3 in for 0xa1
03-05 21:59:56.152 30393 30393 E ArmVmp : Match on catch block at 0xc3 in for 0xa1
03-05 21:59:56.157 30393 30393 E ArmVmp : Match on catch block at 0xc3 in for 0xa5
03-05 21:59:56.178 30393 30393 E ArmVmp : Match on catch block at 0xc3 in for 0xa1
03-05 21:59:56.186 30393 30393 E ArmVmp : Match on catch block at 0xc3 in for 0xa5
03-05 21:59:56.525 30393 30393 E ArmVmp : Match on catch block at 0xc3 in for 0xa5
03-05 21:59:56.530 30393 30393 E ArmVmp : Match on catch block at 0xc3 in for 0xa9
03-05 21:59:56.630 30393 30393 E ArmVmp : Match on catch block at 0xc3 in for 0xa1
03-05 21:59:56.635 30393 30393 E ArmVmp : Match on catch block at 0xc3 in for 0xa5
03-05 21:59:56.666 30393 30393 E ArmVmp : Match on catch block at 0xc3 in for 0xa1
03-05 21:59:56.671 30393 30393 E ArmVmp : Match on catch block at 0xc3 in for 0xa5
03-05 21:59:56.703 30393 30393 E ArmVmp : Match on catch block at 0xc3 in for 0xa1
03-05 21:59:56.709 30393 30393 E ArmVmp : Match on catch block at 0xc3 in for 0xa5
03-05 21:59:56.756 30393 30401 W System : A resource failed to call close.
03-05 21:59:56.757 30393 30401 W System : A resource failed to call close.
03-05 21:59:56.858 30393 30393 E ArmVmp : Match on catch block at 0xc3 in for 0xa1
03-05 21:59:56.863 30393 30393 E ArmVmp : Match on catch block at 0xc3 in for 0xa5
03-05 21:59:56.873 30393 30393 E ArmVmp : Match on catch block at 0xc3 in for 0xa1
03-05 21:59:56.878 30393 30393 E ArmVmp : Match on catch block at 0xc3 in for 0xa5
03-05 21:59:57.107 30393 30393 E ArmVmp : Match on catch block at 0xc3 in for 0xa5
03-05 21:59:57.112 30393 30393 E ArmVmp : Match on catch block at 0xc3 in for 0xa9
03-05 21:59:57.131 30393 30393 E ArmVmp : Match on catch block at 0xc3 in for 0xa1
03-05 21:59:57.136 30393 30393 E ArmVmp : Match on catch block at 0xc3 in for 0xa5
03-05 21:59:57.173 30393 30393 E ArmVmp : Match on catch block at 0xc3 in for 0xa1
03-05 21:59:57.178 30393 30393 E ArmVmp : Match on catch block at 0xc3 in for 0xa5
03-05 21:59:57.314 30393 30393 E ArmVmp : Match on catch block at 0xc3 in for 0xa9
03-05 21:59:57.318 30393 30393 E ArmVmp : Match on catch block at 0xc3 in for 0xa1
03-05 21:59:57.325 30393 30393 E ArmVmp : Match on catch block at 0xc3 in for 0xa9
03-05 21:59:57.329 30393 30393 E ArmVmp : Match on catch block at 0xc3 in for 0xa1
03-05 21:59:57.637 30393 30401 W System : A resource failed to call close.
03-05 21:59:57.639 30393 30401 W System : A resource failed to call close.
03-05 21:59:57.673 30393 30393 E ArmVmp : Match on catch block at 0xc3 in for 0xa9
03-05 21:59:57.677 30393 30393 E ArmVmp : Match on catch block at 0xc3 in for 0xa1
03-05 21:59:57.802 30393 30393 E ArmVmp : Match on catch block at 0xc3 in for 0xa1
03-05 21:59:57.807 30393 30393 E ArmVmp : Match on catch block at 0xc3 in for 0xa5
03-05 21:59:57.840 30393 30393 E ArmVmp : Match on catch block at 0xc3 in for 0xa1
03-05 21:59:57.846 30393 30393 E ArmVmp : Match on catch block at 0xc3 in for 0xa5
03-05 21:59:57.857 30393 30393 E ArmVmp : Match on catch block at 0xc3 in for 0xa1
03-05 21:59:57.864 30393 30393 E ArmVmp : Match on catch block at 0xc3 in for 0xa5
03-05 21:59:57.882 30393 30393 E ArmVmp : Match on catch block at 0xc3 in for 0xa1
03-05 21:59:57.888 30393 30393 E ArmVmp : Match on catch block at 0xc3 in for 0xa5
03-05 21:59:57.919 30393 30393 E ArmVmp : Match on catch block at 0xc3 in for 0xa1
03-05 21:59:57.927 30393 30393 E ArmVmp : Match on catch block at 0xc3 in for 0xa5
03-05 21:59:57.955 30393 30393 E ArmVmp : Match on catch block at 0xc3 in for 0xa1
03-05 21:59:57.964 30393 30393 E ArmVmp : Match on catch block at 0xc3 in for 0xa5
03-05 21:59:57.975 30393 30393 E ArmVmp : Match on catch block at 0xc3 in for 0xa1
03-05 21:59:57.982 30393 30393 E ArmVmp : Match on catch block at 0xc3 in for 0xa5
03-05 21:59:58.005 30393 30393 E ArmVmp : Match on catch block at 0xc3 in for 0xa1
03-05 21:59:58.015 30393 30393 E ArmVmp : Match on catch block at 0xc3 in for 0xa5
03-05 21:59:58.040 30393 30393 E ArmVmp : Match on catch block at 0xc3 in for 0xa1
03-05 21:59:58.050 30393 30393 E ArmVmp : Match on catch block at 0xc3 in for 0xa5
03-05 21:59:58.141 30393 30393 E ArmVmp : Match on catch block at 0xc3 in for 0xa1
03-05 21:59:58.150 30393 30393 E ArmVmp : Match on catch block at 0xc3 in for 0xa5
03-05 21:59:58.640 30393 30393 E ArmVmp : Match on catch block at 0xc3 in for 0xa1
03-05 21:59:58.644 30393 30393 E ArmVmp : Match on catch block at 0xc3 in for 0xa5
03-05 21:59:58.925 30393 30393 E ArmVmp : Match on catch block at 0xc3 in for 0xa5
03-05 21:59:58.933 30393 30393 E ArmVmp : Match on catch block at 0xc3 in for 0xa9
03-05 21:59:58.943 30393 30393 E ArmVmp : Match on catch block at 0xc3 in for 0xa9
03-05 21:59:58.950 30393 30393 E ArmVmp : Match on catch block at 0xc3 in for 0xa1
03-05 21:59:58.977 30393 30393 E ArmVmp : Match on catch block at 0xc3 in for 0xa5
03-05 21:59:58.984 30393 30393 E ArmVmp : Match on catch block at 0xc3 in for 0xa9
03-05 21:59:59.047 30393 30393 E ArmVmp : Match on catch block at 0xc3 in for 0xa1
03-05 21:59:59.053 30393 30393 E ArmVmp : Match on catch block at 0xc3 in for 0xa5
03-05 21:59:59.075 30393 30393 W IInputConnectionWrapper: getTextBeforeCursor on
inactive InputConnection
03-05 21:59:59.078 30393 30393 E ArmVmp : Match on catch block at 0xc3 in for 0xa9
03-05 21:59:59.084 30393 30393 E ArmVmp : Match on catch block at 0xc3 in for 0xa1
03-05 21:59:59.108 30393 30393 W IInputConnectionWrapper: getSelectedText on
inactive InputConnection
03-05 21:59:59.111 30393 30393 E ArmVmp : Match on catch block at 0xc3 in for 0xa1
03-05 21:59:59.118 30393 30393 E ArmVmp : Match on catch block at 0xc3 in for 0xa5
03-05 21:59:59.132 30393 30393 W IInputConnectionWrapper: getTextAfterCursor on
inactive InputConnection
03-05 21:59:59.135 30393 30393 E ArmVmp : Match on catch block at 0xc3 in for 0xa1
03-05 21:59:59.140 30393 30393 E ArmVmp : Match on catch block at 0xc3 in for 0xa5
03-05 21:59:59.170 30393 30393 E ArmVmp : Match on catch block at 0xc3 in for 0xa1
03-05 21:59:59.178 30393 30393 E ArmVmp : Match on catch block at 0xc3 in for 0xa5
03-05 21:59:59.200 30393 30393 E ArmVmp : Match on catch block at 0xc3 in for 0xa1
03-05 21:59:59.205 30393 30393 E ArmVmp : Match on catch block at 0xc3 in for 0xa5
03-05 21:59:59.227 30393 30393 E ArmVmp : Match on catch block at 0xc3 in for 0xa1
03-05 21:59:59.234 30393 30393 E ArmVmp : Match on catch block at 0xc3 in for 0xa5
03-05 21:59:59.408 30393 30393 E ArmVmp : Match on catch block at 0xc3 in for 0xa9
03-05 21:59:59.413 30393 30393 E ArmVmp : Match on catch block at 0xc3 in for 0xa1
03-05 21:59:59.436 30393 30393 E ArmVmp : Match on catch block at 0xc3 in for 0xa9
03-05 21:59:59.444 30393 30393 E ArmVmp : Match on catch block at 0xc3 in for 0xa1
03-05 21:59:59.524 30393 30393 E ArmVmp : Match on catch block at 0xc3 in for 0xa5
03-05 21:59:59.528 30393 30393 E ArmVmp : Match on catch block at 0xc3 in for 0xa9
03-05 21:59:59.969 30393 30393 E ArmVmp : Match on catch block at 0xc3 in for 0xa9
03-05 21:59:59.974 30393 30393 E ArmVmp : Match on catch block at 0xc3 in for 0xa1
03-05 22:00:00.010 30393 30393 E ArmVmp : Match on catch block at 0xc3 in for 0xa9
03-05 22:00:00.017 30393 30393 E ArmVmp : Match on catch block at 0xc3 in for 0xa1
03-05 22:00:00.070 30393 30393 E ArmVmp : Match on catch block at 0xc3 in for 0xa1
03-05 22:00:00.077 30393 30393 E ArmVmp : Match on catch block at 0xc3 in for 0xa5
03-05 22:00:00.099 30393 30393 E ArmVmp : Match on catch block at 0xc3 in for 0xa1
03-05 22:00:00.106 30393 30393 E ArmVmp : Match on catch block at 0xc3 in for 0xa5
03-05 22:00:00.515 30393 30393 E ArmVmp : Match on catch block at 0xc3 in for 0xa9
03-05 22:00:00.519 30393 30393 E ArmVmp : Match on catch block at 0xc3 in for 0xa1
03-05 22:00:00.527 30393 30393 E ArmVmp : Match on catch block at 0xc3 in for 0xa1
03-05 22:00:00.531 30393 30393 E ArmVmp : Match on catch block at 0xc3 in for 0xa5
03-05 22:00:00.559 30393 30393 E ArmVmp : Match on catch block at 0xc3 in for 0xa5
03-05 22:00:00.568 30393 30393 E ArmVmp : Match on catch block at 0xc3 in for 0xa9
03-05 22:00:01.058 30393 30393 E ArmVmp : Match on catch block at 0xc3 in for 0xa9
03-05 22:00:01.063 30393 30393 E ArmVmp : Match on catch block at 0xc3 in for 0xa1
03-05 22:00:01.258 30393 30393 E ArmVmp : Match on catch block at 0xc3 in for 0xa1
03-05 22:00:01.263 30393 30393 E ArmVmp : Match on catch block at 0xc3 in for 0xa5
03-05 22:00:01.552 30393 30393 E ArmVmp : Match on catch block at 0xc3 in for 0xa1
03-05 22:00:01.557 30393 30393 E ArmVmp : Match on catch block at 0xc3 in for 0xa5
03-05 22:00:01.942 30393 30393 E ArmVmp : Match on catch block at 0xc3 in for 0xa5
03-05 22:00:01.946 30393 30393 E ArmVmp : Match on catch block at 0xc3 in for 0xa9
03-05 22:00:02.069 30393 30393 E ArmVmp : Match on catch block at 0xc3 in for 0xa9
03-05 22:00:02.073 30393 30393 E ArmVmp : Match on catch block at 0xc3 in for 0xa1
03-05 22:00:02.119 30393 30393 E ArmVmp : Match on catch block at 0xc3 in for 0xa5
03-05 22:00:02.125 30393 30393 E ArmVmp : Match on catch block at 0xc3 in for 0xa9
03-05 22:00:02.373 30393 30393 E ArmVmp : Match on catch block at 0xc3 in for 0xa5
03-05 22:00:02.379 30393 30393 E ArmVmp : Match on catch block at 0xc3 in for 0xa9
03-05 22:00:02.670 30393 30393 E ArmVmp : Match on catch block at 0xc3 in for 0xa5
03-05 22:00:02.677 30393 30393 E ArmVmp : Match on catch block at 0xc3 in for 0xa9
03-05 22:00:02.713 30393 30393 E ArmVmp : Match on catch block at 0xc3 in for 0xa1
03-05 22:00:02.719 30393 30393 E ArmVmp : Match on catch block at 0xc3 in for 0xa5
03-05 22:00:02.793 30393 30393 E ArmVmp : Match on catch block at 0xc3 in for 0xa9
03-05 22:00:02.798 30393 30393 E ArmVmp : Match on catch block at 0xc3 in for 0xa1
03-05 22:00:02.911 30393 30393 E ArmVmp : Match on catch block at 0xc3 in for 0xa9
03-05 22:00:02.918 30393 30393 E ArmVmp : Match on catch block at 0xc3 in for 0xa1
03-05 22:00:02.940 30393 30393 E ArmVmp : Match on catch block at 0xc3 in for 0xa9
03-05 22:00:02.948 30393 30393 E ArmVmp : Match on catch block at 0xc3 in for 0xa1
03-05 22:00:03.343 30393 30393 E ArmVmp : Match on catch block at 0xc3 in for 0xa1
03-05 22:00:03.347 30393 30393 E ArmVmp : Match on catch block at 0xc3 in for 0xa5
03-05 22:00:04.445 30393 30393 E ArmVmp : Match on catch block at 0xc3 in for 0xa1
03-05 22:00:04.452 30393 30393 E ArmVmp : Match on catch block at 0xc3 in for 0xa5
03-05 22:00:04.488 30393 30393 E ArmVmp : Match on catch block at 0xc3 in for 0xa5
03-05 22:00:04.496 30393 30393 E ArmVmp : Match on catch block at 0xc3 in for 0xa9
03-05 22:00:04.541 30393 30393 E ArmVmp : Match on catch block at 0xc3 in for 0xa5
03-05 22:00:04.547 30393 30393 E ArmVmp : Match on catch block at 0xc3 in for 0xa9
03-05 22:00:04.589 30393 30393 E ArmVmp : Match on catch block at 0xc3 in for 0xa9
03-05 22:00:04.595 30393 30393 E ArmVmp : Match on catch block at 0xc3 in for 0xa1
03-05 22:00:04.631 30393 30393 E ArmVmp : Match on catch block at 0xc3 in for 0xa9
03-05 22:00:04.637 30393 30393 E ArmVmp : Match on catch block at 0xc3 in for 0xa1
03-05 22:00:04.683 30393 30393 E ArmVmp : Match on catch block at 0xc3 in for 0xa9
03-05 22:00:04.691 30393 30393 E ArmVmp : Match on catch block at 0xc3 in for 0xa1
03-05 22:00:04.768 30393 30393 E ArmVmp : Match on catch block at 0xc3 in for 0xa9
03-05 22:00:04.775 30393 30393 E ArmVmp : Match on catch block at 0xc3 in for 0xa1
03-05 22:00:05.270 30393 30393 W InputEventReceiver: Attempted to finish an input
event but the input event receiver has already been disposed.
03-05 22:00:05.291 30393 30393 E ArmVmp : Match on catch block at 0xc3 in for 0xa5
03-05 22:00:05.297 30393 30393 E ArmVmp : Match on catch block at 0xc3 in for 0xa9
03-05 22:00:05.498 30393 30393 E ArmVmp : Match on catch block at 0xc3 in for 0xa9
03-05 22:00:05.503 30393 30393 E ArmVmp : Match on catch block at 0xc3 in for 0xa1
03-05 22:00:05.599 30393 30393 E ArmVmp : Match on catch block at 0xc3 in for 0xa1
03-05 22:00:05.603 30393 30393 E ArmVmp : Match on catch block at 0xc3 in for 0xa5
03-05 22:00:05.619 30393 30393 E ArmVmp : Match on catch block at 0xc3 in for 0xa5
03-05 22:00:05.626 30393 30393 E ArmVmp : Match on catch block at 0xc3 in for 0xa9
03-05 22:00:05.779 30393 30393 E ArmVmp : Match on catch block at 0xc3 in for 0xa1
03-05 22:00:05.784 30393 30393 E ArmVmp : Match on catch block at 0xc3 in for 0xa5
03-05 22:00:06.279 30393 30393 E ArmVmp : Match on catch block at 0xc3 in for 0xa1
03-05 22:00:06.284 30393 30393 E ArmVmp : Match on catch block at 0xc3 in for 0xa5
03-05 22:00:06.780 30393 30393 E ArmVmp : Match on catch block at 0xc3 in for 0xa5
03-05 22:00:06.786 30393 30393 E ArmVmp : Match on catch block at 0xc3 in for 0xa9
03-05 22:00:07.130 30393 30393 E ArmVmp : Match on catch block at 0xc3 in for 0xa1
03-05 22:00:07.135 30393 30393 E ArmVmp : Match on catch block at 0xc3 in for 0xa5
03-05 22:00:07.147 30393 30393 E ArmVmp : Match on catch block at 0xc3 in for 0xa5
03-05 22:00:07.154 30393 30393 E ArmVmp : Match on catch block at 0xc3 in for 0xa9
03-05 22:00:07.169 30393 30393 E ArmVmp : Match on catch block at 0xc3 in for 0xa9
03-05 22:00:07.176 30393 30393 E ArmVmp : Match on catch block at 0xc3 in for 0xa1
03-05 22:00:07.200 30393 30393 E ArmVmp : Match on catch block at 0xc3 in for 0xa9
03-05 22:00:07.206 30393 30393 E ArmVmp : Match on catch block at 0xc3 in for 0xa1
03-05 22:00:07.238 30393 30393 E ArmVmp : Match on catch block at 0xc3 in for 0xa1
03-05 22:00:07.243 30393 30393 E ArmVmp : Match on catch block at 0xc3 in for 0xa5
03-05 22:00:07.277 30393 30393 E ArmVmp : Match on catch block at 0xc3 in for 0xa1
03-05 22:00:07.283 30393 30393 E ArmVmp : Match on catch block at 0xc3 in for 0xa5
03-05 22:00:07.317 30393 30393 E ArmVmp : Match on catch block at 0xc3 in for 0xa9
03-05 22:00:07.322 30393 30393 E ArmVmp : Match on catch block at 0xc3 in for 0xa1
03-05 22:00:07.339 30393 30393 E ArmVmp : Match on catch block at 0xc3 in for 0xa1
03-05 22:00:07.346 30393 30393 E ArmVmp : Match on catch block at 0xc3 in for 0xa5
03-05 22:00:07.363 30393 30393 E ArmVmp : Match on catch block at 0xc3 in for 0xa5
03-05 22:00:07.371 30393 30393 E ArmVmp : Match on catch block at 0xc3 in for 0xa9
03-05 22:00:07.383 30393 30393 E ArmVmp : Match on catch block at 0xc3 in for 0xa9
03-05 22:00:07.388 30393 30393 E ArmVmp : Match on catch block at 0xc3 in for 0xa1
03-05 22:00:07.816 30393 30393 E ArmVmp : Match on catch block at 0xc3 in for 0xa1
03-05 22:00:07.821 30393 30393 E ArmVmp : Match on catch block at 0xc3 in for 0xa5
03-05 22:00:08.187 30393 30393 E ArmVmp : Match on catch block at 0xc3 in for 0xa5
03-05 22:00:08.196 30393 30393 E ArmVmp : Match on catch block at 0xc3 in for 0xa9
03-05 22:00:08.235 30393 30393 E ArmVmp : Match on catch block at 0xc3 in for 0xa9
03-05 22:00:08.241 30393 30393 E ArmVmp : Match on catch block at 0xc3 in for 0xa1
03-05 22:00:08.266 30393 30393 E ArmVmp : Match on catch block at 0xc3 in for 0xa9
03-05 22:00:08.271 30393 30393 E ArmVmp : Match on catch block at 0xc3 in for 0xa1
03-05 22:00:08.319 30393 30393 E ArmVmp : Match on catch block at 0xc3 in for 0xa1
03-05 22:00:08.326 30393 30393 E ArmVmp : Match on catch block at 0xc3 in for 0xa5
03-05 22:00:08.350 30393 30393 E ArmVmp : Match on catch block at 0xc3 in for 0xa9
03-05 22:00:08.360 30393 30393 E ArmVmp : Match on catch block at 0xc3 in for 0xa1
03-05 22:00:08.398 30393 30393 E ArmVmp : Match on catch block at 0xc3 in for 0xa5
03-05 22:00:08.404 30393 30393 E ArmVmp : Match on catch block at 0xc3 in for 0xa9
03-05 22:00:08.442 30393 30393 E ArmVmp : Match on catch block at 0xc3 in for 0xa9
03-05 22:00:08.447 30393 30393 E ArmVmp : Match on catch block at 0xc3 in for 0xa1
03-05 22:00:08.656 30393 30393 E ArmVmp : Match on catch block at 0xc3 in for 0xa9
03-05 22:00:08.667 30393 30393 E ArmVmp : Match on catch block at 0xc3 in for 0xa1
03-05 22:00:08.683 30393 30393 E ArmVmp : Match on catch block at 0xc3 in for 0xa9
03-05 22:00:08.691 30393 30393 E ArmVmp : Match on catch block at 0xc3 in for 0xa1
03-05 22:00:08.701 30393 30393 E ArmVmp : Match on catch block at 0xc3 in for 0xa9
03-05 22:00:08.707 30393 30393 E ArmVmp : Match on catch block at 0xc3 in for 0xa1
03-05 22:00:08.715 30393 30393 E ArmVmp : Match on catch block at 0xc3 in for 0xa9
03-05 22:00:08.721 30393 30393 E ArmVmp : Match on catch block at 0xc3 in for 0xa1
03-05 22:00:08.733 30393 30393 E ArmVmp : Match on catch block at 0xc3 in for 0xa1
03-05 22:00:08.738 30393 30393 E ArmVmp : Match on catch block at 0xc3 in for 0xa5
03-05 22:00:08.750 30393 30393 E ArmVmp : Match on catch block at 0xc3 in for 0xa9
03-05 22:00:08.755 30393 30393 E ArmVmp : Match on catch block at 0xc3 in for 0xa1
03-05 22:00:08.771 30393 30393 E ArmVmp : Match on catch block at 0xc3 in for 0xa5
03-05 22:00:08.776 30393 30393 E ArmVmp : Match on catch block at 0xc3 in for 0xa9
03-05 22:00:08.790 30393 30393 E ArmVmp : Match on catch block at 0xc3 in for 0xa9
03-05 22:00:08.795 30393 30393 E ArmVmp : Match on catch block at 0xc3 in for 0xa1
03-05 22:00:08.810 30393 30393 E ArmVmp : Match on catch block at 0xc3 in for 0xa9
03-05 22:00:08.816 30393 30393 E ArmVmp : Match on catch block at 0xc3 in for 0xa1
03-05 22:00:08.838 30393 30393 E ArmVmp : Match on catch block at 0xc3 in for 0xa9
03-05 22:00:08.842 30393 30393 E ArmVmp : Match on catch block at 0xc3 in for 0xa1
03-05 22:00:08.850 30393 30393 E ArmVmp : Match on catch block at 0xc3 in for 0xa5
03-05 22:00:08.855 30393 30393 E ArmVmp : Match on catch block at 0xc3 in for 0xa9
03-05 22:00:08.872 30393 30393 E ArmVmp : Match on catch block at 0xc3 in for 0xa1
03-05 22:00:08.878 30393 30393 E ArmVmp : Match on catch block at 0xc3 in for 0xa5
03-05 22:00:08.895 30393 30393 E ArmVmp : Match on catch block at 0xc3 in for 0xa5
03-05 22:00:08.901 30393 30393 E ArmVmp : Match on catch block at 0xc3 in for 0xa9
03-05 22:00:08.915 30393 30393 E ArmVmp : Match on catch block at 0xc3 in for 0xa1
03-05 22:00:08.920 30393 30393 E ArmVmp : Match on catch block at 0xc3 in for 0xa5
03-05 22:00:08.937 30393 30393 E ArmVmp : Match on catch block at 0xc3 in for 0xa1
03-05 22:00:08.941 30393 30393 E ArmVmp : Match on catch block at 0xc3 in for 0xa5
03-05 22:00:08.951 30393 30393 E ArmVmp : Match on catch block at 0xc3 in for 0xa5
03-05 22:00:08.955 30393 30393 E ArmVmp : Match on catch block at 0xc3 in for 0xa9
03-05 22:00:08.968 30393 30393 E ArmVmp : Match on catch block at 0xc3 in for 0xa1
03-05 22:00:08.973 30393 30393 E ArmVmp : Match on catch block at 0xc3 in for 0xa5
03-05 22:00:08.981 30393 30393 E ArmVmp : Match on catch block at 0xc3 in for 0xa1
03-05 22:00:08.987 30393 30393 E ArmVmp : Match on catch block at 0xc3 in for 0xa5
03-05 22:00:08.997 30393 30393 E ArmVmp : Match on catch block at 0xc3 in for 0xa1
03-05 22:00:09.002 30393 30393 E ArmVmp : Match on catch block at 0xc3 in for 0xa5
03-05 22:00:09.027 30393 30393 E ArmVmp : Match on catch block at 0xc3 in for 0xa9
03-05 22:00:09.032 30393 30393 E ArmVmp : Match on catch block at 0xc3 in for 0xa1
03-05 22:00:09.047 30393 30393 E ArmVmp : Match on catch block at 0xc3 in for 0xa1
03-05 22:00:09.052 30393 30393 E ArmVmp : Match on catch block at 0xc3 in for 0xa5
03-05 22:00:09.147 30393 30393 E ArmVmp : Match on catch block at 0xc3 in for 0xa1
03-05 22:00:09.151 30393 30393 E ArmVmp : Match on catch block at 0xc3 in for 0xa5
03-05 22:00:09.532 30393 30393 E ArmVmp : Match on catch block at 0xc3 in for 0xa5
03-05 22:00:09.536 30393 30393 E ArmVmp : Match on catch block at 0xc3 in for 0xa9
03-05 22:00:09.715 30393 30393 E ArmVmp : Match on catch block at 0xc3 in for 0xa5
03-05 22:00:09.719 30393 30393 E ArmVmp : Match on catch block at 0xc3 in for 0xa9
03-05 22:00:09.899 30393 30393 E ArmVmp : Match on catch block at 0xc3 in for 0xa5
03-05 22:00:09.903 30393 30393 E ArmVmp : Match on catch block at 0xc3 in for 0xa9
03-05 22:00:10.099 30393 30393 E ArmVmp : Match on catch block at 0xc3 in for 0xa5
03-05 22:00:10.104 30393 30393 E ArmVmp : Match on catch block at 0xc3 in for 0xa9
03-05 22:00:10.199 30393 30393 E ArmVmp : Match on catch block at 0xc3 in for 0xa1
03-05 22:00:10.206 30393 30393 E ArmVmp : Match on catch block at 0xc3 in for 0xa5
03-05 22:00:10.365 30393 30393 E ArmVmp : Match on catch block at 0xc3 in for 0xa5
03-05 22:00:10.372 30393 30393 E ArmVmp : Match on catch block at 0xc3 in for 0xa9
03-05 22:00:10.551 30393 30393 E ArmVmp : Match on catch block at 0xc3 in for 0xa9
03-05 22:00:10.558 30393 30393 E ArmVmp : Match on catch block at 0xc3 in for 0xa1
03-05 22:00:10.699 30393 30393 E ArmVmp : Match on catch block at 0xc3 in for 0xa1
03-05 22:00:10.706 30393 30393 E ArmVmp : Match on catch block at 0xc3 in for 0xa5
03-05 22:00:10.882 30393 30393 E ArmVmp : Match on catch block at 0xc3 in for 0xa9
03-05 22:00:10.888 30393 30393 E ArmVmp : Match on catch block at 0xc3 in for 0xa1
03-05 22:00:11.086 30393 30393 E ArmVmp : Match on catch block at 0xc3 in for 0xa9
03-05 22:00:11.092 30393 30393 E ArmVmp : Match on catch block at 0xc3 in for 0xa1
03-05 22:00:11.200 30393 30393 E ArmVmp : Match on catch block at 0xc3 in for 0xa5
03-05 22:00:11.205 30393 30393 E ArmVmp : Match on catch block at 0xc3 in for 0xa9
03-05 22:00:11.336 30393 30393 E ArmVmp : Match on catch block at 0xc3 in for 0xa1
03-05 22:00:11.342 30393 30393 E ArmVmp : Match on catch block at 0xc3 in for 0xa5
03-05 22:00:11.599 30393 30393 E ArmVmp : Match on catch block at 0xc3 in for 0xa9
03-05 22:00:11.605 30393 30393 E ArmVmp : Match on catch block at 0xc3 in for 0xa1
03-05 22:00:12.101 30393 30393 E ArmVmp : Match on catch block at 0xc3 in for 0xa5
03-05 22:00:12.107 30393 30393 E ArmVmp : Match on catch block at 0xc3 in for 0xa9
03-05 22:00:12.166 30393 30393 E ArmVmp : Match on catch block at 0xc3 in for 0xa1
03-05 22:00:12.173 30393 30393 E ArmVmp : Match on catch block at 0xc3 in for 0xa5
03-05 22:00:12.782 30393 30393 E ArmVmp : Match on catch block at 0xc3 in for 0xa5
03-05 22:00:12.786 30393 30393 E ArmVmp : Match on catch block at 0xc3 in for 0xa9
03-05 22:00:12.832 30393 30393 E ArmVmp : Match on catch block at 0xc3 in for 0xa5
03-05 22:00:12.837 30393 30393 E ArmVmp : Match on catch block at 0xc3 in for 0xa9
03-05 22:00:12.894 30393 30393 E ArmVmp : Match on catch block at 0xc3 in for 0xa9
03-05 22:00:12.899 30393 30393 E ArmVmp : Match on catch block at 0xc3 in for 0xa1
03-05 22:00:12.966 30393 30393 E ArmVmp : Match on catch block at 0xc3 in for 0xa1
03-05 22:00:12.971 30393 30393 E ArmVmp : Match on catch block at 0xc3 in for 0xa5
03-05 22:00:13.104 30393 30393 E ArmVmp : Match on catch block at 0xc3 in for 0xa5
03-05 22:00:13.109 30393 30393 E ArmVmp : Match on catch block at 0xc3 in for 0xa9
03-05 22:00:13.580 30393 30393 E ArmVmp : Match on catch block at 0xc3 in for 0xa5
03-05 22:00:13.584 30393 30393 E ArmVmp : Match on catch block at 0xc3 in for 0xa9
03-05 22:00:13.603 30393 30393 E ArmVmp : Match on catch block at 0xc3 in for 0xa5
03-05 22:00:13.611 30393 30393 E ArmVmp : Match on catch block at 0xc3 in for 0xa9
03-05 22:00:13.662 30393 30393 E ArmVmp : Match on catch block at 0xc3 in for 0xa1
03-05 22:00:13.666 30393 30393 E ArmVmp : Match on catch block at 0xc3 in for 0xa5
03-05 22:00:13.688 30393 30393 E ArmVmp : Match on catch block at 0xc3 in for 0xa5
03-05 22:00:13.693 30393 30393 E ArmVmp : Match on catch block at 0xc3 in for 0xa9
03-05 22:00:13.767 30393 30393 E ArmVmp : Match on catch block at 0xc3 in for 0xa9
03-05 22:00:13.774 30393 30393 E ArmVmp : Match on catch block at 0xc3 in for 0xa1
03-05 22:00:13.944 30393 30393 E ArmVmp : Match on catch block at 0xc3 in for 0xa1
03-05 22:00:13.946 30393 30393 E ArmVmp : Match on catch block at 0xc3 in for 0xa5
03-05 22:00:13.952 30393 30393 E ArmVmp : Match on catch block at 0xc3 in for 0xa1
03-05 22:00:13.956 30393 30393 E ArmVmp : Match on catch block at 0xc3 in for 0xa5
03-05 22:00:14.269 30393 30393 E ArmVmp : Match on catch block at 0xc3 in for 0xa9
03-05 22:00:14.274 30393 30393 E ArmVmp : Match on catch block at 0xc3 in for 0xa1
03-05 22:00:14.453 30393 30393 E ArmVmp : Match on catch block at 0xc3 in for 0xa1
03-05 22:00:14.458 30393 30393 E ArmVmp : Match on catch block at 0xc3 in for 0xa5
03-05 22:00:14.551 30393 30393 E ArmVmp : Match on catch block at 0xc3 in for 0xa1
03-05 22:00:14.558 30393 30393 E ArmVmp : Match on catch block at 0xc3 in for 0xa5
03-05 22:00:14.718 30393 30393 E ArmVmp : Match on catch block at 0xc3 in for 0xa1
03-05 22:00:14.724 30393 30393 E ArmVmp : Match on catch block at 0xc3 in for 0xa5
03-05 22:00:14.920 30393 30393 E ArmVmp : Match on catch block at 0xc3 in for 0xa5
03-05 22:00:14.925 30393 30393 E ArmVmp : Match on catch block at 0xc3 in for 0xa9
03-05 22:00:14.945 30393 30393 E ArmVmp : Match on catch block at 0xc3 in for 0xa1
03-05 22:00:14.952 30393 30393 E ArmVmp : Match on catch block at 0xc3 in for 0xa5
03-05 22:00:14.975 30393 30393 E ArmVmp : Match on catch block at 0xc3 in for 0xa9
03-05 22:00:14.981 30393 30393 E ArmVmp : Match on catch block at 0xc3 in for 0xa1
03-05 22:00:15.052 30393 30393 E ArmVmp : Match on catch block at 0xc3 in for 0xa1
03-05 22:00:15.059 30393 30393 E ArmVmp : Match on catch block at 0xc3 in for 0xa5
03-05 22:00:15.252 30393 30393 E ArmVmp : Match on catch block at 0xc3 in for 0xa5
03-05 22:00:15.258 30393 30393 E ArmVmp : Match on catch block at 0xc3 in for 0xa9
03-05 22:00:15.469 30393 30393 E ArmVmp : Match on catch block at 0xc3 in for 0xa5
03-05 22:00:15.473 30393 30393 E ArmVmp : Match on catch block at 0xc3 in for 0xa9
03-05 22:00:15.970 30393 30393 E ArmVmp : Match on catch block at 0xc3 in for 0xa5
03-05 22:00:15.975 30393 30393 E ArmVmp : Match on catch block at 0xc3 in for 0xa9
03-05 22:00:16.121 30393 30393 E ArmVmp : Match on catch block at 0xc3 in for 0xa9
03-05 22:00:16.127 30393 30393 E ArmVmp : Match on catch block at 0xc3 in for 0xa1
03-05 22:00:16.329 30393 30393 E ArmVmp : Match on catch block at 0xc3 in for 0xa1
03-05 22:00:16.334 30393 30393 E ArmVmp : Match on catch block at 0xc3 in for 0xa5
03-05 22:00:16.347 30393 30393 E ArmVmp : Match on catch block at 0xc3 in for 0xa1
03-05 22:00:16.352 30393 30393 E ArmVmp : Match on catch block at 0xc3 in for 0xa5
03-05 22:00:16.509 30393 30393 E ArmVmp : Match on catch block at 0xc3 in for 0xa1
03-05 22:00:16.512 30393 30393 E ArmVmp : Match on catch block at 0xc3 in for 0xa5
03-05 22:00:16.528 30393 30393 E ArmVmp : Match on catch block at 0xc3 in for 0xa1
03-05 22:00:16.534 30393 30393 E ArmVmp : Match on catch block at 0xc3 in for 0xa5
03-05 22:00:16.586 30393 30393 E ArmVmp : Match on catch block at 0xc3 in for 0xa5
03-05 22:00:16.591 30393 30393 E ArmVmp : Match on catch block at 0xc3 in for 0xa9
03-05 22:00:16.969 30393 30393 E ArmVmp : Match on catch block at 0xc3 in for 0xa5
03-05 22:00:16.973 30393 30393 E ArmVmp : Match on catch block at 0xc3 in for 0xa9
03-05 22:00:17.201 30393 30393 E ArmVmp : Match on catch block at 0xc3 in for 0xa5
03-05 22:00:17.206 30393 30393 E ArmVmp : Match on catch block at 0xc3 in for 0xa9
03-05 22:00:17.368 30393 30393 E ArmVmp : Match on catch block at 0xc3 in for 0xa5
03-05 22:00:17.372 30393 30393 E ArmVmp : Match on catch block at 0xc3 in for 0xa9
03-05 22:00:17.386 30393 30393 E ArmVmp : Match on catch block at 0xc3 in for 0xa5
03-05 22:00:17.392 30393 30393 E ArmVmp : Match on catch block at 0xc3 in for 0xa9
03-05 22:00:17.538 30393 30393 E ArmVmp : Match on catch block at 0xc3 in for 0xa5
03-05 22:00:17.543 30393 30393 E ArmVmp : Match on catch block at 0xc3 in for 0xa9
03-05 22:00:18.054 30393 30393 E ArmVmp : Match on catch block at 0xc3 in for 0xa9
03-05 22:00:18.059 30393 30393 E ArmVmp : Match on catch block at 0xc3 in for 0xa1
03-05 22:00:18.554 30393 30393 E ArmVmp : Match on catch block at 0xc3 in for 0xa9
03-05 22:00:18.559 30393 30393 E ArmVmp : Match on catch block at 0xc3 in for 0xa1
03-05 22:00:18.737 30393 30393 E ArmVmp : Match on catch block at 0xc3 in for 0xa9
03-05 22:00:18.742 30393 30393 E ArmVmp : Match on catch block at 0xc3 in for 0xa1
03-05 22:00:18.921 30393 30393 E ArmVmp : Match on catch block at 0xc3 in for 0xa9
03-05 22:00:18.926 30393 30393 E ArmVmp : Match on catch block at 0xc3 in for 0xa1
03-05 22:00:18.938 30393 30393 E ArmVmp : Match on catch block at 0xc3 in for 0xa9
03-05 22:00:18.945 30393 30393 E ArmVmp : Match on catch block at 0xc3 in for 0xa1
03-05 22:00:18.963 30393 30393 E ArmVmp : Match on catch block at 0xc3 in for 0xa9
03-05 22:00:18.969 30393 30393 E ArmVmp : Match on catch block at 0xc3 in for 0xa1
03-05 22:00:18.987 30393 30393 E ArmVmp : Match on catch block at 0xc3 in for 0xa9
03-05 22:00:18.991 30393 30393 E ArmVmp : Match on catch block at 0xc3 in for 0xa1
03-05 22:00:19.014 30393 30393 E ArmVmp : Match on catch block at 0xc3 in for 0xa9
03-05 22:00:19.019 30393 30393 E ArmVmp : Match on catch block at 0xc3 in for 0xa1
