03-05 22:00:48.280 30393 30393 E ArmVmp : Match on catch block at 0xc3 in for 0xa9
03-05 22:00:48.422 30393 30393 E ArmVmp : Match on catch block at 0xc3 in for 0xa9
03-05 22:00:48.427 30393 30393 E ArmVmp : Match on catch block at 0xc3 in for 0xa1
03-05 22:00:48.461 30393 30393 E ArmVmp : Match on catch block at 0xc3 in for 0xa5
03-05 22:00:48.468 30393 30393 E ArmVmp : Match on catch block at 0xc3 in for 0xa9
03-05 22:00:48.481 30393 30393 E ArmVmp : Match on catch block at 0xc3 in for 0xa9
03-05 22:00:48.488 30393 30393 E ArmVmp : Match on catch block at 0xc3 in for 0xa1
03-05 22:00:48.508 30393 30401 W System : A resource failed to call close.
03-05 22:00:48.509 30393 30401 W System : A resource failed to call close.
03-05 22:00:48.714 30393 30393 E ArmVmp : Match on catch block at 0xc3 in for 0xa5
03-05 22:00:48.718 30393 30393 E ArmVmp : Match on catch block at 0xc3 in for 0xa9
03-05 22:00:48.725 30393 30393 E ArmVmp : Match on catch block at 0xc3 in for 0xa9
03-05 22:00:48.729 30393 30393 E ArmVmp : Match on catch block at 0xc3 in for 0xa1
03-05 22:00:48.808 30393 30393 E ArmVmp : Match on catch block at 0xc3 in for 0xa1
03-05 22:00:48.813 30393 30393 E ArmVmp : Match on catch block at 0xc3 in for 0xa5
03-05 22:00:49.098 30393 30393 E ArmVmp : Match on catch block at 0xc3 in for 0xa9
03-05 22:00:49.101 30393 30393 E ArmVmp : Match on catch block at 0xc3 in for 0xa1
03-05 22:00:49.108 30393 30393 E ArmVmp : Match on catch block at 0xc3 in for 0xa1
03-05 22:00:49.114 30393 30393 E ArmVmp : Match on catch block at 0xc3 in for 0xa5
03-05 22:00:49.242 30393 30393 E ArmVmp : Match on catch block at 0xc3 in for 0xa5
03-05 22:00:49.246 30393 30393 E ArmVmp : Match on catch block at 0xc3 in for 0xa9
03-05 22:00:49.288 30393 30393 E ArmVmp : Match on catch block at 0xc3 in for 0xa5
03-05 22:00:49.292 30393 30393 E ArmVmp : Match on catch block at 0xc3 in for 0xa9
03-05 22:00:49.307 30393 30393 W com.mbwhatsapp: type=1400 audit(0.0:28269): avc:
denied { read } for name="u:object_r:graphics_debug_prop:s0" dev="tmpfs" ino=12588
scontext=u:r:untrusted_app:s0:c143,c256,c512,c768
tcontext=u:object_r:graphics_debug_prop:s0 tclass=file permissive=0
03-05 22:00:49.307 30393 30393 W com.mbwhatsapp: type=1400 audit(0.0:28270): avc:
denied { read } for name="u:object_r:debug_bq_dump_prop:s0" dev="tmpfs" ino=12547
scontext=u:r:untrusted_app:s0:c143,c256,c512,c768
tcontext=u:object_r:debug_bq_dump_prop:s0 tclass=file permissive=0
03-05 22:00:49.310 30393 30393 E libc : Access denied finding property
"vendor.debug.sf.stc_interval"
03-05 22:00:49.310 30393 30393 E libc : Access denied finding property
"vendor.debug.bq.dump"
03-05 22:00:49.311 30393 30393 W com.mbwhatsapp: type=1400 audit(0.0:28271): avc:
denied { read } for name="u:object_r:debug_bq_dump_prop:s0" dev="tmpfs" ino=12547
scontext=u:r:untrusted_app:s0:c143,c256,c512,c768
tcontext=u:object_r:debug_bq_dump_prop:s0 tclass=file permissive=0
03-05 22:00:49.311 30393 30393 W com.mbwhatsapp: type=1400 audit(0.0:28272): avc:
denied { read } for name="u:object_r:graphics_debug_prop:s0" dev="tmpfs" ino=12588
scontext=u:r:untrusted_app:s0:c143,c256,c512,c768
tcontext=u:object_r:graphics_debug_prop:s0 tclass=file permissive=0
03-05 22:00:49.311 30393 30393 E libc : Access denied finding property
"vendor.debug.bq.dump"
03-05 22:00:49.311 30393 30393 E libc : Access denied finding property
"vendor.debug.bq.line"
03-05 22:00:49.315 30393 30393 W RenderThread: type=1400 audit(0.0:28273): avc:
denied { read } for name="u:object_r:graphics_debug_prop:s0" dev="tmpfs" ino=12588
scontext=u:r:untrusted_app:s0:c143,c256,c512,c768
tcontext=u:object_r:graphics_debug_prop:s0 tclass=file permissive=0
03-05 22:00:49.316 30393 30471 E libc : Access denied finding property
"vendor.debug.bq.line"
03-05 22:00:49.351 30393 30393 W ActivityThread: handleWindowVisibility: no
activity for token android.os.BinderProxy@aef8574
03-05 22:00:49.560 30393 30393 W ResourceType: Bad XML block: header size 18254 or
total size 169478669 is larger than data size 380
03-05 22:00:49.566 30393 30393 W ResourceType: Bad XML block: header size 18254 or
total size 169478669 is larger than data size 431
03-05 22:00:49.584 30393 30393 W ResourceType: Bad XML block: header size 18254 or
total size 169478669 is larger than data size 677
03-05 22:00:49.590 30393 30393 W ResourceType: Bad XML block: header size 18254 or
total size 169478669 is larger than data size 248
03-05 22:00:49.602 30393 30393 W ResourceType: Bad XML block: header size 18254 or
total size 169478669 is larger than data size 571
03-05 22:00:49.613 30393 30393 W ResourceType: Bad XML block: header size 18254 or
total size 169478669 is larger than data size 333
03-05 22:00:49.619 30393 30393 W ResourceType: Bad XML block: header size 18254 or
total size 169478669 is larger than data size 650
03-05 22:00:49.625 30393 30393 W ResourceType: Bad XML block: header size 18254 or
total size 169478669 is larger than data size 1150
03-05 22:00:49.631 30393 30393 W ResourceType: Bad XML block: header size 18254 or
total size 169478669 is larger than data size 491
03-05 22:00:49.638 30393 30393 W ResourceType: Bad XML block: header size 18254 or
total size 169478669 is larger than data size 1150
03-05 22:00:49.643 30393 30393 W ResourceType: Bad XML block: header size 18254 or
total size 169478669 is larger than data size 659
03-05 22:00:49.649 30393 30393 W ResourceType: Bad XML block: header size 18254 or
total size 169478669 is larger than data size 593
03-05 22:00:49.697 30393 30393 W ResourceType: Bad XML block: header size 18254 or
total size 169478669 is larger than data size 473
03-05 22:00:49.704 30393 30393 W ResourceType: Bad XML block: header size 18254 or
total size 169478669 is larger than data size 510
03-05 22:00:49.798 30393 30393 W ResourceType: Bad XML block: header size 18254 or
total size 169478669 is larger than data size 473
03-05 22:00:49.851 30393 30393 E ArmVmp : Match on catch block at 0xc3 in for 0xa1
03-05 22:00:49.855 30393 30393 E ArmVmp : Match on catch block at 0xc3 in for 0xa5
03-05 22:00:49.896 30393 30401 W System : A resource failed to call close.
03-05 22:00:49.897 30393 30401 W System : A resource failed to call close.
03-05 22:00:49.898 30393 30401 W System : A resource failed to call close.
03-05 22:00:49.898 30393 30401 W System : A resource failed to call close.
03-05 22:00:49.937 30393 30393 W View : requestLayout() improperly called by
android.widget.Space{f110ca I.ED..... ......I. 24,72-32,80 #7f0b00ba
app:id/action_tile_spacing} during layout: running second layout pass
03-05 22:00:49.937 30393 30393 W View : requestLayout() improperly called by
android.widget.Space{ffde23b I.ED..... ......I. 24,72-32,80 #7f0b00ba
app:id/action_tile_spacing} during layout: running second layout pass
03-05 22:00:50.211 30393 30393 E ArmVmp : Match on catch block at 0xc3 in for 0xa1
03-05 22:00:50.216 30393 30393 E ArmVmp : Match on catch block at 0xc3 in for 0xa5
03-05 22:00:50.225 30393 30393 W ResourceType: Bad XML block: header size 18254 or
total size 169478669 is larger than data size 853
03-05 22:00:50.275 30393 30393 E ArmVmp : Match on catch block at 0xc3 in for 0xa5
03-05 22:00:50.279 30393 30393 E ArmVmp : Match on catch block at 0xc3 in for 0xa9
03-05 22:00:50.321 30393 30393 W ResourceType: Bad XML block: header size 18254 or
total size 169478669 is larger than data size 853
03-05 22:00:50.634 30393 30393 E ArmVmp : Match on catch block at 0xc3 in for 0xa1
03-05 22:00:50.639 30393 30393 E ArmVmp : Match on catch block at 0xc3 in for 0xa5
03-05 22:00:50.680 30393 30393 E ArmVmp : Match on catch block at 0xc3 in for 0xa9
03-05 22:00:50.687 30393 30393 E ArmVmp : Match on catch block at 0xc3 in for 0xa1
03-05 22:00:50.692 30393 30401 W System : A resource failed to call close.
03-05 22:00:50.693 30393 30401 W System : A resource failed to call close.
03-05 22:00:50.695 30393 30393 W ResourceType: Bad XML block: header size 18254 or
total size 169478669 is larger than data size 853
03-05 22:00:50.743 30393 30393 E ArmVmp : Match on catch block at 0xc3 in for 0xa1
03-05 22:00:50.749 30393 30393 E ArmVmp : Match on catch block at 0xc3 in for 0xa5
03-05 22:00:50.806 30393 30393 E ArmVmp : Match on catch block at 0xc3 in for 0xa5
03-05 22:00:50.811 30393 30393 E ArmVmp : Match on catch block at 0xc3 in for 0xa9
03-05 22:00:55.384 30393 30401 W System : A resource failed to call close.
03-05 22:00:55.385 30393 30401 W System : A resource failed to call close.
03-05 22:00:55.560 30393 30393 W View : requestLayout() improperly called by
com.mbwhatsapp.TextEmojiLabel{8c6ca87 VFED..C.. ......ID 0,0-399,57 #7f0b06ab
app:id/conversation_contact_name} during layout: running second layout pass
03-05 22:00:58.104 30393 30393 E com.mbwhatsapp: Invalid ID 0x00000000.
03-05 22:00:59.892 30393 30393 E ArmVmp : Match on catch block at 0x0a in for 0xc1
03-05 22:00:59.905 30393 30393 E ArmVmp : Match on catch block at 0x0a in for 0xc9
03-05 22:01:00.136 30393 30393 E ArmVmp : Match on catch block at 0xc3 in for 0xa5
03-05 22:01:00.140 30393 30393 E ArmVmp : Match on catch block at 0xc3 in for 0xa9
03-05 22:01:00.143 30393 30393 W com.mbwhatsapp: type=1400 audit(0.0:28276): avc:
denied { read } for name="u:object_r:graphics_debug_prop:s0" dev="tmpfs" ino=12588
scontext=u:r:untrusted_app:s0:c143,c256,c512,c768
tcontext=u:object_r:graphics_debug_prop:s0 tclass=file permissive=0
03-05 22:01:00.143 30393 30393 W com.mbwhatsapp: type=1400 audit(0.0:28277): avc:
denied { read } for name="u:object_r:debug_bq_dump_prop:s0" dev="tmpfs" ino=12547
scontext=u:r:untrusted_app:s0:c143,c256,c512,c768
tcontext=u:object_r:debug_bq_dump_prop:s0 tclass=file permissive=0
03-05 22:01:00.143 30393 30393 W com.mbwhatsapp: type=1400 audit(0.0:28278): avc:
denied { read } for name="u:object_r:debug_bq_dump_prop:s0" dev="tmpfs" ino=12547
scontext=u:r:untrusted_app:s0:c143,c256,c512,c768
tcontext=u:object_r:debug_bq_dump_prop:s0 tclass=file permissive=0
03-05 22:01:00.143 30393 30393 W com.mbwhatsapp: type=1400 audit(0.0:28279): avc:
denied { read } for name="u:object_r:graphics_debug_prop:s0" dev="tmpfs" ino=12588
scontext=u:r:untrusted_app:s0:c143,c256,c512,c768
tcontext=u:object_r:graphics_debug_prop:s0 tclass=file permissive=0
03-05 22:01:00.143 30393 30393 W RenderThread: type=1400 audit(0.0:28280): avc:
denied { read } for name="u:object_r:graphics_debug_prop:s0" dev="tmpfs" ino=12588
scontext=u:r:untrusted_app:s0:c143,c256,c512,c768
tcontext=u:object_r:graphics_debug_prop:s0 tclass=file permissive=0
03-05 22:01:00.144 30393 30393 E libc : Access denied finding property
"vendor.debug.sf.stc_interval"
03-05 22:01:00.144 30393 30393 E libc : Access denied finding property
"vendor.debug.bq.dump"
03-05 22:01:00.145 30393 30393 E libc : Access denied finding property
"vendor.debug.bq.dump"
03-05 22:01:00.145 30393 30393 E libc : Access denied finding property
"vendor.debug.bq.line"
03-05 22:01:00.146 30393 30471 E libc : Access denied finding property
"vendor.debug.bq.line"
03-05 22:01:00.266 30393 30393 E ArmVmp : Match on catch block at 0xc3 in for 0xa5
03-05 22:01:00.271 30393 30393 E ArmVmp : Match on catch block at 0xc3 in for 0xa9
03-05 22:01:00.374 30393 30393 E ArmVmp : Match on catch block at 0xc3 in for 0xa5
03-05 22:01:00.378 30393 30393 E ArmVmp : Match on catch block at 0xc3 in for 0xa9
03-05 22:01:00.586 30393 30393 E ArmVmp : Match on catch block at 0xc3 in for 0xa9
03-05 22:01:00.594 30393 30393 E ArmVmp : Match on catch block at 0xc3 in for 0xa1
03-05 22:01:00.643 30393 30393 E ArmVmp : Match on catch block at 0xc3 in for 0xa1
03-05 22:01:00.648 30393 30393 E ArmVmp : Match on catch block at 0xc3 in for 0xa5
03-05 22:01:00.713 30393 30393 E ArmVmp : Match on catch block at 0xc3 in for 0xa1
03-05 22:01:00.717 30393 30393 E ArmVmp : Match on catch block at 0xc3 in for 0xa5
03-05 22:01:00.747 30393 30393 E ArmVmp : Match on catch block at 0xc3 in for 0xa5
03-05 22:01:00.750 30393 30393 E ArmVmp : Match on catch block at 0xc3 in for 0xa9
03-05 22:01:00.768 30393 30393 E ArmVmp : Match on catch block at 0xc3 in for 0xa9
03-05 22:01:00.773 30393 30393 E ArmVmp : Match on catch block at 0xc3 in for 0xa1
03-05 22:01:00.790 30393 30393 E ArmVmp : Match on catch block at 0xc3 in for 0xa5
03-05 22:01:00.794 30393 30393 E ArmVmp : Match on catch block at 0xc3 in for 0xa9
03-05 22:01:00.812 30393 30393 E ArmVmp : Match on catch block at 0xc3 in for 0xa9
03-05 22:01:00.815 30393 30393 E ArmVmp : Match on catch block at 0xc3 in for 0xa1
03-05 22:01:00.894 30393 30393 E ArmVmp : Match on catch block at 0xc3 in for 0xa5
03-05 22:01:00.898 30393 30393 E ArmVmp : Match on catch block at 0xc3 in for 0xa9
03-05 22:01:00.973 30393 30393 E ArmVmp : Match on catch block at 0xc3 in for 0xa1
03-05 22:01:00.977 30393 30393 E ArmVmp : Match on catch block at 0xc3 in for 0xa5
03-05 22:01:01.089 30393 30393 E ArmVmp : Match on catch block at 0xc3 in for 0xa1
03-05 22:01:01.093 30393 30393 E ArmVmp : Match on catch block at 0xc3 in for 0xa5
03-05 22:01:01.173 30393 30393 E ArmVmp : Match on catch block at 0xc3 in for 0xa5
03-05 22:01:01.177 30393 30393 E ArmVmp : Match on catch block at 0xc3 in for 0xa9
03-05 22:01:01.198 30393 30393 E ArmVmp : Match on catch block at 0xc3 in for 0xa1
03-05 22:01:01.204 30393 30393 E ArmVmp : Match on catch block at 0xc3 in for 0xa5
03-05 22:01:01.452 30393 30393 E ArmVmp : Match on catch block at 0xc3 in for 0xa9
03-05 22:01:01.457 30393 30393 E ArmVmp : Match on catch block at 0xc3 in for 0xa1
03-05 22:01:01.798 30393 31807 W MediaPlayer: Use of stream types is deprecated for
operations other than volume control
03-05 22:01:01.798 30393 31807 W MediaPlayer: See the documentation of
setAudioStreamType() for what to use instead with android.media.AudioAttributes to
qualify your playback use case
03-05 22:01:01.802 30393 31807 E AudioFeatures: Application cannot support or
Zenmode close
03-05 22:01:01.926 30393 30393 E ArmVmp : Match on catch block at 0xc3 in for 0xa9
03-05 22:01:01.931 30393 30393 E ArmVmp : Match on catch block at 0xc3 in for 0xa1
03-05 22:01:01.980 30393 30393 E ArmVmp : Match on catch block at 0xc3 in for 0xa5
03-05 22:01:01.984 30393 30393 E ArmVmp : Match on catch block at 0xc3 in for 0xa9
03-05 22:01:02.017 30393 30393 E ArmVmp : Match on catch block at 0xc3 in for 0xa5
03-05 22:01:02.021 30393 30393 E ArmVmp : Match on catch block at 0xc3 in for 0xa9
03-05 22:01:02.032 30393 30393 E ArmVmp : Match on catch block at 0xc3 in for 0xa5
03-05 22:01:02.037 30393 30393 E ArmVmp : Match on catch block at 0xc3 in for 0xa9
03-05 22:01:02.050 30393 30393 E ArmVmp : Match on catch block at 0xc3 in for 0xa9
03-05 22:01:02.054 30393 30393 E ArmVmp : Match on catch block at 0xc3 in for 0xa1
03-05 22:01:02.067 30393 30393 E ArmVmp : Match on catch block at 0xc3 in for 0xa1
03-05 22:01:02.072 30393 30393 E ArmVmp : Match on catch block at 0xc3 in for 0xa5
03-05 22:01:02.085 30393 30393 E ArmVmp : Match on catch block at 0xc3 in for 0xa5
03-05 22:01:02.089 30393 30393 E ArmVmp : Match on catch block at 0xc3 in for 0xa9
03-05 22:01:02.102 30393 30393 E ArmVmp : Match on catch block at 0xc3 in for 0xa9
03-05 22:01:02.106 30393 30393 E ArmVmp : Match on catch block at 0xc3 in for 0xa1
03-05 22:01:02.117 30393 30393 E ArmVmp : Match on catch block at 0xc3 in for 0xa1
03-05 22:01:02.121 30393 30393 E ArmVmp : Match on catch block at 0xc3 in for 0xa5
03-05 22:01:02.133 30393 30393 E ArmVmp : Match on catch block at 0xc3 in for 0xa5
03-05 22:01:02.137 30393 30393 E ArmVmp : Match on catch block at 0xc3 in for 0xa9
03-05 22:01:02.151 30393 30393 E ArmVmp : Match on catch block at 0xc3 in for 0xa9
03-05 22:01:02.155 30393 30393 E ArmVmp : Match on catch block at 0xc3 in for 0xa1
03-05 22:01:02.167 30393 30393 E ArmVmp : Match on catch block at 0xc3 in for 0xa1
03-05 22:01:02.171 30393 30393 E ArmVmp : Match on catch block at 0xc3 in for 0xa5
03-05 22:01:02.184 30393 30393 E ArmVmp : Match on catch block at 0xc3 in for 0xa5
03-05 22:01:02.188 30393 30393 E ArmVmp : Match on catch block at 0xc3 in for 0xa9
03-05 22:01:02.201 30393 30393 E ArmVmp : Match on catch block at 0xc3 in for 0xa9
03-05 22:01:02.206 30393 30393 E ArmVmp : Match on catch block at 0xc3 in for 0xa1
03-05 22:01:02.218 30393 30393 E ArmVmp : Match on catch block at 0xc3 in for 0xa5
03-05 22:01:02.223 30393 30393 E ArmVmp : Match on catch block at 0xc3 in for 0xa9
03-05 22:01:02.235 30393 30393 E ArmVmp : Match on catch block at 0xc3 in for 0xa9
03-05 22:01:02.239 30393 30393 E ArmVmp : Match on catch block at 0xc3 in for 0xa1
03-05 22:01:02.251 30393 30393 E ArmVmp : Match on catch block at 0xc3 in for 0xa1
03-05 22:01:02.255 30393 30393 E ArmVmp : Match on catch block at 0xc3 in for 0xa5
03-05 22:01:02.268 30393 30393 E ArmVmp : Match on catch block at 0xc3 in for 0xa5
03-05 22:01:02.272 30393 30393 E ArmVmp : Match on catch block at 0xc3 in for 0xa9
03-05 22:01:02.519 30393 30393 E ArmVmp : Match on catch block at 0xc3 in for 0xa9
03-05 22:01:02.524 30393 30393 E ArmVmp : Match on catch block at 0xc3 in for 0xa1
03-05 22:01:02.932 30393 31807 W MediaPlayer: Use of stream types is deprecated for
operations other than volume control
03-05 22:01:02.932 30393 31807 W MediaPlayer: See the documentation of
setAudioStreamType() for what to use instead with android.media.AudioAttributes to
qualify your playback use case
03-05 22:01:02.936 30393 31807 E AudioFeatures: Application cannot support or
Zenmode close
03-05 22:01:03.003 30393 30393 E ArmVmp : Match on catch block at 0xc3 in for 0xa5
03-05 22:01:03.009 30393 30393 E ArmVmp : Match on catch block at 0xc3 in for 0xa9
03-05 22:01:03.059 30393 30393 E ArmVmp : Match on catch block at 0xc3 in for 0xa5
03-05 22:01:03.066 30393 30393 E ArmVmp : Match on catch block at 0xc3 in for 0xa9
03-05 22:01:03.106 30393 30393 W PlayerBase: baseStop state not match:0
03-05 22:01:03.109 30393 30393 E ArmVmp : Match on catch block at 0xc3 in for 0xa9
03-05 22:01:03.113 30393 30393 E ArmVmp : Match on catch block at 0xc3 in for 0xa1
03-05 22:01:03.138 30393 30393 E ArmVmp : Match on catch block at 0xc3 in for 0xa1
03-05 22:01:03.144 30393 30393 E ArmVmp : Match on catch block at 0xc3 in for 0xa5
03-05 22:01:03.154 30393 30393 E ArmVmp : Match on catch block at 0xc3 in for 0xa9
03-05 22:01:03.161 30393 30393 E ArmVmp : Match on catch block at 0xc3 in for 0xa1
03-05 22:01:03.166 30393 30445 E SQLiteDatabase: Error inserting media_duration=0
file_path=Media/MBWhatsApp Stickers/STK-20240305-WA0007.webp transferred=1
thumbnail_height_width_ratio=1.0 face_y=0 face_x=0 trim_from=0 media_caption=null
transcoded=0 message_url=https://mmg.whatsapp.net/v/t62.15575-
24/23873710_252554577910773_1327797423183363665_n.enc?ccb=11-
4&oh=01_AdTHp9WZoNLKktLDoUGajxvzmmVBdwMDXCVPrwMdJsaQww&oe=660E921F&_nc_sid=5e03e0&m
ms3=true first_scan_sidecar=null direct_path=/v/t62.15575-
24/23873710_252554577910773_1327797423183363665_n.enc?ccb=11-
4&oh=01_AdTHp9WZoNLKktLDoUGajxvzmmVBdwMDXCVPrwMdJsaQww&oe=660E921F&_nc_sid=5e03e0
original_file_hash=null is_animated_sticker=0 media_name=null
has_streaming_sidecar=0 partial_media_enc_hash=null media_key=[B@56d522e
multicast_id=null page_count=0 height=64 partial_media_hash=null gif_attribution=0
mute_video=0 autotransfer_retry_enabled=1 first_scan_length=0 trim_to=0
media_key_timestamp=1709541608000 file_size=5984 chat_row_id=2
media_job_uuid=7c699e08-9f15-4ff2-9e53-43f149b335e7 message_row_id=3071
enc_file_hash=8im94+VDeM2WU2WVQzwh7CjgLVcl/Q9QqxT1U41WovU=
file_hash=elaZ5+hSokR/edw/dmtNl8+Zc/O1vYqXPWW/XwA2bQ4= mime_type=image/webp
media_upload_handle=null suspicious_content=0 width=64 file_length=5984
03-05 22:01:03.166 30393 30445 E SQLiteDatabase:
android.database.sqlite.SQLiteConstraintException: UNIQUE constraint failed:
message_media.message_row_id (code 1555 SQLITE_CONSTRAINT_PRIMARYKEY)
03-05 22:01:03.166 30393 30445 E SQLiteDatabase: at
android.database.sqlite.SQLiteConnection.nativeExecuteForLastInsertedRowId(Native
Method)
03-05 22:01:03.166 30393 30445 E SQLiteDatabase: at
android.database.sqlite.SQLiteConnection.executeForLastInsertedRowId(SQLiteConnecti
on.java:829)
03-05 22:01:03.166 30393 30445 E SQLiteDatabase: at
android.database.sqlite.SQLiteSession.executeForLastInsertedRowId(SQLiteSession.jav
a:788)
03-05 22:01:03.166 30393 30445 E SQLiteDatabase: at
android.database.sqlite.SQLiteStatement.executeInsert(SQLiteStatement.java:86)
03-05 22:01:03.166 30393 30445 E SQLiteDatabase: at
android.database.sqlite.SQLiteDatabase.insertWithOnConflict(SQLiteDatabase.java:156
4)
03-05 22:01:03.166 30393 30445 E SQLiteDatabase: at
android.database.sqlite.SQLiteDatabase.insert(SQLiteDatabase.java:1433)
03-05 22:01:03.166 30393 30445 E SQLiteDatabase: at X.2tm.A08(Unknown
Source:6)
03-05 22:01:03.166 30393 30445 E SQLiteDatabase: at X.35Y.A07(Unknown
Source:212)
03-05 22:01:03.166 30393 30445 E SQLiteDatabase: at X.3QF.A14(Unknown
Source:470)
03-05 22:01:03.166 30393 30445 E SQLiteDatabase: at X.3gU.run(Unknown
Source:982)
03-05 22:01:03.166 30393 30445 E SQLiteDatabase: at
android.os.Handler.handleCallback(Handler.java:873)
03-05 22:01:03.166 30393 30445 E SQLiteDatabase: at
android.os.Handler.dispatchMessage(Handler.java:99)
03-05 22:01:03.166 30393 30445 E SQLiteDatabase: at
X.0zq.dispatchMessage(Unknown Source:4)
03-05 22:01:03.166 30393 30445 E SQLiteDatabase: at
android.os.Looper.loop(Looper.java:224)
03-05 22:01:03.166 30393 30445 E SQLiteDatabase: at
android.os.HandlerThread.run(HandlerThread.java:65)
03-05 22:01:03.185 30393 30393 E ArmVmp : Match on catch block at 0xc3 in for 0xa1
03-05 22:01:03.192 30393 30393 E ArmVmp : Match on catch block at 0xc3 in for 0xa5
03-05 22:01:03.221 30393 30393 E ArmVmp : Match on catch block at 0xc3 in for 0xa1
03-05 22:01:03.225 30393 30393 E ArmVmp : Match on catch block at 0xc3 in for 0xa5
03-05 22:01:03.234 30393 30393 E ArmVmp : Match on catch block at 0xc3 in for 0xa5
03-05 22:01:03.240 30393 30393 E ArmVmp : Match on catch block at 0xc3 in for 0xa9
03-05 22:01:03.391 30393 30393 E ArmVmp : Match on catch block at 0xc3 in for 0xa9
03-05 22:01:03.396 30393 30393 E ArmVmp : Match on catch block at 0xc3 in for 0xa1
03-05 22:01:03.404 30393 30393 E ArmVmp : Match on catch block at 0xc3 in for 0xa1
03-05 22:01:03.410 30393 30393 E ArmVmp : Match on catch block at 0xc3 in for 0xa5
03-05 22:01:03.586 30393 30393 E ArmVmp : Match on catch block at 0xc3 in for 0xa5
03-05 22:01:03.590 30393 30393 E ArmVmp : Match on catch block at 0xc3 in for 0xa9
03-05 22:01:04.039 30393 30393 E ArmVmp : Match on catch block at 0xc3 in for 0xa5
03-05 22:01:04.043 30393 30393 E ArmVmp : Match on catch block at 0xc3 in for 0xa9
03-05 22:01:04.053 30393 30393 E ArmVmp : Match on catch block at 0xc3 in for 0xa9
03-05 22:01:04.058 30393 30393 E ArmVmp : Match on catch block at 0xc3 in for 0xa1
03-05 22:01:04.074 30393 30393 E ArmVmp : Match on catch block at 0xc3 in for 0xa1
03-05 22:01:04.079 30393 30393 E ArmVmp : Match on catch block at 0xc3 in for 0xa5
03-05 22:01:04.096 30393 30393 E ArmVmp : Match on catch block at 0xc3 in for 0xa9
03-05 22:01:04.102 30393 30393 E ArmVmp : Match on catch block at 0xc3 in for 0xa1
03-05 22:01:04.112 30393 30393 E ArmVmp : Match on catch block at 0xc3 in for 0xa1
03-05 22:01:04.117 30393 30393 E ArmVmp : Match on catch block at 0xc3 in for 0xa5
03-05 22:01:04.132 30393 30393 E ArmVmp : Match on catch block at 0xc3 in for 0xa5
03-05 22:01:04.139 30393 30393 E ArmVmp : Match on catch block at 0xc3 in for 0xa9
03-05 22:01:04.151 30393 30393 E ArmVmp : Match on catch block at 0xc3 in for 0xa9
03-05 22:01:04.157 30393 30393 E ArmVmp : Match on catch block at 0xc3 in for 0xa1
03-05 22:01:04.176 30393 30393 E ArmVmp : Match on catch block at 0xc3 in for 0xa1
03-05 22:01:04.182 30393 30393 E ArmVmp : Match on catch block at 0xc3 in for 0xa5
03-05 22:01:04.198 30393 30393 E ArmVmp : Match on catch block at 0xc3 in for 0xa5
03-05 22:01:04.204 30393 30393 E ArmVmp : Match on catch block at 0xc3 in for 0xa9
03-05 22:01:04.219 30393 30393 E ArmVmp : Match on catch block at 0xc3 in for 0xa9
03-05 22:01:04.224 30393 30393 E ArmVmp : Match on catch block at 0xc3 in for 0xa1
03-05 22:01:04.287 30393 30393 E ArmVmp : Match on catch block at 0xc3 in for 0xa9
03-05 22:01:04.291 30393 30393 E ArmVmp : Match on catch block at 0xc3 in for 0xa1
03-05 22:01:04.489 30393 30393 E ArmVmp : Match on catch block at 0xc3 in for 0xa9
03-05 22:01:04.493 30393 30393 E ArmVmp : Match on catch block at 0xc3 in for 0xa1
03-05 22:01:04.503 30393 30393 E ArmVmp : Match on catch block at 0xc3 in for 0xa1
03-05 22:01:04.508 30393 30393 E ArmVmp : Match on catch block at 0xc3 in for 0xa5
03-05 22:01:04.523 30393 30393 E ArmVmp : Match on catch block at 0xc3 in for 0xa5
03-05 22:01:04.528 30393 30393 E ArmVmp : Match on catch block at 0xc3 in for 0xa9
03-05 22:01:04.544 30393 30393 E ArmVmp : Match on catch block at 0xc3 in for 0xa9
03-05 22:01:04.549 30393 30393 E ArmVmp : Match on catch block at 0xc3 in for 0xa1
03-05 22:01:04.565 30393 30393 E ArmVmp : Match on catch block at 0xc3 in for 0xa1
03-05 22:01:04.574 30393 30393 E ArmVmp : Match on catch block at 0xc3 in for 0xa5
03-05 22:01:04.585 30393 30393 E ArmVmp : Match on catch block at 0xc3 in for 0xa5
03-05 22:01:04.590 30393 30393 E ArmVmp : Match on catch block at 0xc3 in for 0xa9
03-05 22:01:04.604 30393 30393 E ArmVmp : Match on catch block at 0xc3 in for 0xa5
03-05 22:01:04.610 30393 30393 E ArmVmp : Match on catch block at 0xc3 in for 0xa9
03-05 22:01:04.636 30393 30393 E ArmVmp : Match on catch block at 0xc3 in for 0xa9
03-05 22:01:04.640 30393 30393 E ArmVmp : Match on catch block at 0xc3 in for 0xa1
03-05 22:01:04.938 30393 30393 E ArmVmp : Match on catch block at 0xc3 in for 0xa1
03-05 22:01:04.942 30393 30393 E ArmVmp : Match on catch block at 0xc3 in for 0xa5
03-05 22:01:04.954 30393 30393 E ArmVmp : Match on catch block at 0xc3 in for 0xa5
03-05 22:01:04.960 30393 30393 E ArmVmp : Match on catch block at 0xc3 in for 0xa9
03-05 22:01:04.975 30393 30393 E ArmVmp : Match on catch block at 0xc3 in for 0xa1
03-05 22:01:04.980 30393 30393 E ArmVmp : Match on catch block at 0xc3 in for 0xa5
03-05 22:01:04.988 30393 30393 E ArmVmp : Match on catch block at 0xc3 in for 0xa5
03-05 22:01:04.993 30393 30393 E ArmVmp : Match on catch block at 0xc3 in for 0xa9
03-05 22:01:05.007 30393 30393 E ArmVmp : Match on catch block at 0xc3 in for 0xa9
03-05 22:01:05.012 30393 30393 E ArmVmp : Match on catch block at 0xc3 in for 0xa1
03-05 22:01:05.028 30393 30393 E ArmVmp : Match on catch block at 0xc3 in for 0xa1
03-05 22:01:05.034 30393 30393 E ArmVmp : Match on catch block at 0xc3 in for 0xa5
03-05 22:01:05.044 30393 30393 E ArmVmp : Match on catch block at 0xc3 in for 0xa9
03-05 22:01:05.049 30393 30393 E ArmVmp : Match on catch block at 0xc3 in for 0xa1
03-05 22:01:05.062 30393 30393 E ArmVmp : Match on catch block at 0xc3 in for 0xa5
03-05 22:01:05.066 30393 30393 E ArmVmp : Match on catch block at 0xc3 in for 0xa9
03-05 22:01:05.079 30393 30393 E ArmVmp : Match on catch block at 0xc3 in for 0xa1
03-05 22:01:05.083 30393 30393 E ArmVmp : Match on catch block at 0xc3 in for 0xa5
03-05 22:01:05.097 30393 30393 E ArmVmp : Match on catch block at 0xc3 in for 0xa9
03-05 22:01:05.101 30393 30393 E ArmVmp : Match on catch block at 0xc3 in for 0xa1
03-05 22:01:05.114 30393 30393 E ArmVmp : Match on catch block at 0xc3 in for 0xa5
03-05 22:01:05.118 30393 30393 E ArmVmp : Match on catch block at 0xc3 in for 0xa9
03-05 22:01:05.132 30393 30393 E ArmVmp : Match on catch block at 0xc3 in for 0xa1
03-05 22:01:05.136 30393 30393 E ArmVmp : Match on catch block at 0xc3 in for 0xa5
03-05 22:01:05.149 30393 30393 E ArmVmp : Match on catch block at 0xc3 in for 0xa9
03-05 22:01:05.154 30393 30393 E ArmVmp : Match on catch block at 0xc3 in for 0xa1
03-05 22:01:05.167 30393 30393 E ArmVmp : Match on catch block at 0xc3 in for 0xa5
03-05 22:01:05.171 30393 30393 E ArmVmp : Match on catch block at 0xc3 in for 0xa9
03-05 22:01:05.200 30393 30393 E ArmVmp : Match on catch block at 0xc3 in for 0xa9
03-05 22:01:05.203 30393 30393 E ArmVmp : Match on catch block at 0xc3 in for 0xa1
03-05 22:01:05.210 30393 30393 E ArmVmp : Match on catch block at 0xc3 in for 0xa5
03-05 22:01:05.214 30393 30393 E ArmVmp : Match on catch block at 0xc3 in for 0xa9
03-05 22:01:05.227 30393 30393 E ArmVmp : Match on catch block at 0xc3 in for 0xa1
03-05 22:01:05.231 30393 30393 E ArmVmp : Match on catch block at 0xc3 in for 0xa5
03-05 22:01:05.245 30393 30393 E ArmVmp : Match on catch block at 0xc3 in for 0xa9
03-05 22:01:05.249 30393 30393 E ArmVmp : Match on catch block at 0xc3 in for 0xa1
03-05 22:01:05.265 30393 30393 E ArmVmp : Match on catch block at 0xc3 in for 0xa5
03-05 22:01:05.269 30393 30393 E ArmVmp : Match on catch block at 0xc3 in for 0xa9
03-05 22:01:05.283 30393 30393 E ArmVmp : Match on catch block at 0xc3 in for 0xa1
03-05 22:01:05.287 30393 30393 E ArmVmp : Match on catch block at 0xc3 in for 0xa5
03-05 22:01:05.303 30393 30393 W PlayerBase: baseStop state not match:4
03-05 22:01:05.304 30393 30393 W PlayerBase: baseStop state not match:4
03-05 22:01:05.307 30393 30393 E ArmVmp : Match on catch block at 0xc3 in for 0xa5
03-05 22:01:05.313 30393 30393 E ArmVmp : Match on catch block at 0xc3 in for 0xa9
03-05 22:01:05.325 30393 30393 E ArmVmp : Match on catch block at 0xc3 in for 0xa1
03-05 22:01:05.329 30393 30393 E ArmVmp : Match on catch block at 0xc3 in for 0xa5
03-05 22:01:05.346 30393 30393 E ArmVmp : Match on catch block at 0xc3 in for 0xa9
03-05 22:01:05.350 30393 30393 E ArmVmp : Match on catch block at 0xc3 in for 0xa1
03-05 22:01:05.367 30393 30393 E ArmVmp : Match on catch block at 0xc3 in for 0xa1
03-05 22:01:05.371 30393 30393 E ArmVmp : Match on catch block at 0xc3 in for 0xa5
03-05 22:01:05.389 30393 30393 E ArmVmp : Match on catch block at 0xc3 in for 0xa5
03-05 22:01:05.393 30393 30393 E ArmVmp : Match on catch block at 0xc3 in for 0xa9
03-05 22:01:05.409 30393 30393 E ArmVmp : Match on catch block at 0xc3 in for 0xa9
03-05 22:01:05.413 30393 30393 E ArmVmp : Match on catch block at 0xc3 in for 0xa1
03-05 22:01:05.432 30393 30393 E ArmVmp : Match on catch block at 0xc3 in for 0xa5
03-05 22:01:05.439 30393 30393 E ArmVmp : Match on catch block at 0xc3 in for 0xa9
03-05 22:01:05.449 30393 30393 E ArmVmp : Match on catch block at 0xc3 in for 0xa9
03-05 22:01:05.454 30393 30393 E ArmVmp : Match on catch block at 0xc3 in for 0xa1
03-05 22:01:05.470 30393 30393 E ArmVmp : Match on catch block at 0xc3 in for 0xa1
03-05 22:01:05.475 30393 30393 E ArmVmp : Match on catch block at 0xc3 in for 0xa5
03-05 22:01:05.489 30393 30393 E ArmVmp : Match on catch block at 0xc3 in for 0xa5
03-05 22:01:05.493 30393 30393 E ArmVmp : Match on catch block at 0xc3 in for 0xa9
03-05 22:01:05.509 30393 30393 E ArmVmp : Match on catch block at 0xc3 in for 0xa9
03-05 22:01:05.514 30393 30393 E ArmVmp : Match on catch block at 0xc3 in for 0xa1
03-05 22:01:05.530 30393 30393 E ArmVmp : Match on catch block at 0xc3 in for 0xa1
03-05 22:01:05.535 30393 30393 E ArmVmp : Match on catch block at 0xc3 in for 0xa5
03-05 22:01:05.550 30393 30393 E ArmVmp : Match on catch block at 0xc3 in for 0xa5
03-05 22:01:05.556 30393 30393 E ArmVmp : Match on catch block at 0xc3 in for 0xa9
03-05 22:01:05.571 30393 30393 E ArmVmp : Match on catch block at 0xc3 in for 0xa9
03-05 22:01:05.575 30393 30393 E ArmVmp : Match on catch block at 0xc3 in for 0xa1
03-05 22:01:05.590 30393 30393 E ArmVmp : Match on catch block at 0xc3 in for 0xa1
03-05 22:01:05.594 30393 30393 E ArmVmp : Match on catch block at 0xc3 in for 0xa5
03-05 22:01:05.609 30393 30393 E ArmVmp : Match on catch block at 0xc3 in for 0xa5
03-05 22:01:05.614 30393 30393 E ArmVmp : Match on catch block at 0xc3 in for 0xa9
03-05 22:01:05.628 30393 30393 E ArmVmp : Match on catch block at 0xc3 in for 0xa9
03-05 22:01:05.632 30393 30393 E ArmVmp : Match on catch block at 0xc3 in for 0xa1
03-05 22:01:05.654 30393 30393 E ArmVmp : Match on catch block at 0xc3 in for 0xa1
03-05 22:01:05.660 30393 30393 E ArmVmp : Match on catch block at 0xc3 in for 0xa5
03-05 22:01:05.670 30393 30393 E ArmVmp : Match on catch block at 0xc3 in for 0xa1
03-05 22:01:05.676 30393 30393 E ArmVmp : Match on catch block at 0xc3 in for 0xa5
03-05 22:01:05.954 30393 31807 W MediaPlayer: Use of stream types is deprecated for
operations other than volume control
03-05 22:01:05.954 30393 31807 W MediaPlayer: See the documentation of
setAudioStreamType() for what to use instead with android.media.AudioAttributes to
qualify your playback use case
03-05 22:01:05.956 30393 31807 E AudioFeatures: Application cannot support or
Zenmode close
03-05 22:01:05.969 30393 30393 E ArmVmp : Match on catch block at 0xc3 in for 0xa9
03-05 22:01:05.973 30393 30393 E ArmVmp : Match on catch block at 0xc3 in for 0xa1
03-05 22:01:05.981 30393 30393 E ArmVmp : Match on catch block at 0xc3 in for 0xa1
03-05 22:01:05.986 30393 30393 E ArmVmp : Match on catch block at 0xc3 in for 0xa5
03-05 22:01:06.007 30393 30393 E ArmVmp : Match on catch block at 0xc3 in for 0xa9
03-05 22:01:06.014 30393 30393 E ArmVmp : Match on catch block at 0xc3 in for 0xa1
03-05 22:01:06.030 30393 30393 E ArmVmp : Match on catch block at 0xc3 in for 0xa1
03-05 22:01:06.036 30393 30393 E ArmVmp : Match on catch block at 0xc3 in for 0xa5
03-05 22:01:06.055 30393 30393 E ArmVmp : Match on catch block at 0xc3 in for 0xa5
03-05 22:01:06.062 30393 30393 E ArmVmp : Match on catch block at 0xc3 in for 0xa9
03-05 22:01:06.100 30393 30393 W PlayerBase: baseStop state not match:0
03-05 22:01:06.103 30393 30393 E ArmVmp : Match on catch block at 0xc3 in for 0xa9
03-05 22:01:06.107 30393 30393 E ArmVmp : Match on catch block at 0xc3 in for 0xa1
03-05 22:01:06.120 30393 30393 E ArmVmp : Match on catch block at 0xc3 in for 0xa1
03-05 22:01:06.124 30393 30393 E ArmVmp : Match on catch block at 0xc3 in for 0xa5
03-05 22:01:06.154 30393 30393 E ArmVmp : Match on catch block at 0xc3 in for 0xa5
03-05 22:01:06.158 30393 30393 E ArmVmp : Match on catch block at 0xc3 in for 0xa9
03-05 22:01:06.271 30393 30393 E ArmVmp : Match on catch block at 0xc3 in for 0xa5
03-05 22:01:06.275 30393 30393 E ArmVmp : Match on catch block at 0xc3 in for 0xa9
03-05 22:01:06.368 30393 30393 E ArmVmp : Match on catch block at 0xc3 in for 0xa9
03-05 22:01:06.373 30393 30393 E ArmVmp : Match on catch block at 0xc3 in for 0xa1
03-05 22:01:06.402 30393 30393 E ArmVmp : Match on catch block at 0xc3 in for 0xa5
03-05 22:01:06.409 30393 30393 E ArmVmp : Match on catch block at 0xc3 in for 0xa9
03-05 22:01:06.419 30393 30393 E ArmVmp : Match on catch block at 0xc3 in for 0xa9
03-05 22:01:06.424 30393 30393 E ArmVmp : Match on catch block at 0xc3 in for 0xa1
03-05 22:01:06.805 30393 30393 E ArmVmp : Match on catch block at 0xc3 in for 0xa1
03-05 22:01:06.810 30393 30393 E ArmVmp : Match on catch block at 0xc3 in for 0xa5
03-05 22:01:07.305 30393 30393 E ArmVmp : Match on catch block at 0xc3 in for 0xa5
03-05 22:01:07.310 30393 30393 E ArmVmp : Match on catch block at 0xc3 in for 0xa9
03-05 22:01:07.521 30393 30393 W ActivityThread: handleWindowVisibility: no
activity for token android.os.BinderProxy@e68e01c
03-05 22:01:07.847 30393 30393 E ArmVmp : Match on catch block at 0x0a in for 0xc9
03-05 22:01:07.854 30393 30393 E ArmVmp : Match on catch block at 0x0a in for 0xc5
03-05 22:01:07.967 30393 30393 E ArmVmp : Match on catch block at 0xc3 in for 0xa1
03-05 22:01:07.972 30393 30393 E ArmVmp : Match on catch block at 0xc3 in for 0xa5
03-05 22:01:08.338 30393 30393 E ArmVmp : Match on catch block at 0xc3 in for 0xb9
03-05 22:01:08.342 30393 30393 E ArmVmp : Match on catch block at 0xc3 in for 0xb9
03-05 22:01:08.401 30393 30393 E ArmVmp : Match on catch block at 0xc3 in for 0xa9
03-05 22:01:08.406 30393 30393 E ArmVmp : Match on catch block at 0xc3 in for 0xa1
03-05 22:01:08.473 30393 30393 E ArmVmp : Match on catch block at 0xc3 in for 0xa9
03-05 22:01:08.478 30393 30393 E ArmVmp : Match on catch block at 0xc3 in for 0xa1
03-05 22:01:08.560 30393 30393 W PlayerBase: baseStop state not match:0
03-05 22:01:08.574 30393 30393 W IInputConnectionWrapper: getSelectedText on
inactive InputConnection
03-05 22:01:08.601 30393 30393 E ArmVmp : Match on catch block at 0xc3 in for 0xa9
03-05 22:01:08.605 30393 30393 E ArmVmp : Match on catch block at 0xc3 in for 0xa1
03-05 22:01:08.630 30393 30393 E ArmVmp : Match on catch block at 0xc3 in for 0xa1
03-05 22:01:08.634 30393 30393 E ArmVmp : Match on catch block at 0xc3 in for 0xa5
03-05 22:01:08.662 30393 30393 W IInputConnectionWrapper: getTextAfterCursor on
inactive InputConnection
03-05 22:01:08.670 30393 30393 E ArmVmp : Match on catch block at 0xc3 in for 0xa1
03-05 22:01:08.673 30393 30393 E ArmVmp : Match on catch block at 0xc3 in for 0xa5
03-05 22:01:08.710 30393 30393 E ArmVmp : Match on catch block at 0xc3 in for 0xa5
03-05 22:01:08.714 30393 30393 E ArmVmp : Match on catch block at 0xc3 in for 0xa9
03-05 22:01:08.716 30393 30393 W IInputConnectionWrapper: beginBatchEdit on
inactive InputConnection
03-05 22:01:08.716 30393 30393 W IInputConnectionWrapper: endBatchEdit on inactive
InputConnection
03-05 22:01:08.718 30393 30393 E ArmVmp : Match on catch block at 0xc3 in for 0xa9
03-05 22:01:08.722 30393 30393 E ArmVmp : Match on catch block at 0xc3 in for 0xa1
03-05 22:01:08.843 30393 30393 E ArmVmp : Match on catch block at 0xc3 in for 0xa5
03-05 22:01:08.848 30393 30393 E ArmVmp : Match on catch block at 0xc3 in for 0xa9
03-05 22:01:08.863 30393 30393 E ArmVmp : Match on catch block at 0xc3 in for 0xa5
03-05 22:01:08.868 30393 30393 E ArmVmp : Match on catch block at 0xc3 in for 0xa9
03-05 22:01:09.039 30393 30393 E ArmVmp : Match on catch block at 0xc3 in for 0xa9
03-05 22:01:09.044 30393 30393 E ArmVmp : Match on catch block at 0xc3 in for 0xa1
03-05 22:01:09.173 30393 30393 E ArmVmp : Match on catch block at 0xc3 in for 0xa1
03-05 22:01:09.177 30393 30393 E ArmVmp : Match on catch block at 0xc3 in for 0xa5
03-05 22:01:09.189 30393 30393 E ArmVmp : Match on catch block at 0xc3 in for 0xa5
03-05 22:01:09.195 30393 30393 E ArmVmp : Match on catch block at 0xc3 in for 0xa9
03-05 22:01:09.206 30393 30393 E ArmVmp : Match on catch block at 0xc3 in for 0xa9
03-05 22:01:09.212 30393 30393 E ArmVmp : Match on catch block at 0xc3 in for 0xa1
03-05 22:01:09.224 30393 30393 E ArmVmp : Match on catch block at 0xc3 in for 0xa1
03-05 22:01:09.230 30393 30393 E ArmVmp : Match on catch block at 0xc3 in for 0xa5
03-05 22:01:09.240 30393 30393 E ArmVmp : Match on catch block at 0xc3 in for 0xa5
03-05 22:01:09.246 30393 30393 E ArmVmp : Match on catch block at 0xc3 in for 0xa9
03-05 22:01:09.257 30393 30393 E ArmVmp : Match on catch block at 0xc3 in for 0xa9
03-05 22:01:09.262 30393 30393 E ArmVmp : Match on catch block at 0xc3 in for 0xa1
03-05 22:01:09.273 30393 30393 E ArmVmp : Match on catch block at 0xc3 in for 0xa1
03-05 22:01:09.277 30393 30393 E ArmVmp : Match on catch block at 0xc3 in for 0xa5
03-05 22:01:09.289 30393 30393 E ArmVmp : Match on catch block at 0xc3 in for 0xa5
03-05 22:01:09.295 30393 30393 E ArmVmp : Match on catch block at 0xc3 in for 0xa9
03-05 22:01:09.306 30393 30393 E ArmVmp : Match on catch block at 0xc3 in for 0xa9
03-05 22:01:09.312 30393 30393 E ArmVmp : Match on catch block at 0xc3 in for 0xa1
03-05 22:01:09.322 30393 30393 E ArmVmp : Match on catch block at 0xc3 in for 0xa1
03-05 22:01:09.328 30393 30393 E ArmVmp : Match on catch block at 0xc3 in for 0xa5
03-05 22:01:09.340 30393 30393 E ArmVmp : Match on catch block at 0xc3 in for 0xa5
03-05 22:01:09.345 30393 30393 E ArmVmp : Match on catch block at 0xc3 in for 0xa9
03-05 22:01:09.356 30393 30393 E ArmVmp : Match on catch block at 0xc3 in for 0xa9
03-05 22:01:09.361 30393 30393 E ArmVmp : Match on catch block at 0xc3 in for 0xa1
03-05 22:01:09.373 30393 30393 E ArmVmp : Match on catch block at 0xc3 in for 0xa1
03-05 22:01:09.379 30393 30393 E ArmVmp : Match on catch block at 0xc3 in for 0xa5
03-05 22:01:09.390 30393 30393 E ArmVmp : Match on catch block at 0xc3 in for 0xa5
03-05 22:01:09.395 30393 30393 E ArmVmp : Match on catch block at 0xc3 in for 0xa9
03-05 22:01:09.406 30393 30393 E ArmVmp : Match on catch block at 0xc3 in for 0xa9
03-05 22:01:09.411 30393 30393 E ArmVmp : Match on catch block at 0xc3 in for 0xa1
03-05 22:01:09.423 30393 30393 E ArmVmp : Match on catch block at 0xc3 in for 0xa1
03-05 22:01:09.428 30393 30393 E ArmVmp : Match on catch block at 0xc3 in for 0xa5
03-05 22:01:09.440 30393 30393 E ArmVmp : Match on catch block at 0xc3 in for 0xa5
03-05 22:01:09.446 30393 30393 E ArmVmp : Match on catch block at 0xc3 in for 0xa9
03-05 22:01:09.457 30393 30393 E ArmVmp : Match on catch block at 0xc3 in for 0xa9
03-05 22:01:09.463 30393 30393 E ArmVmp : Match on catch block at 0xc3 in for 0xa1
03-05 22:01:09.473 30393 30393 E ArmVmp : Match on catch block at 0xc3 in for 0xa1
03-05 22:01:09.479 30393 30393 E ArmVmp : Match on catch block at 0xc3 in for 0xa5
03-05 22:01:09.540 30393 30393 E ArmVmp : Match on catch block at 0xc3 in for 0xa5
03-05 22:01:09.546 30393 30393 E ArmVmp : Match on catch block at 0xc3 in for 0xa9
03-05 22:01:09.922 30393 30393 E ArmVmp : Match on catch block at 0xc3 in for 0xa5
03-05 22:01:09.927 30393 30393 E ArmVmp : Match on catch block at 0xc3 in for 0xa9
03-05 22:01:09.944 30393 30393 E ArmVmp : Match on catch block at 0xc3 in for 0xa5
03-05 22:01:09.948 30393 30393 E ArmVmp : Match on catch block at 0xc3 in for 0xa9
03-05 22:01:10.040 30393 30393 E ArmVmp : Match on catch block at 0xc3 in for 0xa9
03-05 22:01:10.045 30393 30393 E ArmVmp : Match on catch block at 0xc3 in for 0xa1
03-05 22:01:10.541 30393 30393 E ArmVmp : Match on catch block at 0xc3 in for 0xa1
03-05 22:01:10.545 30393 30393 E ArmVmp : Match on catch block at 0xc3 in for 0xa5
03-05 22:01:10.926 30393 31807 W MediaPlayer: Use of stream types is deprecated for
operations other than volume control
03-05 22:01:10.926 30393 31807 W MediaPlayer: See the documentation of
setAudioStreamType() for what to use instead with android.media.AudioAttributes to
qualify your playback use case
03-05 22:01:10.930 30393 31807 E AudioFeatures: Application cannot support or
Zenmode close
03-05 22:01:11.057 30393 30393 E ArmVmp : Match on catch block at 0xc3 in for 0xa1
03-05 22:01:11.064 30393 30393 E ArmVmp : Match on catch block at 0xc3 in for 0xa5
03-05 22:01:11.115 30393 30393 E ArmVmp : Match on catch block at 0xc3 in for 0xa5
03-05 22:01:11.121 30393 30393 E ArmVmp : Match on catch block at 0xc3 in for 0xa9
03-05 22:01:11.169 30393 30393 E ArmVmp : Match on catch block at 0xc3 in for 0xa5
03-05 22:01:11.174 30393 30393 E ArmVmp : Match on catch block at 0xc3 in for 0xa9
03-05 22:01:11.202 30393 30393 E ArmVmp : Match on catch block at 0xc3 in for 0xa1
03-05 22:01:11.206 30393 30393 E ArmVmp : Match on catch block at 0xc3 in for 0xa5
03-05 22:01:11.214 30393 30393 E ArmVmp : Match on catch block at 0xc3 in for 0xa5
03-05 22:01:11.220 30393 30393 E ArmVmp : Match on catch block at 0xc3 in for 0xa9
03-05 22:01:11.675 30393 30393 E ArmVmp : Match on catch block at 0xc3 in for 0xa1
03-05 22:01:11.684 30393 30393 E ArmVmp : Match on catch block at 0xc3 in for 0xa5
03-05 22:01:11.908 30393 30393 E ArmVmp : Match on catch block at 0xc3 in for 0xa5
03-05 22:01:11.912 30393 30393 E ArmVmp : Match on catch block at 0xc3 in for 0xa9
03-05 22:01:12.018 30393 30393 E ArmVmp : Match on catch block at 0xc3 in for 0xa5
03-05 22:01:12.023 30393 30393 E ArmVmp : Match on catch block at 0xc3 in for 0xa9
03-05 22:01:12.049 30393 30393 E ArmVmp : Match on catch block at 0xc3 in for 0xa1
03-05 22:01:12.054 30393 30393 E ArmVmp : Match on catch block at 0xc3 in for 0xa5
03-05 22:01:12.060 30393 30393 E ArmVmp : Match on catch block at 0xc3 in for 0xa5
03-05 22:01:12.065 30393 30393 E ArmVmp : Match on catch block at 0xc3 in for 0xa9
03-05 22:01:12.442 30393 30393 E ArmVmp : Match on catch block at 0xc3 in for 0xa9
03-05 22:01:12.446 30393 30393 E ArmVmp : Match on catch block at 0xc3 in for 0xa1
03-05 22:01:12.942 30393 30393 E ArmVmp : Match on catch block at 0xc3 in for 0xa1
03-05 22:01:12.947 30393 30393 E ArmVmp : Match on catch block at 0xc3 in for 0xa5
03-05 22:01:12.967 30393 30393 E ArmVmp : Match on catch block at 0xc3 in for 0xa1
03-05 22:01:12.971 30393 30393 E ArmVmp : Match on catch block at 0xc3 in for 0xa5
03-05 22:01:12.978 30393 30393 E ArmVmp : Match on catch block at 0xc3 in for 0xa5
03-05 22:01:12.984 30393 30393 E ArmVmp : Match on catch block at 0xc3 in for 0xa9
03-05 22:01:13.336 30393 30393 W PlayerBase: baseStop state not match:4
03-05 22:01:13.338 30393 30393 W PlayerBase: baseStop state not match:4
03-05 22:01:13.443 30393 30393 E ArmVmp : Match on catch block at 0xc3 in for 0xa9
03-05 22:01:13.449 30393 30393 E ArmVmp : Match on catch block at 0xc3 in for 0xa1
03-05 22:01:13.637 30393 30393 E ArmVmp : Match on catch block at 0xc3 in for 0xa5
03-05 22:01:13.642 30393 30393 E ArmVmp : Match on catch block at 0xc3 in for 0xa9
03-05 22:01:13.651 30393 30393 E ArmVmp : Match on catch block at 0xc3 in for 0xa9
03-05 22:01:13.658 30393 30393 E ArmVmp : Match on catch block at 0xc3 in for 0xa1
03-05 22:01:13.684 30393 30393 E ArmVmp : Match on catch block at 0xc3 in for 0xa9
03-05 22:01:13.689 30393 30393 E ArmVmp : Match on catch block at 0xc3 in for 0xa1
03-05 22:01:13.872 30393 30393 E ArmVmp : Match on catch block at 0xc3 in for 0xa1
03-05 22:01:13.877 30393 30393 E ArmVmp : Match on catch block at 0xc3 in for 0xa5
03-05 22:01:13.985 30393 30393 W PlayerBase: baseStop state not match:0
03-05 22:01:14.083 30393 30393 E ArmVmp : Match on catch block at 0xc3 in for 0xa9
03-05 22:01:14.087 30393 30393 E ArmVmp : Match on catch block at 0xc3 in for 0xa1
03-05 22:01:15.499 30393 30445 E SQLiteDatabase: Error inserting media_duration=0
file_path=Media/MBWhatsApp Stickers/STK-20240305-WA0008.webp transferred=1
thumbnail_height_width_ratio=1.0 face_y=0 face_x=0 trim_from=0 media_caption=null
transcoded=0 message_url=https://mmg.whatsapp.net/v/t62.15575-
24/41022528_391377086840367_5280739726156970880_n.enc?ccb=11-4&oh=01_AdQ-
hdBB5a0W05GtwfAJDT2vG2srWxvoYlnJ7JyNGD7wLQ&oe=660EA331&_nc_sid=5e03e0&mms3=true
first_scan_sidecar=[B@b4222c8 direct_path=/v/t62.15575-
24/41022528_391377086840367_5280739726156970880_n.enc?ccb=11-4&oh=01_AdQ-
hdBB5a0W05GtwfAJDT2vG2srWxvoYlnJ7JyNGD7wLQ&oe=660EA331&_nc_sid=5e03e0
original_file_hash=null is_animated_sticker=1 media_name=null
has_streaming_sidecar=0 partial_media_enc_hash=null media_key=[B@71ef61
multicast_id=null page_count=0 height=64 partial_media_hash=null gif_attribution=0
mute_video=0 autotransfer_retry_enabled=1 first_scan_length=4818 trim_to=0
media_key_timestamp=1709488627000 file_size=324348 chat_row_id=2
media_job_uuid=614fbcc8-0c17-4f6c-9e09-29b5190cb111 message_row_id=3074
enc_file_hash=WsNmBoYhrVmNrYr3c5pGYQt2kNprD4/eyxVq2hMf+cU=
file_hash=DpnafRuJCTrxDhoNa6NGNyLlbiwbLpf6uXaJrsn94LY= mime_type=image/webp
media_upload_handle=null suspicious_content=0 width=64 file_length=324348
03-05 22:01:15.499 30393 30445 E SQLiteDatabase:
android.database.sqlite.SQLiteConstraintException: UNIQUE constraint failed:
message_media.message_row_id (code 1555 SQLITE_CONSTRAINT_PRIMARYKEY)
03-05 22:01:15.499 30393 30445 E SQLiteDatabase: at
android.database.sqlite.SQLiteConnection.nativeExecuteForLastInsertedRowId(Native
Method)
03-05 22:01:15.499 30393 30445 E SQLiteDatabase: at
android.database.sqlite.SQLiteConnection.executeForLastInsertedRowId(SQLiteConnecti
on.java:829)
03-05 22:01:15.499 30393 30445 E SQLiteDatabase: at
android.database.sqlite.SQLiteSession.executeForLastInsertedRowId(SQLiteSession.jav
a:788)
03-05 22:01:15.499 30393 30445 E SQLiteDatabase: at
android.database.sqlite.SQLiteStatement.executeInsert(SQLiteStatement.java:86)
03-05 22:01:15.499 30393 30445 E SQLiteDatabase: at
android.database.sqlite.SQLiteDatabase.insertWithOnConflict(SQLiteDatabase.java:156
4)
03-05 22:01:15.499 30393 30445 E SQLiteDatabase: at
android.database.sqlite.SQLiteDatabase.insert(SQLiteDatabase.java:1433)
03-05 22:01:15.499 30393 30445 E SQLiteDatabase: at X.2tm.A08(Unknown
Source:6)
03-05 22:01:15.499 30393 30445 E SQLiteDatabase: at X.35Y.A07(Unknown
Source:212)
03-05 22:01:15.499 30393 30445 E SQLiteDatabase: at X.3QF.A14(Unknown
Source:470)
03-05 22:01:15.499 30393 30445 E SQLiteDatabase: at X.3gU.run(Unknown
Source:982)
03-05 22:01:15.499 30393 30445 E SQLiteDatabase: at
android.os.Handler.handleCallback(Handler.java:873)
03-05 22:01:15.499 30393 30445 E SQLiteDatabase: at
android.os.Handler.dispatchMessage(Handler.java:99)
03-05 22:01:15.499 30393 30445 E SQLiteDatabase: at
X.0zq.dispatchMessage(Unknown Source:4)
03-05 22:01:15.499 30393 30445 E SQLiteDatabase: at
android.os.Looper.loop(Looper.java:224)
03-05 22:01:15.499 30393 30445 E SQLiteDatabase: at
android.os.HandlerThread.run(HandlerThread.java:65)
03-05 22:01:18.752 30393 30473 W System : ClassLoader referenced unknown path:
system/framework/mediatek-cta.jar
03-05 22:01:20.070 30393 32600 W System : ClassLoader referenced unknown path:
system/framework/mediatek-cta.jar
03-05 22:01:24.809 30393 30393 E com.mbwhatsapp: Invalid ID 0x00000000.
03-05 22:01:29.865 30393 30393 W ActivityThread: handleWindowVisibility: no
activity for token android.os.BinderProxy@ad599fe
03-05 22:01:31.476 32609 32609 E com.mbwhatsapp: Not starting debugger since
process cannot load the jdwp agent.
03-05 22:01:31.487 32609 32609 W re-initialized>: type=1400 audit(0.0:28290): avc:
denied { read } for name="u:object_r:mtk_amslog_prop:s0" dev="tmpfs" ino=12612
scontext=u:r:untrusted_app:s0:c143,c256,c512,c768
tcontext=u:object_r:mtk_amslog_prop:s0 tclass=file permissive=0
03-05 22:01:31.487 32609 32609 E libc : Access denied finding property
"persist.vendor.sys.activitylog"
03-05 22:01:31.644 32609 32609 W System.err: java.lang.ClassNotFoundException:
mbmodsd.mbmodsw.ui.views.btn.BtnBK
03-05 22:01:31.645 32609 32609 W System.err: at
