java.lang.reflect.Method.invoke(Native Method)
03-01 23:56:45.709 14571 14571 W System.err: at
com.android.internal.os.RuntimeInit$MethodAndArgsCaller.run(RuntimeInit.java:627)
03-01 23:56:45.709 14571 14571 W System.err: at
com.android.internal.os.ZygoteInit.main(ZygoteInit.java:997)
03-01 23:56:45.737 14571 14571 E libc : Access denied finding property
"ro.vendor.pref_scale_resolution"
03-01 23:56:45.757 14571 14571 E CustomActivityOnCrash: IMPORTANT WARNING! You
already have an UncaughtExceptionHandler, are you sure this is correct? If you use
a custom UncaughtExceptionHandler, you must initialize it AFTER
CustomActivityOnCrash! Installing anyway, but your original handler will not be
called.
03-01 23:56:46.187 14571 14571 W com.whatsapp: Accessing hidden method
Lcom/android/org/conscrypt/OpenSSLSocketImpl;->setUseSessionTickets(Z)V (greylist-
max-q,test-api, reflection, denied)
03-01 23:56:46.187 14571 14571 W com.whatsapp: Accessing hidden method
Lcom/android/org/conscrypt/AbstractConscryptSocket;->setUseSessionTickets(Z)V
(greylist-max-q, reflection, denied)
03-01 23:56:46.228 14571 14571 W com.whatsapp: type=1400 audit(0.0:454502): avc:
granted { execute } for
path="/data/data/com.whatsapp/files/decompressed/libs.spk.zst/libc++_shared.so"
dev="dm-11" ino=973445 scontext=u:r:untrusted_app:s0:c154,c258,c512,c768
tcontext=u:object_r:app_data_file:s0:c154,c258,c512,c768 tclass=file
app=com.whatsapp
03-01 23:56:46.231 14571 14571 W linker : Warning:
"/data/data/com.whatsapp/files/decompressed/libs.spk.zst/libc++_shared.so" unused
DT entry: unknown processor-specific (type 0x70000001 arg 0x0) (ignoring)
03-01 23:56:46.236 14571 14571 W com.whatsapp: type=1400 audit(0.0:454503): avc:
granted { execute } for
path="/data/data/com.whatsapp/files/decompressed/libs.spk.zst/libvlc.so" dev="dm-
11" ino=1185133 scontext=u:r:untrusted_app:s0:c154,c258,c512,c768
tcontext=u:object_r:app_data_file:s0:c154,c258,c512,c768 tclass=file
app=com.whatsapp
03-01 23:56:46.244 14571 14571 W com.whatsapp: type=1400 audit(0.0:454505): avc:
granted { execute } for
path="/data/data/com.whatsapp/files/decompressed/libs.spk.zst/libwhatsapp.so"
dev="dm-11" ino=1185149 scontext=u:r:untrusted_app:s0:c154,c258,c512,c768
tcontext=u:object_r:app_data_file:s0:c154,c258,c512,c768 tclass=file
app=com.whatsapp
03-01 23:56:46.292 14571 14571 W com.whatsapp: type=1400 audit(0.0:454506): avc:
granted { execute } for
path="/data/data/com.whatsapp/files/decompressed/libs.spk.zst/libcurve25519.so"
dev="dm-11" ino=1185151 scontext=u:r:untrusted_app:s0:c154,c258,c512,c768
tcontext=u:object_r:app_data_file:s0:c154,c258,c512,c768 tclass=file
app=com.whatsapp
03-01 23:56:46.384 14571 14734 W com.whatsapp: Class X.2rL failed lock verification
and will run slower.
03-01 23:56:46.384 14571 14734 W com.whatsapp: Common causes for lock verification
issues are non-optimized dex code
03-01 23:56:46.384 14571 14734 W com.whatsapp: and incorrect proguard
optimizations.
03-01 23:56:46.387 14571 14571 W com.whatsapp: Class X.0eU failed lock verification
and will run slower.
--------- beginning of system
03-01 23:56:46.571 14571 14571 W com.whatsapp: Class com.whatsapp.HomeActivity
failed lock verification and will run slower.
03-01 23:56:46.790 14571 14571 E ArmVmp : Match on catch block at 0x0a in for 0xc9
03-01 23:56:46.802 14571 14754 W System : ClassLoader referenced unknown path:
system/framework/mediatek-cta.jar
03-01 23:56:46.807 14571 14571 E ArmVmp : Match on catch block at 0x0a in for
0x131
03-01 23:56:46.856 14571 14754 W com.whatsapp: Accessing hidden method
Lcom/android/org/conscrypt/ConscryptEngineSocket;->setUseSessionTickets(Z)V
(greylist-max-q,test-api, reflection, denied)
03-01 23:56:46.857 14571 14754 W com.whatsapp: Accessing hidden method
Lcom/android/org/conscrypt/OpenSSLSocketImpl;->setUseSessionTickets(Z)V (greylist-
max-q,test-api, reflection, denied)
03-01 23:56:46.857 14571 14754 W com.whatsapp: Accessing hidden method
Lcom/android/org/conscrypt/AbstractConscryptSocket;->setUseSessionTickets(Z)V
(greylist-max-q, reflection, denied)
03-01 23:56:46.857 14571 14754 W com.whatsapp: Accessing hidden method
Lcom/android/org/conscrypt/ConscryptEngineSocket;->setHostname(Ljava/lang/String;)V
(greylist-max-q,test-api, reflection, denied)
03-01 23:56:46.857 14571 14754 W com.whatsapp: Accessing hidden method
Lcom/android/org/conscrypt/OpenSSLSocketImpl;->setHostname(Ljava/lang/String;)V
(greylist-max-q,test-api, reflection, denied)
03-01 23:56:46.857 14571 14754 W com.whatsapp: Accessing hidden method
Lcom/android/org/conscrypt/AbstractConscryptSocket;->setHostname(Ljava/lang/
String;)V (greylist-max-q, reflection, denied)
03-01 23:56:46.857 14571 14754 W com.whatsapp: Accessing hidden method
Lcom/android/org/conscrypt/OpenSSLSocketImpl;->setAlpnProtocols([B)V (greylist-max-
q,test-api, reflection, denied)
03-01 23:56:46.857 14571 14754 W com.whatsapp: Accessing hidden method
Lcom/android/org/conscrypt/AbstractConscryptSocket;->setAlpnProtocols([B)V
(greylist-max-q, reflection, denied)
03-01 23:56:46.916 14571 14619 W System : ClassLoader referenced unknown path:
system/framework/mediatek-cta.jar
03-01 23:56:47.018 14571 14754 W com.whatsapp: Accessing hidden method
Lcom/android/org/conscrypt/OpenSSLSocketImpl;->getAlpnSelectedProtocol()[B
(greylist-max-q,test-api, reflection, denied)
03-01 23:56:47.018 14571 14754 W com.whatsapp: Accessing hidden method
Lcom/android/org/conscrypt/AbstractConscryptSocket;->getAlpnSelectedProtocol()[B
(greylist-max-q, reflection, denied)
03-01 23:56:47.075 14571 14571 E libc : Access denied finding property
"ro.vendor.tgpa_resolution_tuner"
03-01 23:56:47.078 14571 14571 E libc : Access denied finding property
"ro.vendor.scaler_version"
03-01 23:56:47.079 14571 14571 E libc : Access denied finding property
"ro.vendor.scaler_version"
03-01 23:56:47.547 14571 14812 E ion : ioctl c0044901 failed with code -1:
Invalid argument
03-01 23:56:47.561 14571 14812 E libc : Access denied finding property
"vendor.debug.drm.logv"
03-01 23:56:47.562 14571 14812 E libc : Access denied finding property
"vendor.debug.drm.logv"
03-01 23:56:47.563 14571 14812 E libc : Access denied finding property
"vendor.debug.drm.logd"
03-01 23:56:47.563 14571 14812 E libc : Access denied finding property
"vendor.debug.drm.logv"
03-01 23:56:47.893 14571 14571 E RecyclerView: No adapter attached; skipping layout
03-01 23:56:47.935 14571 14748 E ion : ioctl c0044901 failed with code -1:
Invalid argument
03-01 23:56:48.043 14571 14571 E RecyclerView: No adapter attached; skipping layout
03-01 23:56:48.090 14571 14571 E ArmVmp : Match on catch block at 0x0a in for 0xd1
03-01 23:56:48.328 14571 14633 W LibraryVersion: Failed to get app version for
libraryName: firebase-iid
03-01 23:56:48.345 14571 14901 W LOTTIE : Animation contains merge paths. Merge
paths are only supported on KitKat+ and must be manually enabled by calling
enableMergePathsForKitKatAndAbove().
03-01 23:56:48.566 14571 14571 W LOTTIE : Animation contains merge paths but they
are disabled.
03-01 23:56:48.752 14571 14571 E ArmVmp : Match on catch block at 0x5b in for 0x89
03-01 23:56:48.815 14571 14571 E ArmVmp : Match on catch block at 0x5b in for 0x89
03-01 23:56:49.356 14571 14731 E SQLiteDatabase: Error inserting transferred=0
media_job_uuid=d16ca0a1-6d7d-4e1b-bad0-30624d90a18e transcoded=0 gif_attribution=0
first_scan_length=0 direct_path=/v/t62.7161-
24/13157412_1750769542066438_3977185432369901785_n.enc?ccb=11-
4&oh=01_AdTxcjsXVBD6D9_YS9mckg-y3DjvNlV466m1u-tZ_YtFXg&oe=660A1FEE&_nc_sid=5e03e0
thumbnail_height_width_ratio=1.7777778 is_animated_sticker=0
file_hash=4gZbP8NAk9Z4H8SIsiTZU9MG2FHv/f/BFmX/at5WDUA= file_path=null file_size=0
partial_media_hash=null face_x=0 face_y=0 height=640 trim_to=0
media_key_timestamp=1709355257000 message_url=https://mmg.whatsapp.net/v/t62.7161-
24/13157412_1750769542066438_3977185432369901785_n.enc?ccb=11-
4&oh=01_AdTxcjsXVBD6D9_YS9mckg-y3DjvNlV466m1u-
tZ_YtFXg&oe=660A1FEE&_nc_sid=5e03e0&mms3=true media_caption=null trim_from=0
mime_type=video/mp4 partial_media_enc_hash=null width=360 original_file_hash=null
has_streaming_sidecar=1 autotransfer_retry_enabled=1 media_upload_handle=null
message_row_id=637 multicast_id=null
enc_file_hash=2rMy+roDAY9YiBOtvkRnbgrocNjBF7AEag/TzilMqjU= mute_video=0
page_count=0 first_scan_sidecar=null suspicious_content=0 file_length=3019671
media_name=null media_duration=30 chat_row_id=206 media_key=[B@d981071
03-01 23:56:49.356 14571 14731 E SQLiteDatabase:
android.database.sqlite.SQLiteConstraintException: UNIQUE constraint failed:
message_media.message_row_id (code 1555 SQLITE_CONSTRAINT_PRIMARYKEY)
03-01 23:56:49.356 14571 14731 E SQLiteDatabase: at
android.database.sqlite.SQLiteConnection.nativeExecuteForLastInsertedRowId(Native
Method)
03-01 23:56:49.356 14571 14731 E SQLiteDatabase: at
android.database.sqlite.SQLiteConnection.executeForLastInsertedRowId(SQLiteConnecti
on.java:938)
03-01 23:56:49.356 14571 14731 E SQLiteDatabase: at
android.database.sqlite.SQLiteSession.executeForLastInsertedRowId(SQLiteSession.jav
a:790)
03-01 23:56:49.356 14571 14731 E SQLiteDatabase: at
android.database.sqlite.SQLiteStatement.executeInsert(SQLiteStatement.java:88)
03-01 23:56:49.356 14571 14731 E SQLiteDatabase: at
android.database.sqlite.SQLiteDatabase.insertWithOnConflict(SQLiteDatabase.java:172
0)
03-01 23:56:49.356 14571 14731 E SQLiteDatabase: at
android.database.sqlite.SQLiteDatabase.insert(SQLiteDatabase.java:1589)
03-01 23:56:49.356 14571 14731 E SQLiteDatabase: at X.2tm.A08(Unknown
Source:6)
03-01 23:56:49.356 14571 14731 E SQLiteDatabase: at X.35Y.A07(Unknown
Source:212)
03-01 23:56:49.356 14571 14731 E SQLiteDatabase: at X.3QF.A14(Unknown
Source:470)
03-01 23:56:49.356 14571 14731 E SQLiteDatabase: at X.3gU.run(Unknown
Source:982)
03-01 23:56:49.356 14571 14731 E SQLiteDatabase: at
android.os.Handler.handleCallback(Handler.java:938)
03-01 23:56:49.356 14571 14731 E SQLiteDatabase: at
android.os.Handler.dispatchMessage(Handler.java:99)
03-01 23:56:49.356 14571 14731 E SQLiteDatabase: at
X.0zq.dispatchMessage(Unknown Source:4)
03-01 23:56:49.356 14571 14731 E SQLiteDatabase: at
android.os.Looper.loop(Looper.java:268)
03-01 23:56:49.356 14571 14731 E SQLiteDatabase: at
android.os.HandlerThread.run(HandlerThread.java:67)
03-01 23:56:50.865 14571 15108 E RenderScript: Failed loading RS driver: dlopen
failed: library "libRSDriver_mtk.so" not found
03-01 23:56:50.865 14571 15108 E RenderScript: Failed to load runtime
libRSDriver_mtk.so, loading default
03-01 23:56:51.065 14571 14571 E ArmVmp : Match on catch block at 0x0a in for 0xc9
03-01 23:56:51.069 14571 14571 E ArmVmp : Match on catch block at 0x0a in for 0xc9
03-01 23:56:51.280 14571 14571 W StickerImageFil: type=1400 audit(0.0:454518): avc:
granted { execute } for
path="/data/data/com.whatsapp/files/decompressed/libs.spk.zst/libstatic-webp.so"
dev="dm-11" ino=995206 scontext=u:r:untrusted_app:s0:c154,c258,c512,c768
tcontext=u:object_r:app_data_file:s0:c154,c258,c512,c768 tclass=file
app=com.whatsapp
03-01 23:56:51.351 14571 14571 E ArmVmp : Match on catch block at 0xc3 in for 0xb5
03-01 23:56:51.358 14571 14571 E ArmVmp : Match on catch block at 0xc3 in for 0xb1
03-01 23:56:51.362 14571 14571 E ArmVmp : Match on catch block at 0xc3 in for 0xb1
03-01 23:56:51.431 14571 14571 E ArmVmp : Match on catch block at 0xc3 in for 0xa5
03-01 23:56:51.434 14571 14571 E ArmVmp : Match on catch block at 0xc3 in for 0xa1
03-01 23:56:51.436 14571 14571 E ArmVmp : Match on catch block at 0xc3 in for 0xa1
03-01 23:56:51.466 14571 14571 E ArmVmp : Match on catch block at 0xc3 in for 0xa1
03-01 23:56:51.470 14571 14571 E ArmVmp : Match on catch block at 0xc3 in for 0xa5
03-01 23:56:51.473 14571 14571 E ArmVmp : Match on catch block at 0xc3 in for 0xa5
03-01 23:56:51.509 14571 14571 E ArmVmp : Match on catch block at 0xc3 in for 0xa5
03-01 23:56:51.511 14571 14571 E ArmVmp : Match on catch block at 0xc3 in for 0xa9
03-01 23:56:51.514 14571 14571 E ArmVmp : Match on catch block at 0xc3 in for 0xa9
03-01 23:56:51.529 14571 14571 E ArmVmp : Match on catch block at 0xc3 in for 0xa5
03-01 23:56:51.533 14571 14571 E ArmVmp : Match on catch block at 0xc3 in for 0xa9
03-01 23:56:51.536 14571 14571 E ArmVmp : Match on catch block at 0xc3 in for 0xa9
03-01 23:56:51.912 14571 14571 E ArmVmp : Match on catch block at 0xc3 in for 0xa9
03-01 23:56:51.916 14571 14571 E ArmVmp : Match on catch block at 0xc3 in for 0xa1
03-01 23:56:51.919 14571 14571 E ArmVmp : Match on catch block at 0xc3 in for 0xa1
03-01 23:56:51.928 14571 14571 E ArmVmp : Match on catch block at 0xc3 in for 0xa5
03-01 23:56:51.932 14571 14571 E ArmVmp : Match on catch block at 0xc3 in for 0xa9
03-01 23:56:51.936 14571 14571 E ArmVmp : Match on catch block at 0xc3 in for 0xa9
03-01 23:56:51.944 14571 14571 E ArmVmp : Match on catch block at 0xc3 in for 0xa1
03-01 23:56:51.948 14571 14571 E ArmVmp : Match on catch block at 0xc3 in for 0xa5
03-01 23:56:51.951 14571 14571 E ArmVmp : Match on catch block at 0xc3 in for 0xa5
03-01 23:56:51.961 14571 14571 E ArmVmp : Match on catch block at 0xc3 in for 0xa9
03-01 23:56:51.966 14571 14571 E ArmVmp : Match on catch block at 0xc3 in for 0xa1
03-01 23:56:51.969 14571 14571 E ArmVmp : Match on catch block at 0xc3 in for 0xa1
03-01 23:56:51.977 14571 14571 E ArmVmp : Match on catch block at 0xc3 in for 0xa5
03-01 23:56:51.983 14571 14571 E ArmVmp : Match on catch block at 0xc3 in for 0xa9
03-01 23:56:51.985 14571 14571 E ArmVmp : Match on catch block at 0xc3 in for 0xa9
03-01 23:56:51.995 14571 14571 E ArmVmp : Match on catch block at 0xc3 in for 0xa1
03-01 23:56:52.000 14571 14571 E ArmVmp : Match on catch block at 0xc3 in for 0xa5
03-01 23:56:52.003 14571 14571 E ArmVmp : Match on catch block at 0xc3 in for 0xa5
03-01 23:56:52.011 14571 14571 E ArmVmp : Match on catch block at 0xc3 in for 0xa9
03-01 23:56:52.016 14571 14571 E ArmVmp : Match on catch block at 0xc3 in for 0xa1
03-01 23:56:52.019 14571 14571 E ArmVmp : Match on catch block at 0xc3 in for 0xa1
03-01 23:56:52.027 14571 14571 E ArmVmp : Match on catch block at 0xc3 in for 0xa5
03-01 23:56:52.031 14571 14571 E ArmVmp : Match on catch block at 0xc3 in for 0xa9
03-01 23:56:52.033 14571 14571 E ArmVmp : Match on catch block at 0xc3 in for 0xa9
03-01 23:56:52.043 14571 14571 E ArmVmp : Match on catch block at 0xc3 in for 0xa1
03-01 23:56:52.050 14571 14571 E ArmVmp : Match on catch block at 0xc3 in for 0xa5
03-01 23:56:52.052 14571 14571 E ArmVmp : Match on catch block at 0xc3 in for 0xa5
03-01 23:56:52.062 14571 14571 E ArmVmp : Match on catch block at 0xc3 in for 0xa1
03-01 23:56:52.065 14571 14571 E ArmVmp : Match on catch block at 0xc3 in for 0xa5
03-01 23:56:52.068 14571 14571 E ArmVmp : Match on catch block at 0xc3 in for 0xa5
03-01 23:56:52.076 14571 14571 E ArmVmp : Match on catch block at 0xc3 in for 0xa9
03-01 23:56:52.081 14571 14571 E ArmVmp : Match on catch block at 0xc3 in for 0xa1
03-01 23:56:52.084 14571 14571 E ArmVmp : Match on catch block at 0xc3 in for 0xa1
03-01 23:56:52.093 14571 14571 E ArmVmp : Match on catch block at 0xc3 in for 0xa5
03-01 23:56:52.096 14571 14571 E ArmVmp : Match on catch block at 0xc3 in for 0xa9
03-01 23:56:52.098 14571 14571 E ArmVmp : Match on catch block at 0xc3 in for 0xa9
03-01 23:56:52.110 14571 14571 E ArmVmp : Match on catch block at 0xc3 in for 0xa1
03-01 23:56:52.112 14571 14571 E ArmVmp : Match on catch block at 0xc3 in for 0xa5
03-01 23:56:52.114 14571 14571 E ArmVmp : Match on catch block at 0xc3 in for 0xa5
03-01 23:56:52.126 14571 14571 E ArmVmp : Match on catch block at 0xc3 in for 0xa9
03-01 23:56:52.129 14571 14571 E ArmVmp : Match on catch block at 0xc3 in for 0xa1
03-01 23:56:52.131 14571 14571 E ArmVmp : Match on catch block at 0xc3 in for 0xa1
03-01 23:56:52.143 14571 14571 E ArmVmp : Match on catch block at 0xc3 in for 0xa5
03-01 23:56:52.146 14571 14571 E ArmVmp : Match on catch block at 0xc3 in for 0xa9
03-01 23:56:52.149 14571 14571 E ArmVmp : Match on catch block at 0xc3 in for 0xa9
03-01 23:56:52.160 14571 14571 E ArmVmp : Match on catch block at 0xc3 in for 0xa1
03-01 23:56:52.163 14571 14571 E ArmVmp : Match on catch block at 0xc3 in for 0xa5
03-01 23:56:52.166 14571 14571 E ArmVmp : Match on catch block at 0xc3 in for 0xa5
03-01 23:56:52.177 14571 14571 E ArmVmp : Match on catch block at 0xc3 in for 0xa9
03-01 23:56:52.180 14571 14571 E ArmVmp : Match on catch block at 0xc3 in for 0xa1
03-01 23:56:52.182 14571 14571 E ArmVmp : Match on catch block at 0xc3 in for 0xa1
03-01 23:56:52.193 14571 14571 E ArmVmp : Match on catch block at 0xc3 in for 0xa5
03-01 23:56:52.198 14571 14571 E ArmVmp : Match on catch block at 0xc3 in for 0xa9
03-01 23:56:52.200 14571 14571 E ArmVmp : Match on catch block at 0xc3 in for 0xa9
03-01 23:56:52.210 14571 14571 E ArmVmp : Match on catch block at 0xc3 in for 0xa1
03-01 23:56:52.213 14571 14571 E ArmVmp : Match on catch block at 0xc3 in for 0xa5
03-01 23:56:52.216 14571 14571 E ArmVmp : Match on catch block at 0xc3 in for 0xa5
03-01 23:56:52.527 14571 14571 E ArmVmp : Match on catch block at 0xc3 in for 0xa9
03-01 23:56:52.531 14571 14571 E ArmVmp : Match on catch block at 0xc3 in for 0xa1
03-01 23:56:52.534 14571 14571 E ArmVmp : Match on catch block at 0xc3 in for 0xa1
03-01 23:56:53.028 14571 14571 E ArmVmp : Match on catch block at 0xc3 in for 0xa5
03-01 23:56:53.033 14571 14571 E ArmVmp : Match on catch block at 0xc3 in for 0xa9
03-01 23:56:53.037 14571 14571 E ArmVmp : Match on catch block at 0xc3 in for 0xa9
03-01 23:56:53.061 14571 14571 E ArmVmp : Match on catch block at 0xc3 in for 0xa1
03-01 23:56:53.066 14571 14571 E ArmVmp : Match on catch block at 0xc3 in for 0xa5
03-01 23:56:53.069 14571 14571 E ArmVmp : Match on catch block at 0xc3 in for 0xa5
03-01 23:56:53.077 14571 14571 E ArmVmp : Match on catch block at 0xc3 in for 0xa9
03-01 23:56:53.083 14571 14571 E ArmVmp : Match on catch block at 0xc3 in for 0xa1
03-01 23:56:53.085 14571 14571 E ArmVmp : Match on catch block at 0xc3 in for 0xa1
03-01 23:56:53.093 14571 14571 E ArmVmp : Match on catch block at 0xc3 in for 0xa5
03-01 23:56:53.098 14571 14571 E ArmVmp : Match on catch block at 0xc3 in for 0xa9
03-01 23:56:53.104 14571 14571 E ArmVmp : Match on catch block at 0xc3 in for 0xa9
03-01 23:56:53.110 14571 14571 E ArmVmp : Match on catch block at 0xc3 in for 0xa1
03-01 23:56:53.117 14571 14571 E ArmVmp : Match on catch block at 0xc3 in for 0xa5
03-01 23:56:53.119 14571 14571 E ArmVmp : Match on catch block at 0xc3 in for 0xa5
03-01 23:56:53.127 14571 14571 E ArmVmp : Match on catch block at 0xc3 in for 0xa9
03-01 23:56:53.133 14571 14571 E ArmVmp : Match on catch block at 0xc3 in for 0xa1
03-01 23:56:53.135 14571 14571 E ArmVmp : Match on catch block at 0xc3 in for 0xa1
03-01 23:56:53.142 14571 14571 E ArmVmp : Match on catch block at 0xc3 in for 0xa5
03-01 23:56:53.148 14571 14571 E ArmVmp : Match on catch block at 0xc3 in for 0xa9
03-01 23:56:53.151 14571 14571 E ArmVmp : Match on catch block at 0xc3 in for 0xa9
03-01 23:56:53.159 14571 14571 E ArmVmp : Match on catch block at 0xc3 in for 0xa1
03-01 23:56:53.163 14571 14571 E ArmVmp : Match on catch block at 0xc3 in for 0xa5
03-01 23:56:53.165 14571 14571 E ArmVmp : Match on catch block at 0xc3 in for 0xa5
03-01 23:56:53.176 14571 14571 E ArmVmp : Match on catch block at 0xc3 in for 0xa9
03-01 23:56:53.180 14571 14571 E ArmVmp : Match on catch block at 0xc3 in for 0xa1
03-01 23:56:53.187 14571 14571 E ArmVmp : Match on catch block at 0xc3 in for 0xa1
03-01 23:56:53.193 14571 14571 E ArmVmp : Match on catch block at 0xc3 in for 0xa5
03-01 23:56:53.203 14571 14571 E ArmVmp : Match on catch block at 0xc3 in for 0xa9
03-01 23:56:53.205 14571 14571 E ArmVmp : Match on catch block at 0xc3 in for 0xa9
03-01 23:56:53.213 14571 14571 E ArmVmp : Match on catch block at 0xc3 in for 0xa1
03-01 23:56:53.217 14571 14571 E ArmVmp : Match on catch block at 0xc3 in for 0xa5
03-01 23:56:53.221 14571 14571 E ArmVmp : Match on catch block at 0xc3 in for 0xa5
03-01 23:56:53.228 14571 14571 E ArmVmp : Match on catch block at 0xc3 in for 0xa9
03-01 23:56:53.231 14571 14571 E ArmVmp : Match on catch block at 0xc3 in for 0xa1
03-01 23:56:53.235 14571 14571 E ArmVmp : Match on catch block at 0xc3 in for 0xa1
03-01 23:56:53.242 14571 14571 E ArmVmp : Match on catch block at 0xc3 in for 0xa5
03-01 23:56:53.248 14571 14571 E ArmVmp : Match on catch block at 0xc3 in for 0xa9
03-01 23:56:53.251 14571 14571 E ArmVmp : Match on catch block at 0xc3 in for 0xa9
03-01 23:56:53.260 14571 14571 E ArmVmp : Match on catch block at 0xc3 in for 0xa1
03-01 23:56:53.265 14571 14571 E ArmVmp : Match on catch block at 0xc3 in for 0xa5
03-01 23:56:53.268 14571 14571 E ArmVmp : Match on catch block at 0xc3 in for 0xa5
03-01 23:56:53.277 14571 14571 E ArmVmp : Match on catch block at 0xc3 in for 0xa9
03-01 23:56:53.282 14571 14571 E ArmVmp : Match on catch block at 0xc3 in for 0xa1
03-01 23:56:53.284 14571 14571 E ArmVmp : Match on catch block at 0xc3 in for 0xa1
03-01 23:56:53.292 14571 14571 E ArmVmp : Match on catch block at 0xc3 in for 0xa5
03-01 23:56:53.295 14571 14571 E ArmVmp : Match on catch block at 0xc3 in for 0xa9
03-01 23:56:53.297 14571 14571 E ArmVmp : Match on catch block at 0xc3 in for 0xa9
03-01 23:56:53.309 14571 14571 E ArmVmp : Match on catch block at 0xc3 in for 0xa1
03-01 23:56:53.314 14571 14571 E ArmVmp : Match on catch block at 0xc3 in for 0xa5
03-01 23:56:53.316 14571 14571 E ArmVmp : Match on catch block at 0xc3 in for 0xa5
03-01 23:56:53.526 14571 14571 E ArmVmp : Match on catch block at 0xc3 in for 0xa9
03-01 23:56:53.528 14571 14571 E ArmVmp : Match on catch block at 0xc3 in for 0xa1
03-01 23:56:53.530 14571 14571 E ArmVmp : Match on catch block at 0xc3 in for 0xa1
03-01 23:56:53.605 14571 14571 E ArmVmp : Match on catch block at 0xc3 in for 0xa9
03-01 23:56:53.608 14571 14571 E ArmVmp : Match on catch block at 0xc3 in for 0xa1
03-01 23:56:53.612 14571 14571 E ArmVmp : Match on catch block at 0xc3 in for 0xa1
03-01 23:56:53.622 14571 14571 E ArmVmp : Match on catch block at 0xc3 in for 0xa5
03-01 23:56:53.627 14571 14571 E ArmVmp : Match on catch block at 0xc3 in for 0xa9
03-01 23:56:53.629 14571 14571 E ArmVmp : Match on catch block at 0xc3 in for 0xa9
03-01 23:56:54.027 14571 14571 E ArmVmp : Match on catch block at 0xc3 in for 0xa1
03-01 23:56:54.033 14571 14571 E ArmVmp : Match on catch block at 0xc3 in for 0xa5
03-01 23:56:54.038 14571 14571 E ArmVmp : Match on catch block at 0xc3 in for 0xa5
03-01 23:56:54.194 14571 14571 E ArmVmp : Match on catch block at 0xc3 in for 0xa5
03-01 23:56:54.198 14571 14571 E ArmVmp : Match on catch block at 0xc3 in for 0xa9
03-01 23:56:54.201 14571 14571 E ArmVmp : Match on catch block at 0xc3 in for 0xa9
03-01 23:56:54.221 14571 14571 E ArmVmp : Match on catch block at 0xc3 in for 0xa5
03-01 23:56:54.224 14571 14571 E ArmVmp : Match on catch block at 0xc3 in for 0xa9
03-01 23:56:54.227 14571 14571 E ArmVmp : Match on catch block at 0xc3 in for 0xa9
03-01 23:56:54.525 14571 14571 E ArmVmp : Match on catch block at 0xc3 in for 0xa1
03-01 23:56:54.528 14571 14571 E ArmVmp : Match on catch block at 0xc3 in for 0xa5
03-01 23:56:54.530 14571 14571 E ArmVmp : Match on catch block at 0xc3 in for 0xa5
03-01 23:56:54.931 14571 14571 E ArmVmp : Match on catch block at 0xc3 in for 0xa9
03-01 23:56:54.939 14571 14571 E ArmVmp : Match on catch block at 0xc3 in for 0xa1
03-01 23:56:54.943 14571 14571 E ArmVmp : Match on catch block at 0xc3 in for 0xa1
03-01 23:56:54.961 14571 14571 E ArmVmp : Match on catch block at 0xc3 in for 0xa1
03-01 23:56:54.968 14571 14571 E ArmVmp : Match on catch block at 0xc3 in for 0xa5
03-01 23:56:54.974 14571 14571 E ArmVmp : Match on catch block at 0xc3 in for 0xa5
03-01 23:56:54.991 14571 14571 E ArmVmp : Match on catch block at 0xc3 in for 0xa9
03-01 23:56:54.995 14571 14571 E ArmVmp : Match on catch block at 0xc3 in for 0xa1
03-01 23:56:54.998 14571 14571 E ArmVmp : Match on catch block at 0xc3 in for 0xa1
03-01 23:56:55.009 14571 14571 E ArmVmp : Match on catch block at 0xc3 in for 0xa5
03-01 23:56:55.012 14571 14571 E ArmVmp : Match on catch block at 0xc3 in for 0xa9
03-01 23:56:55.015 14571 14571 E ArmVmp : Match on catch block at 0xc3 in for 0xa9
03-01 23:56:55.027 14571 14571 E ArmVmp : Match on catch block at 0xc3 in for 0xa1
03-01 23:56:55.033 14571 14571 E ArmVmp : Match on catch block at 0xc3 in for 0xa5
03-01 23:56:55.038 14571 14571 E ArmVmp : Match on catch block at 0xc3 in for 0xa5
03-01 23:56:55.063 14571 14571 E ArmVmp : Match on catch block at 0xc3 in for 0xa9
03-01 23:56:55.069 14571 14571 E ArmVmp : Match on catch block at 0xc3 in for 0xa1
03-01 23:56:55.073 14571 14571 E ArmVmp : Match on catch block at 0xc3 in for 0xa1
03-01 23:56:55.092 14571 14571 E ArmVmp : Match on catch block at 0xc3 in for 0xa5
03-01 23:56:55.098 14571 14571 E ArmVmp : Match on catch block at 0xc3 in for 0xa9
03-01 23:56:55.101 14571 14571 E ArmVmp : Match on catch block at 0xc3 in for 0xa9
03-01 23:56:55.109 14571 14571 E ArmVmp : Match on catch block at 0xc3 in for 0xa1
03-01 23:56:55.116 14571 14571 E ArmVmp : Match on catch block at 0xc3 in for 0xa5
03-01 23:56:55.120 14571 14571 E ArmVmp : Match on catch block at 0xc3 in for 0xa5
03-01 23:56:55.142 14571 14571 E ArmVmp : Match on catch block at 0xc3 in for 0xa9
03-01 23:56:55.147 14571 14571 E ArmVmp : Match on catch block at 0xc3 in for 0xa1
03-01 23:56:55.151 14571 14571 E ArmVmp : Match on catch block at 0xc3 in for 0xa1
03-01 23:56:55.225 14571 14571 E ArmVmp : Match on catch block at 0xc3 in for 0xa1
03-01 23:56:55.229 14571 14571 E ArmVmp : Match on catch block at 0xc3 in for 0xa5
03-01 23:56:55.232 14571 14571 E ArmVmp : Match on catch block at 0xc3 in for 0xa5
03-01 23:56:55.491 14571 14571 E ArmVmp : Match on catch block at 0xc3 in for 0xa5
03-01 23:56:55.494 14571 14571 E ArmVmp : Match on catch block at 0xc3 in for 0xa9
03-01 23:56:55.497 14571 14571 E ArmVmp : Match on catch block at 0xc3 in for 0xa9
03-01 23:56:55.790 14571 14571 E ArmVmp : Match on catch block at 0xc3 in for 0xa5
03-01 23:56:55.793 14571 14571 E ArmVmp : Match on catch block at 0xc3 in for 0xa9
03-01 23:56:55.796 14571 14571 E ArmVmp : Match on catch block at 0xc3 in for 0xa9
03-01 23:56:55.807 14571 14571 E ArmVmp : Match on catch block at 0xc3 in for 0xa1
03-01 23:56:55.810 14571 14571 E ArmVmp : Match on catch block at 0xc3 in for 0xa5
03-01 23:56:55.812 14571 14571 E ArmVmp : Match on catch block at 0xc3 in for 0xa5
03-01 23:56:55.824 14571 14571 E ArmVmp : Match on catch block at 0xc3 in for 0xa9
03-01 23:56:55.827 14571 14571 E ArmVmp : Match on catch block at 0xc3 in for 0xa1
03-01 23:56:55.829 14571 14571 E ArmVmp : Match on catch block at 0xc3 in for 0xa1
03-01 23:56:55.841 14571 14571 E ArmVmp : Match on catch block at 0xc3 in for 0xa5
03-01 23:56:55.845 14571 14571 E ArmVmp : Match on catch block at 0xc3 in for 0xa9
03-01 23:56:55.847 14571 14571 E ArmVmp : Match on catch block at 0xc3 in for 0xa9
03-01 23:56:55.857 14571 14571 E ArmVmp : Match on catch block at 0xc3 in for 0xa1
03-01 23:56:55.861 14571 14571 E ArmVmp : Match on catch block at 0xc3 in for 0xa5
03-01 23:56:55.864 14571 14571 E ArmVmp : Match on catch block at 0xc3 in for 0xa5
03-01 23:56:55.874 14571 14571 E ArmVmp : Match on catch block at 0xc3 in for 0xa9
03-01 23:56:55.877 14571 14571 E ArmVmp : Match on catch block at 0xc3 in for 0xa1
03-01 23:56:55.882 14571 14571 E ArmVmp : Match on catch block at 0xc3 in for 0xa1
03-01 23:56:55.892 14571 14571 E ArmVmp : Match on catch block at 0xc3 in for 0xa5
03-01 23:56:55.896 14571 14571 E ArmVmp : Match on catch block at 0xc3 in for 0xa9
03-01 23:56:55.898 14571 14571 E ArmVmp : Match on catch block at 0xc3 in for 0xa9
03-01 23:56:55.907 14571 14571 E ArmVmp : Match on catch block at 0xc3 in for 0xa1
03-01 23:56:55.910 14571 14571 E ArmVmp : Match on catch block at 0xc3 in for 0xa5
03-01 23:56:55.913 14571 14571 E ArmVmp : Match on catch block at 0xc3 in for 0xa5
03-01 23:56:55.924 14571 14571 E ArmVmp : Match on catch block at 0xc3 in for 0xa9
03-01 23:56:55.927 14571 14571 E ArmVmp : Match on catch block at 0xc3 in for 0xa1
03-01 23:56:55.929 14571 14571 E ArmVmp : Match on catch block at 0xc3 in for 0xa1
03-01 23:56:55.940 14571 14571 E ArmVmp : Match on catch block at 0xc3 in for 0xa5
03-01 23:56:55.944 14571 14571 E ArmVmp : Match on catch block at 0xc3 in for 0xa9
03-01 23:56:55.946 14571 14571 E ArmVmp : Match on catch block at 0xc3 in for 0xa9
03-01 23:56:55.957 14571 14571 E ArmVmp : Match on catch block at 0xc3 in for 0xa1
03-01 23:56:55.960 14571 14571 E ArmVmp : Match on catch block at 0xc3 in for 0xa5
03-01 23:56:55.963 14571 14571 E ArmVmp : Match on catch block at 0xc3 in for 0xa5
03-01 23:56:55.974 14571 14571 E ArmVmp : Match on catch block at 0xc3 in for 0xa9
03-01 23:56:55.978 14571 14571 E ArmVmp : Match on catch block at 0xc3 in for 0xa1
03-01 23:56:55.980 14571 14571 E ArmVmp : Match on catch block at 0xc3 in for 0xa1
03-01 23:56:55.991 14571 14571 E ArmVmp : Match on catch block at 0xc3 in for 0xa5
03-01 23:56:55.995 14571 14571 E ArmVmp : Match on catch block at 0xc3 in for 0xa9
03-01 23:56:55.998 14571 14571 E ArmVmp : Match on catch block at 0xc3 in for 0xa9
03-01 23:56:56.007 14571 14571 E ArmVmp : Match on catch block at 0xc3 in for 0xa1
03-01 23:56:56.010 14571 14571 E ArmVmp : Match on catch block at 0xc3 in for 0xa5
03-01 23:56:56.014 14571 14571 E ArmVmp : Match on catch block at 0xc3 in for 0xa5
03-01 23:56:56.024 14571 14571 E ArmVmp : Match on catch block at 0xc3 in for 0xa9
03-01 23:56:56.029 14571 14571 E ArmVmp : Match on catch block at 0xc3 in for 0xa1
03-01 23:56:56.032 14571 14571 E ArmVmp : Match on catch block at 0xc3 in for 0xa1
03-01 23:56:56.041 14571 14571 E ArmVmp : Match on catch block at 0xc3 in for 0xa5
03-01 23:56:56.044 14571 14571 E ArmVmp : Match on catch block at 0xc3 in for 0xa9
03-01 23:56:56.049 14571 14571 E ArmVmp : Match on catch block at 0xc3 in for 0xa9
03-01 23:56:56.158 14571 14571 E ArmVmp : Match on catch block at 0xc3 in for 0xa5
03-01 23:56:56.163 14571 14571 E ArmVmp : Match on catch block at 0xc3 in for 0xa9
03-01 23:56:56.166 14571 14571 E ArmVmp : Match on catch block at 0xc3 in for 0xa9
03-01 23:56:56.308 14571 14571 E ArmVmp : Match on catch block at 0xc3 in for 0xa5
03-01 23:56:56.311 14571 14571 E ArmVmp : Match on catch block at 0xc3 in for 0xa9
03-01 23:56:56.313 14571 14571 E ArmVmp : Match on catch block at 0xc3 in for 0xa9
03-01 23:56:56.523 14571 14571 E ArmVmp : Match on catch block at 0xc3 in for 0xa9
03-01 23:56:56.529 14571 14571 E ArmVmp : Match on catch block at 0xc3 in for 0xa1
03-01 23:56:56.531 14571 14571 E ArmVmp : Match on catch block at 0xc3 in for 0xa1
03-01 23:56:57.023 14571 14571 E ArmVmp : Match on catch block at 0xc3 in for 0xa9
03-01 23:56:57.026 14571 14571 E ArmVmp : Match on catch block at 0xc3 in for 0xa1
03-01 23:56:57.028 14571 14571 E ArmVmp : Match on catch block at 0xc3 in for 0xa1
03-01 23:56:57.223 14571 14571 E ArmVmp : Match on catch block at 0xc3 in for 0xa9
03-01 23:56:57.226 14571 14571 E ArmVmp : Match on catch block at 0xc3 in for 0xa1
03-01 23:56:57.229 14571 14571 E ArmVmp : Match on catch block at 0xc3 in for 0xa1
03-01 23:56:57.473 14571 14571 E ArmVmp : Match on catch block at 0xc3 in for 0xa9
03-01 23:56:57.475 14571 14571 E ArmVmp : Match on catch block at 0xc3 in for 0xa1
03-01 23:56:57.477 14571 14571 E ArmVmp : Match on catch block at 0xc3 in for 0xa1
03-01 23:56:57.496 14571 14571 E ArmVmp : Match on catch block at 0xc3 in for 0xa1
03-01 23:56:57.499 14571 14571 E ArmVmp : Match on catch block at 0xc3 in for 0xa5
03-01 23:56:57.501 14571 14571 E ArmVmp : Match on catch block at 0xc3 in for 0xa5
03-01 23:56:57.520 14571 14571 E ArmVmp : Match on catch block at 0xc3 in for 0xa5
03-01 23:56:57.524 14571 14571 E ArmVmp : Match on catch block at 0xc3 in for 0xa9
03-01 23:56:57.531 14571 14571 E ArmVmp : Match on catch block at 0xc3 in for 0xa5
03-01 23:56:57.535 14571 14571 E ArmVmp : Match on catch block at 0xc3 in for 0xa9
03-01 23:56:57.540 14571 14571 E ArmVmp : Match on catch block at 0xc3 in for 0xa5
03-01 23:56:57.544 14571 14571 E ArmVmp : Match on catch block at 0xc3 in for 0xa9
03-01 23:56:57.556 14571 14571 E ArmVmp : Match on catch block at 0xc3 in for 0xa5
03-01 23:56:57.559 14571 14571 E ArmVmp : Match on catch block at 0xc3 in for 0xa9
03-01 23:56:57.592 14571 14571 E ArmVmp : Match on catch block at 0xc3 in for 0xa5
03-01 23:56:57.596 14571 14571 E ArmVmp : Match on catch block at 0xc3 in for 0xa9
03-01 23:56:57.612 14571 14571 E ArmVmp : Match on catch block at 0xc3 in for 0xa1
03-01 23:56:57.615 14571 14571 E ArmVmp : Match on catch block at 0xc3 in for 0xa5
03-01 23:56:57.628 14571 14571 E ArmVmp : Match on catch block at 0xc3 in for 0xa9
03-01 23:56:57.632 14571 14571 E ArmVmp : Match on catch block at 0xc3 in for 0xa1
03-01 23:56:57.639 14571 14571 E ArmVmp : Match on catch block at 0xc3 in for 0xa9
03-01 23:56:57.644 14571 14571 E ArmVmp : Match on catch block at 0xc3 in for 0xa1
03-01 23:56:57.656 14571 14571 E ArmVmp : Match on catch block at 0xc3 in for 0xa9
03-01 23:56:57.659 14571 14571 E ArmVmp : Match on catch block at 0xc3 in for 0xa1
03-01 23:56:57.672 14571 14571 E ArmVmp : Match on catch block at 0xc3 in for 0xa9
03-01 23:56:57.675 14571 14571 E ArmVmp : Match on catch block at 0xc3 in for 0xa1
03-01 23:56:57.689 14571 14571 E ArmVmp : Match on catch block at 0xc3 in for 0xa9
03-01 23:56:57.692 14571 14571 E ArmVmp : Match on catch block at 0xc3 in for 0xa1
03-01 23:56:57.909 14571 14571 E ArmVmp : Match on catch block at 0xc3 in for 0xa9
03-01 23:56:57.912 14571 14571 E ArmVmp : Match on catch block at 0xc3 in for 0xa1
03-01 23:56:57.923 14571 14571 E ArmVmp : Match on catch block at 0xc3 in for 0xa5
03-01 23:56:57.926 14571 14571 E ArmVmp : Match on catch block at 0xc3 in for 0xa9
03-01 23:56:57.935 14571 14762 W MediaPlayer: Use of stream types is deprecated for
operations other than volume control
03-01 23:56:57.935 14571 14762 W MediaPlayer: See the documentation of
setAudioStreamType() for what to use instead with android.media.AudioAttributes to
qualify your playback use case
03-01 23:56:57.989 14571 14571 E ArmVmp : Match on catch block at 0xc3 in for 0xa5
03-01 23:56:57.993 14571 14571 E ArmVmp : Match on catch block at 0xc3 in for 0xa9
03-01 23:56:58.075 14571 14571 E ArmVmp : Match on catch block at 0xc3 in for 0xa9
03-01 23:56:58.080 14571 14571 E ArmVmp : Match on catch block at 0xc3 in for 0xa1
03-01 23:56:58.106 14571 14571 E ArmVmp : Match on catch block at 0xc3 in for 0xa5
03-01 23:56:58.112 14571 14571 E ArmVmp : Match on catch block at 0xc3 in for 0xa9
03-01 23:56:58.129 14571 14571 E ArmVmp : Match on catch block at 0xc3 in for 0xa1
03-01 23:56:58.131 14571 14571 E ArmVmp : Match on catch block at 0xc3 in for 0xa5
03-01 23:56:58.141 14571 14571 E ArmVmp : Match on catch block at 0xc3 in for 0xa9
03-01 23:56:58.145 14571 14571 E ArmVmp : Match on catch block at 0xc3 in for 0xa1
03-01 23:56:58.155 14571 14571 E ArmVmp : Match on catch block at 0xc3 in for 0xa9
03-01 23:56:58.159 14571 14571 E ArmVmp : Match on catch block at 0xc3 in for 0xa1
03-01 23:56:58.172 14571 14571 E ArmVmp : Match on catch block at 0xc3 in for 0xa9
03-01 23:56:58.176 14571 14571 E ArmVmp : Match on catch block at 0xc3 in for 0xa1
03-01 23:56:58.189 14571 14571 E ArmVmp : Match on catch block at 0xc3 in for 0xa9
03-01 23:56:58.192 14571 14571 E ArmVmp : Match on catch block at 0xc3 in for 0xa1
03-01 23:56:58.208 14571 14571 E ArmVmp : Match on catch block at 0xc3 in for 0xa1
03-01 23:56:58.211 14571 14571 E ArmVmp : Match on catch block at 0xc3 in for 0xa5
03-01 23:56:58.222 14571 14571 E ArmVmp : Match on catch block at 0xc3 in for 0xa1
03-01 23:56:58.226 14571 14571 E ArmVmp : Match on catch block at 0xc3 in for 0xa5
03-01 23:56:58.239 14571 14571 E ArmVmp : Match on catch block at 0xc3 in for 0xa1
03-01 23:56:58.242 14571 14571 E ArmVmp : Match on catch block at 0xc3 in for 0xa5
03-01 23:56:58.255 14571 14571 E ArmVmp : Match on catch block at 0xc3 in for 0xa1
03-01 23:56:58.259 14571 14571 E ArmVmp : Match on catch block at 0xc3 in for 0xa5
03-01 23:56:58.272 14571 14571 E ArmVmp : Match on catch block at 0xc3 in for 0xa5
03-01 23:56:58.277 14571 14571 E ArmVmp : Match on catch block at 0xc3 in for 0xa9
03-01 23:56:58.288 14571 14571 E ArmVmp : Match on catch block at 0xc3 in for 0xa5
03-01 23:56:58.291 14571 14571 E ArmVmp : Match on catch block at 0xc3 in for 0xa9
03-01 23:56:58.355 14571 14571 E ArmVmp : Match on catch block at 0xc3 in for 0xa9
03-01 23:56:58.358 14571 14571 E ArmVmp : Match on catch block at 0xc3 in for 0xa1
03-01 23:56:58.522 14571 14571 E ArmVmp : Match on catch block at 0xc3 in for 0xa1
03-01 23:56:58.525 14571 14571 E ArmVmp : Match on catch block at 0xc3 in for 0xa5
03-01 23:56:58.672 14571 14571 E ArmVmp : Match on catch block at 0xc3 in for 0xa5
03-01 23:56:58.675 14571 14571 E ArmVmp : Match on catch block at 0xc3 in for 0xa9
03-01 23:56:58.909 14571 14571 E ArmVmp : Match on catch block at 0xc3 in for 0xa1
03-01 23:56:58.912 14571 14571 E ArmVmp : Match on catch block at 0xc3 in for 0xa5
03-01 23:56:58.922 14571 14571 E ArmVmp : Match on catch block at 0xc3 in for 0xa1
03-01 23:56:58.926 14571 14571 E ArmVmp : Match on catch block at 0xc3 in for 0xa5
03-01 23:56:58.939 14571 14571 E ArmVmp : Match on catch block at 0xc3 in for 0xa1
03-01 23:56:58.943 14571 14571 E ArmVmp : Match on catch block at 0xc3 in for 0xa5
03-01 23:56:58.955 14571 14571 E ArmVmp : Match on catch block at 0xc3 in for 0xa1
03-01 23:56:58.958 14571 14571 E ArmVmp : Match on catch block at 0xc3 in for 0xa5
03-01 23:56:58.972 14571 14571 E ArmVmp : Match on catch block at 0xc3 in for 0xa1
03-01 23:56:58.975 14571 14571 E ArmVmp : Match on catch block at 0xc3 in for 0xa5
03-01 23:56:58.988 14571 14571 E ArmVmp : Match on catch block at 0xc3 in for 0xa5
03-01 23:56:58.992 14571 14571 E ArmVmp : Match on catch block at 0xc3 in for 0xa9
03-01 23:56:59.005 14571 14571 E ArmVmp : Match on catch block at 0xc3 in for 0xa5
03-01 23:56:59.007 14571 14571 E ArmVmp : Match on catch block at 0xc3 in for 0xa9
03-01 23:56:59.022 14571 14571 E ArmVmp : Match on catch block at 0xc3 in for 0xa5
03-01 23:56:59.024 14571 14571 E ArmVmp : Match on catch block at 0xc3 in for 0xa9
03-01 23:56:59.040 14571 14571 E ArmVmp : Match on catch block at 0xc3 in for 0xa5
03-01 23:56:59.043 14571 14571 E ArmVmp : Match on catch block at 0xc3 in for 0xa9
03-01 23:56:59.055 14571 14571 E ArmVmp : Match on catch block at 0xc3 in for 0xa5
03-01 23:56:59.057 14571 14571 E ArmVmp : Match on catch block at 0xc3 in for 0xa9
03-01 23:56:59.071 14571 14571 E ArmVmp : Match on catch block at 0xc3 in for 0xa5
03-01 23:56:59.074 14571 14571 E ArmVmp : Match on catch block at 0xc3 in for 0xa9
03-01 23:56:59.088 14571 14571 E ArmVmp : Match on catch block at 0xc3 in for 0xa5
03-01 23:56:59.091 14571 14571 E ArmVmp : Match on catch block at 0xc3 in for 0xa9
03-01 23:56:59.105 14571 14571 E ArmVmp : Match on catch block at 0xc3 in for 0xa5
03-01 23:56:59.107 14571 14571 E ArmVmp : Match on catch block at 0xc3 in for 0xa9
03-01 23:56:59.121 14571 14571 E ArmVmp : Match on catch block at 0xc3 in for 0xa5
03-01 23:56:59.124 14571 14571 E ArmVmp : Match on catch block at 0xc3 in for 0xa9
03-01 23:56:59.138 14571 14571 E ArmVmp : Match on catch block at 0xc3 in for 0xa5
03-01 23:56:59.140 14571 14571 E ArmVmp : Match on catch block at 0xc3 in for 0xa9
03-01 23:56:59.155 14571 14571 E ArmVmp : Match on catch block at 0xc3 in for 0xa5
03-01 23:56:59.157 14571 14571 E ArmVmp : Match on catch block at 0xc3 in for 0xa9
03-01 23:56:59.171 14571 14571 E ArmVmp : Match on catch block at 0xc3 in for 0xa5
03-01 23:56:59.176 14571 14571 E ArmVmp : Match on catch block at 0xc3 in for 0xa9
03-01 23:56:59.188 14571 14571 E ArmVmp : Match on catch block at 0xc3 in for 0xa1
03-01 23:56:59.192 14571 14571 E ArmVmp : Match on catch block at 0xc3 in for 0xa5
03-01 23:56:59.205 14571 14571 E ArmVmp : Match on catch block at 0xc3 in for 0xa1
03-01 23:56:59.208 14571 14571 E ArmVmp : Match on catch block at 0xc3 in for 0xa5
03-01 23:56:59.221 14571 14571 E ArmVmp : Match on catch block at 0xc3 in for 0xa1
03-01 23:56:59.224 14571 14571 E ArmVmp : Match on catch block at 0xc3 in for 0xa5
03-01 23:56:59.238 14571 14571 E ArmVmp : Match on catch block at 0xc3 in for 0xa1
03-01 23:56:59.241 14571 14571 E ArmVmp : Match on catch block at 0xc3 in for 0xa5
03-01 23:56:59.255 14571 14571 E ArmVmp : Match on catch block at 0xc3 in for 0xa1
03-01 23:56:59.257 14571 14571 E ArmVmp : Match on catch block at 0xc3 in for 0xa5
03-01 23:56:59.271 14571 14571 E ArmVmp : Match on catch block at 0xc3 in for 0xa1
03-01 23:56:59.274 14571 14571 E ArmVmp : Match on catch block at 0xc3 in for 0xa5
03-01 23:56:59.288 14571 14571 E ArmVmp : Match on catch block at 0xc3 in for 0xa5
03-01 23:56:59.290 14571 14571 E ArmVmp : Match on catch block at 0xc3 in for 0xa9
03-01 23:56:59.305 14571 14571 E ArmVmp : Match on catch block at 0xc3 in for 0xa5
03-01 23:56:59.307 14571 14571 E ArmVmp : Match on catch block at 0xc3 in for 0xa9
03-01 23:56:59.321 14571 14571 E ArmVmp : Match on catch block at 0xc3 in for 0xa5
03-01 23:56:59.324 14571 14571 E ArmVmp : Match on catch block at 0xc3 in for 0xa9
03-01 23:56:59.521 14571 14571 E ArmVmp : Match on catch block at 0xc3 in for 0xa1
03-01 23:56:59.524 14571 14571 E ArmVmp : Match on catch block at 0xc3 in for 0xa5
03-01 23:56:59.704 14571 14571 E ArmVmp : Match on catch block at 0xc3 in for 0xa1
03-01 23:56:59.707 14571 14571 E ArmVmp : Match on catch block at 0xc3 in for 0xa5
03-01 23:56:59.721 14571 14571 E ArmVmp : Match on catch block at 0xc3 in for 0xa5
03-01 23:56:59.725 14571 14571 E ArmVmp : Match on catch block at 0xc3 in for 0xa9
03-01 23:56:59.738 14571 14571 E ArmVmp : Match on catch block at 0xc3 in for 0xa5
03-01 23:56:59.741 14571 14571 E ArmVmp : Match on catch block at 0xc3 in for 0xa9
03-01 23:56:59.754 14571 14571 E ArmVmp : Match on catch block at 0xc3 in for 0xa5
03-01 23:56:59.757 14571 14571 E ArmVmp : Match on catch block at 0xc3 in for 0xa9
03-01 23:56:59.771 14571 14571 E ArmVmp : Match on catch block at 0xc3 in for 0xa5
03-01 23:56:59.774 14571 14571 E ArmVmp : Match on catch block at 0xc3 in for 0xa9
03-01 23:56:59.787 14571 14571 E ArmVmp : Match on catch block at 0xc3 in for 0xa5
03-01 23:56:59.790 14571 14571 E ArmVmp : Match on catch block at 0xc3 in for 0xa9
03-01 23:56:59.804 14571 14571 E ArmVmp : Match on catch block at 0xc3 in for 0xa5
03-01 23:56:59.807 14571 14571 E ArmVmp : Match on catch block at 0xc3 in for 0xa9
03-01 23:56:59.821 14571 14571 E ArmVmp : Match on catch block at 0xc3 in for 0xa5
03-01 23:56:59.824 14571 14571 E ArmVmp : Match on catch block at 0xc3 in for 0xa9
03-01 23:56:59.837 14571 14571 E ArmVmp : Match on catch block at 0xc3 in for 0xa5
03-01 23:56:59.840 14571 14571 E ArmVmp : Match on catch block at 0xc3 in for 0xa9
03-01 23:56:59.854 14571 14571 E ArmVmp : Match on catch block at 0xc3 in for 0xa5
03-01 23:56:59.857 14571 14571 E ArmVmp : Match on catch block at 0xc3 in for 0xa9
03-01 23:56:59.871 14571 14571 E ArmVmp : Match on catch block at 0xc3 in for 0xa5
03-01 23:56:59.874 14571 14571 E ArmVmp : Match on catch block at 0xc3 in for 0xa9
03-01 23:56:59.887 14571 14571 E ArmVmp : Match on catch block at 0xc3 in for 0xa5
03-01 23:56:59.890 14571 14571 E ArmVmp : Match on catch block at 0xc3 in for 0xa9
03-01 23:56:59.904 14571 14571 E ArmVmp : Match on catch block at 0xc3 in for 0xa5
03-01 23:56:59.907 14571 14571 E ArmVmp : Match on catch block at 0xc3 in for 0xa9
03-01 23:56:59.921 14571 14571 E ArmVmp : Match on catch block at 0xc3 in for 0xa5
03-01 23:56:59.924 14571 14571 E ArmVmp : Match on catch block at 0xc3 in for 0xa9
03-01 23:56:59.937 14571 14571 E ArmVmp : Match on catch block at 0xc3 in for 0xa5
03-01 23:56:59.940 14571 14571 E ArmVmp : Match on catch block at 0xc3 in for 0xa9
03-01 23:56:59.954 14571 14571 E ArmVmp : Match on catch block at 0xc3 in for 0xa5
03-01 23:56:59.957 14571 14571 E ArmVmp : Match on catch block at 0xc3 in for 0xa9
03-01 23:57:00.021 14571 14571 E ArmVmp : Match on catch block at 0xc3 in for 0xa5
03-01 23:57:00.023 14571 14571 E ArmVmp : Match on catch block at 0xc3 in for 0xa9
03-01 23:57:00.054 14571 14571 E ArmVmp : Match on catch block at 0xc3 in for 0xa9
03-01 23:57:00.057 14571 14571 E ArmVmp : Match on catch block at 0xc3 in for 0xa1
03-01 23:57:00.554 14571 14571 E ArmVmp : Match on catch block at 0xc3 in for 0xa1
03-01 23:57:00.556 14571 14571 E ArmVmp : Match on catch block at 0xc3 in for 0xa5
03-01 23:57:00.587 14571 14571 E ArmVmp : Match on catch block at 0xc3 in for 0xa5
03-01 23:57:00.589 14571 14571 E ArmVmp : Match on catch block at 0xc3 in for 0xa9
03-01 23:57:00.770 14571 14571 E ArmVmp : Match on catch block at 0xc3 in for 0xa9
03-01 23:57:00.773 14571 14571 E ArmVmp : Match on catch block at 0xc3 in for 0xa1
03-01 23:57:01.270 14571 14571 E ArmVmp : Match on catch block at 0xc3 in for 0xa1
03-01 23:57:01.273 14571 14571 E ArmVmp : Match on catch block at 0xc3 in for 0xa5
03-01 23:57:01.570 14571 14571 E ArmVmp : Match on catch block at 0xc3 in for 0xa5
03-01 23:57:01.573 14571 14571 E ArmVmp : Match on catch block at 0xc3 in for 0xa9
03-01 23:57:01.753 14571 14571 E ArmVmp : Match on catch block at 0xc3 in for 0xa9
03-01 23:57:01.756 14571 14571 E ArmVmp : Match on catch block at 0xc3 in for 0xa1
03-01 23:57:02.114 14571 14571 E ArmVmp : Match on catch block at 0xc3 in for 0xa1
03-01 23:57:02.117 14571 14571 E ArmVmp : Match on catch block at 0xc3 in for 0xa5
03-01 23:57:02.124 14571 14571 E ArmVmp : Match on catch block at 0xc3 in for 0xa1
03-01 23:57:02.127 14571 14571 E ArmVmp : Match on catch block at 0xc3 in for 0xa5
03-01 23:57:02.323 14571 14571 E ArmVmp : Match on catch block at 0xc3 in for 0xa9
03-01 23:57:02.328 14571 14571 E ArmVmp : Match on catch block at 0xc3 in for 0xa1
03-01 23:57:02.354 14571 14571 E ArmVmp : Match on catch block at 0xc3 in for 0xa1
03-01 23:57:02.357 14571 14571 E ArmVmp : Match on catch block at 0xc3 in for 0xa5
03-01 23:57:02.374 14571 14571 E ArmVmp : Match on catch block at 0xc3 in for 0xa9
03-01 23:57:02.378 14571 14571 E ArmVmp : Match on catch block at 0xc3 in for 0xa1
03-01 23:57:02.387 14571 14571 E ArmVmp : Match on catch block at 0xc3 in for 0xa9
03-01 23:57:02.391 14571 14571 E ArmVmp : Match on catch block at 0xc3 in for 0xa1
03-01 23:57:02.422 14571 14571 E ArmVmp : Match on catch block at 0xc3 in for 0xa5
03-01 23:57:02.426 14571 14571 E ArmVmp : Match on catch block at 0xc3 in for 0xa9
03-01 23:57:02.438 14571 14571 E ArmVmp : Match on catch block at 0xc3 in for 0xa1
03-01 23:57:02.441 14571 14571 E ArmVmp : Match on catch block at 0xc3 in for 0xa5
03-01 23:57:02.450 14571 14571 E ArmVmp : Match on catch block at 0xc3 in for 0xa9
03-01 23:57:02.452 14571 14571 E ArmVmp : Match on catch block at 0xc3 in for 0xa1
03-01 23:57:02.456 14571 14571 E ArmVmp : Match on catch block at 0xc3 in for 0xa9
03-01 23:57:02.459 14571 14571 E ArmVmp : Match on catch block at 0xc3 in for 0xa1
03-01 23:57:02.471 14571 14571 E ArmVmp : Match on catch block at 0xc3 in for 0xa9
03-01 23:57:02.475 14571 14571 E ArmVmp : Match on catch block at 0xc3 in for 0xa1
03-01 23:57:02.486 14571 14571 E ArmVmp : Match on catch block at 0xc3 in for 0xa9
03-01 23:57:02.488 14571 14571 E ArmVmp : Match on catch block at 0xc3 in for 0xa1
03-01 23:57:02.502 14571 14571 E ArmVmp : Match on catch block at 0xc3 in for 0xa9
03-01 23:57:02.505 14571 14571 E ArmVmp : Match on catch block at 0xc3 in for 0xa1
03-01 23:57:02.519 14571 14571 E ArmVmp : Match on catch block at 0xc3 in for 0xa9
03-01 23:57:02.521 14571 14571 E ArmVmp : Match on catch block at 0xc3 in for 0xa1
03-01 23:57:02.536 14571 14571 E ArmVmp : Match on catch block at 0xc3 in for 0xa9
03-01 23:57:02.538 14571 14571 E ArmVmp : Match on catch block at 0xc3 in for 0xa1
03-01 23:57:02.605 14571 14571 E ArmVmp : Match on catch block at 0xc3 in for 0xa1
03-01 23:57:02.609 14571 14571 E ArmVmp : Match on catch block at 0xc3 in for 0xa5
03-01 23:57:02.615 14571 14762 W MediaPlayer: Use of stream types is deprecated for
operations other than volume control
03-01 23:57:02.615 14571 14762 W MediaPlayer: See the documentation of
setAudioStreamType() for what to use instead with android.media.AudioAttributes to
qualify your playback use case
03-01 23:57:02.619 14571 14571 E ArmVmp : Match on catch block at 0xc3 in for 0xa9
03-01 23:57:02.623 14571 14571 E ArmVmp : Match on catch block at 0xc3 in for 0xa1
03-01 23:57:02.852 14571 14571 E ArmVmp : Match on catch block at 0xc3 in for 0xa1
03-01 23:57:02.855 14571 14571 E ArmVmp : Match on catch block at 0xc3 in for 0xa5
03-01 23:57:02.922 14571 14571 E ArmVmp : Match on catch block at 0xc3 in for 0xa5
03-01 23:57:02.924 14571 14571 E ArmVmp : Match on catch block at 0xc3 in for 0xa9
03-01 23:57:02.979 14571 14571 E ArmVmp : Match on catch block at 0xc3 in for 0xa1
03-01 23:57:02.982 14571 14571 E ArmVmp : Match on catch block at 0xc3 in for 0xa5
03-01 23:57:03.004 14571 14571 E ArmVmp : Match on catch block at 0xc3 in for 0xa9
03-01 23:57:03.007 14571 14571 E ArmVmp : Match on catch block at 0xc3 in for 0xa1
03-01 23:57:03.014 14571 14571 E ArmVmp : Match on catch block at 0xc3 in for 0xa5
03-01 23:57:03.018 14571 14571 E ArmVmp : Match on catch block at 0xc3 in for 0xa9
03-01 23:57:03.107 14571 14571 E ArmVmp : Match on catch block at 0xc3 in for 0xa9
03-01 23:57:03.110 14571 14571 E ArmVmp : Match on catch block at 0xc3 in for 0xa1
03-01 23:57:03.224 14571 14571 E ArmVmp : Match on catch block at 0xc3 in for 0xa5
03-01 23:57:03.227 14571 14571 E ArmVmp : Match on catch block at 0xc3 in for 0xa9
03-01 23:57:06.671 14571 14571 W BottomSheetBehavior: BottomSheetBehavior now
supports multiple callbacks. `setBottomSheetCallback()` removes all existing
callbacks, including ones set internally by library authors, which may result in
