03-01 19:36:21.631 12839 12839 E ArmVmp : Match on catch block at 0xc3 in for 0xa1
03-01 19:36:21.640 12839 12839 E ArmVmp : Match on catch block at 0xc3 in for 0xa5
03-01 19:36:21.645 12839 12839 E ArmVmp : Match on catch block at 0xc3 in for 0xa9
03-01 19:36:21.648 12839 12839 E ArmVmp : Match on catch block at 0xc3 in for 0xa9
03-01 19:36:21.656 12839 12839 E ArmVmp : Match on catch block at 0xc3 in for 0xa1
03-01 19:36:21.663 12839 12839 E ArmVmp : Match on catch block at 0xc3 in for 0xa5
03-01 19:36:21.666 12839 12839 E ArmVmp : Match on catch block at 0xc3 in for 0xa5
03-01 19:36:21.673 12839 12839 E ArmVmp : Match on catch block at 0xc3 in for 0xa9
03-01 19:36:21.678 12839 12839 E ArmVmp : Match on catch block at 0xc3 in for 0xa1
03-01 19:36:21.681 12839 12839 E ArmVmp : Match on catch block at 0xc3 in for 0xa1
03-01 19:36:21.689 12839 12839 E ArmVmp : Match on catch block at 0xc3 in for 0xa5
03-01 19:36:21.693 12839 12839 E ArmVmp : Match on catch block at 0xc3 in for 0xa9
03-01 19:36:21.697 12839 12839 E ArmVmp : Match on catch block at 0xc3 in for 0xa9
03-01 19:36:21.705 12839 12839 E ArmVmp : Match on catch block at 0xc3 in for 0xa1
03-01 19:36:21.710 12839 12839 E ArmVmp : Match on catch block at 0xc3 in for 0xa5
03-01 19:36:21.713 12839 12839 E ArmVmp : Match on catch block at 0xc3 in for 0xa5
03-01 19:36:21.723 12839 12839 E ArmVmp : Match on catch block at 0xc3 in for 0xa9
03-01 19:36:21.727 12839 12839 E ArmVmp : Match on catch block at 0xc3 in for 0xa1
03-01 19:36:21.730 12839 12839 E ArmVmp : Match on catch block at 0xc3 in for 0xa1
03-01 19:36:21.738 12839 12839 E ArmVmp : Match on catch block at 0xc3 in for 0xa5
03-01 19:36:21.743 12839 12839 E ArmVmp : Match on catch block at 0xc3 in for 0xa9
03-01 19:36:21.747 12839 12839 E ArmVmp : Match on catch block at 0xc3 in for 0xa9
03-01 19:36:21.757 12839 12839 E ArmVmp : Match on catch block at 0xc3 in for 0xa1
03-01 19:36:21.762 12839 12839 E ArmVmp : Match on catch block at 0xc3 in for 0xa5
03-01 19:36:21.765 12839 12839 E ArmVmp : Match on catch block at 0xc3 in for 0xa5
03-01 19:36:21.773 12839 12839 E ArmVmp : Match on catch block at 0xc3 in for 0xa9
03-01 19:36:21.778 12839 12839 E ArmVmp : Match on catch block at 0xc3 in for 0xa1
03-01 19:36:21.781 12839 12839 E ArmVmp : Match on catch block at 0xc3 in for 0xa1
03-01 19:36:21.788 12839 12839 E ArmVmp : Match on catch block at 0xc3 in for 0xa5
03-01 19:36:21.793 12839 12839 E ArmVmp : Match on catch block at 0xc3 in for 0xa9
03-01 19:36:21.797 12839 12839 E ArmVmp : Match on catch block at 0xc3 in for 0xa9
03-01 19:36:21.806 12839 12839 E ArmVmp : Match on catch block at 0xc3 in for 0xa1
03-01 19:36:21.811 12839 12839 E ArmVmp : Match on catch block at 0xc3 in for 0xa5
03-01 19:36:21.815 12839 12839 E ArmVmp : Match on catch block at 0xc3 in for 0xa5
03-01 19:36:21.823 12839 12839 E ArmVmp : Match on catch block at 0xc3 in for 0xa9
03-01 19:36:21.827 12839 12839 E ArmVmp : Match on catch block at 0xc3 in for 0xa1
03-01 19:36:21.831 12839 12839 E ArmVmp : Match on catch block at 0xc3 in for 0xa1
03-01 19:36:21.839 12839 12839 E ArmVmp : Match on catch block at 0xc3 in for 0xa5
03-01 19:36:21.843 12839 12839 E ArmVmp : Match on catch block at 0xc3 in for 0xa9
03-01 19:36:21.847 12839 12839 E ArmVmp : Match on catch block at 0xc3 in for 0xa9
03-01 19:36:21.854 12839 12839 E ArmVmp : Match on catch block at 0xc3 in for 0xa1
03-01 19:36:21.858 12839 12839 E ArmVmp : Match on catch block at 0xc3 in for 0xa5
03-01 19:36:21.862 12839 12839 E ArmVmp : Match on catch block at 0xc3 in for 0xa5
03-01 19:36:22.277 12839 12839 E ArmVmp : Match on catch block at 0xc3 in for 0xa9
03-01 19:36:22.286 12839 12839 E ArmVmp : Match on catch block at 0xc3 in for 0xa1
03-01 19:36:22.291 12839 12839 E ArmVmp : Match on catch block at 0xc3 in for 0xa1
03-01 19:36:22.386 12839 12839 E ArmVmp : Match on catch block at 0xc3 in for 0xa5
03-01 19:36:22.389 12839 12839 E ArmVmp : Match on catch block at 0xc3 in for 0xa9
03-01 19:36:22.391 12839 12839 E ArmVmp : Match on catch block at 0xc3 in for 0xa9
03-01 19:36:22.884 12839 12839 E ArmVmp : Match on catch block at 0xc3 in for 0xa1
03-01 19:36:22.886 12839 12839 E ArmVmp : Match on catch block at 0xc3 in for 0xa5
03-01 19:36:22.888 12839 12839 E ArmVmp : Match on catch block at 0xc3 in for 0xa5
03-01 19:36:22.952 12839 12839 E ArmVmp : Match on catch block at 0xc3 in for 0xa9
03-01 19:36:22.955 12839 12839 E ArmVmp : Match on catch block at 0xc3 in for 0xa1
03-01 19:36:22.956 12839 12839 E ArmVmp : Match on catch block at 0xc3 in for 0xa1
03-01 19:36:23.149 12839 12839 E ArmVmp : Match on catch block at 0xc3 in for 0xa5
03-01 19:36:23.152 12839 12839 E ArmVmp : Match on catch block at 0xc3 in for 0xa9
03-01 19:36:23.154 12839 12839 E ArmVmp : Match on catch block at 0xc3 in for 0xa9
03-01 19:36:23.667 12839 12839 E ArmVmp : Match on catch block at 0xc3 in for 0xa1
03-01 19:36:23.674 12839 12839 E ArmVmp : Match on catch block at 0xc3 in for 0xa5
03-01 19:36:23.679 12839 12839 E ArmVmp : Match on catch block at 0xc3 in for 0xa5
03-01 19:36:23.999 12839 12839 E ArmVmp : Match on catch block at 0xc3 in for 0xa9
03-01 19:36:24.007 12839 12839 E ArmVmp : Match on catch block at 0xc3 in for 0xa1
03-01 19:36:24.011 12839 12839 E ArmVmp : Match on catch block at 0xc3 in for 0xa1
03-01 19:36:24.511 12839 12839 E ArmVmp : Match on catch block at 0xc3 in for 0xa5
03-01 19:36:24.513 12839 12839 E ArmVmp : Match on catch block at 0xc3 in for 0xa9
03-01 19:36:24.514 12839 12839 E ArmVmp : Match on catch block at 0xc3 in for 0xa9
03-01 19:36:25.010 12839 12839 E ArmVmp : Match on catch block at 0xc3 in for 0xa1
03-01 19:36:25.014 12839 12839 E ArmVmp : Match on catch block at 0xc3 in for 0xa5
03-01 19:36:25.018 12839 12839 E ArmVmp : Match on catch block at 0xc3 in for 0xa5
03-01 19:36:25.126 12839 12839 E ArmVmp : Match on catch block at 0xc3 in for 0xa9
03-01 19:36:25.129 12839 12839 E ArmVmp : Match on catch block at 0xc3 in for 0xa1
03-01 19:36:25.133 12839 12839 E ArmVmp : Match on catch block at 0xc3 in for 0xa1
03-01 19:36:25.624 12839 12839 E ArmVmp : Match on catch block at 0xc3 in for 0xa5
03-01 19:36:25.628 12839 12839 E ArmVmp : Match on catch block at 0xc3 in for 0xa9
03-01 19:36:25.630 12839 12839 E ArmVmp : Match on catch block at 0xc3 in for 0xa9
03-01 19:36:25.843 12839 12839 E ArmVmp : Match on catch block at 0xc3 in for 0xa5
03-01 19:36:25.846 12839 12839 E ArmVmp : Match on catch block at 0xc3 in for 0xa9
03-01 19:36:25.849 12839 12839 E ArmVmp : Match on catch block at 0xc3 in for 0xa9
03-01 19:36:25.857 12839 12839 E ArmVmp : Match on catch block at 0xc3 in for 0xa1
03-01 19:36:25.861 12839 12839 E ArmVmp : Match on catch block at 0xc3 in for 0xa5
03-01 19:36:25.863 12839 12839 E ArmVmp : Match on catch block at 0xc3 in for 0xa5
03-01 19:36:25.873 12839 12839 E ArmVmp : Match on catch block at 0xc3 in for 0xa9
03-01 19:36:25.877 12839 12839 E ArmVmp : Match on catch block at 0xc3 in for 0xa1
03-01 19:36:25.879 12839 12839 E ArmVmp : Match on catch block at 0xc3 in for 0xa1
03-01 19:36:25.890 12839 12839 E ArmVmp : Match on catch block at 0xc3 in for 0xa5
03-01 19:36:25.893 12839 12839 E ArmVmp : Match on catch block at 0xc3 in for 0xa9
03-01 19:36:25.894 12839 12839 E ArmVmp : Match on catch block at 0xc3 in for 0xa9
03-01 19:36:25.906 12839 12839 E ArmVmp : Match on catch block at 0xc3 in for 0xa1
03-01 19:36:25.909 12839 12839 E ArmVmp : Match on catch block at 0xc3 in for 0xa5
03-01 19:36:25.911 12839 12839 E ArmVmp : Match on catch block at 0xc3 in for 0xa5
03-01 19:36:25.923 12839 12839 E ArmVmp : Match on catch block at 0xc3 in for 0xa9
03-01 19:36:25.926 12839 12839 E ArmVmp : Match on catch block at 0xc3 in for 0xa1
03-01 19:36:25.928 12839 12839 E ArmVmp : Match on catch block at 0xc3 in for 0xa1
03-01 19:36:25.939 12839 12839 E ArmVmp : Match on catch block at 0xc3 in for 0xa5
03-01 19:36:25.943 12839 12839 E ArmVmp : Match on catch block at 0xc3 in for 0xa9
03-01 19:36:25.945 12839 12839 E ArmVmp : Match on catch block at 0xc3 in for 0xa9
03-01 19:36:25.956 12839 12839 E ArmVmp : Match on catch block at 0xc3 in for 0xa1
03-01 19:36:25.959 12839 12839 E ArmVmp : Match on catch block at 0xc3 in for 0xa5
03-01 19:36:25.961 12839 12839 E ArmVmp : Match on catch block at 0xc3 in for 0xa5
03-01 19:36:25.972 12839 12839 E ArmVmp : Match on catch block at 0xc3 in for 0xa9
03-01 19:36:25.975 12839 12839 E ArmVmp : Match on catch block at 0xc3 in for 0xa1
03-01 19:36:25.977 12839 12839 E ArmVmp : Match on catch block at 0xc3 in for 0xa1
03-01 19:36:25.989 12839 12839 E ArmVmp : Match on catch block at 0xc3 in for 0xa5
03-01 19:36:25.992 12839 12839 E ArmVmp : Match on catch block at 0xc3 in for 0xa9
03-01 19:36:25.993 12839 12839 E ArmVmp : Match on catch block at 0xc3 in for 0xa9
03-01 19:36:26.006 12839 12839 E ArmVmp : Match on catch block at 0xc3 in for 0xa1
03-01 19:36:26.009 12839 12839 E ArmVmp : Match on catch block at 0xc3 in for 0xa5
03-01 19:36:26.011 12839 12839 E ArmVmp : Match on catch block at 0xc3 in for 0xa5
03-01 19:36:26.022 12839 12839 E ArmVmp : Match on catch block at 0xc3 in for 0xa9
03-01 19:36:26.025 12839 12839 E ArmVmp : Match on catch block at 0xc3 in for 0xa1
03-01 19:36:26.027 12839 12839 E ArmVmp : Match on catch block at 0xc3 in for 0xa1
03-01 19:36:26.039 12839 12839 E ArmVmp : Match on catch block at 0xc3 in for 0xa5
03-01 19:36:26.042 12839 12839 E ArmVmp : Match on catch block at 0xc3 in for 0xa9
03-01 19:36:26.044 12839 12839 E ArmVmp : Match on catch block at 0xc3 in for 0xa9
03-01 19:36:26.055 12839 12839 E ArmVmp : Match on catch block at 0xc3 in for 0xa1
03-01 19:36:26.058 12839 12839 E ArmVmp : Match on catch block at 0xc3 in for 0xa5
03-01 19:36:26.060 12839 12839 E ArmVmp : Match on catch block at 0xc3 in for 0xa5
03-01 19:36:26.072 12839 12839 E ArmVmp : Match on catch block at 0xc3 in for 0xa9
03-01 19:36:26.075 12839 12839 E ArmVmp : Match on catch block at 0xc3 in for 0xa1
03-01 19:36:26.077 12839 12839 E ArmVmp : Match on catch block at 0xc3 in for 0xa1
03-01 19:36:26.088 12839 12839 E ArmVmp : Match on catch block at 0xc3 in for 0xa5
03-01 19:36:26.091 12839 12839 E ArmVmp : Match on catch block at 0xc3 in for 0xa9
03-01 19:36:26.093 12839 12839 E ArmVmp : Match on catch block at 0xc3 in for 0xa9
03-01 19:36:26.105 12839 12839 E ArmVmp : Match on catch block at 0xc3 in for 0xa1
03-01 19:36:26.108 12839 12839 E ArmVmp : Match on catch block at 0xc3 in for 0xa5
03-01 19:36:26.110 12839 12839 E ArmVmp : Match on catch block at 0xc3 in for 0xa5
03-01 19:36:26.121 12839 12839 E ArmVmp : Match on catch block at 0xc3 in for 0xa9
03-01 19:36:26.124 12839 12839 E ArmVmp : Match on catch block at 0xc3 in for 0xa1
03-01 19:36:26.127 12839 12839 E ArmVmp : Match on catch block at 0xc3 in for 0xa1
03-01 19:36:26.138 12839 12839 E ArmVmp : Match on catch block at 0xc3 in for 0xa5
03-01 19:36:26.140 12839 12839 E ArmVmp : Match on catch block at 0xc3 in for 0xa9
03-01 19:36:26.142 12839 12839 E ArmVmp : Match on catch block at 0xc3 in for 0xa9
03-01 19:36:26.155 12839 12839 E ArmVmp : Match on catch block at 0xc3 in for 0xa1
03-01 19:36:26.158 12839 12839 E ArmVmp : Match on catch block at 0xc3 in for 0xa5
03-01 19:36:26.160 12839 12839 E ArmVmp : Match on catch block at 0xc3 in for 0xa5
03-01 19:36:26.171 12839 12839 E ArmVmp : Match on catch block at 0xc3 in for 0xa9
03-01 19:36:26.175 12839 12839 E ArmVmp : Match on catch block at 0xc3 in for 0xa1
03-01 19:36:26.177 12839 12839 E ArmVmp : Match on catch block at 0xc3 in for 0xa1
03-01 19:36:26.605 12839 12839 E ArmVmp : Match on catch block at 0xc3 in for 0xa5
03-01 19:36:26.609 12839 12839 E ArmVmp : Match on catch block at 0xc3 in for 0xa9
03-01 19:36:26.612 12839 12839 E ArmVmp : Match on catch block at 0xc3 in for 0xa9
03-01 19:36:26.788 12839 12839 E ArmVmp : Match on catch block at 0xc3 in for 0xa1
03-01 19:36:26.790 12839 12839 E ArmVmp : Match on catch block at 0xc3 in for 0xa5
03-01 19:36:26.792 12839 12839 E ArmVmp : Match on catch block at 0xc3 in for 0xa5
03-01 19:36:27.285 12839 12839 E ArmVmp : Match on catch block at 0xc3 in for 0xa9
03-01 19:36:27.288 12839 12839 E ArmVmp : Match on catch block at 0xc3 in for 0xa1
03-01 19:36:27.290 12839 12839 E ArmVmp : Match on catch block at 0xc3 in for 0xa1
03-01 19:36:27.451 12839 12839 E ArmVmp : Match on catch block at 0xc3 in for 0xa5
03-01 19:36:27.455 12839 12839 E ArmVmp : Match on catch block at 0xc3 in for 0xa9
03-01 19:36:27.458 12839 12839 E ArmVmp : Match on catch block at 0xc3 in for 0xa9
03-01 19:36:27.468 12839 12839 E ArmVmp : Match on catch block at 0xc3 in for 0xa1
03-01 19:36:27.471 12839 12839 E ArmVmp : Match on catch block at 0xc3 in for 0xa5
03-01 19:36:27.473 12839 12839 E ArmVmp : Match on catch block at 0xc3 in for 0xa5
03-01 19:36:27.484 12839 12839 E ArmVmp : Match on catch block at 0xc3 in for 0xa9
03-01 19:36:27.488 12839 12839 E ArmVmp : Match on catch block at 0xc3 in for 0xa1
03-01 19:36:27.489 12839 12839 E ArmVmp : Match on catch block at 0xc3 in for 0xa1
03-01 19:36:27.501 12839 12839 E ArmVmp : Match on catch block at 0xc3 in for 0xa5
03-01 19:36:27.503 12839 12839 E ArmVmp : Match on catch block at 0xc3 in for 0xa9
03-01 19:36:27.505 12839 12839 E ArmVmp : Match on catch block at 0xc3 in for 0xa9
03-01 19:36:27.517 12839 12839 E ArmVmp : Match on catch block at 0xc3 in for 0xa1
03-01 19:36:27.520 12839 12839 E ArmVmp : Match on catch block at 0xc3 in for 0xa5
03-01 19:36:27.521 12839 12839 E ArmVmp : Match on catch block at 0xc3 in for 0xa5
03-01 19:36:27.534 12839 12839 E ArmVmp : Match on catch block at 0xc3 in for 0xa9
03-01 19:36:27.536 12839 12839 E ArmVmp : Match on catch block at 0xc3 in for 0xa1
03-01 19:36:27.538 12839 12839 E ArmVmp : Match on catch block at 0xc3 in for 0xa1
03-01 19:36:27.550 12839 12839 E ArmVmp : Match on catch block at 0xc3 in for 0xa5
03-01 19:36:27.553 12839 12839 E ArmVmp : Match on catch block at 0xc3 in for 0xa9
03-01 19:36:27.554 12839 12839 E ArmVmp : Match on catch block at 0xc3 in for 0xa9
03-01 19:36:27.567 12839 12839 E ArmVmp : Match on catch block at 0xc3 in for 0xa1
03-01 19:36:27.569 12839 12839 E ArmVmp : Match on catch block at 0xc3 in for 0xa5
03-01 19:36:27.571 12839 12839 E ArmVmp : Match on catch block at 0xc3 in for 0xa5
03-01 19:36:27.583 12839 12839 E ArmVmp : Match on catch block at 0xc3 in for 0xa9
03-01 19:36:27.586 12839 12839 E ArmVmp : Match on catch block at 0xc3 in for 0xa1
03-01 19:36:27.588 12839 12839 E ArmVmp : Match on catch block at 0xc3 in for 0xa1
03-01 19:36:27.600 12839 12839 E ArmVmp : Match on catch block at 0xc3 in for 0xa5
03-01 19:36:27.602 12839 12839 E ArmVmp : Match on catch block at 0xc3 in for 0xa9
03-01 19:36:27.604 12839 12839 E ArmVmp : Match on catch block at 0xc3 in for 0xa9
03-01 19:36:27.616 12839 12839 E ArmVmp : Match on catch block at 0xc3 in for 0xa1
03-01 19:36:27.619 12839 12839 E ArmVmp : Match on catch block at 0xc3 in for 0xa5
03-01 19:36:27.621 12839 12839 E ArmVmp : Match on catch block at 0xc3 in for 0xa5
03-01 19:36:27.633 12839 12839 E ArmVmp : Match on catch block at 0xc3 in for 0xa9
03-01 19:36:27.635 12839 12839 E ArmVmp : Match on catch block at 0xc3 in for 0xa1
03-01 19:36:27.637 12839 12839 E ArmVmp : Match on catch block at 0xc3 in for 0xa1
03-01 19:36:27.649 12839 12839 E ArmVmp : Match on catch block at 0xc3 in for 0xa5
03-01 19:36:27.652 12839 12839 E ArmVmp : Match on catch block at 0xc3 in for 0xa9
03-01 19:36:27.654 12839 12839 E ArmVmp : Match on catch block at 0xc3 in for 0xa9
03-01 19:36:27.665 12839 12839 E ArmVmp : Match on catch block at 0xc3 in for 0xa1
03-01 19:36:27.668 12839 12839 E ArmVmp : Match on catch block at 0xc3 in for 0xa5
03-01 19:36:27.669 12839 12839 E ArmVmp : Match on catch block at 0xc3 in for 0xa5
03-01 19:36:27.682 12839 12839 E ArmVmp : Match on catch block at 0xc3 in for 0xa9
03-01 19:36:27.684 12839 12839 E ArmVmp : Match on catch block at 0xc3 in for 0xa1
03-01 19:36:27.686 12839 12839 E ArmVmp : Match on catch block at 0xc3 in for 0xa1
03-01 19:36:27.699 12839 12839 E ArmVmp : Match on catch block at 0xc3 in for 0xa5
03-01 19:36:27.701 12839 12839 E ArmVmp : Match on catch block at 0xc3 in for 0xa9
03-01 19:36:27.703 12839 12839 E ArmVmp : Match on catch block at 0xc3 in for 0xa9
03-01 19:36:27.715 12839 12839 E ArmVmp : Match on catch block at 0xc3 in for 0xa1
03-01 19:36:27.718 12839 12839 E ArmVmp : Match on catch block at 0xc3 in for 0xa5
03-01 19:36:27.720 12839 12839 E ArmVmp : Match on catch block at 0xc3 in for 0xa5
03-01 19:36:27.782 12839 12839 E ArmVmp : Match on catch block at 0xc3 in for 0xa9
03-01 19:36:27.784 12839 12839 E ArmVmp : Match on catch block at 0xc3 in for 0xa1
03-01 19:36:27.786 12839 12839 E ArmVmp : Match on catch block at 0xc3 in for 0xa1
03-01 19:36:28.281 12839 12839 E ArmVmp : Match on catch block at 0xc3 in for 0xa5
03-01 19:36:28.285 12839 12839 E ArmVmp : Match on catch block at 0xc3 in for 0xa9
03-01 19:36:28.288 12839 12839 E ArmVmp : Match on catch block at 0xc3 in for 0xa9
03-01 19:36:28.797 12839 12839 E ArmVmp : Match on catch block at 0xc3 in for 0xa1
03-01 19:36:28.800 12839 12839 E ArmVmp : Match on catch block at 0xc3 in for 0xa5
03-01 19:36:28.803 12839 12839 E ArmVmp : Match on catch block at 0xc3 in for 0xa5
03-01 19:36:29.295 12839 12839 E ArmVmp : Match on catch block at 0xc3 in for 0xa9
03-01 19:36:29.298 12839 12839 E ArmVmp : Match on catch block at 0xc3 in for 0xa1
03-01 19:36:29.301 12839 12839 E ArmVmp : Match on catch block at 0xc3 in for 0xa1
03-01 19:36:29.427 12839 12839 E ArmVmp : Match on catch block at 0xc3 in for 0xa1
03-01 19:36:29.429 12839 12839 E ArmVmp : Match on catch block at 0xc3 in for 0xa5
03-01 19:36:29.431 12839 12839 E ArmVmp : Match on catch block at 0xc3 in for 0xa5
03-01 19:36:29.592 12839 12839 E ArmVmp : Match on catch block at 0xc3 in for 0xa9
03-01 19:36:29.594 12839 12839 E ArmVmp : Match on catch block at 0xc3 in for 0xa1
03-01 19:36:29.596 12839 12839 E ArmVmp : Match on catch block at 0xc3 in for 0xa1
03-01 19:36:30.107 12839 12839 E ArmVmp : Match on catch block at 0xc3 in for 0xa5
03-01 19:36:30.110 12839 12839 E ArmVmp : Match on catch block at 0xc3 in for 0xa9
03-01 19:36:30.112 12839 12839 E ArmVmp : Match on catch block at 0xc3 in for 0xa9
03-01 19:36:30.406 12839 12839 E ArmVmp : Match on catch block at 0xc3 in for 0xa1
03-01 19:36:30.408 12839 12839 E ArmVmp : Match on catch block at 0xc3 in for 0xa5
03-01 19:36:30.410 12839 12839 E ArmVmp : Match on catch block at 0xc3 in for 0xa5
03-01 19:36:30.804 12839 12839 E ArmVmp : Match on catch block at 0xc3 in for 0xa9
03-01 19:36:30.806 12839 12839 E ArmVmp : Match on catch block at 0xc3 in for 0xa1
03-01 19:36:30.808 12839 12839 E ArmVmp : Match on catch block at 0xc3 in for 0xa1
03-01 19:36:31.303 12839 12839 E ArmVmp : Match on catch block at 0xc3 in for 0xa5
03-01 19:36:31.306 12839 12839 E ArmVmp : Match on catch block at 0xc3 in for 0xa9
03-01 19:36:31.309 12839 12839 E ArmVmp : Match on catch block at 0xc3 in for 0xa9
03-01 19:36:31.685 12839 12839 E ArmVmp : Match on catch block at 0xc3 in for 0xa1
03-01 19:36:31.687 12839 12839 E ArmVmp : Match on catch block at 0xc3 in for 0xa5
03-01 19:36:31.689 12839 12839 E ArmVmp : Match on catch block at 0xc3 in for 0xa5
03-01 19:36:32.066 12839 12839 E ArmVmp : Match on catch block at 0xc3 in for 0xa1
03-01 19:36:32.068 12839 12839 E ArmVmp : Match on catch block at 0xc3 in for 0xa5
03-01 19:36:32.070 12839 12839 E ArmVmp : Match on catch block at 0xc3 in for 0xa5
03-01 19:36:32.085 12839 12839 E ArmVmp : Match on catch block at 0xc3 in for 0xa1
03-01 19:36:32.088 12839 12839 E ArmVmp : Match on catch block at 0xc3 in for 0xa5
03-01 19:36:32.090 12839 12839 E ArmVmp : Match on catch block at 0xc3 in for 0xa5
03-01 19:36:32.107 12839 12839 E ArmVmp : Match on catch block at 0xc3 in for 0xa1
03-01 19:36:32.110 12839 12839 E ArmVmp : Match on catch block at 0xc3 in for 0xa5
03-01 19:36:32.148 12839 12839 E ArmVmp : Match on catch block at 0xc3 in for 0xa1
03-01 19:36:32.150 12839 12839 E ArmVmp : Match on catch block at 0xc3 in for 0xa5
03-01 19:36:32.160 12839 12839 E ArmVmp : Match on catch block at 0xc3 in for 0xa5
03-01 19:36:32.163 12839 12839 E ArmVmp : Match on catch block at 0xc3 in for 0xa9
03-01 19:36:32.167 12839 12839 E ArmVmp : Match on catch block at 0xc3 in for 0xa5
03-01 19:36:32.170 12839 12839 E ArmVmp : Match on catch block at 0xc3 in for 0xa9
03-01 19:36:32.183 12839 12839 E ArmVmp : Match on catch block at 0xc3 in for 0xa5
03-01 19:36:32.186 12839 12839 E ArmVmp : Match on catch block at 0xc3 in for 0xa9
03-01 19:36:32.199 12839 12839 E ArmVmp : Match on catch block at 0xc3 in for 0xa5
03-01 19:36:32.202 12839 12839 E ArmVmp : Match on catch block at 0xc3 in for 0xa9
03-01 19:36:32.215 12839 12839 E ArmVmp : Match on catch block at 0xc3 in for 0xa5
03-01 19:36:32.218 12839 12839 E ArmVmp : Match on catch block at 0xc3 in for 0xa9
03-01 19:36:32.232 12839 12839 E ArmVmp : Match on catch block at 0xc3 in for 0xa5
03-01 19:36:32.235 12839 12839 E ArmVmp : Match on catch block at 0xc3 in for 0xa9
03-01 19:36:32.249 12839 12839 E ArmVmp : Match on catch block at 0xc3 in for 0xa5
03-01 19:36:32.251 12839 12839 E ArmVmp : Match on catch block at 0xc3 in for 0xa9
03-01 19:36:32.265 12839 12839 E ArmVmp : Match on catch block at 0xc3 in for 0xa5
03-01 19:36:32.268 12839 12839 E ArmVmp : Match on catch block at 0xc3 in for 0xa9
03-01 19:36:32.282 12839 12839 E ArmVmp : Match on catch block at 0xc3 in for 0xa5
03-01 19:36:32.285 12839 12839 E ArmVmp : Match on catch block at 0xc3 in for 0xa9
03-01 19:36:32.334 12839 12839 E ArmVmp : Match on catch block at 0xc3 in for 0xa9
03-01 19:36:32.338 12839 12839 E ArmVmp : Match on catch block at 0xc3 in for 0xa1
03-01 19:36:32.344 12839 12928 W MediaPlayer: Use of stream types is deprecated for
operations other than volume control
03-01 19:36:32.344 12839 12928 W MediaPlayer: See the documentation of
setAudioStreamType() for what to use instead with android.media.AudioAttributes to
qualify your playback use case
03-01 19:36:32.349 12839 12839 E ArmVmp : Match on catch block at 0xc3 in for 0xa5
03-01 19:36:32.352 12839 12839 E ArmVmp : Match on catch block at 0xc3 in for 0xa9
03-01 19:36:32.580 12839 12839 E ArmVmp : Match on catch block at 0xc3 in for 0xa5
03-01 19:36:32.582 12839 12839 E ArmVmp : Match on catch block at 0xc3 in for 0xa9
03-01 19:36:32.898 12839 12839 E ArmVmp : Match on catch block at 0xc3 in for 0xa9
03-01 19:36:32.900 12839 12839 E ArmVmp : Match on catch block at 0xc3 in for 0xa1
03-01 19:36:32.915 12839 12839 E ArmVmp : Match on catch block at 0xc3 in for 0xa9
03-01 19:36:32.917 12839 12839 E ArmVmp : Match on catch block at 0xc3 in for 0xa1
03-01 19:36:32.929 12839 12839 E ArmVmp : Match on catch block at 0xc3 in for 0xa5
03-01 19:36:32.931 12839 12839 E ArmVmp : Match on catch block at 0xc3 in for 0xa9
03-01 19:36:33.079 12839 12839 E ArmVmp : Match on catch block at 0xc3 in for 0xa5
03-01 19:36:33.082 12839 12839 E ArmVmp : Match on catch block at 0xc3 in for 0xa9
03-01 19:36:33.229 12839 12839 E ArmVmp : Match on catch block at 0xc3 in for 0xa9
03-01 19:36:33.232 12839 12839 E ArmVmp : Match on catch block at 0xc3 in for 0xa1
03-01 19:36:33.292 12839 12839 W TabLayout: MODE_SCROLLABLE + GRAVITY_FILL is not
supported, GRAVITY_START will be used instead
03-01 19:36:33.301 12839 13498 W CameraManagerGlobal: [soar.cts] ignore the status
update of camera: 2
03-01 19:36:33.301 12839 13498 W CameraManagerGlobal: [soar.cts] ignore the status
update of camera: 3
03-01 19:36:33.301 12839 13498 W CameraManagerGlobal: [soar.cts] ignore the status
update of camera: 4
03-01 19:36:33.301 12839 13498 W CameraManagerGlobal: [soar.cts] ignore the status
update of camera: 5
03-01 19:36:33.301 12839 13012 W CameraManagerGlobal: ignore the torch status
update of camera: 2
03-01 19:36:33.301 12839 13012 W CameraManagerGlobal: ignore the torch status
update of camera: 3
03-01 19:36:33.301 12839 13012 W CameraManagerGlobal: ignore the torch status
update of camera: 4
03-01 19:36:33.301 12839 13012 W CameraManagerGlobal: ignore the torch status
update of camera: 5
03-01 19:36:33.314 12839 12839 W BottomSheetBehavior: BottomSheetBehavior now
supports multiple callbacks. `setBottomSheetCallback()` removes all existing
callbacks, including ones set internally by library authors, which may result in
unintended behavior. This may change in the future. Please use
`addBottomSheetCallback()` and `removeBottomSheetCallback()` instead to set your
own callbacks.
03-01 19:36:33.347 12839 13012 E CameraManagerGlobal: Camera 5 is not available.
Ignore physical camera status change
03-01 19:36:33.401 12839 12855 W CameraManagerGlobal: ignore the torch status
update of camera: 2
03-01 19:36:33.403 12839 12855 W CameraManagerGlobal: ignore the torch status
update of camera: 3
03-01 19:36:33.403 12839 12855 W CameraManagerGlobal: ignore the torch status
update of camera: 4
03-01 19:36:33.404 12839 12855 W CameraManagerGlobal: ignore the torch status
update of camera: 5
03-01 19:36:33.468 12839 12839 W View : requestLayout() improperly called by
com.mbwhatsapp.WaImageView{fab1b53 VF.D..CL. ......ID 0,0-176,176 #7f0b1814
app:id/shutter} during layout: running second layout pass
03-01 19:36:33.468 12839 12839 W View : requestLayout() improperly called by
com.mbwhatsapp.CircularProgressBar{3601c90 V.ED..... ......ID 0,0-176,176 #7f0b14fc
app:id/recording_progress} during layout: running second layout pass
03-01 19:36:33.468 12839 12839 W View : requestLayout() improperly called by
com.mbwhatsapp.WaImageView{3989 VF.D..C.. ......ID 0,0-132,132 #7f0b1976
app:id/switch_camera_btn} during layout: running second layout pass
03-01 19:36:33.468 12839 12839 W View : requestLayout() improperly called by
com.mbwhatsapp.WaImageView{a966d8e VFED..C.. ......ID 0,0-132,132 #7f0b0b0d
app:id/gallery_btn} during layout: running second layout pass
03-01 19:36:33.468 12839 12839 W View : requestLayout() improperly called by
com.mbwhatsapp.WaImageView{14219af VF.D..C.. ......ID 0,0-132,132 #7f0b0a9c
app:id/flash_btn} during layout: running second layout pass
03-01 19:36:33.468 12839 12839 W View : requestLayout() improperly called by
com.mbwhatsapp.WaImageView{95271bc VFED..C.. ......ID 0,0-132,132 #7f0b057f
app:id/close_camera_btn} during layout: running second layout pass
03-01 19:36:33.468 12839 12839 W View : requestLayout() improperly called by
X.4Ki{a29e545 V.ED..... ......ID 0,6-1080,138} during layout: running second layout
pass
03-01 19:36:33.496 12839 12839 W View : requestLayout() improperly called by
com.mbwhatsapp.WaImageView{fab1b53 VF.D..CL. ......ID 452,1696-628,1872 #7f0b1814
app:id/shutter} during layout: running second layout pass
03-01 19:36:33.496 12839 12839 W View : requestLayout() improperly called by
com.mbwhatsapp.CircularProgressBar{3601c90 V.ED..... ......ID 452,1696-628,1872
#7f0b14fc app:id/recording_progress} during layout: running second layout pass
03-01 19:36:33.496 12839 12839 W View : requestLayout() improperly called by
com.mbwhatsapp.WaImageView{3989 VF.D..C.. ......ID 924,1716-1056,1848 #7f0b1976
app:id/switch_camera_btn} during layout: running second layout pass
03-01 19:36:33.496 12839 12839 W View : requestLayout() improperly called by
com.mbwhatsapp.WaImageView{a966d8e VFED..C.. ......ID 24,1716-156,1848 #7f0b0b0d
app:id/gallery_btn} during layout: running second layout pass
03-01 19:36:33.496 12839 12839 W View : requestLayout() improperly called by
com.mbwhatsapp.WaImageView{14219af VF.D..C.. ......I. 924,24-1056,156 #7f0b0a9c
app:id/flash_btn} during layout: running second layout pass
03-01 19:36:33.496 12839 12839 W View : requestLayout() improperly called by
com.mbwhatsapp.WaImageView{95271bc VFED..C.. ......I. 24,24-156,156 #7f0b057f
app:id/close_camera_btn} during layout: running second layout pass
03-01 19:36:33.500 12839 12839 E ArmVmp : Match on catch block at 0xc3 in for 0xa9
03-01 19:36:33.502 12839 12839 E ArmVmp : Match on catch block at 0xc3 in for 0xa1
03-01 19:36:33.610 12839 12839 W IInputConnectionWrapper: requestCursorAnchorInfo
on inactive InputConnection
03-01 19:36:33.684 12839 12839 E ArmVmp : Match on catch block at 0xc3 in for 0xa1
03-01 19:36:33.687 12839 12839 E ArmVmp : Match on catch block at 0xc3 in for 0xa5
03-01 19:36:33.721 12839 12839 E ArmVmp : Match on catch block at 0xc3 in for 0xa1
03-01 19:36:33.724 12839 12839 E ArmVmp : Match on catch block at 0xc3 in for 0xa5
03-01 19:36:33.896 12839 13505 W BpBinder: Slow Binder: BpBinder transact took 217
ms, interface=android.media.IMediaMetadataRetriever, code=5 oneway=false
03-01 19:36:33.958 12839 12839 E ArmVmp : Match on catch block at 0xc3 in for 0xa5
03-01 19:36:33.962 12839 12839 E ArmVmp : Match on catch block at 0xc3 in for 0xa9
03-01 19:36:34.038 12839 12853 W System : A resource failed to call close.
03-01 19:36:36.196 12839 13499 W gralloc4: Could not find component description for
FourCC value 0
03-01 19:36:36.355 12839 12857 W CameraManagerGlobal: ignore the torch status
update of camera: 2
03-01 19:36:36.357 12839 12857 W CameraManagerGlobal: ignore the torch status
update of camera: 3
03-01 19:36:36.358 12839 12857 W CameraManagerGlobal: ignore the torch status
update of camera: 4
03-01 19:36:36.359 12839 12857 W CameraManagerGlobal: ignore the torch status
update of camera: 5
03-01 19:36:36.376 12839 12857 E CameraManagerGlobal: Camera 5 is not available.
Ignore physical camera status change
03-01 19:36:36.450 12839 12839 W BottomSheetBehavior: BottomSheetBehavior now
supports multiple callbacks. `setBottomSheetCallback()` removes all existing
callbacks, including ones set internally by library authors, which may result in
unintended behavior. This may change in the future. Please use
`addBottomSheetCallback()` and `removeBottomSheetCallback()` instead to set your
own callbacks.
03-01 19:36:36.456 12839 12839 E RecyclerView: No adapter attached; skipping layout
03-01 19:36:36.487 12839 12839 E RecyclerView: No adapter attached; skipping layout
03-01 19:36:38.835 12839 13695 W System : ClassLoader referenced unknown path:
03-01 19:36:38.880 12839 13694 W linker : Warning:
"/data/user_de/0/com.google.android.gms/app_chimera/m/0000004d/CronetDynamite.apk!/
lib/arm64-v8a/libcronet.121.0.6167.71.so" unused DT entry: unknown processor-
specific (type 0x70000001 arg 0x0) (ignoring)
03-01 19:36:38.930 12839 13700 E chromium:
[0301/193638.930357:ERROR:cronet_context.cc(158)] Invalid QUIC hint
host: .whatsapp.com
03-01 19:36:38.930 12839 13700 E chromium:
[0301/193638.930437:ERROR:cronet_context.cc(158)] Invalid QUIC hint
host: .cdninstagram.com
03-01 19:36:38.930 12839 13700 E chromium:
[0301/193638.930462:ERROR:cronet_context.cc(158)] Invalid QUIC hint
host: .fbcdn.net
03-01 19:36:38.930 12839 13700 E chromium:
[0301/193638.930482:ERROR:cronet_context.cc(158)] Invalid QUIC hint
host: .facebook.com
03-01 19:36:38.930 12839 13700 E chromium:
[0301/193638.930500:ERROR:cronet_context.cc(158)] Invalid QUIC hint
host: .instagram.com
03-01 19:36:38.930 12839 13700 E chromium:
[0301/193638.930517:ERROR:cronet_context.cc(158)] Invalid QUIC hint
host: .whatsapp.net
03-01 19:36:39.367 12839 12839 W IInputConnectionWrapper: requestCursorAnchorInfo
on inactive InputConnection
03-01 19:36:39.489 12839 12839 E ArmVmp : Match on catch block at 0x0a in for 0xc1
03-01 19:36:39.494 12839 12839 E ArmVmp : Match on catch block at 0x0a in for 0xc9
03-01 19:36:39.585 12839 12839 E ArmVmp : Match on catch block at 0xc3 in for 0xa1
03-01 19:36:39.587 12839 12839 E ArmVmp : Match on catch block at 0xc3 in for 0xa5
03-01 19:36:39.627 12839 12839 E ArmVmp : Match on catch block at 0xc3 in for 0xa1
03-01 19:36:39.630 12839 12839 E ArmVmp : Match on catch block at 0xc3 in for 0xa5
03-01 19:36:39.646 12839 12839 E ArmVmp : Match on catch block at 0xc3 in for 0xa1
03-01 19:36:39.651 12839 12839 E ArmVmp : Match on catch block at 0xc3 in for 0xa5
03-01 19:36:39.686 12839 12839 E ArmVmp : Match on catch block at 0xc3 in for 0xa1
03-01 19:36:39.688 12839 12839 E ArmVmp : Match on catch block at 0xc3 in for 0xa5
03-01 19:36:39.699 12839 12839 E ArmVmp : Match on catch block at 0xc3 in for 0xa5
03-01 19:36:39.701 12839 12839 E ArmVmp : Match on catch block at 0xc3 in for 0xa9
03-01 19:36:39.717 12839 12839 E ArmVmp : Match on catch block at 0xc3 in for 0xa5
03-01 19:36:39.719 12839 12839 E ArmVmp : Match on catch block at 0xc3 in for 0xa9
03-01 19:36:39.734 12839 12839 E ArmVmp : Match on catch block at 0xc3 in for 0xa5
03-01 19:36:39.737 12839 12839 E ArmVmp : Match on catch block at 0xc3 in for 0xa9
03-01 19:36:39.746 12839 12839 E ArmVmp : Match on catch block at 0xc3 in for 0xa5
03-01 19:36:39.750 12839 12839 E ArmVmp : Match on catch block at 0xc3 in for 0xa9
03-01 19:36:39.760 12839 12839 E ArmVmp : Match on catch block at 0xc3 in for 0xa5
03-01 19:36:39.763 12839 12839 E ArmVmp : Match on catch block at 0xc3 in for 0xa9
03-01 19:36:39.774 12839 12839 E ArmVmp : Match on catch block at 0xc3 in for 0xa5
03-01 19:36:39.778 12839 12839 E ArmVmp : Match on catch block at 0xc3 in for 0xa9
03-01 19:36:39.788 12839 12839 E ArmVmp : Match on catch block at 0xc3 in for 0xa5
03-01 19:36:39.791 12839 12839 E ArmVmp : Match on catch block at 0xc3 in for 0xa9
03-01 19:36:39.805 12839 12839 E ArmVmp : Match on catch block at 0xc3 in for 0xa5
03-01 19:36:39.807 12839 12839 E ArmVmp : Match on catch block at 0xc3 in for 0xa9
03-01 19:36:39.821 12839 12839 E ArmVmp : Match on catch block at 0xc3 in for 0xa5
03-01 19:36:39.824 12839 12839 E ArmVmp : Match on catch block at 0xc3 in for 0xa9
03-01 19:36:39.837 12839 12839 E ArmVmp : Match on catch block at 0xc3 in for 0xa5
03-01 19:36:39.840 12839 12839 E ArmVmp : Match on catch block at 0xc3 in for 0xa9
03-01 19:36:39.854 12839 12839 E ArmVmp : Match on catch block at 0xc3 in for 0xa5
03-01 19:36:39.856 12839 12839 E ArmVmp : Match on catch block at 0xc3 in for 0xa9
03-01 19:36:39.871 12839 12839 E ArmVmp : Match on catch block at 0xc3 in for 0xa5
03-01 19:36:39.873 12839 12839 E ArmVmp : Match on catch block at 0xc3 in for 0xa9
03-01 19:36:39.887 12839 12839 E ArmVmp : Match on catch block at 0xc3 in for 0xa5
03-01 19:36:39.890 12839 12839 E ArmVmp : Match on catch block at 0xc3 in for 0xa9
03-01 19:36:39.904 12839 12839 E ArmVmp : Match on catch block at 0xc3 in for 0xa5
03-01 19:36:39.906 12839 12839 E ArmVmp : Match on catch block at 0xc3 in for 0xa9
03-01 19:36:39.920 12839 12839 E ArmVmp : Match on catch block at 0xc3 in for 0xa5
03-01 19:36:39.923 12839 12839 E ArmVmp : Match on catch block at 0xc3 in for 0xa9
03-01 19:36:39.939 12839 12839 E ArmVmp : Match on catch block at 0xc3 in for 0xa9
03-01 19:36:39.941 12839 12839 E ArmVmp : Match on catch block at 0xc3 in for 0xa1
03-01 19:36:39.954 12839 12839 E ArmVmp : Match on catch block at 0xc3 in for 0xa9
03-01 19:36:39.956 12839 12839 E ArmVmp : Match on catch block at 0xc3 in for 0xa1
03-01 19:36:39.970 12839 12839 E ArmVmp : Match on catch block at 0xc3 in for 0xa9
03-01 19:36:39.973 12839 12839 E ArmVmp : Match on catch block at 0xc3 in for 0xa1
03-01 19:36:39.987 12839 12839 E ArmVmp : Match on catch block at 0xc3 in for 0xa9
03-01 19:36:39.989 12839 12839 E ArmVmp : Match on catch block at 0xc3 in for 0xa1
03-01 19:36:40.003 12839 12839 E ArmVmp : Match on catch block at 0xc3 in for 0xa9
03-01 19:36:40.006 12839 12839 E ArmVmp : Match on catch block at 0xc3 in for 0xa1
03-01 19:36:40.021 12839 12839 E ArmVmp : Match on catch block at 0xc3 in for 0xa9
03-01 19:36:40.023 12839 12839 E ArmVmp : Match on catch block at 0xc3 in for 0xa1
03-01 19:36:40.037 12839 12839 E ArmVmp : Match on catch block at 0xc3 in for 0xa9
03-01 19:36:40.039 12839 12839 E ArmVmp : Match on catch block at 0xc3 in for 0xa1
03-01 19:36:40.040 12839 13643 E ArmVmp : Match on catch block at 0x48 in for 0x81
03-01 19:36:40.040 12839 13643 W System.err: java.net.SocketException: Connection
reset
03-01 19:36:40.040 12839 13643 W System.err:
03-01 19:36:40.040 12839 13643 W System.err: at
java.net.SocketInputStream.read(SocketInputStream.java:215)
03-01 19:36:40.040 12839 13643 W System.err:
03-01 19:36:40.040 12839 13643 W System.err: at
java.net.SocketInputStream.read(SocketInputStream.java:144)
03-01 19:36:40.040 12839 13643 W System.err:
03-01 19:36:40.040 12839 13643 W System.err: at
com.android.org.conscrypt.ConscryptEngineSocket$SSLInputStream.readFromSocket(Consc
ryptEngineSocket.java:983)
03-01 19:36:40.040 12839 13643 W System.err:
03-01 19:36:40.040 12839 13643 W System.err: at
com.android.org.conscrypt.ConscryptEngineSocket$SSLInputStream.processDataFromSocke
t(ConscryptEngineSocket.java:947)
03-01 19:36:40.040 12839 13643 W System.err:
03-01 19:36:40.040 12839 13643 W System.err: at
com.android.org.conscrypt.ConscryptEngineSocket$SSLInputStream.-$
$Nest$mprocessDataFromSocket(Unknown Source:0)
03-01 19:36:40.040 12839 13643 W System.err:
03-01 19:36:40.040 12839 13643 W System.err: at
com.android.org.conscrypt.ConscryptEngineSocket.doHandshake(ConscryptEngineSocket.j
ava:236)
03-01 19:36:40.040 12839 13643 W System.err:
03-01 19:36:40.040 12839 13643 W System.err: at
com.android.org.conscrypt.ConscryptEngineSocket.startHandshake(ConscryptEngineSocke
t.java:218)
03-01 19:36:40.041 12839 13643 W System.err:
03-01 19:36:40.041 12839 13643 W System.err: at
com.android.okhttp.internal.io.RealConnection.connectTls(RealConnection.java:196)
03-01 19:36:40.041 12839 13643 W System.err:
03-01 19:36:40.041 12839 13643 W System.err: at
com.android.okhttp.internal.io.RealConnection.connectSocket(RealConnection.java:153
)
03-01 19:36:40.041 12839 13643 W System.err:
03-01 19:36:40.041 12839 13643 W System.err: at
com.android.okhttp.internal.io.RealConnection.connect(RealConnection.java:116)
03-01 19:36:40.041 12839 13643 W System.err:
03-01 19:36:40.041 12839 13643 W System.err: at
com.android.okhttp.internal.http.StreamAllocation.findConnection(StreamAllocation.j
ava:186)
03-01 19:36:40.041 12839 13643 W System.err:
03-01 19:36:40.041 12839 13643 W System.err: at
com.android.okhttp.internal.http.StreamAllocation.findHealthyConnection(StreamAlloc
ation.java:128)
03-01 19:36:40.041 12839 13643 W System.err:
03-01 19:36:40.041 12839 13643 W System.err: at
com.android.okhttp.internal.http.StreamAllocation.newStream(StreamAllocation.java:9
7)
03-01 19:36:40.041 12839 13643 W System.err:
03-01 19:36:40.041 12839 13643 W System.err: at
com.android.okhttp.internal.http.HttpEngine.connect(HttpEngine.java:302)
03-01 19:36:40.041 12839 13643 W System.err:
03-01 19:36:40.041 12839 13643 W System.err: at
com.android.okhttp.internal.http.HttpEngine.sendRequest(HttpEngine.java:245)
03-01 19:36:40.041 12839 13643 W System.err:
03-01 19:36:40.041 12839 13643 W System.err: at
com.android.okhttp.internal.huc.HttpURLConnectionImpl.execute(HttpURLConnectionImpl
.java:465)
03-01 19:36:40.041 12839 13643 W System.err:
03-01 19:36:40.041 12839 13643 W System.err: at
com.android.okhttp.internal.huc.HttpURLConnectionImpl.connect(HttpURLConnectionImpl
.java:131)
03-01 19:36:40.041 12839 13643 W System.err:
03-01 19:36:40.041 12839 13643 W System.err: at
com.android.okhttp.internal.huc.DelegatingHttpsURLConnection.connect(DelegatingHttp
sURLConnection.java:90)
03-01 19:36:40.041 12839 13643 W System.err:
03-01 19:36:40.041 12839 13643 W System.err: at
com.android.okhttp.internal.huc.HttpsURLConnectionImpl.connect(HttpsURLConnectionIm
pl.java:30)
03-01 19:36:40.042 12839 13643 W System.err:
03-01 19:36:40.042 12839 13643 W System.err: at
mbmodsd.mbmodsw.home.MBTranslator.translate(Native Method)
03-01 19:36:40.042 12839 13643 W System.err:
03-01 19:36:40.042 12839 13643 W System.err: at
mbmodsd.mbmodsw.home.MBTranslator$Async.doInBackground(Native Method)
03-01 19:36:40.042 12839 13643 W System.err:
03-01 19:36:40.042 12839 13643 W System.err: at
mbmodsd.mbmodsw.home.MBTranslator$Async.doInBackground(Native Method)
03-01 19:36:40.042 12839 13643 W System.err:
03-01 19:36:40.042 12839 13643 W System.err: at
android.os.AsyncTask$3.call(AsyncTask.java:394)
03-01 19:36:40.042 12839 13643 W System.err:
03-01 19:36:40.042 12839 13643 W System.err: at
java.util.concurrent.FutureTask.run(FutureTask.java:266)
03-01 19:36:40.042 12839 13643 W System.err:
03-01 19:36:40.042 12839 13643 W System.err: at
android.os.AsyncTask$SerialExecutor$1.run(AsyncTask.java:305)
03-01 19:36:40.042 12839 13643 W System.err:
03-01 19:36:40.042 12839 13643 W System.err: at
java.util.concurrent.ThreadPoolExecutor.runWorker(ThreadPoolExecutor.java:1167)
03-01 19:36:40.042 12839 13643 W System.err:
03-01 19:36:40.042 12839 13643 W System.err: at
java.util.concurrent.ThreadPoolExecutor$Worker.run(ThreadPoolExecutor.java:641)
03-01 19:36:40.042 12839 13643 W System.err:
03-01 19:36:40.042 12839 13643 W System.err: at
java.lang.Thread.run(Thread.java:923)
03-01 19:36:40.042 12839 13643 W System.err:
03-01 19:36:40.057 12839 12839 W BottomSheetBehavior: BottomSheetBehavior now
supports multiple callbacks. `setBottomSheetCallback()` removes all existing
callbacks, including ones set internally by library authors, which may result in
unintended behavior. This may change in the future. Please use
`addBottomSheetCallback()` and `removeBottomSheetCallback()` instead to set your
own callbacks.
03-01 19:36:40.064 12839 12839 E ArmVmp : Match on catch block at 0xc3 in for 0xa5
03-01 19:36:40.066 12839 12839 E ArmVmp : Match on catch block at 0xc3 in for 0xa9
03-01 19:36:40.071 12839 12839 E ArmVmp : Match on catch block at 0xc3 in for 0xa5
03-01 19:36:40.075 12839 12839 E ArmVmp : Match on catch block at 0xc3 in for 0xa9
03-01 19:36:40.087 12839 12839 E ArmVmp : Match on catch block at 0xc3 in for 0xa5
03-01 19:36:40.089 12839 12839 E ArmVmp : Match on catch block at 0xc3 in for 0xa9
03-01 19:36:40.103 12839 12839 E ArmVmp : Match on catch block at 0xc3 in for 0xa5
03-01 19:36:40.105 12839 12839 E ArmVmp : Match on catch block at 0xc3 in for 0xa9
03-01 19:36:40.119 12839 12839 E ArmVmp : Match on catch block at 0xc3 in for 0xa5
03-01 19:36:40.122 12839 12839 E ArmVmp : Match on catch block at 0xc3 in for 0xa9
03-01 19:36:40.136 12839 12839 E ArmVmp : Match on catch block at 0xc3 in for 0xa5
03-01 19:36:40.138 12839 12839 E ArmVmp : Match on catch block at 0xc3 in for 0xa9
03-01 19:36:40.153 12839 12839 E ArmVmp : Match on catch block at 0xc3 in for 0xa5
03-01 19:36:40.155 12839 12839 E ArmVmp : Match on catch block at 0xc3 in for 0xa9
03-01 19:36:40.169 12839 12839 E ArmVmp : Match on catch block at 0xc3 in for 0xa5
03-01 19:36:40.172 12839 12839 E ArmVmp : Match on catch block at 0xc3 in for 0xa9
03-01 19:36:40.186 12839 12839 E ArmVmp : Match on catch block at 0xc3 in for 0xa5
03-01 19:36:40.189 12839 12839 E ArmVmp : Match on catch block at 0xc3 in for 0xa9
03-01 19:36:40.202 12839 12839 E ArmVmp : Match on catch block at 0xc3 in for 0xa5
03-01 19:36:40.206 12839 12839 E ArmVmp : Match on catch block at 0xc3 in for 0xa9
03-01 19:36:40.221 12839 12839 E ArmVmp : Match on catch block at 0xc3 in for 0xa5
03-01 19:36:40.225 12839 12839 E ArmVmp : Match on catch block at 0xc3 in for 0xa9
03-01 19:36:40.237 12839 12839 E ArmVmp : Match on catch block at 0xc3 in for 0xa5
03-01 19:36:40.241 12839 12839 E ArmVmp : Match on catch block at 0xc3 in for 0xa9
03-01 19:36:40.254 12839 12839 E ArmVmp : Match on catch block at 0xc3 in for 0xa5
03-01 19:36:40.257 12839 12839 E ArmVmp : Match on catch block at 0xc3 in for 0xa9
03-01 19:36:40.270 12839 12839 E ArmVmp : Match on catch block at 0xc3 in for 0xa5
03-01 19:36:40.274 12839 12839 E ArmVmp : Match on catch block at 0xc3 in for 0xa9
03-01 19:36:40.314 12839 13643 E ArmVmp : Match on catch block at 0x48 in for 0x95
03-01 19:36:40.314 12839 13643 W System.err: java.net.SocketException: Connection
reset
03-01 19:36:40.314 12839 13643 W System.err:
03-01 19:36:40.315 12839 13643 W System.err: at
java.net.SocketInputStream.read(SocketInputStream.java:215)
03-01 19:36:40.315 12839 13643 W System.err:
03-01 19:36:40.315 12839 13643 W System.err: at
java.net.SocketInputStream.read(SocketInputStream.java:144)
03-01 19:36:40.315 12839 13643 W System.err:
03-01 19:36:40.315 12839 13643 W System.err: at
com.android.org.conscrypt.ConscryptEngineSocket$SSLInputStream.readFromSocket(Consc
ryptEngineSocket.java:983)
03-01 19:36:40.315 12839 13643 W System.err:
03-01 19:36:40.315 12839 13643 W System.err: at
com.android.org.conscrypt.ConscryptEngineSocket$SSLInputStream.processDataFromSocke
t(ConscryptEngineSocket.java:947)
03-01 19:36:40.315 12839 13643 W System.err:
03-01 19:36:40.315 12839 13643 W System.err: at
com.android.org.conscrypt.ConscryptEngineSocket$SSLInputStream.-$
$Nest$mprocessDataFromSocket(Unknown Source:0)
03-01 19:36:40.315 12839 13643 W System.err:
03-01 19:36:40.316 12839 13643 W System.err: at
com.android.org.conscrypt.ConscryptEngineSocket.doHandshake(ConscryptEngineSocket.j
ava:236)
03-01 19:36:40.316 12839 13643 W System.err:
03-01 19:36:40.316 12839 13643 W System.err: at
com.android.org.conscrypt.ConscryptEngineSocket.startHandshake(ConscryptEngineSocke
t.java:218)
03-01 19:36:40.316 12839 13643 W System.err:
03-01 19:36:40.316 12839 13643 W System.err: at
com.android.okhttp.internal.io.RealConnection.connectTls(RealConnection.java:196)
03-01 19:36:40.316 12839 13643 W System.err:
03-01 19:36:40.316 12839 13643 W System.err: at
com.android.okhttp.internal.io.RealConnection.connectSocket(RealConnection.java:153
)
03-01 19:36:40.316 12839 13643 W System.err:
03-01 19:36:40.316 12839 13643 W System.err: at
com.android.okhttp.internal.io.RealConnection.connect(RealConnection.java:116)
03-01 19:36:40.316 12839 13643 W System.err:
03-01 19:36:40.316 12839 13643 W System.err: at
com.android.okhttp.internal.http.StreamAllocation.findConnection(StreamAllocation.j
ava:186)
03-01 19:36:40.316 12839 13643 W System.err:
03-01 19:36:40.316 12839 13643 W System.err: at
com.android.okhttp.internal.http.StreamAllocation.findHealthyConnection(StreamAlloc
ation.java:128)
03-01 19:36:40.317 12839 13643 W System.err:
03-01 19:36:40.317 12839 13643 W System.err: at
com.android.okhttp.internal.http.StreamAllocation.newStream(StreamAllocation.java:9
7)
03-01 19:36:40.317 12839 13643 W System.err:
03-01 19:36:40.317 12839 13643 W System.err: at
com.android.okhttp.internal.http.HttpEngine.connect(HttpEngine.java:302)
03-01 19:36:40.317 12839 13643 W System.err:
03-01 19:36:40.317 12839 13643 W System.err: at
com.android.okhttp.internal.http.HttpEngine.sendRequest(HttpEngine.java:245)
03-01 19:36:40.317 12839 13643 W System.err:
03-01 19:36:40.317 12839 13643 W System.err: at
com.android.okhttp.internal.huc.HttpURLConnectionImpl.execute(HttpURLConnectionImpl
.java:465)
03-01 19:36:40.318 12839 13643 W System.err:
03-01 19:36:40.318 12839 13643 W System.err: at
com.android.okhttp.internal.huc.HttpURLConnectionImpl.connect(HttpURLConnectionImpl
.java:131)
03-01 19:36:40.318 12839 13643 W System.err:
03-01 19:36:40.318 12839 13643 W System.err: at
com.android.okhttp.internal.huc.DelegatingHttpsURLConnection.connect(DelegatingHttp
sURLConnection.java:90)
03-01 19:36:40.318 12839 13643 W System.err:
03-01 19:36:40.318 12839 13643 W System.err: at
com.android.okhttp.internal.huc.HttpsURLConnectionImpl.connect(HttpsURLConnectionIm
pl.java:30)
03-01 19:36:40.318 12839 13643 W System.err:
03-01 19:36:40.318 12839 13643 W System.err: at
mbmodsd.mbmodsw.home.MBTranslator.translate(Native Method)
03-01 19:36:40.318 12839 13643 W System.err:
03-01 19:36:40.318 12839 13643 W System.err: at
mbmodsd.mbmodsw.home.MBTranslator$Async.doInBackground(Native Method)
03-01 19:36:40.318 12839 13643 W System.err:
03-01 19:36:40.318 12839 13643 W System.err: at
mbmodsd.mbmodsw.home.MBTranslator$Async.doInBackground(Native Method)
03-01 19:36:40.318 12839 13643 W System.err:
03-01 19:36:40.318 12839 13643 W System.err: at
android.os.AsyncTask$3.call(AsyncTask.java:394)
03-01 19:36:40.318 12839 13643 W System.err:
03-01 19:36:40.318 12839 13643 W System.err: at
java.util.concurrent.FutureTask.run(FutureTask.java:266)
03-01 19:36:40.318 12839 13643 W System.err:
03-01 19:36:40.318 12839 13643 W System.err: at
android.os.AsyncTask$SerialExecutor$1.run(AsyncTask.java:305)
03-01 19:36:40.318 12839 13643 W System.err:
03-01 19:36:40.318 12839 13643 W System.err: at
java.util.concurrent.ThreadPoolExecutor.runWorker(ThreadPoolExecutor.java:1167)
03-01 19:36:40.318 12839 13643 W System.err:
03-01 19:36:40.318 12839 13643 W System.err: at
java.util.concurrent.ThreadPoolExecutor$Worker.run(ThreadPoolExecutor.java:641)
03-01 19:36:40.318 12839 13643 W System.err:
03-01 19:36:40.318 12839 13643 W System.err: at
java.lang.Thread.run(Thread.java:923)
03-01 19:36:40.318 12839 13643 W System.err:
03-01 19:36:40.335 12839 12839 E ArmVmp : Match on catch block at 0xc3 in for 0xa1
03-01 19:36:40.337 12839 12839 E ArmVmp : Match on catch block at 0xc3 in for 0xa5
03-01 19:36:40.352 12839 12839 E ArmVmp : Match on catch block at 0xc3 in for 0xa1
03-01 19:36:40.355 12839 12839 E ArmVmp : Match on catch block at 0xc3 in for 0xa5
03-01 19:36:40.369 12839 12839 E ArmVmp : Match on catch block at 0xc3 in for 0xa9
03-01 19:36:40.371 12839 12839 E ArmVmp : Match on catch block at 0xc3 in for 0xa1
03-01 19:36:40.387 12839 12839 E ArmVmp : Match on catch block at 0xc3 in for 0xa5
03-01 19:36:40.391 12839 12839 E ArmVmp : Match on catch block at 0xc3 in for 0xa9
03-01 19:36:40.401 12839 12839 E ArmVmp : Match on catch block at 0xc3 in for 0xa1
03-01 19:36:40.403 12839 12839 E ArmVmp : Match on catch block at 0xc3 in for 0xa5
03-01 19:36:40.418 12839 12839 E ArmVmp : Match on catch block at 0xc3 in for 0xa5
03-01 19:36:40.420 12839 12839 E ArmVmp : Match on catch block at 0xc3 in for 0xa9
03-01 19:36:40.435 12839 12839 E ArmVmp : Match on catch block at 0xc3 in for 0xa9
03-01 19:36:40.438 12839 12839 E ArmVmp : Match on catch block at 0xc3 in for 0xa1
03-01 19:36:40.451 12839 12839 E ArmVmp : Match on catch block at 0xc3 in for 0xa1
