04-09 21:09:04.853 26468 31905 W CAM_MetadataDst: onCaptureFailed for Frame 185
04-09 21:09:04.875 26468 31905 W CAM_MetadataDst: onCaptureFailed for Frame 186
04-09 21:09:04.886 26468 31905 W CAM_MetadataDst: onCaptureFailed for Frame 187
04-09 21:09:04.906 26468 31905 W CAM_MetadataDst: onCaptureFailed for Frame 188
04-09 21:09:04.922 26468 31905 W CAM_MetadataDst: onCaptureFailed for Frame 189
04-09 21:09:04.944 26468 31905 W CAM_MetadataDst: onCaptureFailed for Frame 190
04-09 21:09:04.954 26468 31905 W CAM_MetadataDst: onCaptureFailed for Frame 191
04-09 21:09:04.974 26468 31905 W CAM_MetadataDst: onCaptureFailed for Frame 192
04-09 21:09:04.985 26468 31905 W CAM_MetadataDst: onCaptureFailed for Frame 193
04-09 21:09:05.008 26468 31905 W CAM_MetadataDst: onCaptureFailed for Frame 194
04-09 21:09:05.022 26468 31905 W CAM_MetadataDst: onCaptureFailed for Frame 195
04-09 21:09:05.038 26468 31905 W CAM_MetadataDst: onCaptureFailed for Frame 196
04-09 21:09:05.060 26468 31905 W CAM_MetadataDst: onCaptureFailed for Frame 197
04-09 21:09:05.070 26468 31905 W CAM_MetadataDst: onCaptureFailed for Frame 198
04-09 21:09:05.086 26468 31905 W CAM_MetadataDst: onCaptureFailed for Frame 199
04-09 21:09:05.103 26468 31905 W CAM_MetadataDst: onCaptureFailed for Frame 200
04-09 21:09:05.122 26468 31905 W CAM_MetadataDst: onCaptureFailed for Frame 201
04-09 21:09:05.134 26468 31905 W CAM_MetadataDst: onCaptureFailed for Frame 202
04-09 21:09:05.151 26468 31905 W CAM_MetadataDst: onCaptureFailed for Frame 203
04-09 21:09:05.170 26468 31905 W CAM_MetadataDst: onCaptureFailed for Frame 204
04-09 21:09:05.185 26468 31905 W CAM_MetadataDst: onCaptureFailed for Frame 205
04-09 21:09:05.203 26468 31905 W CAM_MetadataDst: onCaptureFailed for Frame 206
04-09 21:09:05.217 26468 31905 W CAM_MetadataDst: onCaptureFailed for Frame 207
04-09 21:09:05.239 26468 31905 W CAM_MetadataDst: onCaptureFailed for Frame 208
04-09 21:09:05.253 26468 31905 W CAM_MetadataDst: onCaptureFailed for Frame 209
04-09 21:09:05.270 26468 31905 W CAM_MetadataDst: onCaptureFailed for Frame 210
04-09 21:09:05.287 26468 31905 W CAM_MetadataDst: onCaptureFailed for Frame 211
04-09 21:09:05.301 26468 31905 W CAM_MetadataDst: onCaptureFailed for Frame 212
04-09 21:09:05.316 26468 31905 W CAM_MetadataDst: onCaptureFailed for Frame 213
04-09 21:09:05.334 26468 31905 W CAM_MetadataDst: onCaptureFailed for Frame 214
04-09 21:09:05.351 26468 31905 W CAM_MetadataDst: onCaptureFailed for Frame 215
04-09 21:09:05.368 26468 31905 W CAM_MetadataDst: onCaptureFailed for Frame 216
04-09 21:09:05.384 26468 31905 W CAM_MetadataDst: onCaptureFailed for Frame 217
04-09 21:09:05.402 26468 31905 W CAM_MetadataDst: onCaptureFailed for Frame 218
04-09 21:09:05.416 26468 31905 W CAM_MetadataDst: onCaptureFailed for Frame 219
04-09 21:09:05.434 26468 31905 W CAM_MetadataDst: onCaptureFailed for Frame 220
04-09 21:09:05.451 26468 31905 W CAM_MetadataDst: onCaptureFailed for Frame 221
04-09 21:09:05.468 26468 31905 W CAM_MetadataDst: onCaptureFailed for Frame 222
04-09 21:09:05.485 26468 31905 W CAM_MetadataDst: onCaptureFailed for Frame 223
04-09 21:09:05.503 26468 31905 W CAM_MetadataDst: onCaptureFailed for Frame 224
04-09 21:09:05.517 26468 31905 W CAM_MetadataDst: onCaptureFailed for Frame 225
04-09 21:09:05.535 26468 31905 W CAM_MetadataDst: onCaptureFailed for Frame 226
04-09 21:09:05.552 26468 31905 W CAM_MetadataDst: onCaptureFailed for Frame 227
04-09 21:09:05.571 26468 31905 W CAM_MetadataDst: onCaptureFailed for Frame 228
04-09 21:09:05.585 26468 31905 W CAM_MetadataDst: onCaptureFailed for Frame 229
04-09 21:09:05.604 26468 31905 W CAM_MetadataDst: onCaptureFailed for Frame 230
04-09 21:09:05.620 26468 31905 W CAM_MetadataDst: onCaptureFailed for Frame 231
04-09 21:09:05.637 26468 31905 W CAM_MetadataDst: onCaptureFailed for Frame 232
04-09 21:09:05.651 26468 31905 W CAM_MetadataDst: onCaptureFailed for Frame 233
04-09 21:09:05.677 26468 31905 W CAM_MetadataDst: onCaptureFailed for Frame 234
04-09 21:09:05.690 26468 31905 W CAM_MetadataDst: onCaptureFailed for Frame 235
04-09 21:09:05.705 26468 31905 W CAM_MetadataDst: onCaptureFailed for Frame 236
04-09 21:09:05.717 26468 31905 W CAM_MetadataDst: onCaptureFailed for Frame 237
04-09 21:09:05.738 26468 31905 W CAM_MetadataDst: onCaptureFailed for Frame 238
04-09 21:09:05.752 26468 31905 W CAM_MetadataDst: onCaptureFailed for Frame 239
04-09 21:09:05.773 26468 31905 W CAM_MetadataDst: onCaptureFailed for Frame 240
04-09 21:09:05.787 26468 31905 W CAM_MetadataDst: onCaptureFailed for Frame 241
04-09 21:09:05.806 26468 31905 W CAM_MetadataDst: onCaptureFailed for Frame 242
04-09 21:09:05.819 26468 31905 W CAM_MetadataDst: onCaptureFailed for Frame 243
04-09 21:09:05.839 26468 31905 W CAM_MetadataDst: onCaptureFailed for Frame 244
04-09 21:09:05.853 26468 31905 W CAM_MetadataDst: onCaptureFailed for Frame 245
04-09 21:09:05.870 26468 31905 W CAM_MetadataDst: onCaptureFailed for Frame 246
04-09 21:09:05.886 26468 31905 W CAM_MetadataDst: onCaptureFailed for Frame 247
04-09 21:09:05.902 26468 31905 W CAM_MetadataDst: onCaptureFailed for Frame 248
04-09 21:09:05.918 26468 31905 W CAM_MetadataDst: onCaptureFailed for Frame 249
04-09 21:09:05.935 26468 31905 W CAM_MetadataDst: onCaptureFailed for Frame 250
04-09 21:09:05.951 26468 31905 W CAM_MetadataDst: onCaptureFailed for Frame 251
04-09 21:09:05.968 26468 31905 W CAM_MetadataDst: onCaptureFailed for Frame 252
04-09 21:09:05.984 26468 31905 W CAM_MetadataDst: onCaptureFailed for Frame 253
04-09 21:09:06.000 26468 31905 W CAM_MetadataDst: onCaptureFailed for Frame 254
04-09 21:09:06.020 26468 31905 W CAM_MetadataDst: onCaptureFailed for Frame 255
04-09 21:09:06.037 26468 31905 W CAM_MetadataDst: onCaptureFailed for Frame 256
04-09 21:09:06.051 26468 31905 W CAM_MetadataDst: onCaptureFailed for Frame 257
04-09 21:09:06.067 26468 31905 W CAM_MetadataDst: onCaptureFailed for Frame 258
04-09 21:09:06.085 26468 31905 W CAM_MetadataDst: onCaptureFailed for Frame 259
04-09 21:09:06.102 26468 31905 W CAM_MetadataDst: onCaptureFailed for Frame 260
04-09 21:09:06.117 26468 31905 W CAM_MetadataDst: onCaptureFailed for Frame 261
04-09 21:09:06.136 26468 31905 W CAM_MetadataDst: onCaptureFailed for Frame 262
04-09 21:09:06.150 26468 31905 W CAM_MetadataDst: onCaptureFailed for Frame 263
04-09 21:09:06.165 26468 31905 W CAM_MetadataDst: onCaptureFailed for Frame 264
04-09 21:09:06.183 26468 31905 W CAM_MetadataDst: onCaptureFailed for Frame 265
04-09 21:09:06.200 26468 31905 W CAM_MetadataDst: onCaptureFailed for Frame 266
04-09 21:09:06.215 26468 31905 W CAM_MetadataDst: onCaptureFailed for Frame 267
04-09 21:09:06.234 26468 31905 W CAM_MetadataDst: onCaptureFailed for Frame 268
04-09 21:09:06.250 26468 31905 W CAM_MetadataDst: onCaptureFailed for Frame 269
04-09 21:09:06.269 26468 31905 W CAM_MetadataDst: onCaptureFailed for Frame 270
04-09 21:09:06.285 26468 31905 W CAM_MetadataDst: onCaptureFailed for Frame 271
04-09 21:09:06.303 26468 31905 W CAM_MetadataDst: onCaptureFailed for Frame 272
04-09 21:09:06.317 26468 31905 W CAM_MetadataDst: onCaptureFailed for Frame 273
04-09 21:09:06.335 26468 31905 W CAM_MetadataDst: onCaptureFailed for Frame 274
04-09 21:09:06.353 26468 31905 W CAM_MetadataDst: onCaptureFailed for Frame 275
04-09 21:09:06.369 26468 31905 W CAM_MetadataDst: onCaptureFailed for Frame 276
04-09 21:09:06.385 26468 31905 W CAM_MetadataDst: onCaptureFailed for Frame 277
04-09 21:09:06.402 26468 31905 W CAM_MetadataDst: onCaptureFailed for Frame 278
04-09 21:09:06.419 26468 31905 W CAM_MetadataDst: onCaptureFailed for Frame 279
04-09 21:09:06.438 26468 31905 W CAM_MetadataDst: onCaptureFailed for Frame 280
04-09 21:09:06.453 26468 31905 W CAM_MetadataDst: onCaptureFailed for Frame 281
04-09 21:09:06.472 26468 31905 W CAM_MetadataDst: onCaptureFailed for Frame 282
04-09 21:09:06.483 26468 31905 W CAM_MetadataDst: onCaptureFailed for Frame 283
04-09 21:09:06.505 26468 31905 W CAM_MetadataDst: onCaptureFailed for Frame 284
04-09 21:09:06.520 26468 31905 W CAM_MetadataDst: onCaptureFailed for Frame 285
04-09 21:09:06.540 26468 31905 W CAM_MetadataDst: onCaptureFailed for Frame 286
04-09 21:09:06.550 26468 31905 W CAM_MetadataDst: onCaptureFailed for Frame 287
04-09 21:09:06.573 26468 31905 W CAM_MetadataDst: onCaptureFailed for Frame 288
04-09 21:09:06.586 26468 31905 W CAM_MetadataDst: onCaptureFailed for Frame 289
04-09 21:09:06.610 26468 31905 W CAM_MetadataDst: onCaptureFailed for Frame 290
04-09 21:09:06.620 26468 31905 W CAM_MetadataDst: onCaptureFailed for Frame 291
04-09 21:09:06.640 26468 31905 W CAM_MetadataDst: onCaptureFailed for Frame 292
04-09 21:09:06.654 26468 31905 W CAM_MetadataDst: onCaptureFailed for Frame 293
04-09 21:09:06.678 26468 31905 W CAM_MetadataDst: onCaptureFailed for Frame 294
04-09 21:09:06.688 26468 31905 W CAM_MetadataDst: onCaptureFailed for Frame 295
04-09 21:09:06.707 26468 31905 W CAM_MetadataDst: onCaptureFailed for Frame 296
04-09 21:09:06.718 26468 31905 W CAM_MetadataDst: onCaptureFailed for Frame 297
04-09 21:09:06.741 26468 31905 W CAM_MetadataDst: onCaptureFailed for Frame 298
04-09 21:09:06.752 26468 31905 W CAM_MetadataDst: onCaptureFailed for Frame 299
04-09 21:09:06.775 26468 31905 W CAM_MetadataDst: onCaptureFailed for Frame 300
04-09 21:09:06.787 26468 31905 W CAM_MetadataDst: onCaptureFailed for Frame 301
04-09 21:09:06.805 26468 31905 W CAM_MetadataDst: onCaptureFailed for Frame 302
04-09 21:09:06.818 26468 31905 W CAM_MetadataDst: onCaptureFailed for Frame 303
04-09 21:09:06.839 26468 31905 W CAM_MetadataDst: onCaptureFailed for Frame 304
04-09 21:09:06.852 26468 31905 W CAM_MetadataDst: onCaptureFailed for Frame 305
04-09 21:09:06.873 26468 31905 W CAM_MetadataDst: onCaptureFailed for Frame 306
04-09 21:09:06.890 26468 31905 W CAM_MetadataDst: onCaptureFailed for Frame 307
04-09 21:09:06.906 26468 31905 W CAM_MetadataDst: onCaptureFailed for Frame 308
04-09 21:09:06.920 26468 31905 W CAM_MetadataDst: onCaptureFailed for Frame 309
04-09 21:09:06.935 26468 31905 W CAM_MetadataDst: onCaptureFailed for Frame 310
04-09 21:09:06.953 26468 31905 W CAM_MetadataDst: onCaptureFailed for Frame 311
04-09 21:09:06.973 26468 31905 W CAM_MetadataDst: onCaptureFailed for Frame 312
04-09 21:09:06.986 26468 31905 W CAM_MetadataDst: onCaptureFailed for Frame 313
04-09 21:09:07.005 26468 31905 W CAM_MetadataDst: onCaptureFailed for Frame 314
04-09 21:09:07.018 26468 31905 W CAM_MetadataDst: onCaptureFailed for Frame 315
04-09 21:09:07.039 26468 31905 W CAM_MetadataDst: onCaptureFailed for Frame 316
04-09 21:09:07.052 26468 31905 W CAM_MetadataDst: onCaptureFailed for Frame 317
04-09 21:09:07.074 26468 31905 W CAM_MetadataDst: onCaptureFailed for Frame 318
04-09 21:09:07.086 26468 31905 W CAM_MetadataDst: onCaptureFailed for Frame 319
04-09 21:09:07.107 26468 31905 W CAM_MetadataDst: onCaptureFailed for Frame 320
04-09 21:09:07.119 26468 31905 W CAM_MetadataDst: onCaptureFailed for Frame 321
04-09 21:09:07.136 26468 31905 W CAM_MetadataDst: onCaptureFailed for Frame 322
04-09 21:09:07.152 26468 31905 W CAM_MetadataDst: onCaptureFailed for Frame 323
04-09 21:09:07.177 26468 31905 W CAM_MetadataDst: onCaptureFailed for Frame 324
04-09 21:09:07.186 26468 31905 W CAM_MetadataDst: onCaptureFailed for Frame 325
04-09 21:09:07.204 26468 31905 W CAM_MetadataDst: onCaptureFailed for Frame 326
04-09 21:09:07.218 26468 31905 W CAM_MetadataDst: onCaptureFailed for Frame 327
04-09 21:09:07.233 26468 31905 W CAM_MetadataDst: onCaptureFailed for Frame 328
04-09 21:09:07.257 26468 31905 W CAM_MetadataDst: onCaptureFailed for Frame 329
04-09 21:09:07.274 26468 31905 W CAM_MetadataDst: onCaptureFailed for Frame 330
04-09 21:09:07.287 26468 31905 W CAM_MetadataDst: onCaptureFailed for Frame 331
04-09 21:09:07.303 26468 26468 I ViewRootImpl@4859a63[CameraActivity]: ViewPostIme
pointer 0
04-09 21:09:07.308 26468 31905 W CAM_MetadataDst: onCaptureFailed for Frame 332
04-09 21:09:07.316 26468 31905 W CAM_MetadataDst: onCaptureFailed for Frame 333
04-09 21:09:07.333 26468 31905 W CAM_MetadataDst: onCaptureFailed for Frame 334
04-09 21:09:07.350 26468 31905 W CAM_MetadataDst: onCaptureFailed for Frame 335
04-09 21:09:07.378 26468 31905 W CAM_MetadataDst: onCaptureFailed for Frame 336
04-09 21:09:07.384 26468 31905 W CAM_MetadataDst: onCaptureFailed for Frame 337
04-09 21:09:07.399 26468 31905 W CAM_MetadataDst: onCaptureFailed for Frame 338
04-09 21:09:07.416 26468 31905 W CAM_MetadataDst: onCaptureFailed for Frame 339
04-09 21:09:07.433 26468 31905 W CAM_MetadataDst: onCaptureFailed for Frame 340
04-09 21:09:07.441 26468 26468 I ViewRootImpl@4859a63[CameraActivity]: ViewPostIme
pointer 1
04-09 21:09:07.449 26468 31905 W CAM_MetadataDst: onCaptureFailed for Frame 341
04-09 21:09:07.467 26468 31905 W CAM_MetadataDst: onCaptureFailed for Frame 342
04-09 21:09:07.482 26468 31905 W CAM_MetadataDst: onCaptureFailed for Frame 343
04-09 21:09:07.498 26468 31905 W CAM_MetadataDst: onCaptureFailed for Frame 344
04-09 21:09:07.516 26468 31905 W CAM_MetadataDst: onCaptureFailed for Frame 345
04-09 21:09:07.531 26468 31905 W CAM_MetadataDst: onCaptureFailed for Frame 346
04-09 21:09:07.548 26468 31905 W CAM_MetadataDst: onCaptureFailed for Frame 347
04-09 21:09:07.565 26468 31905 W CAM_MetadataDst: onCaptureFailed for Frame 348
04-09 21:09:07.581 26468 31905 W CAM_MetadataDst: onCaptureFailed for Frame 349
04-09 21:09:07.598 26468 31905 W CAM_MetadataDst: onCaptureFailed for Frame 350
04-09 21:09:07.615 26468 31905 W CAM_MetadataDst: onCaptureFailed for Frame 351
04-09 21:09:07.632 26468 31905 W CAM_MetadataDst: onCaptureFailed for Frame 352
04-09 21:09:07.649 26468 31905 W CAM_MetadataDst: onCaptureFailed for Frame 353
04-09 21:09:07.669 26468 31905 W CAM_MetadataDst: onCaptureFailed for Frame 354
04-09 21:09:07.681 26468 31905 W CAM_MetadataDst: onCaptureFailed for Frame 355
04-09 21:09:07.701 26468 31905 W CAM_MetadataDst: onCaptureFailed for Frame 356
04-09 21:09:07.716 26468 31905 W CAM_MetadataDst: onCaptureFailed for Frame 357
04-09 21:09:07.737 26468 31905 W CAM_MetadataDst: onCaptureFailed for Frame 358
04-09 21:09:07.748 26468 31905 W CAM_MetadataDst: onCaptureFailed for Frame 359
04-09 21:09:07.765 26468 31905 W CAM_MetadataDst: onCaptureFailed for Frame 360
04-09 21:09:07.783 26468 31905 W CAM_MetadataDst: onCaptureFailed for Frame 361
04-09 21:09:07.800 26468 31905 W CAM_MetadataDst: onCaptureFailed for Frame 362
04-09 21:09:07.815 26468 31905 W CAM_MetadataDst: onCaptureFailed for Frame 363
04-09 21:09:07.837 26468 31905 W CAM_MetadataDst: onCaptureFailed for Frame 364
04-09 21:09:07.848 26468 31905 W CAM_MetadataDst: onCaptureFailed for Frame 365
04-09 21:09:07.865 26468 31905 W CAM_MetadataDst: onCaptureFailed for Frame 366
04-09 21:09:07.883 26468 31905 W CAM_MetadataDst: onCaptureFailed for Frame 367
04-09 21:09:07.899 26468 31905 W CAM_MetadataDst: onCaptureFailed for Frame 368
04-09 21:09:07.916 26468 31905 W CAM_MetadataDst: onCaptureFailed for Frame 369
04-09 21:09:07.937 26468 31905 W CAM_MetadataDst: onCaptureFailed for Frame 370
04-09 21:09:07.952 26468 31905 W CAM_MetadataDst: onCaptureFailed for Frame 371
04-09 21:09:07.968 26468 31905 W CAM_MetadataDst: onCaptureFailed for Frame 372
04-09 21:09:07.986 26468 31905 W CAM_MetadataDst: onCaptureFailed for Frame 373
04-09 21:09:08.003 26468 31905 W CAM_MetadataDst: onCaptureFailed for Frame 374
04-09 21:09:08.017 26468 31905 W CAM_MetadataDst: onCaptureFailed for Frame 375
04-09 21:09:08.035 26468 31905 W CAM_MetadataDst: onCaptureFailed for Frame 376
04-09 21:09:08.050 26468 31905 W CAM_MetadataDst: onCaptureFailed for Frame 377
04-09 21:09:08.068 26468 31905 W CAM_MetadataDst: onCaptureFailed for Frame 378
04-09 21:09:08.084 26468 31905 W CAM_MetadataDst: onCaptureFailed for Frame 379
04-09 21:09:08.100 26468 31905 W CAM_MetadataDst: onCaptureFailed for Frame 380
04-09 21:09:08.117 26468 31905 W CAM_MetadataDst: onCaptureFailed for Frame 381
04-09 21:09:08.134 26468 31905 W CAM_MetadataDst: onCaptureFailed for Frame 382
04-09 21:09:08.151 26468 31905 W CAM_MetadataDst: onCaptureFailed for Frame 383
04-09 21:09:08.168 26468 31905 W CAM_MetadataDst: onCaptureFailed for Frame 384
04-09 21:09:08.183 26468 31905 W CAM_MetadataDst: onCaptureFailed for Frame 385
04-09 21:09:08.200 26468 31905 W CAM_MetadataDst: onCaptureFailed for Frame 386
04-09 21:09:08.215 26468 31905 W CAM_MetadataDst: onCaptureFailed for Frame 387
04-09 21:09:08.233 26468 31905 W CAM_MetadataDst: onCaptureFailed for Frame 388
04-09 21:09:08.256 26468 31905 W CAM_MetadataDst: onCaptureFailed for Frame 389
04-09 21:09:08.269 26468 31905 W CAM_MetadataDst: onCaptureFailed for Frame 390
04-09 21:09:08.287 26468 31905 W CAM_MetadataDst: onCaptureFailed for Frame 391
04-09 21:09:08.301 26468 31905 W CAM_MetadataDst: onCaptureFailed for Frame 392
04-09 21:09:08.317 26468 31905 W CAM_MetadataDst: onCaptureFailed for Frame 393
04-09 21:09:08.333 26468 31905 W CAM_MetadataDst: onCaptureFailed for Frame 394
04-09 21:09:08.350 26468 31905 W CAM_MetadataDst: onCaptureFailed for Frame 395
04-09 21:09:08.369 26468 31905 W CAM_MetadataDst: onCaptureFailed for Frame 396
04-09 21:09:08.384 26468 31905 W CAM_MetadataDst: onCaptureFailed for Frame 397
04-09 21:09:08.402 26468 31905 W CAM_MetadataDst: onCaptureFailed for Frame 398
04-09 21:09:08.416 26468 31905 W CAM_MetadataDst: onCaptureFailed for Frame 399
04-09 21:09:08.434 26468 31905 W CAM_MetadataDst: onCaptureFailed for Frame 400
04-09 21:09:08.450 26468 31905 W CAM_MetadataDst: onCaptureFailed for Frame 401
04-09 21:09:08.467 26468 31905 W CAM_MetadataDst: onCaptureFailed for Frame 402
04-09 21:09:08.487 26468 31905 W CAM_MetadataDst: onCaptureFailed for Frame 403
04-09 21:09:08.499 26468 31905 W CAM_MetadataDst: onCaptureFailed for Frame 404
04-09 21:09:08.516 26468 31905 W CAM_MetadataDst: onCaptureFailed for Frame 405
04-09 21:09:08.534 26468 31905 W CAM_MetadataDst: onCaptureFailed for Frame 406
04-09 21:09:08.553 26468 31905 W CAM_MetadataDst: onCaptureFailed for Frame 407
04-09 21:09:08.568 26468 31905 W CAM_MetadataDst: onCaptureFailed for Frame 408
04-09 21:09:08.586 26468 31905 W CAM_MetadataDst: onCaptureFailed for Frame 409
04-09 21:09:08.601 26468 31905 W CAM_MetadataDst: onCaptureFailed for Frame 410
04-09 21:09:08.617 26468 31905 W CAM_MetadataDst: onCaptureFailed for Frame 411
04-09 21:09:08.634 26468 31905 W CAM_MetadataDst: onCaptureFailed for Frame 412
04-09 21:09:08.649 26468 31905 W CAM_MetadataDst: onCaptureFailed for Frame 413
04-09 21:09:08.669 26468 31905 W CAM_MetadataDst: onCaptureFailed for Frame 414
04-09 21:09:08.685 26468 31905 W CAM_MetadataDst: onCaptureFailed for Frame 415
04-09 21:09:08.703 26468 31905 W CAM_MetadataDst: onCaptureFailed for Frame 416
04-09 21:09:08.716 26468 31905 W CAM_MetadataDst: onCaptureFailed for Frame 417
04-09 21:09:08.734 26468 31905 W CAM_MetadataDst: onCaptureFailed for Frame 418
04-09 21:09:08.750 26468 31905 W CAM_MetadataDst: onCaptureFailed for Frame 419
04-09 21:09:08.766 26468 31905 W CAM_MetadataDst: onCaptureFailed for Frame 420
04-09 21:09:08.783 26468 31905 W CAM_MetadataDst: onCaptureFailed for Frame 421
04-09 21:09:08.799 26468 31905 W CAM_MetadataDst: onCaptureFailed for Frame 422
04-09 21:09:08.818 26468 31905 W CAM_MetadataDst: onCaptureFailed for Frame 423
04-09 21:09:08.832 26468 31905 W CAM_MetadataDst: onCaptureFailed for Frame 424
04-09 21:09:08.851 26468 31905 W CAM_MetadataDst: onCaptureFailed for Frame 425
04-09 21:09:08.866 26468 31905 W CAM_MetadataDst: onCaptureFailed for Frame 426
04-09 21:09:08.883 26468 31905 W CAM_MetadataDst: onCaptureFailed for Frame 427
04-09 21:09:08.901 26468 31905 W CAM_MetadataDst: onCaptureFailed for Frame 428
04-09 21:09:08.917 26468 31905 W CAM_MetadataDst: onCaptureFailed for Frame 429
04-09 21:09:08.935 26468 31905 W CAM_MetadataDst: onCaptureFailed for Frame 430
04-09 21:09:08.949 26468 31905 W CAM_MetadataDst: onCaptureFailed for Frame 431
04-09 21:09:08.968 26468 31905 W CAM_MetadataDst: onCaptureFailed for Frame 432
04-09 21:09:08.986 26468 31905 W CAM_MetadataDst: onCaptureFailed for Frame 433
04-09 21:09:09.001 26468 31905 W CAM_MetadataDst: onCaptureFailed for Frame 434
04-09 21:09:09.018 26468 31905 W CAM_MetadataDst: onCaptureFailed for Frame 435
04-09 21:09:09.037 26468 31905 W CAM_MetadataDst: onCaptureFailed for Frame 436
04-09 21:09:09.050 26468 31905 W CAM_MetadataDst: onCaptureFailed for Frame 437
04-09 21:09:09.067 26468 31905 W CAM_MetadataDst: onCaptureFailed for Frame 438
04-09 21:09:09.083 26468 31905 W CAM_MetadataDst: onCaptureFailed for Frame 439
04-09 21:09:09.099 26468 31905 W CAM_MetadataDst: onCaptureFailed for Frame 440
04-09 21:09:09.116 26468 31905 W CAM_MetadataDst: onCaptureFailed for Frame 441
04-09 21:09:09.135 26468 31905 W CAM_MetadataDst: onCaptureFailed for Frame 442
04-09 21:09:09.148 26468 31905 W CAM_MetadataDst: onCaptureFailed for Frame 443
04-09 21:09:09.169 26468 31905 W CAM_MetadataDst: onCaptureFailed for Frame 444
04-09 21:09:09.184 26468 31905 W CAM_MetadataDst: onCaptureFailed for Frame 445
04-09 21:09:09.200 26468 31905 W CAM_MetadataDst: onCaptureFailed for Frame 446
04-09 21:09:09.217 26468 31905 W CAM_MetadataDst: onCaptureFailed for Frame 447
04-09 21:09:09.236 26468 31905 W CAM_MetadataDst: onCaptureFailed for Frame 448
04-09 21:09:09.250 26468 31905 W CAM_MetadataDst: onCaptureFailed for Frame 449
04-09 21:09:09.267 26468 31905 W CAM_MetadataDst: onCaptureFailed for Frame 450
04-09 21:09:09.283 26468 31905 W CAM_MetadataDst: onCaptureFailed for Frame 451
04-09 21:09:09.301 26468 31905 W CAM_MetadataDst: onCaptureFailed for Frame 452
04-09 21:09:09.317 26468 31905 W CAM_MetadataDst: onCaptureFailed for Frame 453
04-09 21:09:09.335 26468 31905 W CAM_MetadataDst: onCaptureFailed for Frame 454
04-09 21:09:09.350 26468 31905 W CAM_MetadataDst: onCaptureFailed for Frame 455
04-09 21:09:09.366 26468 31905 W CAM_MetadataDst: onCaptureFailed for Frame 456
04-09 21:09:09.382 26468 31905 W CAM_MetadataDst: onCaptureFailed for Frame 457
04-09 21:09:09.400 26468 31905 W CAM_MetadataDst: onCaptureFailed for Frame 458
04-09 21:09:09.417 26468 31905 W CAM_MetadataDst: onCaptureFailed for Frame 459
04-09 21:09:09.434 26468 31905 W CAM_MetadataDst: onCaptureFailed for Frame 460
04-09 21:09:09.449 26468 31905 W CAM_MetadataDst: onCaptureFailed for Frame 461
04-09 21:09:09.469 26468 31905 W CAM_MetadataDst: onCaptureFailed for Frame 462
04-09 21:09:09.483 26468 31905 W CAM_MetadataDst: onCaptureFailed for Frame 463
04-09 21:09:09.501 26468 31905 W CAM_MetadataDst: onCaptureFailed for Frame 464
04-09 21:09:09.518 26468 31905 W CAM_MetadataDst: onCaptureFailed for Frame 465
04-09 21:09:09.536 26468 31905 W CAM_MetadataDst: onCaptureFailed for Frame 466
04-09 21:09:09.552 26468 31905 W CAM_MetadataDst: onCaptureFailed for Frame 467
04-09 21:09:09.566 26468 31905 W CAM_MetadataDst: onCaptureFailed for Frame 468
04-09 21:09:09.582 26468 31905 W CAM_MetadataDst: onCaptureFailed for Frame 469
04-09 21:09:09.601 26468 31905 W CAM_MetadataDst: onCaptureFailed for Frame 470
04-09 21:09:09.615 26468 31905 W CAM_MetadataDst: onCaptureFailed for Frame 471
04-09 21:09:09.633 26468 31905 W CAM_MetadataDst: onCaptureFailed for Frame 472
04-09 21:09:09.650 26468 31905 W CAM_MetadataDst: onCaptureFailed for Frame 473
04-09 21:09:09.670 26468 31905 W CAM_MetadataDst: onCaptureFailed for Frame 474
04-09 21:09:09.686 26468 31905 W CAM_MetadataDst: onCaptureFailed for Frame 475
04-09 21:09:09.705 26468 31905 W CAM_MetadataDst: onCaptureFailed for Frame 476
04-09 21:09:09.718 26468 31905 W CAM_MetadataDst: onCaptureFailed for Frame 477
04-09 21:09:09.735 26468 31905 W CAM_MetadataDst: onCaptureFailed for Frame 478
04-09 21:09:09.752 26468 31905 W CAM_MetadataDst: onCaptureFailed for Frame 479
04-09 21:09:09.771 26468 26468 I ViewRootImpl@4859a63[CameraActivity]: ViewPostIme
pointer 0
04-09 21:09:09.771 26468 26468 I GestureDetector: obtain mCurrentMotionEventRaw.
action: 0 id: 358952236
04-09 21:09:09.772 26468 26468 I GestureDetector: obtain mCurrentDownEvent. id:
358952236 caller: gnh.onTouch:4 android.view.View.dispatchTouchEvent:15540
android.view.ViewGroup.dispatchTransformedTouchEvent:3310
04-09 21:09:09.773 26468 26468 I GestureDetector: obtain mCurrentDownEvent. id:
358952236 caller:
com.google.android.apps.camera.ui.wirers.PreviewOverlay.onTouchEvent:128
android.view.View.dispatchTouchEvent:15544
android.view.ViewGroup.dispatchTransformedTouchEvent:3316
04-09 21:09:09.775 26468 31905 W CAM_MetadataDst: onCaptureFailed for Frame 480
04-09 21:09:09.781 26468 31905 W CAM_MetadataDst: onCaptureFailed for Frame 481
04-09 21:09:09.795 26468 26468 I GestureDetector: obtain mCurrentMotionEventRaw.
action: 2 id: 1055015343
04-09 21:09:09.798 26468 31905 W CAM_MetadataDst: onCaptureFailed for Frame 482
04-09 21:09:09.815 26468 31905 W CAM_MetadataDst: onCaptureFailed for Frame 483
04-09 21:09:09.832 26468 31905 W CAM_MetadataDst: onCaptureFailed for Frame 484
04-09 21:09:09.849 26468 31905 W CAM_MetadataDst: onCaptureFailed for Frame 485
04-09 21:09:09.866 26468 31905 W CAM_MetadataDst: onCaptureFailed for Frame 486
04-09 21:09:09.873 26468 26468 I ViewRootImpl@4859a63[CameraActivity]: ViewPostIme
pointer 1
04-09 21:09:09.881 26468 31905 W CAM_MetadataDst: onCaptureFailed for Frame 487
04-09 21:09:09.901 26468 31905 W CAM_MetadataDst: onCaptureFailed for Frame 488
04-09 21:09:09.915 26468 31905 W CAM_MetadataDst: onCaptureFailed for Frame 489
04-09 21:09:09.931 26468 31905 W CAM_MetadataDst: onCaptureFailed for Frame 490
04-09 21:09:09.948 26468 31905 W CAM_MetadataDst: onCaptureFailed for Frame 491
04-09 21:09:09.964 26468 31905 W CAM_MetadataDst: onCaptureFailed for Frame 492
04-09 21:09:09.983 26468 31905 W CAM_MetadataDst: onCaptureFailed for Frame 493
04-09 21:09:10.003 26468 31905 W CAM_MetadataDst: onCaptureFailed for Frame 494
04-09 21:09:10.015 26468 31905 W CAM_MetadataDst: onCaptureFailed for Frame 495
04-09 21:09:10.032 26468 31905 W CAM_MetadataDst: onCaptureFailed for Frame 496
04-09 21:09:10.048 26468 31905 W CAM_MetadataDst: onCaptureFailed for Frame 497
04-09 21:09:10.070 26468 31905 W CAM_MetadataDst: onCaptureFailed for Frame 498
04-09 21:09:10.082 26468 31905 W CAM_MetadataDst: onCaptureFailed for Frame 499
04-09 21:09:10.098 26468 31905 W CAM_MetadataDst: onCaptureFailed for Frame 500
04-09 21:09:10.115 26468 31905 W CAM_MetadataDst: onCaptureFailed for Frame 501
04-09 21:09:10.133 26468 31905 W CAM_MetadataDst: onCaptureFailed for Frame 502
04-09 21:09:10.149 26468 31905 W CAM_MetadataDst: onCaptureFailed for Frame 503
04-09 21:09:10.166 26468 31905 W CAM_MetadataDst: onCaptureFailed for Frame 504
04-09 21:09:10.181 26468 31905 W CAM_MetadataDst: onCaptureFailed for Frame 505
04-09 21:09:10.203 26468 31905 W CAM_MetadataDst: onCaptureFailed for Frame 506
04-09 21:09:10.215 26468 31905 W CAM_MetadataDst: onCaptureFailed for Frame 507
04-09 21:09:10.232 26468 31905 W CAM_MetadataDst: onCaptureFailed for Frame 508
04-09 21:09:10.250 26468 31905 W CAM_MetadataDst: onCaptureFailed for Frame 509
04-09 21:09:10.265 26468 31905 W CAM_MetadataDst: onCaptureFailed for Frame 510
04-09 21:09:10.266 26468 26468 I GestureDetector: handleMessage LONG_PRESS
04-09 21:09:10.280 26468 31905 W CAM_MetadataDst: onCaptureFailed for Frame 511
04-09 21:09:10.303 26468 31905 W CAM_MetadataDst: onCaptureFailed for Frame 512
04-09 21:09:10.314 26468 31905 W CAM_MetadataDst: onCaptureFailed for Frame 513
04-09 21:09:10.332 26468 31905 W CAM_MetadataDst: onCaptureFailed for Frame 514
04-09 21:09:10.348 26468 31905 W CAM_MetadataDst: onCaptureFailed for Frame 515
04-09 21:09:10.363 26468 26468 I ViewRootImpl@4859a63[CameraActivity]: ViewPostIme
pointer 0
04-09 21:09:10.369 26468 31905 W CAM_MetadataDst: onCaptureFailed for Frame 516
04-09 21:09:10.381 26468 31905 W CAM_MetadataDst: onCaptureFailed for Frame 517
04-09 21:09:10.399 26468 31905 W CAM_MetadataDst: onCaptureFailed for Frame 518
04-09 21:09:10.415 26468 31905 W CAM_MetadataDst: onCaptureFailed for Frame 519
04-09 21:09:10.432 26468 31905 W CAM_MetadataDst: onCaptureFailed for Frame 520
04-09 21:09:10.448 26468 31905 W CAM_MetadataDst: onCaptureFailed for Frame 521
04-09 21:09:10.464 26468 31905 W CAM_MetadataDst: onCaptureFailed for Frame 522
04-09 21:09:10.481 26468 31905 W CAM_MetadataDst: onCaptureFailed for Frame 523
04-09 21:09:10.498 26468 31905 W CAM_MetadataDst: onCaptureFailed for Frame 524
04-09 21:09:10.514 26468 31905 W CAM_MetadataDst: onCaptureFailed for Frame 525
04-09 21:09:10.531 26468 31905 W CAM_MetadataDst: onCaptureFailed for Frame 526
04-09 21:09:10.548 26468 31905 W CAM_MetadataDst: onCaptureFailed for Frame 527
04-09 21:09:10.566 26468 31905 W CAM_MetadataDst: onCaptureFailed for Frame 528
04-09 21:09:10.581 26468 31905 W CAM_MetadataDst: onCaptureFailed for Frame 529
04-09 21:09:10.598 26468 31905 W CAM_MetadataDst: onCaptureFailed for Frame 530
04-09 21:09:10.614 26468 31905 W CAM_MetadataDst: onCaptureFailed for Frame 531
04-09 21:09:10.631 26468 31905 W CAM_MetadataDst: onCaptureFailed for Frame 532
04-09 21:09:10.648 26468 31905 W CAM_MetadataDst: onCaptureFailed for Frame 533
04-09 21:09:10.667 26468 31905 W CAM_MetadataDst: onCaptureFailed for Frame 534
04-09 21:09:10.681 26468 31905 W CAM_MetadataDst: onCaptureFailed for Frame 535
04-09 21:09:10.700 26468 31905 W CAM_MetadataDst: onCaptureFailed for Frame 536
04-09 21:09:10.714 26468 31905 W CAM_MetadataDst: onCaptureFailed for Frame 537
04-09 21:09:10.731 26468 31905 W CAM_MetadataDst: onCaptureFailed for Frame 538
04-09 21:09:10.748 26468 31905 W CAM_MetadataDst: onCaptureFailed for Frame 539
04-09 21:09:10.764 26468 31905 W CAM_MetadataDst: onCaptureFailed for Frame 540
04-09 21:09:10.781 26468 31905 W CAM_MetadataDst: onCaptureFailed for Frame 541
04-09 21:09:10.798 26468 31905 W CAM_MetadataDst: onCaptureFailed for Frame 542
04-09 21:09:10.814 26468 31905 W CAM_MetadataDst: onCaptureFailed for Frame 543
04-09 21:09:10.817 26468 26468 I ViewRootImpl@4859a63[CameraActivity]: ViewPostIme
pointer 1
04-09 21:09:10.831 26468 31905 W CAM_MetadataDst: onCaptureFailed for Frame 544
04-09 21:09:10.847 26468 31905 W CAM_MetadataDst: onCaptureFailed for Frame 545
04-09 21:09:10.865 26468 31905 W CAM_MetadataDst: onCaptureFailed for Frame 546
04-09 21:09:10.881 26468 31905 W CAM_MetadataDst: onCaptureFailed for Frame 547
04-09 21:09:10.898 26468 31905 W CAM_MetadataDst: onCaptureFailed for Frame 548
04-09 21:09:10.914 26468 31905 W CAM_MetadataDst: onCaptureFailed for Frame 549
04-09 21:09:10.931 26468 31905 W CAM_MetadataDst: onCaptureFailed for Frame 550
04-09 21:09:10.948 26468 31905 W CAM_MetadataDst: onCaptureFailed for Frame 551
04-09 21:09:10.964 26468 31905 W CAM_MetadataDst: onCaptureFailed for Frame 552
04-09 21:09:10.981 26468 31905 W CAM_MetadataDst: onCaptureFailed for Frame 553
04-09 21:09:10.998 26468 31905 W CAM_MetadataDst: onCaptureFailed for Frame 554
04-09 21:09:11.015 26468 31905 W CAM_MetadataDst: onCaptureFailed for Frame 555
04-09 21:09:11.031 26468 31905 W CAM_MetadataDst: onCaptureFailed for Frame 556
04-09 21:09:11.047 26468 31905 W CAM_MetadataDst: onCaptureFailed for Frame 557
04-09 21:09:11.064 26468 31905 W CAM_MetadataDst: onCaptureFailed for Frame 558
04-09 21:09:11.081 26468 31905 W CAM_MetadataDst: onCaptureFailed for Frame 559
04-09 21:09:11.097 26468 31905 W CAM_MetadataDst: onCaptureFailed for Frame 560
04-09 21:09:11.115 26468 31905 W CAM_MetadataDst: onCaptureFailed for Frame 561
04-09 21:09:11.133 26468 31905 W CAM_MetadataDst: onCaptureFailed for Frame 562
04-09 21:09:11.148 26468 31905 W CAM_MetadataDst: onCaptureFailed for Frame 563
04-09 21:09:11.164 26468 31905 W CAM_MetadataDst: onCaptureFailed for Frame 564
04-09 21:09:11.182 26468 31905 W CAM_MetadataDst: onCaptureFailed for Frame 565
04-09 21:09:11.205 26468 31905 W CAM_MetadataDst: onCaptureFailed for Frame 566
04-09 21:09:11.214 26468 31905 W CAM_MetadataDst: onCaptureFailed for Frame 567
04-09 21:09:11.231 26468 31905 W CAM_MetadataDst: onCaptureFailed for Frame 568
04-09 21:09:11.238 26468 26468 I ViewRootImpl@4859a63[CameraActivity]: ViewPostIme
pointer 0
04-09 21:09:11.240 26468 26468 I GestureDetector: obtain mCurrentMotionEventRaw.
action: 0 id: 987993440
04-09 21:09:11.241 26468 26468 I GestureDetector: obtain mCurrentDownEvent. id:
987993440 caller: gnh.onTouch:4 android.view.View.dispatchTouchEvent:15540
android.view.ViewGroup.dispatchTransformedTouchEvent:3310
04-09 21:09:11.243 26468 26468 I GestureDetector: obtain mCurrentDownEvent. id:
987993440 caller:
com.google.android.apps.camera.ui.wirers.PreviewOverlay.onTouchEvent:128
android.view.View.dispatchTouchEvent:15544
android.view.ViewGroup.dispatchTransformedTouchEvent:3316
04-09 21:09:11.249 26468 31905 W CAM_MetadataDst: onCaptureFailed for Frame 569
04-09 21:09:11.264 26468 31905 W CAM_MetadataDst: onCaptureFailed for Frame 570
04-09 21:09:11.264 26468 26468 I GestureDetector: obtain mCurrentMotionEventRaw.
action: 2 id: 895531493
04-09 21:09:11.283 26468 31905 W CAM_MetadataDst: onCaptureFailed for Frame 571
04-09 21:09:11.297 26468 31905 W CAM_MetadataDst: onCaptureFailed for Frame 572
04-09 21:09:11.313 26468 31905 W CAM_MetadataDst: onCaptureFailed for Frame 573
04-09 21:09:11.332 26468 31905 W CAM_MetadataDst: onCaptureFailed for Frame 574
04-09 21:09:11.347 26468 31905 W CAM_MetadataDst: onCaptureFailed for Frame 575
04-09 21:09:11.360 26468 26468 I ViewRootImpl@4859a63[CameraActivity]: ViewPostIme
pointer 1
04-09 21:09:11.364 26468 31905 W CAM_MetadataDst: onCaptureFailed for Frame 576
04-09 21:09:11.381 26468 31905 W CAM_MetadataDst: onCaptureFailed for Frame 577
04-09 21:09:11.399 26468 31905 W CAM_MetadataDst: onCaptureFailed for Frame 578
04-09 21:09:11.414 26468 31905 W CAM_MetadataDst: onCaptureFailed for Frame 579
04-09 21:09:11.432 26468 31905 W CAM_MetadataDst: onCaptureFailed for Frame 580
04-09 21:09:11.447 26468 31905 W CAM_MetadataDst: onCaptureFailed for Frame 581
04-09 21:09:11.463 26468 31905 W CAM_MetadataDst: onCaptureFailed for Frame 582
04-09 21:09:11.481 26468 31905 W CAM_MetadataDst: onCaptureFailed for Frame 583
04-09 21:09:11.497 26468 31905 W CAM_MetadataDst: onCaptureFailed for Frame 584
04-09 21:09:11.515 26468 31905 W CAM_MetadataDst: onCaptureFailed for Frame 585
04-09 21:09:11.531 26468 31905 W CAM_MetadataDst: onCaptureFailed for Frame 586
04-09 21:09:11.548 26468 31905 W CAM_MetadataDst: onCaptureFailed for Frame 587
04-09 21:09:11.565 26468 31905 W CAM_MetadataDst: onCaptureFailed for Frame 588
04-09 21:09:11.582 26468 31905 W CAM_MetadataDst: onCaptureFailed for Frame 589
04-09 21:09:11.598 26468 31905 W CAM_MetadataDst: onCaptureFailed for Frame 590
04-09 21:09:11.617 26468 31905 W CAM_MetadataDst: onCaptureFailed for Frame 591
04-09 21:09:11.633 26468 31905 W CAM_MetadataDst: onCaptureFailed for Frame 592
04-09 21:09:11.647 26468 31905 W CAM_MetadataDst: onCaptureFailed for Frame 593
04-09 21:09:11.664 26468 31905 W CAM_MetadataDst: onCaptureFailed for Frame 594
04-09 21:09:11.680 26468 31905 W CAM_MetadataDst: onCaptureFailed for Frame 595
04-09 21:09:11.698 26468 31905 W CAM_MetadataDst: onCaptureFailed for Frame 596
04-09 21:09:11.714 26468 31905 W CAM_MetadataDst: onCaptureFailed for Frame 597
04-09 21:09:11.731 26468 31905 W CAM_MetadataDst: onCaptureFailed for Frame 598
04-09 21:09:11.737 26468 26468 I GestureDetector: handleMessage LONG_PRESS
04-09 21:09:11.747 26468 31905 W CAM_MetadataDst: onCaptureFailed for Frame 599
04-09 21:09:11.763 26468 31905 W CAM_MetadataDst: onCaptureFailed for Frame 600
04-09 21:09:11.780 26468 31905 W CAM_MetadataDst: onCaptureFailed for Frame 601
04-09 21:09:11.797 26468 31905 W CAM_MetadataDst: onCaptureFailed for Frame 602
04-09 21:09:11.815 26468 31905 W CAM_MetadataDst: onCaptureFailed for Frame 603
04-09 21:09:11.831 26468 31905 W CAM_MetadataDst: onCaptureFailed for Frame 604
04-09 21:09:11.849 26468 31905 W CAM_MetadataDst: onCaptureFailed for Frame 605
04-09 21:09:11.864 26468 31905 W CAM_MetadataDst: onCaptureFailed for Frame 606
04-09 21:09:11.880 26468 31905 W CAM_MetadataDst: onCaptureFailed for Frame 607
04-09 21:09:11.898 26468 31905 W CAM_MetadataDst: onCaptureFailed for Frame 608
04-09 21:09:11.913 26468 31905 W CAM_MetadataDst: onCaptureFailed for Frame 609
04-09 21:09:11.931 26468 31905 W CAM_MetadataDst: onCaptureFailed for Frame 610
04-09 21:09:11.947 26468 31905 W CAM_MetadataDst: onCaptureFailed for Frame 611
04-09 21:09:11.964 26468 31905 W CAM_MetadataDst: onCaptureFailed for Frame 612
04-09 21:09:11.980 26468 31905 W CAM_MetadataDst: onCaptureFailed for Frame 613
04-09 21:09:11.997 26468 31905 W CAM_MetadataDst: onCaptureFailed for Frame 614
04-09 21:09:12.014 26468 31905 W CAM_MetadataDst: onCaptureFailed for Frame 615
04-09 21:09:12.031 26468 31905 W CAM_MetadataDst: onCaptureFailed for Frame 616
04-09 21:09:12.047 26468 31905 W CAM_MetadataDst: onCaptureFailed for Frame 617
04-09 21:09:12.064 26468 31905 W CAM_MetadataDst: onCaptureFailed for Frame 618
04-09 21:09:12.082 26468 31905 W CAM_MetadataDst: onCaptureFailed for Frame 619
04-09 21:09:12.098 26468 31905 W CAM_MetadataDst: onCaptureFailed for Frame 620
04-09 21:09:12.115 26468 31905 W CAM_MetadataDst: onCaptureFailed for Frame 621
04-09 21:09:12.134 26468 31905 W CAM_MetadataDst: onCaptureFailed for Frame 622
04-09 21:09:12.147 26468 31905 W CAM_MetadataDst: onCaptureFailed for Frame 623
04-09 21:09:12.164 26468 31905 W CAM_MetadataDst: onCaptureFailed for Frame 624
04-09 21:09:12.182 26468 31905 W CAM_MetadataDst: onCaptureFailed for Frame 625
04-09 21:09:12.197 26468 31905 W CAM_MetadataDst: onCaptureFailed for Frame 626
04-09 21:09:12.214 26468 31905 W CAM_MetadataDst: onCaptureFailed for Frame 627
04-09 21:09:12.232 26468 31905 W CAM_MetadataDst: onCaptureFailed for Frame 628
04-09 21:09:12.247 26468 31905 W CAM_MetadataDst: onCaptureFailed for Frame 629
04-09 21:09:12.264 26468 31905 W CAM_MetadataDst: onCaptureFailed for Frame 630
04-09 21:09:12.280 26468 31905 W CAM_MetadataDst: onCaptureFailed for Frame 631
04-09 21:09:12.297 26468 31905 W CAM_MetadataDst: onCaptureFailed for Frame 632
04-09 21:09:12.305 26468 26468 I ViewRootImpl@4859a63[CameraActivity]: ViewPostIme
pointer 0
04-09 21:09:12.313 26468 31905 W CAM_MetadataDst: onCaptureFailed for Frame 633
04-09 21:09:12.330 26468 31905 W CAM_MetadataDst: onCaptureFailed for Frame 634
04-09 21:09:12.347 26468 31905 W CAM_MetadataDst: onCaptureFailed for Frame 635
04-09 21:09:12.364 26468 31905 W CAM_MetadataDst: onCaptureFailed for Frame 636
04-09 21:09:12.380 26468 31905 W CAM_MetadataDst: onCaptureFailed for Frame 637
04-09 21:09:12.392 26468 26468 I ViewRootImpl@4859a63[CameraActivity]: ViewPostIme
pointer 1
04-09 21:09:12.397 26468 31905 W CAM_MetadataDst: onCaptureFailed for Frame 638
04-09 21:09:12.414 26468 31905 W CAM_MetadataDst: onCaptureFailed for Frame 639
04-09 21:09:12.440 26468 31905 W CAM_MetadataDst: onCaptureFailed for Frame 640
04-09 21:09:12.449 26468 26496 W OpenGLRenderer: Surface doesn't have any
previously queued frames, nothing to readback from
04-09 21:09:12.450 26468 31905 W CAM_MetadataDst: onCaptureFailed for Frame 641
04-09 21:09:12.465 26468 31905 W CAM_MetadataDst: onCaptureFailed for Frame 642
04-09 21:09:12.490 26468 26468 I SurfaceView@7eb44f8: onWindowVisibilityChanged(8)
false android.view.SurfaceView{7eb44f8 V.E...... ........ 0,228-1080,2148} of
ViewRootImpl@4859a63[CameraActivity]
04-09 21:09:12.490 26468 26468 I SurfaceView@7eb44f8: Changes: creating=false
format=false size=false visible=true alpha=false hint=false mUseAlpha=false
visible=true left=false top=false
04-09 21:09:12.490 26468 26468 I SurfaceView@7eb44f8: 132859128 Cur surface:
Surface(name=null)/@0xfc89036
04-09 21:09:12.491 26468 26468 I SurfaceView@7eb44f8: applyTransactionOnVriDraw:
vri = ViewRootImpl@4859a63[CameraActivity] fRS = false t = 0x76972d1e00
android.view.SurfaceView.performSurfaceTransaction:959
android.view.SurfaceView.updateSurface:1105
android.view.SurfaceView.onWindowVisibilityChanged:371
04-09 21:09:12.491 26468 26468 I ViewRootImpl@4859a63[CameraActivity]:
applyTransactionOnDraw: mRemoved = false isHardwareEnabled = true t =
0x76972d1e00android.view.SurfaceView.applyTransactionOnVriDraw:2048
android.view.SurfaceView.performSurfaceTransaction:959
android.view.SurfaceView.updateSurface:1105
android.view.SurfaceView.onWindowVisibilityChanged:371
android.view.View.dispatchDetachedFromWindow:22529
04-09 21:09:12.491 26468 26468 I SurfaceView@7eb44f8: surfaceDestroyed
04-09 21:09:12.491 26468 26468 I SurfaceView@7eb44f8: surfaceDestroyed
callback.size 1 #2 android.view.SurfaceView{7eb44f8 V.E...... ........ 0,228-
1080,2148}
04-09 21:09:12.491 26468 26468 I SurfaceView@7eb44f8: updateSurface: mVisible =
false mSurface.isValid() = true
04-09 21:09:12.493 26468 26468 I SurfaceView@7eb44f8: releaseSurfaces: viewRoot =
ViewRootImpl@4859a63[CameraActivity]
04-09 21:09:12.493 26468 26468 I SurfaceView@7eb44f8: applyTransactionOnVriDraw:
vri = ViewRootImpl@4859a63[CameraActivity] fRS = true t = 0x76972d8e00
android.view.SurfaceView.releaseSurfaces:858
android.view.SurfaceView.updateSurface:1172
android.view.SurfaceView.onWindowVisibilityChanged:371
04-09 21:09:12.493 26468 26468 I SurfaceView@7eb44f8: applyTransactionOnVriDraw:
viewRoot.applyTransactionOnDrawFromReleaseSurfaces
04-09 21:09:12.493 26468 26468 I ViewRootImpl@4859a63[CameraActivity]:
applyTransactionOnDraw: mRemoved = false isHardwareEnabled = true t =
0x76972d8e00android.view.ViewRootImpl.applyTransactionOnDrawFromReleaseSurfaces:128
50 android.view.SurfaceView.applyTransactionOnVriDraw:2046
android.view.SurfaceView.releaseSurfaces:858
android.view.SurfaceView.updateSurface:1172
android.view.SurfaceView.onWindowVisibilityChanged:371
04-09 21:09:12.493 26468 26468 I SurfaceView@7eb44f8: onDetachedFromWindow:
tryReleaseSurfaces()
04-09 21:09:12.493 26468 26468 I SurfaceView@7eb44f8: releaseSurfaces: viewRoot =
ViewRootImpl@4859a63[CameraActivity]
04-09 21:09:12.493 26468 26468 I SurfaceView@7eb44f8: applyTransactionOnVriDraw:
vri = ViewRootImpl@4859a63[CameraActivity] fRS = true t = 0x76972d8d00
android.view.SurfaceView.releaseSurfaces:858
android.view.SurfaceView.onDetachedFromWindow:500
android.view.View.dispatchDetachedFromWindow:22538
04-09 21:09:12.493 26468 26468 I SurfaceView@7eb44f8: applyTransactionOnVriDraw:
viewRoot.applyTransactionOnDrawFromReleaseSurfaces
04-09 21:09:12.494 26468 26468 I ViewRootImpl@4859a63[CameraActivity]:
applyTransactionOnDraw: mRemoved = false isHardwareEnabled = true t =
0x76972d8d00android.view.ViewRootImpl.applyTransactionOnDrawFromReleaseSurfaces:128
50 android.view.SurfaceView.applyTransactionOnVriDraw:2046
android.view.SurfaceView.releaseSurfaces:858
android.view.SurfaceView.onDetachedFromWindow:500
android.view.View.dispatchDetachedFromWindow:22538
04-09 21:09:12.496 26468 26468 I SurfaceView@85a1410: onWindowVisibilityChanged(0)
true android.view.SurfaceView{85a1410 V.E...... ......I. 0,0-0,0} of
ViewRootImpl@4859a63[CameraActivity]
04-09 21:09:12.501 26468 26468 I SurfaceView@85a1410: Changes: creating=true
format=true size=true visible=true alpha=false hint=false mUseAlpha=false
visible=true left=true top=true
04-09 21:09:12.503 26468 26468 I BLASTBufferQueue: update, w= 3840 h= 2160 mName =
null mNativeObject= 0x769703a100 sc.mNativeObject= 0x76973d9f00 format= 4 caller=
android.view.SurfaceView.createBlastSurfaceControls:1383
android.view.SurfaceView.updateSurface:1079
android.view.SurfaceView.lambda$new$0$android-view-SurfaceView:200
android.view.SurfaceView$$ExternalSyntheticLambda5.onPreDraw:2
android.view.ViewTreeObserver.dispatchOnPreDraw:1121
android.view.ViewRootImpl.performTraversals:4442
04-09 21:09:12.503 26468 26468 I SurfaceView@85a1410: 140121104 Cur surface:
Surface(name=null)/@0x2fff10e
04-09 21:09:12.503 26468 26468 I SurfaceView@85a1410: pST: sr = Rect(0, 228 - 1080,
2148) sw = 3840 sh = 2160
04-09 21:09:12.504 26468 26468 I SurfaceView@85a1410: applyTransactionOnVriDraw:
vri = ViewRootImpl@4859a63[CameraActivity] fRS = false t = 0x76972d8400
android.view.SurfaceView.performSurfaceTransaction:959
android.view.SurfaceView.updateSurface:1105
android.view.SurfaceView.lambda$new$0$android-view-SurfaceView:200
04-09 21:09:12.504 26468 26468 I ViewRootImpl@4859a63[CameraActivity]:
applyTransactionOnDraw: mRemoved = false isHardwareEnabled = true t =
0x76972d8400android.view.SurfaceView.applyTransactionOnVriDraw:2048
android.view.SurfaceView.performSurfaceTransaction:959
android.view.SurfaceView.updateSurface:1105
android.view.SurfaceView.lambda$new$0$android-view-SurfaceView:200
android.view.SurfaceView$$ExternalSyntheticLambda5.onPreDraw:2
04-09 21:09:12.504 26468 26468 I SurfaceView@85a1410: updateSurface: mVisible =
true mSurface.isValid() = true
04-09 21:09:12.504 26468 26468 I SurfaceView@85a1410: updateSurface:
mSurfaceCreated = false surfaceChanged = true visibleChanged = true
04-09 21:09:12.504 26468 26468 I SurfaceView@85a1410: visibleChanged --
surfaceCreated
04-09 21:09:12.504 26468 26468 I SurfaceView@85a1410: surfaceCreated 2 #8
android.view.SurfaceView{85a1410 V.E...... ......ID 0,228-1080,2148}
04-09 21:09:12.504 26468 26468 I SurfaceView@85a1410: surfaceChanged -- format=4
w=3840 h=2160
04-09 21:09:12.504 26468 26468 I SurfaceView@85a1410: surfaceChanged (3840,2160) 2
#8 android.view.SurfaceView{85a1410 V.E...... ......ID 0,228-1080,2148}
04-09 21:09:12.505 26468 26468 I SurfaceView@85a1410: surfaceRedrawNeeded
04-09 21:09:12.510 26468 32014 I OMXClient: IOmx service obtained
04-09 21:09:12.518 26468 26557 I SurfaceView@85a1410: uSP: rtp = Rect(0, 228 -
1080, 2148) rtsw = 3840 rtsh = 2160
04-09 21:09:12.519 26468 26557 I SurfaceView@85a1410: onSSPAndSRT: pl = 0 pt = 228
sx = 0.28125 sy = 0.8888889
04-09 21:09:12.519 26468 26557 I SurfaceView@85a1410: aOrMT:
ViewRootImpl@4859a63[CameraActivity] t =
android.view.SurfaceControl$Transaction@c4e101a fN = 567 android.view.SurfaceView.-
$$Nest$mapplyOrMergeTransaction:0
android.view.SurfaceView$SurfaceViewPositionUpdateListener.positionChanged:1537
android.graphics.RenderNode$CompositePositionUpdateListener.positionChanged:373
04-09 21:09:12.519 26468 26557 I ViewRootImpl@4859a63[CameraActivity]: mWNT:
t=0x76972d8300 mBlastBufferQueue=0x7707a30d00 fn= 567 caller=
android.view.SurfaceView.applyOrMergeTransaction:1455 android.view.SurfaceView.-$
$Nest$mapplyOrMergeTransaction:0
android.view.SurfaceView$SurfaceViewPositionUpdateListener.positionChanged:1537
04-09 21:09:12.521 26468 26558 I ViewRootImpl@4859a63[CameraActivity]: mWNT:
t=0x76972d1e00 mBlastBufferQueue=0x7707a30d00 fn= 567 caller=
android.view.ViewRootImpl.lambda$applyTransactionOnDraw$11$android-view-
ViewRootImpl:12865 android.view.ViewRootImpl$
$ExternalSyntheticLambda1.onFrameDraw:4
android.graphics.HardwareRenderer$FrameDrawingCallback.onFrameDraw:924
04-09 21:09:12.521 26468 26558 I ViewRootImpl@4859a63[CameraActivity]: mWNT:
t=0x76972d8e00 mBlastBufferQueue=0x7707a30d00 fn= 567 caller=
android.view.ViewRootImpl.lambda$applyTransactionOnDraw$11$android-view-
ViewRootImpl:12865 android.view.ViewRootImpl$
$ExternalSyntheticLambda1.onFrameDraw:4
android.graphics.HardwareRenderer$FrameDrawingCallback.onFrameDraw:924
04-09 21:09:12.522 26468 26558 I ViewRootImpl@4859a63[CameraActivity]: mWNT:
t=0x76972d8d00 mBlastBufferQueue=0x7707a30d00 fn= 567 caller=
android.view.ViewRootImpl.lambda$applyTransactionOnDraw$11$android-view-
ViewRootImpl:12865 android.view.ViewRootImpl$
$ExternalSyntheticLambda1.onFrameDraw:4
android.graphics.HardwareRenderer$FrameDrawingCallback.onFrameDraw:924
04-09 21:09:12.522 26468 26558 I ViewRootImpl@4859a63[CameraActivity]: mWNT:
t=0x76972d8400 mBlastBufferQueue=0x7707a30d00 fn= 567 caller=
android.view.ViewRootImpl.lambda$applyTransactionOnDraw$11$android-view-
ViewRootImpl:12865 android.view.ViewRootImpl$
$ExternalSyntheticLambda1.onFrameDraw:4
android.graphics.HardwareRenderer$FrameDrawingCallback.onFrameDraw:924
04-09 21:09:12.545 26468 32014 I ACodec : [] Now uninitialized
04-09 21:09:12.550 26468 32016 I ACodec : [] onAllocateComponent
04-09 21:09:12.552 26468 32016 I OMXClient: IOmx service obtained
04-09 21:09:12.563 26468 32016 I ACodec : [OMX.Exynos.AVC.Encoder] Now Loaded
04-09 21:09:12.567 26468 32015 I MediaCodec: MediaCodec will operate in async mode
04-09 21:09:12.568 26468 32016 I ACodec : app-pid(26468)
04-09 21:09:12.570 26468 32016 W OMXUtils: do not know color format 0x7f000011 =
2130706449
04-09 21:09:12.571 26468 32016 W OMXUtils: do not know color format 0x10 = 16
04-09 21:09:12.571 26468 32016 W OMXUtils: do not know color format 0x7f00a000 =
2130747392
04-09 21:09:12.572 26468 32016 W OMXUtils: do not know color format 0x7f000789 =
2130708361
04-09 21:09:12.573 26468 32016 I ACodec : setupAVCEncoderParameters with [profile:
High] [level: Level52]
04-09 21:09:12.574 26468 32016 I ACodec : reconfigEncoder4OtherApps
04-09 21:09:12.574 26468 32016 I ACodec : Enable Perceptual Video Coding
04-09 21:09:12.574 26468 32016 I ACodec : Success set VideoMinQP(5/5/5)
VideoMaxQP(50/50/50)
04-09 21:09:12.575 26468 32016 I ACodec : [OMX.Exynos.AVC.Encoder] cannot encode
HDR static metadata. Ignoring.
04-09 21:09:12.575 26468 32016 I ACodec : setupVideoEncoder succeeded
04-09 21:09:12.575 26468 32016 I ACodec : [OMX.Exynos.AVC.Encoder] configure,
AMessage : AMessage(what = 'conf', target = 8) = {
04-09 21:09:12.575 26468 32016 I ACodec : int32_t color-format = 2130708361
04-09 21:09:12.575 26468 32016 I ACodec : int32_t i-frame-interval = 1
04-09 21:09:12.575 26468 32016 I ACodec : int32_t level = 32768
04-09 21:09:12.575 26468 32016 I ACodec : string mime = "video/avc"
04-09 21:09:12.575 26468 32016 I ACodec : int32_t profile = 8
04-09 21:09:12.575 26468 32016 I ACodec : int32_t create-input-buffers-suspended
= 1
04-09 21:09:12.575 26468 32016 I ACodec : int32_t bitrate = 48000000
04-09 21:09:12.575 26468 32016 I ACodec : int32_t color-standard = 2
