01-23 20:00:39.501 21334 21334 E ArmVmp : Match on catch block at 0xc3 in for 0xa1
01-23 20:00:39.505 21334 21334 E ArmVmp : Match on catch block at 0xc3 in for 0xa5
01-23 20:00:39.524 21334 21334 E ArmVmp : Match on catch block at 0xc3 in for 0xa1
01-23 20:00:39.529 21334 21334 E ArmVmp : Match on catch block at 0xc3 in for 0xa5
01-23 20:00:39.537 21334 21334 E ArmVmp : Match on catch block at 0xc3 in for 0xa5
01-23 20:00:39.544 21334 21334 E ArmVmp : Match on catch block at 0xc3 in for 0xa9
01-23 20:00:39.551 21334 21334 E ArmVmp : Match on catch block at 0xc3 in for 0xa9
01-23 20:00:39.555 21334 21334 E ArmVmp : Match on catch block at 0xc3 in for 0xa1
01-23 20:00:39.564 21334 21334 E ArmVmp : Match on catch block at 0xc3 in for 0xa1
01-23 20:00:39.568 21334 21334 E ArmVmp : Match on catch block at 0xc3 in for 0xa5
01-23 20:00:39.576 21334 21334 E ArmVmp : Match on catch block at 0xc3 in for 0xa5
01-23 20:00:39.581 21334 21334 E ArmVmp : Match on catch block at 0xc3 in for 0xa9
01-23 20:00:39.593 21334 21334 E ArmVmp : Match on catch block at 0xc3 in for 0xa9
01-23 20:00:39.598 21334 21334 E ArmVmp : Match on catch block at 0xc3 in for 0xa1
01-23 20:00:39.614 21334 21334 E ArmVmp : Match on catch block at 0xc3 in for 0xa1
01-23 20:00:39.619 21334 21334 E ArmVmp : Match on catch block at 0xc3 in for 0xa5
01-23 20:00:39.631 21334 21334 E ArmVmp : Match on catch block at 0xc3 in for 0xa5
01-23 20:00:39.636 21334 21334 E ArmVmp : Match on catch block at 0xc3 in for 0xa9
01-23 20:00:39.644 21334 21334 E ArmVmp : Match on catch block at 0xc3 in for 0xa9
01-23 20:00:39.648 21334 21334 E ArmVmp : Match on catch block at 0xc3 in for 0xa1
01-23 20:00:39.660 21334 21334 E ArmVmp : Match on catch block at 0xc3 in for 0xa1
01-23 20:00:39.666 21334 21334 E ArmVmp : Match on catch block at 0xc3 in for 0xa5
01-23 20:00:39.676 21334 21334 E ArmVmp : Match on catch block at 0xc3 in for 0xa5
01-23 20:00:39.681 21334 21334 E ArmVmp : Match on catch block at 0xc3 in for 0xa9
01-23 20:00:39.693 21334 21334 E ArmVmp : Match on catch block at 0xc3 in for 0xa9
01-23 20:00:39.698 21334 21334 E ArmVmp : Match on catch block at 0xc3 in for 0xa1
01-23 20:00:39.743 21334 21334 E ArmVmp : Match on catch block at 0xc3 in for 0xa1
01-23 20:00:39.748 21334 21334 E ArmVmp : Match on catch block at 0xc3 in for 0xa5
01-23 20:00:39.927 21334 21334 E ArmVmp : Match on catch block at 0xc3 in for 0xa5
01-23 20:00:39.933 21334 21334 E ArmVmp : Match on catch block at 0xc3 in for 0xa9
01-23 20:00:40.031 21334 21737 W libEGL : EGLNativeWindowType 0x70e73bd010
disconnect failed
01-23 20:00:40.093 21334 21334 E ArmVmp : Match on catch block at 0xc3 in for 0xa9
01-23 20:00:40.098 21334 21334 E ArmVmp : Match on catch block at 0xc3 in for 0xa1
01-23 20:00:40.247 21334 21334 E ArmVmp : Match on catch block at 0xc3 in for 0xa1
01-23 20:00:40.252 21334 21334 E ArmVmp : Match on catch block at 0xc3 in for 0xa5
01-23 20:00:40.426 21334 21334 E ArmVmp : Match on catch block at 0xc3 in for 0xa5
01-23 20:00:40.431 21334 21334 E ArmVmp : Match on catch block at 0xc3 in for 0xa9
01-23 20:00:40.593 21334 21334 E ArmVmp : Match on catch block at 0xc3 in for 0xa9
01-23 20:00:40.598 21334 21334 E ArmVmp : Match on catch block at 0xc3 in for 0xa1
01-23 20:00:40.760 21334 21334 E ArmVmp : Match on catch block at 0xc3 in for 0xa1
01-23 20:00:40.764 21334 21334 E ArmVmp : Match on catch block at 0xc3 in for 0xa5
01-23 20:00:41.262 21334 21334 E ArmVmp : Match on catch block at 0xc3 in for 0xa5
01-23 20:00:41.270 21334 21334 E ArmVmp : Match on catch block at 0xc3 in for 0xa9
01-23 20:00:41.562 21334 21334 E ArmVmp : Match on catch block at 0xc3 in for 0xa9
01-23 20:00:41.567 21334 21334 E ArmVmp : Match on catch block at 0xc3 in for 0xa1
01-23 20:00:41.729 21334 21334 E ArmVmp : Match on catch block at 0xc3 in for 0xa1
01-23 20:00:41.734 21334 21334 E ArmVmp : Match on catch block at 0xc3 in for 0xa5
01-23 20:00:41.744 21334 21334 E ArmVmp : Match on catch block at 0xc3 in for 0xa5
01-23 20:00:41.749 21334 21334 E ArmVmp : Match on catch block at 0xc3 in for 0xa9
01-23 20:00:42.078 21334 21334 E ArmVmp : Match on catch block at 0xc3 in for 0xa1
01-23 20:00:42.083 21334 21334 E ArmVmp : Match on catch block at 0xc3 in for 0xa5
01-23 20:00:42.100 21334 30397 W MediaPlayer: Use of stream types is deprecated for
operations other than volume control
01-23 20:00:42.100 21334 30397 W MediaPlayer: See the documentation of
setAudioStreamType() for what to use instead with android.media.AudioAttributes to
qualify your playback use case
01-23 20:00:42.112 21334 21334 E ArmVmp : Match on catch block at 0xc3 in for 0xa5
01-23 20:00:42.117 21334 21334 E ArmVmp : Match on catch block at 0xc3 in for 0xa9
01-23 20:00:42.126 21334 21334 E ArmVmp : Match on catch block at 0xc3 in for 0xa5
01-23 20:00:42.132 21334 21334 E ArmVmp : Match on catch block at 0xc3 in for 0xa9
01-23 20:00:42.134 21334 23326 W MediaPlayerNative: info/warning (10973, 0)
01-23 20:00:42.260 21334 21334 E ArmVmp : Match on catch block at 0xc3 in for 0xa9
01-23 20:00:42.267 21334 21334 E ArmVmp : Match on catch block at 0xc3 in for 0xa1
01-23 20:00:42.542 21334 21334 E ArmVmp : Match on catch block at 0xc3 in for 0xa5
01-23 20:00:42.549 21334 21334 E ArmVmp : Match on catch block at 0xc3 in for 0xa9
01-23 20:00:42.980 21334 21334 E ArmVmp : Match on catch block at 0xc3 in for 0xa9
01-23 20:00:42.985 21334 21334 E ArmVmp : Match on catch block at 0xc3 in for 0xa1
01-23 20:00:43.035 21334 21334 E ArmVmp : Match on catch block at 0xc3 in for 0xa9
01-23 20:00:43.040 21334 21334 E ArmVmp : Match on catch block at 0xc3 in for 0xa1
01-23 20:00:43.059 21334 21334 E ArmVmp : Match on catch block at 0xc3 in for 0xa1
01-23 20:00:43.070 21334 21334 E ArmVmp : Match on catch block at 0xc3 in for 0xa5
01-23 20:00:43.101 21334 21334 E ArmVmp : Match on catch block at 0xc3 in for 0xa5
01-23 20:00:43.108 21334 21334 E ArmVmp : Match on catch block at 0xc3 in for 0xa9
01-23 20:00:43.144 21334 21334 E ArmVmp : Match on catch block at 0xc3 in for 0xa9
01-23 20:00:43.151 21334 21334 E ArmVmp : Match on catch block at 0xc3 in for 0xa1
01-23 20:00:43.214 21334 21334 E ArmVmp : Match on catch block at 0xc3 in for 0xa5
01-23 20:00:43.220 21334 21334 E ArmVmp : Match on catch block at 0xc3 in for 0xa9
01-23 20:00:43.242 21334 21334 E ArmVmp : Match on catch block at 0xc3 in for 0xa9
01-23 20:00:43.249 21334 21334 E ArmVmp : Match on catch block at 0xc3 in for 0xa1
01-23 20:00:43.265 21334 21334 E ArmVmp : Match on catch block at 0xc3 in for 0xa1
01-23 20:00:43.271 21334 21334 E ArmVmp : Match on catch block at 0xc3 in for 0xa5
01-23 20:00:43.292 21334 21334 E ArmVmp : Match on catch block at 0xc3 in for 0xa5
01-23 20:00:43.298 21334 21334 E ArmVmp : Match on catch block at 0xc3 in for 0xa9
01-23 20:00:43.321 21334 21334 E ArmVmp : Match on catch block at 0xc3 in for 0xa9
01-23 20:00:43.328 21334 21334 E ArmVmp : Match on catch block at 0xc3 in for 0xa1
01-23 20:00:43.348 21334 21334 E ArmVmp : Match on catch block at 0xc3 in for 0xa1
01-23 20:00:43.353 21334 21334 E ArmVmp : Match on catch block at 0xc3 in for 0xa5
01-23 20:00:43.370 21334 21334 E ArmVmp : Match on catch block at 0xc3 in for 0xa5
01-23 20:00:43.375 21334 21334 E ArmVmp : Match on catch block at 0xc3 in for 0xa9
01-23 20:00:43.391 21334 21334 E ArmVmp : Match on catch block at 0xc3 in for 0xa1
01-23 20:00:43.397 21334 21334 E ArmVmp : Match on catch block at 0xc3 in for 0xa5
01-23 20:00:43.414 21334 21334 E ArmVmp : Match on catch block at 0xc3 in for 0xa5
01-23 20:00:43.418 21334 21334 E ArmVmp : Match on catch block at 0xc3 in for 0xa9
01-23 20:00:43.435 21334 21334 E ArmVmp : Match on catch block at 0xc3 in for 0xa9
01-23 20:00:43.440 21334 21334 E ArmVmp : Match on catch block at 0xc3 in for 0xa1
01-23 20:00:43.493 21334 21334 E ArmVmp : Match on catch block at 0xc3 in for 0xa5
01-23 20:00:43.498 21334 21334 E ArmVmp : Match on catch block at 0xc3 in for 0xa9
01-23 20:00:43.677 21334 21737 W libEGL : EGLNativeWindowType 0x70e73bd010
disconnect failed
01-23 20:00:43.707 21334 21737 W libEGL : EGLNativeWindowType 0x70e73bd010
disconnect failed
01-23 20:00:43.741 21334 21737 W libEGL : EGLNativeWindowType 0x70e73bd010
disconnect failed
01-23 20:00:43.777 21334 21737 W libEGL : EGLNativeWindowType 0x70e73bd010
disconnect failed
01-23 20:00:43.783 21334 21334 E ArmVmp : Match on catch block at 0xc3 in for 0xa9
01-23 20:00:43.789 21334 21334 E ArmVmp : Match on catch block at 0xc3 in for 0xa1
01-23 20:00:43.827 21334 21737 W libEGL : EGLNativeWindowType 0x70e73bd010
disconnect failed
01-23 20:00:43.857 21334 21737 W libEGL : EGLNativeWindowType 0x70e73bd010
disconnect failed
01-23 20:00:43.886 21334 21737 W libEGL : EGLNativeWindowType 0x70e73bd010
disconnect failed
01-23 20:00:43.916 21334 21737 W libEGL : EGLNativeWindowType 0x70e73bd010
disconnect failed
01-23 20:00:43.950 21334 21737 W libEGL : EGLNativeWindowType 0x70e73bd010
disconnect failed
01-23 20:00:43.982 21334 21737 W libEGL : EGLNativeWindowType 0x70e73bd010
disconnect failed
01-23 20:00:44.129 21334 21334 E ArmVmp : Match on catch block at 0xc3 in for 0xa5
01-23 20:00:44.136 21334 21334 E ArmVmp : Match on catch block at 0xc3 in for 0xa9
01-23 20:00:44.170 21334 21334 E ArmVmp : Match on catch block at 0xc3 in for 0xa9
01-23 20:00:44.175 21334 21334 E ArmVmp : Match on catch block at 0xc3 in for 0xa1
01-23 20:00:44.337 21334 21334 E ArmVmp : Match on catch block at 0xc3 in for 0xa1
01-23 20:00:44.345 21334 21334 E ArmVmp : Match on catch block at 0xc3 in for 0xa5
01-23 20:00:44.362 21334 21334 E ArmVmp : Match on catch block at 0xc3 in for 0xa5
01-23 20:00:44.368 21334 21334 E ArmVmp : Match on catch block at 0xc3 in for 0xa9
01-23 20:00:44.388 21334 21737 W libEGL : EGLNativeWindowType 0x71843a5010
disconnect failed
01-23 20:00:44.558 21334 21334 E ArmVmp : Match on catch block at 0xc3 in for 0xa9
01-23 20:00:44.564 21334 21334 E ArmVmp : Match on catch block at 0xc3 in for 0xa1
01-23 20:00:44.582 21334 21334 E ArmVmp : Match on catch block at 0xc3 in for 0xa1
01-23 20:00:44.588 21334 21334 E ArmVmp : Match on catch block at 0xc3 in for 0xa5
01-23 20:00:44.605 21334 21334 E ArmVmp : Match on catch block at 0xc3 in for 0xa5
01-23 20:00:44.611 21334 21334 E ArmVmp : Match on catch block at 0xc3 in for 0xa9
01-23 20:00:44.628 21334 21334 E ArmVmp : Match on catch block at 0xc3 in for 0xa9
01-23 20:00:44.633 21334 21334 E ArmVmp : Match on catch block at 0xc3 in for 0xa1
01-23 20:00:44.651 21334 21334 E ArmVmp : Match on catch block at 0xc3 in for 0xa1
01-23 20:00:44.657 21334 21334 E ArmVmp : Match on catch block at 0xc3 in for 0xa5
01-23 20:00:44.675 21334 21334 E ArmVmp : Match on catch block at 0xc3 in for 0xa5
01-23 20:00:44.681 21334 21334 E ArmVmp : Match on catch block at 0xc3 in for 0xa9
01-23 20:00:44.698 21334 21334 E ArmVmp : Match on catch block at 0xc3 in for 0xa9
01-23 20:00:44.704 21334 21334 E ArmVmp : Match on catch block at 0xc3 in for 0xa1
01-23 20:00:44.722 21334 21334 E ArmVmp : Match on catch block at 0xc3 in for 0xa1
01-23 20:00:44.727 21334 21334 E ArmVmp : Match on catch block at 0xc3 in for 0xa5
01-23 20:00:44.745 21334 21334 E ArmVmp : Match on catch block at 0xc3 in for 0xa5
01-23 20:00:44.751 21334 21334 E ArmVmp : Match on catch block at 0xc3 in for 0xa9
01-23 20:00:44.769 21334 21334 E ArmVmp : Match on catch block at 0xc3 in for 0xa9
01-23 20:00:44.775 21334 21334 E ArmVmp : Match on catch block at 0xc3 in for 0xa1
01-23 20:00:44.793 21334 21334 E ArmVmp : Match on catch block at 0xc3 in for 0xa1
01-23 20:00:44.799 21334 21334 E ArmVmp : Match on catch block at 0xc3 in for 0xa5
01-23 20:00:44.816 21334 21334 E ArmVmp : Match on catch block at 0xc3 in for 0xa5
01-23 20:00:44.822 21334 21334 E ArmVmp : Match on catch block at 0xc3 in for 0xa9
01-23 20:00:44.839 21334 21334 E ArmVmp : Match on catch block at 0xc3 in for 0xa9
01-23 20:00:44.845 21334 21334 E ArmVmp : Match on catch block at 0xc3 in for 0xa1
01-23 20:00:44.867 21334 21334 E ArmVmp : Match on catch block at 0xc3 in for 0xa5
01-23 20:00:44.872 21334 21334 E ArmVmp : Match on catch block at 0xc3 in for 0xa9
01-23 20:00:44.900 21334 21334 E ArmVmp : Match on catch block at 0xc3 in for 0xa9
01-23 20:00:44.905 21334 21334 E ArmVmp : Match on catch block at 0xc3 in for 0xa1
01-23 20:00:44.955 21334 21737 W libEGL : EGLNativeWindowType 0x70e73bd010
disconnect failed
01-23 20:00:45.369 21334 21737 W libEGL : EGLNativeWindowType 0x71843a5010
disconnect failed
01-23 20:00:45.385 21334 21334 W InputEventReceiver: Attempted to finish an input
event but the input event receiver has already been disposed.
01-23 20:00:45.492 21334 21334 E ArmVmp : Match on catch block at 0xc3 in for 0xa1
01-23 20:00:45.496 21334 21334 E ArmVmp : Match on catch block at 0xc3 in for 0xa5
01-23 20:00:45.570 21334 21334 E ArmVmp : Match on catch block at 0xc3 in for 0xa9
01-23 20:00:45.575 21334 21334 E ArmVmp : Match on catch block at 0xc3 in for 0xa1
01-23 20:00:45.675 21334 21737 W libEGL : EGLNativeWindowType 0x71843a5010
disconnect failed
01-23 20:00:45.716 21334 21737 W libEGL : EGLNativeWindowType 0x718148f010
disconnect failed
01-23 20:00:45.735 21334 21737 W libEGL : EGLNativeWindowType 0x70e6e62010
disconnect failed
01-23 20:00:45.759 21334 21334 E ArmVmp : Match on catch block at 0xc3 in for 0xa5
01-23 20:00:45.763 21334 21334 E ArmVmp : Match on catch block at 0xc3 in for 0xa9
01-23 20:00:45.797 21334 21334 E ArmVmp : Match on catch block at 0xc3 in for 0xa1
01-23 20:00:45.802 21334 21334 E ArmVmp : Match on catch block at 0xc3 in for 0xa5
01-23 20:00:45.835 21334 21334 E ArmVmp : Match on catch block at 0xc3 in for 0xa5
01-23 20:00:45.839 21334 21334 E ArmVmp : Match on catch block at 0xc3 in for 0xa9
01-23 20:00:45.857 21334 21334 E ArmVmp : Match on catch block at 0xc3 in for 0xa9
01-23 20:00:45.861 21334 21334 E ArmVmp : Match on catch block at 0xc3 in for 0xa1
01-23 20:00:45.875 21334 21737 W libEGL : EGLNativeWindowType 0x71843a5010
disconnect failed
01-23 20:00:45.884 21334 21737 W libEGL : EGLNativeWindowType 0x718148f010
disconnect failed
01-23 20:00:46.026 21334 21334 E ArmVmp : Match on catch block at 0xc3 in for 0xa1
01-23 20:00:46.033 21334 21334 E ArmVmp : Match on catch block at 0xc3 in for 0xa5
01-23 20:00:46.527 21334 21334 E ArmVmp : Match on catch block at 0xc3 in for 0xa1
01-23 20:00:46.535 21334 21334 E ArmVmp : Match on catch block at 0xc3 in for 0xa5
01-23 20:00:47.028 21334 21334 E ArmVmp : Match on catch block at 0xc3 in for 0xa5
01-23 20:00:47.036 21334 21334 E ArmVmp : Match on catch block at 0xc3 in for 0xa9
01-23 20:00:47.408 21334 21334 E ArmVmp : Match on catch block at 0xc3 in for 0xa9
01-23 20:00:47.414 21334 21334 E ArmVmp : Match on catch block at 0xc3 in for 0xa1
01-23 20:00:47.425 21334 21334 E ArmVmp : Match on catch block at 0xc3 in for 0xa1
01-23 20:00:47.431 21334 21334 E ArmVmp : Match on catch block at 0xc3 in for 0xa5
01-23 20:00:47.441 21334 21334 E ArmVmp : Match on catch block at 0xc3 in for 0xa5
01-23 20:00:47.448 21334 21334 E ArmVmp : Match on catch block at 0xc3 in for 0xa9
01-23 20:00:47.458 21334 21334 E ArmVmp : Match on catch block at 0xc3 in for 0xa9
01-23 20:00:47.465 21334 21334 E ArmVmp : Match on catch block at 0xc3 in for 0xa1
01-23 20:00:47.474 21334 21334 E ArmVmp : Match on catch block at 0xc3 in for 0xa1
01-23 20:00:47.481 21334 21334 E ArmVmp : Match on catch block at 0xc3 in for 0xa5
01-23 20:00:47.492 21334 21334 E ArmVmp : Match on catch block at 0xc3 in for 0xa5
01-23 20:00:47.499 21334 21334 E ArmVmp : Match on catch block at 0xc3 in for 0xa9
01-23 20:00:47.509 21334 21334 E ArmVmp : Match on catch block at 0xc3 in for 0xa9
01-23 20:00:47.516 21334 21334 E ArmVmp : Match on catch block at 0xc3 in for 0xa1
01-23 20:00:47.528 21334 21334 E ArmVmp : Match on catch block at 0xc3 in for 0xa1
01-23 20:00:47.535 21334 21334 E ArmVmp : Match on catch block at 0xc3 in for 0xa5
01-23 20:00:47.545 21334 21334 E ArmVmp : Match on catch block at 0xc3 in for 0xa5
01-23 20:00:47.553 21334 21334 E ArmVmp : Match on catch block at 0xc3 in for 0xa9
01-23 20:00:47.563 21334 21334 E ArmVmp : Match on catch block at 0xc3 in for 0xa9
01-23 20:00:47.572 21334 21334 E ArmVmp : Match on catch block at 0xc3 in for 0xa1
01-23 20:00:47.581 21334 21334 E ArmVmp : Match on catch block at 0xc3 in for 0xa1
01-23 20:00:47.586 21334 21334 E ArmVmp : Match on catch block at 0xc3 in for 0xa5
01-23 20:00:47.594 21334 21334 E ArmVmp : Match on catch block at 0xc3 in for 0xa1
01-23 20:00:47.599 21334 21334 E ArmVmp : Match on catch block at 0xc3 in for 0xa5
01-23 20:00:47.608 21334 21334 E ArmVmp : Match on catch block at 0xc3 in for 0xa9
01-23 20:00:47.613 21334 21334 E ArmVmp : Match on catch block at 0xc3 in for 0xa1
01-23 20:00:47.625 21334 21334 E ArmVmp : Match on catch block at 0xc3 in for 0xa5
01-23 20:00:47.629 21334 21334 E ArmVmp : Match on catch block at 0xc3 in for 0xa9
01-23 20:00:47.642 21334 21334 E ArmVmp : Match on catch block at 0xc3 in for 0xa5
01-23 20:00:47.646 21334 21334 E ArmVmp : Match on catch block at 0xc3 in for 0xa9
01-23 20:00:47.678 21334 21334 E ArmVmp : Match on catch block at 0xc3 in for 0xa9
01-23 20:00:47.682 21334 21334 E ArmVmp : Match on catch block at 0xc3 in for 0xa1
01-23 20:00:47.704 21334 21334 E ArmVmp : Match on catch block at 0xc3 in for 0xa1
01-23 20:00:47.708 21334 21334 E ArmVmp : Match on catch block at 0xc3 in for 0xa5
01-23 20:00:47.786 21334 21334 W TabLayout: MODE_SCROLLABLE + GRAVITY_FILL is not
supported, GRAVITY_START will be used instead
01-23 20:00:47.827 21334 21334 W BottomSheetBehavior: BottomSheetBehavior now
supports multiple callbacks. `setBottomSheetCallback()` removes all existing
callbacks, including ones set internally by library authors, which may result in
unintended behavior. This may change in the future. Please use
`addBottomSheetCallback()` and `removeBottomSheetCallback()` instead to set your
own callbacks.
01-23 20:00:47.899 21334 30993 W System.err:
android.content.pm.PackageManager$NameNotFoundException: Package
com.MPC75_Icons1b.appiconpack doesn't exist
01-23 20:00:47.899 21334 30993 W System.err:
01-23 20:00:47.902 21334 30993 W System.err: at
android.app.ApplicationPackageManager.getResourcesForApplicationAsUser(ApplicationP
ackageManager.java:2092)
01-23 20:00:47.902 21334 30993 W System.err:
01-23 20:00:47.902 21334 30993 W System.err: at
android.app.SemAppIconSolution.getThemeAppIcon(SemAppIconSolution.java:230)
01-23 20:00:47.903 21334 30993 W System.err:
01-23 20:00:47.903 21334 30993 W System.err: at
android.app.SemAppIconSolution.getThemeAppIcon(SemAppIconSolution.java:206)
01-23 20:00:47.903 21334 30993 W System.err:
01-23 20:00:47.903 21334 30993 W System.err: at
android.app.SemAppIconSolution.getAppIconFromTheme(SemAppIconSolution.java:765)
01-23 20:00:47.903 21334 30993 W System.err:
01-23 20:00:47.904 21334 30993 W System.err: at
android.app.ApplicationPackageManager.loadUnbadgedItemIcon(ApplicationPackageManage
r.java:3554)
01-23 20:00:47.904 21334 30993 W System.err:
01-23 20:00:47.904 21334 30993 W System.err: at
android.app.ApplicationPackageManager.loadUnbadgedItemIcon(ApplicationPackageManage
r.java:3580)
01-23 20:00:47.905 21334 30993 W System.err:
01-23 20:00:47.905 21334 30993 W System.err: at
android.app.ApplicationPackageManager.loadItemIcon(ApplicationPackageManager.java:3
471)
01-23 20:00:47.905 21334 30993 W System.err:
01-23 20:00:47.905 21334 30993 W System.err: at
android.content.pm.PackageItemInfo.loadIcon(PackageItemInfo.java:320)
01-23 20:00:47.905 21334 30993 W System.err:
01-23 20:00:47.905 21334 30993 W System.err: at
android.content.pm.PackageItemInfo.loadIcon(PackageItemInfo.java:313)
01-23 20:00:47.905 21334 30993 W System.err:
01-23 20:00:47.905 21334 30993 W System.err: at
android.content.pm.ResolveInfo.loadIcon(ResolveInfo.java:320)
01-23 20:00:47.906 21334 30993 W System.err:
01-23 20:00:47.906 21334 30993 W System.err: at X.58y.A06(Unknown Source:104)
01-23 20:00:47.906 21334 30993 W System.err:
01-23 20:00:47.906 21334 30993 W System.err: at X.4FF.doInBackground(Unknown
Source:2)
01-23 20:00:47.906 21334 30993 W System.err:
01-23 20:00:47.906 21334 30993 W System.err: at
android.os.AsyncTask$3.call(AsyncTask.java:394)
01-23 20:00:47.917 21334 30993 W System.err:
01-23 20:00:47.918 21334 30993 W System.err: at
java.util.concurrent.FutureTask.run(FutureTask.java:266)
01-23 20:00:47.918 21334 30993 W System.err:
01-23 20:00:47.918 21334 30993 W System.err: at
java.util.concurrent.ThreadPoolExecutor.runWorker(ThreadPoolExecutor.java:1167)
01-23 20:00:47.918 21334 30993 W System.err:
01-23 20:00:47.918 21334 30993 W System.err: at
java.util.concurrent.ThreadPoolExecutor$Worker.run(ThreadPoolExecutor.java:641)
01-23 20:00:47.918 21334 30993 W System.err:
01-23 20:00:47.918 21334 30993 W System.err: at X.3gH.run(Unknown Source:1548)
01-23 20:00:47.918 21334 30993 W System.err:
01-23 20:00:47.919 21334 30993 W System.err: at
java.lang.Thread.run(Thread.java:923)
01-23 20:00:47.919 21334 30993 W System.err:
01-23 20:00:48.013 21334 21334 W View : requestLayout() improperly called by
com.whatsapp.WaImageView{c450cf2 VF.D..CL. ......ID 0,0-112,112 #7f0b1814
app:id/shutter} during layout: running second layout pass
01-23 20:00:48.013 21334 21334 W View : requestLayout() improperly called by
com.whatsapp.CircularProgressBar{8846f43 V.ED..... ......ID 0,0-112,112 #7f0b14fc
app:id/recording_progress} during layout: running second layout pass
01-23 20:00:48.013 21334 21334 W View : requestLayout() improperly called by
com.whatsapp.WaImageView{b1bf9c0 VF.D..C.. ......ID 0,0-84,84 #7f0b1976
app:id/switch_camera_btn} during layout: running second layout pass
01-23 20:00:48.013 21334 21334 W View : requestLayout() improperly called by
com.whatsapp.WaImageView{b8206f9 VFED..C.. ......ID 0,0-84,84 #7f0b0b0d
app:id/gallery_btn} during layout: running second layout pass
01-23 20:00:48.013 21334 21334 W View : requestLayout() improperly called by
com.whatsapp.WaImageView{213063e VF.D..C.. ......ID 0,0-84,84 #7f0b0a9c
app:id/flash_btn} during layout: running second layout pass
01-23 20:00:48.013 21334 21334 W View : requestLayout() improperly called by
com.whatsapp.WaImageView{ff4bc9f VFED..C.. ......ID 0,0-84,84 #7f0b057f
app:id/close_camera_btn} during layout: running second layout pass
01-23 20:00:48.013 21334 21334 W View : requestLayout() improperly called by
X.4Ki{ea6f1ec V.ED..... ......ID 0,4-720,88} during layout: running second layout
pass
01-23 20:00:48.052 21334 21334 E ArmVmp : Match on catch block at 0xc3 in for 0xa9
01-23 20:00:48.057 21334 21334 E ArmVmp : Match on catch block at 0xc3 in for 0xa1
01-23 20:00:48.137 21334 21334 W View : requestLayout() improperly called by
com.whatsapp.WaImageView{c450cf2 VF.D..CL. ......ID 304,1136-416,1248 #7f0b1814
app:id/shutter} during layout: running second layout pass
01-23 20:00:48.137 21334 21334 W View : requestLayout() improperly called by
com.whatsapp.CircularProgressBar{8846f43 V.ED..... ......ID 304,1136-416,1248
#7f0b14fc app:id/recording_progress} during layout: running second layout pass
01-23 20:00:48.137 21334 21334 W View : requestLayout() improperly called by
com.whatsapp.WaImageView{b1bf9c0 VF.D..C.. ......ID 620,1148-704,1232 #7f0b1976
app:id/switch_camera_btn} during layout: running second layout pass
01-23 20:00:48.137 21334 21334 W View : requestLayout() improperly called by
com.whatsapp.WaImageView{b8206f9 VFED..C.. ......ID 16,1148-100,1232 #7f0b0b0d
app:id/gallery_btn} during layout: running second layout pass
01-23 20:00:48.137 21334 21334 W View : requestLayout() improperly called by
com.whatsapp.WaImageView{213063e VF.D..C.. ......ID 620,16-704,100 #7f0b0a9c
app:id/flash_btn} during layout: running second layout pass
01-23 20:00:48.137 21334 21334 W View : requestLayout() improperly called by
com.whatsapp.WaImageView{ff4bc9f VFED..C.. ......I. 16,16-100,100 #7f0b057f
app:id/close_camera_btn} during layout: running second layout pass
01-23 20:00:48.145 21334 21334 E ArmVmp : Match on catch block at 0xc3 in for 0xa9
01-23 20:00:48.150 21334 21334 E ArmVmp : Match on catch block at 0xc3 in for 0xa1
01-23 20:00:48.187 21334 21737 W libEGL : EGLNativeWindowType 0x71810a3010
disconnect failed
01-23 20:00:48.261 21334 21334 E ArmVmp : Match on catch block at 0xc3 in for 0xa1
01-23 20:00:48.265 21334 21334 E ArmVmp : Match on catch block at 0xc3 in for 0xa5
01-23 20:00:48.383 21334 21334 W IInputConnectionWrapper: requestCursorAnchorInfo
on inactive InputConnection
01-23 20:00:48.493 21334 21334 E ArmVmp : Match on catch block at 0xc3 in for 0xa1
01-23 20:00:48.498 21334 21334 E ArmVmp : Match on catch block at 0xc3 in for 0xa5
01-23 20:00:48.549 21334 21334 E ArmVmp : Match on catch block at 0xc3 in for 0xa5
01-23 20:00:48.557 21334 21334 E ArmVmp : Match on catch block at 0xc3 in for 0xa9
01-23 20:00:48.733 21334 21737 W libEGL : EGLNativeWindowType 0x7182e3b010
disconnect failed
01-23 20:00:49.305 21334 21334 E ArmVmp : Match on catch block at 0x0a in for 0xc5
01-23 20:00:49.315 21334 21334 E ArmVmp : Match on catch block at 0x0a in for 0xc1
01-23 20:00:49.583 21334 21334 E ArmVmp : Match on catch block at 0xc3 in for 0xa5
01-23 20:00:49.589 21334 21334 E ArmVmp : Match on catch block at 0xc3 in for 0xa9
01-23 20:00:49.593 21334 21428 W com.whatsapp: Long monitor contention with owner
Optic-Task-Handler-Thread (22863) at void
android.hardware.camera2.impl.CameraDeviceImpl.close()(CameraDeviceImpl.java:1334)
waiters=0 in void android.hardware.camera2.impl.CameraDeviceImpl.onDeviceError(int,
android.hardware.camera2.impl.CaptureResultExtras) for 377ms
01-23 20:00:49.601 21334 21334 E ArmVmp : Match on catch block at 0xc3 in for 0xb9
01-23 20:00:49.612 21334 22863 E BufferQueueProducer: [SurfaceTexture-0-21334-6]
(id:535600000012,api:0,p:-1,c:21334) disconnect: not connected (req=1)
01-23 20:00:49.612 21334 22863 W libEGL : EGLNativeWindowType 0x7181de5010
disconnect failed
01-23 20:00:49.791 21334 21334 E ArmVmp : Match on catch block at 0xc3 in for 0xa1
01-23 20:00:49.796 21334 21334 E ArmVmp : Match on catch block at 0xc3 in for 0xa5
01-23 20:00:49.800 21334 21334 E ArmVmp : Match on catch block at 0xc3 in for 0xa5
01-23 20:00:49.950 21334 21334 E ArmVmp : Match on catch block at 0xc3 in for 0xa5
01-23 20:00:49.961 21334 21334 E ArmVmp : Match on catch block at 0xc3 in for 0xa9
01-23 20:00:49.965 21334 21334 E ArmVmp : Match on catch block at 0xc3 in for 0xa9
01-23 20:00:50.080 21334 21334 E ArmVmp : Match on catch block at 0xc3 in for 0xa9
01-23 20:00:50.088 21334 21334 E ArmVmp : Match on catch block at 0xc3 in for 0xa1
01-23 20:00:50.098 21334 21334 E ArmVmp : Match on catch block at 0xc3 in for 0xa1
01-23 20:00:50.176 21334 21334 E ArmVmp : Match on catch block at 0xc3 in for 0xa1
01-23 20:00:50.184 21334 21334 E ArmVmp : Match on catch block at 0xc3 in for 0xa5
01-23 20:00:50.195 21334 21334 E ArmVmp : Match on catch block at 0xc3 in for 0xa5
01-23 20:00:50.281 21334 21737 W libEGL : EGLNativeWindowType 0x71810a3010
disconnect failed
01-23 20:00:50.300 21334 21334 E ArmVmp : Match on catch block at 0xc3 in for 0xa1
01-23 20:00:50.310 21334 21334 E ArmVmp : Match on catch block at 0xc3 in for 0xa5
01-23 20:00:50.314 21334 21334 E ArmVmp : Match on catch block at 0xc3 in for 0xa5
01-23 20:00:50.328 21334 21334 E ArmVmp : Match on catch block at 0xc3 in for 0xa1
01-23 20:00:50.335 21334 21334 E ArmVmp : Match on catch block at 0xc3 in for 0xa5
01-23 20:00:50.339 21334 21334 E ArmVmp : Match on catch block at 0xc3 in for 0xa5
01-23 20:00:50.356 21334 21334 E ArmVmp : Match on catch block at 0xc3 in for 0xa9
01-23 20:00:50.362 21334 21334 E ArmVmp : Match on catch block at 0xc3 in for 0xa1
01-23 20:00:50.376 21334 21334 E ArmVmp : Match on catch block at 0xc3 in for 0xa1
01-23 20:00:50.389 21334 21334 E ArmVmp : Match on catch block at 0xc3 in for 0xa5
01-23 20:00:50.396 21334 21334 E ArmVmp : Match on catch block at 0xc3 in for 0xa9
01-23 20:00:50.402 21334 21334 E ArmVmp : Match on catch block at 0xc3 in for 0xa9
01-23 20:00:50.410 21334 21334 E ArmVmp : Match on catch block at 0xc3 in for 0xa1
01-23 20:00:50.419 21334 21334 E ArmVmp : Match on catch block at 0xc3 in for 0xa5
01-23 20:00:50.424 21334 21334 E ArmVmp : Match on catch block at 0xc3 in for 0xa5
01-23 20:00:50.435 21334 21334 E ArmVmp : Match on catch block at 0xc3 in for 0xa9
01-23 20:00:50.441 21334 21334 E ArmVmp : Match on catch block at 0xc3 in for 0xa1
01-23 20:00:50.445 21334 21334 E ArmVmp : Match on catch block at 0xc3 in for 0xa1
01-23 20:00:50.454 21334 21334 E ArmVmp : Match on catch block at 0xc3 in for 0xa5
01-23 20:00:50.460 21334 21334 E ArmVmp : Match on catch block at 0xc3 in for 0xa9
01-23 20:00:50.465 21334 21334 E ArmVmp : Match on catch block at 0xc3 in for 0xa9
01-23 20:00:50.472 21334 21334 E ArmVmp : Match on catch block at 0xc3 in for 0xa1
01-23 20:00:50.478 21334 21334 E ArmVmp : Match on catch block at 0xc3 in for 0xa5
01-23 20:00:50.486 21334 21334 E ArmVmp : Match on catch block at 0xc3 in for 0xa5
01-23 20:00:50.498 21334 21334 E ArmVmp : Match on catch block at 0xc3 in for 0xa1
01-23 20:00:50.507 21334 21334 E ArmVmp : Match on catch block at 0xc3 in for 0xa5
01-23 20:00:50.517 21334 21334 E ArmVmp : Match on catch block at 0xc3 in for 0xa5
01-23 20:00:50.527 21334 21334 E ArmVmp : Match on catch block at 0xc3 in for 0xa9
01-23 20:00:50.535 21334 21334 E ArmVmp : Match on catch block at 0xc3 in for 0xa1
01-23 20:00:50.542 21334 21334 E ArmVmp : Match on catch block at 0xc3 in for 0xa1
01-23 20:00:50.551 21334 21334 E ArmVmp : Match on catch block at 0xc3 in for 0xa9
01-23 20:00:50.557 21334 21334 E ArmVmp : Match on catch block at 0xc3 in for 0xa1
01-23 20:00:50.563 21334 21334 E ArmVmp : Match on catch block at 0xc3 in for 0xa1
01-23 20:00:50.572 21334 21334 E ArmVmp : Match on catch block at 0xc3 in for 0xa5
01-23 20:00:50.580 21334 21396 E SQLiteDatabase: Error inserting transferred=1
media_job_uuid=73061de4-5f99-4193-9e05-d1d36bbc49ac transcoded=0 gif_attribution=0
first_scan_length=0 direct_path=/v/t62.15575-
24/31336704_1292978031382497_1838334564742404498_n.enc?ccb=11-
4&oh=01_AdRaR5neIypjxtVF8Jenl64egrA5TRjARv9Deq0bdnK_xg&oe=65D7C9EF&_nc_sid=5e03e0
thumbnail_height_width_ratio=1.0 is_animated_sticker=0
file_hash=bphuiZZF5AHqXHcz3HwCfGgEtVHBsk6ujwi8zjrUZKI= file_path=Media/WhatsApp
Stickers/STK-20240123-WA0034.webp file_size=40596 partial_media_hash=null face_x=0
face_y=0 height=64 trim_to=0 media_key_timestamp=1705960765000
message_url=https://mmg.whatsapp.net/v/t62.15575-
24/31336704_1292978031382497_1838334564742404498_n.enc?ccb=11-
4&oh=01_AdRaR5neIypjxtVF8Jenl64egrA5TRjARv9Deq0bdnK_xg&oe=65D7C9EF&_nc_sid=5e03e0&m
ms3=true media_caption=null trim_from=0 mime_type=image/webp
partial_media_enc_hash=null width=64 original_file_hash=null
has_streaming_sidecar=0 autotransfer_retry_enabled=1 media_upload_handle=null
message_row_id=1289 multicast_id=null
enc_file_hash=8EWpTVoNxd3LAPjZsE1F71dyTLSObelay+M+aNtqFK0= mute_video=0
page_count=0 first_scan_sidecar=null suspicious_content=0 file_length=40596
media_name=null media_duration=0 chat_row_id=42 media_key=[B@5391d7
01-23 20:00:50.580 21334 21396 E SQLiteDatabase:
android.database.sqlite.SQLiteConstraintException: UNIQUE constraint failed:
message_media.message_row_id (code 1555 SQLITE_CONSTRAINT_PRIMARYKEY[1555])
01-23 20:00:50.580 21334 21396 E SQLiteDatabase: at
android.database.sqlite.SQLiteConnection.nativeExecuteForLastInsertedRowId(Native
Method)
01-23 20:00:50.580 21334 21396 E SQLiteDatabase: at
android.database.sqlite.SQLiteConnection.executeForLastInsertedRowId(SQLiteConnecti
on.java:1217)
01-23 20:00:50.580 21334 21396 E SQLiteDatabase: at
android.database.sqlite.SQLiteSession.executeForLastInsertedRowId(SQLiteSession.jav
a:790)
01-23 20:00:50.580 21334 21396 E SQLiteDatabase: at
android.database.sqlite.SQLiteStatement.executeInsert(SQLiteStatement.java:88)
01-23 20:00:50.580 21334 21396 E SQLiteDatabase: at
android.database.sqlite.SQLiteDatabase.insertWithOnConflict(SQLiteDatabase.java:221
9)
01-23 20:00:50.580 21334 21396 E SQLiteDatabase: at
android.database.sqlite.SQLiteDatabase.insert(SQLiteDatabase.java:2088)
01-23 20:00:50.580 21334 21396 E SQLiteDatabase: at X.2tm.A08(Unknown
Source:6)
01-23 20:00:50.580 21334 21396 E SQLiteDatabase: at X.35Y.A07(Unknown
Source:212)
01-23 20:00:50.580 21334 21396 E SQLiteDatabase: at X.3QF.A14(Unknown
Source:470)
01-23 20:00:50.580 21334 21396 E SQLiteDatabase: at X.3gU.run(Unknown
Source:982)
01-23 20:00:50.580 21334 21396 E SQLiteDatabase: at
android.os.Handler.handleCallback(Handler.java:938)
01-23 20:00:50.580 21334 21396 E SQLiteDatabase: at
android.os.Handler.dispatchMessage(Handler.java:99)
01-23 20:00:50.580 21334 21396 E SQLiteDatabase: at
X.0zq.dispatchMessage(Unknown Source:4)
01-23 20:00:50.580 21334 21396 E SQLiteDatabase: at
android.os.Looper.loop(Looper.java:246)
01-23 20:00:50.580 21334 21396 E SQLiteDatabase: at
android.os.HandlerThread.run(HandlerThread.java:67)
01-23 20:00:50.581 21334 21334 E ArmVmp : Match on catch block at 0xc3 in for 0xa9
01-23 20:00:50.585 21334 21334 E ArmVmp : Match on catch block at 0xc3 in for 0xa9
01-23 20:00:50.594 21334 21334 E ArmVmp : Match on catch block at 0xc3 in for 0xa1
01-23 20:00:50.600 21334 21334 E ArmVmp : Match on catch block at 0xc3 in for 0xa5
01-23 20:00:50.607 21334 21334 E ArmVmp : Match on catch block at 0xc3 in for 0xa5
01-23 20:00:50.688 21334 21334 E ArmVmp : Match on catch block at 0xc3 in for 0xa9
01-23 20:00:50.696 21334 21334 E ArmVmp : Match on catch block at 0xc3 in for 0xa1
01-23 20:00:50.700 21334 21334 E ArmVmp : Match on catch block at 0xc3 in for 0xa1
01-23 20:00:50.717 21334 21334 E ArmVmp : Match on catch block at 0xc3 in for 0xa9
01-23 20:00:50.724 21334 21334 E ArmVmp : Match on catch block at 0xc3 in for 0xa1
01-23 20:00:50.733 21334 21334 E ArmVmp : Match on catch block at 0xc3 in for 0xa1
01-23 20:00:50.823 21334 21334 E ArmVmp : Match on catch block at 0xc3 in for 0xa9
01-23 20:00:50.828 21334 21334 E ArmVmp : Match on catch block at 0xc3 in for 0xa1
01-23 20:00:50.832 21334 21334 E ArmVmp : Match on catch block at 0xc3 in for 0xa1
01-23 20:00:50.918 21334 21334 E ArmVmp : Match on catch block at 0xc3 in for 0xa5
01-23 20:00:50.931 21334 21334 E ArmVmp : Match on catch block at 0xc3 in for 0xa9
01-23 20:00:50.935 21334 21334 E ArmVmp : Match on catch block at 0xc3 in for 0xa9
01-23 20:00:50.967 21334 21334 E ArmVmp : Match on catch block at 0xc3 in for 0xa9
01-23 20:00:50.978 21334 21334 E ArmVmp : Match on catch block at 0xc3 in for 0xa1
01-23 20:00:50.984 21334 21334 E ArmVmp : Match on catch block at 0xc3 in for 0xa1
01-23 20:00:50.986 21334 21348 W System : A resource failed to call close.
01-23 20:00:50.994 21334 21334 E ArmVmp : Match on catch block at 0xc3 in for 0xa9
01-23 20:00:51.002 21334 21334 E ArmVmp : Match on catch block at 0xc3 in for 0xa1
01-23 20:00:51.007 21334 21334 E ArmVmp : Match on catch block at 0xc3 in for 0xa1
01-23 20:00:51.016 21334 21334 E ArmVmp : Match on catch block at 0xc3 in for 0xa9
01-23 20:00:51.022 21334 21334 E ArmVmp : Match on catch block at 0xc3 in for 0xa1
01-23 20:00:51.027 21334 21334 E ArmVmp : Match on catch block at 0xc3 in for 0xa1
01-23 20:00:51.049 21334 21334 E ArmVmp : Match on catch block at 0xc3 in for 0xa5
01-23 20:00:51.054 21334 21334 E ArmVmp : Match on catch block at 0xc3 in for 0xa9
01-23 20:00:51.062 21334 21334 E ArmVmp : Match on catch block at 0xc3 in for 0xa9
01-23 20:00:51.076 21334 21334 E ArmVmp : Match on catch block at 0xc3 in for 0xa9
01-23 20:00:51.081 21334 21334 E ArmVmp : Match on catch block at 0xc3 in for 0xa1
01-23 20:00:51.085 21334 21334 E ArmVmp : Match on catch block at 0xc3 in for 0xa1
01-23 20:00:51.113 21334 21334 E ArmVmp : Match on catch block at 0xc3 in for 0xa9
01-23 20:00:51.119 21334 21334 E ArmVmp : Match on catch block at 0xc3 in for 0xa1
01-23 20:00:51.124 21334 21334 E ArmVmp : Match on catch block at 0xc3 in for 0xa1
01-23 20:00:51.133 21334 21334 E ArmVmp : Match on catch block at 0xc3 in for 0xa5
01-23 20:00:51.139 21334 21334 E ArmVmp : Match on catch block at 0xc3 in for 0xa9
01-23 20:00:51.142 21334 21334 E ArmVmp : Match on catch block at 0xc3 in for 0xa9
01-23 20:00:51.153 21334 21334 E ArmVmp : Match on catch block at 0xc3 in for 0xa5
01-23 20:00:51.158 21334 21334 E ArmVmp : Match on catch block at 0xc3 in for 0xa9
01-23 20:00:51.169 21334 21334 E ArmVmp : Match on catch block at 0xc3 in for 0xa9
01-23 20:00:51.179 21334 21334 E ArmVmp : Match on catch block at 0xc3 in for 0xa1
01-23 20:00:51.190 21334 21334 E ArmVmp : Match on catch block at 0xc3 in for 0xa5
01-23 20:00:51.194 21334 21334 E ArmVmp : Match on catch block at 0xc3 in for 0xa5
01-23 20:00:51.201 21334 21334 E ArmVmp : Match on catch block at 0xc3 in for 0xa1
01-23 20:00:51.205 21334 21334 E ArmVmp : Match on catch block at 0xc3 in for 0xa5
01-23 20:00:51.209 21334 21334 E ArmVmp : Match on catch block at 0xc3 in for 0xa5
01-23 20:00:51.216 21334 21334 E ArmVmp : Match on catch block at 0xc3 in for 0xa9
01-23 20:00:51.222 21334 21334 E ArmVmp : Match on catch block at 0xc3 in for 0xa1
01-23 20:00:51.225 21334 21334 E ArmVmp : Match on catch block at 0xc3 in for 0xa1
01-23 20:00:51.232 21334 21334 E ArmVmp : Match on catch block at 0xc3 in for 0xa9
01-23 20:00:51.235 21334 21396 E SQLiteDatabase: Error inserting transferred=1
media_job_uuid=853aa7ef-6f8f-4b2d-adf1-88822ca6d141 transcoded=0 gif_attribution=0
first_scan_length=10924 direct_path=/v/t62.15575-
24/40965991_291480737268624_1739188509876631443_n.enc?ccb=11-4&oh=01_AdTKIP3Jplh-
LgtrEBhJnY2nlzJfBmftNIhJsPphA_piXA&oe=65D7E1C0&_nc_sid=5e03e0
thumbnail_height_width_ratio=1.0 is_animated_sticker=1
file_hash=pSkaXFLkBuIAFq23q8Yi5FeP15InEDSmdjPwVK6LVqs= file_path=Media/WhatsApp
Stickers/STK-20240123-WA0035.webp file_size=457398 partial_media_hash=null face_x=0
face_y=0 height=64 trim_to=0 media_key_timestamp=1706029052000
message_url=https://mmg.whatsapp.net/v/t62.15575-
24/40965991_291480737268624_1739188509876631443_n.enc?ccb=11-4&oh=01_AdTKIP3Jplh-
LgtrEBhJnY2nlzJfBmftNIhJsPphA_piXA&oe=65D7E1C0&_nc_sid=5e03e0&mms3=true
media_caption=null trim_from=0 mime_type=image/webp partial_media_enc_hash=null
width=64 original_file_hash=null has_streaming_sidecar=0
autotransfer_retry_enabled=1 media_upload_handle=null message_row_id=1290
multicast_id=null enc_file_hash=NmniIdloY1OQySJ8NOKotxhQupCML9cRYCii3E+wD5g=
mute_video=0 page_count=0 first_scan_sidecar=[B@bf7ec5a suspicious_content=0
file_length=457398 media_name=null media_duration=0 chat_row_id=42
media_key=[B@a2f3e8b
01-23 20:00:51.235 21334 21396 E SQLiteDatabase:
android.database.sqlite.SQLiteConstraintException: UNIQUE constraint failed:
message_media.message_row_id (code 1555 SQLITE_CONSTRAINT_PRIMARYKEY[1555])
01-23 20:00:51.235 21334 21396 E SQLiteDatabase: at
android.database.sqlite.SQLiteConnection.nativeExecuteForLastInsertedRowId(Native
Method)
01-23 20:00:51.235 21334 21396 E SQLiteDatabase: at
android.database.sqlite.SQLiteConnection.executeForLastInsertedRowId(SQLiteConnecti
on.java:1217)
01-23 20:00:51.235 21334 21396 E SQLiteDatabase: at
android.database.sqlite.SQLiteSession.executeForLastInsertedRowId(SQLiteSession.jav
a:790)
01-23 20:00:51.235 21334 21396 E SQLiteDatabase: at
android.database.sqlite.SQLiteStatement.executeInsert(SQLiteStatement.java:88)
01-23 20:00:51.235 21334 21396 E SQLiteDatabase: at
android.database.sqlite.SQLiteDatabase.insertWithOnConflict(SQLiteDatabase.java:221
9)
01-23 20:00:51.235 21334 21396 E SQLiteDatabase: at
android.database.sqlite.SQLiteDatabase.insert(SQLiteDatabase.java:2088)
01-23 20:00:51.235 21334 21396 E SQLiteDatabase: at X.2tm.A08(Unknown
Source:6)
01-23 20:00:51.235 21334 21396 E SQLiteDatabase: at X.35Y.A07(Unknown
Source:212)
01-23 20:00:51.235 21334 21396 E SQLiteDatabase: at X.3QF.A14(Unknown
Source:470)
01-23 20:00:51.235 21334 21396 E SQLiteDatabase: at X.3gU.run(Unknown
Source:982)
01-23 20:00:51.235 21334 21396 E SQLiteDatabase: at
android.os.Handler.handleCallback(Handler.java:938)
01-23 20:00:51.235 21334 21396 E SQLiteDatabase: at
android.os.Handler.dispatchMessage(Handler.java:99)
01-23 20:00:51.235 21334 21396 E SQLiteDatabase: at
X.0zq.dispatchMessage(Unknown Source:4)
01-23 20:00:51.235 21334 21396 E SQLiteDatabase: at
android.os.Looper.loop(Looper.java:246)
01-23 20:00:51.235 21334 21396 E SQLiteDatabase: at
android.os.HandlerThread.run(HandlerThread.java:67)
01-23 20:00:51.239 21334 21334 E ArmVmp : Match on catch block at 0xc3 in for 0xa1
01-23 20:00:51.241 21334 21334 E ArmVmp : Match on catch block at 0xc3 in for 0xa1
01-23 20:00:51.247 21334 21334 E ArmVmp : Match on catch block at 0xc3 in for 0xa5
01-23 20:00:51.251 21334 21334 E ArmVmp : Match on catch block at 0xc3 in for 0xa9
01-23 20:00:51.253 21334 21334 E ArmVmp : Match on catch block at 0xc3 in for 0xa9
01-23 20:00:51.276 21334 21334 E ArmVmp : Match on catch block at 0xc3 in for 0xa9
01-23 20:00:51.281 21334 21334 E ArmVmp : Match on catch block at 0xc3 in for 0xa1
01-23 20:00:51.284 21334 21334 E ArmVmp : Match on catch block at 0xc3 in for 0xa1
01-23 20:00:51.294 21334 21334 E ArmVmp : Match on catch block at 0xc3 in for 0xa5
01-23 20:00:51.300 21334 21334 E ArmVmp : Match on catch block at 0xc3 in for 0xa9
01-23 20:00:51.306 21334 21334 E ArmVmp : Match on catch block at 0xc3 in for 0xa9
01-23 20:00:51.463 21334 21334 E ArmVmp : Match on catch block at 0xc3 in for 0xa5
01-23 20:00:51.468 21334 21334 E ArmVmp : Match on catch block at 0xc3 in for 0xa9
01-23 20:00:51.471 21334 21334 E ArmVmp : Match on catch block at 0xc3 in for 0xa9
01-23 20:00:51.483 21334 21334 E ArmVmp : Match on catch block at 0xc3 in for 0xa1
01-23 20:00:51.489 21334 21334 E ArmVmp : Match on catch block at 0xc3 in for 0xa5
01-23 20:00:51.495 21334 21334 E ArmVmp : Match on catch block at 0xc3 in for 0xa5
01-23 20:00:51.572 21334 21334 E ArmVmp : Match on catch block at 0xc3 in for 0xa1
01-23 20:00:51.576 21334 21334 E ArmVmp : Match on catch block at 0xc3 in for 0xa5
01-23 20:00:51.580 21334 21334 E ArmVmp : Match on catch block at 0xc3 in for 0xa5
01-23 20:00:51.589 21334 21334 E ArmVmp : Match on catch block at 0xc3 in for 0xa9
01-23 20:00:51.594 21334 21334 E ArmVmp : Match on catch block at 0xc3 in for 0xa1
01-23 20:00:51.598 21334 21334 E ArmVmp : Match on catch block at 0xc3 in for 0xa1
01-23 20:00:51.639 21334 21334 E ArmVmp : Match on catch block at 0xc3 in for 0xa5
01-23 20:00:51.643 21334 21334 E ArmVmp : Match on catch block at 0xc3 in for 0xa9
01-23 20:00:51.646 21334 21334 E ArmVmp : Match on catch block at 0xc3 in for 0xa9
01-23 20:00:51.706 21334 21334 E ArmVmp : Match on catch block at 0xc3 in for 0xa1
01-23 20:00:51.710 21334 21334 E ArmVmp : Match on catch block at 0xc3 in for 0xa5
01-23 20:00:51.713 21334 21334 E ArmVmp : Match on catch block at 0xc3 in for 0xa5
01-23 20:00:51.772 21334 21334 E ArmVmp : Match on catch block at 0xc3 in for 0xa9
01-23 20:00:51.777 21334 21334 E ArmVmp : Match on catch block at 0xc3 in for 0xa1
01-23 20:00:51.780 21334 21334 E ArmVmp : Match on catch block at 0xc3 in for 0xa1
01-23 20:00:51.839 21334 21334 E ArmVmp : Match on catch block at 0xc3 in for 0xa5
01-23 20:00:51.844 21334 21334 E ArmVmp : Match on catch block at 0xc3 in for 0xa9
01-23 20:00:51.847 21334 21334 E ArmVmp : Match on catch block at 0xc3 in for 0xa9
01-23 20:00:51.906 21334 21334 E ArmVmp : Match on catch block at 0xc3 in for 0xa1
01-23 20:00:51.910 21334 21334 E ArmVmp : Match on catch block at 0xc3 in for 0xa5
01-23 20:00:51.915 21334 21334 E ArmVmp : Match on catch block at 0xc3 in for 0xa5
01-23 20:00:51.956 21334 21334 E ArmVmp : Match on catch block at 0xc3 in for 0xa9
01-23 20:00:51.962 21334 21334 E ArmVmp : Match on catch block at 0xc3 in for 0xa1
01-23 20:00:51.965 21334 21334 E ArmVmp : Match on catch block at 0xc3 in for 0xa1
01-23 20:00:52.022 21334 21334 E ArmVmp : Match on catch block at 0xc3 in for 0xa5
01-23 20:00:52.027 21334 21334 E ArmVmp : Match on catch block at 0xc3 in for 0xa9
01-23 20:00:52.030 21334 21334 E ArmVmp : Match on catch block at 0xc3 in for 0xa9
01-23 20:00:52.089 21334 21334 E ArmVmp : Match on catch block at 0xc3 in for 0xa1
01-23 20:00:52.094 21334 21334 E ArmVmp : Match on catch block at 0xc3 in for 0xa5
01-23 20:00:52.098 21334 21334 E ArmVmp : Match on catch block at 0xc3 in for 0xa5
01-23 20:00:52.105 21334 21334 E ArmVmp : Match on catch block at 0xc3 in for 0xa9
01-23 20:00:52.111 21334 21334 E ArmVmp : Match on catch block at 0xc3 in for 0xa1
01-23 20:00:52.115 21334 21334 E ArmVmp : Match on catch block at 0xc3 in for 0xa1
01-23 20:00:52.156 21334 21334 E ArmVmp : Match on catch block at 0xc3 in for 0xa5
01-23 20:00:52.160 21334 21334 E ArmVmp : Match on catch block at 0xc3 in for 0xa9
01-23 20:00:52.163 21334 21334 E ArmVmp : Match on catch block at 0xc3 in for 0xa9
01-23 20:00:52.222 21334 21334 E ArmVmp : Match on catch block at 0xc3 in for 0xa1
01-23 20:00:52.226 21334 21334 E ArmVmp : Match on catch block at 0xc3 in for 0xa5
01-23 20:00:52.229 21334 21334 E ArmVmp : Match on catch block at 0xc3 in for 0xa5
01-23 20:00:52.289 21334 21334 E ArmVmp : Match on catch block at 0xc3 in for 0xa9
01-23 20:00:52.292 21334 21334 E ArmVmp : Match on catch block at 0xc3 in for 0xa1
01-23 20:00:52.295 21334 21334 E ArmVmp : Match on catch block at 0xc3 in for 0xa1
01-23 20:00:52.355 21334 21334 E ArmVmp : Match on catch block at 0xc3 in for 0xa5
01-23 20:00:52.360 21334 21334 E ArmVmp : Match on catch block at 0xc3 in for 0xa9
01-23 20:00:52.363 21334 21334 E ArmVmp : Match on catch block at 0xc3 in for 0xa9
01-23 20:00:52.422 21334 21334 E ArmVmp : Match on catch block at 0xc3 in for 0xa9
01-23 20:00:52.427 21334 21334 E ArmVmp : Match on catch block at 0xc3 in for 0xa1
01-23 20:00:52.430 21334 21334 E ArmVmp : Match on catch block at 0xc3 in for 0xa1
01-23 20:00:52.489 21334 21334 E ArmVmp : Match on catch block at 0xc3 in for 0xa5
01-23 20:00:52.493 21334 21334 E ArmVmp : Match on catch block at 0xc3 in for 0xa9
01-23 20:00:52.497 21334 21334 E ArmVmp : Match on catch block at 0xc3 in for 0xa9
01-23 20:00:52.555 21334 21334 E ArmVmp : Match on catch block at 0xc3 in for 0xa1
01-23 20:00:52.560 21334 21334 E ArmVmp : Match on catch block at 0xc3 in for 0xa5
01-23 20:00:52.563 21334 21334 E ArmVmp : Match on catch block at 0xc3 in for 0xa5
01-23 20:00:52.605 21334 21334 E ArmVmp : Match on catch block at 0xc3 in for 0xa9
01-23 20:00:52.610 21334 21334 E ArmVmp : Match on catch block at 0xc3 in for 0xa1
01-23 20:00:52.613 21334 21334 E ArmVmp : Match on catch block at 0xc3 in for 0xa1
01-23 20:00:52.622 21334 21334 E ArmVmp : Match on catch block at 0xc3 in for 0xa5
01-23 20:00:52.626 21334 21334 E ArmVmp : Match on catch block at 0xc3 in for 0xa9
01-23 20:00:52.629 21334 21334 E ArmVmp : Match on catch block at 0xc3 in for 0xa9
01-23 20:00:52.689 21334 21334 E ArmVmp : Match on catch block at 0xc3 in for 0xa1
01-23 20:00:52.693 21334 21334 E ArmVmp : Match on catch block at 0xc3 in for 0xa5
01-23 20:00:52.695 21334 21334 E ArmVmp : Match on catch block at 0xc3 in for 0xa5
01-23 20:00:52.755 21334 21334 E ArmVmp : Match on catch block at 0xc3 in for 0xa9
01-23 20:00:52.759 21334 21334 E ArmVmp : Match on catch block at 0xc3 in for 0xa1
01-23 20:00:52.763 21334 21334 E ArmVmp : Match on catch block at 0xc3 in for 0xa1
01-23 20:00:52.823 21334 21334 E ArmVmp : Match on catch block at 0xc3 in for 0xa9
01-23 20:00:52.828 21334 21334 E ArmVmp : Match on catch block at 0xc3 in for 0xa1
01-23 20:00:52.831 21334 21334 E ArmVmp : Match on catch block at 0xc3 in for 0xa1
01-23 20:00:52.873 21334 21334 E ArmVmp : Match on catch block at 0xc3 in for 0xa9
01-23 20:00:52.877 21334 21334 E ArmVmp : Match on catch block at 0xc3 in for 0xa1
01-23 20:00:52.880 21334 21334 E ArmVmp : Match on catch block at 0xc3 in for 0xa1
01-23 20:00:52.907 21334 21334 E ArmVmp : Match on catch block at 0xc3 in for 0xa5
01-23 20:00:52.913 21334 21334 E ArmVmp : Match on catch block at 0xc3 in for 0xa9
01-23 20:00:52.918 21334 21334 E ArmVmp : Match on catch block at 0xc3 in for 0xa9
01-23 20:00:53.028 21334 21334 E ArmVmp : Match on catch block at 0xc3 in for 0xa1
01-23 20:00:53.033 21334 21334 E ArmVmp : Match on catch block at 0xc3 in for 0xa5
01-23 20:00:53.038 21334 21334 E ArmVmp : Match on catch block at 0xc3 in for 0xa5
01-23 20:00:53.062 21334 21334 E ArmVmp : Match on catch block at 0xc3 in for 0xa9
01-23 20:00:53.067 21334 21334 E ArmVmp : Match on catch block at 0xc3 in for 0xa1
01-23 20:00:53.079 21334 21334 E ArmVmp : Match on catch block at 0xc3 in for 0xa1
01-23 20:00:53.106 21334 21737 W libEGL : EGLNativeWindowType 0x7183727010
disconnect failed
01-23 20:00:53.136 21334 21334 E ArmVmp : Match on catch block at 0xc3 in for 0xa5
01-23 20:00:53.144 21334 21334 E ArmVmp : Match on catch block at 0xc3 in for 0xa9
01-23 20:00:53.151 21334 21334 E ArmVmp : Match on catch block at 0xc3 in for 0xa9
01-23 20:00:53.177 21334 21334 E ArmVmp : Match on catch block at 0xc3 in for 0xa1
01-23 20:00:53.184 21334 21334 E ArmVmp : Match on catch block at 0xc3 in for 0xa5
01-23 20:00:53.187 21334 21334 E ArmVmp : Match on catch block at 0xc3 in for 0xa5
01-23 20:00:53.205 21334 21334 E ArmVmp : Match on catch block at 0xc3 in for 0xa9
01-23 20:00:53.217 21334 21334 E ArmVmp : Match on catch block at 0xc3 in for 0xa1
01-23 20:00:53.227 21334 21334 E ArmVmp : Match on catch block at 0xc3 in for 0xa1
01-23 20:00:53.248 21334 21334 E ArmVmp : Match on catch block at 0xc3 in for 0xa5
01-23 20:00:53.256 21334 21334 E ArmVmp : Match on catch block at 0xc3 in for 0xa9
01-23 20:00:53.260 21334 21334 E ArmVmp : Match on catch block at 0xc3 in for 0xa9
01-23 20:00:53.284 21334 21334 E ArmVmp : Match on catch block at 0xc3 in for 0xa1
01-23 20:00:53.290 21334 21334 E ArmVmp : Match on catch block at 0xc3 in for 0xa5
01-23 20:00:53.298 21334 21334 E ArmVmp : Match on catch block at 0xc3 in for 0xa5
