01-23 20:43:37.276 21334 21334 E ArmVmp : Match on catch block at 0xc3 in for 0xa5
01-23 20:43:37.279 21334 21334 E ArmVmp : Match on catch block at 0xc3 in for 0xa9
01-23 20:43:37.286 21334 21334 E ArmVmp : Match on catch block at 0xc3 in for 0xa5
01-23 20:43:37.289 21334 21334 E ArmVmp : Match on catch block at 0xc3 in for 0xa9
01-23 20:43:37.342 21334 21334 E ArmVmp : Match on catch block at 0xc3 in for 0xa5
01-23 20:43:37.346 21334 21334 E ArmVmp : Match on catch block at 0xc3 in for 0xa9
01-23 20:43:37.368 21334 21334 E ArmVmp : Match on catch block at 0xc3 in for 0xa9
01-23 20:43:37.372 21334 21334 E ArmVmp : Match on catch block at 0xc3 in for 0xa1
01-23 20:43:37.421 21334 21334 E ArmVmp : Match on catch block at 0xc3 in for 0xa1
01-23 20:43:37.424 21334 21334 E ArmVmp : Match on catch block at 0xc3 in for 0xa5
01-23 20:43:37.431 21334 21334 E ArmVmp : Match on catch block at 0xc3 in for 0xa1
01-23 20:43:37.435 21334 21334 E ArmVmp : Match on catch block at 0xc3 in for 0xa5
01-23 20:43:37.443 21334 21334 E ArmVmp : Match on catch block at 0xc3 in for 0xa1
01-23 20:43:37.447 21334 21334 E ArmVmp : Match on catch block at 0xc3 in for 0xa5
01-23 20:43:37.648 21334 21334 E ArmVmp : Match on catch block at 0xc3 in for 0xa9
01-23 20:43:37.653 21334 21334 E ArmVmp : Match on catch block at 0xc3 in for 0xa1
01-23 20:43:37.663 21334 21334 E ArmVmp : Match on catch block at 0xc3 in for 0xa9
01-23 20:43:37.669 21334 21334 E ArmVmp : Match on catch block at 0xc3 in for 0xa1
01-23 20:43:37.673 21334 6113 W MediaPlayer: Use of stream types is deprecated for
operations other than volume control
01-23 20:43:37.673 21334 6113 W MediaPlayer: See the documentation of
setAudioStreamType() for what to use instead with android.media.AudioAttributes to
qualify your playback use case
01-23 20:43:37.699 21334 21428 W MediaPlayerNative: info/warning (10973, 0)
01-23 20:43:37.743 21334 21334 E ArmVmp : Match on catch block at 0xc3 in for 0xa1
01-23 20:43:37.747 21334 21334 E ArmVmp : Match on catch block at 0xc3 in for 0xa5
01-23 20:43:38.246 21334 21334 E ArmVmp : Match on catch block at 0xc3 in for 0xa9
01-23 20:43:38.252 21334 21334 E ArmVmp : Match on catch block at 0xc3 in for 0xa1
01-23 20:43:38.463 21334 21334 E ArmVmp : Match on catch block at 0xc3 in for 0xa1
01-23 20:43:38.466 21334 21334 E ArmVmp : Match on catch block at 0xc3 in for 0xa5
01-23 20:43:38.479 21334 21334 E ArmVmp : Match on catch block at 0xc3 in for 0xa9
01-23 20:43:38.482 21334 21334 E ArmVmp : Match on catch block at 0xc3 in for 0xa1
01-23 20:43:38.493 21334 21334 E ArmVmp : Match on catch block at 0xc3 in for 0xa9
01-23 20:43:38.497 21334 21334 E ArmVmp : Match on catch block at 0xc3 in for 0xa1
01-23 20:43:38.509 21334 21334 E ArmVmp : Match on catch block at 0xc3 in for 0xa9
01-23 20:43:38.513 21334 21334 E ArmVmp : Match on catch block at 0xc3 in for 0xa1
01-23 20:43:38.526 21334 21334 E ArmVmp : Match on catch block at 0xc3 in for 0xa9
01-23 20:43:38.530 21334 21334 E ArmVmp : Match on catch block at 0xc3 in for 0xa1
01-23 20:43:38.543 21334 21334 E ArmVmp : Match on catch block at 0xc3 in for 0xa9
01-23 20:43:38.546 21334 21334 E ArmVmp : Match on catch block at 0xc3 in for 0xa1
01-23 20:43:38.559 21334 21334 E ArmVmp : Match on catch block at 0xc3 in for 0xa9
01-23 20:43:38.563 21334 21334 E ArmVmp : Match on catch block at 0xc3 in for 0xa1
01-23 20:43:38.579 21334 21334 E ArmVmp : Match on catch block at 0xc3 in for 0xa9
01-23 20:43:38.583 21334 21334 E ArmVmp : Match on catch block at 0xc3 in for 0xa1
01-23 20:43:38.593 21334 21334 E ArmVmp : Match on catch block at 0xc3 in for 0xa9
01-23 20:43:38.596 21334 21334 E ArmVmp : Match on catch block at 0xc3 in for 0xa1
01-23 20:43:38.609 21334 21334 E ArmVmp : Match on catch block at 0xc3 in for 0xa9
01-23 20:43:38.613 21334 21334 E ArmVmp : Match on catch block at 0xc3 in for 0xa1
01-23 20:43:38.626 21334 21334 E ArmVmp : Match on catch block at 0xc3 in for 0xa9
01-23 20:43:38.631 21334 21334 E ArmVmp : Match on catch block at 0xc3 in for 0xa1
01-23 20:43:38.643 21334 21334 E ArmVmp : Match on catch block at 0xc3 in for 0xa9
01-23 20:43:38.647 21334 21334 E ArmVmp : Match on catch block at 0xc3 in for 0xa1
01-23 20:43:38.659 21334 21334 E ArmVmp : Match on catch block at 0xc3 in for 0xa9
01-23 20:43:38.666 21334 21334 E ArmVmp : Match on catch block at 0xc3 in for 0xa1
01-23 20:43:38.794 21334 21334 E ArmVmp : Match on catch block at 0xc3 in for 0xa9
01-23 20:43:38.798 21334 21334 E ArmVmp : Match on catch block at 0xc3 in for 0xa1
01-23 20:43:39.044 21334 21334 E ArmVmp : Match on catch block at 0xc3 in for 0xa9
01-23 20:43:39.049 21334 21334 E ArmVmp : Match on catch block at 0xc3 in for 0xa1
01-23 20:43:39.109 21334 21334 E ArmVmp : Match on catch block at 0xc3 in for 0xa9
01-23 20:43:39.113 21334 21334 E ArmVmp : Match on catch block at 0xc3 in for 0xa1
01-23 20:43:39.260 21334 21334 E ArmVmp : Match on catch block at 0xc3 in for 0xa9
01-23 20:43:39.266 21334 21334 E ArmVmp : Match on catch block at 0xc3 in for 0xa1
01-23 20:43:39.276 21334 21334 E ArmVmp : Match on catch block at 0xc3 in for 0xa9
01-23 20:43:39.280 21334 21334 E ArmVmp : Match on catch block at 0xc3 in for 0xa1
01-23 20:43:39.292 21334 21334 E ArmVmp : Match on catch block at 0xc3 in for 0xa9
01-23 20:43:39.296 21334 21334 E ArmVmp : Match on catch block at 0xc3 in for 0xa1
01-23 20:43:39.309 21334 21334 E ArmVmp : Match on catch block at 0xc3 in for 0xa9
01-23 20:43:39.313 21334 21334 E ArmVmp : Match on catch block at 0xc3 in for 0xa1
01-23 20:43:39.326 21334 21334 E ArmVmp : Match on catch block at 0xc3 in for 0xa9
01-23 20:43:39.330 21334 21334 E ArmVmp : Match on catch block at 0xc3 in for 0xa1
01-23 20:43:39.342 21334 21334 E ArmVmp : Match on catch block at 0xc3 in for 0xa9
01-23 20:43:39.347 21334 21334 E ArmVmp : Match on catch block at 0xc3 in for 0xa1
01-23 20:43:39.359 21334 21334 E ArmVmp : Match on catch block at 0xc3 in for 0xa9
01-23 20:43:39.363 21334 21334 E ArmVmp : Match on catch block at 0xc3 in for 0xa1
01-23 20:43:39.376 21334 21334 E ArmVmp : Match on catch block at 0xc3 in for 0xa9
01-23 20:43:39.380 21334 21334 E ArmVmp : Match on catch block at 0xc3 in for 0xa1
01-23 20:43:39.392 21334 21334 E ArmVmp : Match on catch block at 0xc3 in for 0xa9
01-23 20:43:39.396 21334 21334 E ArmVmp : Match on catch block at 0xc3 in for 0xa1
01-23 20:43:39.409 21334 21334 E ArmVmp : Match on catch block at 0xc3 in for 0xa9
01-23 20:43:39.413 21334 21334 E ArmVmp : Match on catch block at 0xc3 in for 0xa1
01-23 20:43:39.426 21334 21334 E ArmVmp : Match on catch block at 0xc3 in for 0xa9
01-23 20:43:39.430 21334 21334 E ArmVmp : Match on catch block at 0xc3 in for 0xa1
01-23 20:43:39.442 21334 21334 E ArmVmp : Match on catch block at 0xc3 in for 0xa9
01-23 20:43:39.448 21334 21334 E ArmVmp : Match on catch block at 0xc3 in for 0xa1
01-23 20:43:39.459 21334 21334 E ArmVmp : Match on catch block at 0xc3 in for 0xa9
01-23 20:43:39.463 21334 21334 E ArmVmp : Match on catch block at 0xc3 in for 0xa1
01-23 20:43:39.476 21334 21334 E ArmVmp : Match on catch block at 0xc3 in for 0xa9
01-23 20:43:39.480 21334 21334 E ArmVmp : Match on catch block at 0xc3 in for 0xa1
01-23 20:43:39.492 21334 21334 E ArmVmp : Match on catch block at 0xc3 in for 0xa9
01-23 20:43:39.497 21334 21334 E ArmVmp : Match on catch block at 0xc3 in for 0xa1
01-23 20:43:39.509 21334 21334 E ArmVmp : Match on catch block at 0xc3 in for 0xa9
01-23 20:43:39.513 21334 21334 E ArmVmp : Match on catch block at 0xc3 in for 0xa1
01-23 20:43:39.592 21334 21334 E ArmVmp : Match on catch block at 0xc3 in for 0xa9
01-23 20:43:39.596 21334 21334 E ArmVmp : Match on catch block at 0xc3 in for 0xa1
01-23 20:43:39.826 21334 21334 E ArmVmp : Match on catch block at 0xc3 in for 0xa9
01-23 20:43:39.830 21334 21334 E ArmVmp : Match on catch block at 0xc3 in for 0xa1
01-23 20:43:39.910 21334 21334 E ArmVmp : Match on catch block at 0xc3 in for 0xa9
01-23 20:43:39.914 21334 21334 E ArmVmp : Match on catch block at 0xc3 in for 0xa1
01-23 20:43:40.077 21334 21334 E ArmVmp : Match on catch block at 0xc3 in for 0xa9
01-23 20:43:40.084 21334 21334 E ArmVmp : Match on catch block at 0xc3 in for 0xa1
01-23 20:43:40.526 21334 21334 E ArmVmp : Match on catch block at 0xc3 in for 0xa9
01-23 20:43:40.533 21334 21334 E ArmVmp : Match on catch block at 0xc3 in for 0xa1
01-23 20:43:40.859 21334 21334 E ArmVmp : Match on catch block at 0xc3 in for 0xa9
01-23 20:43:40.863 21334 21334 E ArmVmp : Match on catch block at 0xc3 in for 0xa1
01-23 20:43:41.060 21334 21334 E ArmVmp : Match on catch block at 0xc3 in for 0xa9
01-23 20:43:41.065 21334 21334 E ArmVmp : Match on catch block at 0xc3 in for 0xa1
01-23 20:43:41.260 21334 21334 E ArmVmp : Match on catch block at 0xc3 in for 0xa9
01-23 20:43:41.264 21334 21334 E ArmVmp : Match on catch block at 0xc3 in for 0xa1
01-23 20:43:41.359 21334 21334 E ArmVmp : Match on catch block at 0xc3 in for 0xa9
01-23 20:43:41.364 21334 21334 E ArmVmp : Match on catch block at 0xc3 in for 0xa1
01-23 20:43:41.545 21334 21334 E ArmVmp : Match on catch block at 0xc3 in for 0xa9
01-23 20:43:41.551 21334 21334 E ArmVmp : Match on catch block at 0xc3 in for 0xa1
01-23 20:43:41.759 21334 21334 E ArmVmp : Match on catch block at 0xc3 in for 0xa9
01-23 20:43:41.763 21334 21334 E ArmVmp : Match on catch block at 0xc3 in for 0xa1
01-23 20:43:41.799 21334 21334 E ArmVmp : Match on catch block at 0xc3 in for 0xa9
01-23 20:43:41.802 21334 21334 E ArmVmp : Match on catch block at 0xc3 in for 0xa1
01-23 20:43:41.819 21334 21334 E ArmVmp : Match on catch block at 0xc3 in for 0xa9
01-23 20:43:41.822 21334 21334 E ArmVmp : Match on catch block at 0xc3 in for 0xa1
01-23 20:43:41.836 21334 21334 E ArmVmp : Match on catch block at 0xc3 in for 0xa1
01-23 20:43:41.839 21334 21334 E ArmVmp : Match on catch block at 0xc3 in for 0xa5
01-23 20:43:41.925 21334 21334 E ArmVmp : Match on catch block at 0xc3 in for 0xa5
01-23 20:43:41.929 21334 21334 E ArmVmp : Match on catch block at 0xc3 in for 0xa9
01-23 20:43:41.958 21334 21334 E ArmVmp : Match on catch block at 0xc3 in for 0xa5
01-23 20:43:41.962 21334 21334 E ArmVmp : Match on catch block at 0xc3 in for 0xa9
01-23 20:43:42.127 21334 21334 E ArmVmp : Match on catch block at 0xc3 in for 0xa1
01-23 20:43:42.133 21334 21334 E ArmVmp : Match on catch block at 0xc3 in for 0xa5
01-23 20:43:42.242 21334 21334 E ArmVmp : Match on catch block at 0xc3 in for 0xa1
01-23 20:43:42.247 21334 21334 E ArmVmp : Match on catch block at 0xc3 in for 0xa5
01-23 20:43:42.259 21334 21334 E ArmVmp : Match on catch block at 0xc3 in for 0xa1
01-23 20:43:42.263 21334 21334 E ArmVmp : Match on catch block at 0xc3 in for 0xa5
01-23 20:43:42.276 21334 21334 E ArmVmp : Match on catch block at 0xc3 in for 0xa1
01-23 20:43:42.281 21334 21334 E ArmVmp : Match on catch block at 0xc3 in for 0xa5
01-23 20:43:42.293 21334 21334 E ArmVmp : Match on catch block at 0xc3 in for 0xa1
01-23 20:43:42.298 21334 21334 E ArmVmp : Match on catch block at 0xc3 in for 0xa5
01-23 20:43:42.309 21334 21334 E ArmVmp : Match on catch block at 0xc3 in for 0xa1
01-23 20:43:42.314 21334 21334 E ArmVmp : Match on catch block at 0xc3 in for 0xa5
01-23 20:43:42.326 21334 21334 E ArmVmp : Match on catch block at 0xc3 in for 0xa1
01-23 20:43:42.331 21334 21334 E ArmVmp : Match on catch block at 0xc3 in for 0xa5
01-23 20:43:42.343 21334 21334 E ArmVmp : Match on catch block at 0xc3 in for 0xa1
01-23 20:43:42.348 21334 21334 E ArmVmp : Match on catch block at 0xc3 in for 0xa5
01-23 20:43:42.361 21334 21334 E ArmVmp : Match on catch block at 0xc3 in for 0xa1
01-23 20:43:42.365 21334 21334 E ArmVmp : Match on catch block at 0xc3 in for 0xa5
01-23 20:43:42.375 21334 21334 E ArmVmp : Match on catch block at 0xc3 in for 0xa1
01-23 20:43:42.380 21334 21334 E ArmVmp : Match on catch block at 0xc3 in for 0xa5
01-23 20:43:42.392 21334 21334 E ArmVmp : Match on catch block at 0xc3 in for 0xa1
01-23 20:43:42.397 21334 21334 E ArmVmp : Match on catch block at 0xc3 in for 0xa5
01-23 20:43:42.409 21334 21334 E ArmVmp : Match on catch block at 0xc3 in for 0xa1
01-23 20:43:42.415 21334 21334 E ArmVmp : Match on catch block at 0xc3 in for 0xa5
01-23 20:43:42.426 21334 21334 E ArmVmp : Match on catch block at 0xc3 in for 0xa1
01-23 20:43:42.430 21334 21334 E ArmVmp : Match on catch block at 0xc3 in for 0xa5
01-23 20:43:42.443 21334 21334 E ArmVmp : Match on catch block at 0xc3 in for 0xa1
01-23 20:43:42.448 21334 21334 E ArmVmp : Match on catch block at 0xc3 in for 0xa5
01-23 20:43:42.459 21334 21334 E ArmVmp : Match on catch block at 0xc3 in for 0xa1
01-23 20:43:42.465 21334 21334 E ArmVmp : Match on catch block at 0xc3 in for 0xa5
01-23 20:43:42.476 21334 21334 E ArmVmp : Match on catch block at 0xc3 in for 0xa1
01-23 20:43:42.480 21334 21334 E ArmVmp : Match on catch block at 0xc3 in for 0xa5
01-23 20:43:42.493 21334 21334 E ArmVmp : Match on catch block at 0xc3 in for 0xa1
01-23 20:43:42.498 21334 21334 E ArmVmp : Match on catch block at 0xc3 in for 0xa5
01-23 20:43:42.509 21334 21334 E ArmVmp : Match on catch block at 0xc3 in for 0xa1
01-23 20:43:42.514 21334 21334 E ArmVmp : Match on catch block at 0xc3 in for 0xa5
01-23 20:43:42.526 21334 21334 E ArmVmp : Match on catch block at 0xc3 in for 0xa1
01-23 20:43:42.531 21334 21334 E ArmVmp : Match on catch block at 0xc3 in for 0xa5
01-23 20:43:42.542 21334 21334 E ArmVmp : Match on catch block at 0xc3 in for 0xa1
01-23 20:43:42.546 21334 21334 E ArmVmp : Match on catch block at 0xc3 in for 0xa5
01-23 20:43:42.558 21334 21334 E ArmVmp : Match on catch block at 0xc3 in for 0xa1
01-23 20:43:42.562 21334 21334 E ArmVmp : Match on catch block at 0xc3 in for 0xa5
01-23 20:43:42.575 21334 21334 E ArmVmp : Match on catch block at 0xc3 in for 0xa1
01-23 20:43:42.579 21334 21334 E ArmVmp : Match on catch block at 0xc3 in for 0xa5
01-23 20:43:42.597 21334 21334 E ArmVmp : Match on catch block at 0xc3 in for 0xa1
01-23 20:43:42.601 21334 21334 E ArmVmp : Match on catch block at 0xc3 in for 0xa5
01-23 20:43:42.609 21334 21334 E ArmVmp : Match on catch block at 0xc3 in for 0xa1
01-23 20:43:42.612 21334 21334 E ArmVmp : Match on catch block at 0xc3 in for 0xa5
01-23 20:43:42.625 21334 21334 E ArmVmp : Match on catch block at 0xc3 in for 0xa1
01-23 20:43:42.628 21334 21334 E ArmVmp : Match on catch block at 0xc3 in for 0xa5
01-23 20:43:42.642 21334 21334 E ArmVmp : Match on catch block at 0xc3 in for 0xa1
01-23 20:43:42.646 21334 21334 E ArmVmp : Match on catch block at 0xc3 in for 0xa5
01-23 20:43:42.659 21334 21334 E ArmVmp : Match on catch block at 0xc3 in for 0xa1
01-23 20:43:42.664 21334 21334 E ArmVmp : Match on catch block at 0xc3 in for 0xa5
01-23 20:43:42.676 21334 21334 E ArmVmp : Match on catch block at 0xc3 in for 0xa1
01-23 20:43:42.682 21334 21334 E ArmVmp : Match on catch block at 0xc3 in for 0xa5
01-23 20:43:42.692 21334 21334 E ArmVmp : Match on catch block at 0xc3 in for 0xa1
01-23 20:43:42.697 21334 21334 E ArmVmp : Match on catch block at 0xc3 in for 0xa5
01-23 20:43:42.709 21334 21334 E ArmVmp : Match on catch block at 0xc3 in for 0xa1
01-23 20:43:42.714 21334 21334 E ArmVmp : Match on catch block at 0xc3 in for 0xa5
01-23 20:43:42.726 21334 21334 E ArmVmp : Match on catch block at 0xc3 in for 0xa1
01-23 20:43:42.730 21334 21334 E ArmVmp : Match on catch block at 0xc3 in for 0xa5
01-23 20:43:42.743 21334 21334 E ArmVmp : Match on catch block at 0xc3 in for 0xa1
01-23 20:43:42.747 21334 21334 E ArmVmp : Match on catch block at 0xc3 in for 0xa5
01-23 20:43:42.758 21334 21334 E ArmVmp : Match on catch block at 0xc3 in for 0xa1
01-23 20:43:42.762 21334 21334 E ArmVmp : Match on catch block at 0xc3 in for 0xa5
01-23 20:43:42.776 21334 21334 E ArmVmp : Match on catch block at 0xc3 in for 0xa1
01-23 20:43:42.780 21334 21334 E ArmVmp : Match on catch block at 0xc3 in for 0xa5
01-23 20:43:42.792 21334 21334 E ArmVmp : Match on catch block at 0xc3 in for 0xa1
01-23 20:43:42.795 21334 21334 E ArmVmp : Match on catch block at 0xc3 in for 0xa5
01-23 20:43:42.809 21334 21334 E ArmVmp : Match on catch block at 0xc3 in for 0xa1
01-23 20:43:42.814 21334 21334 E ArmVmp : Match on catch block at 0xc3 in for 0xa5
01-23 20:43:42.825 21334 21334 E ArmVmp : Match on catch block at 0xc3 in for 0xa1
01-23 20:43:42.828 21334 21334 E ArmVmp : Match on catch block at 0xc3 in for 0xa5
01-23 20:43:42.842 21334 21334 E ArmVmp : Match on catch block at 0xc3 in for 0xa1
01-23 20:43:42.846 21334 21334 E ArmVmp : Match on catch block at 0xc3 in for 0xa5
01-23 20:43:42.860 21334 21334 E ArmVmp : Match on catch block at 0xc3 in for 0xa1
01-23 20:43:42.863 21334 21334 E ArmVmp : Match on catch block at 0xc3 in for 0xa5
01-23 20:43:42.875 21334 21334 E ArmVmp : Match on catch block at 0xc3 in for 0xa1
01-23 20:43:42.879 21334 21334 E ArmVmp : Match on catch block at 0xc3 in for 0xa5
01-23 20:43:42.892 21334 21334 E ArmVmp : Match on catch block at 0xc3 in for 0xa1
01-23 20:43:42.897 21334 21334 E ArmVmp : Match on catch block at 0xc3 in for 0xa5
01-23 20:43:42.909 21334 21334 E ArmVmp : Match on catch block at 0xc3 in for 0xa1
01-23 20:43:42.913 21334 21334 E ArmVmp : Match on catch block at 0xc3 in for 0xa5
01-23 20:43:42.925 21334 21334 E ArmVmp : Match on catch block at 0xc3 in for 0xa1
01-23 20:43:42.930 21334 21334 E ArmVmp : Match on catch block at 0xc3 in for 0xa5
01-23 20:43:42.942 21334 21334 E ArmVmp : Match on catch block at 0xc3 in for 0xa1
01-23 20:43:42.946 21334 21334 E ArmVmp : Match on catch block at 0xc3 in for 0xa5
01-23 20:43:42.959 21334 21334 E ArmVmp : Match on catch block at 0xc3 in for 0xa1
01-23 20:43:42.964 21334 21334 E ArmVmp : Match on catch block at 0xc3 in for 0xa5
01-23 20:43:42.977 21334 21334 E ArmVmp : Match on catch block at 0xc3 in for 0xa1
01-23 20:43:42.980 21334 21334 E ArmVmp : Match on catch block at 0xc3 in for 0xa5
01-23 20:43:42.992 21334 21334 E ArmVmp : Match on catch block at 0xc3 in for 0xa1
01-23 20:43:42.996 21334 21334 E ArmVmp : Match on catch block at 0xc3 in for 0xa5
01-23 20:43:43.009 21334 21334 E ArmVmp : Match on catch block at 0xc3 in for 0xa1
01-23 20:43:43.014 21334 21334 E ArmVmp : Match on catch block at 0xc3 in for 0xa5
01-23 20:43:43.226 21334 21334 E ArmVmp : Match on catch block at 0xc3 in for 0xa1
01-23 20:43:43.231 21334 21334 E ArmVmp : Match on catch block at 0xc3 in for 0xa5
01-23 20:43:43.360 21334 21334 E ArmVmp : Match on catch block at 0xc3 in for 0xa1
01-23 20:43:43.366 21334 21334 E ArmVmp : Match on catch block at 0xc3 in for 0xa5
01-23 20:43:43.426 21334 21334 E ArmVmp : Match on catch block at 0xc3 in for 0xa1
01-23 20:43:43.432 21334 21334 E ArmVmp : Match on catch block at 0xc3 in for 0xa5
01-23 20:43:43.443 21334 21334 E ArmVmp : Match on catch block at 0xc3 in for 0xa1
01-23 20:43:43.450 21334 21334 E ArmVmp : Match on catch block at 0xc3 in for 0xa5
01-23 20:43:43.459 21334 21334 E ArmVmp : Match on catch block at 0xc3 in for 0xa1
01-23 20:43:43.464 21334 21334 E ArmVmp : Match on catch block at 0xc3 in for 0xa5
01-23 20:43:43.475 21334 21334 E ArmVmp : Match on catch block at 0xc3 in for 0xa1
01-23 20:43:43.480 21334 21334 E ArmVmp : Match on catch block at 0xc3 in for 0xa5
01-23 20:43:43.492 21334 21334 E ArmVmp : Match on catch block at 0xc3 in for 0xa1
01-23 20:43:43.497 21334 21334 E ArmVmp : Match on catch block at 0xc3 in for 0xa5
01-23 20:43:43.509 21334 21334 E ArmVmp : Match on catch block at 0xc3 in for 0xa1
01-23 20:43:43.514 21334 21334 E ArmVmp : Match on catch block at 0xc3 in for 0xa5
01-23 20:43:43.525 21334 21334 E ArmVmp : Match on catch block at 0xc3 in for 0xa1
01-23 20:43:43.529 21334 21334 E ArmVmp : Match on catch block at 0xc3 in for 0xa5
01-23 20:43:43.542 21334 21334 E ArmVmp : Match on catch block at 0xc3 in for 0xa1
01-23 20:43:43.545 21334 21334 E ArmVmp : Match on catch block at 0xc3 in for 0xa5
01-23 20:43:43.558 21334 21334 E ArmVmp : Match on catch block at 0xc3 in for 0xa1
01-23 20:43:43.563 21334 21334 E ArmVmp : Match on catch block at 0xc3 in for 0xa5
01-23 20:43:43.575 21334 21334 E ArmVmp : Match on catch block at 0xc3 in for 0xa1
01-23 20:43:43.579 21334 21334 E ArmVmp : Match on catch block at 0xc3 in for 0xa5
01-23 20:43:43.591 21334 21334 E ArmVmp : Match on catch block at 0xc3 in for 0xa1
01-23 20:43:43.595 21334 21334 E ArmVmp : Match on catch block at 0xc3 in for 0xa5
01-23 20:43:43.608 21334 21334 E ArmVmp : Match on catch block at 0xc3 in for 0xa1
01-23 20:43:43.612 21334 21334 E ArmVmp : Match on catch block at 0xc3 in for 0xa5
01-23 20:43:43.625 21334 21334 E ArmVmp : Match on catch block at 0xc3 in for 0xa1
01-23 20:43:43.629 21334 21334 E ArmVmp : Match on catch block at 0xc3 in for 0xa5
01-23 20:43:43.642 21334 21334 E ArmVmp : Match on catch block at 0xc3 in for 0xa1
01-23 20:43:43.646 21334 21334 E ArmVmp : Match on catch block at 0xc3 in for 0xa5
01-23 20:43:43.659 21334 21334 E ArmVmp : Match on catch block at 0xc3 in for 0xa1
01-23 20:43:43.664 21334 21334 E ArmVmp : Match on catch block at 0xc3 in for 0xa5
01-23 20:43:43.675 21334 21334 E ArmVmp : Match on catch block at 0xc3 in for 0xa1
01-23 20:43:43.680 21334 21334 E ArmVmp : Match on catch block at 0xc3 in for 0xa5
01-23 20:43:43.692 21334 21334 E ArmVmp : Match on catch block at 0xc3 in for 0xa1
01-23 20:43:43.696 21334 21334 E ArmVmp : Match on catch block at 0xc3 in for 0xa5
01-23 20:43:43.709 21334 21334 E ArmVmp : Match on catch block at 0xc3 in for 0xa1
01-23 20:43:43.713 21334 21334 E ArmVmp : Match on catch block at 0xc3 in for 0xa5
01-23 20:43:43.726 21334 21334 E ArmVmp : Match on catch block at 0xc3 in for 0xa1
01-23 20:43:43.731 21334 21334 E ArmVmp : Match on catch block at 0xc3 in for 0xa5
01-23 20:43:43.742 21334 21334 E ArmVmp : Match on catch block at 0xc3 in for 0xa1
01-23 20:43:43.746 21334 21334 E ArmVmp : Match on catch block at 0xc3 in for 0xa5
01-23 20:43:43.758 21334 21334 E ArmVmp : Match on catch block at 0xc3 in for 0xa1
01-23 20:43:43.762 21334 21334 E ArmVmp : Match on catch block at 0xc3 in for 0xa5
01-23 20:43:43.775 21334 21334 E ArmVmp : Match on catch block at 0xc3 in for 0xa1
01-23 20:43:43.780 21334 21334 E ArmVmp : Match on catch block at 0xc3 in for 0xa5
01-23 20:43:43.792 21334 21334 E ArmVmp : Match on catch block at 0xc3 in for 0xa1
01-23 20:43:43.797 21334 21334 E ArmVmp : Match on catch block at 0xc3 in for 0xa5
01-23 20:43:43.809 21334 21334 E ArmVmp : Match on catch block at 0xc3 in for 0xa1
01-23 20:43:43.813 21334 21334 E ArmVmp : Match on catch block at 0xc3 in for 0xa5
01-23 20:43:43.826 21334 21334 E ArmVmp : Match on catch block at 0xc3 in for 0xa1
01-23 20:43:43.830 21334 21334 E ArmVmp : Match on catch block at 0xc3 in for 0xa5
01-23 20:43:43.842 21334 21334 E ArmVmp : Match on catch block at 0xc3 in for 0xa1
01-23 20:43:43.847 21334 21334 E ArmVmp : Match on catch block at 0xc3 in for 0xa5
01-23 20:43:43.859 21334 21334 E ArmVmp : Match on catch block at 0xc3 in for 0xa1
01-23 20:43:43.863 21334 21334 E ArmVmp : Match on catch block at 0xc3 in for 0xa5
01-23 20:43:43.875 21334 21334 E ArmVmp : Match on catch block at 0xc3 in for 0xa1
01-23 20:43:43.880 21334 21334 E ArmVmp : Match on catch block at 0xc3 in for 0xa5
01-23 20:43:43.892 21334 21334 E ArmVmp : Match on catch block at 0xc3 in for 0xa1
01-23 20:43:43.897 21334 21334 E ArmVmp : Match on catch block at 0xc3 in for 0xa5
01-23 20:43:43.909 21334 21334 E ArmVmp : Match on catch block at 0xc3 in for 0xa1
01-23 20:43:43.914 21334 21334 E ArmVmp : Match on catch block at 0xc3 in for 0xa5
01-23 20:43:43.926 21334 21334 E ArmVmp : Match on catch block at 0xc3 in for 0xa1
01-23 20:43:43.930 21334 21334 E ArmVmp : Match on catch block at 0xc3 in for 0xa5
01-23 20:43:43.942 21334 21334 E ArmVmp : Match on catch block at 0xc3 in for 0xa1
01-23 20:43:43.946 21334 21334 E ArmVmp : Match on catch block at 0xc3 in for 0xa5
01-23 20:43:43.959 21334 21334 E ArmVmp : Match on catch block at 0xc3 in for 0xa1
01-23 20:43:43.963 21334 21334 E ArmVmp : Match on catch block at 0xc3 in for 0xa5
01-23 20:43:43.975 21334 21334 E ArmVmp : Match on catch block at 0xc3 in for 0xa1
01-23 20:43:43.979 21334 21334 E ArmVmp : Match on catch block at 0xc3 in for 0xa5
01-23 20:43:43.992 21334 21334 E ArmVmp : Match on catch block at 0xc3 in for 0xa1
01-23 20:43:43.996 21334 21334 E ArmVmp : Match on catch block at 0xc3 in for 0xa5
01-23 20:43:44.092 21334 21334 E ArmVmp : Match on catch block at 0xc3 in for 0xa1
01-23 20:43:44.096 21334 21334 E ArmVmp : Match on catch block at 0xc3 in for 0xa5
01-23 20:43:44.445 21334 21334 E ArmVmp : Match on catch block at 0xc3 in for 0xa9
01-23 20:43:44.451 21334 21334 E ArmVmp : Match on catch block at 0xc3 in for 0xa1
01-23 20:43:44.462 21334 21334 E ArmVmp : Match on catch block at 0xc3 in for 0xa9
01-23 20:43:44.467 21334 21334 E ArmVmp : Match on catch block at 0xc3 in for 0xa1
01-23 20:43:44.843 21334 21334 E ArmVmp : Match on catch block at 0xc3 in for 0xa5
01-23 20:43:44.850 21334 21334 E ArmVmp : Match on catch block at 0xc3 in for 0xa9
01-23 20:43:44.876 21334 21334 E ArmVmp : Match on catch block at 0xc3 in for 0xa1
01-23 20:43:44.883 21334 21334 E ArmVmp : Match on catch block at 0xc3 in for 0xa5
01-23 20:43:44.909 21334 21334 E ArmVmp : Match on catch block at 0xc3 in for 0xa5
01-23 20:43:44.915 21334 21334 E ArmVmp : Match on catch block at 0xc3 in for 0xa9
01-23 20:43:44.959 21334 21334 E ArmVmp : Match on catch block at 0xc3 in for 0xa9
01-23 20:43:44.963 21334 21334 E ArmVmp : Match on catch block at 0xc3 in for 0xa1
01-23 20:43:45.027 21334 21334 E ArmVmp : Match on catch block at 0xc3 in for 0xa1
01-23 20:43:45.033 21334 21334 E ArmVmp : Match on catch block at 0xc3 in for 0xa5
01-23 20:43:45.077 21334 21334 E ArmVmp : Match on catch block at 0xc3 in for 0xa9
01-23 20:43:45.082 21334 21334 E ArmVmp : Match on catch block at 0xc3 in for 0xa1
01-23 20:43:45.108 21334 21334 E ArmVmp : Match on catch block at 0xc3 in for 0xa5
01-23 20:43:45.112 21334 21334 E ArmVmp : Match on catch block at 0xc3 in for 0xa9
01-23 20:43:45.595 21334 21334 E ArmVmp : Match on catch block at 0xc3 in for 0xa5
01-23 20:43:45.603 21334 21334 E ArmVmp : Match on catch block at 0xc3 in for 0xa9
01-23 20:43:45.791 21334 21334 E ArmVmp : Match on catch block at 0xc3 in for 0xa5
01-23 20:43:45.796 21334 21334 E ArmVmp : Match on catch block at 0xc3 in for 0xa9
01-23 20:43:45.891 21334 21334 E ArmVmp : Match on catch block at 0xc3 in for 0xa5
01-23 20:43:45.895 21334 21334 E ArmVmp : Match on catch block at 0xc3 in for 0xa9
01-23 20:43:46.060 21334 21334 E ArmVmp : Match on catch block at 0xc3 in for 0xa5
01-23 20:43:46.069 21334 21334 E ArmVmp : Match on catch block at 0xc3 in for 0xa9
01-23 20:43:46.076 21334 21334 E ArmVmp : Match on catch block at 0xc3 in for 0xa5
01-23 20:43:46.081 21334 21334 E ArmVmp : Match on catch block at 0xc3 in for 0xa9
01-23 20:43:46.091 21334 21334 E ArmVmp : Match on catch block at 0xc3 in for 0xa5
01-23 20:43:46.096 21334 21334 E ArmVmp : Match on catch block at 0xc3 in for 0xa9
01-23 20:43:46.108 21334 21334 E ArmVmp : Match on catch block at 0xc3 in for 0xa5
01-23 20:43:46.113 21334 21334 E ArmVmp : Match on catch block at 0xc3 in for 0xa9
01-23 20:43:46.125 21334 21334 E ArmVmp : Match on catch block at 0xc3 in for 0xa5
01-23 20:43:46.130 21334 21334 E ArmVmp : Match on catch block at 0xc3 in for 0xa9
01-23 20:43:46.141 21334 21334 E ArmVmp : Match on catch block at 0xc3 in for 0xa5
01-23 20:43:46.145 21334 21334 E ArmVmp : Match on catch block at 0xc3 in for 0xa9
01-23 20:43:46.157 21334 21334 E ArmVmp : Match on catch block at 0xc3 in for 0xa5
01-23 20:43:46.161 21334 21334 E ArmVmp : Match on catch block at 0xc3 in for 0xa9
01-23 20:43:46.174 21334 21334 E ArmVmp : Match on catch block at 0xc3 in for 0xa5
01-23 20:43:46.178 21334 21334 E ArmVmp : Match on catch block at 0xc3 in for 0xa9
01-23 20:43:46.191 21334 21334 E ArmVmp : Match on catch block at 0xc3 in for 0xa5
01-23 20:43:46.195 21334 21334 E ArmVmp : Match on catch block at 0xc3 in for 0xa9
01-23 20:43:46.208 21334 21334 E ArmVmp : Match on catch block at 0xc3 in for 0xa5
01-23 20:43:46.212 21334 21334 E ArmVmp : Match on catch block at 0xc3 in for 0xa9
01-23 20:43:46.224 21334 21334 E ArmVmp : Match on catch block at 0xc3 in for 0xa5
01-23 20:43:46.228 21334 21334 E ArmVmp : Match on catch block at 0xc3 in for 0xa9
01-23 20:43:46.241 21334 21334 E ArmVmp : Match on catch block at 0xc3 in for 0xa5
01-23 20:43:46.245 21334 21334 E ArmVmp : Match on catch block at 0xc3 in for 0xa9
01-23 20:43:46.257 21334 21334 E ArmVmp : Match on catch block at 0xc3 in for 0xa5
01-23 20:43:46.261 21334 21334 E ArmVmp : Match on catch block at 0xc3 in for 0xa9
01-23 20:43:46.275 21334 21334 E ArmVmp : Match on catch block at 0xc3 in for 0xa5
01-23 20:43:46.280 21334 21334 E ArmVmp : Match on catch block at 0xc3 in for 0xa9
01-23 20:43:46.291 21334 21334 E ArmVmp : Match on catch block at 0xc3 in for 0xa5
01-23 20:43:46.295 21334 21334 E ArmVmp : Match on catch block at 0xc3 in for 0xa9
01-23 20:43:46.308 21334 21334 E ArmVmp : Match on catch block at 0xc3 in for 0xa5
01-23 20:43:46.312 21334 21334 E ArmVmp : Match on catch block at 0xc3 in for 0xa9
01-23 20:43:46.408 21334 21334 E ArmVmp : Match on catch block at 0xc3 in for 0xa5
01-23 20:43:46.412 21334 21334 E ArmVmp : Match on catch block at 0xc3 in for 0xa9
01-23 20:43:46.424 21334 21334 E ArmVmp : Match on catch block at 0xc3 in for 0xa5
01-23 20:43:46.428 21334 21334 E ArmVmp : Match on catch block at 0xc3 in for 0xa9
01-23 20:43:46.674 21334 21334 E ArmVmp : Match on catch block at 0xc3 in for 0xa5
01-23 20:43:46.679 21334 21334 E ArmVmp : Match on catch block at 0xc3 in for 0xa9
01-23 20:43:47.176 21334 21334 E ArmVmp : Match on catch block at 0xc3 in for 0xa5
01-23 20:43:47.181 21334 21334 E ArmVmp : Match on catch block at 0xc3 in for 0xa9
01-23 20:43:47.677 21334 21334 E ArmVmp : Match on catch block at 0xc3 in for 0xa5
01-23 20:43:47.684 21334 21334 E ArmVmp : Match on catch block at 0xc3 in for 0xa9
01-23 20:43:48.193 21334 21334 E ArmVmp : Match on catch block at 0xc3 in for 0xa5
01-23 20:43:48.201 21334 21334 E ArmVmp : Match on catch block at 0xc3 in for 0xa9
01-23 20:43:48.407 21334 21334 E ArmVmp : Match on catch block at 0xc3 in for 0xa9
01-23 20:43:48.411 21334 21334 E ArmVmp : Match on catch block at 0xc3 in for 0xa1
01-23 20:43:48.441 21334 21334 E ArmVmp : Match on catch block at 0xc3 in for 0xa1
01-23 20:43:48.445 21334 21334 E ArmVmp : Match on catch block at 0xc3 in for 0xa5
01-23 20:43:48.471 21334 21334 E ArmVmp : Match on catch block at 0xc3 in for 0xa5
01-23 20:43:48.474 21334 21334 E ArmVmp : Match on catch block at 0xc3 in for 0xa9
01-23 20:43:48.536 21334 21334 E ArmVmp : Match on catch block at 0xc3 in for 0xa9
01-23 20:43:48.540 21334 21334 E ArmVmp : Match on catch block at 0xc3 in for 0xa1
01-23 20:43:48.559 21334 21334 E ArmVmp : Match on catch block at 0xc3 in for 0xa1
01-23 20:43:48.563 21334 21334 E ArmVmp : Match on catch block at 0xc3 in for 0xa5
01-23 20:43:48.575 21334 21334 E ArmVmp : Match on catch block at 0xc3 in for 0xa5
01-23 20:43:48.579 21334 21334 E ArmVmp : Match on catch block at 0xc3 in for 0xa9
01-23 20:43:48.590 21334 21334 E ArmVmp : Match on catch block at 0xc3 in for 0xa5
01-23 20:43:48.593 21334 21334 E ArmVmp : Match on catch block at 0xc3 in for 0xa9
01-23 20:43:48.606 21334 21334 E ArmVmp : Match on catch block at 0xc3 in for 0xa5
01-23 20:43:48.610 21334 21334 E ArmVmp : Match on catch block at 0xc3 in for 0xa9
01-23 20:43:48.623 21334 21334 E ArmVmp : Match on catch block at 0xc3 in for 0xa5
01-23 20:43:48.627 21334 21334 E ArmVmp : Match on catch block at 0xc3 in for 0xa9
01-23 20:43:48.928 21334 21334 E ArmVmp : Match on catch block at 0xc3 in for 0xa1
01-23 20:43:48.932 21334 21334 E ArmVmp : Match on catch block at 0xc3 in for 0xa5
01-23 20:43:48.943 21334 21334 E ArmVmp : Match on catch block at 0xc3 in for 0xa1
01-23 20:43:48.945 21334 6113 W MediaPlayer: Use of stream types is deprecated for
operations other than volume control
01-23 20:43:48.945 21334 6113 W MediaPlayer: See the documentation of
setAudioStreamType() for what to use instead with android.media.AudioAttributes to
qualify your playback use case
01-23 20:43:48.952 21334 21334 E ArmVmp : Match on catch block at 0xc3 in for 0xa5
01-23 20:43:48.968 21334 32279 W MediaPlayerNative: info/warning (10973, 0)
01-23 20:43:49.460 21334 21334 E ArmVmp : Match on catch block at 0xc3 in for 0xa1
01-23 20:43:49.466 21334 21334 E ArmVmp : Match on catch block at 0xc3 in for 0xa5
01-23 20:43:49.960 21334 21334 E ArmVmp : Match on catch block at 0xc3 in for 0xa1
01-23 20:43:49.969 21334 21334 E ArmVmp : Match on catch block at 0xc3 in for 0xa5
01-23 20:43:50.183 21334 21334 E ArmVmp : Match on catch block at 0xc3 in for 0xa5
01-23 20:43:50.188 21334 21334 E ArmVmp : Match on catch block at 0xc3 in for 0xa9
01-23 20:43:50.208 21334 21334 E ArmVmp : Match on catch block at 0xc3 in for 0xa1
01-23 20:43:50.213 21334 21334 E ArmVmp : Match on catch block at 0xc3 in for 0xa5
01-23 20:43:50.223 21334 21334 E ArmVmp : Match on catch block at 0xc3 in for 0xa1
01-23 20:43:50.227 21334 21334 E ArmVmp : Match on catch block at 0xc3 in for 0xa5
01-23 20:43:50.239 21334 21334 E ArmVmp : Match on catch block at 0xc3 in for 0xa1
01-23 20:43:50.243 21334 21334 E ArmVmp : Match on catch block at 0xc3 in for 0xa5
01-23 20:43:50.256 21334 21334 E ArmVmp : Match on catch block at 0xc3 in for 0xa1
01-23 20:43:50.260 21334 21334 E ArmVmp : Match on catch block at 0xc3 in for 0xa5
01-23 20:43:50.274 21334 21334 E ArmVmp : Match on catch block at 0xc3 in for 0xa1
01-23 20:43:50.277 21334 21334 E ArmVmp : Match on catch block at 0xc3 in for 0xa5
01-23 20:43:50.293 21334 21334 E ArmVmp : Match on catch block at 0xc3 in for 0xa1
01-23 20:43:50.296 21334 21334 E ArmVmp : Match on catch block at 0xc3 in for 0xa5
01-23 20:43:50.306 21334 21334 E ArmVmp : Match on catch block at 0xc3 in for 0xa1
01-23 20:43:50.310 21334 21334 E ArmVmp : Match on catch block at 0xc3 in for 0xa5
01-23 20:43:50.323 21334 21334 E ArmVmp : Match on catch block at 0xc3 in for 0xa1
01-23 20:43:50.327 21334 21334 E ArmVmp : Match on catch block at 0xc3 in for 0xa5
01-23 20:43:50.340 21334 21334 E ArmVmp : Match on catch block at 0xc3 in for 0xa1
01-23 20:43:50.344 21334 21334 E ArmVmp : Match on catch block at 0xc3 in for 0xa5
01-23 20:43:50.357 21334 21334 E ArmVmp : Match on catch block at 0xc3 in for 0xa1
01-23 20:43:50.362 21334 21334 E ArmVmp : Match on catch block at 0xc3 in for 0xa5
01-23 20:43:50.373 21334 21334 E ArmVmp : Match on catch block at 0xc3 in for 0xa1
01-23 20:43:50.378 21334 21334 E ArmVmp : Match on catch block at 0xc3 in for 0xa5
01-23 20:43:50.389 21334 21334 E ArmVmp : Match on catch block at 0xc3 in for 0xa1
01-23 20:43:50.393 21334 21334 E ArmVmp : Match on catch block at 0xc3 in for 0xa5
01-23 20:43:50.507 21334 21334 E ArmVmp : Match on catch block at 0xc3 in for 0xa1
01-23 20:43:50.512 21334 21334 E ArmVmp : Match on catch block at 0xc3 in for 0xa5
01-23 20:43:50.540 21334 21334 E ArmVmp : Match on catch block at 0xc3 in for 0xa1
01-23 20:43:50.545 21334 21334 E ArmVmp : Match on catch block at 0xc3 in for 0xa5
01-23 20:43:50.557 21334 21334 E ArmVmp : Match on catch block at 0xc3 in for 0xa1
01-23 20:43:50.563 21334 21334 E ArmVmp : Match on catch block at 0xc3 in for 0xa5
01-23 20:43:50.573 21334 21334 E ArmVmp : Match on catch block at 0xc3 in for 0xa1
01-23 20:43:50.578 21334 21334 E ArmVmp : Match on catch block at 0xc3 in for 0xa5
01-23 20:43:50.590 21334 21334 E ArmVmp : Match on catch block at 0xc3 in for 0xa1
01-23 20:43:50.594 21334 21334 E ArmVmp : Match on catch block at 0xc3 in for 0xa5
01-23 20:43:50.607 21334 21334 E ArmVmp : Match on catch block at 0xc3 in for 0xa1
01-23 20:43:50.611 21334 21334 E ArmVmp : Match on catch block at 0xc3 in for 0xa5
01-23 20:43:50.623 21334 21334 E ArmVmp : Match on catch block at 0xc3 in for 0xa1
01-23 20:43:50.628 21334 21334 E ArmVmp : Match on catch block at 0xc3 in for 0xa5
01-23 20:43:50.639 21334 21334 E ArmVmp : Match on catch block at 0xc3 in for 0xa1
01-23 20:43:50.644 21334 21334 E ArmVmp : Match on catch block at 0xc3 in for 0xa5
01-23 20:43:50.657 21334 21334 E ArmVmp : Match on catch block at 0xc3 in for 0xa1
01-23 20:43:50.660 21334 21334 E ArmVmp : Match on catch block at 0xc3 in for 0xa5
01-23 20:43:50.673 21334 21334 E ArmVmp : Match on catch block at 0xc3 in for 0xa1
01-23 20:43:50.678 21334 21334 E ArmVmp : Match on catch block at 0xc3 in for 0xa5
01-23 20:43:50.689 21334 21334 E ArmVmp : Match on catch block at 0xc3 in for 0xa1
01-23 20:43:50.693 21334 21334 E ArmVmp : Match on catch block at 0xc3 in for 0xa5
01-23 20:43:50.706 21334 21334 E ArmVmp : Match on catch block at 0xc3 in for 0xa1
01-23 20:43:50.710 21334 21334 E ArmVmp : Match on catch block at 0xc3 in for 0xa5
01-23 20:43:50.723 21334 21334 E ArmVmp : Match on catch block at 0xc3 in for 0xa1
01-23 20:43:50.727 21334 21334 E ArmVmp : Match on catch block at 0xc3 in for 0xa5
01-23 20:43:50.739 21334 21334 E ArmVmp : Match on catch block at 0xc3 in for 0xa1
01-23 20:43:50.743 21334 21334 E ArmVmp : Match on catch block at 0xc3 in for 0xa5
01-23 20:43:50.757 21334 21334 E ArmVmp : Match on catch block at 0xc3 in for 0xa1
01-23 20:43:50.760 21334 21334 E ArmVmp : Match on catch block at 0xc3 in for 0xa5
01-23 20:43:50.772 21334 21334 E ArmVmp : Match on catch block at 0xc3 in for 0xa1
01-23 20:43:50.776 21334 21334 E ArmVmp : Match on catch block at 0xc3 in for 0xa5
01-23 20:43:50.790 21334 21334 E ArmVmp : Match on catch block at 0xc3 in for 0xa1
01-23 20:43:50.794 21334 21334 E ArmVmp : Match on catch block at 0xc3 in for 0xa5
01-23 20:43:50.891 21334 21334 E ArmVmp : Match on catch block at 0xc3 in for 0xa1
01-23 20:43:50.896 21334 21334 E ArmVmp : Match on catch block at 0xc3 in for 0xa5
01-23 20:43:51.207 21334 21334 E ArmVmp : Match on catch block at 0xc3 in for 0xa1
01-23 20:43:51.212 21334 21334 E ArmVmp : Match on catch block at 0xc3 in for 0xa5
01-23 20:43:51.641 21334 21334 E ArmVmp : Match on catch block at 0xc3 in for 0xa1
01-23 20:43:51.647 21334 21334 E ArmVmp : Match on catch block at 0xc3 in for 0xa5
01-23 20:43:51.826 21334 21334 E ArmVmp : Match on catch block at 0xc3 in for 0xa1
01-23 20:43:51.832 21334 21334 E ArmVmp : Match on catch block at 0xc3 in for 0xa5
01-23 20:43:51.956 21334 21334 E ArmVmp : Match on catch block at 0xc3 in for 0xa1
01-23 20:43:51.960 21334 21334 E ArmVmp : Match on catch block at 0xc3 in for 0xa5
01-23 20:43:52.141 21334 21334 E ArmVmp : Match on catch block at 0xc3 in for 0xa1
01-23 20:43:52.146 21334 21334 E ArmVmp : Match on catch block at 0xc3 in for 0xa5
01-23 20:43:52.340 21334 21334 E ArmVmp : Match on catch block at 0xc3 in for 0xa1
01-23 20:43:52.345 21334 21334 E ArmVmp : Match on catch block at 0xc3 in for 0xa5
01-23 20:43:52.490 21334 21334 E ArmVmp : Match on catch block at 0xc3 in for 0xa1
01-23 20:43:52.494 21334 21334 E ArmVmp : Match on catch block at 0xc3 in for 0xa5
01-23 20:43:52.523 21334 21334 E ArmVmp : Match on catch block at 0xc3 in for 0xa1
01-23 20:43:52.528 21334 21334 E ArmVmp : Match on catch block at 0xc3 in for 0xa5
01-23 20:43:52.674 21334 21334 E ArmVmp : Match on catch block at 0xc3 in for 0xa1
01-23 20:43:52.680 21334 21334 E ArmVmp : Match on catch block at 0xc3 in for 0xa5
01-23 20:43:52.706 21334 21334 E ArmVmp : Match on catch block at 0xc3 in for 0xa1
01-23 20:43:52.710 21334 21334 E ArmVmp : Match on catch block at 0xc3 in for 0xa5
01-23 20:43:52.872 21334 21334 E ArmVmp : Match on catch block at 0xc3 in for 0xa1
01-23 20:43:52.876 21334 21334 E ArmVmp : Match on catch block at 0xc3 in for 0xa5
01-23 20:43:53.139 21334 21334 E ArmVmp : Match on catch block at 0xc3 in for 0xa1
01-23 20:43:53.145 21334 21334 E ArmVmp : Match on catch block at 0xc3 in for 0xa5
01-23 20:43:53.156 21334 21334 E ArmVmp : Match on catch block at 0xc3 in for 0xa1
01-23 20:43:53.161 21334 21334 E ArmVmp : Match on catch block at 0xc3 in for 0xa5
01-23 20:43:53.658 21334 21334 E ArmVmp : Match on catch block at 0xc3 in for 0xa5
01-23 20:43:53.666 21334 21334 E ArmVmp : Match on catch block at 0xc3 in for 0xa9
01-23 20:43:53.859 21334 21334 E ArmVmp : Match on catch block at 0xc3 in for 0xa1
01-23 20:43:53.864 21334 21334 E ArmVmp : Match on catch block at 0xc3 in for 0xa5
01-23 20:43:53.902 21334 21334 E ArmVmp : Match on catch block at 0xc3 in for 0xa5
01-23 20:43:53.906 21334 21334 E ArmVmp : Match on catch block at 0xc3 in for 0xa9
01-23 20:43:53.935 21334 21334 E ArmVmp : Match on catch block at 0xc3 in for 0xa9
01-23 20:43:53.939 21334 21334 E ArmVmp : Match on catch block at 0xc3 in for 0xa1
01-23 20:43:54.000 21334 21334 E ArmVmp : Match on catch block at 0xc3 in for 0xa9
01-23 20:43:54.004 21334 21334 E ArmVmp : Match on catch block at 0xc3 in for 0xa1
01-23 20:43:54.023 21334 21334 E ArmVmp : Match on catch block at 0xc3 in for 0xa9
01-23 20:43:54.027 21334 21334 E ArmVmp : Match on catch block at 0xc3 in for 0xa1
01-23 20:43:54.041 21334 21334 E ArmVmp : Match on catch block at 0xc3 in for 0xa1
01-23 20:43:54.045 21334 21334 E ArmVmp : Match on catch block at 0xc3 in for 0xa5
01-23 20:43:54.055 21334 21334 E ArmVmp : Match on catch block at 0xc3 in for 0xa1
01-23 20:43:54.060 21334 21334 E ArmVmp : Match on catch block at 0xc3 in for 0xa5
01-23 20:43:54.072 21334 21334 E ArmVmp : Match on catch block at 0xc3 in for 0xa1
01-23 20:43:54.075 21334 21334 E ArmVmp : Match on catch block at 0xc3 in for 0xa5
01-23 20:43:54.088 21334 21334 E ArmVmp : Match on catch block at 0xc3 in for 0xa1
01-23 20:43:54.092 21334 21334 E ArmVmp : Match on catch block at 0xc3 in for 0xa5
01-23 20:43:54.276 21334 21334 E ArmVmp : Match on catch block at 0xc3 in for 0xa5
01-23 20:43:54.280 21334 21334 E ArmVmp : Match on catch block at 0xc3 in for 0xa9
01-23 20:43:54.290 21334 6113 W MediaPlayer: Use of stream types is deprecated for
operations other than volume control
01-23 20:43:54.290 21334 6113 W MediaPlayer: See the documentation of
setAudioStreamType() for what to use instead with android.media.AudioAttributes to
qualify your playback use case
01-23 20:43:54.298 21334 21334 E ArmVmp : Match on catch block at 0xc3 in for 0xa5
01-23 20:43:54.302 21334 21334 E ArmVmp : Match on catch block at 0xc3 in for 0xa9
01-23 20:43:54.311 21334 32279 W MediaPlayerNative: info/warning (10973, 0)
01-23 20:43:54.405 21334 21334 E ArmVmp : Match on catch block at 0xc3 in for 0xa5
01-23 20:43:54.410 21334 21334 E ArmVmp : Match on catch block at 0xc3 in for 0xa9
01-23 20:43:54.859 21334 21334 E ArmVmp : Match on catch block at 0xc3 in for 0xa9
01-23 20:43:54.863 21334 21334 E ArmVmp : Match on catch block at 0xc3 in for 0xa1
01-23 20:43:54.874 21334 21334 E ArmVmp : Match on catch block at 0xc3 in for 0xa9
01-23 20:43:54.878 21334 21334 E ArmVmp : Match on catch block at 0xc3 in for 0xa1
01-23 20:43:54.905 21334 21334 E ArmVmp : Match on catch block at 0xc3 in for 0xa9
01-23 20:43:54.909 21334 21334 E ArmVmp : Match on catch block at 0xc3 in for 0xa1
01-23 20:43:55.266 21334 21334 E ArmVmp : Match on catch block at 0xc3 in for 0xa5
01-23 20:43:55.271 21334 21334 E ArmVmp : Match on catch block at 0xc3 in for 0xa9
01-23 20:43:55.448 21334 21334 E ArmVmp : Match on catch block at 0xc3 in for 0xa1
01-23 20:43:55.453 21334 21334 E ArmVmp : Match on catch block at 0xc3 in for 0xa5
01-23 20:43:55.741 21334 21737 W libEGL : EGLNativeWindowType 0x7184757010
disconnect failed
01-23 20:43:55.754 21334 21334 E ArmVmp : Match on catch block at 0xc3 in for 0xa5
01-23 20:43:55.758 21334 21334 E ArmVmp : Match on catch block at 0xc3 in for 0xa9
01-23 20:43:59.727 21334 21737 W libEGL : EGLNativeWindowType 0x7184865010
disconnect failed
01-24 02:23:38.216 21334 21348 W System : A resource failed to call end.
01-24 02:24:01.785 21334 21348 W System : A resource failed to call end.
01-24 02:24:01.785 21334 21348 W System : A resource failed to call end.
01-24 02:24:01.785 21334 21348 W System : A resource failed to call end.
01-24 04:04:28.761 21334 23046 W chromium:
[0124/040428.761849:WARNING:dns_config_service_android.cc(81)] Failed to read
DnsConfig.
01-24 04:04:40.060 21334 21348 W System : A resource failed to call end.
01-24 04:04:45.467 21334 21346 W com.whatsapp: Suspending all threads took: 8.596ms
01-24 06:15:58.886 21334 22948 W com.whatsapp: Long monitor contention with owner
Receipt Processing Thread (21397) at android.database.sqlite.SQLiteConnection
android.database.sqlite.SQLiteConnectionPool.waitForConnection(java.lang.String,
int, android.os.CancellationSignal)(SQLiteConnectionPool.java:977) waiters=0 in
android.database.sqlite.SQLiteConnection
android.database.sqlite.SQLiteConnectionPool.waitForConnection(java.lang.String,
int, android.os.CancellationSignal) for 339ms
01-24 06:16:00.261 21334 21397 W com.whatsapp: Long monitor contention with owner
WhatsApp Worker #59 (22948) at android.database.sqlite.SQLiteConnection
android.database.sqlite.SQLiteConnectionPool.waitForConnection(java.lang.String,
int, android.os.CancellationSignal)(SQLiteConnectionPool.java:977) waiters=3 in
void
android.database.sqlite.SQLiteConnectionPool.releaseConnection(android.database.sql
ite.SQLiteConnection) for 1.308s
01-24 08:11:54.928 21334 21396 E SQLiteDatabase: Error inserting transferred=1
media_job_uuid=a5b8c635-6711-474c-a520-7c31f6ba4c4e transcoded=0 gif_attribution=0
first_scan_length=1050 direct_path=/o1/v/t62.7118-24/f1/m234/up-oil-image-86fc4521-
e239-4326-ba70-60e4932a503d?ccb=9-
4&oh=01_AdRbejhtxG9sGWIlqM6mMdVkMSbE0vQovogEjye5gJ2SaQ&oe=65D87DD9&_nc_sid=000000
thumbnail_height_width_ratio=0.46875 is_animated_sticker=0
file_hash=mZnzzfnVKQJOZzb+YIb3wrHCyWAHwoj85GdK1TR/anw=
file_path=Media/.Statuses/21bf83c832394385ad43540a0a914b54.jpg file_size=8590
partial_media_hash=DUOoZMaEA+6/xQRAtAsk3/C6Kc0oea8yrOwKr7L4Vg4= face_x=0 face_y=0
height=223 trim_to=0 media_key_timestamp=1706095588000
message_url=https://mmg.whatsapp.net/o1/v/t62.7118-24/f1/m234/up-oil-image-
86fc4521-e239-4326-ba70-60e4932a503d?ccb=9-
4&oh=01_AdRbejhtxG9sGWIlqM6mMdVkMSbE0vQovogEjye5gJ2SaQ&oe=65D87DD9&_nc_sid=000000&m
ms3=true media_caption=null trim_from=0 mime_type=image/jpeg
partial_media_enc_hash=null width=465 original_file_hash=null
has_streaming_sidecar=1 autotransfer_retry_enabled=1 media_upload_handle=null
message_row_id=1326 multicast_id=null
enc_file_hash=zYU6EEaHDuhWw70SpXwCk0cpTCRQraI6SR7eBdbqVpo= mute_video=0
page_count=0 first_scan_sidecar=[B@e510f57 suspicious_content=0 file_length=8590
media_name=null media_duration=0 chat_row_id=73 media_key=[B@f7a3a44
01-24 08:11:54.928 21334 21396 E SQLiteDatabase:
android.database.sqlite.SQLiteConstraintException: UNIQUE constraint failed:
message_media.message_row_id (code 1555 SQLITE_CONSTRAINT_PRIMARYKEY[1555])
01-24 08:11:54.928 21334 21396 E SQLiteDatabase: at
android.database.sqlite.SQLiteConnection.nativeExecuteForLastInsertedRowId(Native
Method)
01-24 08:11:54.928 21334 21396 E SQLiteDatabase: at
android.database.sqlite.SQLiteConnection.executeForLastInsertedRowId(SQLiteConnecti
on.java:1217)
01-24 08:11:54.928 21334 21396 E SQLiteDatabase: at
android.database.sqlite.SQLiteSession.executeForLastInsertedRowId(SQLiteSession.jav
a:790)
01-24 08:11:54.928 21334 21396 E SQLiteDatabase: at
android.database.sqlite.SQLiteStatement.executeInsert(SQLiteStatement.java:88)
01-24 08:11:54.928 21334 21396 E SQLiteDatabase: at
android.database.sqlite.SQLiteDatabase.insertWithOnConflict(SQLiteDatabase.java:221
9)
01-24 08:11:54.928 21334 21396 E SQLiteDatabase: at
android.database.sqlite.SQLiteDatabase.insert(SQLiteDatabase.java:2088)
01-24 08:11:54.928 21334 21396 E SQLiteDatabase: at X.2tm.A08(Unknown
Source:6)
01-24 08:11:54.928 21334 21396 E SQLiteDatabase: at X.35Y.A07(Unknown
Source:212)
01-24 08:11:54.928 21334 21396 E SQLiteDatabase: at X.3QF.A14(Unknown
Source:470)
01-24 08:11:54.928 21334 21396 E SQLiteDatabase: at X.3gU.run(Unknown
Source:982)
01-24 08:11:54.928 21334 21396 E SQLiteDatabase: at
android.os.Handler.handleCallback(Handler.java:938)
01-24 08:11:54.928 21334 21396 E SQLiteDatabase: at
android.os.Handler.dispatchMessage(Handler.java:99)
01-24 08:11:54.928 21334 21396 E SQLiteDatabase: at
X.0zq.dispatchMessage(Unknown Source:4)
01-24 08:11:54.928 21334 21396 E SQLiteDatabase: at
android.os.Looper.loop(Looper.java:246)
01-24 08:11:54.928 21334 21396 E SQLiteDatabase: at
android.os.HandlerThread.run(HandlerThread.java:67)
01-24 08:11:55.263 21334 21334 W com.whatsapp: Long monitor contention with owner
wa-shared-handler (21495) at void com.whatsapp.HomeActivity.A6e()(:-1) waiters=0 in
boolean X.5mL.Bg9() for 256ms
01-24 08:11:56.041 21334 21334 W com.whatsapp: Long monitor contention with owner
wa-shared-handler (21495) at void com.whatsapp.HomeActivity.A6e()(:-1) waiters=0 in
java.util.List X.32m.A0B(X.1Nj) for 271ms
01-24 08:11:56.531 21334 21346 W com.whatsapp: Suspending all threads took:
15.695ms
01-24 08:11:56.957 21334 21396 E SQLiteDatabase: Error inserting transferred=1
media_job_uuid=9f4e7181-54d8-40c5-9d8b-857be8cb43b8 transcoded=0 gif_attribution=0
first_scan_length=979 direct_path=/o1/v/t62.7118-24/f1/m239/up-oil-image-72134bec-
1538-4db9-981c-47514d517f9c?ccb=9-
4&oh=01_AdSlNa4PDXIYkxitL6nMKKV7QS8hcKLmi0q5dINTbuDNRA&oe=65D85C26&_nc_sid=000000
thumbnail_height_width_ratio=0.375 is_animated_sticker=0
file_hash=gP8AEuB0EOF7E3wH8Y9u1Y3yXsT87D34Ag4jG4zGDqw=
file_path=Media/.Statuses/c5a2b6da2894483ea3cfb44601317b37.jpg file_size=8480
partial_media_hash=fAyoZsPdABW/GNBLsmp1FKXbr0epBHuOK0KzIeCBoK4= face_x=0 face_y=0
height=182 trim_to=0 media_key_timestamp=1706095729000
message_url=https://mmg.whatsapp.net/o1/v/t62.7118-24/f1/m239/up-oil-image-
72134bec-1538-4db9-981c-47514d517f9c?ccb=9-
4&oh=01_AdSlNa4PDXIYkxitL6nMKKV7QS8hcKLmi0q5dINTbuDNRA&oe=65D85C26&_nc_sid=000000&m
ms3=true media_caption=null trim_from=0 mime_type=image/jpeg
partial_media_enc_hash=null width=480 original_file_hash=null
has_streaming_sidecar=1 autotransfer_retry_enabled=1 media_upload_handle=null
message_row_id=1327 multicast_id=null
