01-23 19:59:37.622 21334 21334 E ArmVmp : Match on catch block at 0xc3 in for 0xa1
01-23 19:59:37.654 21334 21737 W libEGL : EGLNativeWindowType 0x7183064010
disconnect failed
01-23 19:59:37.681 21334 21737 W libEGL : EGLNativeWindowType 0x7183064010
disconnect failed
01-23 19:59:37.687 21334 21334 E ArmVmp : Match on catch block at 0xc3 in for 0xa9
01-23 19:59:37.693 21334 21334 E ArmVmp : Match on catch block at 0xc3 in for 0xa1
01-23 19:59:37.728 21334 21737 W libEGL : EGLNativeWindowType 0x7183064010
disconnect failed
01-23 19:59:37.760 21334 21737 W libEGL : EGLNativeWindowType 0x7183064010
disconnect failed
01-23 19:59:37.765 21334 21334 E ArmVmp : Match on catch block at 0xc3 in for 0xa9
01-23 19:59:37.770 21334 21334 E ArmVmp : Match on catch block at 0xc3 in for 0xa1
01-23 19:59:37.806 21334 21737 W libEGL : EGLNativeWindowType 0x7183064010
disconnect failed
01-23 19:59:37.833 21334 21737 W libEGL : EGLNativeWindowType 0x7183064010
disconnect failed
01-23 19:59:37.860 21334 21737 W libEGL : EGLNativeWindowType 0x7183064010
disconnect failed
01-23 19:59:37.889 21334 21737 W libEGL : EGLNativeWindowType 0x7183064010
disconnect failed
01-23 19:59:37.920 21334 21737 W libEGL : EGLNativeWindowType 0x7183064010
disconnect failed
01-23 19:59:38.246 21334 21334 E ArmVmp : Match on catch block at 0xc3 in for 0xa9
01-23 19:59:38.252 21334 21334 E ArmVmp : Match on catch block at 0xc3 in for 0xa1
01-23 19:59:38.497 21334 21334 E ArmVmp : Match on catch block at 0xc3 in for 0xa9
01-23 19:59:38.504 21334 21334 E ArmVmp : Match on catch block at 0xc3 in for 0xa1
01-23 19:59:38.513 21334 21334 E ArmVmp : Match on catch block at 0xc3 in for 0xa9
01-23 19:59:38.520 21334 21334 E ArmVmp : Match on catch block at 0xc3 in for 0xa1
01-23 19:59:38.530 21334 21334 E ArmVmp : Match on catch block at 0xc3 in for 0xa5
01-23 19:59:38.534 21334 21334 E ArmVmp : Match on catch block at 0xc3 in for 0xa9
01-23 19:59:38.544 21334 21334 E ArmVmp : Match on catch block at 0xc3 in for 0xa9
01-23 19:59:38.549 21334 21334 E ArmVmp : Match on catch block at 0xc3 in for 0xa1
01-23 19:59:38.561 21334 21334 E ArmVmp : Match on catch block at 0xc3 in for 0xa1
01-23 19:59:38.565 21334 21334 E ArmVmp : Match on catch block at 0xc3 in for 0xa5
01-23 19:59:38.578 21334 21334 E ArmVmp : Match on catch block at 0xc3 in for 0xa5
01-23 19:59:38.582 21334 21334 E ArmVmp : Match on catch block at 0xc3 in for 0xa9
01-23 19:59:38.594 21334 21334 E ArmVmp : Match on catch block at 0xc3 in for 0xa9
01-23 19:59:38.598 21334 21334 E ArmVmp : Match on catch block at 0xc3 in for 0xa1
01-23 19:59:38.611 21334 21334 E ArmVmp : Match on catch block at 0xc3 in for 0xa1
01-23 19:59:38.615 21334 21334 E ArmVmp : Match on catch block at 0xc3 in for 0xa5
01-23 19:59:38.627 21334 21334 E ArmVmp : Match on catch block at 0xc3 in for 0xa9
01-23 19:59:38.631 21334 21334 E ArmVmp : Match on catch block at 0xc3 in for 0xa1
01-23 19:59:38.643 21334 21334 E ArmVmp : Match on catch block at 0xc3 in for 0xa9
01-23 19:59:38.647 21334 21334 E ArmVmp : Match on catch block at 0xc3 in for 0xa1
01-23 19:59:38.660 21334 21334 E ArmVmp : Match on catch block at 0xc3 in for 0xa9
01-23 19:59:38.665 21334 21334 E ArmVmp : Match on catch block at 0xc3 in for 0xa1
01-23 19:59:38.679 21334 21334 E ArmVmp : Match on catch block at 0xc3 in for 0xa9
01-23 19:59:38.683 21334 21334 E ArmVmp : Match on catch block at 0xc3 in for 0xa1
01-23 19:59:38.694 21334 21334 E ArmVmp : Match on catch block at 0xc3 in for 0xa9
01-23 19:59:38.698 21334 21334 E ArmVmp : Match on catch block at 0xc3 in for 0xa1
01-23 19:59:38.711 21334 21334 E ArmVmp : Match on catch block at 0xc3 in for 0xa9
01-23 19:59:38.716 21334 21334 E ArmVmp : Match on catch block at 0xc3 in for 0xa1
01-23 19:59:38.727 21334 21334 E ArmVmp : Match on catch block at 0xc3 in for 0xa9
01-23 19:59:38.734 21334 21334 E ArmVmp : Match on catch block at 0xc3 in for 0xa1
01-23 19:59:38.746 21334 21334 E ArmVmp : Match on catch block at 0xc3 in for 0xa9
01-23 19:59:38.754 21334 21334 E ArmVmp : Match on catch block at 0xc3 in for 0xa1
01-23 19:59:38.896 21334 21737 W libEGL : EGLNativeWindowType 0x7183064010
disconnect failed
01-23 19:59:39.262 21334 21334 E ArmVmp : Match on catch block at 0xc3 in for 0xa1
01-23 19:59:39.269 21334 21334 E ArmVmp : Match on catch block at 0xc3 in for 0xa5
01-23 19:59:39.312 21334 21334 E ArmVmp : Match on catch block at 0xc3 in for 0xa5
01-23 19:59:39.319 21334 21334 E ArmVmp : Match on catch block at 0xc3 in for 0xa9
01-23 19:59:39.356 21334 21334 E ArmVmp : Match on catch block at 0xc3 in for 0xa5
01-23 19:59:39.361 21334 21334 E ArmVmp : Match on catch block at 0xc3 in for 0xa9
01-23 19:59:39.504 21334 21334 E ArmVmp : Match on catch block at 0xc3 in for 0xa5
01-23 19:59:39.508 21334 21334 E ArmVmp : Match on catch block at 0xc3 in for 0xa9
01-23 19:59:39.521 21334 21334 E ArmVmp : Match on catch block at 0xc3 in for 0xa5
01-23 19:59:39.528 21334 21334 E ArmVmp : Match on catch block at 0xc3 in for 0xa9
01-23 19:59:39.546 21334 21737 W libEGL : EGLNativeWindowType 0x7183064010
disconnect failed
01-23 19:59:39.573 21334 21334 E ArmVmp : Match on catch block at 0xc3 in for 0xa5
01-23 19:59:39.581 21334 21334 E ArmVmp : Match on catch block at 0xc3 in for 0xa9
01-23 19:59:39.761 21334 21334 E ArmVmp : Match on catch block at 0xc3 in for 0xa5
01-23 19:59:39.766 21334 21334 E ArmVmp : Match on catch block at 0xc3 in for 0xa9
01-23 19:59:40.262 21334 21334 E ArmVmp : Match on catch block at 0xc3 in for 0xa5
01-23 19:59:40.269 21334 21334 E ArmVmp : Match on catch block at 0xc3 in for 0xa9
01-23 19:59:40.511 21334 21334 E ArmVmp : Match on catch block at 0xc3 in for 0xa9
01-23 19:59:40.515 21334 21334 E ArmVmp : Match on catch block at 0xc3 in for 0xa1
01-23 19:59:40.564 21334 21334 E ArmVmp : Match on catch block at 0xc3 in for 0xa5
01-23 19:59:40.570 21334 21334 E ArmVmp : Match on catch block at 0xc3 in for 0xa9
01-23 19:59:40.587 21334 21334 E ArmVmp : Match on catch block at 0xc3 in for 0xa5
01-23 19:59:40.592 21334 21334 E ArmVmp : Match on catch block at 0xc3 in for 0xa9
01-23 19:59:40.766 21334 21334 E ArmVmp : Match on catch block at 0xc3 in for 0xa1
01-23 19:59:40.770 21334 21334 E ArmVmp : Match on catch block at 0xc3 in for 0xa5
01-23 19:59:40.801 21334 21334 E ArmVmp : Match on catch block at 0xc3 in for 0xa9
01-23 19:59:40.805 21334 21334 E ArmVmp : Match on catch block at 0xc3 in for 0xa1
01-23 19:59:40.862 21334 21334 E ArmVmp : Match on catch block at 0xc3 in for 0xa5
01-23 19:59:40.867 21334 21334 E ArmVmp : Match on catch block at 0xc3 in for 0xa9
01-23 19:59:40.919 21334 21334 E ArmVmp : Match on catch block at 0xc3 in for 0xa9
01-23 19:59:40.924 21334 21334 E ArmVmp : Match on catch block at 0xc3 in for 0xa1
01-23 19:59:40.969 21334 21334 E ArmVmp : Match on catch block at 0xc3 in for 0xa9
01-23 19:59:40.974 21334 21334 E ArmVmp : Match on catch block at 0xc3 in for 0xa1
01-23 19:59:41.002 21334 21334 E ArmVmp : Match on catch block at 0xc3 in for 0xa9
01-23 19:59:41.006 21334 21334 E ArmVmp : Match on catch block at 0xc3 in for 0xa1
01-23 19:59:41.072 21334 21334 E ArmVmp : Match on catch block at 0xc3 in for 0xa9
01-23 19:59:41.077 21334 21334 E ArmVmp : Match on catch block at 0xc3 in for 0xa1
01-23 19:59:41.125 21334 21334 E ArmVmp : Match on catch block at 0xc3 in for 0xa9
01-23 19:59:41.131 21334 21334 E ArmVmp : Match on catch block at 0xc3 in for 0xa1
01-23 19:59:41.156 21334 21334 E ArmVmp : Match on catch block at 0xc3 in for 0xa5
01-23 19:59:41.161 21334 21334 E ArmVmp : Match on catch block at 0xc3 in for 0xa9
01-23 19:59:41.186 21334 21334 E ArmVmp : Match on catch block at 0xc3 in for 0xa5
01-23 19:59:41.191 21334 21334 E ArmVmp : Match on catch block at 0xc3 in for 0xa9
01-23 19:59:41.399 21334 21334 E ArmVmp : Match on catch block at 0xc3 in for 0xa5
01-23 19:59:41.402 21334 21334 E ArmVmp : Match on catch block at 0xc3 in for 0xa9
01-23 19:59:41.422 21334 21334 E ArmVmp : Match on catch block at 0xc3 in for 0xa5
01-23 19:59:41.422 21334 30397 W MediaPlayer: Use of stream types is deprecated for
operations other than volume control
01-23 19:59:41.422 21334 30397 W MediaPlayer: See the documentation of
setAudioStreamType() for what to use instead with android.media.AudioAttributes to
qualify your playback use case
01-23 19:59:41.429 21334 21334 E ArmVmp : Match on catch block at 0xc3 in for 0xa9
01-23 19:59:41.447 21334 21351 W MediaPlayerNative: info/warning (10973, 0)
01-23 19:59:41.473 21334 21737 W libEGL : EGLNativeWindowType 0x71823bc010
disconnect failed
01-23 19:59:41.500 21334 21737 W libEGL : EGLNativeWindowType 0x71823bc010
disconnect failed
01-23 19:59:41.534 21334 21737 W libEGL : EGLNativeWindowType 0x71823bc010
disconnect failed
01-23 19:59:41.583 21334 21737 W libEGL : EGLNativeWindowType 0x71823bc010
disconnect failed
01-23 19:59:41.625 21334 21737 W libEGL : EGLNativeWindowType 0x71823bc010
disconnect failed
01-23 19:59:41.664 21334 21737 W libEGL : EGLNativeWindowType 0x71823bc010
disconnect failed
01-23 19:59:41.703 21334 21737 W libEGL : EGLNativeWindowType 0x71823bc010
disconnect failed
01-23 19:59:41.742 21334 21737 W libEGL : EGLNativeWindowType 0x71823bc010
disconnect failed
01-23 19:59:41.846 21334 21334 E ArmVmp : Match on catch block at 0xc3 in for 0xa9
01-23 19:59:41.852 21334 21334 E ArmVmp : Match on catch block at 0xc3 in for 0xa1
01-23 19:59:41.879 21334 21334 E ArmVmp : Match on catch block at 0xc3 in for 0xa9
01-23 19:59:41.886 21334 21334 E ArmVmp : Match on catch block at 0xc3 in for 0xa1
01-23 19:59:41.908 21334 21334 E ArmVmp : Match on catch block at 0xc3 in for 0xa1
01-23 19:59:41.915 21334 21334 E ArmVmp : Match on catch block at 0xc3 in for 0xa5
01-23 19:59:41.937 21334 21334 E ArmVmp : Match on catch block at 0xc3 in for 0xa1
01-23 19:59:41.944 21334 21334 E ArmVmp : Match on catch block at 0xc3 in for 0xa5
01-23 19:59:41.967 21334 21334 E ArmVmp : Match on catch block at 0xc3 in for 0xa1
01-23 19:59:41.981 21334 21334 E ArmVmp : Match on catch block at 0xc3 in for 0xa5
01-23 19:59:41.999 21334 21334 E ArmVmp : Match on catch block at 0xc3 in for 0xa1
01-23 19:59:42.004 21334 21334 E ArmVmp : Match on catch block at 0xc3 in for 0xa5
01-23 19:59:42.022 21334 21334 E ArmVmp : Match on catch block at 0xc3 in for 0xa1
01-23 19:59:42.027 21334 21334 E ArmVmp : Match on catch block at 0xc3 in for 0xa5
01-23 19:59:42.043 21334 21334 E ArmVmp : Match on catch block at 0xc3 in for 0xa1
01-23 19:59:42.049 21334 21334 E ArmVmp : Match on catch block at 0xc3 in for 0xa5
01-23 19:59:42.066 21334 21334 E ArmVmp : Match on catch block at 0xc3 in for 0xa1
01-23 19:59:42.070 21334 21334 E ArmVmp : Match on catch block at 0xc3 in for 0xa5
01-23 19:59:42.087 21334 21334 E ArmVmp : Match on catch block at 0xc3 in for 0xa1
01-23 19:59:42.092 21334 21334 E ArmVmp : Match on catch block at 0xc3 in for 0xa5
01-23 19:59:42.109 21334 21334 E ArmVmp : Match on catch block at 0xc3 in for 0xa1
01-23 19:59:42.115 21334 21334 E ArmVmp : Match on catch block at 0xc3 in for 0xa5
01-23 19:59:42.133 21334 21334 E ArmVmp : Match on catch block at 0xc3 in for 0xa1
01-23 19:59:42.138 21334 21334 E ArmVmp : Match on catch block at 0xc3 in for 0xa5
01-23 19:59:42.155 21334 21334 E ArmVmp : Match on catch block at 0xc3 in for 0xa1
01-23 19:59:42.160 21334 21334 E ArmVmp : Match on catch block at 0xc3 in for 0xa5
01-23 19:59:42.181 21334 21334 E ArmVmp : Match on catch block at 0xc3 in for 0xa5
01-23 19:59:42.187 21334 21334 E ArmVmp : Match on catch block at 0xc3 in for 0xa9
01-23 19:59:42.204 21334 21334 E ArmVmp : Match on catch block at 0xc3 in for 0xa5
01-23 19:59:42.209 21334 21334 E ArmVmp : Match on catch block at 0xc3 in for 0xa9
01-23 19:59:42.226 21334 21334 E ArmVmp : Match on catch block at 0xc3 in for 0xa5
01-23 19:59:42.232 21334 21334 E ArmVmp : Match on catch block at 0xc3 in for 0xa9
01-23 19:59:42.248 21334 21334 E ArmVmp : Match on catch block at 0xc3 in for 0xa5
01-23 19:59:42.254 21334 21334 E ArmVmp : Match on catch block at 0xc3 in for 0xa9
01-23 19:59:42.272 21334 21334 E ArmVmp : Match on catch block at 0xc3 in for 0xa5
01-23 19:59:42.279 21334 21334 E ArmVmp : Match on catch block at 0xc3 in for 0xa9
01-23 19:59:42.479 21334 21334 E ArmVmp : Match on catch block at 0xc3 in for 0xa5
01-23 19:59:42.485 21334 21334 E ArmVmp : Match on catch block at 0xc3 in for 0xa9
01-23 19:59:42.744 21334 21737 W libEGL : EGLNativeWindowType 0x71823bc010
disconnect failed
01-23 19:59:42.835 21334 21737 W libEGL : EGLNativeWindowType 0x71823bc010
disconnect failed
01-23 19:59:42.873 21334 21737 W libEGL : EGLNativeWindowType 0x71823bc010
disconnect failed
01-23 19:59:42.908 21334 21737 W libEGL : EGLNativeWindowType 0x71823bc010
disconnect failed
01-23 19:59:43.014 21334 21334 E ArmVmp : Match on catch block at 0xc3 in for 0xa1
01-23 19:59:43.018 21334 21334 E ArmVmp : Match on catch block at 0xc3 in for 0xa5
01-23 19:59:43.430 21334 21334 E ArmVmp : Match on catch block at 0xc3 in for 0xa1
01-23 19:59:43.439 21334 21334 E ArmVmp : Match on catch block at 0xc3 in for 0xa5
01-23 19:59:43.463 21334 21334 E ArmVmp : Match on catch block at 0xc3 in for 0xa1
01-23 19:59:43.469 21334 21334 E ArmVmp : Match on catch block at 0xc3 in for 0xa5
01-23 19:59:43.490 21334 21334 E ArmVmp : Match on catch block at 0xc3 in for 0xa1
01-23 19:59:43.497 21334 21334 E ArmVmp : Match on catch block at 0xc3 in for 0xa5
01-23 19:59:43.516 21334 21334 E ArmVmp : Match on catch block at 0xc3 in for 0xa1
01-23 19:59:43.522 21334 21334 E ArmVmp : Match on catch block at 0xc3 in for 0xa5
01-23 19:59:43.541 21334 21334 E ArmVmp : Match on catch block at 0xc3 in for 0xa1
01-23 19:59:43.548 21334 21334 E ArmVmp : Match on catch block at 0xc3 in for 0xa5
01-23 19:59:43.566 21334 21334 E ArmVmp : Match on catch block at 0xc3 in for 0xa1
01-23 19:59:43.572 21334 21334 E ArmVmp : Match on catch block at 0xc3 in for 0xa5
01-23 19:59:43.589 21334 21334 E ArmVmp : Match on catch block at 0xc3 in for 0xa1
01-23 19:59:43.595 21334 21334 E ArmVmp : Match on catch block at 0xc3 in for 0xa5
01-23 19:59:43.613 21334 21334 E ArmVmp : Match on catch block at 0xc3 in for 0xa1
01-23 19:59:43.620 21334 21334 E ArmVmp : Match on catch block at 0xc3 in for 0xa5
01-23 19:59:43.637 21334 21334 E ArmVmp : Match on catch block at 0xc3 in for 0xa1
01-23 19:59:43.644 21334 21334 E ArmVmp : Match on catch block at 0xc3 in for 0xa5
01-23 19:59:43.662 21334 21334 E ArmVmp : Match on catch block at 0xc3 in for 0xa1
01-23 19:59:43.670 21334 21334 E ArmVmp : Match on catch block at 0xc3 in for 0xa5
01-23 19:59:43.689 21334 21334 E ArmVmp : Match on catch block at 0xc3 in for 0xa1
01-23 19:59:43.699 21334 21334 E ArmVmp : Match on catch block at 0xc3 in for 0xa5
01-23 19:59:43.717 21334 21334 E ArmVmp : Match on catch block at 0xc3 in for 0xa1
01-23 19:59:43.722 21334 21334 E ArmVmp : Match on catch block at 0xc3 in for 0xa5
01-23 19:59:44.045 21334 21334 E ArmVmp : Match on catch block at 0xc3 in for 0xa1
01-23 19:59:44.051 21334 21334 E ArmVmp : Match on catch block at 0xc3 in for 0xa5
01-23 19:59:44.544 21334 21334 E ArmVmp : Match on catch block at 0xc3 in for 0xa1
01-23 19:59:44.549 21334 21334 E ArmVmp : Match on catch block at 0xc3 in for 0xa5
01-23 19:59:44.753 21334 21334 E ArmVmp : Match on catch block at 0xc3 in for 0xa5
01-23 19:59:44.759 21334 21334 E ArmVmp : Match on catch block at 0xc3 in for 0xa9
01-23 19:59:44.786 21334 30397 W MediaPlayer: Use of stream types is deprecated for
operations other than volume control
01-23 19:59:44.786 21334 30397 W MediaPlayer: See the documentation of
setAudioStreamType() for what to use instead with android.media.AudioAttributes to
qualify your playback use case
01-23 19:59:44.795 21334 21737 W libEGL : EGLNativeWindowType 0x71823bc010
disconnect failed
01-23 19:59:44.810 21334 21351 W MediaPlayerNative: info/warning (10973, 0)
01-23 19:59:44.819 21334 21334 E ArmVmp : Match on catch block at 0xc3 in for 0xa5
01-23 19:59:44.824 21334 21334 E ArmVmp : Match on catch block at 0xc3 in for 0xa9
01-23 19:59:44.893 21334 21334 E ArmVmp : Match on catch block at 0xc3 in for 0xa9
01-23 19:59:44.900 21334 21334 E ArmVmp : Match on catch block at 0xc3 in for 0xa1
01-23 19:59:44.954 21334 21334 E ArmVmp : Match on catch block at 0xc3 in for 0xa9
01-23 19:59:44.958 21334 21334 E ArmVmp : Match on catch block at 0xc3 in for 0xa1
01-23 19:59:44.992 21334 21334 E ArmVmp : Match on catch block at 0xc3 in for 0xa9
01-23 19:59:45.000 21334 21334 E ArmVmp : Match on catch block at 0xc3 in for 0xa1
01-23 19:59:45.073 21334 21334 E ArmVmp : Match on catch block at 0xc3 in for 0xa9
01-23 19:59:45.082 21334 21334 E ArmVmp : Match on catch block at 0xc3 in for 0xa1
01-23 19:59:45.579 21334 21334 E ArmVmp : Match on catch block at 0xc3 in for 0xa1
01-23 19:59:45.586 21334 21334 E ArmVmp : Match on catch block at 0xc3 in for 0xa5
01-23 19:59:45.645 21334 21737 W libEGL : EGLNativeWindowType 0x71823bc010
disconnect failed
01-23 19:59:45.676 21334 21737 W libEGL : EGLNativeWindowType 0x71823bc010
disconnect failed
01-23 19:59:45.709 21334 21737 W libEGL : EGLNativeWindowType 0x71823bc010
disconnect failed
01-23 19:59:45.751 21334 21737 W libEGL : EGLNativeWindowType 0x71823bc010
disconnect failed
01-23 19:59:45.787 21334 21737 W libEGL : EGLNativeWindowType 0x71823bc010
disconnect failed
01-23 19:59:45.819 21334 21737 W libEGL : EGLNativeWindowType 0x71823bc010
disconnect failed
01-23 19:59:45.828 21334 21334 E ArmVmp : Match on catch block at 0xc3 in for 0xa5
01-23 19:59:45.833 21334 21334 E ArmVmp : Match on catch block at 0xc3 in for 0xa9
01-23 19:59:45.886 21334 21737 W libEGL : EGLNativeWindowType 0x71823bc010
disconnect failed
01-23 19:59:45.893 21334 21334 E ArmVmp : Match on catch block at 0xc3 in for 0xa9
01-23 19:59:45.898 21334 21334 E ArmVmp : Match on catch block at 0xc3 in for 0xa1
01-23 19:59:45.954 21334 21737 W libEGL : EGLNativeWindowType 0x71823bc010
disconnect failed
01-23 19:59:45.958 21334 21334 E ArmVmp : Match on catch block at 0xc3 in for 0xa1
01-23 19:59:45.963 21334 21334 E ArmVmp : Match on catch block at 0xc3 in for 0xa5
01-23 19:59:45.994 21334 21334 E ArmVmp : Match on catch block at 0xc3 in for 0xa5
01-23 19:59:45.999 21334 21334 E ArmVmp : Match on catch block at 0xc3 in for 0xa9
01-23 19:59:46.019 21334 21334 E ArmVmp : Match on catch block at 0xc3 in for 0xa9
01-23 19:59:46.023 21334 21334 E ArmVmp : Match on catch block at 0xc3 in for 0xa1
01-23 19:59:46.041 21334 21334 E ArmVmp : Match on catch block at 0xc3 in for 0xa1
01-23 19:59:46.046 21334 21334 E ArmVmp : Match on catch block at 0xc3 in for 0xa5
01-23 19:59:46.076 21334 21334 E ArmVmp : Match on catch block at 0xc3 in for 0xa5
01-23 19:59:46.080 21334 21334 E ArmVmp : Match on catch block at 0xc3 in for 0xa9
01-23 19:59:46.126 21334 21334 E ArmVmp : Match on catch block at 0xc3 in for 0xa9
01-23 19:59:46.130 21334 21334 E ArmVmp : Match on catch block at 0xc3 in for 0xa1
01-23 19:59:46.148 21334 21334 E ArmVmp : Match on catch block at 0xc3 in for 0xa1
01-23 19:59:46.152 21334 21334 E ArmVmp : Match on catch block at 0xc3 in for 0xa5
01-23 19:59:46.169 21334 21334 E ArmVmp : Match on catch block at 0xc3 in for 0xa5
01-23 19:59:46.174 21334 21334 E ArmVmp : Match on catch block at 0xc3 in for 0xa9
01-23 19:59:46.190 21334 21334 E ArmVmp : Match on catch block at 0xc3 in for 0xa9
01-23 19:59:46.194 21334 21334 E ArmVmp : Match on catch block at 0xc3 in for 0xa1
01-23 19:59:46.219 21334 21334 E ArmVmp : Match on catch block at 0xc3 in for 0xa1
01-23 19:59:46.223 21334 21334 E ArmVmp : Match on catch block at 0xc3 in for 0xa5
01-23 19:59:46.241 21334 21334 E ArmVmp : Match on catch block at 0xc3 in for 0xa5
01-23 19:59:46.246 21334 21334 E ArmVmp : Match on catch block at 0xc3 in for 0xa9
01-23 19:59:46.263 21334 21334 E ArmVmp : Match on catch block at 0xc3 in for 0xa9
01-23 19:59:46.268 21334 21334 E ArmVmp : Match on catch block at 0xc3 in for 0xa1
01-23 19:59:46.309 21334 21334 E ArmVmp : Match on catch block at 0xc3 in for 0xa9
01-23 19:59:46.315 21334 21334 E ArmVmp : Match on catch block at 0xc3 in for 0xa1
01-23 19:59:46.333 21334 21334 E ArmVmp : Match on catch block at 0xc3 in for 0xa1
01-23 19:59:46.338 21334 21334 E ArmVmp : Match on catch block at 0xc3 in for 0xa5
01-23 19:59:46.357 21334 21334 E ArmVmp : Match on catch block at 0xc3 in for 0xa5
01-23 19:59:46.362 21334 21334 E ArmVmp : Match on catch block at 0xc3 in for 0xa9
01-23 19:59:46.377 21334 21334 E ArmVmp : Match on catch block at 0xc3 in for 0xa9
01-23 19:59:46.382 21334 21334 E ArmVmp : Match on catch block at 0xc3 in for 0xa1
01-23 19:59:46.397 21334 21334 E ArmVmp : Match on catch block at 0xc3 in for 0xa1
01-23 19:59:46.401 21334 21334 E ArmVmp : Match on catch block at 0xc3 in for 0xa5
01-23 19:59:46.426 21334 21334 E ArmVmp : Match on catch block at 0xc3 in for 0xa5
01-23 19:59:46.430 21334 21334 E ArmVmp : Match on catch block at 0xc3 in for 0xa9
01-23 19:59:46.446 21334 21334 E ArmVmp : Match on catch block at 0xc3 in for 0xa9
01-23 19:59:46.450 21334 21334 E ArmVmp : Match on catch block at 0xc3 in for 0xa1
01-23 19:59:46.466 21334 21334 E ArmVmp : Match on catch block at 0xc3 in for 0xa1
01-23 19:59:46.470 21334 21334 E ArmVmp : Match on catch block at 0xc3 in for 0xa5
01-23 19:59:46.543 21334 21334 E ArmVmp : Match on catch block at 0xc3 in for 0xa9
01-23 19:59:46.549 21334 21334 E ArmVmp : Match on catch block at 0xc3 in for 0xa1
01-23 19:59:46.566 21334 21334 E ArmVmp : Match on catch block at 0xc3 in for 0xa1
01-23 19:59:46.572 21334 21334 E ArmVmp : Match on catch block at 0xc3 in for 0xa5
01-23 19:59:46.588 21334 21334 E ArmVmp : Match on catch block at 0xc3 in for 0xa1
01-23 19:59:46.593 21334 21334 E ArmVmp : Match on catch block at 0xc3 in for 0xa5
01-23 19:59:46.626 21334 21334 E ArmVmp : Match on catch block at 0xc3 in for 0xa1
01-23 19:59:46.630 21334 21334 E ArmVmp : Match on catch block at 0xc3 in for 0xa5
01-23 19:59:46.647 21334 21334 E ArmVmp : Match on catch block at 0xc3 in for 0xa5
01-23 19:59:46.651 21334 21334 E ArmVmp : Match on catch block at 0xc3 in for 0xa9
01-23 19:59:46.666 21334 21334 E ArmVmp : Match on catch block at 0xc3 in for 0xa9
01-23 19:59:46.671 21334 21334 E ArmVmp : Match on catch block at 0xc3 in for 0xa1
01-23 19:59:46.743 21334 21334 E ArmVmp : Match on catch block at 0xc3 in for 0xa1
01-23 19:59:46.748 21334 21334 E ArmVmp : Match on catch block at 0xc3 in for 0xa5
01-23 19:59:46.766 21334 21334 E ArmVmp : Match on catch block at 0xc3 in for 0xa5
01-23 19:59:46.770 21334 21334 E ArmVmp : Match on catch block at 0xc3 in for 0xa9
01-23 19:59:46.787 21334 21334 E ArmVmp : Match on catch block at 0xc3 in for 0xa9
01-23 19:59:46.792 21334 21334 E ArmVmp : Match on catch block at 0xc3 in for 0xa1
01-23 19:59:46.843 21334 21334 E ArmVmp : Match on catch block at 0xc3 in for 0xa5
01-23 19:59:46.848 21334 21334 E ArmVmp : Match on catch block at 0xc3 in for 0xa9
01-23 19:59:46.864 21334 21334 E ArmVmp : Match on catch block at 0xc3 in for 0xa9
01-23 19:59:46.868 21334 21334 E ArmVmp : Match on catch block at 0xc3 in for 0xa1
01-23 19:59:46.888 21334 21737 W libEGL : EGLNativeWindowType 0x71823bc010
disconnect failed
01-23 19:59:46.960 21334 21334 E ArmVmp : Match on catch block at 0xc3 in for 0xa1
01-23 19:59:46.965 21334 21334 E ArmVmp : Match on catch block at 0xc3 in for 0xa5
01-23 19:59:47.000 21334 21334 E ArmVmp : Match on catch block at 0xc3 in for 0xa5
01-23 19:59:47.004 21334 21334 E ArmVmp : Match on catch block at 0xc3 in for 0xa9
01-23 19:59:47.022 21334 21334 E ArmVmp : Match on catch block at 0xc3 in for 0xa9
01-23 19:59:47.027 21334 21334 E ArmVmp : Match on catch block at 0xc3 in for 0xa1
01-23 19:59:47.051 21334 21334 E ArmVmp : Match on catch block at 0xc3 in for 0xa5
01-23 19:59:47.055 21334 21334 E ArmVmp : Match on catch block at 0xc3 in for 0xa9
01-23 19:59:47.079 21334 21334 E ArmVmp : Match on catch block at 0xc3 in for 0xa5
01-23 19:59:47.083 21334 21334 E ArmVmp : Match on catch block at 0xc3 in for 0xa9
01-23 19:59:47.104 21334 21334 E ArmVmp : Match on catch block at 0xc3 in for 0xa1
01-23 19:59:47.108 21334 21334 E ArmVmp : Match on catch block at 0xc3 in for 0xa5
01-23 19:59:47.127 21334 21334 E ArmVmp : Match on catch block at 0xc3 in for 0xa5
01-23 19:59:47.131 21334 21334 E ArmVmp : Match on catch block at 0xc3 in for 0xa9
01-23 19:59:47.147 21334 21334 E ArmVmp : Match on catch block at 0xc3 in for 0xa9
01-23 19:59:47.151 21334 21334 E ArmVmp : Match on catch block at 0xc3 in for 0xa1
01-23 19:59:47.167 21334 21334 E ArmVmp : Match on catch block at 0xc3 in for 0xa1
01-23 19:59:47.171 21334 21334 E ArmVmp : Match on catch block at 0xc3 in for 0xa5
01-23 19:59:47.187 21334 21334 E ArmVmp : Match on catch block at 0xc3 in for 0xa5
01-23 19:59:47.192 21334 21334 E ArmVmp : Match on catch block at 0xc3 in for 0xa9
01-23 19:59:47.207 21334 21334 E ArmVmp : Match on catch block at 0xc3 in for 0xa9
01-23 19:59:47.212 21334 21334 E ArmVmp : Match on catch block at 0xc3 in for 0xa1
01-23 19:59:47.227 21334 21334 E ArmVmp : Match on catch block at 0xc3 in for 0xa1
01-23 19:59:47.231 21334 21334 E ArmVmp : Match on catch block at 0xc3 in for 0xa5
01-23 19:59:47.246 21334 21334 E ArmVmp : Match on catch block at 0xc3 in for 0xa5
01-23 19:59:47.250 21334 21334 E ArmVmp : Match on catch block at 0xc3 in for 0xa9
01-23 19:59:47.625 21334 21334 E ArmVmp : Match on catch block at 0xc3 in for 0xa9
01-23 19:59:47.630 21334 21334 E ArmVmp : Match on catch block at 0xc3 in for 0xa1
01-23 19:59:48.126 21334 21334 E ArmVmp : Match on catch block at 0xc3 in for 0xa1
01-23 19:59:48.132 21334 21334 E ArmVmp : Match on catch block at 0xc3 in for 0xa5
01-23 19:59:48.641 21334 21334 E ArmVmp : Match on catch block at 0xc3 in for 0xa1
01-23 19:59:48.646 21334 21334 E ArmVmp : Match on catch block at 0xc3 in for 0xa5
01-23 19:59:48.708 21334 21334 E ArmVmp : Match on catch block at 0xc3 in for 0xa5
01-23 19:59:48.713 21334 21334 E ArmVmp : Match on catch block at 0xc3 in for 0xa9
01-23 19:59:48.731 21334 21334 E ArmVmp : Match on catch block at 0xc3 in for 0xa9
01-23 19:59:48.737 21334 21334 E ArmVmp : Match on catch block at 0xc3 in for 0xa1
01-23 19:59:48.754 21334 21334 E ArmVmp : Match on catch block at 0xc3 in for 0xa1
01-23 19:59:48.759 21334 21334 E ArmVmp : Match on catch block at 0xc3 in for 0xa5
01-23 19:59:48.774 21334 21334 E ArmVmp : Match on catch block at 0xc3 in for 0xa5
01-23 19:59:48.779 21334 21334 E ArmVmp : Match on catch block at 0xc3 in for 0xa9
01-23 19:59:48.793 21334 21334 E ArmVmp : Match on catch block at 0xc3 in for 0xa9
01-23 19:59:48.798 21334 21334 E ArmVmp : Match on catch block at 0xc3 in for 0xa1
01-23 19:59:48.813 21334 21334 E ArmVmp : Match on catch block at 0xc3 in for 0xa1
01-23 19:59:48.817 21334 21334 E ArmVmp : Match on catch block at 0xc3 in for 0xa5
01-23 19:59:48.832 21334 21334 E ArmVmp : Match on catch block at 0xc3 in for 0xa5
01-23 19:59:48.836 21334 21334 E ArmVmp : Match on catch block at 0xc3 in for 0xa9
01-23 19:59:48.850 21334 21334 E ArmVmp : Match on catch block at 0xc3 in for 0xa9
01-23 19:59:48.855 21334 21334 E ArmVmp : Match on catch block at 0xc3 in for 0xa1
01-23 19:59:48.869 21334 21334 E ArmVmp : Match on catch block at 0xc3 in for 0xa1
01-23 19:59:48.874 21334 21334 E ArmVmp : Match on catch block at 0xc3 in for 0xa5
01-23 19:59:48.888 21334 21334 E ArmVmp : Match on catch block at 0xc3 in for 0xa5
01-23 19:59:48.892 21334 21334 E ArmVmp : Match on catch block at 0xc3 in for 0xa9
01-23 19:59:48.908 21334 21334 E ArmVmp : Match on catch block at 0xc3 in for 0xa5
01-23 19:59:48.913 21334 21334 E ArmVmp : Match on catch block at 0xc3 in for 0xa9
01-23 19:59:48.927 21334 21334 E ArmVmp : Match on catch block at 0xc3 in for 0xa1
01-23 19:59:48.932 21334 21334 E ArmVmp : Match on catch block at 0xc3 in for 0xa5
01-23 19:59:48.947 21334 21334 E ArmVmp : Match on catch block at 0xc3 in for 0xa9
01-23 19:59:48.951 21334 21334 E ArmVmp : Match on catch block at 0xc3 in for 0xa1
01-23 19:59:48.966 21334 21334 E ArmVmp : Match on catch block at 0xc3 in for 0xa5
01-23 19:59:48.971 21334 21334 E ArmVmp : Match on catch block at 0xc3 in for 0xa9
01-23 19:59:49.141 21334 21334 E ArmVmp : Match on catch block at 0xc3 in for 0xa9
01-23 19:59:49.146 21334 21334 E ArmVmp : Match on catch block at 0xc3 in for 0xa1
01-23 19:59:49.644 21334 21334 E ArmVmp : Match on catch block at 0xc3 in for 0xa1
01-23 19:59:49.651 21334 21334 E ArmVmp : Match on catch block at 0xc3 in for 0xa5
01-23 19:59:50.144 21334 21334 E ArmVmp : Match on catch block at 0xc3 in for 0xa5
01-23 19:59:50.152 21334 21334 E ArmVmp : Match on catch block at 0xc3 in for 0xa9
01-23 19:59:50.393 21334 21334 E ArmVmp : Match on catch block at 0xc3 in for 0xa5
01-23 19:59:50.397 21334 21334 E ArmVmp : Match on catch block at 0xc3 in for 0xa9
01-23 19:59:50.435 21334 21737 W libEGL : EGLNativeWindowType 0x7183064010
disconnect failed
01-23 19:59:50.452 21334 21334 E ArmVmp : Match on catch block at 0xc3 in for 0xa5
01-23 19:59:50.461 21334 21334 E ArmVmp : Match on catch block at 0xc3 in for 0xa9
01-23 19:59:50.467 21334 21334 E ArmVmp : Match on catch block at 0xc3 in for 0xa9
01-23 19:59:50.470 21334 21334 E ArmVmp : Match on catch block at 0xc3 in for 0xa1
01-23 19:59:50.732 21334 21334 E ArmVmp : Match on catch block at 0xc3 in for 0xa5
01-23 19:59:50.736 21334 21334 E ArmVmp : Match on catch block at 0xc3 in for 0xa9
01-23 19:59:50.778 21334 21334 E ArmVmp : Match on catch block at 0xc3 in for 0xa9
01-23 19:59:50.782 21334 21334 E ArmVmp : Match on catch block at 0xc3 in for 0xa1
01-23 19:59:50.792 21334 21334 E ArmVmp : Match on catch block at 0xc3 in for 0xa1
01-23 19:59:50.795 21334 21334 E ArmVmp : Match on catch block at 0xc3 in for 0xa5
01-23 19:59:50.806 21334 21334 E ArmVmp : Match on catch block at 0xc3 in for 0xa5
01-23 19:59:50.811 21334 21334 E ArmVmp : Match on catch block at 0xc3 in for 0xa9
01-23 19:59:50.840 21334 21334 E ArmVmp : Match on catch block at 0xc3 in for 0xa5
01-23 19:59:50.844 21334 21334 E ArmVmp : Match on catch block at 0xc3 in for 0xa9
01-23 19:59:50.852 21334 21334 E ArmVmp : Match on catch block at 0xc3 in for 0xa9
01-23 19:59:50.852 21334 30397 W MediaPlayer: Use of stream types is deprecated for
operations other than volume control
01-23 19:59:50.852 21334 30397 W MediaPlayer: See the documentation of
setAudioStreamType() for what to use instead with android.media.AudioAttributes to
qualify your playback use case
01-23 19:59:50.857 21334 21334 E ArmVmp : Match on catch block at 0xc3 in for 0xa1
01-23 19:59:50.863 21334 21334 E ArmVmp : Match on catch block at 0xc3 in for 0xa9
01-23 19:59:50.866 21334 21334 E ArmVmp : Match on catch block at 0xc3 in for 0xa1
01-23 19:59:50.873 21334 21334 E ArmVmp : Match on catch block at 0xc3 in for 0xa1
01-23 19:59:50.873 21334 23148 W MediaPlayerNative: info/warning (10973, 0)
01-23 19:59:50.878 21334 21334 E ArmVmp : Match on catch block at 0xc3 in for 0xa5
01-23 19:59:50.890 21334 21334 E ArmVmp : Match on catch block at 0xc3 in for 0xa5
01-23 19:59:50.894 21334 21334 E ArmVmp : Match on catch block at 0xc3 in for 0xa9
01-23 19:59:50.907 21334 21334 E ArmVmp : Match on catch block at 0xc3 in for 0xa9
01-23 19:59:50.914 21334 21334 E ArmVmp : Match on catch block at 0xc3 in for 0xa1
01-23 19:59:50.923 21334 21334 E ArmVmp : Match on catch block at 0xc3 in for 0xa1
01-23 19:59:50.929 21334 21334 E ArmVmp : Match on catch block at 0xc3 in for 0xa5
01-23 19:59:50.953 21334 21334 E ArmVmp : Match on catch block at 0xc3 in for 0xa5
01-23 19:59:50.959 21334 21334 E ArmVmp : Match on catch block at 0xc3 in for 0xa9
01-23 19:59:50.965 21334 21334 E ArmVmp : Match on catch block at 0xc3 in for 0xa9
01-23 19:59:50.969 21334 21334 E ArmVmp : Match on catch block at 0xc3 in for 0xa1
01-23 19:59:51.259 21334 21334 E ArmVmp : Match on catch block at 0xc3 in for 0xa5
01-23 19:59:51.267 21334 21334 E ArmVmp : Match on catch block at 0xc3 in for 0xa9
01-23 19:59:51.369 21334 21334 E ArmVmp : Match on catch block at 0xc3 in for 0xa1
01-23 19:59:51.374 21334 21334 E ArmVmp : Match on catch block at 0xc3 in for 0xa5
01-23 19:59:51.390 21334 21334 E ArmVmp : Match on catch block at 0xc3 in for 0xa5
01-23 19:59:51.396 21334 21334 E ArmVmp : Match on catch block at 0xc3 in for 0xa9
01-23 19:59:51.414 21334 21334 E ArmVmp : Match on catch block at 0xc3 in for 0xa1
01-23 19:59:51.418 21334 21334 E ArmVmp : Match on catch block at 0xc3 in for 0xa5
01-23 19:59:51.436 21334 21334 E ArmVmp : Match on catch block at 0xc3 in for 0xa1
01-23 19:59:51.440 21334 21334 E ArmVmp : Match on catch block at 0xc3 in for 0xa5
01-23 19:59:51.455 21334 21334 E ArmVmp : Match on catch block at 0xc3 in for 0xa5
01-23 19:59:51.460 21334 21334 E ArmVmp : Match on catch block at 0xc3 in for 0xa9
01-23 19:59:51.475 21334 21334 E ArmVmp : Match on catch block at 0xc3 in for 0xa9
01-23 19:59:51.480 21334 21334 E ArmVmp : Match on catch block at 0xc3 in for 0xa1
01-23 19:59:51.493 21334 21334 E ArmVmp : Match on catch block at 0xc3 in for 0xa1
01-23 19:59:51.498 21334 21334 E ArmVmp : Match on catch block at 0xc3 in for 0xa5
01-23 19:59:51.513 21334 21334 E ArmVmp : Match on catch block at 0xc3 in for 0xa5
01-23 19:59:51.518 21334 21334 E ArmVmp : Match on catch block at 0xc3 in for 0xa9
01-23 19:59:51.532 21334 21334 E ArmVmp : Match on catch block at 0xc3 in for 0xa9
01-23 19:59:51.536 21334 21334 E ArmVmp : Match on catch block at 0xc3 in for 0xa1
01-23 19:59:51.553 21334 21334 E ArmVmp : Match on catch block at 0xc3 in for 0xa1
01-23 19:59:51.558 21334 21334 E ArmVmp : Match on catch block at 0xc3 in for 0xa5
01-23 19:59:51.575 21334 21334 E ArmVmp : Match on catch block at 0xc3 in for 0xa5
01-23 19:59:51.579 21334 21334 E ArmVmp : Match on catch block at 0xc3 in for 0xa9
01-23 19:59:51.593 21334 21334 E ArmVmp : Match on catch block at 0xc3 in for 0xa9
01-23 19:59:51.598 21334 21334 E ArmVmp : Match on catch block at 0xc3 in for 0xa1
01-23 19:59:51.614 21334 21334 E ArmVmp : Match on catch block at 0xc3 in for 0xa1
01-23 19:59:51.618 21334 21334 E ArmVmp : Match on catch block at 0xc3 in for 0xa5
01-23 19:59:51.631 21334 21334 E ArmVmp : Match on catch block at 0xc3 in for 0xa5
01-23 19:59:51.634 21334 21334 E ArmVmp : Match on catch block at 0xc3 in for 0xa9
01-23 19:59:52.011 21334 21334 E ArmVmp : Match on catch block at 0xc3 in for 0xa1
01-23 19:59:52.016 21334 21334 E ArmVmp : Match on catch block at 0xc3 in for 0xa5
01-23 19:59:52.024 21334 21334 E ArmVmp : Match on catch block at 0xc3 in for 0xa5
01-23 19:59:52.029 21334 21334 E ArmVmp : Match on catch block at 0xc3 in for 0xa9
01-23 19:59:52.053 21334 21737 W libEGL : EGLNativeWindowType 0x7184506010
disconnect failed
01-23 19:59:52.073 21334 21737 W libEGL : EGLNativeWindowType 0x7184506010
disconnect failed
01-23 19:59:52.097 21334 21737 W libEGL : EGLNativeWindowType 0x7184506010
disconnect failed
01-23 19:59:52.100 21334 21334 E ArmVmp : Match on catch block at 0xc3 in for 0xa1
01-23 19:59:52.105 21334 21334 E ArmVmp : Match on catch block at 0xc3 in for 0xa5
01-23 19:59:52.138 21334 21737 W libEGL : EGLNativeWindowType 0x7184506010
disconnect failed
01-23 19:59:52.172 21334 21737 W libEGL : EGLNativeWindowType 0x7184506010
disconnect failed
01-23 19:59:52.207 21334 21737 W libEGL : EGLNativeWindowType 0x7184506010
disconnect failed
01-23 19:59:52.237 21334 21737 W libEGL : EGLNativeWindowType 0x7184506010
disconnect failed
01-23 19:59:52.375 21334 21737 W libEGL : EGLNativeWindowType 0x7184506010
disconnect failed
01-23 19:59:52.525 21334 21334 E ArmVmp : Match on catch block at 0xc3 in for 0xa9
01-23 19:59:52.531 21334 21334 E ArmVmp : Match on catch block at 0xc3 in for 0xa1
01-23 19:59:52.576 21334 21334 E ArmVmp : Match on catch block at 0xc3 in for 0xa5
01-23 19:59:52.582 21334 21334 E ArmVmp : Match on catch block at 0xc3 in for 0xa9
01-23 19:59:52.614 21334 21737 W libEGL : EGLNativeWindowType 0x7184b1c010
disconnect failed
01-23 19:59:52.643 21334 21334 W IInputConnectionWrapper: getExtractedText on
inactive InputConnection
01-23 19:59:52.663 21334 21334 E ArmVmp : Match on catch block at 0xc3 in for 0xa5
01-23 19:59:52.668 21334 21334 E ArmVmp : Match on catch block at 0xc3 in for 0xa9
01-23 19:59:52.696 21334 21334 E ArmVmp : Match on catch block at 0xc3 in for 0xa5
01-23 19:59:52.702 21334 21334 E ArmVmp : Match on catch block at 0xc3 in for 0xa9
01-23 19:59:52.721 21334 21334 W IInputConnectionWrapper: getCursorCapsMode on
inactive InputConnection
01-23 19:59:52.739 21334 21334 E ArmVmp : Match on catch block at 0xc3 in for 0xa5
01-23 19:59:52.745 21334 21334 E ArmVmp : Match on catch block at 0xc3 in for 0xa9
01-23 19:59:52.752 21334 21334 W IInputConnectionWrapper: getExtractedText on
inactive InputConnection
01-23 19:59:52.792 21334 21334 E ArmVmp : Match on catch block at 0xc3 in for 0xa5
01-23 19:59:52.797 21334 21334 E ArmVmp : Match on catch block at 0xc3 in for 0xa9
01-23 19:59:52.810 21334 21334 E ArmVmp : Match on catch block at 0xc3 in for 0xa5
01-23 19:59:52.815 21334 21334 E ArmVmp : Match on catch block at 0xc3 in for 0xa9
01-23 19:59:52.820 21334 21334 W IInputConnectionWrapper: requestCursorAnchorInfo
on inactive InputConnection
01-23 19:59:52.820 21334 21334 W IInputConnectionWrapper: getExtractedText on
inactive InputConnection
01-23 19:59:52.828 21334 21334 E ArmVmp : Match on catch block at 0xc3 in for 0xa9
01-23 19:59:52.833 21334 21334 E ArmVmp : Match on catch block at 0xc3 in for 0xa1
01-23 19:59:52.840 21334 21334 E ArmVmp : Match on catch block at 0xc3 in for 0xa1
01-23 19:59:52.846 21334 21334 E ArmVmp : Match on catch block at 0xc3 in for 0xa5
01-23 19:59:52.852 21334 21334 W IInputConnectionWrapper: getExtractedText on
inactive InputConnection
01-23 19:59:52.856 21334 21334 E ArmVmp : Match on catch block at 0xc3 in for 0xa5
01-23 19:59:52.861 21334 21334 E ArmVmp : Match on catch block at 0xc3 in for 0xa9
01-23 19:59:52.875 21334 21334 E ArmVmp : Match on catch block at 0xc3 in for 0xa9
01-23 19:59:52.879 21334 21334 E ArmVmp : Match on catch block at 0xc3 in for 0xa1
01-23 19:59:52.883 21334 21334 W IInputConnectionWrapper: requestCursorAnchorInfo
on inactive InputConnection
01-23 19:59:52.977 21334 21334 E ArmVmp : Match on catch block at 0xc3 in for 0xa5
01-23 19:59:52.983 21334 21334 E ArmVmp : Match on catch block at 0xc3 in for 0xa9
01-23 19:59:53.000 21334 21334 E ArmVmp : Match on catch block at 0xc3 in for 0xa9
01-23 19:59:53.006 21334 21334 E ArmVmp : Match on catch block at 0xc3 in for 0xa1
01-23 19:59:53.106 21334 21334 E ArmVmp : Match on catch block at 0xc3 in for 0xa5
01-23 19:59:53.112 21334 21334 E ArmVmp : Match on catch block at 0xc3 in for 0xa9
01-23 19:59:53.137 21334 21334 E ArmVmp : Match on catch block at 0xc3 in for 0xa1
01-23 19:59:53.142 21334 21334 E ArmVmp : Match on catch block at 0xc3 in for 0xa5
01-23 19:59:53.154 21334 21334 E ArmVmp : Match on catch block at 0xc3 in for 0xa5
01-23 19:59:53.156 21334 30397 W MediaPlayer: Use of stream types is deprecated for
operations other than volume control
01-23 19:59:53.156 21334 30397 W MediaPlayer: See the documentation of
setAudioStreamType() for what to use instead with android.media.AudioAttributes to
qualify your playback use case
01-23 19:59:53.160 21334 21334 E ArmVmp : Match on catch block at 0xc3 in for 0xa9
01-23 19:59:53.197 21334 23326 W MediaPlayerNative: info/warning (10973, 0)
01-23 19:59:53.315 21334 21334 E ArmVmp : Match on catch block at 0xc3 in for 0xa5
01-23 19:59:53.319 21334 21334 E ArmVmp : Match on catch block at 0xc3 in for 0xa9
01-23 19:59:53.334 21334 21334 E ArmVmp : Match on catch block at 0xc3 in for 0xa9
01-23 19:59:53.341 21334 21334 E ArmVmp : Match on catch block at 0xc3 in for 0xa1
01-23 19:59:53.353 21334 21737 W libEGL : EGLNativeWindowType 0x7184506010
disconnect failed
01-23 19:59:53.376 21334 21334 E ArmVmp : Match on catch block at 0xc3 in for 0xa5
01-23 19:59:53.382 21334 21334 E ArmVmp : Match on catch block at 0xc3 in for 0xa9
01-23 19:59:53.432 21334 21334 E ArmVmp : Match on catch block at 0xc3 in for 0xa5
01-23 19:59:53.437 21334 21334 E ArmVmp : Match on catch block at 0xc3 in for 0xa9
01-23 19:59:53.462 21334 21334 E ArmVmp : Match on catch block at 0xc3 in for 0xa1
01-23 19:59:53.468 21334 21334 E ArmVmp : Match on catch block at 0xc3 in for 0xa5
01-23 19:59:53.485 21334 21334 E ArmVmp : Match on catch block at 0xc3 in for 0xa5
01-23 19:59:53.494 21334 21334 E ArmVmp : Match on catch block at 0xc3 in for 0xa9
01-23 19:59:53.517 21334 21334 E ArmVmp : Match on catch block at 0xc3 in for 0xa9
01-23 19:59:53.522 21334 21334 E ArmVmp : Match on catch block at 0xc3 in for 0xa1
01-23 19:59:53.548 21334 21334 E ArmVmp : Match on catch block at 0xc3 in for 0xa1
01-23 19:59:53.554 21334 21334 E ArmVmp : Match on catch block at 0xc3 in for 0xa5
01-23 19:59:53.623 21334 21334 E ArmVmp : Match on catch block at 0xc3 in for 0xa9
01-23 19:59:53.629 21334 21334 E ArmVmp : Match on catch block at 0xc3 in for 0xa1
01-23 19:59:53.654 21334 30397 W MediaPlayer: Use of stream types is deprecated for
operations other than volume control
01-23 19:59:53.654 21334 30397 W MediaPlayer: See the documentation of
setAudioStreamType() for what to use instead with android.media.AudioAttributes to
qualify your playback use case
01-23 19:59:53.671 21334 21334 E ArmVmp : Match on catch block at 0xc3 in for 0xa1
01-23 19:59:53.676 21334 21334 E ArmVmp : Match on catch block at 0xc3 in for 0xa5
01-23 19:59:53.679 21334 23326 W MediaPlayerNative: info/warning (10973, 0)
01-23 19:59:53.697 21334 21334 E ArmVmp : Match on catch block at 0xc3 in for 0xa1
01-23 19:59:53.702 21334 21334 E ArmVmp : Match on catch block at 0xc3 in for 0xa5
01-23 19:59:53.755 21334 21334 E ArmVmp : Match on catch block at 0xc3 in for 0xa1
01-23 19:59:53.762 21334 21334 E ArmVmp : Match on catch block at 0xc3 in for 0xa5
01-23 19:59:53.779 21334 21334 E ArmVmp : Match on catch block at 0xc3 in for 0xa5
01-23 19:59:53.784 21334 21334 E ArmVmp : Match on catch block at 0xc3 in for 0xa9
01-23 19:59:53.800 21334 21334 E ArmVmp : Match on catch block at 0xc3 in for 0xa9
01-23 19:59:53.804 21334 21334 E ArmVmp : Match on catch block at 0xc3 in for 0xa1
01-23 19:59:54.046 21334 21737 W libEGL : EGLNativeWindowType 0x7184506010
disconnect failed
01-23 19:59:54.076 21334 21737 W libEGL : EGLNativeWindowType 0x7184506010
disconnect failed
01-23 19:59:54.103 21334 21737 W libEGL : EGLNativeWindowType 0x7184506010
disconnect failed
01-23 19:59:54.127 21334 21737 W libEGL : EGLNativeWindowType 0x7184506010
disconnect failed
01-23 19:59:54.149 21334 21737 W libEGL : EGLNativeWindowType 0x7184506010
disconnect failed
01-23 19:59:54.158 21334 21737 W libEGL : EGLNativeWindowType 0x7184b1c010
disconnect failed
01-23 19:59:54.177 21334 21334 W InputEventReceiver: Attempted to finish an input
event but the input event receiver has already been disposed.
01-23 19:59:54.177 21334 21334 W ViewRootImpl@b923440[PopupWindow:57e487d]:
Dropping event due to root view being removed:
01-23 19:59:54.177 21334 21334 E ViewRootImpl@b923440[PopupWindow:57e487d]:
mStopped=false mHasWindowFocus=true mPausedForTransition=false
01-23 19:59:54.177 21334 21334 W InputEventReceiver: Attempted to finish an input
event but the input event receiver has already been disposed.
01-23 19:59:54.204 21334 21737 W libEGL : EGLNativeWindowType 0x7184506010
disconnect failed
01-23 19:59:54.225 21334 21737 W libEGL : EGLNativeWindowType 0x7184506010
disconnect failed
01-23 19:59:54.267 21334 21334 E ArmVmp : Match on catch block at 0xc3 in for 0xa1
01-23 19:59:54.271 21334 21334 E ArmVmp : Match on catch block at 0xc3 in for 0xa5
01-23 19:59:54.321 21334 21737 W libEGL : EGLNativeWindowType 0x7184506010
disconnect failed
01-23 19:59:54.337 21334 21334 E ArmVmp : Match on catch block at 0xc3 in for 0xa9
01-23 19:59:54.342 21334 21334 E ArmVmp : Match on catch block at 0xc3 in for 0xa1
01-23 19:59:54.370 21334 21737 W libEGL : EGLNativeWindowType 0x7184506010
disconnect failed
01-23 19:59:54.433 21334 21334 E ArmVmp : Match on catch block at 0xc3 in for 0xa1
01-23 19:59:54.438 21334 21334 E ArmVmp : Match on catch block at 0xc3 in for 0xa5
01-23 19:59:54.450 21334 21334 E ArmVmp : Match on catch block at 0xc3 in for 0xa5
01-23 19:59:54.455 21334 21334 E ArmVmp : Match on catch block at 0xc3 in for 0xa9
01-23 19:59:54.807 21334 21334 E ArmVmp : Match on catch block at 0xc3 in for 0xa9
01-23 19:59:54.813 21334 21334 E ArmVmp : Match on catch block at 0xc3 in for 0xa1
01-23 19:59:55.308 21334 21334 E ArmVmp : Match on catch block at 0xc3 in for 0xa1
01-23 19:59:55.314 21334 21334 E ArmVmp : Match on catch block at 0xc3 in for 0xa5
01-23 19:59:55.341 21334 21737 W libEGL : EGLNativeWindowType 0x7184506010
disconnect failed
01-23 19:59:55.805 21334 21334 E ArmVmp : Match on catch block at 0xc3 in for 0xa5
01-23 19:59:55.810 21334 21334 E ArmVmp : Match on catch block at 0xc3 in for 0xa9
01-23 19:59:56.007 21334 21334 E ArmVmp : Match on catch block at 0xc3 in for 0xa9
01-23 19:59:56.014 21334 21334 E ArmVmp : Match on catch block at 0xc3 in for 0xa1
01-23 19:59:56.022 21334 21334 E ArmVmp : Match on catch block at 0xc3 in for 0xa1
01-23 19:59:56.028 21334 21334 E ArmVmp : Match on catch block at 0xc3 in for 0xa5
01-23 19:59:56.039 21334 21334 E ArmVmp : Match on catch block at 0xc3 in for 0xa5
01-23 19:59:56.045 21334 21334 E ArmVmp : Match on catch block at 0xc3 in for 0xa9
01-23 19:59:56.056 21334 21334 E ArmVmp : Match on catch block at 0xc3 in for 0xa9
01-23 19:59:56.062 21334 21334 E ArmVmp : Match on catch block at 0xc3 in for 0xa1
01-23 19:59:56.073 21334 21334 E ArmVmp : Match on catch block at 0xc3 in for 0xa1
01-23 19:59:56.078 21334 21334 E ArmVmp : Match on catch block at 0xc3 in for 0xa5
01-23 19:59:56.089 21334 21334 E ArmVmp : Match on catch block at 0xc3 in for 0xa5
01-23 19:59:56.095 21334 21334 E ArmVmp : Match on catch block at 0xc3 in for 0xa9
01-23 19:59:56.106 21334 21334 E ArmVmp : Match on catch block at 0xc3 in for 0xa9
01-23 19:59:56.114 21334 21334 E ArmVmp : Match on catch block at 0xc3 in for 0xa1
01-23 19:59:56.124 21334 21334 E ArmVmp : Match on catch block at 0xc3 in for 0xa1
01-23 19:59:56.130 21334 21334 E ArmVmp : Match on catch block at 0xc3 in for 0xa5
01-23 19:59:56.141 21334 21334 E ArmVmp : Match on catch block at 0xc3 in for 0xa5
01-23 19:59:56.148 21334 21334 E ArmVmp : Match on catch block at 0xc3 in for 0xa9
01-23 19:59:56.158 21334 21334 E ArmVmp : Match on catch block at 0xc3 in for 0xa9
01-23 19:59:56.165 21334 21334 E ArmVmp : Match on catch block at 0xc3 in for 0xa1
01-23 19:59:56.176 21334 21334 E ArmVmp : Match on catch block at 0xc3 in for 0xa1
01-23 19:59:56.182 21334 21334 E ArmVmp : Match on catch block at 0xc3 in for 0xa5
01-23 19:59:56.193 21334 21334 E ArmVmp : Match on catch block at 0xc3 in for 0xa5
01-23 19:59:56.200 21334 21334 E ArmVmp : Match on catch block at 0xc3 in for 0xa9
01-23 19:59:56.242 21334 21334 E ArmVmp : Match on catch block at 0xc3 in for 0xa9
01-23 19:59:56.248 21334 21334 E ArmVmp : Match on catch block at 0xc3 in for 0xa1
01-23 19:59:56.285 21334 21334 E ArmVmp : Match on catch block at 0xc3 in for 0xa5
01-23 19:59:56.294 21334 21334 E ArmVmp : Match on catch block at 0xc3 in for 0xa9
01-23 19:59:56.352 21334 21334 E ArmVmp : Match on catch block at 0xc3 in for 0xa5
01-23 19:59:56.363 21334 21334 E ArmVmp : Match on catch block at 0xc3 in for 0xa9
01-23 19:59:56.385 21334 21334 E ArmVmp : Match on catch block at 0xc3 in for 0xa9
01-23 19:59:56.394 21334 21334 E ArmVmp : Match on catch block at 0xc3 in for 0xa1
01-23 19:59:56.584 21334 21334 E ArmVmp : Match on catch block at 0xc3 in for 0xa5
01-23 19:59:56.588 21334 21334 E ArmVmp : Match on catch block at 0xc3 in for 0xa9
01-23 19:59:56.605 21334 21334 E ArmVmp : Match on catch block at 0xc3 in for 0xa5
01-23 19:59:56.610 21334 21334 E ArmVmp : Match on catch block at 0xc3 in for 0xa9
01-23 19:59:56.624 21334 21334 E ArmVmp : Match on catch block at 0xc3 in for 0xa9
01-23 19:59:56.629 21334 21334 E ArmVmp : Match on catch block at 0xc3 in for 0xa1
01-23 19:59:56.656 21334 21334 E ArmVmp : Match on catch block at 0xc3 in for 0xa5
01-23 19:59:56.660 21334 21334 E ArmVmp : Match on catch block at 0xc3 in for 0xa9
01-23 19:59:56.707 21334 21334 E ArmVmp : Match on catch block at 0xc3 in for 0xa9
01-23 19:59:56.714 21334 21334 E ArmVmp : Match on catch block at 0xc3 in for 0xa1
01-23 19:59:57.101 21334 21737 W libEGL : EGLNativeWindowType 0x7184506010
disconnect failed
01-23 19:59:57.230 21334 21737 W libEGL : EGLNativeWindowType 0x7184506010
disconnect failed
01-23 19:59:57.279 21334 21334 E ArmVmp : Match on catch block at 0xc3 in for 0xa9
01-23 19:59:57.283 21334 21334 E ArmVmp : Match on catch block at 0xc3 in for 0xa1
01-23 19:59:57.446 21334 30397 W MediaPlayer: Use of stream types is deprecated for
operations other than volume control
01-23 19:59:57.446 21334 30397 W MediaPlayer: See the documentation of
setAudioStreamType() for what to use instead with android.media.AudioAttributes to
qualify your playback use case
01-23 19:59:57.465 21334 21737 W libEGL : EGLNativeWindowType 0x7184506010
disconnect failed
01-23 19:59:57.474 21334 23326 W MediaPlayerNative: info/warning (10973, 0)
01-23 19:59:57.499 21334 21334 E ArmVmp : Match on catch block at 0xc3 in for 0xa1
01-23 19:59:57.503 21334 21334 E ArmVmp : Match on catch block at 0xc3 in for 0xa5
01-23 19:59:57.558 21334 21737 W libEGL : EGLNativeWindowType 0x71847aa010
disconnect failed
01-23 19:59:57.633 21334 21334 E ArmVmp : Match on catch block at 0xc3 in for 0xa1
01-23 19:59:57.637 21334 21334 E ArmVmp : Match on catch block at 0xc3 in for 0xa5
01-23 19:59:57.666 21334 21737 W libEGL : EGLNativeWindowType 0x7181915010
disconnect failed
01-23 19:59:57.691 21334 21334 W IInputConnectionWrapper: getExtractedText on
inactive InputConnection
01-23 19:59:57.700 21334 21334 E ArmVmp : Match on catch block at 0xc3 in for 0xa1
