01-23 19:59:57.704 21334 21334 E ArmVmp : Match on catch block at 0xc3 in for 0xa5
01-23 19:59:57.728 21334 21334 W IInputConnectionWrapper: requestCursorAnchorInfo
on inactive InputConnection
01-23 19:59:57.775 21334 21334 E ArmVmp : Match on catch block at 0xc3 in for 0xa1
01-23 19:59:57.780 21334 21334 E ArmVmp : Match on catch block at 0xc3 in for 0xa5
01-23 19:59:57.810 21334 21334 E ArmVmp : Match on catch block at 0xc3 in for 0xa9
01-23 19:59:57.814 21334 21334 E ArmVmp : Match on catch block at 0xc3 in for 0xa1
01-23 19:59:57.873 21334 21737 W libEGL : EGLNativeWindowType 0x7181915010
disconnect failed
01-23 19:59:58.177 21334 21334 E ArmVmp : Match on catch block at 0xc3 in for 0xa5
01-23 19:59:58.182 21334 21334 E ArmVmp : Match on catch block at 0xc3 in for 0xa9
01-23 19:59:58.196 21334 21334 E ArmVmp : Match on catch block at 0xc3 in for 0xa9
01-23 19:59:58.202 21334 21334 E ArmVmp : Match on catch block at 0xc3 in for 0xa1
01-23 19:59:58.244 21334 21737 W libEGL : EGLNativeWindowType 0x7184506010
disconnect failed
01-23 19:59:58.954 21334 21737 W libEGL : EGLNativeWindowType 0x71847aa010
disconnect failed
01-23 19:59:58.973 21334 21334 W InputEventReceiver: Attempted to finish an input
event but the input event receiver has already been disposed.
01-23 19:59:58.974 21334 21334 W ViewRootImpl@986ef12[PopupWindow:3fd4d47]:
Dropping event due to root view being removed:
01-23 19:59:58.974 21334 21334 E ViewRootImpl@986ef12[PopupWindow:3fd4d47]:
mStopped=false mHasWindowFocus=true mPausedForTransition=false
01-23 19:59:58.974 21334 21334 W InputEventReceiver: Attempted to finish an input
event but the input event receiver has already been disposed.
01-23 19:59:59.007 21334 21334 E ArmVmp : Match on catch block at 0xc3 in for 0xa9
01-23 19:59:59.012 21334 21334 E ArmVmp : Match on catch block at 0xc3 in for 0xa1
01-23 19:59:59.026 21334 21334 E ArmVmp : Match on catch block at 0xc3 in for 0xa1
01-23 19:59:59.030 21334 21334 E ArmVmp : Match on catch block at 0xc3 in for 0xa5
01-23 19:59:59.074 21334 21334 E ArmVmp : Match on catch block at 0xc3 in for 0xa9
01-23 19:59:59.078 21334 21334 E ArmVmp : Match on catch block at 0xc3 in for 0xa1
01-23 19:59:59.143 21334 21334 E ArmVmp : Match on catch block at 0xc3 in for 0xa5
01-23 19:59:59.147 21334 21334 E ArmVmp : Match on catch block at 0xc3 in for 0xa9
01-23 19:59:59.158 21334 21334 E ArmVmp : Match on catch block at 0xc3 in for 0xa9
01-23 19:59:59.162 21334 21334 E ArmVmp : Match on catch block at 0xc3 in for 0xa1
01-23 19:59:59.557 21334 21334 E ArmVmp : Match on catch block at 0xc3 in for 0xa1
01-23 19:59:59.566 21334 21334 E ArmVmp : Match on catch block at 0xc3 in for 0xa5
01-23 19:59:59.782 21334 21334 E ArmVmp : Match on catch block at 0xc3 in for 0xa5
01-23 19:59:59.786 21334 21334 E ArmVmp : Match on catch block at 0xc3 in for 0xa9
01-23 19:59:59.804 21334 21334 E ArmVmp : Match on catch block at 0xc3 in for 0xa5
01-23 19:59:59.809 21334 21334 E ArmVmp : Match on catch block at 0xc3 in for 0xa9
01-23 19:59:59.845 21334 21334 E ArmVmp : Match on catch block at 0xc3 in for 0xa1
01-23 19:59:59.849 21334 21334 E ArmVmp : Match on catch block at 0xc3 in for 0xa5
01-23 19:59:59.880 21334 21334 E ArmVmp : Match on catch block at 0xc3 in for 0xa9
01-23 19:59:59.884 21334 21334 E ArmVmp : Match on catch block at 0xc3 in for 0xa1
01-23 19:59:59.894 21334 21334 E ArmVmp : Match on catch block at 0xc3 in for 0xa1
01-23 19:59:59.898 21334 21334 E ArmVmp : Match on catch block at 0xc3 in for 0xa5
01-23 19:59:59.959 21334 21334 E ArmVmp : Match on catch block at 0xc3 in for 0xa5
01-23 19:59:59.964 21334 21334 E ArmVmp : Match on catch block at 0xc3 in for 0xa9
01-23 20:00:00.004 21334 21334 E ArmVmp : Match on catch block at 0xc3 in for 0xa9
01-23 20:00:00.010 21334 21334 E ArmVmp : Match on catch block at 0xc3 in for 0xa1
01-23 20:00:00.030 21334 21334 E ArmVmp : Match on catch block at 0xc3 in for 0xa9
01-23 20:00:00.040 21334 21334 E ArmVmp : Match on catch block at 0xc3 in for 0xa1
01-23 20:00:00.064 21334 21334 E ArmVmp : Match on catch block at 0xc3 in for 0xa1
01-23 20:00:00.071 21334 21334 E ArmVmp : Match on catch block at 0xc3 in for 0xa5
01-23 20:00:00.090 21334 21334 E ArmVmp : Match on catch block at 0xc3 in for 0xa5
01-23 20:00:00.099 21334 21334 E ArmVmp : Match on catch block at 0xc3 in for 0xa9
01-23 20:00:00.151 21334 21348 W System : A resource failed to call release.
01-23 20:00:00.151 21334 21348 W System : A resource failed to call release.
01-23 20:00:00.151 21334 21348 W System : A resource failed to call release.
01-23 20:00:00.163 21334 21348 W System : A resource failed to call release.
01-23 20:00:00.163 21334 21348 W System : A resource failed to call release.
01-23 20:00:00.163 21334 21348 W System : A resource failed to call release.
01-23 20:00:00.295 21334 21334 E ArmVmp : Match on catch block at 0xc3 in for 0xa5
01-23 20:00:00.301 21334 21334 E ArmVmp : Match on catch block at 0xc3 in for 0xa9
01-23 20:00:00.313 21334 21334 E ArmVmp : Match on catch block at 0xc3 in for 0xa9
01-23 20:00:00.313 21334 30397 W MediaPlayer: Use of stream types is deprecated for
operations other than volume control
01-23 20:00:00.313 21334 30397 W MediaPlayer: See the documentation of
setAudioStreamType() for what to use instead with android.media.AudioAttributes to
qualify your playback use case
01-23 20:00:00.322 21334 21334 E ArmVmp : Match on catch block at 0xc3 in for 0xa1
01-23 20:00:00.338 21334 21334 E ArmVmp : Match on catch block at 0xc3 in for 0xa9
01-23 20:00:00.344 21334 23326 W MediaPlayerNative: info/warning (10973, 0)
01-23 20:00:00.345 21334 21334 E ArmVmp : Match on catch block at 0xc3 in for 0xa1
01-23 20:00:00.455 21334 21737 W libEGL : EGLNativeWindowType 0x71847aa010
disconnect failed
01-23 20:00:00.480 21334 21737 W libEGL : EGLNativeWindowType 0x71847aa010
disconnect failed
01-23 20:00:00.510 21334 21737 W libEGL : EGLNativeWindowType 0x71847aa010
disconnect failed
01-23 20:00:00.539 21334 21737 W libEGL : EGLNativeWindowType 0x71847aa010
disconnect failed
01-23 20:00:00.568 21334 21737 W libEGL : EGLNativeWindowType 0x71847aa010
disconnect failed
01-23 20:00:00.597 21334 21737 W libEGL : EGLNativeWindowType 0x71847aa010
disconnect failed
01-23 20:00:00.626 21334 21737 W libEGL : EGLNativeWindowType 0x71847aa010
disconnect failed
01-23 20:00:00.637 21334 21334 E ArmVmp : Match on catch block at 0xc3 in for 0xa1
01-23 20:00:00.644 21334 21334 E ArmVmp : Match on catch block at 0xc3 in for 0xa5
01-23 20:00:00.710 21334 21737 W libEGL : EGLNativeWindowType 0x71847aa010
disconnect failed
01-23 20:00:00.721 21334 21334 E ArmVmp : Match on catch block at 0xc3 in for 0xa5
01-23 20:00:00.729 21334 21334 E ArmVmp : Match on catch block at 0xc3 in for 0xa9
01-23 20:00:00.769 21334 21737 W libEGL : EGLNativeWindowType 0x71847aa010
disconnect failed
01-23 20:00:00.774 21334 21334 E ArmVmp : Match on catch block at 0xc3 in for 0xa5
01-23 20:00:00.782 21334 21334 E ArmVmp : Match on catch block at 0xc3 in for 0xa9
01-23 20:00:00.801 21334 21334 E ArmVmp : Match on catch block at 0xc3 in for 0xa5
01-23 20:00:00.808 21334 21334 E ArmVmp : Match on catch block at 0xc3 in for 0xa9
01-23 20:00:00.818 21334 21334 E ArmVmp : Match on catch block at 0xc3 in for 0xa9
01-23 20:00:00.827 21334 21334 E ArmVmp : Match on catch block at 0xc3 in for 0xa1
01-23 20:00:00.836 21334 21334 E ArmVmp : Match on catch block at 0xc3 in for 0xa1
01-23 20:00:00.845 21334 21334 E ArmVmp : Match on catch block at 0xc3 in for 0xa5
01-23 20:00:00.854 21334 21334 E ArmVmp : Match on catch block at 0xc3 in for 0xa5
01-23 20:00:00.863 21334 21334 E ArmVmp : Match on catch block at 0xc3 in for 0xa9
01-23 20:00:00.875 21334 21334 E ArmVmp : Match on catch block at 0xc3 in for 0xa9
01-23 20:00:00.883 21334 21334 E ArmVmp : Match on catch block at 0xc3 in for 0xa1
01-23 20:00:00.892 21334 21334 E ArmVmp : Match on catch block at 0xc3 in for 0xa1
01-23 20:00:00.898 21334 21334 E ArmVmp : Match on catch block at 0xc3 in for 0xa5
01-23 20:00:00.907 21334 21334 E ArmVmp : Match on catch block at 0xc3 in for 0xa5
01-23 20:00:00.914 21334 21334 E ArmVmp : Match on catch block at 0xc3 in for 0xa9
01-23 20:00:00.922 21334 21334 E ArmVmp : Match on catch block at 0xc3 in for 0xa9
01-23 20:00:00.928 21334 21334 E ArmVmp : Match on catch block at 0xc3 in for 0xa1
01-23 20:00:00.938 21334 21334 E ArmVmp : Match on catch block at 0xc3 in for 0xa1
01-23 20:00:00.947 21334 21334 E ArmVmp : Match on catch block at 0xc3 in for 0xa5
01-23 20:00:00.956 21334 21334 E ArmVmp : Match on catch block at 0xc3 in for 0xa5
01-23 20:00:00.964 21334 21334 E ArmVmp : Match on catch block at 0xc3 in for 0xa9
01-23 20:00:00.977 21334 21334 E ArmVmp : Match on catch block at 0xc3 in for 0xa1
01-23 20:00:00.983 21334 21334 E ArmVmp : Match on catch block at 0xc3 in for 0xa5
01-23 20:00:00.992 21334 21334 E ArmVmp : Match on catch block at 0xc3 in for 0xa5
01-23 20:00:00.999 21334 21334 E ArmVmp : Match on catch block at 0xc3 in for 0xa9
01-23 20:00:01.008 21334 21334 E ArmVmp : Match on catch block at 0xc3 in for 0xa9
01-23 20:00:01.016 21334 21334 E ArmVmp : Match on catch block at 0xc3 in for 0xa1
01-23 20:00:01.028 21334 21334 E ArmVmp : Match on catch block at 0xc3 in for 0xa1
01-23 20:00:01.036 21334 21334 E ArmVmp : Match on catch block at 0xc3 in for 0xa5
01-23 20:00:01.051 21334 21334 E ArmVmp : Match on catch block at 0xc3 in for 0xa5
01-23 20:00:01.065 21334 21334 E ArmVmp : Match on catch block at 0xc3 in for 0xa9
01-23 20:00:01.357 21334 21334 E ArmVmp : Match on catch block at 0xc3 in for 0xa9
01-23 20:00:01.366 21334 21334 E ArmVmp : Match on catch block at 0xc3 in for 0xa1
01-23 20:00:01.735 21334 21737 W libEGL : EGLNativeWindowType 0x71847aa010
disconnect failed
01-23 20:00:01.873 21334 21334 E ArmVmp : Match on catch block at 0xc3 in for 0xa9
01-23 20:00:01.880 21334 21334 E ArmVmp : Match on catch block at 0xc3 in for 0xa1
01-23 20:00:02.304 21334 21334 E ArmVmp : Match on catch block at 0xc3 in for 0xa1
01-23 20:00:02.311 21334 21334 E ArmVmp : Match on catch block at 0xc3 in for 0xa5
01-23 20:00:02.320 21334 21334 E ArmVmp : Match on catch block at 0xc3 in for 0xa5
01-23 20:00:02.327 21334 21334 E ArmVmp : Match on catch block at 0xc3 in for 0xa9
01-23 20:00:02.337 21334 21334 E ArmVmp : Match on catch block at 0xc3 in for 0xa9
01-23 20:00:02.345 21334 21334 E ArmVmp : Match on catch block at 0xc3 in for 0xa1
01-23 20:00:02.353 21334 21334 E ArmVmp : Match on catch block at 0xc3 in for 0xa1
01-23 20:00:02.358 21334 21334 E ArmVmp : Match on catch block at 0xc3 in for 0xa5
01-23 20:00:02.371 21334 21334 E ArmVmp : Match on catch block at 0xc3 in for 0xa5
01-23 20:00:02.377 21334 21334 E ArmVmp : Match on catch block at 0xc3 in for 0xa9
01-23 20:00:02.388 21334 21334 E ArmVmp : Match on catch block at 0xc3 in for 0xa9
01-23 20:00:02.397 21334 21334 E ArmVmp : Match on catch block at 0xc3 in for 0xa1
01-23 20:00:02.405 21334 21334 E ArmVmp : Match on catch block at 0xc3 in for 0xa1
01-23 20:00:02.413 21334 21334 E ArmVmp : Match on catch block at 0xc3 in for 0xa5
01-23 20:00:02.423 21334 21334 E ArmVmp : Match on catch block at 0xc3 in for 0xa5
01-23 20:00:02.429 21334 21334 E ArmVmp : Match on catch block at 0xc3 in for 0xa9
01-23 20:00:02.438 21334 21334 E ArmVmp : Match on catch block at 0xc3 in for 0xa9
01-23 20:00:02.445 21334 21334 E ArmVmp : Match on catch block at 0xc3 in for 0xa1
01-23 20:00:02.454 21334 21334 E ArmVmp : Match on catch block at 0xc3 in for 0xa1
01-23 20:00:02.460 21334 21334 E ArmVmp : Match on catch block at 0xc3 in for 0xa5
01-23 20:00:02.470 21334 21334 E ArmVmp : Match on catch block at 0xc3 in for 0xa5
01-23 20:00:02.476 21334 21334 E ArmVmp : Match on catch block at 0xc3 in for 0xa9
01-23 20:00:02.488 21334 21334 E ArmVmp : Match on catch block at 0xc3 in for 0xa9
01-23 20:00:02.493 21334 21334 E ArmVmp : Match on catch block at 0xc3 in for 0xa1
01-23 20:00:02.504 21334 21334 E ArmVmp : Match on catch block at 0xc3 in for 0xa1
01-23 20:00:02.510 21334 21334 E ArmVmp : Match on catch block at 0xc3 in for 0xa5
01-23 20:00:02.520 21334 21334 E ArmVmp : Match on catch block at 0xc3 in for 0xa5
01-23 20:00:02.526 21334 21334 E ArmVmp : Match on catch block at 0xc3 in for 0xa9
01-23 20:00:02.537 21334 21334 E ArmVmp : Match on catch block at 0xc3 in for 0xa9
01-23 20:00:02.541 21334 21334 E ArmVmp : Match on catch block at 0xc3 in for 0xa1
01-23 20:00:02.553 21334 21334 E ArmVmp : Match on catch block at 0xc3 in for 0xa1
01-23 20:00:02.557 21334 21334 E ArmVmp : Match on catch block at 0xc3 in for 0xa5
01-23 20:00:02.624 21334 21334 E ArmVmp : Match on catch block at 0xc3 in for 0xa9
01-23 20:00:02.629 21334 21334 E ArmVmp : Match on catch block at 0xc3 in for 0xa1
01-23 20:00:02.647 21334 21334 E ArmVmp : Match on catch block at 0xc3 in for 0xa9
01-23 20:00:02.652 21334 21334 E ArmVmp : Match on catch block at 0xc3 in for 0xa1
01-23 20:00:02.660 21334 21334 E ArmVmp : Match on catch block at 0xc3 in for 0xa1
01-23 20:00:02.665 21334 21334 E ArmVmp : Match on catch block at 0xc3 in for 0xa5
01-23 20:00:02.674 21334 21334 E ArmVmp : Match on catch block at 0xc3 in for 0xa5
01-23 20:00:02.680 21334 21334 E ArmVmp : Match on catch block at 0xc3 in for 0xa9
01-23 20:00:02.688 21334 21334 E ArmVmp : Match on catch block at 0xc3 in for 0xa9
01-23 20:00:02.694 21334 21334 E ArmVmp : Match on catch block at 0xc3 in for 0xa1
01-23 20:00:02.703 21334 21334 E ArmVmp : Match on catch block at 0xc3 in for 0xa1
01-23 20:00:02.708 21334 21334 E ArmVmp : Match on catch block at 0xc3 in for 0xa5
01-23 20:00:02.720 21334 21334 E ArmVmp : Match on catch block at 0xc3 in for 0xa5
01-23 20:00:02.725 21334 21334 E ArmVmp : Match on catch block at 0xc3 in for 0xa9
01-23 20:00:02.741 21334 21334 E ArmVmp : Match on catch block at 0xc3 in for 0xa9
01-23 20:00:02.745 21334 21334 E ArmVmp : Match on catch block at 0xc3 in for 0xa1
01-23 20:00:02.756 21334 21334 E ArmVmp : Match on catch block at 0xc3 in for 0xa1
01-23 20:00:02.764 21334 21334 E ArmVmp : Match on catch block at 0xc3 in for 0xa5
01-23 20:00:02.776 21334 21334 E ArmVmp : Match on catch block at 0xc3 in for 0xa5
01-23 20:00:02.781 21334 21334 E ArmVmp : Match on catch block at 0xc3 in for 0xa9
01-23 20:00:02.789 21334 21334 E ArmVmp : Match on catch block at 0xc3 in for 0xa9
01-23 20:00:02.794 21334 21334 E ArmVmp : Match on catch block at 0xc3 in for 0xa1
01-23 20:00:02.805 21334 21334 E ArmVmp : Match on catch block at 0xc3 in for 0xa1
01-23 20:00:02.809 21334 21334 E ArmVmp : Match on catch block at 0xc3 in for 0xa5
01-23 20:00:02.820 21334 21334 E ArmVmp : Match on catch block at 0xc3 in for 0xa5
01-23 20:00:02.824 21334 21334 E ArmVmp : Match on catch block at 0xc3 in for 0xa9
01-23 20:00:02.857 21334 21334 E ArmVmp : Match on catch block at 0xc3 in for 0xa9
01-23 20:00:02.861 21334 21334 E ArmVmp : Match on catch block at 0xc3 in for 0xa1
01-23 20:00:03.137 21334 21334 E ArmVmp : Match on catch block at 0xc3 in for 0xa1
01-23 20:00:03.145 21334 21334 E ArmVmp : Match on catch block at 0xc3 in for 0xa5
01-23 20:00:03.254 21334 21334 E ArmVmp : Match on catch block at 0xc3 in for 0xa5
01-23 20:00:03.259 21334 21334 E ArmVmp : Match on catch block at 0xc3 in for 0xa9
01-23 20:00:03.373 21334 21334 E ArmVmp : Match on catch block at 0xc3 in for 0xa9
01-23 20:00:03.378 21334 21334 E ArmVmp : Match on catch block at 0xc3 in for 0xa1
01-23 20:00:03.553 21334 21334 E ArmVmp : Match on catch block at 0xc3 in for 0xa1
01-23 20:00:03.558 21334 21334 E ArmVmp : Match on catch block at 0xc3 in for 0xa5
01-23 20:00:03.587 21334 21334 E ArmVmp : Match on catch block at 0xc3 in for 0xa5
01-23 20:00:03.591 21334 21334 E ArmVmp : Match on catch block at 0xc3 in for 0xa9
01-23 20:00:03.761 21334 21334 E ArmVmp : Match on catch block at 0xc3 in for 0xa9
01-23 20:00:03.766 21334 21334 E ArmVmp : Match on catch block at 0xc3 in for 0xa1
01-23 20:00:03.779 21334 30397 W MediaPlayer: Use of stream types is deprecated for
operations other than volume control
01-23 20:00:03.779 21334 30397 W MediaPlayer: See the documentation of
setAudioStreamType() for what to use instead with android.media.AudioAttributes to
qualify your playback use case
01-23 20:00:03.796 21334 21334 E ArmVmp : Match on catch block at 0xc3 in for 0xa1
01-23 20:00:03.800 21334 21334 E ArmVmp : Match on catch block at 0xc3 in for 0xa5
01-23 20:00:03.801 21334 23326 W MediaPlayerNative: info/warning (10973, 0)
01-23 20:00:03.819 21334 21737 W libEGL : EGLNativeWindowType 0x71847aa010
disconnect failed
01-23 20:00:03.837 21334 21334 E ArmVmp : Match on catch block at 0xc3 in for 0xa1
01-23 20:00:03.842 21334 21334 E ArmVmp : Match on catch block at 0xc3 in for 0xa5
01-23 20:00:03.986 21334 21334 E ArmVmp : Match on catch block at 0xc3 in for 0xa5
01-23 20:00:03.992 21334 21334 E ArmVmp : Match on catch block at 0xc3 in for 0xa9
01-23 20:00:04.203 21334 21334 E ArmVmp : Match on catch block at 0xc3 in for 0xa1
01-23 20:00:04.209 21334 21334 E ArmVmp : Match on catch block at 0xc3 in for 0xa5
01-23 20:00:04.390 21334 21334 E ArmVmp : Match on catch block at 0xc3 in for 0xa5
01-23 20:00:04.394 21334 21334 E ArmVmp : Match on catch block at 0xc3 in for 0xa9
01-23 20:00:04.570 21334 21334 E ArmVmp : Match on catch block at 0xc3 in for 0xa9
01-23 20:00:04.574 21334 21334 E ArmVmp : Match on catch block at 0xc3 in for 0xa1
01-23 20:00:04.637 21334 21334 E ArmVmp : Match on catch block at 0xc3 in for 0xa1
01-23 20:00:04.641 21334 21334 E ArmVmp : Match on catch block at 0xc3 in for 0xa5
01-23 20:00:04.853 21334 21334 E ArmVmp : Match on catch block at 0xc3 in for 0xa5
01-23 20:00:04.857 21334 21334 E ArmVmp : Match on catch block at 0xc3 in for 0xa9
01-23 20:00:04.890 21334 21334 E ArmVmp : Match on catch block at 0xc3 in for 0xa9
01-23 20:00:04.894 21334 21334 E ArmVmp : Match on catch block at 0xc3 in for 0xa1
01-23 20:00:04.905 21334 21334 E ArmVmp : Match on catch block at 0xc3 in for 0xa1
01-23 20:00:04.910 21334 21334 E ArmVmp : Match on catch block at 0xc3 in for 0xa5
01-23 20:00:05.371 21334 21334 E ArmVmp : Match on catch block at 0xc3 in for 0xa5
01-23 20:00:05.377 21334 21334 E ArmVmp : Match on catch block at 0xc3 in for 0xa9
01-23 20:00:05.387 21334 21334 E ArmVmp : Match on catch block at 0xc3 in for 0xa5
01-23 20:00:05.392 21334 21334 E ArmVmp : Match on catch block at 0xc3 in for 0xa9
01-23 20:00:05.403 21334 21334 E ArmVmp : Match on catch block at 0xc3 in for 0xa9
01-23 20:00:05.408 21334 21334 E ArmVmp : Match on catch block at 0xc3 in for 0xa1
01-23 20:00:05.420 21334 21334 E ArmVmp : Match on catch block at 0xc3 in for 0xa1
01-23 20:00:05.425 21334 21334 E ArmVmp : Match on catch block at 0xc3 in for 0xa5
01-23 20:00:05.436 21334 21334 E ArmVmp : Match on catch block at 0xc3 in for 0xa5
01-23 20:00:05.441 21334 21334 E ArmVmp : Match on catch block at 0xc3 in for 0xa9
01-23 20:00:05.453 21334 21334 E ArmVmp : Match on catch block at 0xc3 in for 0xa9
01-23 20:00:05.457 21334 21334 E ArmVmp : Match on catch block at 0xc3 in for 0xa1
01-23 20:00:05.470 21334 21334 E ArmVmp : Match on catch block at 0xc3 in for 0xa1
01-23 20:00:05.475 21334 21334 E ArmVmp : Match on catch block at 0xc3 in for 0xa5
01-23 20:00:05.486 21334 21334 E ArmVmp : Match on catch block at 0xc3 in for 0xa5
01-23 20:00:05.493 21334 21334 E ArmVmp : Match on catch block at 0xc3 in for 0xa9
01-23 20:00:05.503 21334 21334 E ArmVmp : Match on catch block at 0xc3 in for 0xa9
01-23 20:00:05.512 21334 21334 E ArmVmp : Match on catch block at 0xc3 in for 0xa1
01-23 20:00:05.521 21334 21334 E ArmVmp : Match on catch block at 0xc3 in for 0xa1
01-23 20:00:05.527 21334 21334 E ArmVmp : Match on catch block at 0xc3 in for 0xa5
01-23 20:00:05.536 21334 21334 E ArmVmp : Match on catch block at 0xc3 in for 0xa5
01-23 20:00:05.543 21334 21334 E ArmVmp : Match on catch block at 0xc3 in for 0xa9
01-23 20:00:05.558 21334 21334 E ArmVmp : Match on catch block at 0xc3 in for 0xa9
01-23 20:00:05.565 21334 21334 E ArmVmp : Match on catch block at 0xc3 in for 0xa1
01-23 20:00:05.577 21334 21334 E ArmVmp : Match on catch block at 0xc3 in for 0xa1
01-23 20:00:05.584 21334 21334 E ArmVmp : Match on catch block at 0xc3 in for 0xa5
01-23 20:00:05.600 21334 21334 E ArmVmp : Match on catch block at 0xc3 in for 0xa5
01-23 20:00:05.608 21334 21334 E ArmVmp : Match on catch block at 0xc3 in for 0xa9
01-23 20:00:05.617 21334 21334 E ArmVmp : Match on catch block at 0xc3 in for 0xa9
01-23 20:00:05.625 21334 21334 E ArmVmp : Match on catch block at 0xc3 in for 0xa1
01-23 20:00:05.635 21334 21334 E ArmVmp : Match on catch block at 0xc3 in for 0xa1
01-23 20:00:05.641 21334 21334 E ArmVmp : Match on catch block at 0xc3 in for 0xa5
01-23 20:00:05.922 21334 21334 E ArmVmp : Match on catch block at 0xc3 in for 0xa5
01-23 20:00:05.931 21334 21334 E ArmVmp : Match on catch block at 0xc3 in for 0xa9
01-23 20:00:06.154 21334 21334 E ArmVmp : Match on catch block at 0xc3 in for 0xa5
01-23 20:00:06.158 21334 21334 E ArmVmp : Match on catch block at 0xc3 in for 0xa9
01-23 20:00:06.201 21334 21334 E ArmVmp : Match on catch block at 0xc3 in for 0xa1
01-23 20:00:06.204 21334 21334 E ArmVmp : Match on catch block at 0xc3 in for 0xa5
01-23 20:00:06.227 21334 21334 E ArmVmp : Match on catch block at 0xc3 in for 0xa5
01-23 20:00:06.231 21334 21334 E ArmVmp : Match on catch block at 0xc3 in for 0xa9
01-23 20:00:06.239 21334 21334 E ArmVmp : Match on catch block at 0xc3 in for 0xa9
01-23 20:00:06.243 21334 21334 E ArmVmp : Match on catch block at 0xc3 in for 0xa1
01-23 20:00:06.287 21334 21334 E ArmVmp : Match on catch block at 0xc3 in for 0xa1
01-23 20:00:06.292 21334 21334 E ArmVmp : Match on catch block at 0xc3 in for 0xa5
01-23 20:00:06.320 21334 21334 E ArmVmp : Match on catch block at 0xc3 in for 0xa1
01-23 20:00:06.325 21334 21334 E ArmVmp : Match on catch block at 0xc3 in for 0xa5
01-23 20:00:06.333 21334 21334 E ArmVmp : Match on catch block at 0xc3 in for 0xa1
01-23 20:00:06.338 21334 21334 E ArmVmp : Match on catch block at 0xc3 in for 0xa5
01-23 20:00:06.345 21334 21334 E ArmVmp : Match on catch block at 0xc3 in for 0xa5
01-23 20:00:06.349 21334 21334 E ArmVmp : Match on catch block at 0xc3 in for 0xa9
01-23 20:00:06.357 21334 21334 E ArmVmp : Match on catch block at 0xc3 in for 0xa9
01-23 20:00:06.362 21334 21334 E ArmVmp : Match on catch block at 0xc3 in for 0xa1
01-23 20:00:06.369 21334 21334 E ArmVmp : Match on catch block at 0xc3 in for 0xa1
01-23 20:00:06.373 21334 21334 E ArmVmp : Match on catch block at 0xc3 in for 0xa5
01-23 20:00:06.386 21334 21334 E ArmVmp : Match on catch block at 0xc3 in for 0xa5
01-23 20:00:06.391 21334 21334 E ArmVmp : Match on catch block at 0xc3 in for 0xa9
01-23 20:00:06.511 21334 21334 E ArmVmp : Match on catch block at 0xc3 in for 0xa1
01-23 20:00:06.515 21334 21334 E ArmVmp : Match on catch block at 0xc3 in for 0xa5
01-23 20:00:06.533 21334 21334 E ArmVmp : Match on catch block at 0xc3 in for 0xa1
01-23 20:00:06.538 21334 21334 E ArmVmp : Match on catch block at 0xc3 in for 0xa5
01-23 20:00:06.545 21334 21334 E ArmVmp : Match on catch block at 0xc3 in for 0xa5
01-23 20:00:06.549 21334 21334 E ArmVmp : Match on catch block at 0xc3 in for 0xa9
01-23 20:00:06.557 21334 21334 E ArmVmp : Match on catch block at 0xc3 in for 0xa9
01-23 20:00:06.561 21334 21334 E ArmVmp : Match on catch block at 0xc3 in for 0xa1
01-23 20:00:06.570 21334 21334 E ArmVmp : Match on catch block at 0xc3 in for 0xa1
01-23 20:00:06.575 21334 21334 E ArmVmp : Match on catch block at 0xc3 in for 0xa5
01-23 20:00:06.593 21334 21334 E ArmVmp : Match on catch block at 0xc3 in for 0xa5
01-23 20:00:06.598 21334 21334 E ArmVmp : Match on catch block at 0xc3 in for 0xa9
01-23 20:00:06.607 21334 21334 E ArmVmp : Match on catch block at 0xc3 in for 0xa9
01-23 20:00:06.609 21334 30397 W MediaPlayer: Use of stream types is deprecated for
operations other than volume control
01-23 20:00:06.609 21334 30397 W MediaPlayer: See the documentation of
setAudioStreamType() for what to use instead with android.media.AudioAttributes to
qualify your playback use case
01-23 20:00:06.613 21334 21334 E ArmVmp : Match on catch block at 0xc3 in for 0xa1
01-23 20:00:06.626 21334 21334 E ArmVmp : Match on catch block at 0xc3 in for 0xa9
01-23 20:00:06.632 21334 21334 E ArmVmp : Match on catch block at 0xc3 in for 0xa1
01-23 20:00:06.636 21334 23326 W MediaPlayerNative: info/warning (10973, 0)
01-23 20:00:06.645 21334 21334 E ArmVmp : Match on catch block at 0xc3 in for 0xa1
01-23 20:00:06.650 21334 21334 E ArmVmp : Match on catch block at 0xc3 in for 0xa5
01-23 20:00:06.664 21334 21334 E ArmVmp : Match on catch block at 0xc3 in for 0xa5
01-23 20:00:06.670 21334 21334 E ArmVmp : Match on catch block at 0xc3 in for 0xa9
01-23 20:00:06.678 21334 21334 E ArmVmp : Match on catch block at 0xc3 in for 0xa9
01-23 20:00:06.685 21334 21334 E ArmVmp : Match on catch block at 0xc3 in for 0xa1
01-23 20:00:06.697 21334 21334 E ArmVmp : Match on catch block at 0xc3 in for 0xa1
01-23 20:00:06.704 21334 21334 E ArmVmp : Match on catch block at 0xc3 in for 0xa5
01-23 20:00:06.736 21334 21334 E ArmVmp : Match on catch block at 0xc3 in for 0xa5
01-23 20:00:06.740 21334 21334 E ArmVmp : Match on catch block at 0xc3 in for 0xa9
01-23 20:00:06.755 21334 21334 E ArmVmp : Match on catch block at 0xc3 in for 0xa9
01-23 20:00:06.759 21334 21334 E ArmVmp : Match on catch block at 0xc3 in for 0xa1
01-23 20:00:06.886 21334 21334 E ArmVmp : Match on catch block at 0xc3 in for 0xa5
01-23 20:00:06.892 21334 21334 E ArmVmp : Match on catch block at 0xc3 in for 0xa9
01-23 20:00:06.935 21334 21334 E ArmVmp : Match on catch block at 0xc3 in for 0xa9
01-23 20:00:06.941 21334 21334 E ArmVmp : Match on catch block at 0xc3 in for 0xa1
01-23 20:00:07.120 21334 21334 E ArmVmp : Match on catch block at 0xc3 in for 0xa1
01-23 20:00:07.125 21334 21334 E ArmVmp : Match on catch block at 0xc3 in for 0xa5
01-23 20:00:07.152 21334 21334 E ArmVmp : Match on catch block at 0xc3 in for 0xa5
01-23 20:00:07.156 21334 21334 E ArmVmp : Match on catch block at 0xc3 in for 0xa9
01-23 20:00:07.169 21334 21334 E ArmVmp : Match on catch block at 0xc3 in for 0xa9
01-23 20:00:07.173 21334 21334 E ArmVmp : Match on catch block at 0xc3 in for 0xa1
01-23 20:00:07.186 21334 21334 E ArmVmp : Match on catch block at 0xc3 in for 0xa1
01-23 20:00:07.190 21334 21334 E ArmVmp : Match on catch block at 0xc3 in for 0xa5
01-23 20:00:07.202 21334 21334 E ArmVmp : Match on catch block at 0xc3 in for 0xa5
01-23 20:00:07.206 21334 21334 E ArmVmp : Match on catch block at 0xc3 in for 0xa9
01-23 20:00:07.219 21334 21334 E ArmVmp : Match on catch block at 0xc3 in for 0xa9
01-23 20:00:07.223 21334 21334 E ArmVmp : Match on catch block at 0xc3 in for 0xa1
01-23 20:00:07.235 21334 21334 E ArmVmp : Match on catch block at 0xc3 in for 0xa1
01-23 20:00:07.240 21334 21334 E ArmVmp : Match on catch block at 0xc3 in for 0xa5
01-23 20:00:07.252 21334 21334 E ArmVmp : Match on catch block at 0xc3 in for 0xa5
01-23 20:00:07.256 21334 21334 E ArmVmp : Match on catch block at 0xc3 in for 0xa9
01-23 20:00:07.269 21334 21334 E ArmVmp : Match on catch block at 0xc3 in for 0xa9
01-23 20:00:07.274 21334 21334 E ArmVmp : Match on catch block at 0xc3 in for 0xa1
01-23 20:00:07.286 21334 21334 E ArmVmp : Match on catch block at 0xc3 in for 0xa1
01-23 20:00:07.291 21334 21334 E ArmVmp : Match on catch block at 0xc3 in for 0xa5
01-23 20:00:07.302 21334 21334 E ArmVmp : Match on catch block at 0xc3 in for 0xa5
01-23 20:00:07.306 21334 21334 E ArmVmp : Match on catch block at 0xc3 in for 0xa9
01-23 20:00:07.318 21334 21334 E ArmVmp : Match on catch block at 0xc3 in for 0xa9
01-23 20:00:07.322 21334 21334 E ArmVmp : Match on catch block at 0xc3 in for 0xa1
01-23 20:00:07.335 21334 21334 E ArmVmp : Match on catch block at 0xc3 in for 0xa1
01-23 20:00:07.340 21334 21334 E ArmVmp : Match on catch block at 0xc3 in for 0xa5
01-23 20:00:07.352 21334 21334 E ArmVmp : Match on catch block at 0xc3 in for 0xa5
01-23 20:00:07.356 21334 21334 E ArmVmp : Match on catch block at 0xc3 in for 0xa9
01-23 20:00:07.369 21334 21334 E ArmVmp : Match on catch block at 0xc3 in for 0xa9
01-23 20:00:07.374 21334 21334 E ArmVmp : Match on catch block at 0xc3 in for 0xa1
01-23 20:00:07.385 21334 21334 E ArmVmp : Match on catch block at 0xc3 in for 0xa1
01-23 20:00:07.390 21334 21334 E ArmVmp : Match on catch block at 0xc3 in for 0xa5
01-23 20:00:07.402 21334 21334 E ArmVmp : Match on catch block at 0xc3 in for 0xa5
01-23 20:00:07.407 21334 21334 E ArmVmp : Match on catch block at 0xc3 in for 0xa9
01-23 20:00:07.419 21334 21334 E ArmVmp : Match on catch block at 0xc3 in for 0xa9
01-23 20:00:07.424 21334 21334 E ArmVmp : Match on catch block at 0xc3 in for 0xa1
01-23 20:00:07.436 21334 21334 E ArmVmp : Match on catch block at 0xc3 in for 0xa1
01-23 20:00:07.443 21334 21334 E ArmVmp : Match on catch block at 0xc3 in for 0xa5
01-23 20:00:07.452 21334 21334 E ArmVmp : Match on catch block at 0xc3 in for 0xa5
01-23 20:00:07.457 21334 21334 E ArmVmp : Match on catch block at 0xc3 in for 0xa9
01-23 20:00:07.469 21334 21334 E ArmVmp : Match on catch block at 0xc3 in for 0xa9
01-23 20:00:07.474 21334 21334 E ArmVmp : Match on catch block at 0xc3 in for 0xa1
01-23 20:00:07.486 21334 21334 E ArmVmp : Match on catch block at 0xc3 in for 0xa1
01-23 20:00:07.493 21334 21334 E ArmVmp : Match on catch block at 0xc3 in for 0xa5
01-23 20:00:07.502 21334 21334 E ArmVmp : Match on catch block at 0xc3 in for 0xa5
01-23 20:00:07.507 21334 21334 E ArmVmp : Match on catch block at 0xc3 in for 0xa9
01-23 20:00:07.519 21334 21334 E ArmVmp : Match on catch block at 0xc3 in for 0xa9
01-23 20:00:07.524 21334 21334 E ArmVmp : Match on catch block at 0xc3 in for 0xa1
01-23 20:00:07.538 21334 21334 E ArmVmp : Match on catch block at 0xc3 in for 0xa1
01-23 20:00:07.543 21334 21334 E ArmVmp : Match on catch block at 0xc3 in for 0xa5
01-23 20:00:07.552 21334 21334 E ArmVmp : Match on catch block at 0xc3 in for 0xa5
01-23 20:00:07.556 21334 21334 E ArmVmp : Match on catch block at 0xc3 in for 0xa9
01-23 20:00:07.726 21334 21334 E ArmVmp : Match on catch block at 0xc3 in for 0xa1
01-23 20:00:07.730 21334 21334 E ArmVmp : Match on catch block at 0xc3 in for 0xa5
01-23 20:00:07.772 21334 21334 E ArmVmp : Match on catch block at 0xc3 in for 0xa5
01-23 20:00:07.776 21334 21334 E ArmVmp : Match on catch block at 0xc3 in for 0xa9
01-23 20:00:07.800 21334 21334 E ArmVmp : Match on catch block at 0xc3 in for 0xa5
01-23 20:00:07.805 21334 21334 E ArmVmp : Match on catch block at 0xc3 in for 0xa9
01-23 20:00:07.843 21334 21334 E ArmVmp : Match on catch block at 0xc3 in for 0xa1
01-23 20:00:07.848 21334 21334 E ArmVmp : Match on catch block at 0xc3 in for 0xa5
01-23 20:00:07.863 21334 21334 E ArmVmp : Match on catch block at 0xc3 in for 0xa5
01-23 20:00:07.868 21334 21334 E ArmVmp : Match on catch block at 0xc3 in for 0xa9
01-23 20:00:07.883 21334 21334 E ArmVmp : Match on catch block at 0xc3 in for 0xa9
01-23 20:00:07.889 21334 21334 E ArmVmp : Match on catch block at 0xc3 in for 0xa1
01-23 20:00:07.910 21334 21334 E ArmVmp : Match on catch block at 0xc3 in for 0xa1
01-23 20:00:07.916 21334 21334 E ArmVmp : Match on catch block at 0xc3 in for 0xa5
01-23 20:00:07.934 21334 21334 E ArmVmp : Match on catch block at 0xc3 in for 0xa5
01-23 20:00:07.939 21334 21334 E ArmVmp : Match on catch block at 0xc3 in for 0xa9
01-23 20:00:07.955 21334 21334 E ArmVmp : Match on catch block at 0xc3 in for 0xa9
01-23 20:00:07.960 21334 21334 E ArmVmp : Match on catch block at 0xc3 in for 0xa1
01-23 20:00:07.980 21334 21334 E ArmVmp : Match on catch block at 0xc3 in for 0xa1
01-23 20:00:07.985 21334 21334 E ArmVmp : Match on catch block at 0xc3 in for 0xa5
01-23 20:00:08.006 21334 21334 E ArmVmp : Match on catch block at 0xc3 in for 0xa5
01-23 20:00:08.011 21334 21334 E ArmVmp : Match on catch block at 0xc3 in for 0xa9
01-23 20:00:08.034 21334 21334 E ArmVmp : Match on catch block at 0xc3 in for 0xa1
01-23 20:00:08.039 21334 21334 E ArmVmp : Match on catch block at 0xc3 in for 0xa5
01-23 20:00:08.057 21334 21334 E ArmVmp : Match on catch block at 0xc3 in for 0xa5
01-23 20:00:08.064 21334 21334 E ArmVmp : Match on catch block at 0xc3 in for 0xa9
01-23 20:00:08.081 21334 21334 E ArmVmp : Match on catch block at 0xc3 in for 0xa9
01-23 20:00:08.086 21334 21334 E ArmVmp : Match on catch block at 0xc3 in for 0xa1
01-23 20:00:08.102 21334 21334 E ArmVmp : Match on catch block at 0xc3 in for 0xa1
01-23 20:00:08.107 21334 21334 E ArmVmp : Match on catch block at 0xc3 in for 0xa5
01-23 20:00:08.123 21334 21334 E ArmVmp : Match on catch block at 0xc3 in for 0xa5
01-23 20:00:08.128 21334 21334 E ArmVmp : Match on catch block at 0xc3 in for 0xa9
01-23 20:00:08.143 21334 21334 E ArmVmp : Match on catch block at 0xc3 in for 0xa9
01-23 20:00:08.148 21334 21334 E ArmVmp : Match on catch block at 0xc3 in for 0xa1
01-23 20:00:08.168 21334 21334 E ArmVmp : Match on catch block at 0xc3 in for 0xa1
01-23 20:00:08.174 21334 21334 E ArmVmp : Match on catch block at 0xc3 in for 0xa5
01-23 20:00:08.386 21334 21334 E ArmVmp : Match on catch block at 0xc3 in for 0xa5
01-23 20:00:08.393 21334 21334 E ArmVmp : Match on catch block at 0xc3 in for 0xa9
01-23 20:00:08.489 21334 21737 W libEGL : EGLNativeWindowType 0x71847aa010
disconnect failed
01-23 20:00:08.513 21334 21737 W libEGL : EGLNativeWindowType 0x71847aa010
disconnect failed
01-23 20:00:08.544 21334 21737 W libEGL : EGLNativeWindowType 0x71847aa010
disconnect failed
01-23 20:00:08.548 21334 21334 E ArmVmp : Match on catch block at 0xc3 in for 0xa9
01-23 20:00:08.555 21334 21334 E ArmVmp : Match on catch block at 0xc3 in for 0xa1
01-23 20:00:08.587 21334 21737 W libEGL : EGLNativeWindowType 0x71847aa010
disconnect failed
01-23 20:00:08.609 21334 21737 W libEGL : EGLNativeWindowType 0x71847aa010
disconnect failed
01-23 20:00:08.631 21334 21737 W libEGL : EGLNativeWindowType 0x71847aa010
disconnect failed
01-23 20:00:08.656 21334 21737 W libEGL : EGLNativeWindowType 0x71847aa010
disconnect failed
01-23 20:00:08.685 21334 21737 W libEGL : EGLNativeWindowType 0x71847aa010
disconnect failed
01-23 20:00:08.690 21334 21334 E ArmVmp : Match on catch block at 0xc3 in for 0xa1
01-23 20:00:08.695 21334 21334 E ArmVmp : Match on catch block at 0xc3 in for 0xa5
01-23 20:00:08.725 21334 21737 W libEGL : EGLNativeWindowType 0x71847aa010
disconnect failed
01-23 20:00:08.748 21334 21737 W libEGL : EGLNativeWindowType 0x71847aa010
disconnect failed
01-23 20:00:08.772 21334 21737 W libEGL : EGLNativeWindowType 0x71847aa010
disconnect failed
01-23 20:00:09.136 21334 21334 E ArmVmp : Match on catch block at 0xc3 in for 0xa1
01-23 20:00:09.142 21334 21334 E ArmVmp : Match on catch block at 0xc3 in for 0xa5
01-23 20:00:09.182 21334 21334 E ArmVmp : Match on catch block at 0xc3 in for 0xa9
01-23 20:00:09.189 21334 21334 E ArmVmp : Match on catch block at 0xc3 in for 0xa1
01-23 20:00:09.198 21334 21334 W IInputConnectionWrapper: getExtractedText on
inactive InputConnection
01-23 20:00:09.218 21334 21334 E ArmVmp : Match on catch block at 0xc3 in for 0xa9
01-23 20:00:09.223 21334 21334 E ArmVmp : Match on catch block at 0xc3 in for 0xa1
01-23 20:00:09.231 21334 21334 E ArmVmp : Match on catch block at 0xc3 in for 0xa1
01-23 20:00:09.236 21334 21334 E ArmVmp : Match on catch block at 0xc3 in for 0xa5
01-23 20:00:09.286 21334 21334 E ArmVmp : Match on catch block at 0xc3 in for 0xa9
01-23 20:00:09.292 21334 21334 E ArmVmp : Match on catch block at 0xc3 in for 0xa1
01-23 20:00:09.318 21334 21334 E ArmVmp : Match on catch block at 0xc3 in for 0xa9
01-23 20:00:09.325 21334 21334 E ArmVmp : Match on catch block at 0xc3 in for 0xa1
01-23 20:00:09.336 21334 21334 E ArmVmp : Match on catch block at 0xc3 in for 0xa9
01-23 20:00:09.342 21334 21334 E ArmVmp : Match on catch block at 0xc3 in for 0xa1
01-23 20:00:09.352 21334 21334 E ArmVmp : Match on catch block at 0xc3 in for 0xa1
01-23 20:00:09.357 21334 21334 E ArmVmp : Match on catch block at 0xc3 in for 0xa5
01-23 20:00:09.370 21334 21334 E ArmVmp : Match on catch block at 0xc3 in for 0xa5
01-23 20:00:09.376 21334 21334 E ArmVmp : Match on catch block at 0xc3 in for 0xa9
01-23 20:00:09.559 21334 21334 E ArmVmp : Match on catch block at 0xc3 in for 0xa5
01-23 20:00:09.564 21334 21334 E ArmVmp : Match on catch block at 0xc3 in for 0xa9
01-23 20:00:09.573 21334 21334 E ArmVmp : Match on catch block at 0xc3 in for 0xa9
01-23 20:00:09.574 21334 30397 W MediaPlayer: Use of stream types is deprecated for
operations other than volume control
01-23 20:00:09.574 21334 30397 W MediaPlayer: See the documentation of
setAudioStreamType() for what to use instead with android.media.AudioAttributes to
qualify your playback use case
01-23 20:00:09.578 21334 21334 E ArmVmp : Match on catch block at 0xc3 in for 0xa1
01-23 20:00:09.597 21334 23326 W MediaPlayerNative: info/warning (10973, 0)
01-23 20:00:09.686 21334 21334 E ArmVmp : Match on catch block at 0xc3 in for 0xa1
01-23 20:00:09.694 21334 21334 E ArmVmp : Match on catch block at 0xc3 in for 0xa5
01-23 20:00:09.757 21334 21348 W System : A resource failed to call release.
01-23 20:00:09.758 21334 21348 W System : A resource failed to call release.
01-23 20:00:09.758 21334 21348 W System : A resource failed to call release.
01-23 20:00:09.770 21334 21737 W libEGL : EGLNativeWindowType 0x71847aa010
disconnect failed
01-23 20:00:09.890 21334 21334 E ArmVmp : Match on catch block at 0xc3 in for 0xa1
01-23 20:00:09.896 21334 21334 E ArmVmp : Match on catch block at 0xc3 in for 0xa5
01-23 20:00:09.965 21334 21334 E ArmVmp : Match on catch block at 0xc3 in for 0xa5
01-23 20:00:09.975 21334 21334 E ArmVmp : Match on catch block at 0xc3 in for 0xa9
01-23 20:00:10.022 21334 21334 E ArmVmp : Match on catch block at 0xc3 in for 0xa1
01-23 20:00:10.030 21334 21334 E ArmVmp : Match on catch block at 0xc3 in for 0xa5
01-23 20:00:10.092 21334 21334 E ArmVmp : Match on catch block at 0xc3 in for 0xa5
01-23 20:00:10.098 21334 21334 E ArmVmp : Match on catch block at 0xc3 in for 0xa9
01-23 20:00:10.117 21334 21334 E ArmVmp : Match on catch block at 0xc3 in for 0xa9
01-23 20:00:10.125 21334 21334 E ArmVmp : Match on catch block at 0xc3 in for 0xa1
01-23 20:00:10.145 21334 21334 E ArmVmp : Match on catch block at 0xc3 in for 0xa1
01-23 20:00:10.152 21334 21334 E ArmVmp : Match on catch block at 0xc3 in for 0xa5
01-23 20:00:10.180 21334 21334 E ArmVmp : Match on catch block at 0xc3 in for 0xa5
01-23 20:00:10.192 21334 21334 E ArmVmp : Match on catch block at 0xc3 in for 0xa9
01-23 20:00:10.211 21334 21334 E ArmVmp : Match on catch block at 0xc3 in for 0xa9
01-23 20:00:10.218 21334 21334 E ArmVmp : Match on catch block at 0xc3 in for 0xa1
01-23 20:00:10.245 21334 21334 E ArmVmp : Match on catch block at 0xc3 in for 0xa5
01-23 20:00:10.252 21334 21334 E ArmVmp : Match on catch block at 0xc3 in for 0xa9
01-23 20:00:10.272 21334 21334 E ArmVmp : Match on catch block at 0xc3 in for 0xa9
01-23 20:00:10.280 21334 21334 E ArmVmp : Match on catch block at 0xc3 in for 0xa1
01-23 20:00:10.300 21334 21334 E ArmVmp : Match on catch block at 0xc3 in for 0xa1
01-23 20:00:10.315 21334 21334 E ArmVmp : Match on catch block at 0xc3 in for 0xa5
01-23 20:00:10.343 21334 21334 E ArmVmp : Match on catch block at 0xc3 in for 0xa5
01-23 20:00:10.348 21334 21334 E ArmVmp : Match on catch block at 0xc3 in for 0xa9
01-23 20:00:10.373 21334 21334 E ArmVmp : Match on catch block at 0xc3 in for 0xa9
01-23 20:00:10.377 21334 21334 E ArmVmp : Match on catch block at 0xc3 in for 0xa1
01-23 20:00:10.689 21334 21737 W libEGL : EGLNativeWindowType 0x7182364010
disconnect failed
01-23 20:00:10.720 21334 21737 W libEGL : EGLNativeWindowType 0x7182364010
disconnect failed
01-23 20:00:10.747 21334 21737 W libEGL : EGLNativeWindowType 0x7182364010
disconnect failed
01-23 20:00:10.777 21334 21737 W libEGL : EGLNativeWindowType 0x7182364010
disconnect failed
01-23 20:00:10.781 21334 21334 E ArmVmp : Match on catch block at 0xc3 in for 0xa1
01-23 20:00:10.790 21334 21334 E ArmVmp : Match on catch block at 0xc3 in for 0xa5
01-23 20:00:10.821 21334 21737 W libEGL : EGLNativeWindowType 0x7182364010
disconnect failed
01-23 20:00:10.845 21334 21737 W libEGL : EGLNativeWindowType 0x7182364010
disconnect failed
01-23 20:00:10.866 21334 21737 W libEGL : EGLNativeWindowType 0x7182364010
disconnect failed
01-23 20:00:10.890 21334 21737 W libEGL : EGLNativeWindowType 0x7182364010
disconnect failed
01-23 20:00:10.913 21334 21737 W libEGL : EGLNativeWindowType 0x7182364010
disconnect failed
01-23 20:00:10.935 21334 21737 W libEGL : EGLNativeWindowType 0x7182364010
disconnect failed
01-23 20:00:10.961 21334 21737 W libEGL : EGLNativeWindowType 0x7182364010
disconnect failed
01-23 20:00:10.971 21334 21334 E ArmVmp : Match on catch block at 0xc3 in for 0xa9
01-23 20:00:10.977 21334 21334 E ArmVmp : Match on catch block at 0xc3 in for 0xa1
01-23 20:00:11.015 21334 21737 W libEGL : EGLNativeWindowType 0x7182364010
disconnect failed
01-23 20:00:11.019 21334 21334 E ArmVmp : Match on catch block at 0xc3 in for 0xa9
01-23 20:00:11.026 21334 21334 E ArmVmp : Match on catch block at 0xc3 in for 0xa1
01-23 20:00:11.053 21334 21334 E ArmVmp : Match on catch block at 0xc3 in for 0xa1
01-23 20:00:11.058 21334 21334 E ArmVmp : Match on catch block at 0xc3 in for 0xa5
01-23 20:00:11.066 21334 21334 E ArmVmp : Match on catch block at 0xc3 in for 0xa5
01-23 20:00:11.074 21334 21334 E ArmVmp : Match on catch block at 0xc3 in for 0xa9
01-23 20:00:11.086 21334 21334 E ArmVmp : Match on catch block at 0xc3 in for 0xa9
01-23 20:00:11.092 21334 21334 E ArmVmp : Match on catch block at 0xc3 in for 0xa1
01-23 20:00:11.101 21334 21334 E ArmVmp : Match on catch block at 0xc3 in for 0xa1
01-23 20:00:11.108 21334 21334 E ArmVmp : Match on catch block at 0xc3 in for 0xa5
01-23 20:00:11.121 21334 21334 E ArmVmp : Match on catch block at 0xc3 in for 0xa5
01-23 20:00:11.126 21334 21334 E ArmVmp : Match on catch block at 0xc3 in for 0xa9
01-23 20:00:11.134 21334 21334 E ArmVmp : Match on catch block at 0xc3 in for 0xa9
01-23 20:00:11.140 21334 21334 E ArmVmp : Match on catch block at 0xc3 in for 0xa1
01-23 20:00:11.318 21334 21334 E ArmVmp : Match on catch block at 0xc3 in for 0xa1
01-23 20:00:11.323 21334 21334 E ArmVmp : Match on catch block at 0xc3 in for 0xa5
01-23 20:00:11.353 21334 21334 E ArmVmp : Match on catch block at 0xc3 in for 0xa5
01-23 20:00:11.358 21334 21334 E ArmVmp : Match on catch block at 0xc3 in for 0xa9
01-23 20:00:11.367 21334 21334 E ArmVmp : Match on catch block at 0xc3 in for 0xa9
01-23 20:00:11.374 21334 21334 E ArmVmp : Match on catch block at 0xc3 in for 0xa1
01-23 20:00:11.521 21334 21334 E ArmVmp : Match on catch block at 0xc3 in for 0xa1
01-23 20:00:11.526 21334 21334 E ArmVmp : Match on catch block at 0xc3 in for 0xa5
01-23 20:00:11.602 21334 21334 E ArmVmp : Match on catch block at 0xc3 in for 0xa5
01-23 20:00:11.606 21334 21334 E ArmVmp : Match on catch block at 0xc3 in for 0xa9
01-23 20:00:11.667 21334 21334 E ArmVmp : Match on catch block at 0xc3 in for 0xa9
01-23 20:00:11.673 21334 21334 E ArmVmp : Match on catch block at 0xc3 in for 0xa1
01-23 20:00:11.685 21334 21334 E ArmVmp : Match on catch block at 0xc3 in for 0xa1
01-23 20:00:11.690 21334 21334 E ArmVmp : Match on catch block at 0xc3 in for 0xa5
01-23 20:00:11.701 21334 21334 E ArmVmp : Match on catch block at 0xc3 in for 0xa5
01-23 20:00:11.707 21334 21334 E ArmVmp : Match on catch block at 0xc3 in for 0xa9
01-23 20:00:11.718 21334 21334 E ArmVmp : Match on catch block at 0xc3 in for 0xa9
01-23 20:00:11.722 21334 21334 E ArmVmp : Match on catch block at 0xc3 in for 0xa1
01-23 20:00:11.734 21334 21334 E ArmVmp : Match on catch block at 0xc3 in for 0xa1
01-23 20:00:11.739 21334 21334 E ArmVmp : Match on catch block at 0xc3 in for 0xa5
01-23 20:00:11.751 21334 21334 E ArmVmp : Match on catch block at 0xc3 in for 0xa5
01-23 20:00:11.755 21334 21334 E ArmVmp : Match on catch block at 0xc3 in for 0xa9
01-23 20:00:11.768 21334 21334 E ArmVmp : Match on catch block at 0xc3 in for 0xa9
01-23 20:00:11.773 21334 21334 E ArmVmp : Match on catch block at 0xc3 in for 0xa1
01-23 20:00:11.784 21334 21334 E ArmVmp : Match on catch block at 0xc3 in for 0xa1
01-23 20:00:11.788 21334 21334 E ArmVmp : Match on catch block at 0xc3 in for 0xa5
01-23 20:00:11.801 21334 21334 E ArmVmp : Match on catch block at 0xc3 in for 0xa5
01-23 20:00:11.806 21334 21334 E ArmVmp : Match on catch block at 0xc3 in for 0xa9
01-23 20:00:11.817 21334 21334 E ArmVmp : Match on catch block at 0xc3 in for 0xa9
01-23 20:00:11.822 21334 21334 E ArmVmp : Match on catch block at 0xc3 in for 0xa1
01-23 20:00:11.835 21334 21334 E ArmVmp : Match on catch block at 0xc3 in for 0xa1
01-23 20:00:11.841 21334 21334 E ArmVmp : Match on catch block at 0xc3 in for 0xa5
01-23 20:00:11.852 21334 21334 E ArmVmp : Match on catch block at 0xc3 in for 0xa5
01-23 20:00:11.859 21334 21334 E ArmVmp : Match on catch block at 0xc3 in for 0xa9
01-23 20:00:11.869 21334 21334 E ArmVmp : Match on catch block at 0xc3 in for 0xa9
01-23 20:00:11.877 21334 21334 E ArmVmp : Match on catch block at 0xc3 in for 0xa1
01-23 20:00:11.887 21334 21334 E ArmVmp : Match on catch block at 0xc3 in for 0xa1
01-23 20:00:11.897 21334 21334 E ArmVmp : Match on catch block at 0xc3 in for 0xa5
01-23 20:00:11.905 21334 21334 E ArmVmp : Match on catch block at 0xc3 in for 0xa5
01-23 20:00:11.910 21334 21334 E ArmVmp : Match on catch block at 0xc3 in for 0xa9
01-23 20:00:11.919 21334 21334 E ArmVmp : Match on catch block at 0xc3 in for 0xa9
01-23 20:00:11.925 21334 21334 E ArmVmp : Match on catch block at 0xc3 in for 0xa1
01-23 20:00:11.934 21334 21334 E ArmVmp : Match on catch block at 0xc3 in for 0xa1
01-23 20:00:11.940 21334 21334 E ArmVmp : Match on catch block at 0xc3 in for 0xa5
01-23 20:00:11.961 21334 21737 W libEGL : EGLNativeWindowType 0x7182364010
disconnect failed
01-23 20:00:12.303 21334 21334 E ArmVmp : Match on catch block at 0xc3 in for 0xa1
01-23 20:00:12.311 21334 21334 E ArmVmp : Match on catch block at 0xc3 in for 0xa5
01-23 20:00:12.373 21334 21334 E ArmVmp : Match on catch block at 0xc3 in for 0xa9
01-23 20:00:12.377 21334 21334 E ArmVmp : Match on catch block at 0xc3 in for 0xa1
01-23 20:00:12.395 21334 21334 E ArmVmp : Match on catch block at 0xc3 in for 0xa1
01-23 20:00:12.400 21334 21334 E ArmVmp : Match on catch block at 0xc3 in for 0xa5
01-23 20:00:12.478 21334 21334 E ArmVmp : Match on catch block at 0xc3 in for 0xa1
01-23 20:00:12.483 21334 21334 E ArmVmp : Match on catch block at 0xc3 in for 0xa5
01-23 20:00:12.498 21334 30397 W MediaPlayer: Use of stream types is deprecated for
operations other than volume control
01-23 20:00:12.498 21334 30397 W MediaPlayer: See the documentation of
setAudioStreamType() for what to use instead with android.media.AudioAttributes to
qualify your playback use case
01-23 20:00:12.524 21334 23148 W MediaPlayerNative: info/warning (10973, 0)
01-23 20:00:12.528 21334 21334 E ArmVmp : Match on catch block at 0xc3 in for 0xa1
01-23 20:00:12.534 21334 21334 E ArmVmp : Match on catch block at 0xc3 in for 0xa5
01-23 20:00:12.551 21334 21334 E ArmVmp : Match on catch block at 0xc3 in for 0xa1
01-23 20:00:12.558 21334 21334 E ArmVmp : Match on catch block at 0xc3 in for 0xa5
01-23 20:00:12.595 21334 21334 E ArmVmp : Match on catch block at 0xc3 in for 0xa9
01-23 20:00:12.601 21334 21334 E ArmVmp : Match on catch block at 0xc3 in for 0xa1
01-23 20:00:12.701 21334 21334 E ArmVmp : Match on catch block at 0xc3 in for 0xa5
01-23 20:00:12.707 21334 21334 E ArmVmp : Match on catch block at 0xc3 in for 0xa9
01-23 20:00:12.872 21334 21334 E ArmVmp : Match on catch block at 0xc3 in for 0xa9
01-23 20:00:12.877 21334 21334 E ArmVmp : Match on catch block at 0xc3 in for 0xa1
01-23 20:00:12.891 21334 21334 E ArmVmp : Match on catch block at 0xc3 in for 0xa9
01-23 20:00:12.897 21334 21334 E ArmVmp : Match on catch block at 0xc3 in for 0xa1
01-23 20:00:13.385 21334 21334 E ArmVmp : Match on catch block at 0xc3 in for 0xa1
01-23 20:00:13.389 21334 21334 E ArmVmp : Match on catch block at 0xc3 in for 0xa5
01-23 20:00:13.467 21334 21334 E ArmVmp : Match on catch block at 0xc3 in for 0xa5
01-23 20:00:13.473 21334 21334 E ArmVmp : Match on catch block at 0xc3 in for 0xa9
01-23 20:00:13.652 21334 21334 E ArmVmp : Match on catch block at 0xc3 in for 0xa9
01-23 20:00:13.656 21334 21334 E ArmVmp : Match on catch block at 0xc3 in for 0xa1
01-23 20:00:13.784 21334 21334 E ArmVmp : Match on catch block at 0xc3 in for 0xa1
01-23 20:00:13.790 21334 21334 E ArmVmp : Match on catch block at 0xc3 in for 0xa5
01-23 20:00:13.972 21334 21737 W libEGL : EGLNativeWindowType 0x7182364010
disconnect failed
01-23 20:00:14.084 21334 21334 E ArmVmp : Match on catch block at 0xc3 in for 0xa1
01-23 20:00:14.091 21334 21334 E ArmVmp : Match on catch block at 0xc3 in for 0xa5
01-23 20:00:14.101 21334 21334 E ArmVmp : Match on catch block at 0xc3 in for 0xa9
01-23 20:00:14.107 21334 21334 E ArmVmp : Match on catch block at 0xc3 in for 0xa1
01-23 20:00:14.118 21334 21334 E ArmVmp : Match on catch block at 0xc3 in for 0xa5
01-23 20:00:14.124 21334 21334 E ArmVmp : Match on catch block at 0xc3 in for 0xa9
01-23 20:00:14.135 21334 21334 E ArmVmp : Match on catch block at 0xc3 in for 0xa5
01-23 20:00:14.140 21334 21334 E ArmVmp : Match on catch block at 0xc3 in for 0xa9
01-23 20:00:14.173 21334 21334 E ArmVmp : Match on catch block at 0xc3 in for 0xa1
01-23 20:00:14.178 21334 21334 E ArmVmp : Match on catch block at 0xc3 in for 0xa5
01-23 20:00:14.186 21334 21334 W IInputConnectionWrapper: getExtractedText on
inactive InputConnection
01-23 20:00:14.208 21334 21334 E ArmVmp : Match on catch block at 0xc3 in for 0xa1
01-23 20:00:14.212 21334 21334 E ArmVmp : Match on catch block at 0xc3 in for 0xa5
01-23 20:00:14.258 21334 21334 E ArmVmp : Match on catch block at 0xc3 in for 0xa1
01-23 20:00:14.262 21334 21334 E ArmVmp : Match on catch block at 0xc3 in for 0xa5
