java.util.concurrent.ThreadPoolExecutor$Worker.run(ThreadPoolExecutor.java:644)
12-20 10:07:58.007 13377 13584 E MDD : at
com.google.android.libraries.i.g.run(PG:2)
12-20 10:07:58.007 13377 13584 E MDD : at
java.lang.Thread.run(Thread.java:1012)
12-20 10:07:58.007 13377 13584 E MDD : at
com.google.android.libraries.i.ag.run(PG:5)
12-20 10:07:58.007 13377 13584 E MDD : Caused by:
com.google.android.libraries.geller.f.bm: Geller oneplatform server generated an
exception
12-20 10:07:58.007 13377 13584 E MDD : at
com.google.android.libraries.geller.f.at.apply(PG:3)
12-20 10:07:58.007 13377 13584 E MDD : at
com.google.apps.tiktok.tracing.fg.apply(PG:3)
12-20 10:07:58.007 13377 13584 E MDD : at
com.google.common.util.concurrent.b.e(PG:2)
12-20 10:07:58.007 13377 13584 E MDD : ... 7 more
12-20 10:07:58.007 13377 13584 E MDD : Caused by: io.grpc.fj: UNAVAILABLE: The
service is currently unavailable.
12-20 10:07:58.007 13377 13584 E MDD : at io.grpc.i.n.a(PG:6)
12-20 10:07:58.007 13377 13584 E MDD : at io.grpc.e.bv.run(PG:1)
12-20 10:07:58.007 13377 13584 E MDD : at io.grpc.e.bx.e(PG:4)
12-20 10:07:58.007 13377 13584 E MDD : at io.grpc.e.bx.a(PG:1)
12-20 10:07:58.007 13377 13584 E MDD : at io.grpc.e.ak.a(PG:3)
12-20 10:07:58.007 13377 13584 E MDD : at io.grpc.e.bh.run(PG:2)
12-20 10:07:58.007 13377 13584 E MDD : at io.grpc.e.kn.run(PG:2)
12-20 10:07:58.007 13377 13584 E MDD : at
java.util.concurrent.ThreadPoolExecutor.runWorker(ThreadPoolExecutor.java:1145)
12-20 10:07:58.007 13377 13584 E MDD : at
java.util.concurrent.ThreadPoolExecutor$Worker.run(ThreadPoolExecutor.java:644)
12-20 10:07:58.007 13377 13584 E MDD : at
java.lang.Thread.run(Thread.java:1012)
12-20 10:07:58.363 4026 4428 W AiAiEcho: SmartspaceNotificationPredictor no
parser can handle this notification or notification is invalid
12-20 10:07:58.400 14418 14447 D LocalImageResolver: Couldn't use ImageDecoder for
drawable, falling back to non-resized load.
12-20 10:07:58.403 14418 14447 D LocalImageResolver: Couldn't use ImageDecoder for
drawable, falling back to non-resized load.
12-20 10:07:58.517 1403 1403 I LineageHealth: Current mChargingStopReason: 0
12-20 10:07:58.550 1403 1403 I LineageHealth: Current mChargingStopReason: 0
12-20 10:07:58.606 13377 13758 I A : (REDACTED) NGA Sync: MDD Task: %s done.
12-20 10:07:58.606 13377 13753 I A : NGA Sync: beginOnDataPresent
12-20 10:07:58.607 13377 13758 I A : (REDACTED) NGA Sync: isNgaSyncEnabled:
%s; enableFileGroupPopulator: %s; requiresMddAssets: %s
12-20 10:07:58.608 13377 13758 I A : NGA Sync: beginOnDataPresent
12-20 10:07:58.609 13377 13758 I A : (REDACTED) NGA Sync: isNgaSyncEnabled:
%s; enableFileGroupPopulator: %s; requiresMddAssets: %s
12-20 10:07:58.609 13377 13753 I A : (REDACTED) NGA Sync: isNgaSyncEnabled:
%s; enableFileGroupPopulator: %s; requiresMddAssets: %s
12-20 10:07:58.615 13377 13753 I A : (REDACTED) Flag controlled groups: %s
12-20 10:07:58.616 13377 13753 I A : (REDACTED) Required groups: %s
12-20 10:07:58.617 13377 13753 I A : (REDACTED) Missing groups: %s
12-20 10:07:58.617 13377 13753 I A : NGA Sync: endOnDataPresent
12-20 10:07:58.619 13377 13753 I A : (REDACTED) NGA Sync: isNgaSyncEnabled:
%s; enableFileGroupPopulator: %s; requiresMddAssets: %s
12-20 10:07:58.623 13377 13758 I A : (REDACTED) Flag controlled groups: %s
12-20 10:07:58.624 13377 13758 I A : (REDACTED) Required groups: %s
12-20 10:07:58.624 13377 13758 I A : (REDACTED) Missing groups: %s
12-20 10:07:58.624 13377 13758 I A : NGA Sync: endOnDataPresent
12-20 10:07:58.626 13377 13758 I A : (REDACTED) NGA Sync: isNgaSyncEnabled:
%s; enableFileGroupPopulator: %s; requiresMddAssets: %s
12-20 10:07:58.647 13377 13586 I A : Refresh account policy.
12-20 10:07:58.655 1365 1389 W statsd : StateTracker not found for state atom 31
12-20 10:07:58.872 4026 4428 W AiAiEcho: SmartspaceNotificationPredictor no
parser can handle this notification or notification is invalid
12-20 10:07:58.916 14418 14447 D LocalImageResolver: Couldn't use ImageDecoder for
drawable, falling back to non-resized load.
12-20 10:07:58.918 14418 14447 D LocalImageResolver: Couldn't use ImageDecoder for
drawable, falling back to non-resized load.
12-20 10:07:58.951 13377 13759 I A : (REDACTED) Group %s unknown to APA Data
Download!
12-20 10:07:58.958 13377 13759 I A : (REDACTED) Group %s unknown to APA Data
Download!
12-20 10:07:58.959 13377 13759 I A : (REDACTED) Group %s unknown to APA Data
Download!
12-20 10:07:59.258 13377 13711 W A : (REDACTED) Config group is not stored
for group %s
12-20 10:07:59.263 13377 13584 W A : (REDACTED) Config group is not stored
for group %s
12-20 10:07:59.267 13377 13584 W A : (REDACTED) Config group is not stored
for group %s
12-20 10:07:59.278 13377 13705 W A : (REDACTED) Config group is not stored
for group %s
12-20 10:07:59.288 13377 13711 W A : (REDACTED) Config group is not stored
for group %s
12-20 10:07:59.289 13377 13584 W A : (REDACTED) Config group is not stored
for group %s
12-20 10:07:59.292 13377 13584 W A : (REDACTED) Config group is not stored
for group %s
12-20 10:07:59.294 13377 13705 W A : (REDACTED) Config group is not stored
for group %s
12-20 10:07:59.350 13377 13759 I A : NGA Sync: beginOnDataPresent
12-20 10:07:59.352 13377 13759 I A : (REDACTED) NGA Sync: isNgaSyncEnabled:
%s; enableFileGroupPopulator: %s; requiresMddAssets: %s
12-20 10:07:59.356 13377 13759 I A : (REDACTED) Flag controlled groups: %s
12-20 10:07:59.357 13377 13759 I A : (REDACTED) Required groups: %s
12-20 10:07:59.359 13377 13759 I A : (REDACTED) Missing groups: %s
12-20 10:07:59.359 13377 13759 I A : NGA Sync: endOnDataPresent
12-20 10:07:59.361 13377 13759 I A : (REDACTED) NGA Sync: isNgaSyncEnabled:
%s; enableFileGroupPopulator: %s; requiresMddAssets: %s
12-20 10:07:59.378 4026 4428 W AiAiEcho: SmartspaceNotificationPredictor no
parser can handle this notification or notification is invalid
12-20 10:07:59.423 14418 14447 D LocalImageResolver: Couldn't use ImageDecoder for
drawable, falling back to non-resized load.
12-20 10:07:59.426 14418 14447 D LocalImageResolver: Couldn't use ImageDecoder for
drawable, falling back to non-resized load.
12-20 10:07:59.561 1403 1403 I LineageHealth: Current mChargingStopReason: 0
12-20 10:07:59.577 1610 1628 I pixel-thermal: quiet-therm-usr:38.176 raw data:
quiet-therm-usr:38176
12-20 10:07:59.638 1403 1403 I LineageHealth: Current mChargingStopReason: 0
12-20 10:07:59.759 1403 1403 I LineageHealth: Current mChargingStopReason: 0
12-20 10:07:59.828 1403 1403 I LineageHealth: Current mChargingStopReason: 0
12-20 10:07:59.891 4026 4428 W AiAiEcho: SmartspaceNotificationPredictor no
parser can handle this notification or notification is invalid
12-20 10:07:59.943 14418 14447 D LocalImageResolver: Couldn't use ImageDecoder for
drawable, falling back to non-resized load.
12-20 10:07:59.947 14418 14447 D LocalImageResolver: Couldn't use ImageDecoder for
drawable, falling back to non-resized load.
12-20 10:07:59.960 1403 1403 I LineageHealth: Current mChargingStopReason: 0
12-20 10:08:00.041 1403 1403 I LineageHealth: Current mChargingStopReason: 0
12-20 10:08:00.125 1403 1403 I LineageHealth: Current mChargingStopReason: 0
12-20 10:08:00.219 1403 1403 I LineageHealth: Current mChargingStopReason: 0
12-20 10:08:00.313 1403 1403 I LineageHealth: Current mChargingStopReason: 0
12-20 10:08:00.396 4026 4428 W AiAiEcho: SmartspaceNotificationPredictor no
parser can handle this notification or notification is invalid
12-20 10:08:00.423 1403 1403 I LineageHealth: Current mChargingStopReason: 0
12-20 10:08:00.465 14418 14447 D LocalImageResolver: Couldn't use ImageDecoder for
drawable, falling back to non-resized load.
12-20 10:08:00.469 14418 14447 D LocalImageResolver: Couldn't use ImageDecoder for
drawable, falling back to non-resized load.
12-20 10:08:00.508 1403 1403 I LineageHealth: Current mChargingStopReason: 0
12-20 10:08:00.643 1403 1403 I LineageHealth: Current mChargingStopReason: 0
12-20 10:08:00.715 1403 1403 I LineageHealth: Current mChargingStopReason: 0
12-20 10:08:00.809 1403 1403 I LineageHealth: Current mChargingStopReason: 0
12-20 10:08:00.900 4026 4428 W AiAiEcho: SmartspaceNotificationPredictor no
parser can handle this notification or notification is invalid
12-20 10:08:00.905 1403 1403 I LineageHealth: Current mChargingStopReason: 0
12-20 10:08:00.953 14418 14447 D LocalImageResolver: Couldn't use ImageDecoder for
drawable, falling back to non-resized load.
12-20 10:08:00.956 14418 14447 D LocalImageResolver: Couldn't use ImageDecoder for
drawable, falling back to non-resized load.
12-20 10:08:01.012 1403 1403 I LineageHealth: Current mChargingStopReason: 0
12-20 10:08:01.095 1403 1403 I LineageHealth: Current mChargingStopReason: 0
12-20 10:08:01.211 1403 1403 I LineageHealth: Current mChargingStopReason: 0
12-20 10:08:01.291 1403 1403 I LineageHealth: Current mChargingStopReason: 0
12-20 10:08:01.404 4026 4428 W AiAiEcho: SmartspaceNotificationPredictor no
parser can handle this notification or notification is invalid
12-20 10:08:01.440 1403 1403 I LineageHealth: Current mChargingStopReason: 0
12-20 10:08:01.468 14418 14447 D LocalImageResolver: Couldn't use ImageDecoder for
drawable, falling back to non-resized load.
12-20 10:08:01.473 14418 14447 D LocalImageResolver: Couldn't use ImageDecoder for
drawable, falling back to non-resized load.
12-20 10:08:01.487 1403 1403 I LineageHealth: Current mChargingStopReason: 0
12-20 10:08:01.579 1610 1628 I pixel-thermal: quiet-therm-usr:37.936 raw data:
quiet-therm-usr:37936
12-20 10:08:01.588 1403 1403 I LineageHealth: Current mChargingStopReason: 0
12-20 10:08:01.601 1403 1741 D ActivityManager: sync unfroze 3406
com.google.android.setupwizard for 3
12-20 10:08:01.603 1403 1741 D ActivityManager: sync unfroze 5612
com.android.settings for 3
12-20 10:08:01.614 5612 5612 D BatteryUsageBroadcastReceiver:
onReceive:android.intent.action.BATTERY_LEVEL_CHANGED
12-20 10:08:01.636 5612 5612 D BatteryUsageBroadcastReceiver: fetch data because
of event: ACTION_BATTERY_LEVEL_CHANGED
12-20 10:08:01.692 1403 1403 I LineageHealth: Current mChargingStopReason: 0
12-20 10:08:01.792 1403 1403 I LineageHealth: Current mChargingStopReason: 0
12-20 10:08:01.910 1403 1403 I LineageHealth: Current mChargingStopReason: 0
12-20 10:08:01.915 4026 4428 W AiAiEcho: SmartspaceNotificationPredictor no
parser can handle this notification or notification is invalid
12-20 10:08:01.951 14418 14447 D LocalImageResolver: Couldn't use ImageDecoder for
drawable, falling back to non-resized load.
12-20 10:08:01.954 14418 14447 D LocalImageResolver: Couldn't use ImageDecoder for
drawable, falling back to non-resized load.
12-20 10:08:02.032 1403 1403 I LineageHealth: Current mChargingStopReason: 0
12-20 10:08:02.073 1403 1403 I LineageHealth: Current mChargingStopReason: 0
12-20 10:08:02.179 1403 1403 I LineageHealth: Current mChargingStopReason: 0
12-20 10:08:02.286 1403 1403 I LineageHealth: Current mChargingStopReason: 0
12-20 10:08:02.372 1403 1403 I LineageHealth: Current mChargingStopReason: 0
12-20 10:08:02.424 4026 4428 W AiAiEcho: SmartspaceNotificationPredictor no
parser can handle this notification or notification is invalid
12-20 10:08:02.466 1403 1403 I LineageHealth: Current mChargingStopReason: 0
12-20 10:08:02.490 14418 14447 D LocalImageResolver: Couldn't use ImageDecoder for
drawable, falling back to non-resized load.
12-20 10:08:02.494 14418 14447 D LocalImageResolver: Couldn't use ImageDecoder for
drawable, falling back to non-resized load.
12-20 10:08:02.574 1403 1403 I LineageHealth: Current mChargingStopReason: 0
12-20 10:08:02.684 1403 1403 I LineageHealth: Current mChargingStopReason: 0
12-20 10:08:02.766 1403 1403 I LineageHealth: Current mChargingStopReason: 0
12-20 10:08:02.859 1403 1403 I LineageHealth: Current mChargingStopReason: 0
12-20 10:08:02.930 4026 4428 W AiAiEcho: SmartspaceNotificationPredictor no
parser can handle this notification or notification is invalid
12-20 10:08:02.982 14418 14447 D LocalImageResolver: Couldn't use ImageDecoder for
drawable, falling back to non-resized load.
12-20 10:08:02.985 14418 14447 D LocalImageResolver: Couldn't use ImageDecoder for
drawable, falling back to non-resized load.
12-20 10:08:03.075 1403 1403 I LineageHealth: Current mChargingStopReason: 0
12-20 10:08:03.222 1403 1403 I LineageHealth: Current mChargingStopReason: 0
12-20 10:08:03.257 1403 1403 I LineageHealth: Current mChargingStopReason: 0
12-20 10:08:03.348 1403 1403 I LineageHealth: Current mChargingStopReason: 0
12-20 10:08:03.433 4026 4428 W AiAiEcho: SmartspaceNotificationPredictor no
parser can handle this notification or notification is invalid
12-20 10:08:03.481 14418 14447 D LocalImageResolver: Couldn't use ImageDecoder for
drawable, falling back to non-resized load.
12-20 10:08:03.485 14418 14447 D LocalImageResolver: Couldn't use ImageDecoder for
drawable, falling back to non-resized load.
12-20 10:08:03.942 4026 4428 W AiAiEcho: SmartspaceNotificationPredictor no
parser can handle this notification or notification is invalid
12-20 10:08:03.989 14418 14447 D LocalImageResolver: Couldn't use ImageDecoder for
drawable, falling back to non-resized load.
12-20 10:08:03.994 14418 14447 D LocalImageResolver: Couldn't use ImageDecoder for
drawable, falling back to non-resized load.
12-20 10:08:04.447 4026 4428 W AiAiEcho: SmartspaceNotificationPredictor no
parser can handle this notification or notification is invalid
12-20 10:08:04.494 14418 14447 D LocalImageResolver: Couldn't use ImageDecoder for
drawable, falling back to non-resized load.
12-20 10:08:04.499 14418 14447 D LocalImageResolver: Couldn't use ImageDecoder for
drawable, falling back to non-resized load.
12-20 10:08:04.952 4026 4428 W AiAiEcho: SmartspaceNotificationPredictor no
parser can handle this notification or notification is invalid
12-20 10:08:04.999 14418 14447 D LocalImageResolver: Couldn't use ImageDecoder for
drawable, falling back to non-resized load.
12-20 10:08:05.003 14418 14447 D LocalImageResolver: Couldn't use ImageDecoder for
drawable, falling back to non-resized load.
12-20 10:08:05.397 1610 1628 I pixel-thermal: quiet-therm-usr:37.565 raw data:
quiet-therm-usr:37565
12-20 10:08:05.423 1403 1403 I LineageHealth: Current mChargingStopReason: 0
12-20 10:08:05.456 4026 4428 W AiAiEcho: SmartspaceNotificationPredictor no
parser can handle this notification or notification is invalid
12-20 10:08:05.504 1403 1403 I LineageHealth: Current mChargingStopReason: 0
12-20 10:08:05.522 14418 14447 D LocalImageResolver: Couldn't use ImageDecoder for
drawable, falling back to non-resized load.
12-20 10:08:05.526 14418 14447 D LocalImageResolver: Couldn't use ImageDecoder for
drawable, falling back to non-resized load.
12-20 10:08:05.962 4026 4428 W AiAiEcho: SmartspaceNotificationPredictor no
parser can handle this notification or notification is invalid
12-20 10:08:06.010 14418 14447 D LocalImageResolver: Couldn't use ImageDecoder for
drawable, falling back to non-resized load.
12-20 10:08:06.014 14418 14447 D LocalImageResolver: Couldn't use ImageDecoder for
drawable, falling back to non-resized load.
12-20 10:08:06.467 4026 4428 W AiAiEcho: SmartspaceNotificationPredictor no
parser can handle this notification or notification is invalid
12-20 10:08:06.515 14418 14447 D LocalImageResolver: Couldn't use ImageDecoder for
drawable, falling back to non-resized load.
12-20 10:08:06.519 14418 14447 D LocalImageResolver: Couldn't use ImageDecoder for
drawable, falling back to non-resized load.
12-20 10:08:06.627 1403 2054 D ActivityManager: freezing 12347
com.google.android.apps.messaging
12-20 10:08:06.668 1403 1403 I LineageHealth: Current mChargingStopReason: 0
12-20 10:08:06.681 1403 1403 I LineageHealth: Current mChargingStopReason: 0
12-20 10:08:06.973 4026 4428 W AiAiEcho: SmartspaceNotificationPredictor no
parser can handle this notification or notification is invalid
12-20 10:08:07.024 14418 14447 D LocalImageResolver: Couldn't use ImageDecoder for
drawable, falling back to non-resized load.
12-20 10:08:07.028 14418 14447 D LocalImageResolver: Couldn't use ImageDecoder for
drawable, falling back to non-resized load.
12-20 10:08:07.478 4026 4428 W AiAiEcho: SmartspaceNotificationPredictor no
parser can handle this notification or notification is invalid
12-20 10:08:07.527 14418 14447 D LocalImageResolver: Couldn't use ImageDecoder for
drawable, falling back to non-resized load.
12-20 10:08:07.531 14418 14447 D LocalImageResolver: Couldn't use ImageDecoder for
drawable, falling back to non-resized load.
12-20 10:08:07.983 4026 4428 W AiAiEcho: SmartspaceNotificationPredictor no
parser can handle this notification or notification is invalid
12-20 10:08:08.031 14418 14447 D LocalImageResolver: Couldn't use ImageDecoder for
drawable, falling back to non-resized load.
12-20 10:08:08.035 14418 14447 D LocalImageResolver: Couldn't use ImageDecoder for
drawable, falling back to non-resized load.
12-20 10:08:08.069 1610 1628 I pixel-thermal: quiet-therm-usr:37.308 raw data:
quiet-therm-usr:37308
12-20 10:08:08.080 1403 1403 I LineageHealth: Current mChargingStopReason: 0
12-20 10:08:08.335 1403 1403 I LineageHealth: Current mChargingStopReason: 0
12-20 10:08:08.387 1403 2054 D ActivityManager: freezing 15887
android.process.media
12-20 10:08:08.389 1403 2054 D ActivityManager: freezing 9632
com.google.process.gservices
12-20 10:08:08.454 1403 1403 I LineageHealth: Current mChargingStopReason: 0
12-20 10:08:08.487 4026 4428 W AiAiEcho: SmartspaceNotificationPredictor no
parser can handle this notification or notification is invalid
12-20 10:08:08.529 1403 1403 I LineageHealth: Current mChargingStopReason: 0
12-20 10:08:08.551 14418 14447 D LocalImageResolver: Couldn't use ImageDecoder for
drawable, falling back to non-resized load.
12-20 10:08:08.555 14418 14447 D LocalImageResolver: Couldn't use ImageDecoder for
drawable, falling back to non-resized load.
12-20 10:08:08.630 1403 1403 I LineageHealth: Current mChargingStopReason: 0
12-20 10:08:08.872 1403 1403 I LineageHealth: Current mChargingStopReason: 0
12-20 10:08:08.941 1403 1403 I LineageHealth: Current mChargingStopReason: 0
12-20 10:08:08.996 4026 4428 W AiAiEcho: SmartspaceNotificationPredictor no
parser can handle this notification or notification is invalid
12-20 10:08:09.024 1403 1403 I LineageHealth: Current mChargingStopReason: 0
12-20 10:08:09.052 14418 14447 D LocalImageResolver: Couldn't use ImageDecoder for
drawable, falling back to non-resized load.
12-20 10:08:09.056 14418 14447 D LocalImageResolver: Couldn't use ImageDecoder for
drawable, falling back to non-resized load.
12-20 10:08:09.132 1403 1403 I LineageHealth: Current mChargingStopReason: 0
12-20 10:08:09.193 1403 1403 I LineageHealth: Current mChargingStopReason: 0
12-20 10:08:09.217 1403 1403 I LineageHealth: Current mChargingStopReason: 0
12-20 10:08:09.278 1403 1403 I LineageHealth: Current mChargingStopReason: 0
12-20 10:08:09.284 1403 1403 I LineageHealth: Current mChargingStopReason: 0
12-20 10:08:09.317 1403 1403 I LineageHealth: Current mChargingStopReason: 0
12-20 10:08:09.364 1403 1403 I LineageHealth: Current mChargingStopReason: 0
12-20 10:08:09.408 1403 1403 I LineageHealth: Current mChargingStopReason: 0
12-20 10:08:09.416 1403 1403 I LineageHealth: Current mChargingStopReason: 0
12-20 10:08:09.435 1403 1403 I LineageHealth: Current mChargingStopReason: 0
12-20 10:08:09.458 1403 1403 I LineageHealth: Current mChargingStopReason: 0
12-20 10:08:09.504 4026 4428 W AiAiEcho: SmartspaceNotificationPredictor no
parser can handle this notification or notification is invalid
12-20 10:08:09.553 14418 14447 D LocalImageResolver: Couldn't use ImageDecoder for
drawable, falling back to non-resized load.
12-20 10:08:09.557 14418 14447 D LocalImageResolver: Couldn't use ImageDecoder for
drawable, falling back to non-resized load.
12-20 10:08:09.601 1403 1403 I LineageHealth: Current mChargingStopReason: 0
12-20 10:08:09.614 1403 1403 I LineageHealth: Current mChargingStopReason: 0
12-20 10:08:09.637 1403 1403 I LineageHealth: Current mChargingStopReason: 0
12-20 10:08:09.649 1403 1403 I LineageHealth: Current mChargingStopReason: 0
12-20 10:08:09.678 1403 1403 I LineageHealth: Current mChargingStopReason: 0
12-20 10:08:09.707 1403 1403 I LineageHealth: Current mChargingStopReason: 0
12-20 10:08:09.724 1403 1403 I LineageHealth: Current mChargingStopReason: 0
12-20 10:08:09.747 1403 1403 I LineageHealth: Current mChargingStopReason: 0
12-20 10:08:09.808 1403 1403 I LineageHealth: Current mChargingStopReason: 0
12-20 10:08:09.821 1403 1403 I LineageHealth: Current mChargingStopReason: 0
12-20 10:08:09.864 1403 1403 I LineageHealth: Current mChargingStopReason: 0
12-20 10:08:09.894 1403 1403 I LineageHealth: Current mChargingStopReason: 0
12-20 10:08:09.902 1403 1403 I LineageHealth: Current mChargingStopReason: 0
12-20 10:08:09.922 1403 1403 I LineageHealth: Current mChargingStopReason: 0
12-20 10:08:09.958 1403 1403 I LineageHealth: Current mChargingStopReason: 0
12-20 10:08:10.005 1403 1403 I LineageHealth: Current mChargingStopReason: 0
12-20 10:08:10.008 4026 4428 W AiAiEcho: SmartspaceNotificationPredictor no
parser can handle this notification or notification is invalid
12-20 10:08:10.035 1403 1403 I LineageHealth: Current mChargingStopReason: 0
12-20 10:08:10.051 14418 14447 D LocalImageResolver: Couldn't use ImageDecoder for
drawable, falling back to non-resized load.
12-20 10:08:10.055 14418 14447 D LocalImageResolver: Couldn't use ImageDecoder for
drawable, falling back to non-resized load.
12-20 10:08:10.058 1403 1403 I LineageHealth: Current mChargingStopReason: 0
12-20 10:08:10.083 1610 1628 I pixel-thermal: quiet-therm-usr:37.132 raw data:
quiet-therm-usr:37132
12-20 10:08:10.099 1403 1403 I LineageHealth: Current mChargingStopReason: 0
12-20 10:08:10.154 1403 1403 I LineageHealth: Current mChargingStopReason: 0
12-20 10:08:10.191 1403 1403 I LineageHealth: Current mChargingStopReason: 0
12-20 10:08:10.202 1403 1403 I LineageHealth: Current mChargingStopReason: 0
12-20 10:08:10.320 1403 1403 I LineageHealth: Current mChargingStopReason: 0
12-20 10:08:10.330 1403 1403 I LineageHealth: Current mChargingStopReason: 0
12-20 10:08:10.357 1403 1403 I LineageHealth: Current mChargingStopReason: 0
12-20 10:08:10.397 1403 1403 I LineageHealth: Current mChargingStopReason: 0
12-20 10:08:10.410 1403 1403 I LineageHealth: Current mChargingStopReason: 0
12-20 10:08:10.460 1403 1403 I LineageHealth: Current mChargingStopReason: 0
12-20 10:08:10.490 1403 1403 I LineageHealth: Current mChargingStopReason: 0
12-20 10:08:10.503 1403 1403 I LineageHealth: Current mChargingStopReason: 0
12-20 10:08:10.514 4026 4428 W AiAiEcho: SmartspaceNotificationPredictor no
parser can handle this notification or notification is invalid
12-20 10:08:10.535 1403 1403 I LineageHealth: Current mChargingStopReason: 0
12-20 10:08:10.541 1403 1403 I LineageHealth: Current mChargingStopReason: 0
12-20 10:08:10.567 14418 14447 D LocalImageResolver: Couldn't use ImageDecoder for
drawable, falling back to non-resized load.
12-20 10:08:10.570 14418 14447 D LocalImageResolver: Couldn't use ImageDecoder for
drawable, falling back to non-resized load.
12-20 10:08:10.588 1403 1403 I LineageHealth: Current mChargingStopReason: 0
12-20 10:08:10.595 1403 1403 I LineageHealth: Current mChargingStopReason: 0
12-20 10:08:10.614 1403 1403 I LineageHealth: Current mChargingStopReason: 0
12-20 10:08:10.660 1403 1403 I LineageHealth: Current mChargingStopReason: 0
12-20 10:08:10.696 1403 1403 I LineageHealth: Current mChargingStopReason: 0
12-20 10:08:10.720 1403 1403 I LineageHealth: Current mChargingStopReason: 0
12-20 10:08:10.752 1403 1403 I LineageHealth: Current mChargingStopReason: 0
12-20 10:08:10.786 1403 1403 I LineageHealth: Current mChargingStopReason: 0
12-20 10:08:10.815 1403 1403 I LineageHealth: Current mChargingStopReason: 0
12-20 10:08:10.837 1403 1403 I LineageHealth: Current mChargingStopReason: 0
12-20 10:08:10.879 1403 1403 I LineageHealth: Current mChargingStopReason: 0
12-20 10:08:10.994 1403 1403 I LineageHealth: Current mChargingStopReason: 0
12-20 10:08:11.024 4026 4428 W AiAiEcho: SmartspaceNotificationPredictor no
parser can handle this notification or notification is invalid
12-20 10:08:11.078 14418 14447 D LocalImageResolver: Couldn't use ImageDecoder for
drawable, falling back to non-resized load.
12-20 10:08:11.082 14418 14447 D LocalImageResolver: Couldn't use ImageDecoder for
drawable, falling back to non-resized load.
12-20 10:08:11.101 1403 1403 I LineageHealth: Current mChargingStopReason: 0
12-20 10:08:11.187 1403 1403 I LineageHealth: Current mChargingStopReason: 0
12-20 10:08:11.195 1403 1403 I LineageHealth: Current mChargingStopReason: 0
12-20 10:08:11.211 1403 1403 I LineageHealth: Current mChargingStopReason: 0
12-20 10:08:11.245 1403 1403 I LineageHealth: Current mChargingStopReason: 0
12-20 10:08:11.273 1403 1403 I LineageHealth: Current mChargingStopReason: 0
12-20 10:08:11.295 1403 1403 I LineageHealth: Current mChargingStopReason: 0
12-20 10:08:11.342 1403 1403 I LineageHealth: Current mChargingStopReason: 0
12-20 10:08:11.376 1403 1403 I LineageHealth: Current mChargingStopReason: 0
12-20 10:08:11.406 1403 1403 I LineageHealth: Current mChargingStopReason: 0
12-20 10:08:11.428 1403 1403 I LineageHealth: Current mChargingStopReason: 0
12-20 10:08:11.464 1403 1403 I LineageHealth: Current mChargingStopReason: 0
12-20 10:08:11.514 1403 1403 I LineageHealth: Current mChargingStopReason: 0
12-20 10:08:11.528 1403 1403 I LineageHealth: Current mChargingStopReason: 0
12-20 10:08:11.532 4026 4428 W AiAiEcho: SmartspaceNotificationPredictor no
parser can handle this notification or notification is invalid
12-20 10:08:11.568 1403 1403 I LineageHealth: Current mChargingStopReason: 0
12-20 10:08:11.587 14418 14447 D LocalImageResolver: Couldn't use ImageDecoder for
drawable, falling back to non-resized load.
12-20 10:08:11.591 14418 14447 D LocalImageResolver: Couldn't use ImageDecoder for
drawable, falling back to non-resized load.
12-20 10:08:11.623 1403 1403 I LineageHealth: Current mChargingStopReason: 0
12-20 10:08:11.637 1403 2054 D ActivityManager: freezing 3913
com.google.android.apps.wellbeing
12-20 10:08:11.640 1403 2054 D ActivityManager: freezing 3406
com.google.android.setupwizard
12-20 10:08:11.657 1403 1403 I LineageHealth: Current mChargingStopReason: 0
12-20 10:08:11.677 1403 1403 I LineageHealth: Current mChargingStopReason: 0
12-20 10:08:11.684 1403 1403 I LineageHealth: Current mChargingStopReason: 0
12-20 10:08:11.684 1403 2054 D ActivityManager: freezing 5612
com.android.settings
12-20 10:08:11.695 1403 1403 I LineageHealth: Current mChargingStopReason: 0
12-20 10:08:11.752 1403 1403 I LineageHealth: Current mChargingStopReason: 0
12-20 10:08:11.761 1403 1403 I LineageHealth: Current mChargingStopReason: 0
12-20 10:08:11.775 1403 1403 I LineageHealth: Current mChargingStopReason: 0
12-20 10:08:11.788 1403 1403 I LineageHealth: Current mChargingStopReason: 0
12-20 10:08:11.808 1403 1403 I LineageHealth: Current mChargingStopReason: 0
12-20 10:08:11.815 1403 1403 I LineageHealth: Current mChargingStopReason: 0
12-20 10:08:11.856 1403 1403 I LineageHealth: Current mChargingStopReason: 0
12-20 10:08:11.923 1403 1403 I LineageHealth: Current mChargingStopReason: 0
12-20 10:08:11.959 1403 1403 I LineageHealth: Current mChargingStopReason: 0
12-20 10:08:12.036 4026 4428 W AiAiEcho: SmartspaceNotificationPredictor no
parser can handle this notification or notification is invalid
12-20 10:08:12.085 14418 14447 D LocalImageResolver: Couldn't use ImageDecoder for
drawable, falling back to non-resized load.
12-20 10:08:12.089 14418 14447 D LocalImageResolver: Couldn't use ImageDecoder for
drawable, falling back to non-resized load.
12-20 10:08:12.140 1610 1628 I pixel-thermal: quiet-therm-usr:37.004 raw data:
quiet-therm-usr:37004
12-20 10:08:12.157 1403 1403 I LineageHealth: Current mChargingStopReason: 0
12-20 10:08:12.247 1403 1403 I LineageHealth: Current mChargingStopReason: 0
12-20 10:08:12.288 1403 1403 I LineageHealth: Current mChargingStopReason: 0
12-20 10:08:12.320 1403 1403 I LineageHealth: Current mChargingStopReason: 0
12-20 10:08:12.348 1403 1403 I LineageHealth: Current mChargingStopReason: 0
12-20 10:08:12.364 1403 2054 D ActivityManager: freezing 16066
com.android.providers.calendar
12-20 10:08:12.371 1403 1403 I LineageHealth: Current mChargingStopReason: 0
12-20 10:08:12.378 1403 1403 I LineageHealth: Current mChargingStopReason: 0
12-20 10:08:12.407 1403 1403 I LineageHealth: Current mChargingStopReason: 0
12-20 10:08:12.413 1403 1403 I LineageHealth: Current mChargingStopReason: 0
12-20 10:08:12.445 1403 1403 I LineageHealth: Current mChargingStopReason: 0
12-20 10:08:12.471 1403 1403 I LineageHealth: Current mChargingStopReason: 0
12-20 10:08:12.477 1403 1403 I LineageHealth: Current mChargingStopReason: 0
12-20 10:08:12.499 1610 1628 I pixel-thermal: quiet-therm-usr:36.99 raw data:
quiet-therm-usr:36990
12-20 10:08:12.503 1610 1628 I pixel-thermal: quiet-therm-usr:36.997 raw data:
quiet-therm-usr:36997
12-20 10:08:12.505 1610 1628 I pixel-thermal: quiet-therm-usr:36.997 raw data:
quiet-therm-usr:36997
12-20 10:08:12.540 4026 4428 W AiAiEcho: SmartspaceNotificationPredictor no
parser can handle this notification or notification is invalid
12-20 10:08:12.547 1403 1403 I LineageHealth: Current mChargingStopReason: 0
12-20 10:08:12.571 1403 1403 I LineageHealth: Current mChargingStopReason: 0
12-20 10:08:12.596 14418 14447 D LocalImageResolver: Couldn't use ImageDecoder for
drawable, falling back to non-resized load.
12-20 10:08:12.601 14418 14447 D LocalImageResolver: Couldn't use ImageDecoder for
drawable, falling back to non-resized load.
12-20 10:08:12.612 1403 1403 I LineageHealth: Current mChargingStopReason: 0
12-20 10:08:12.639 1403 1403 I LineageHealth: Current mChargingStopReason: 0
12-20 10:08:12.716 1403 1403 I LineageHealth: Current mChargingStopReason: 0
12-20 10:08:12.769 1403 1403 I LineageHealth: Current mChargingStopReason: 0
12-20 10:08:12.798 1403 1403 I LineageHealth: Current mChargingStopReason: 0
12-20 10:08:12.843 1403 1403 I LineageHealth: Current mChargingStopReason: 0
12-20 10:08:12.850 1403 1403 I LineageHealth: Current mChargingStopReason: 0
12-20 10:08:12.903 1403 1403 I LineageHealth: Current mChargingStopReason: 0
12-20 10:08:12.964 1403 1403 I LineageHealth: Current mChargingStopReason: 0
12-20 10:08:13.029 1403 1403 I LineageHealth: Current mChargingStopReason: 0
12-20 10:08:13.053 4026 4428 W AiAiEcho: SmartspaceNotificationPredictor no
parser can handle this notification or notification is invalid
12-20 10:08:13.083 1403 1403 I LineageHealth: Current mChargingStopReason: 0
12-20 10:08:13.103 14418 14447 D LocalImageResolver: Couldn't use ImageDecoder for
drawable, falling back to non-resized load.
12-20 10:08:13.107 14418 14447 D LocalImageResolver: Couldn't use ImageDecoder for
drawable, falling back to non-resized load.
12-20 10:08:13.130 1403 1403 I LineageHealth: Current mChargingStopReason: 0
12-20 10:08:13.233 1403 1403 I LineageHealth: Current mChargingStopReason: 0
12-20 10:08:13.247 1403 1403 I LineageHealth: Current mChargingStopReason: 0
12-20 10:08:13.321 1403 1403 I LineageHealth: Current mChargingStopReason: 0
12-20 10:08:13.368 1403 1403 I LineageHealth: Current mChargingStopReason: 0
12-20 10:08:13.383 1403 1403 I LineageHealth: Current mChargingStopReason: 0
12-20 10:08:13.455 1403 1403 I LineageHealth: Current mChargingStopReason: 0
12-20 10:08:13.474 1403 1403 I LineageHealth: Current mChargingStopReason: 0
12-20 10:08:13.525 1403 1403 I LineageHealth: Current mChargingStopReason: 0
12-20 10:08:13.533 1403 1403 I LineageHealth: Current mChargingStopReason: 0
12-20 10:08:13.562 1403 1403 I LineageHealth: Current mChargingStopReason: 0
12-20 10:08:13.564 4026 4428 W AiAiEcho: SmartspaceNotificationPredictor no
parser can handle this notification or notification is invalid
12-20 10:08:13.579 1403 1403 I LineageHealth: Current mChargingStopReason: 0
12-20 10:08:13.609 14418 14447 D LocalImageResolver: Couldn't use ImageDecoder for
drawable, falling back to non-resized load.
12-20 10:08:13.613 14418 14447 D LocalImageResolver: Couldn't use ImageDecoder for
drawable, falling back to non-resized load.
12-20 10:08:13.617 1403 1403 I LineageHealth: Current mChargingStopReason: 0
12-20 10:08:13.733 1403 1403 I LineageHealth: Current mChargingStopReason: 0
12-20 10:08:13.817 1403 1403 I LineageHealth: Current mChargingStopReason: 0
12-20 10:08:13.831 1403 1403 I LineageHealth: Current mChargingStopReason: 0
12-20 10:08:13.921 1403 1403 I LineageHealth: Current mChargingStopReason: 0
12-20 10:08:14.044 1403 1403 I LineageHealth: Current mChargingStopReason: 0
12-20 10:08:14.055 1403 1403 I LineageHealth: Current mChargingStopReason: 0
12-20 10:08:14.067 4026 4428 W AiAiEcho: SmartspaceNotificationPredictor no
parser can handle this notification or notification is invalid
12-20 10:08:14.106 14418 14447 D LocalImageResolver: Couldn't use ImageDecoder for
drawable, falling back to non-resized load.
12-20 10:08:14.106 1403 1403 I LineageHealth: Current mChargingStopReason: 0
12-20 10:08:14.109 14418 14447 D LocalImageResolver: Couldn't use ImageDecoder for
drawable, falling back to non-resized load.
12-20 10:08:14.223 1403 1403 I LineageHealth: Current mChargingStopReason: 0
12-20 10:08:14.321 1403 1403 I LineageHealth: Current mChargingStopReason: 0
12-20 10:08:14.352 1403 1403 I LineageHealth: Current mChargingStopReason: 0
12-20 10:08:14.383 1403 1403 I LineageHealth: Current mChargingStopReason: 0
12-20 10:08:14.413 1403 1403 I LineageHealth: Current mChargingStopReason: 0
12-20 10:08:14.504 1403 1403 I LineageHealth: Current mChargingStopReason: 0
12-20 10:08:14.512 1610 1628 I pixel-thermal: quiet-therm-usr:36.895 raw data:
quiet-therm-usr:36895
12-20 10:08:14.524 1403 1403 I LineageHealth: Current mChargingStopReason: 0
12-20 10:08:14.548 1403 1403 I LineageHealth: Current mChargingStopReason: 0
12-20 10:08:14.575 1403 1403 I LineageHealth: Current mChargingStopReason: 0
12-20 10:08:14.577 4026 4428 W AiAiEcho: SmartspaceNotificationPredictor no
parser can handle this notification or notification is invalid
12-20 10:08:14.605 1403 1403 I LineageHealth: Current mChargingStopReason: 0
12-20 10:08:14.636 14418 14447 D LocalImageResolver: Couldn't use ImageDecoder for
drawable, falling back to non-resized load.
12-20 10:08:14.640 14418 14447 D LocalImageResolver: Couldn't use ImageDecoder for
drawable, falling back to non-resized load.
12-20 10:08:14.705 1403 1403 I LineageHealth: Current mChargingStopReason: 0
12-20 10:08:14.893 1403 1403 I LineageHealth: Current mChargingStopReason: 0
12-20 10:08:15.004 1403 1403 I LineageHealth: Current mChargingStopReason: 0
12-20 10:08:15.085 4026 4428 W AiAiEcho: SmartspaceNotificationPredictor no
parser can handle this notification or notification is invalid
12-20 10:08:15.099 1403 1403 I LineageHealth: Current mChargingStopReason: 0
12-20 10:08:15.147 14418 14447 D LocalImageResolver: Couldn't use ImageDecoder for
drawable, falling back to non-resized load.
12-20 10:08:15.150 14418 14447 D LocalImageResolver: Couldn't use ImageDecoder for
drawable, falling back to non-resized load.
12-20 10:08:15.186 1403 1403 I LineageHealth: Current mChargingStopReason: 0
12-20 10:08:15.284 1403 1403 I LineageHealth: Current mChargingStopReason: 0
12-20 10:08:15.396 1403 1403 I LineageHealth: Current mChargingStopReason: 0
12-20 10:08:15.502 1403 1403 I LineageHealth: Current mChargingStopReason: 0
12-20 10:08:15.583 1403 1403 I LineageHealth: Current mChargingStopReason: 0
12-20 10:08:15.589 4026 4428 W AiAiEcho: SmartspaceNotificationPredictor no
parser can handle this notification or notification is invalid
12-20 10:08:15.644 14418 14447 D LocalImageResolver: Couldn't use ImageDecoder for
drawable, falling back to non-resized load.
12-20 10:08:15.648 14418 14447 D LocalImageResolver: Couldn't use ImageDecoder for
drawable, falling back to non-resized load.
12-20 10:08:15.693 1403 1403 I LineageHealth: Current mChargingStopReason: 0
12-20 10:08:15.790 1403 1403 I LineageHealth: Current mChargingStopReason: 0
12-20 10:08:15.875 1403 1403 I LineageHealth: Current mChargingStopReason: 0
12-20 10:08:15.968 1403 1403 I LineageHealth: Current mChargingStopReason: 0
12-20 10:08:16.079 1403 1403 I LineageHealth: Current mChargingStopReason: 0
12-20 10:08:16.091 4026 4428 W AiAiEcho: SmartspaceNotificationPredictor no
parser can handle this notification or notification is invalid
12-20 10:08:16.131 14418 14447 D LocalImageResolver: Couldn't use ImageDecoder for
drawable, falling back to non-resized load.
12-20 10:08:16.136 14418 14447 D LocalImageResolver: Couldn't use ImageDecoder for
drawable, falling back to non-resized load.
12-20 10:08:16.159 1403 1403 I LineageHealth: Current mChargingStopReason: 0
12-20 10:08:16.292 1403 1403 I LineageHealth: Current mChargingStopReason: 0
12-20 10:08:16.356 1403 1403 I LineageHealth: Current mChargingStopReason: 0
12-20 10:08:16.460 1403 1403 I LineageHealth: Current mChargingStopReason: 0
12-20 10:08:16.516 1610 1628 I pixel-thermal: quiet-therm-usr:36.801 raw data:
quiet-therm-usr:36801
12-20 10:08:16.552 1403 1403 I LineageHealth: Current mChargingStopReason: 0
12-20 10:08:16.601 4026 4428 W AiAiEcho: SmartspaceNotificationPredictor no
parser can handle this notification or notification is invalid
12-20 10:08:16.648 1403 1403 I LineageHealth: Current mChargingStopReason: 0
12-20 10:08:16.665 14418 14447 D LocalImageResolver: Couldn't use ImageDecoder for
drawable, falling back to non-resized load.
12-20 10:08:16.670 14418 14447 D LocalImageResolver: Couldn't use ImageDecoder for
drawable, falling back to non-resized load.
12-20 10:08:16.771 1403 1403 I LineageHealth: Current mChargingStopReason: 0
12-20 10:08:16.844 1403 1403 I LineageHealth: Current mChargingStopReason: 0
12-20 10:08:16.983 1403 1403 I LineageHealth: Current mChargingStopReason: 0
12-20 10:08:17.061 1403 1403 I LineageHealth: Current mChargingStopReason: 0
12-20 10:08:17.103 4026 4428 W AiAiEcho: SmartspaceNotificationPredictor no
parser can handle this notification or notification is invalid
12-20 10:08:17.138 1403 1403 I LineageHealth: Current mChargingStopReason: 0
12-20 10:08:17.158 14418 14447 D LocalImageResolver: Couldn't use ImageDecoder for
drawable, falling back to non-resized load.
12-20 10:08:17.161 14418 14447 D LocalImageResolver: Couldn't use ImageDecoder for
drawable, falling back to non-resized load.
12-20 10:08:17.235 1403 1403 I LineageHealth: Current mChargingStopReason: 0
12-20 10:08:17.341 1403 1403 I LineageHealth: Current mChargingStopReason: 0
12-20 10:08:17.430 1403 1403 I LineageHealth: Current mChargingStopReason: 0
12-20 10:08:17.534 1403 1403 I LineageHealth: Current mChargingStopReason: 0
12-20 10:08:17.610 4026 4428 W AiAiEcho: SmartspaceNotificationPredictor no
parser can handle this notification or notification is invalid
12-20 10:08:17.638 1403 1403 I LineageHealth: Current mChargingStopReason: 0
12-20 10:08:17.673 14418 14447 D LocalImageResolver: Couldn't use ImageDecoder for
drawable, falling back to non-resized load.
12-20 10:08:17.676 14418 14447 D LocalImageResolver: Couldn't use ImageDecoder for
drawable, falling back to non-resized load.
12-20 10:08:17.746 1403 1403 I LineageHealth: Current mChargingStopReason: 0
12-20 10:08:17.829 1403 1403 I LineageHealth: Current mChargingStopReason: 0
12-20 10:08:17.930 1403 1403 I LineageHealth: Current mChargingStopReason: 0
12-20 10:08:18.020 1403 1403 I LineageHealth: Current mChargingStopReason: 0
12-20 10:08:18.114 4026 4428 W AiAiEcho: SmartspaceNotificationPredictor no
parser can handle this notification or notification is invalid
12-20 10:08:18.142 1403 1403 I LineageHealth: Current mChargingStopReason: 0
12-20 10:08:18.178 14418 14447 D LocalImageResolver: Couldn't use ImageDecoder for
drawable, falling back to non-resized load.
12-20 10:08:18.181 14418 14447 D LocalImageResolver: Couldn't use ImageDecoder for
drawable, falling back to non-resized load.
12-20 10:08:18.351 872 872 I vendor.rmt_storage: rmt_storage_connect_cb:
clnt_h=0x12 conn_h=0xb400007912e24000
12-20 10:08:18.351 872 872 I vendor.rmt_storage: rmt_storage_rw_iovec_cb:
/boot/modem_fs2: req_h=0x12 msg_id=3: R/W request received (wr_count 11)
12-20 10:08:18.351 872 872 I vendor.rmt_storage: wakelock acquired: 1, error
no: 11
12-20 10:08:18.351 872 1267 I vendor.rmt_storage: rmt_storage_client_thread:
/boot/modem_fs2: Unblock worker thread (th_id: 517852839088)
12-20 10:08:18.371 872 1267 I vendor.rmt_storage: rmt_storage_client_thread:
/boot/modem_fs2: req_h=0x12 msg_id=3: Bytes written = 2097152, wr_count 11
12-20 10:08:18.371 872 1267 I vendor.rmt_storage: rmt_storage_client_thread:
/boot/modem_fs2: req_h=0x12 msg_id=3: Send response: res=0 err=0, wr_count 11
12-20 10:08:18.372 872 1267 I vendor.rmt_storage: rmt_storage_client_thread:
/boot/modem_fs2: About to block rmt_storage client thread (th_id: 517852839088)
wakelock released: 1, error no: 0
12-20 10:08:18.372 872 1267 I vendor.rmt_storage:
12-20 10:08:18.375 872 872 I vendor.rmt_storage: rmt_storage_disconnect_cb:
clnt_h=0x12 conn_h=0xb400007912e24000
12-20 10:08:18.412 1403 1403 I LineageHealth: Current mChargingStopReason: 0
12-20 10:08:18.627 4026 4428 W AiAiEcho: SmartspaceNotificationPredictor no
parser can handle this notification or notification is invalid
12-20 10:08:18.630 1610 1628 I pixel-thermal: quiet-therm-usr:36.706 raw data:
quiet-therm-usr:36706
12-20 10:08:18.647 1403 1403 I LineageHealth: Current mChargingStopReason: 0
12-20 10:08:18.692 14418 14447 D LocalImageResolver: Couldn't use ImageDecoder for
drawable, falling back to non-resized load.
12-20 10:08:18.696 14418 14447 D LocalImageResolver: Couldn't use ImageDecoder for
drawable, falling back to non-resized load.
12-20 10:08:18.710 1403 1403 I LineageHealth: Current mChargingStopReason: 0
12-20 10:08:19.059 1403 1403 I LineageHealth: Current mChargingStopReason: 0
12-20 10:08:19.098 1403 1403 I LineageHealth: Current mChargingStopReason: 0
12-20 10:08:19.135 4026 4428 W AiAiEcho: SmartspaceNotificationPredictor no
parser can handle this notification or notification is invalid
12-20 10:08:19.188 14418 14447 D LocalImageResolver: Couldn't use ImageDecoder for
drawable, falling back to non-resized load.
12-20 10:08:19.192 14418 14447 D LocalImageResolver: Couldn't use ImageDecoder for
drawable, falling back to non-resized load.
12-20 10:08:19.192 1403 1403 I LineageHealth: Current mChargingStopReason: 0
12-20 10:08:19.290 1403 1403 I LineageHealth: Current mChargingStopReason: 0
12-20 10:08:19.394 1403 1403 I LineageHealth: Current mChargingStopReason: 0
12-20 10:08:19.451 1403 1403 I LineageHealth: Current mChargingStopReason: 0
12-20 10:08:19.481 1403 1403 I LineageHealth: Current mChargingStopReason: 0
12-20 10:08:19.488 1403 1403 I LineageHealth: Current mChargingStopReason: 0
12-20 10:08:19.591 1403 1403 I LineageHealth: Current mChargingStopReason: 0
12-20 10:08:19.598 1403 1403 I LineageHealth: Current mChargingStopReason: 0
12-20 10:08:19.612 1403 1403 I LineageHealth: Current mChargingStopReason: 0
12-20 10:08:19.628 1403 1403 I LineageHealth: Current mChargingStopReason: 0
12-20 10:08:19.641 4026 4428 W AiAiEcho: SmartspaceNotificationPredictor no
parser can handle this notification or notification is invalid
12-20 10:08:19.648 1403 1403 I LineageHealth: Current mChargingStopReason: 0
12-20 10:08:19.686 14418 14447 D LocalImageResolver: Couldn't use ImageDecoder for
drawable, falling back to non-resized load.
12-20 10:08:19.687 1403 1403 I LineageHealth: Current mChargingStopReason: 0
12-20 10:08:19.689 14418 14447 D LocalImageResolver: Couldn't use ImageDecoder for
drawable, falling back to non-resized load.
12-20 10:08:19.751 1403 1403 I LineageHealth: Current mChargingStopReason: 0
12-20 10:08:19.760 1403 1403 I LineageHealth: Current mChargingStopReason: 0
12-20 10:08:19.779 1403 1403 I LineageHealth: Current mChargingStopReason: 0
12-20 10:08:19.884 1403 1403 I LineageHealth: Current mChargingStopReason: 0
12-20 10:08:19.976 1403 1403 I LineageHealth: Current mChargingStopReason: 0
12-20 10:08:19.986 1403 1403 I LineageHealth: Current mChargingStopReason: 0
12-20 10:08:20.015 1403 1403 I LineageHealth: Current mChargingStopReason: 0
12-20 10:08:20.072 1403 1403 I LineageHealth: Current mChargingStopReason: 0
12-20 10:08:20.107 1403 1403 I LineageHealth: Current mChargingStopReason: 0
12-20 10:08:20.144 4026 4428 W AiAiEcho: SmartspaceNotificationPredictor no
parser can handle this notification or notification is invalid
12-20 10:08:20.170 1403 1403 I LineageHealth: Current mChargingStopReason: 0
12-20 10:08:20.208 14418 14447 D LocalImageResolver: Couldn't use ImageDecoder for
drawable, falling back to non-resized load.
12-20 10:08:20.213 14418 14447 D LocalImageResolver: Couldn't use ImageDecoder for
drawable, falling back to non-resized load.
12-20 10:08:20.232 1403 1403 I LineageHealth: Current mChargingStopReason: 0
12-20 10:08:20.270 1403 1403 I LineageHealth: Current mChargingStopReason: 0
12-20 10:08:20.382 1403 1403 I LineageHealth: Current mChargingStopReason: 0
12-20 10:08:20.413 1403 1403 I LineageHealth: Current mChargingStopReason: 0
12-20 10:08:20.446 1403 1403 I LineageHealth: Current mChargingStopReason: 0
12-20 10:08:20.465 1403 1403 I LineageHealth: Current mChargingStopReason: 0
12-20 10:08:20.483 1403 1403 I LineageHealth: Current mChargingStopReason: 0
12-20 10:08:20.491 1403 1403 I LineageHealth: Current mChargingStopReason: 0
12-20 10:08:20.498 1403 1403 I LineageHealth: Current mChargingStopReason: 0
12-20 10:08:20.516 1403 1403 I LineageHealth: Current mChargingStopReason: 0
12-20 10:08:20.567 1403 1403 I LineageHealth: Current mChargingStopReason: 0
12-20 10:08:20.652 4026 4428 W AiAiEcho: SmartspaceNotificationPredictor no
parser can handle this notification or notification is invalid
12-20 10:08:20.665 1610 1628 I pixel-thermal: quiet-therm-usr:36.618 raw data:
quiet-therm-usr:36618
12-20 10:08:20.678 1403 1403 I LineageHealth: Current mChargingStopReason: 0
12-20 10:08:20.716 14418 14447 D LocalImageResolver: Couldn't use ImageDecoder for
drawable, falling back to non-resized load.
12-20 10:08:20.721 14418 14447 D LocalImageResolver: Couldn't use ImageDecoder for
drawable, falling back to non-resized load.
12-20 10:08:20.728 1403 1403 I LineageHealth: Current mChargingStopReason: 0
12-20 10:08:20.758 1403 1403 I LineageHealth: Current mChargingStopReason: 0
12-20 10:08:20.814 1403 1403 I LineageHealth: Current mChargingStopReason: 0
12-20 10:08:20.859 1403 1403 I LineageHealth: Current mChargingStopReason: 0
12-20 10:08:20.883 1403 1403 I LineageHealth: Current mChargingStopReason: 0
12-20 10:08:20.924 1403 1403 I LineageHealth: Current mChargingStopReason: 0
12-20 10:08:21.019 1403 1403 I LineageHealth: Current mChargingStopReason: 0
12-20 10:08:21.055 1403 1403 I LineageHealth: Current mChargingStopReason: 0
12-20 10:08:21.093 1403 1403 I LineageHealth: Current mChargingStopReason: 0
12-20 10:08:21.119 1403 1403 I LineageHealth: Current mChargingStopReason: 0
12-20 10:08:21.125 1403 1403 I LineageHealth: Current mChargingStopReason: 0
12-20 10:08:21.145 1403 1403 I LineageHealth: Current mChargingStopReason: 0
12-20 10:08:21.155 4026 4428 W AiAiEcho: SmartspaceNotificationPredictor no
parser can handle this notification or notification is invalid
12-20 10:08:21.172 1403 1403 I LineageHealth: Current mChargingStopReason: 0
12-20 10:08:21.186 14418 14447 D LocalImageResolver: Couldn't use ImageDecoder for
drawable, falling back to non-resized load.
12-20 10:08:21.189 14418 14447 D LocalImageResolver: Couldn't use ImageDecoder for
drawable, falling back to non-resized load.
12-20 10:08:21.203 1403 1403 I LineageHealth: Current mChargingStopReason: 0
12-20 10:08:21.249 1403 1403 I LineageHealth: Current mChargingStopReason: 0
12-20 10:08:21.255 1403 1403 I LineageHealth: Current mChargingStopReason: 0
12-20 10:08:21.267 1403 1403 I LineageHealth: Current mChargingStopReason: 0
12-20 10:08:21.345 1403 1403 I LineageHealth: Current mChargingStopReason: 0
12-20 10:08:21.354 1403 1403 I LineageHealth: Current mChargingStopReason: 0
12-20 10:08:21.446 1403 1403 I LineageHealth: Current mChargingStopReason: 0
12-20 10:08:21.639 1403 1403 I LineageHealth: Current mChargingStopReason: 0
12-20 10:08:21.661 4026 4428 W AiAiEcho: SmartspaceNotificationPredictor no
parser can handle this notification or notification is invalid
12-20 10:08:21.692 14418 14447 D LocalImageResolver: Couldn't use ImageDecoder for
drawable, falling back to non-resized load.
12-20 10:08:21.695 14418 14447 D LocalImageResolver: Couldn't use ImageDecoder for
drawable, falling back to non-resized load.
12-20 10:08:21.786 1403 1403 I LineageHealth: Current mChargingStopReason: 0
12-20 10:08:21.796 1403 1403 I LineageHealth: Current mChargingStopReason: 0
12-20 10:08:21.839 1403 1403 I LineageHealth: Current mChargingStopReason: 0
12-20 10:08:21.846 1403 1403 I LineageHealth: Current mChargingStopReason: 0
12-20 10:08:21.861 1403 1403 I LineageHealth: Current mChargingStopReason: 0
12-20 10:08:21.928 1403 1403 I LineageHealth: Current mChargingStopReason: 0
12-20 10:08:22.001 1403 1403 I LineageHealth: Current mChargingStopReason: 0
12-20 10:08:22.041 1403 1403 I LineageHealth: Current mChargingStopReason: 0
12-20 10:08:22.143 1403 1403 I LineageHealth: Current mChargingStopReason: 0
12-20 10:08:22.162 1403 1403 I LineageHealth: Current mChargingStopReason: 0
12-20 10:08:22.166 4026 4428 W AiAiEcho: SmartspaceNotificationPredictor no
parser can handle this notification or notification is invalid
12-20 10:08:22.199 1403 1403 I LineageHealth: Current mChargingStopReason: 0
12-20 10:08:22.229 1403 1403 I LineageHealth: Current mChargingStopReason: 0
