12-20 10:09:09.424 14418 14447 D LocalImageResolver: Couldn't use ImageDecoder for
drawable, falling back to non-resized load.
12-20 10:09:09.479 1403 1403 I LineageHealth: Current mChargingStopReason: 0
12-20 10:09:09.575 1403 1403 I LineageHealth: Current mChargingStopReason: 0
12-20 10:09:09.684 1403 1403 I LineageHealth: Current mChargingStopReason: 0
12-20 10:09:09.774 1403 1403 I LineageHealth: Current mChargingStopReason: 0
12-20 10:09:09.868 4026 4428 W AiAiEcho: SmartspaceNotificationPredictor no
parser can handle this notification or notification is invalid
12-20 10:09:09.886 1403 1403 I LineageHealth: Current mChargingStopReason: 0
12-20 10:09:09.940 14418 14447 D LocalImageResolver: Couldn't use ImageDecoder for
drawable, falling back to non-resized load.
12-20 10:09:09.945 14418 14447 D LocalImageResolver: Couldn't use ImageDecoder for
drawable, falling back to non-resized load.
12-20 10:09:09.966 1403 1403 I LineageHealth: Current mChargingStopReason: 0
12-20 10:09:10.058 1403 1403 I LineageHealth: Current mChargingStopReason: 0
12-20 10:09:10.172 1403 1403 I LineageHealth: Current mChargingStopReason: 0
12-20 10:09:10.254 1403 1403 I LineageHealth: Current mChargingStopReason: 0
12-20 10:09:10.375 4026 4428 W AiAiEcho: SmartspaceNotificationPredictor no
parser can handle this notification or notification is invalid
12-20 10:09:10.429 14418 14447 D LocalImageResolver: Couldn't use ImageDecoder for
drawable, falling back to non-resized load.
12-20 10:09:10.433 14418 14447 D LocalImageResolver: Couldn't use ImageDecoder for
drawable, falling back to non-resized load.
12-20 10:09:10.562 1403 1403 I LineageHealth: Current mChargingStopReason: 0
12-20 10:09:10.646 1403 1403 I LineageHealth: Current mChargingStopReason: 0
12-20 10:09:10.750 1403 1403 I LineageHealth: Current mChargingStopReason: 0
12-20 10:09:10.842 1403 1403 I LineageHealth: Current mChargingStopReason: 0
12-20 10:09:10.885 4026 4428 W AiAiEcho: SmartspaceNotificationPredictor no
parser can handle this notification or notification is invalid
12-20 10:09:10.902 1610 1628 I pixel-thermal: quiet-therm-usr:35.507 raw data:
quiet-therm-usr:35507
12-20 10:09:10.934 14418 14447 D LocalImageResolver: Couldn't use ImageDecoder for
drawable, falling back to non-resized load.
12-20 10:09:10.938 14418 14447 D LocalImageResolver: Couldn't use ImageDecoder for
drawable, falling back to non-resized load.
12-20 10:09:10.943 1403 1403 I LineageHealth: Current mChargingStopReason: 0
12-20 10:09:11.036 1403 1403 I LineageHealth: Current mChargingStopReason: 0
12-20 10:09:11.138 1403 1403 I LineageHealth: Current mChargingStopReason: 0
12-20 10:09:11.253 1403 1403 I LineageHealth: Current mChargingStopReason: 0
12-20 10:09:11.337 1403 1403 I LineageHealth: Current mChargingStopReason: 0
12-20 10:09:11.392 4026 4428 W AiAiEcho: SmartspaceNotificationPredictor no
parser can handle this notification or notification is invalid
12-20 10:09:11.433 1403 1403 I LineageHealth: Current mChargingStopReason: 0
12-20 10:09:11.455 14418 14447 D LocalImageResolver: Couldn't use ImageDecoder for
drawable, falling back to non-resized load.
12-20 10:09:11.459 14418 14447 D LocalImageResolver: Couldn't use ImageDecoder for
drawable, falling back to non-resized load.
12-20 10:09:11.574 1403 1403 I LineageHealth: Current mChargingStopReason: 0
12-20 10:09:11.641 1403 2054 D ActivityManager: freezing 3913
com.google.android.apps.wellbeing
12-20 10:09:11.643 1403 2054 D ActivityManager: freezing 3406
com.google.android.setupwizard
12-20 10:09:11.644 1403 2054 D ActivityManager: freezing 5612
com.android.settings
12-20 10:09:11.720 1403 1403 I LineageHealth: Current mChargingStopReason: 0
12-20 10:09:11.829 1403 1403 I LineageHealth: Current mChargingStopReason: 0
12-20 10:09:11.900 4026 4428 W AiAiEcho: SmartspaceNotificationPredictor no
parser can handle this notification or notification is invalid
12-20 10:09:11.920 1403 1403 I LineageHealth: Current mChargingStopReason: 0
12-20 10:09:11.966 14418 14447 D LocalImageResolver: Couldn't use ImageDecoder for
drawable, falling back to non-resized load.
12-20 10:09:11.969 14418 14447 D LocalImageResolver: Couldn't use ImageDecoder for
drawable, falling back to non-resized load.
12-20 10:09:12.018 1403 1403 I LineageHealth: Current mChargingStopReason: 0
12-20 10:09:12.128 1403 1403 I LineageHealth: Current mChargingStopReason: 0
12-20 10:09:12.221 1403 1403 I LineageHealth: Current mChargingStopReason: 0
12-20 10:09:12.312 1403 1403 I LineageHealth: Current mChargingStopReason: 0
12-20 10:09:12.407 4026 4428 W AiAiEcho: SmartspaceNotificationPredictor no
parser can handle this notification or notification is invalid
12-20 10:09:12.416 1403 1403 I LineageHealth: Current mChargingStopReason: 0
12-20 10:09:12.464 14418 14447 D LocalImageResolver: Couldn't use ImageDecoder for
drawable, falling back to non-resized load.
12-20 10:09:12.468 14418 14447 D LocalImageResolver: Couldn't use ImageDecoder for
drawable, falling back to non-resized load.
12-20 10:09:12.509 1403 1403 I LineageHealth: Current mChargingStopReason: 0
12-20 10:09:12.602 1403 1403 I LineageHealth: Current mChargingStopReason: 0
12-20 10:09:12.714 1403 1403 I LineageHealth: Current mChargingStopReason: 0
12-20 10:09:12.798 1403 1403 I LineageHealth: Current mChargingStopReason: 0
12-20 10:09:12.912 4026 4428 W AiAiEcho: SmartspaceNotificationPredictor no
parser can handle this notification or notification is invalid
12-20 10:09:12.919 1610 1628 I pixel-thermal: quiet-therm-usr:35.476 raw data:
quiet-therm-usr:35476
12-20 10:09:12.931 1403 1403 I LineageHealth: Current mChargingStopReason: 0
12-20 10:09:12.973 14418 14447 D LocalImageResolver: Couldn't use ImageDecoder for
drawable, falling back to non-resized load.
12-20 10:09:12.976 14418 14447 D LocalImageResolver: Couldn't use ImageDecoder for
drawable, falling back to non-resized load.
12-20 10:09:12.996 1403 1403 I LineageHealth: Current mChargingStopReason: 0
12-20 10:09:13.093 1403 1403 I LineageHealth: Current mChargingStopReason: 0
12-20 10:09:13.188 1403 1403 I LineageHealth: Current mChargingStopReason: 0
12-20 10:09:13.389 1403 1403 I LineageHealth: Current mChargingStopReason: 0
12-20 10:09:13.421 4026 4428 W AiAiEcho: SmartspaceNotificationPredictor no
parser can handle this notification or notification is invalid
12-20 10:09:13.469 14418 14447 D LocalImageResolver: Couldn't use ImageDecoder for
drawable, falling back to non-resized load.
12-20 10:09:13.472 14418 14447 D LocalImageResolver: Couldn't use ImageDecoder for
drawable, falling back to non-resized load.
12-20 10:09:13.480 1403 1403 I LineageHealth: Current mChargingStopReason: 0
12-20 10:09:13.584 1403 1403 I LineageHealth: Current mChargingStopReason: 0
12-20 10:09:13.699 1403 1403 I LineageHealth: Current mChargingStopReason: 0
12-20 10:09:13.781 1403 1403 I LineageHealth: Current mChargingStopReason: 0
12-20 10:09:13.887 1403 1403 I LineageHealth: Current mChargingStopReason: 0
12-20 10:09:13.923 4026 4428 W AiAiEcho: SmartspaceNotificationPredictor no
parser can handle this notification or notification is invalid
12-20 10:09:13.974 1403 1403 I LineageHealth: Current mChargingStopReason: 0
12-20 10:09:13.987 14418 14447 D LocalImageResolver: Couldn't use ImageDecoder for
drawable, falling back to non-resized load.
12-20 10:09:13.991 14418 14447 D LocalImageResolver: Couldn't use ImageDecoder for
drawable, falling back to non-resized load.
12-20 10:09:14.070 1403 1403 I LineageHealth: Current mChargingStopReason: 0
12-20 10:09:14.092 1403 1403 I LineageHealth: Current mChargingStopReason: 0
12-20 10:09:14.100 1403 1403 I LineageHealth: Current mChargingStopReason: 0
12-20 10:09:14.128 1403 1403 I LineageHealth: Current mChargingStopReason: 0
12-20 10:09:14.139 1403 1403 I LineageHealth: Current mChargingStopReason: 0
12-20 10:09:14.166 1403 1403 I LineageHealth: Current mChargingStopReason: 0
12-20 10:09:14.195 1403 1403 I LineageHealth: Current mChargingStopReason: 0
12-20 10:09:14.207 1403 1403 I LineageHealth: Current mChargingStopReason: 0
12-20 10:09:14.270 1403 1403 I LineageHealth: Current mChargingStopReason: 0
12-20 10:09:14.328 1403 1403 I LineageHealth: Current mChargingStopReason: 0
12-20 10:09:14.337 1403 1403 I LineageHealth: Current mChargingStopReason: 0
12-20 10:09:14.371 1403 1403 I LineageHealth: Current mChargingStopReason: 0
12-20 10:09:14.403 1403 1403 I LineageHealth: Current mChargingStopReason: 0
12-20 10:09:14.434 4026 4428 W AiAiEcho: SmartspaceNotificationPredictor no
parser can handle this notification or notification is invalid
12-20 10:09:14.495 14418 14447 D LocalImageResolver: Couldn't use ImageDecoder for
drawable, falling back to non-resized load.
12-20 10:09:14.499 14418 14447 D LocalImageResolver: Couldn't use ImageDecoder for
drawable, falling back to non-resized load.
12-20 10:09:14.560 1403 1403 I LineageHealth: Current mChargingStopReason: 0
12-20 10:09:14.659 1403 1403 I LineageHealth: Current mChargingStopReason: 0
12-20 10:09:14.698 1403 1403 I LineageHealth: Current mChargingStopReason: 0
12-20 10:09:14.711 1403 1403 I LineageHealth: Current mChargingStopReason: 0
12-20 10:09:14.761 1403 1403 I LineageHealth: Current mChargingStopReason: 0
12-20 10:09:14.854 1403 1403 I LineageHealth: Current mChargingStopReason: 0
12-20 10:09:14.945 4026 4428 W AiAiEcho: SmartspaceNotificationPredictor no
parser can handle this notification or notification is invalid
12-20 10:09:14.946 1610 1628 I pixel-thermal: quiet-therm-usr:35.456 raw data:
quiet-therm-usr:35456
12-20 10:09:14.958 1403 1403 I LineageHealth: Current mChargingStopReason: 0
12-20 10:09:15.005 14418 14447 D LocalImageResolver: Couldn't use ImageDecoder for
drawable, falling back to non-resized load.
12-20 10:09:15.008 14418 14447 D LocalImageResolver: Couldn't use ImageDecoder for
drawable, falling back to non-resized load.
12-20 10:09:15.053 1403 1403 I LineageHealth: Current mChargingStopReason: 0
12-20 10:09:15.169 1403 1403 I LineageHealth: Current mChargingStopReason: 0
12-20 10:09:15.292 1403 1403 I LineageHealth: Current mChargingStopReason: 0
12-20 10:09:15.340 1403 1403 I LineageHealth: Current mChargingStopReason: 0
12-20 10:09:15.443 1403 1403 I LineageHealth: Current mChargingStopReason: 0
12-20 10:09:15.451 4026 4428 W AiAiEcho: SmartspaceNotificationPredictor no
parser can handle this notification or notification is invalid
12-20 10:09:15.484 14418 14447 D LocalImageResolver: Couldn't use ImageDecoder for
drawable, falling back to non-resized load.
12-20 10:09:15.487 14418 14447 D LocalImageResolver: Couldn't use ImageDecoder for
drawable, falling back to non-resized load.
12-20 10:09:15.511 1403 1403 I LineageHealth: Current mChargingStopReason: 0
12-20 10:09:15.537 1403 1403 I LineageHealth: Current mChargingStopReason: 0
12-20 10:09:15.634 1403 1403 I LineageHealth: Current mChargingStopReason: 0
12-20 10:09:15.762 1403 1403 I LineageHealth: Current mChargingStopReason: 0
12-20 10:09:15.798 1403 1403 I LineageHealth: Current mChargingStopReason: 0
12-20 10:09:15.833 1403 1403 I LineageHealth: Current mChargingStopReason: 0
12-20 10:09:15.946 1403 1403 I LineageHealth: Current mChargingStopReason: 0
12-20 10:09:15.959 4026 4428 W AiAiEcho: SmartspaceNotificationPredictor no
parser can handle this notification or notification is invalid
12-20 10:09:16.014 14418 14447 D LocalImageResolver: Couldn't use ImageDecoder for
drawable, falling back to non-resized load.
12-20 10:09:16.018 14418 14447 D LocalImageResolver: Couldn't use ImageDecoder for
drawable, falling back to non-resized load.
12-20 10:09:16.028 1403 1403 I LineageHealth: Current mChargingStopReason: 0
12-20 10:09:16.130 1403 1403 I LineageHealth: Current mChargingStopReason: 0
12-20 10:09:16.186 1403 1403 I LineageHealth: Current mChargingStopReason: 0
12-20 10:09:16.201 1403 1403 I LineageHealth: Current mChargingStopReason: 0
12-20 10:09:16.220 1403 1403 I LineageHealth: Current mChargingStopReason: 0
12-20 10:09:16.318 1403 1403 I LineageHealth: Current mChargingStopReason: 0
12-20 10:09:16.373 1403 1403 I LineageHealth: Current mChargingStopReason: 0
12-20 10:09:16.415 1403 1403 I LineageHealth: Current mChargingStopReason: 0
12-20 10:09:16.426 1403 1403 I LineageHealth: Current mChargingStopReason: 0
12-20 10:09:16.444 1403 1403 I LineageHealth: Current mChargingStopReason: 0
12-20 10:09:16.453 1403 1403 I LineageHealth: Current mChargingStopReason: 0
12-20 10:09:16.461 4026 4428 W AiAiEcho: SmartspaceNotificationPredictor no
parser can handle this notification or notification is invalid
12-20 10:09:16.506 14418 14447 D LocalImageResolver: Couldn't use ImageDecoder for
drawable, falling back to non-resized load.
12-20 10:09:16.510 14418 14447 D LocalImageResolver: Couldn't use ImageDecoder for
drawable, falling back to non-resized load.
12-20 10:09:16.514 1403 1403 I LineageHealth: Current mChargingStopReason: 0
12-20 10:09:16.618 1403 1403 I LineageHealth: Current mChargingStopReason: 0
12-20 10:09:16.631 1403 1403 I LineageHealth: Current mChargingStopReason: 0
12-20 10:09:16.721 1403 1403 I LineageHealth: Current mChargingStopReason: 0
12-20 10:09:16.810 1403 1403 I LineageHealth: Current mChargingStopReason: 0
12-20 10:09:16.954 1610 1628 I pixel-thermal: quiet-therm-usr:35.419 raw data:
quiet-therm-usr:35419
12-20 10:09:16.975 1403 1403 I LineageHealth: Current mChargingStopReason: 0
12-20 10:09:16.977 4026 4428 W AiAiEcho: SmartspaceNotificationPredictor no
parser can handle this notification or notification is invalid
12-20 10:09:17.004 1403 1403 I LineageHealth: Current mChargingStopReason: 0
12-20 10:09:17.037 14418 14447 D LocalImageResolver: Couldn't use ImageDecoder for
drawable, falling back to non-resized load.
12-20 10:09:17.040 14418 14447 D LocalImageResolver: Couldn't use ImageDecoder for
drawable, falling back to non-resized load.
12-20 10:09:17.103 1403 1403 I LineageHealth: Current mChargingStopReason: 0
12-20 10:09:17.143 1403 1403 I LineageHealth: Current mChargingStopReason: 0
12-20 10:09:17.213 1403 1403 I LineageHealth: Current mChargingStopReason: 0
12-20 10:09:17.245 1403 1403 I LineageHealth: Current mChargingStopReason: 0
12-20 10:09:17.251 1403 1403 I LineageHealth: Current mChargingStopReason: 0
12-20 10:09:17.301 1403 1403 I LineageHealth: Current mChargingStopReason: 0
12-20 10:09:17.371 1403 1403 I LineageHealth: Current mChargingStopReason: 0
12-20 10:09:17.402 1403 1403 I LineageHealth: Current mChargingStopReason: 0
12-20 10:09:17.478 4026 4428 W AiAiEcho: SmartspaceNotificationPredictor no
parser can handle this notification or notification is invalid
12-20 10:09:17.493 1403 1403 I LineageHealth: Current mChargingStopReason: 0
12-20 10:09:17.545 14418 14447 D LocalImageResolver: Couldn't use ImageDecoder for
drawable, falling back to non-resized load.
12-20 10:09:17.550 14418 14447 D LocalImageResolver: Couldn't use ImageDecoder for
drawable, falling back to non-resized load.
12-20 10:09:17.602 1403 1403 I LineageHealth: Current mChargingStopReason: 0
12-20 10:09:17.614 1403 1403 I LineageHealth: Current mChargingStopReason: 0
12-20 10:09:17.715 1403 1403 I LineageHealth: Current mChargingStopReason: 0
12-20 10:09:17.727 1403 1403 I LineageHealth: Current mChargingStopReason: 0
12-20 10:09:17.745 1403 1403 I LineageHealth: Current mChargingStopReason: 0
12-20 10:09:17.763 1403 1403 I LineageHealth: Current mChargingStopReason: 0
12-20 10:09:17.785 1403 1403 I LineageHealth: Current mChargingStopReason: 0
12-20 10:09:17.806 1403 1403 I LineageHealth: Current mChargingStopReason: 0
12-20 10:09:17.816 1403 1403 I LineageHealth: Current mChargingStopReason: 0
12-20 10:09:17.888 1403 1403 I LineageHealth: Current mChargingStopReason: 0
12-20 10:09:17.894 1403 1403 I LineageHealth: Current mChargingStopReason: 0
12-20 10:09:17.904 1403 1403 I LineageHealth: Current mChargingStopReason: 0
12-20 10:09:17.936 1403 1403 I LineageHealth: Current mChargingStopReason: 0
12-20 10:09:17.984 4026 4428 W AiAiEcho: SmartspaceNotificationPredictor no
parser can handle this notification or notification is invalid
12-20 10:09:17.985 1403 1403 I LineageHealth: Current mChargingStopReason: 0
12-20 10:09:17.988 1403 1403 I LineageHealth: Current mChargingStopReason: 0
12-20 10:09:18.013 1403 1403 I LineageHealth: Current mChargingStopReason: 0
12-20 10:09:18.045 14418 14447 D LocalImageResolver: Couldn't use ImageDecoder for
drawable, falling back to non-resized load.
12-20 10:09:18.048 14418 14447 D LocalImageResolver: Couldn't use ImageDecoder for
drawable, falling back to non-resized load.
12-20 10:09:18.059 1403 1403 I LineageHealth: Current mChargingStopReason: 0
12-20 10:09:18.084 1403 1403 I LineageHealth: Current mChargingStopReason: 0
12-20 10:09:18.114 1403 1403 I LineageHealth: Current mChargingStopReason: 0
12-20 10:09:18.187 1403 1403 I LineageHealth: Current mChargingStopReason: 0
12-20 10:09:18.226 1403 1403 I LineageHealth: Current mChargingStopReason: 0
12-20 10:09:18.295 1403 1403 I LineageHealth: Current mChargingStopReason: 0
12-20 10:09:18.324 1403 1403 I LineageHealth: Current mChargingStopReason: 0
12-20 10:09:18.351 1403 1403 I LineageHealth: Current mChargingStopReason: 0
12-20 10:09:18.406 1403 1403 I LineageHealth: Current mChargingStopReason: 0
12-20 10:09:18.429 1403 1403 I LineageHealth: Current mChargingStopReason: 0
12-20 10:09:18.467 1403 1403 I LineageHealth: Current mChargingStopReason: 0
12-20 10:09:18.474 1403 1403 I LineageHealth: Current mChargingStopReason: 0
12-20 10:09:18.485 4026 4428 W AiAiEcho: SmartspaceNotificationPredictor no
parser can handle this notification or notification is invalid
12-20 10:09:18.519 1403 1403 I LineageHealth: Current mChargingStopReason: 0
12-20 10:09:18.536 14418 14447 D LocalImageResolver: Couldn't use ImageDecoder for
drawable, falling back to non-resized load.
12-20 10:09:18.540 14418 14447 D LocalImageResolver: Couldn't use ImageDecoder for
drawable, falling back to non-resized load.
12-20 10:09:18.543 1403 1403 I LineageHealth: Current mChargingStopReason: 0
12-20 10:09:18.563 1403 1403 I LineageHealth: Current mChargingStopReason: 0
12-20 10:09:18.574 1403 1403 I LineageHealth: Current mChargingStopReason: 0
12-20 10:09:18.582 1403 1403 I LineageHealth: Current mChargingStopReason: 0
12-20 10:09:18.594 1403 1403 I LineageHealth: Current mChargingStopReason: 0
12-20 10:09:18.621 1403 1403 I LineageHealth: Current mChargingStopReason: 0
12-20 10:09:18.665 1403 1403 I LineageHealth: Current mChargingStopReason: 0
12-20 10:09:18.684 1403 1403 I LineageHealth: Current mChargingStopReason: 0
12-20 10:09:18.703 1403 1403 I LineageHealth: Current mChargingStopReason: 0
12-20 10:09:18.725 1403 1403 I LineageHealth: Current mChargingStopReason: 0
12-20 10:09:18.730 1403 1403 I LineageHealth: Current mChargingStopReason: 0
12-20 10:09:18.777 1403 1403 I LineageHealth: Current mChargingStopReason: 0
12-20 10:09:18.792 1403 1403 I LineageHealth: Current mChargingStopReason: 0
12-20 10:09:18.808 1403 1403 I LineageHealth: Current mChargingStopReason: 0
12-20 10:09:18.821 1403 1403 I LineageHealth: Current mChargingStopReason: 0
12-20 10:09:18.860 1403 1403 I LineageHealth: Current mChargingStopReason: 0
12-20 10:09:18.872 1403 1403 I LineageHealth: Current mChargingStopReason: 0
12-20 10:09:18.887 1403 1403 I LineageHealth: Current mChargingStopReason: 0
12-20 10:09:18.917 1403 1403 I LineageHealth: Current mChargingStopReason: 0
12-20 10:09:18.998 1403 1453 I system_server: Background young concurrent copying
GC freed 1213701(44MB) AllocSpace objects, 0(0B) LOS objects, 50% free, 43MB/88MB,
paused 727us,122us total 123.919ms
12-20 10:09:19.003 4026 4428 W AiAiEcho: SmartspaceNotificationPredictor no
parser can handle this notification or notification is invalid
12-20 10:09:19.018 1610 1628 I pixel-thermal: quiet-therm-usr:35.399 raw data:
quiet-therm-usr:35399
12-20 10:09:19.030 1403 1403 I LineageHealth: Current mChargingStopReason: 0
12-20 10:09:19.058 1403 1403 I LineageHealth: Current mChargingStopReason: 0
12-20 10:09:19.061 14418 14447 D LocalImageResolver: Couldn't use ImageDecoder for
drawable, falling back to non-resized load.
12-20 10:09:19.064 14418 14447 D LocalImageResolver: Couldn't use ImageDecoder for
drawable, falling back to non-resized load.
12-20 10:09:19.081 1403 1403 I LineageHealth: Current mChargingStopReason: 0
12-20 10:09:19.129 1403 1403 I LineageHealth: Current mChargingStopReason: 0
12-20 10:09:19.160 1403 1403 I LineageHealth: Current mChargingStopReason: 0
12-20 10:09:19.170 1403 1403 I LineageHealth: Current mChargingStopReason: 0
12-20 10:09:19.247 1403 1403 I LineageHealth: Current mChargingStopReason: 0
12-20 10:09:19.256 1403 1403 I LineageHealth: Current mChargingStopReason: 0
12-20 10:09:19.281 1403 1403 I LineageHealth: Current mChargingStopReason: 0
12-20 10:09:19.319 1403 1403 I LineageHealth: Current mChargingStopReason: 0
12-20 10:09:19.354 1403 1403 I LineageHealth: Current mChargingStopReason: 0
12-20 10:09:19.365 1403 1403 I LineageHealth: Current mChargingStopReason: 0
12-20 10:09:19.377 1403 1403 I LineageHealth: Current mChargingStopReason: 0
12-20 10:09:19.449 1403 1403 I LineageHealth: Current mChargingStopReason: 0
12-20 10:09:19.477 1403 1403 I LineageHealth: Current mChargingStopReason: 0
12-20 10:09:19.506 4026 4428 W AiAiEcho: SmartspaceNotificationPredictor no
parser can handle this notification or notification is invalid
12-20 10:09:19.527 1403 1403 I LineageHealth: Current mChargingStopReason: 0
12-20 10:09:19.547 1403 1403 I LineageHealth: Current mChargingStopReason: 0
12-20 10:09:19.576 14418 14447 D LocalImageResolver: Couldn't use ImageDecoder for
drawable, falling back to non-resized load.
12-20 10:09:19.579 14418 14447 D LocalImageResolver: Couldn't use ImageDecoder for
drawable, falling back to non-resized load.
12-20 10:09:19.643 1403 1403 I LineageHealth: Current mChargingStopReason: 0
12-20 10:09:19.666 1403 1403 I LineageHealth: Current mChargingStopReason: 0
12-20 10:09:19.672 1403 1403 I LineageHealth: Current mChargingStopReason: 0
12-20 10:09:19.701 1403 1403 I LineageHealth: Current mChargingStopReason: 0
12-20 10:09:19.710 1403 1403 I LineageHealth: Current mChargingStopReason: 0
12-20 10:09:19.717 1403 1403 I LineageHealth: Current mChargingStopReason: 0
12-20 10:09:19.745 1403 1403 I LineageHealth: Current mChargingStopReason: 0
12-20 10:09:19.756 1403 1403 I LineageHealth: Current mChargingStopReason: 0
12-20 10:09:19.777 1403 1403 I LineageHealth: Current mChargingStopReason: 0
12-20 10:09:19.807 1403 1403 I LineageHealth: Current mChargingStopReason: 0
12-20 10:09:19.833 1403 1403 I LineageHealth: Current mChargingStopReason: 0
12-20 10:09:19.846 1403 1403 I LineageHealth: Current mChargingStopReason: 0
12-20 10:09:19.859 1403 1403 I LineageHealth: Current mChargingStopReason: 0
12-20 10:09:19.887 1403 1403 I LineageHealth: Current mChargingStopReason: 0
12-20 10:09:19.895 1403 1403 I LineageHealth: Current mChargingStopReason: 0
12-20 10:09:19.935 1403 1403 I LineageHealth: Current mChargingStopReason: 0
12-20 10:09:19.946 1403 1403 I LineageHealth: Current mChargingStopReason: 0
12-20 10:09:19.968 1403 1403 I LineageHealth: Current mChargingStopReason: 0
12-20 10:09:19.994 1403 1403 I LineageHealth: Current mChargingStopReason: 0
12-20 10:09:20.011 4026 4428 W AiAiEcho: SmartspaceNotificationPredictor no
parser can handle this notification or notification is invalid
12-20 10:09:20.013 1403 1403 I LineageHealth: Current mChargingStopReason: 0
12-20 10:09:20.040 1403 1403 I LineageHealth: Current mChargingStopReason: 0
12-20 10:09:20.061 14418 14447 D LocalImageResolver: Couldn't use ImageDecoder for
drawable, falling back to non-resized load.
12-20 10:09:20.062 1403 1403 I LineageHealth: Current mChargingStopReason: 0
12-20 10:09:20.064 14418 14447 D LocalImageResolver: Couldn't use ImageDecoder for
drawable, falling back to non-resized load.
12-20 10:09:20.081 1403 1403 I LineageHealth: Current mChargingStopReason: 0
12-20 10:09:20.145 1403 1403 I LineageHealth: Current mChargingStopReason: 0
12-20 10:09:20.172 1403 1403 I LineageHealth: Current mChargingStopReason: 0
12-20 10:09:20.196 1403 1403 I LineageHealth: Current mChargingStopReason: 0
12-20 10:09:20.203 1403 1403 I LineageHealth: Current mChargingStopReason: 0
12-20 10:09:20.250 1403 1403 I LineageHealth: Current mChargingStopReason: 0
12-20 10:09:20.333 1403 1403 I LineageHealth: Current mChargingStopReason: 0
12-20 10:09:20.340 1403 1403 I LineageHealth: Current mChargingStopReason: 0
12-20 10:09:20.360 1403 1403 I LineageHealth: Current mChargingStopReason: 0
12-20 10:09:20.369 1403 1403 I LineageHealth: Current mChargingStopReason: 0
12-20 10:09:20.399 1403 1403 I LineageHealth: Current mChargingStopReason: 0
12-20 10:09:20.429 1403 1403 I LineageHealth: Current mChargingStopReason: 0
12-20 10:09:20.438 1403 1403 I LineageHealth: Current mChargingStopReason: 0
12-20 10:09:20.445 1403 1403 I LineageHealth: Current mChargingStopReason: 0
12-20 10:09:20.465 1403 1403 I LineageHealth: Current mChargingStopReason: 0
12-20 10:09:20.496 1403 1403 I LineageHealth: Current mChargingStopReason: 0
12-20 10:09:20.502 1403 1403 I LineageHealth: Current mChargingStopReason: 0
12-20 10:09:20.515 4026 4428 W AiAiEcho: SmartspaceNotificationPredictor no
parser can handle this notification or notification is invalid
12-20 10:09:20.522 1403 1403 I LineageHealth: Current mChargingStopReason: 0
12-20 10:09:20.539 1403 1403 I LineageHealth: Current mChargingStopReason: 0
12-20 10:09:20.563 14418 14447 D LocalImageResolver: Couldn't use ImageDecoder for
drawable, falling back to non-resized load.
12-20 10:09:20.565 1403 1403 I LineageHealth: Current mChargingStopReason: 0
12-20 10:09:20.566 14418 14447 D LocalImageResolver: Couldn't use ImageDecoder for
drawable, falling back to non-resized load.
12-20 10:09:20.572 1403 1403 I LineageHealth: Current mChargingStopReason: 0
12-20 10:09:20.620 1403 1403 I LineageHealth: Current mChargingStopReason: 0
12-20 10:09:20.628 1403 1403 I LineageHealth: Current mChargingStopReason: 0
12-20 10:09:20.725 1403 1403 I LineageHealth: Current mChargingStopReason: 0
12-20 10:09:20.747 1403 1403 I LineageHealth: Current mChargingStopReason: 0
12-20 10:09:20.817 1403 1403 I LineageHealth: Current mChargingStopReason: 0
12-20 10:09:20.837 1403 1403 I LineageHealth: Current mChargingStopReason: 0
12-20 10:09:20.883 1403 1403 I LineageHealth: Current mChargingStopReason: 0
12-20 10:09:20.911 1403 1403 I LineageHealth: Current mChargingStopReason: 0
12-20 10:09:20.920 1403 1403 I LineageHealth: Current mChargingStopReason: 0
12-20 10:09:20.971 1403 1403 I LineageHealth: Current mChargingStopReason: 0
12-20 10:09:20.991 1403 1403 I LineageHealth: Current mChargingStopReason: 0
12-20 10:09:21.022 1403 1403 I LineageHealth: Current mChargingStopReason: 0
12-20 10:09:21.024 4026 4428 W AiAiEcho: SmartspaceNotificationPredictor no
parser can handle this notification or notification is invalid
12-20 10:09:21.034 1403 1403 I LineageHealth: Current mChargingStopReason: 0
12-20 10:09:21.040 1610 1628 I pixel-thermal: quiet-therm-usr:35.371 raw data:
quiet-therm-usr:35371
12-20 10:09:21.069 14418 14447 D LocalImageResolver: Couldn't use ImageDecoder for
drawable, falling back to non-resized load.
12-20 10:09:21.073 14418 14447 D LocalImageResolver: Couldn't use ImageDecoder for
drawable, falling back to non-resized load.
12-20 10:09:21.081 1403 1403 I LineageHealth: Current mChargingStopReason: 0
12-20 10:09:21.126 1403 1403 I LineageHealth: Current mChargingStopReason: 0
12-20 10:09:21.146 1403 1403 I LineageHealth: Current mChargingStopReason: 0
12-20 10:09:21.210 1403 1403 I LineageHealth: Current mChargingStopReason: 0
12-20 10:09:21.218 1403 1403 I LineageHealth: Current mChargingStopReason: 0
12-20 10:09:21.230 1403 1403 I LineageHealth: Current mChargingStopReason: 0
12-20 10:09:21.268 1403 1403 I LineageHealth: Current mChargingStopReason: 0
12-20 10:09:21.315 1403 1403 I LineageHealth: Current mChargingStopReason: 0
12-20 10:09:21.424 1403 1403 I LineageHealth: Current mChargingStopReason: 0
12-20 10:09:21.531 4026 4428 W AiAiEcho: SmartspaceNotificationPredictor no
parser can handle this notification or notification is invalid
12-20 10:09:21.560 1403 1403 I LineageHealth: Current mChargingStopReason: 0
12-20 10:09:21.578 1403 1403 I LineageHealth: Current mChargingStopReason: 0
12-20 10:09:21.606 1403 1403 I LineageHealth: Current mChargingStopReason: 0
12-20 10:09:21.613 14418 14447 D LocalImageResolver: Couldn't use ImageDecoder for
drawable, falling back to non-resized load.
12-20 10:09:21.617 14418 14447 D LocalImageResolver: Couldn't use ImageDecoder for
drawable, falling back to non-resized load.
12-20 10:09:21.640 1403 1403 I LineageHealth: Current mChargingStopReason: 0
12-20 10:09:21.648 1403 1403 I LineageHealth: Current mChargingStopReason: 0
12-20 10:09:21.701 1403 1403 I LineageHealth: Current mChargingStopReason: 0
12-20 10:09:21.721 1403 1403 I LineageHealth: Current mChargingStopReason: 0
12-20 10:09:21.734 1403 1403 I LineageHealth: Current mChargingStopReason: 0
12-20 10:09:21.752 1403 1403 I LineageHealth: Current mChargingStopReason: 0
12-20 10:09:21.773 1403 1403 I LineageHealth: Current mChargingStopReason: 0
12-20 10:09:21.795 1403 1403 I LineageHealth: Current mChargingStopReason: 0
12-20 10:09:21.821 1403 1403 I LineageHealth: Current mChargingStopReason: 0
12-20 10:09:21.903 1403 1403 I LineageHealth: Current mChargingStopReason: 0
12-20 10:09:21.995 1403 1403 I LineageHealth: Current mChargingStopReason: 0
12-20 10:09:22.039 4026 4428 W AiAiEcho: SmartspaceNotificationPredictor no
parser can handle this notification or notification is invalid
12-20 10:09:22.092 14418 14447 D LocalImageResolver: Couldn't use ImageDecoder for
drawable, falling back to non-resized load.
12-20 10:09:22.096 14418 14447 D LocalImageResolver: Couldn't use ImageDecoder for
drawable, falling back to non-resized load.
12-20 10:09:22.109 1403 1403 I LineageHealth: Current mChargingStopReason: 0
12-20 10:09:22.190 1403 1403 I LineageHealth: Current mChargingStopReason: 0
12-20 10:09:22.234 1403 1403 I LineageHealth: Current mChargingStopReason: 0
12-20 10:09:22.249 1403 1403 I LineageHealth: Current mChargingStopReason: 0
12-20 10:09:22.296 1403 1403 I LineageHealth: Current mChargingStopReason: 0
12-20 10:09:22.322 1403 1403 I LineageHealth: Current mChargingStopReason: 0
12-20 10:09:22.333 1403 1403 I LineageHealth: Current mChargingStopReason: 0
12-20 10:09:22.387 1403 1403 I LineageHealth: Current mChargingStopReason: 0
12-20 10:09:22.482 1403 1403 I LineageHealth: Current mChargingStopReason: 0
12-20 10:09:22.543 4026 4428 W AiAiEcho: SmartspaceNotificationPredictor no
parser can handle this notification or notification is invalid
12-20 10:09:22.620 14418 14447 D LocalImageResolver: Couldn't use ImageDecoder for
drawable, falling back to non-resized load.
12-20 10:09:22.622 14418 14447 D LocalImageResolver: Couldn't use ImageDecoder for
drawable, falling back to non-resized load.
12-20 10:09:22.677 1403 1403 I LineageHealth: Current mChargingStopReason: 0
12-20 10:09:22.725 14418 14429 I ndroid.systemui: Background concurrent copying GC
freed 1080718(40MB) AllocSpace objects, 4(80KB) LOS objects, 66% free, 23MB/69MB,
paused 227us,148us total 402.051ms
12-20 10:09:22.788 1403 1403 I LineageHealth: Current mChargingStopReason: 0
12-20 10:09:22.834 1403 1403 I LineageHealth: Current mChargingStopReason: 0
12-20 10:09:22.851 1403 1403 I LineageHealth: Current mChargingStopReason: 0
12-20 10:09:22.876 1403 1403 I LineageHealth: Current mChargingStopReason: 0
12-20 10:09:22.912 1403 1403 I LineageHealth: Current mChargingStopReason: 0
12-20 10:09:22.945 1403 1403 I LineageHealth: Current mChargingStopReason: 0
12-20 10:09:22.980 1403 1403 I LineageHealth: Current mChargingStopReason: 0
12-20 10:09:23.054 4026 4428 W AiAiEcho: SmartspaceNotificationPredictor no
parser can handle this notification or notification is invalid
12-20 10:09:23.091 1610 1628 I pixel-thermal: quiet-therm-usr:35.365 raw data:
quiet-therm-usr:35365
12-20 10:09:23.103 1403 1403 I LineageHealth: Current mChargingStopReason: 0
12-20 10:09:23.104 14418 14447 D LocalImageResolver: Couldn't use ImageDecoder for
drawable, falling back to non-resized load.
12-20 10:09:23.108 14418 14447 D LocalImageResolver: Couldn't use ImageDecoder for
drawable, falling back to non-resized load.
12-20 10:09:23.183 1403 1403 I LineageHealth: Current mChargingStopReason: 0
12-20 10:09:23.266 1403 1403 I LineageHealth: Current mChargingStopReason: 0
12-20 10:09:23.363 1403 1403 I LineageHealth: Current mChargingStopReason: 0
12-20 10:09:23.469 1403 1403 I LineageHealth: Current mChargingStopReason: 0
12-20 10:09:23.566 4026 4428 W AiAiEcho: SmartspaceNotificationPredictor no
parser can handle this notification or notification is invalid
12-20 10:09:23.623 14418 14447 D LocalImageResolver: Couldn't use ImageDecoder for
drawable, falling back to non-resized load.
12-20 10:09:23.628 14418 14447 D LocalImageResolver: Couldn't use ImageDecoder for
drawable, falling back to non-resized load.
12-20 10:09:23.660 1403 1403 I LineageHealth: Current mChargingStopReason: 0
12-20 10:09:23.666 1403 1403 I LineageHealth: Current mChargingStopReason: 0
12-20 10:09:23.674 1403 1403 I LineageHealth: Current mChargingStopReason: 0
12-20 10:09:23.746 1403 1403 I LineageHealth: Current mChargingStopReason: 0
12-20 10:09:23.759 1403 1403 I LineageHealth: Current mChargingStopReason: 0
12-20 10:09:23.855 1403 1403 I LineageHealth: Current mChargingStopReason: 0
12-20 10:09:23.950 1403 1403 I LineageHealth: Current mChargingStopReason: 0
12-20 10:09:24.053 1403 1403 I LineageHealth: Current mChargingStopReason: 0
12-20 10:09:24.069 4026 4428 W AiAiEcho: SmartspaceNotificationPredictor no
parser can handle this notification or notification is invalid
12-20 10:09:24.103 14418 14447 D LocalImageResolver: Couldn't use ImageDecoder for
drawable, falling back to non-resized load.
12-20 10:09:24.107 14418 14447 D LocalImageResolver: Couldn't use ImageDecoder for
drawable, falling back to non-resized load.
12-20 10:09:24.148 1403 1403 I LineageHealth: Current mChargingStopReason: 0
12-20 10:09:24.259 1403 1403 I LineageHealth: Current mChargingStopReason: 0
12-20 10:09:24.378 1403 1403 I LineageHealth: Current mChargingStopReason: 0
12-20 10:09:24.458 1403 1403 I LineageHealth: Current mChargingStopReason: 0
12-20 10:09:24.513 1403 1403 I LineageHealth: Current mChargingStopReason: 0
12-20 10:09:24.546 1403 1403 I LineageHealth: Current mChargingStopReason: 0
12-20 10:09:24.577 4026 4428 W AiAiEcho: SmartspaceNotificationPredictor no
parser can handle this notification or notification is invalid
12-20 10:09:24.619 14418 14447 D LocalImageResolver: Couldn't use ImageDecoder for
drawable, falling back to non-resized load.
12-20 10:09:24.622 14418 14447 D LocalImageResolver: Couldn't use ImageDecoder for
drawable, falling back to non-resized load.
12-20 10:09:24.629 1403 1403 I LineageHealth: Current mChargingStopReason: 0
12-20 10:09:24.683 1403 1403 I LineageHealth: Current mChargingStopReason: 0
12-20 10:09:24.690 1403 1403 I LineageHealth: Current mChargingStopReason: 0
12-20 10:09:24.731 1403 1403 I LineageHealth: Current mChargingStopReason: 0
12-20 10:09:24.839 1403 1403 I LineageHealth: Current mChargingStopReason: 0
12-20 10:09:24.930 1403 1403 I LineageHealth: Current mChargingStopReason: 0
12-20 10:09:25.040 1403 1403 I LineageHealth: Current mChargingStopReason: 0
12-20 10:09:25.088 4026 4428 W AiAiEcho: SmartspaceNotificationPredictor no
parser can handle this notification or notification is invalid
12-20 10:09:25.094 1610 1628 I pixel-thermal: quiet-therm-usr:35.365 raw data:
quiet-therm-usr:35365
12-20 10:09:25.131 1403 1403 I LineageHealth: Current mChargingStopReason: 0
12-20 10:09:25.154 14418 14447 D LocalImageResolver: Couldn't use ImageDecoder for
drawable, falling back to non-resized load.
12-20 10:09:25.159 14418 14447 D LocalImageResolver: Couldn't use ImageDecoder for
drawable, falling back to non-resized load.
12-20 10:09:25.220 1403 1403 I LineageHealth: Current mChargingStopReason: 0
12-20 10:09:25.328 1403 1403 I LineageHealth: Current mChargingStopReason: 0
12-20 10:09:25.440 1403 1403 I LineageHealth: Current mChargingStopReason: 0
12-20 10:09:25.516 1403 1403 I LineageHealth: Current mChargingStopReason: 0
12-20 10:09:25.590 4026 4428 W AiAiEcho: SmartspaceNotificationPredictor no
parser can handle this notification or notification is invalid
12-20 10:09:25.618 1403 1403 I LineageHealth: Current mChargingStopReason: 0
12-20 10:09:25.647 1403 1403 I LineageHealth: Current mChargingStopReason: 0
12-20 10:09:25.650 14418 14447 D LocalImageResolver: Couldn't use ImageDecoder for
drawable, falling back to non-resized load.
12-20 10:09:25.653 14418 14447 D LocalImageResolver: Couldn't use ImageDecoder for
drawable, falling back to non-resized load.
12-20 10:09:25.661 1403 1403 I LineageHealth: Current mChargingStopReason: 0
12-20 10:09:25.710 1403 1403 I LineageHealth: Current mChargingStopReason: 0
12-20 10:09:25.817 1403 1403 I LineageHealth: Current mChargingStopReason: 0
12-20 10:09:25.905 1403 1403 I LineageHealth: Current mChargingStopReason: 0
12-20 10:09:26.005 1403 1403 I LineageHealth: Current mChargingStopReason: 0
12-20 10:09:26.095 4026 4428 W AiAiEcho: SmartspaceNotificationPredictor no
parser can handle this notification or notification is invalid
12-20 10:09:26.122 1403 1403 I LineageHealth: Current mChargingStopReason: 0
12-20 10:09:26.152 14418 14447 D LocalImageResolver: Couldn't use ImageDecoder for
drawable, falling back to non-resized load.
12-20 10:09:26.157 14418 14447 D LocalImageResolver: Couldn't use ImageDecoder for
drawable, falling back to non-resized load.
12-20 10:09:26.165 1403 1403 I LineageHealth: Current mChargingStopReason: 0
12-20 10:09:26.176 1403 1403 I LineageHealth: Current mChargingStopReason: 0
12-20 10:09:26.205 1403 1403 I LineageHealth: Current mChargingStopReason: 0
12-20 10:09:26.303 1403 1403 I LineageHealth: Current mChargingStopReason: 0
12-20 10:09:26.411 1403 1403 I LineageHealth: Current mChargingStopReason: 0
12-20 10:09:26.514 1403 1403 I LineageHealth: Current mChargingStopReason: 0
12-20 10:09:26.607 4026 4428 W AiAiEcho: SmartspaceNotificationPredictor no
parser can handle this notification or notification is invalid
12-20 10:09:26.608 1403 1403 I LineageHealth: Current mChargingStopReason: 0
12-20 10:09:26.658 14418 14447 D LocalImageResolver: Couldn't use ImageDecoder for
drawable, falling back to non-resized load.
12-20 10:09:26.662 14418 14447 D LocalImageResolver: Couldn't use ImageDecoder for
drawable, falling back to non-resized load.
12-20 10:09:26.690 1403 1403 I LineageHealth: Current mChargingStopReason: 0
12-20 10:09:26.799 1403 1403 I LineageHealth: Current mChargingStopReason: 0
12-20 10:09:26.888 1403 1403 I LineageHealth: Current mChargingStopReason: 0
12-20 10:09:26.981 1403 1403 I LineageHealth: Current mChargingStopReason: 0
12-20 10:09:27.100 1610 1628 I pixel-thermal: quiet-therm-usr:35.341 raw data:
quiet-therm-usr:35341
12-20 10:09:27.116 4026 4428 W AiAiEcho: SmartspaceNotificationPredictor no
parser can handle this notification or notification is invalid
12-20 10:09:27.122 1403 1403 I LineageHealth: Current mChargingStopReason: 0
12-20 10:09:27.160 14418 14447 D LocalImageResolver: Couldn't use ImageDecoder for
drawable, falling back to non-resized load.
12-20 10:09:27.164 14418 14447 D LocalImageResolver: Couldn't use ImageDecoder for
drawable, falling back to non-resized load.
12-20 10:09:27.195 1403 1403 I LineageHealth: Current mChargingStopReason: 0
12-20 10:09:27.276 1403 1403 I LineageHealth: Current mChargingStopReason: 0
12-20 10:09:27.371 1403 1403 I LineageHealth: Current mChargingStopReason: 0
12-20 10:09:27.476 1403 1403 I LineageHealth: Current mChargingStopReason: 0
12-20 10:09:27.579 1403 1403 I LineageHealth: Current mChargingStopReason: 0
12-20 10:09:27.613 4026 4428 W AiAiEcho: SmartspaceNotificationPredictor no
parser can handle this notification or notification is invalid
12-20 10:09:27.666 14418 14447 D LocalImageResolver: Couldn't use ImageDecoder for
drawable, falling back to non-resized load.
12-20 10:09:27.670 14418 14447 D LocalImageResolver: Couldn't use ImageDecoder for
drawable, falling back to non-resized load.
12-20 10:09:27.685 1403 1403 I LineageHealth: Current mChargingStopReason: 0
12-20 10:09:27.767 1403 1403 I LineageHealth: Current mChargingStopReason: 0
12-20 10:09:27.863 1403 1403 I LineageHealth: Current mChargingStopReason: 0
12-20 10:09:27.964 1403 1403 I LineageHealth: Current mChargingStopReason: 0
12-20 10:09:28.060 1403 1403 I LineageHealth: Current mChargingStopReason: 0
12-20 10:09:28.122 4026 4428 W AiAiEcho: SmartspaceNotificationPredictor no
parser can handle this notification or notification is invalid
12-20 10:09:28.159 1403 1403 I LineageHealth: Current mChargingStopReason: 0
12-20 10:09:28.189 14418 14447 D LocalImageResolver: Couldn't use ImageDecoder for
drawable, falling back to non-resized load.
12-20 10:09:28.194 14418 14447 D LocalImageResolver: Couldn't use ImageDecoder for
drawable, falling back to non-resized load.
12-20 10:09:28.254 1403 1403 I LineageHealth: Current mChargingStopReason: 0
12-20 10:09:28.372 1403 1403 I LineageHealth: Current mChargingStopReason: 0
12-20 10:09:28.457 1403 1403 I LineageHealth: Current mChargingStopReason: 0
12-20 10:09:28.554 1403 1403 I LineageHealth: Current mChargingStopReason: 0
12-20 10:09:28.625 4026 4428 W AiAiEcho: SmartspaceNotificationPredictor no
parser can handle this notification or notification is invalid
12-20 10:09:28.645 1403 1403 I LineageHealth: Current mChargingStopReason: 0
12-20 10:09:28.689 14418 14447 D LocalImageResolver: Couldn't use ImageDecoder for
drawable, falling back to non-resized load.
12-20 10:09:28.694 14418 14447 D LocalImageResolver: Couldn't use ImageDecoder for
drawable, falling back to non-resized load.
12-20 10:09:28.744 1403 1403 I LineageHealth: Current mChargingStopReason: 0
12-20 10:09:28.841 1403 1403 I LineageHealth: Current mChargingStopReason: 0
12-20 10:09:28.949 1403 1403 I LineageHealth: Current mChargingStopReason: 0
12-20 10:09:29.083 1403 1403 I LineageHealth: Current mChargingStopReason: 0
12-20 10:09:29.105 1610 1628 I pixel-thermal: quiet-therm-usr:35.328 raw data:
quiet-therm-usr:35328
12-20 10:09:29.129 4026 4428 W AiAiEcho: SmartspaceNotificationPredictor no
parser can handle this notification or notification is invalid
12-20 10:09:29.138 1403 1403 I LineageHealth: Current mChargingStopReason: 0
12-20 10:09:29.171 14418 14447 D LocalImageResolver: Couldn't use ImageDecoder for
drawable, falling back to non-resized load.
12-20 10:09:29.173 14418 14447 D LocalImageResolver: Couldn't use ImageDecoder for
drawable, falling back to non-resized load.
12-20 10:09:29.232 1403 1403 I LineageHealth: Current mChargingStopReason: 0
12-20 10:09:29.333 1403 1403 I LineageHealth: Current mChargingStopReason: 0
12-20 10:09:29.444 1403 1403 I LineageHealth: Current mChargingStopReason: 0
12-20 10:09:29.527 1403 1403 I LineageHealth: Current mChargingStopReason: 0
12-20 10:09:29.637 4026 4428 W AiAiEcho: SmartspaceNotificationPredictor no
parser can handle this notification or notification is invalid
12-20 10:09:29.640 1403 1403 I LineageHealth: Current mChargingStopReason: 0
12-20 10:09:29.688 14418 14447 D LocalImageResolver: Couldn't use ImageDecoder for
drawable, falling back to non-resized load.
12-20 10:09:29.691 14418 14447 D LocalImageResolver: Couldn't use ImageDecoder for
drawable, falling back to non-resized load.
12-20 10:09:29.724 1403 1403 I LineageHealth: Current mChargingStopReason: 0
12-20 10:09:29.831 1403 1403 I LineageHealth: Current mChargingStopReason: 0
12-20 10:09:29.919 1403 1403 I LineageHealth: Current mChargingStopReason: 0
12-20 10:09:30.018 1403 1403 I LineageHealth: Current mChargingStopReason: 0
12-20 10:09:30.111 1403 1403 I LineageHealth: Current mChargingStopReason: 0
12-20 10:09:30.141 4026 4428 W AiAiEcho: SmartspaceNotificationPredictor no
parser can handle this notification or notification is invalid
12-20 10:09:30.175 14418 14447 D LocalImageResolver: Couldn't use ImageDecoder for
drawable, falling back to non-resized load.
12-20 10:09:30.179 14418 14447 D LocalImageResolver: Couldn't use ImageDecoder for
drawable, falling back to non-resized load.
12-20 10:09:30.207 1403 1403 I LineageHealth: Current mChargingStopReason: 0
12-20 10:09:30.307 1403 1403 I LineageHealth: Current mChargingStopReason: 0
12-20 10:09:30.409 1403 1403 I LineageHealth: Current mChargingStopReason: 0
12-20 10:09:30.505 1403 1403 I LineageHealth: Current mChargingStopReason: 0
12-20 10:09:30.601 1403 1403 I LineageHealth: Current mChargingStopReason: 0
12-20 10:09:30.646 4026 4428 W AiAiEcho: SmartspaceNotificationPredictor no
parser can handle this notification or notification is invalid
12-20 10:09:30.695 14418 14447 D LocalImageResolver: Couldn't use ImageDecoder for
drawable, falling back to non-resized load.
12-20 10:09:30.700 14418 14447 D LocalImageResolver: Couldn't use ImageDecoder for
drawable, falling back to non-resized load.
12-20 10:09:30.701 1403 1403 I LineageHealth: Current mChargingStopReason: 0
12-20 10:09:30.795 1403 1403 I LineageHealth: Current mChargingStopReason: 0
12-20 10:09:31.108 1610 1628 I pixel-thermal: quiet-therm-usr:35.307 raw data:
quiet-therm-usr:35307
12-20 10:09:31.121 1403 1403 I LineageHealth: Current mChargingStopReason: 0
12-20 10:09:31.148 4026 4428 W AiAiEcho: SmartspaceNotificationPredictor no
parser can handle this notification or notification is invalid
12-20 10:09:31.189 14418 14447 D LocalImageResolver: Couldn't use ImageDecoder for
drawable, falling back to non-resized load.
12-20 10:09:31.193 14418 14447 D LocalImageResolver: Couldn't use ImageDecoder for
drawable, falling back to non-resized load.
12-20 10:09:31.193 1403 1403 I LineageHealth: Current mChargingStopReason: 0
12-20 10:09:31.288 1403 1403 I LineageHealth: Current mChargingStopReason: 0
12-20 10:09:31.382 1403 1403 I LineageHealth: Current mChargingStopReason: 0
12-20 10:09:31.484 1403 1403 I LineageHealth: Current mChargingStopReason: 0
12-20 10:09:31.587 1403 1403 I LineageHealth: Current mChargingStopReason: 0
12-20 10:09:31.660 4026 4428 W AiAiEcho: SmartspaceNotificationPredictor no
parser can handle this notification or notification is invalid
12-20 10:09:31.684 1403 1403 I LineageHealth: Current mChargingStopReason: 0
12-20 10:09:31.737 14418 14447 D LocalImageResolver: Couldn't use ImageDecoder for
drawable, falling back to non-resized load.
12-20 10:09:31.741 14418 14447 D LocalImageResolver: Couldn't use ImageDecoder for
drawable, falling back to non-resized load.
12-20 10:09:31.773 1403 1403 I LineageHealth: Current mChargingStopReason: 0
12-20 10:09:31.870 1403 1403 I LineageHealth: Current mChargingStopReason: 0
12-20 10:09:31.972 1403 1403 I LineageHealth: Current mChargingStopReason: 0
12-20 10:09:32.083 1403 1403 I LineageHealth: Current mChargingStopReason: 0
12-20 10:09:32.166 4026 4428 W AiAiEcho: SmartspaceNotificationPredictor no
parser can handle this notification or notification is invalid
12-20 10:09:32.167 1403 1403 I LineageHealth: Current mChargingStopReason: 0
12-20 10:09:32.206 14418 14447 D LocalImageResolver: Couldn't use ImageDecoder for
drawable, falling back to non-resized load.
12-20 10:09:32.209 14418 14447 D LocalImageResolver: Couldn't use ImageDecoder for
drawable, falling back to non-resized load.
12-20 10:09:32.274 1403 1403 I LineageHealth: Current mChargingStopReason: 0
12-20 10:09:32.378 1403 1403 I LineageHealth: Current mChargingStopReason: 0
12-20 10:09:32.461 1403 1403 I LineageHealth: Current mChargingStopReason: 0
12-20 10:09:32.563 1403 1403 I LineageHealth: Current mChargingStopReason: 0
12-20 10:09:32.654 1403 1403 I LineageHealth: Current mChargingStopReason: 0
12-20 10:09:32.676 4026 4428 W AiAiEcho: SmartspaceNotificationPredictor no
parser can handle this notification or notification is invalid
12-20 10:09:32.719 14418 14447 D LocalImageResolver: Couldn't use ImageDecoder for
drawable, falling back to non-resized load.
12-20 10:09:32.724 14418 14447 D LocalImageResolver: Couldn't use ImageDecoder for
drawable, falling back to non-resized load.
12-20 10:09:32.753 1403 1403 I LineageHealth: Current mChargingStopReason: 0
12-20 10:09:32.851 1403 1403 I LineageHealth: Current mChargingStopReason: 0
12-20 10:09:32.948 1403 1403 I LineageHealth: Current mChargingStopReason: 0
12-20 10:09:33.012 1403 1763 W BatteryExternalStatsWorker: error reading
Bluetooth stats: 9
12-20 10:09:33.047 1403 1403 I LineageHealth: Current mChargingStopReason: 0
12-20 10:09:33.077 1403 3811 D TelephonyManager: requestModemActivityInfo:
Sending result to app: ModemActivityInfo{ mTimestamp=1686242 mSleepTimeMs=688786
mIdleTimeMs=688596
mActivityStatsTechSpecificInfo=[{mRat=UNKNOWN,mFrequencyRange=UNKNOWN,mTxTimeMs[]=[
9146, 2469, 3732, 2107, 20805],mRxTimeMs=254401}]}
12-20 10:09:33.106 1403 1763 E system_server: Cannot read thread CPU times for
PID 1403
12-20 10:09:33.123 1610 1628 I pixel-thermal: quiet-therm-usr:35.28 raw data:
quiet-therm-usr:35280
12-20 10:09:33.145 1403 1403 I LineageHealth: Current mChargingStopReason: 0
12-20 10:09:33.182 4026 4428 W AiAiEcho: SmartspaceNotificationPredictor no
parser can handle this notification or notification is invalid
12-20 10:09:33.224 14418 14447 D LocalImageResolver: Couldn't use ImageDecoder for
drawable, falling back to non-resized load.
12-20 10:09:33.226 14418 14447 D LocalImageResolver: Couldn't use ImageDecoder for
drawable, falling back to non-resized load.
12-20 10:09:33.248 1403 1403 I LineageHealth: Current mChargingStopReason: 0
12-20 10:09:33.338 1403 1403 I LineageHealth: Current mChargingStopReason: 0
12-20 10:09:33.441 1403 1403 I LineageHealth: Current mChargingStopReason: 0
