02-14 16:22:36.014 27993 28070 E GPUAUX : [AUX]GuiExtAuxCheckAuxPath:663: Null anb
02-14 16:22:36.014 27993 28070 E GPUAUX : [AUX]GuiExtAuxCheckAuxPath:663: Null anb
02-14 16:22:36.014 27993 28070 E GPUAUX : [AUX]GuiExtAuxCheckAuxPath:663: Null anb
02-14 16:22:36.014 27993 28070 E GPUAUX : [AUX]GuiExtAuxCheckAuxPath:663: Null anb
02-14 16:22:37.014 27993 27993 I ViewRootImpl@aa4bd35[MainActivity]: ViewPostIme
pointer 0
02-14 16:22:37.015 27993 28070 E GPUAUX : [AUX]GuiExtAuxCheckAuxPath:663: Null anb
02-14 16:22:37.015 27993 28070 E GPUAUX : [AUX]GuiExtAuxCheckAuxPath:663: Null anb
02-14 16:22:37.067 27993 27993 I ViewRootImpl@aa4bd35[MainActivity]: ViewPostIme
pointer 1
02-14 16:22:37.105 27993 27993 I AssistStructure: Flattened final assist data: 3020
bytes, containing 1 windows, 6 views
02-14 16:22:37.136 27993 27993 D InputMethodManager: startInputInner - Id : 0
02-14 16:22:37.136 27993 27993 I InputMethodManager: startInputInner -
mService.startInputOrWindowGainedFocus
02-14 16:22:37.139 27993 27993 I IMM_LC : ssi() - flag : 0 view :
com.hrblock.sprucemoney reason = SHOW_SOFT_INPUT
02-14 16:22:37.139 27993 27993 I IMM_LC : ssi() view is not EditText
02-14 16:22:37.170 27993 28070 E GPUAUX : [AUX]GuiExtAuxCheckAuxPath:663: Null anb
02-14 16:22:37.170 27993 28070 E GPUAUX : [AUX]GuiExtAuxCheckAuxPath:663: Null anb
02-14 16:22:37.170 27993 28070 E GPUAUX : [AUX]GuiExtAuxCheckAuxPath:663: Null anb
02-14 16:22:37.170 27993 28070 E GPUAUX : [AUX]GuiExtAuxCheckAuxPath:663: Null anb
02-14 16:22:37.170 27993 28070 E GPUAUX : [AUX]GuiExtAuxCheckAuxPath:663: Null anb
02-14 16:22:37.179 27993 28070 E GPUAUX : [AUX]GuiExtAuxCheckAuxPath:663: Null anb
02-14 16:22:37.179 27993 28070 E GPUAUX : [AUX]GuiExtAuxCheckAuxPath:663: Null anb
02-14 16:22:37.179 27993 28070 E GPUAUX : [AUX]GuiExtAuxCheckAuxPath:663: Null anb
02-14 16:22:37.179 27993 28070 E GPUAUX : [AUX]GuiExtAuxCheckAuxPath:663: Null anb
02-14 16:22:37.186 27993 28070 E GPUAUX : [AUX]GuiExtAuxCheckAuxPath:663: Null anb
02-14 16:22:37.186 27993 28070 E GPUAUX : [AUX]GuiExtAuxCheckAuxPath:663: Null anb
02-14 16:22:37.187 27993 28070 E GPUAUX : [AUX]GuiExtAuxCheckAuxPath:663: Null anb
02-14 16:22:37.194 27993 27993 D InsetsController: show(ime(), fromIme=true)
02-14 16:22:37.195 27993 28070 E GPUAUX : [AUX]GuiExtAuxCheckAuxPath:663: Null anb
02-14 16:22:37.195 27993 28070 E GPUAUX : [AUX]GuiExtAuxCheckAuxPath:663: Null anb
02-14 16:22:37.195 27993 28070 E GPUAUX : [AUX]GuiExtAuxCheckAuxPath:663: Null anb
02-14 16:22:37.199 27993 27993 D InsetsController: show(ime(), fromIme=true)
02-14 16:22:37.208 27993 28070 E GPUAUX : [AUX]GuiExtAuxCheckAuxPath:663: Null anb
02-14 16:22:37.209 27993 28070 E GPUAUX : [AUX]GuiExtAuxCheckAuxPath:663: Null anb
02-14 16:22:37.209 27993 28070 E GPUAUX : [AUX]GuiExtAuxCheckAuxPath:663: Null anb
02-14 16:22:37.220 27993 28070 E GPUAUX : [AUX]GuiExtAuxCheckAuxPath:663: Null anb
02-14 16:22:37.220 27993 28070 E GPUAUX : [AUX]GuiExtAuxCheckAuxPath:663: Null anb
02-14 16:22:37.220 27993 28070 E GPUAUX : [AUX]GuiExtAuxCheckAuxPath:663: Null anb
02-14 16:22:37.220 27993 28070 E GPUAUX : [AUX]GuiExtAuxCheckAuxPath:663: Null anb
02-14 16:22:37.235 27993 28070 E GPUAUX : [AUX]GuiExtAuxCheckAuxPath:663: Null anb
02-14 16:22:37.235 27993 28070 E GPUAUX : [AUX]GuiExtAuxCheckAuxPath:663: Null anb
02-14 16:22:37.235 27993 28070 E GPUAUX : [AUX]GuiExtAuxCheckAuxPath:663: Null anb
02-14 16:22:37.236 27993 28070 E GPUAUX : [AUX]GuiExtAuxCheckAuxPath:663: Null anb
02-14 16:22:37.241 27993 28070 E GPUAUX : [AUX]GuiExtAuxCheckAuxPath:663: Null anb
02-14 16:22:37.241 27993 28070 E GPUAUX : [AUX]GuiExtAuxCheckAuxPath:663: Null anb
02-14 16:22:37.241 27993 28070 E GPUAUX : [AUX]GuiExtAuxCheckAuxPath:663: Null anb
02-14 16:22:37.241 27993 28070 E GPUAUX : [AUX]GuiExtAuxCheckAuxPath:663: Null anb
02-14 16:22:37.249 27993 28070 E GPUAUX : [AUX]GuiExtAuxCheckAuxPath:663: Null anb
02-14 16:22:37.249 27993 28070 E GPUAUX : [AUX]GuiExtAuxCheckAuxPath:663: Null anb
02-14 16:22:37.249 27993 28070 E GPUAUX : [AUX]GuiExtAuxCheckAuxPath:663: Null anb
02-14 16:22:37.249 27993 28070 E GPUAUX : [AUX]GuiExtAuxCheckAuxPath:663: Null anb
02-14 16:22:37.259 27993 28070 E GPUAUX : [AUX]GuiExtAuxCheckAuxPath:663: Null anb
02-14 16:22:37.260 27993 28070 E GPUAUX : [AUX]GuiExtAuxCheckAuxPath:663: Null anb
02-14 16:22:37.260 27993 28070 E GPUAUX : [AUX]GuiExtAuxCheckAuxPath:663: Null anb
02-14 16:22:37.260 27993 28070 E GPUAUX : [AUX]GuiExtAuxCheckAuxPath:663: Null anb
02-14 16:22:37.271 27993 28070 E GPUAUX : [AUX]GuiExtAuxCheckAuxPath:663: Null anb
02-14 16:22:37.271 27993 28070 E GPUAUX : [AUX]GuiExtAuxCheckAuxPath:663: Null anb
02-14 16:22:37.271 27993 28070 E GPUAUX : [AUX]GuiExtAuxCheckAuxPath:663: Null anb
02-14 16:22:37.271 27993 28070 E GPUAUX : [AUX]GuiExtAuxCheckAuxPath:663: Null anb
02-14 16:22:37.285 27993 28070 E GPUAUX : [AUX]GuiExtAuxCheckAuxPath:663: Null anb
02-14 16:22:37.285 27993 28070 E GPUAUX : [AUX]GuiExtAuxCheckAuxPath:663: Null anb
02-14 16:22:37.285 27993 28070 E GPUAUX : [AUX]GuiExtAuxCheckAuxPath:663: Null anb
02-14 16:22:37.285 27993 28070 E GPUAUX : [AUX]GuiExtAuxCheckAuxPath:663: Null anb
02-14 16:22:37.285 27993 28070 E GPUAUX : [AUX]GuiExtAuxCheckAuxPath:663: Null anb
02-14 16:22:37.297 27993 28070 E GPUAUX : [AUX]GuiExtAuxCheckAuxPath:663: Null anb
02-14 16:22:37.297 27993 28070 E GPUAUX : [AUX]GuiExtAuxCheckAuxPath:663: Null anb
02-14 16:22:37.297 27993 28070 E GPUAUX : [AUX]GuiExtAuxCheckAuxPath:663: Null anb
02-14 16:22:37.297 27993 28070 E GPUAUX : [AUX]GuiExtAuxCheckAuxPath:663: Null anb
02-14 16:22:37.297 27993 28070 E GPUAUX : [AUX]GuiExtAuxCheckAuxPath:663: Null anb
02-14 16:22:37.304 27993 28070 E GPUAUX : [AUX]GuiExtAuxCheckAuxPath:663: Null anb
02-14 16:22:37.304 27993 28070 E GPUAUX : [AUX]GuiExtAuxCheckAuxPath:663: Null anb
02-14 16:22:37.304 27993 28070 E GPUAUX : [AUX]GuiExtAuxCheckAuxPath:663: Null anb
02-14 16:22:37.304 27993 28070 E GPUAUX : [AUX]GuiExtAuxCheckAuxPath:663: Null anb
02-14 16:22:37.304 27993 28070 E GPUAUX : [AUX]GuiExtAuxCheckAuxPath:663: Null anb
02-14 16:22:37.318 27993 28070 E GPUAUX : [AUX]GuiExtAuxCheckAuxPath:663: Null anb
02-14 16:22:37.318 27993 28070 E GPUAUX : [AUX]GuiExtAuxCheckAuxPath:663: Null anb
02-14 16:22:37.318 27993 28070 E GPUAUX : [AUX]GuiExtAuxCheckAuxPath:663: Null anb
02-14 16:22:37.318 27993 28070 E GPUAUX : [AUX]GuiExtAuxCheckAuxPath:663: Null anb
02-14 16:22:37.318 27993 28070 E GPUAUX : [AUX]GuiExtAuxCheckAuxPath:663: Null anb
02-14 16:22:37.328 27993 28070 E GPUAUX : [AUX]GuiExtAuxCheckAuxPath:663: Null anb
02-14 16:22:37.328 27993 28070 E GPUAUX : [AUX]GuiExtAuxCheckAuxPath:663: Null anb
02-14 16:22:37.328 27993 28070 E GPUAUX : [AUX]GuiExtAuxCheckAuxPath:663: Null anb
02-14 16:22:37.328 27993 28070 E GPUAUX : [AUX]GuiExtAuxCheckAuxPath:663: Null anb
02-14 16:22:37.328 27993 28070 E GPUAUX : [AUX]GuiExtAuxCheckAuxPath:663: Null anb
02-14 16:22:37.339 27993 28070 E GPUAUX : [AUX]GuiExtAuxCheckAuxPath:663: Null anb
02-14 16:22:37.339 27993 28070 E GPUAUX : [AUX]GuiExtAuxCheckAuxPath:663: Null anb
02-14 16:22:37.339 27993 28070 E GPUAUX : [AUX]GuiExtAuxCheckAuxPath:663: Null anb
02-14 16:22:37.339 27993 28070 E GPUAUX : [AUX]GuiExtAuxCheckAuxPath:663: Null anb
02-14 16:22:37.348 27993 28070 E GPUAUX : [AUX]GuiExtAuxCheckAuxPath:663: Null anb
02-14 16:22:37.348 27993 28070 E GPUAUX : [AUX]GuiExtAuxCheckAuxPath:663: Null anb
02-14 16:22:37.348 27993 28070 E GPUAUX : [AUX]GuiExtAuxCheckAuxPath:663: Null anb
02-14 16:22:37.362 27993 28070 E GPUAUX : [AUX]GuiExtAuxCheckAuxPath:663: Null anb
02-14 16:22:37.362 27993 28070 E GPUAUX : [AUX]GuiExtAuxCheckAuxPath:663: Null anb
02-14 16:22:37.362 27993 28070 E GPUAUX : [AUX]GuiExtAuxCheckAuxPath:663: Null anb
02-14 16:22:37.362 27993 28070 E GPUAUX : [AUX]GuiExtAuxCheckAuxPath:663: Null anb
02-14 16:22:37.373 27993 28070 E GPUAUX : [AUX]GuiExtAuxCheckAuxPath:663: Null anb
02-14 16:22:37.373 27993 28070 E GPUAUX : [AUX]GuiExtAuxCheckAuxPath:663: Null anb
02-14 16:22:37.373 27993 28070 E GPUAUX : [AUX]GuiExtAuxCheckAuxPath:663: Null anb
02-14 16:22:37.373 27993 28070 E GPUAUX : [AUX]GuiExtAuxCheckAuxPath:663: Null anb
02-14 16:22:37.382 27993 28070 E GPUAUX : [AUX]GuiExtAuxCheckAuxPath:663: Null anb
02-14 16:22:37.382 27993 28070 E GPUAUX : [AUX]GuiExtAuxCheckAuxPath:663: Null anb
02-14 16:22:37.382 27993 28070 E GPUAUX : [AUX]GuiExtAuxCheckAuxPath:663: Null anb
02-14 16:22:37.382 27993 28070 E GPUAUX : [AUX]GuiExtAuxCheckAuxPath:663: Null anb
02-14 16:22:37.393 27993 28070 E GPUAUX : [AUX]GuiExtAuxCheckAuxPath:663: Null anb
02-14 16:22:37.393 27993 28070 E GPUAUX : [AUX]GuiExtAuxCheckAuxPath:663: Null anb
02-14 16:22:37.393 27993 28070 E GPUAUX : [AUX]GuiExtAuxCheckAuxPath:663: Null anb
02-14 16:22:37.393 27993 28070 E GPUAUX : [AUX]GuiExtAuxCheckAuxPath:663: Null anb
02-14 16:22:37.405 27993 28070 E GPUAUX : [AUX]GuiExtAuxCheckAuxPath:663: Null anb
02-14 16:22:37.405 27993 28070 E GPUAUX : [AUX]GuiExtAuxCheckAuxPath:663: Null anb
02-14 16:22:37.405 27993 28070 E GPUAUX : [AUX]GuiExtAuxCheckAuxPath:663: Null anb
02-14 16:22:37.405 27993 28070 E GPUAUX : [AUX]GuiExtAuxCheckAuxPath:663: Null anb
02-14 16:22:37.417 27993 28070 E GPUAUX : [AUX]GuiExtAuxCheckAuxPath:663: Null anb
02-14 16:22:37.417 27993 28070 E GPUAUX : [AUX]GuiExtAuxCheckAuxPath:663: Null anb
02-14 16:22:37.417 27993 28070 E GPUAUX : [AUX]GuiExtAuxCheckAuxPath:663: Null anb
02-14 16:22:37.417 27993 28070 E GPUAUX : [AUX]GuiExtAuxCheckAuxPath:663: Null anb
02-14 16:22:37.427 27993 28070 E GPUAUX : [AUX]GuiExtAuxCheckAuxPath:663: Null anb
02-14 16:22:37.427 27993 28070 E GPUAUX : [AUX]GuiExtAuxCheckAuxPath:663: Null anb
02-14 16:22:37.427 27993 28070 E GPUAUX : [AUX]GuiExtAuxCheckAuxPath:663: Null anb
02-14 16:22:37.439 27993 28070 E GPUAUX : [AUX]GuiExtAuxCheckAuxPath:663: Null anb
02-14 16:22:37.439 27993 28070 E GPUAUX : [AUX]GuiExtAuxCheckAuxPath:663: Null anb
02-14 16:22:37.439 27993 28070 E GPUAUX : [AUX]GuiExtAuxCheckAuxPath:663: Null anb
02-14 16:22:37.439 27993 28070 E GPUAUX : [AUX]GuiExtAuxCheckAuxPath:663: Null anb
02-14 16:22:37.449 27993 28070 E GPUAUX : [AUX]GuiExtAuxCheckAuxPath:663: Null anb
02-14 16:22:37.449 27993 28070 E GPUAUX : [AUX]GuiExtAuxCheckAuxPath:663: Null anb
02-14 16:22:37.449 27993 28070 E GPUAUX : [AUX]GuiExtAuxCheckAuxPath:663: Null anb
02-14 16:22:37.449 27993 28070 E GPUAUX : [AUX]GuiExtAuxCheckAuxPath:663: Null anb
02-14 16:22:37.460 27993 28070 E GPUAUX : [AUX]GuiExtAuxCheckAuxPath:663: Null anb
02-14 16:22:37.460 27993 28070 E GPUAUX : [AUX]GuiExtAuxCheckAuxPath:663: Null anb
02-14 16:22:37.460 27993 28070 E GPUAUX : [AUX]GuiExtAuxCheckAuxPath:663: Null anb
02-14 16:22:37.460 27993 28070 E GPUAUX : [AUX]GuiExtAuxCheckAuxPath:663: Null anb
02-14 16:22:37.470 27993 28070 E GPUAUX : [AUX]GuiExtAuxCheckAuxPath:663: Null anb
02-14 16:22:37.470 27993 28070 E GPUAUX : [AUX]GuiExtAuxCheckAuxPath:663: Null anb
02-14 16:22:37.470 27993 28070 E GPUAUX : [AUX]GuiExtAuxCheckAuxPath:663: Null anb
02-14 16:22:37.470 27993 28070 E GPUAUX : [AUX]GuiExtAuxCheckAuxPath:663: Null anb
02-14 16:22:37.481 27993 28070 E GPUAUX : [AUX]GuiExtAuxCheckAuxPath:663: Null anb
02-14 16:22:37.481 27993 28070 E GPUAUX : [AUX]GuiExtAuxCheckAuxPath:663: Null anb
02-14 16:22:37.481 27993 28070 E GPUAUX : [AUX]GuiExtAuxCheckAuxPath:663: Null anb
02-14 16:22:37.481 27993 28070 E GPUAUX : [AUX]GuiExtAuxCheckAuxPath:663: Null anb
02-14 16:22:39.196 27993 28070 E GPUAUX : [AUX]GuiExtAuxCheckAuxPath:663: Null anb
02-14 16:22:39.595 27993 28070 E GPUAUX : [AUX]GuiExtAuxCheckAuxPath:663: Null anb
02-14 16:22:40.392 27993 28070 E GPUAUX : [AUX]GuiExtAuxCheckAuxPath:663: Null anb
02-14 16:22:40.677 27993 28070 E GPUAUX : [AUX]GuiExtAuxCheckAuxPath:663: Null anb
02-14 16:22:41.123 27993 28070 E GPUAUX : [AUX]GuiExtAuxCheckAuxPath:663: Null anb
02-14 16:22:41.306 27993 28070 E GPUAUX : [AUX]GuiExtAuxCheckAuxPath:663: Null anb
02-14 16:22:41.688 27993 28070 E GPUAUX : [AUX]GuiExtAuxCheckAuxPath:663: Null anb
02-14 16:22:42.702 27993 28070 E GPUAUX : [AUX]GuiExtAuxCheckAuxPath:663: Null anb
02-14 16:22:43.517 27993 28070 E GPUAUX : [AUX]GuiExtAuxCheckAuxPath:663: Null anb
02-14 16:22:44.065 27993 28070 E GPUAUX : [AUX]GuiExtAuxCheckAuxPath:663: Null anb
02-14 16:22:44.297 27993 28070 E GPUAUX : [AUX]GuiExtAuxCheckAuxPath:663: Null anb
02-14 16:22:44.513 27993 28070 E GPUAUX : [AUX]GuiExtAuxCheckAuxPath:663: Null anb
02-14 16:22:44.748 27993 28070 E GPUAUX : [AUX]GuiExtAuxCheckAuxPath:663: Null anb
02-14 16:22:44.748 27993 28070 E GPUAUX : [AUX]GuiExtAuxCheckAuxPath:663: Null anb
02-14 16:22:44.762 27993 28070 E GPUAUX : [AUX]GuiExtAuxCheckAuxPath:663: Null anb
02-14 16:22:44.780 27993 28070 E GPUAUX : [AUX]GuiExtAuxCheckAuxPath:663: Null anb
02-14 16:22:44.796 27993 28070 E GPUAUX : [AUX]GuiExtAuxCheckAuxPath:663: Null anb
02-14 16:22:44.813 27993 28070 E GPUAUX : [AUX]GuiExtAuxCheckAuxPath:663: Null anb
02-14 16:22:44.829 27993 28070 E GPUAUX : [AUX]GuiExtAuxCheckAuxPath:663: Null anb
02-14 16:22:44.846 27993 28070 E GPUAUX : [AUX]GuiExtAuxCheckAuxPath:663: Null anb
02-14 16:22:44.862 27993 28070 E GPUAUX : [AUX]GuiExtAuxCheckAuxPath:663: Null anb
02-14 16:22:45.534 27993 27993 I ViewRootImpl@aa4bd35[MainActivity]: ViewPostIme
pointer 0
02-14 16:22:45.603 27993 27993 I ViewRootImpl@aa4bd35[MainActivity]: ViewPostIme
pointer 1
02-14 16:22:45.740 27993 28070 E GPUAUX : [AUX]GuiExtAuxCheckAuxPath:663: Null anb
02-14 16:22:47.267 27993 27993 I ViewRootImpl@aa4bd35[MainActivity]: ViewPostIme
pointer 0
02-14 16:22:47.337 27993 27993 I ViewRootImpl@aa4bd35[MainActivity]: ViewPostIme
pointer 1
02-14 16:22:47.407 27993 27993 I IMM_LC : hsifw() - flag : 0
02-14 16:22:47.407 27993 27993 I IMM_LC : hsifw() - mService.hideSoftInput
02-14 16:22:47.412 27993 27993 D InputMethodManager: startInputInner - Id : 0
02-14 16:22:47.412 27993 27993 I InputMethodManager: startInputInner -
mService.startInputOrWindowGainedFocus
02-14 16:22:47.416 27993 28929 W RemoteInputConnectionImpl: requestCursorAnchorInfo
on inactive InputConnection
02-14 16:22:47.421 27993 27993 D InsetsController: controlAnimationUnchecked: Added
types=8 animType=1
host=com.hrblock.sprucemoney/com.Enterprise.BlockMoney.MainActivity
from=android.view.InsetsController.applyAnimation:1576
android.view.InsetsController.applyAnimation:1557
android.view.InsetsController.hide:1093
02-14 16:22:47.422 27993 27993 D InsetsSourceConsumer: setRequestedVisible:
visible=false, type=19,
host=com.hrblock.sprucemoney/com.Enterprise.BlockMoney.MainActivity,
from=android.view.InsetsSourceConsumer.hide:257
android.view.ImeInsetsSourceConsumer.hide:88
android.view.ImeInsetsSourceConsumer.hide:94
android.view.InsetsController.hideDirectly:1593
android.view.InsetsController.controlAnimationUnchecked:1234
android.view.InsetsController.applyAnimation:1576
android.view.InsetsController.applyAnimation:1557
android.view.InsetsController.hide:1093
android.view.ViewRootImpl$ViewRootHandler.handleMessageImpl:6765
android.view.ViewRootImpl$ViewRootHandler.handleMessage:6697
02-14 16:22:47.431 27993 30829 I ViewRootImpl@aa4bd35[MainActivity]: Resizing
android.view.ViewRootImpl@a70f7b1: frame = [0,0][720,1600] reportDraw = false
forceLayout = false syncSeqId = 0
02-14 16:22:47.437 27993 28070 E GPUAUX : [AUX]GuiExtAuxCheckAuxPath:663: Null anb
02-14 16:22:47.437 27993 28070 E GPUAUX : [AUX]GuiExtAuxCheckAuxPath:663: Null anb
02-14 16:22:47.437 27993 27993 D InsetsController: onStateChanged: InsetsState:
{mDisplayFrame=Rect(0, 0 - 720, 1600), mDisplayCutout=DisplayCutout{insets=Rect(0,
45 - 0, 0) waterfall=Insets{left=0, top=0, right=0, bottom=0}
boundingRect={Bounds=[Rect(0, 0 - 0, 0), Rect(272, 0 - 448, 45), Rect(0, 0 - 0, 0),
Rect(0, 0 - 0, 0)]} cutoutPathParserInfo={CutoutPathParserInfo{displayWidth=720
displayHeight=1600 physicalDisplayWidth=720 physicalDisplayHeight=1600
density={1.875} cutoutSpec={M 0,0 H -88 V 45 H 88 V 0 H 0 Z} rotation={0}
scale={1.0} physicalPixelDisplaySizeRatio={1.0}}}},
mRoundedCorners=RoundedCorners{[RoundedCorner{position=TopLeft, radius=56,
center=Point(56, 56)}, RoundedCorner{position=TopRight, radius=56,
center=Point(664, 56)}, RoundedCorner{position=BottomRight, radius=56,
center=Point(664, 1544)}, RoundedCorner{position=BottomLeft, radius=56,
center=Point(56, 1544)}]} mRoundedCornerFrame=Rect(0, 0 - 720, 1600),
mPrivacyIndicatorBounds=PrivacyIndicatorBounds {static bounds=Rect(643, 0 - 720,
45) rotation=0}, mSources= { InsetsSource: {mType=ITYPE_STATUS_BAR, mFrame=[0,0]
[720,45], mVisible=true, mInsetsRoundedCornerFrame=false}, InsetsSource:
{mType=ITYPE_NAVIGATION_BAR, mFrame=[0,1516][720,1600], mVisible=true,
mInsetsRoundedCornerFrame=false}, InsetsSource: {mType=ITYPE_LEFT_GESTURES,
mFrame=[0,0][0,1600], mVisible=true, mInsetsRoundedCornerFrame=false},
InsetsSource: {mType=ITYPE_RIGHT_GESTURES, mFrame=[720,0][720,1600], mVisible=true,
mInsetsRoundedCornerFrame=false}, InsetsSource:
{mType=ITYPE_TOP_MANDATORY_GESTURES, mFrame=[0,0][720,66], mVisible=true,
mInsetsRoundedCornerFrame=false}, InsetsSource:
{mType=ITYPE_BOTTOM_MANDATORY_GESTURES, mFrame=[0,1516][720,1600], mVisible=true,
mInsetsRoundedCornerFrame=false}, InsetsSource: {mType=ITYPE_LEFT_DISPLAY_CUTOUT,
mFrame=[0,0][-100000,1600], mVisible=true, mInsetsRoundedCornerFrame=false},
InsetsSource: {mType=ITYPE_TOP_DISPLAY_CUTOUT, mFrame=[0,0][720,45], mVisible=true,
mInsetsRoundedCornerFrame=false}, InsetsSource: {mType=ITYPE_RIGHT_DISPLAY_CUTOUT,
mFrame=[100000,0][720,1600], mVisible=true, mInsetsRoundedCornerFrame=false},
InsetsSource: {mType=ITYPE_BOTTOM_DISPLAY_CUTOUT, mFrame=[0,100000][720,1600],
mVisible=true, mInsetsRoundedCornerFrame=false}, InsetsSource:
{mType=ITYPE_TOP_TAPPABLE_ELEMENT, mFrame=[0,0][720,45], mVisible=true,
mInsetsRoundedCornerFrame=false}, InsetsSource:
{mType=ITYPE_BOTTOM_TAPPABLE_ELEMENT, mFrame=[0,1516][720,1600], mVisible=true,
mInsetsRoundedCornerFrame=false}, InsetsSource: {mType=ITYPE_IME, mFrame=[0,1029]
[720,1600], mVisibleFrame=[0,1029][720,1600], mVisible=false,
mInsetsRoundedCornerFrame=false} }
host=com.hrblock.sprucemoney/com.Enterprise.BlockMoney.MainActivity
from=android.view.ViewRootImpl$ViewRootHandler.handleMessageImpl:6740
02-14 16:22:47.439 27993 27993 I ViewRootImpl@aa4bd35[MainActivity]: handleResized,
msg = 4 frames=ClientWindowFrames{frame=[0,0][720,1600] display=[0,0][720,1600]
parentFrame=[0,0][0,0] parentClippedByDisplayCutout=false}
forceNextWindowRelayout=false displayId=0 resizeMode=-1 frameChanged=false
displayFrameChanged=false configChanged=false displayChanged=false
02-14 16:22:47.445 27993 28070 E GPUAUX : [AUX]GuiExtAuxCheckAuxPath:663: Null anb
02-14 16:22:47.478 27993 28070 E GPUAUX : [AUX]GuiExtAuxCheckAuxPath:663: Null anb
02-14 16:22:47.478 27993 28070 E GPUAUX : [AUX]GuiExtAuxCheckAuxPath:663: Null anb
02-14 16:22:47.478 27993 28070 E GPUAUX : [AUX]GuiExtAuxCheckAuxPath:663: Null anb
02-14 16:22:47.483 27993 28070 E GPUAUX : [AUX]GuiExtAuxCheckAuxPath:663: Null anb
02-14 16:22:47.498 27993 28070 E GPUAUX : [AUX]GuiExtAuxCheckAuxPath:663: Null anb
02-14 16:22:47.498 27993 28070 E GPUAUX : [AUX]GuiExtAuxCheckAuxPath:663: Null anb
02-14 16:22:47.498 27993 28070 E GPUAUX : [AUX]GuiExtAuxCheckAuxPath:663: Null anb
02-14 16:22:47.498 27993 28070 E GPUAUX : [AUX]GuiExtAuxCheckAuxPath:663: Null anb
02-14 16:22:47.498 27993 28070 E GPUAUX : [AUX]GuiExtAuxCheckAuxPath:663: Null anb
02-14 16:22:47.509 27993 28070 E GPUAUX : [AUX]GuiExtAuxCheckAuxPath:663: Null anb
02-14 16:22:47.528 27993 28070 E GPUAUX : [AUX]GuiExtAuxCheckAuxPath:663: Null anb
02-14 16:22:47.545 27993 28070 E GPUAUX : [AUX]GuiExtAuxCheckAuxPath:663: Null anb
02-14 16:22:47.556 27993 28070 E GPUAUX : [AUX]GuiExtAuxCheckAuxPath:663: Null anb
02-14 16:22:47.567 27993 28070 E GPUAUX : [AUX]GuiExtAuxCheckAuxPath:663: Null anb
02-14 16:22:47.578 27993 28070 E GPUAUX : [AUX]GuiExtAuxCheckAuxPath:663: Null anb
02-14 16:22:47.590 27993 28070 E GPUAUX : [AUX]GuiExtAuxCheckAuxPath:663: Null anb
02-14 16:22:47.601 27993 28070 E GPUAUX : [AUX]GuiExtAuxCheckAuxPath:663: Null anb
02-14 16:22:47.630 27993 27993 D InsetsController: cancelAnimation of types: 8,
animType: 1, host: com.hrblock.sprucemoney/com.Enterprise.BlockMoney.MainActivity,
from:android.view.InsetsController.notifyFinished:1375
android.view.InsetsAnimationThreadControlRunner$1.lambda$notifyFinished$0$android-
view-InsetsAnimationThreadControlRunner$1:84
android.view.InsetsAnimationThreadControlRunner$1$$ExternalSyntheticLambda1.run:4
02-14 16:22:47.630 27993 27993 I IMM_LC : notifyImeHidden: mService.hideSoftInput
02-14 16:22:47.646 27993 30829 I ViewRootImpl@aa4bd35[MainActivity]: Resizing
android.view.ViewRootImpl@a70f7b1: frame = [0,0][720,1600] reportDraw = false
forceLayout = false syncSeqId = 0
02-14 16:22:47.646 27993 27993 D InsetsController: onStateChanged: InsetsState:
{mDisplayFrame=Rect(0, 0 - 720, 1600), mDisplayCutout=DisplayCutout{insets=Rect(0,
45 - 0, 0) waterfall=Insets{left=0, top=0, right=0, bottom=0}
boundingRect={Bounds=[Rect(0, 0 - 0, 0), Rect(272, 0 - 448, 45), Rect(0, 0 - 0, 0),
Rect(0, 0 - 0, 0)]} cutoutPathParserInfo={CutoutPathParserInfo{displayWidth=720
displayHeight=1600 physicalDisplayWidth=720 physicalDisplayHeight=1600
density={1.875} cutoutSpec={M 0,0 H -88 V 45 H 88 V 0 H 0 Z} rotation={0}
scale={1.0} physicalPixelDisplaySizeRatio={1.0}}}},
mRoundedCorners=RoundedCorners{[RoundedCorner{position=TopLeft, radius=56,
center=Point(56, 56)}, RoundedCorner{position=TopRight, radius=56,
center=Point(664, 56)}, RoundedCorner{position=BottomRight, radius=56,
center=Point(664, 1544)}, RoundedCorner{position=BottomLeft, radius=56,
center=Point(56, 1544)}]} mRoundedCornerFrame=Rect(0, 0 - 720, 1600),
mPrivacyIndicatorBounds=PrivacyIndicatorBounds {static bounds=Rect(643, 0 - 720,
45) rotation=0}, mSources= { InsetsSource: {mType=ITYPE_STATUS_BAR, mFrame=[0,0]
[720,45], mVisible=true, mInsetsRoundedCornerFrame=false}, InsetsSource:
{mType=ITYPE_NAVIGATION_BAR, mFrame=[0,1516][720,1600], mVisible=true,
mInsetsRoundedCornerFrame=false}, InsetsSource: {mType=ITYPE_LEFT_GESTURES,
mFrame=[0,0][0,1600], mVisible=true, mInsetsRoundedCornerFrame=false},
InsetsSource: {mType=ITYPE_RIGHT_GESTURES, mFrame=[720,0][720,1600], mVisible=true,
mInsetsRoundedCornerFrame=false}, InsetsSource:
{mType=ITYPE_TOP_MANDATORY_GESTURES, mFrame=[0,0][720,66], mVisible=true,
mInsetsRoundedCornerFrame=false}, InsetsSource:
{mType=ITYPE_BOTTOM_MANDATORY_GESTURES, mFrame=[0,1516][720,1600], mVisible=true,
mInsetsRoundedCornerFrame=false}, InsetsSource: {mType=ITYPE_LEFT_DISPLAY_CUTOUT,
mFrame=[0,0][-100000,1600], mVisible=true, mInsetsRoundedCornerFrame=false},
InsetsSource: {mType=ITYPE_TOP_DISPLAY_CUTOUT, mFrame=[0,0][720,45], mVisible=true,
mInsetsRoundedCornerFrame=false}, InsetsSource: {mType=ITYPE_RIGHT_DISPLAY_CUTOUT,
mFrame=[100000,0][720,1600], mVisible=true, mInsetsRoundedCornerFrame=false},
InsetsSource: {mType=ITYPE_BOTTOM_DISPLAY_CUTOUT, mFrame=[0,100000][720,1600],
mVisible=true, mInsetsRoundedCornerFrame=false}, InsetsSource:
{mType=ITYPE_TOP_TAPPABLE_ELEMENT, mFrame=[0,0][720,45], mVisible=true,
mInsetsRoundedCornerFrame=false}, InsetsSource:
{mType=ITYPE_BOTTOM_TAPPABLE_ELEMENT, mFrame=[0,1516][720,1600], mVisible=true,
mInsetsRoundedCornerFrame=false}, InsetsSource: {mType=ITYPE_IME, mFrame=[0,0]
[0,0], mVisibleFrame=[0,1029][720,1600], mVisible=false,
mInsetsRoundedCornerFrame=false} }
host=com.hrblock.sprucemoney/com.Enterprise.BlockMoney.MainActivity
from=android.view.ViewRootImpl$ViewRootHandler.handleMessageImpl:6727
02-14 16:22:47.646 27993 27993 I ViewRootImpl@aa4bd35[MainActivity]: handleResized,
msg = 4 frames=ClientWindowFrames{frame=[0,0][720,1600] display=[0,0][720,1600]
parentFrame=[0,0][0,0] parentClippedByDisplayCutout=false}
forceNextWindowRelayout=false displayId=0 resizeMode=-1 frameChanged=false
displayFrameChanged=false configChanged=false displayChanged=false
02-14 16:22:48.306 27993 28070 E GPUAUX : [AUX]GuiExtAuxCheckAuxPath:663: Null anb
02-14 16:22:48.306 27993 28070 E GPUAUX : [AUX]GuiExtAuxCheckAuxPath:663: Null anb
02-14 16:22:48.306 27993 28070 E GPUAUX : [AUX]GuiExtAuxCheckAuxPath:663: Null anb
02-14 16:22:48.321 27993 28070 E GPUAUX : [AUX]GuiExtAuxCheckAuxPath:663: Null anb
02-14 16:22:48.321 27993 28070 E GPUAUX : [AUX]GuiExtAuxCheckAuxPath:663: Null anb
02-14 16:22:48.321 27993 28070 E GPUAUX : [AUX]GuiExtAuxCheckAuxPath:663: Null anb
02-14 16:22:48.328 27993 28070 E GPUAUX : [AUX]GuiExtAuxCheckAuxPath:663: Null anb
02-14 16:22:48.328 27993 28070 E GPUAUX : [AUX]GuiExtAuxCheckAuxPath:663: Null anb
02-14 16:22:48.345 27993 28070 E GPUAUX : [AUX]GuiExtAuxCheckAuxPath:663: Null anb
02-14 16:22:48.345 27993 28070 E GPUAUX : [AUX]GuiExtAuxCheckAuxPath:663: Null anb
02-14 16:22:48.357 27993 28070 E GPUAUX : [AUX]GuiExtAuxCheckAuxPath:663: Null anb
02-14 16:22:48.357 27993 28070 E GPUAUX : [AUX]GuiExtAuxCheckAuxPath:663: Null anb
02-14 16:22:48.365 27993 28070 E GPUAUX : [AUX]GuiExtAuxCheckAuxPath:663: Null anb
02-14 16:22:48.365 27993 28070 E GPUAUX : [AUX]GuiExtAuxCheckAuxPath:663: Null anb
02-14 16:22:48.376 27993 28070 E GPUAUX : [AUX]GuiExtAuxCheckAuxPath:663: Null anb
02-14 16:22:48.377 27993 28070 E GPUAUX : [AUX]GuiExtAuxCheckAuxPath:663: Null anb
02-14 16:22:48.389 27993 28070 E GPUAUX : [AUX]GuiExtAuxCheckAuxPath:663: Null anb
02-14 16:22:48.389 27993 28070 E GPUAUX : [AUX]GuiExtAuxCheckAuxPath:663: Null anb
02-14 16:22:48.398 27993 28070 E GPUAUX : [AUX]GuiExtAuxCheckAuxPath:663: Null anb
02-14 16:22:48.399 27993 28070 E GPUAUX : [AUX]GuiExtAuxCheckAuxPath:663: Null anb
02-14 16:22:48.410 27993 28070 E GPUAUX : [AUX]GuiExtAuxCheckAuxPath:663: Null anb
02-14 16:22:48.411 27993 28070 E GPUAUX : [AUX]GuiExtAuxCheckAuxPath:663: Null anb
02-14 16:22:48.422 27993 28070 E GPUAUX : [AUX]GuiExtAuxCheckAuxPath:663: Null anb
02-14 16:22:48.423 27993 28070 E GPUAUX : [AUX]GuiExtAuxCheckAuxPath:663: Null anb
02-14 16:22:48.433 27993 28070 E GPUAUX : [AUX]GuiExtAuxCheckAuxPath:663: Null anb
02-14 16:22:48.433 27993 28070 E GPUAUX : [AUX]GuiExtAuxCheckAuxPath:663: Null anb
02-14 16:22:48.447 27993 28070 E GPUAUX : [AUX]GuiExtAuxCheckAuxPath:663: Null anb
02-14 16:22:48.447 27993 28070 E GPUAUX : [AUX]GuiExtAuxCheckAuxPath:663: Null anb
02-14 16:22:48.455 27993 28070 E GPUAUX : [AUX]GuiExtAuxCheckAuxPath:663: Null anb
02-14 16:22:48.455 27993 28070 E GPUAUX : [AUX]GuiExtAuxCheckAuxPath:663: Null anb
02-14 16:22:50.992 27993 27993 D ConnectivityManager: StackLog:
[android.net.ConnectivityManager.sendRequestForNetwork(ConnectivityManager.java:432
2)]
[android.net.ConnectivityManager.registerDefaultNetworkCallbackForUid(ConnectivityM
anager.java:4886)]
[android.net.ConnectivityManager.registerDefaultNetworkCallback(ConnectivityManager
.java:4853)]
[android.net.ConnectivityManager.registerDefaultNetworkCallback(ConnectivityManager
.java:4827)]
[androidx.work.impl.utils.NetworkApi24.registerDefaultNetworkCallbackCompat(Network
Api24.kt:28)]
[androidx.work.impl.constraints.trackers.NetworkStateTracker24.startTracking(Networ
kStateTracker.kt:139)]
[androidx.work.impl.constraints.trackers.ConstraintTracker.addListener(ConstraintTr
acker.kt:57)]
[androidx.work.impl.constraints.controllers.ConstraintController.replace(Constraint
Controller.kt:82)]
[androidx.work.impl.constraints.WorkConstraintsTrackerImpl.replace(WorkConstraintsT
racker.kt:92)]
[androidx.work.impl.background.greedy.GreedyScheduler.schedule(GreedyScheduler.java
:170)]
[androidx.work.impl.background.greedy.DelayedWorkTracker$1.run(DelayedWorkTracker.j
ava:75)]
02-14 16:22:51.099 27993 31311 I WM-WorkerWrapper: Worker result SUCCESS for Work [
id=e5ad7ef2-f194-4353-ab0a-fa6304d3ecb8, tags={ com.urbanairship.job.AirshipWorker,
airship } ]
02-14 16:22:51.108 27993 27993 D ConnectivityManager: StackLog:
[android.net.ConnectivityManager.unregisterNetworkCallback(ConnectivityManager.java
:4996)]
[androidx.work.impl.utils.NetworkApi21.unregisterNetworkCallbackCompat(NetworkApi21
.kt:31)]
[androidx.work.impl.constraints.trackers.NetworkStateTracker24.stopTracking(Network
StateTracker.kt:154)]
[androidx.work.impl.constraints.trackers.ConstraintTracker.removeListener(Constrain
tTracker.kt:73)]
[androidx.work.impl.constraints.controllers.ConstraintController.replace(Constraint
Controller.kt:80)]
[androidx.work.impl.constraints.WorkConstraintsTrackerImpl.replace(WorkConstraintsT
racker.kt:92)]
[androidx.work.impl.background.greedy.GreedyScheduler.removeConstraintTrackingFor(G
reedyScheduler.java:243)]
[androidx.work.impl.background.greedy.GreedyScheduler.onExecuted(GreedyScheduler.ja
va:229)] [androidx.work.impl.Processor.onExecuted(Processor.java:385)]
[androidx.work.impl.Processor$FutureListener.run(Processor.java:484)]
02-14 16:22:59.421 27993 27993 I ViewRootImpl@aa4bd35[MainActivity]: ViewPostIme
pointer 0
02-14 16:22:59.463 27993 27993 I ViewRootImpl@aa4bd35[MainActivity]: ViewPostIme
pointer 1
02-14 16:22:59.541 27993 28070 E GPUAUX : [AUX]GuiExtAuxCheckAuxPath:663: Null anb
02-14 16:22:59.607 27993 28070 E GPUAUX : [AUX]GuiExtAuxCheckAuxPath:663: Null anb
02-14 16:22:59.607 27993 28070 E GPUAUX : [AUX]GuiExtAuxCheckAuxPath:663: Null anb
02-14 16:22:59.607 27993 28070 E GPUAUX : [AUX]GuiExtAuxCheckAuxPath:663: Null anb
02-14 16:22:59.607 27993 28070 E GPUAUX : [AUX]GuiExtAuxCheckAuxPath:663: Null anb
02-14 16:22:59.637 27993 28070 E GPUAUX : [AUX]GuiExtAuxCheckAuxPath:663: Null anb
02-14 16:23:02.357 27993 27993 I ViewRootImpl@aa4bd35[MainActivity]: ViewPostIme
pointer 0
02-14 16:23:02.371 27993 27993 I ViewRootImpl@aa4bd35[MainActivity]: ViewPostIme
pointer 1
02-14 16:23:02.456 27993 28070 E GPUAUX : [AUX]GuiExtAuxCheckAuxPath:663: Null anb
02-14 16:23:02.456 27993 28070 E GPUAUX : [AUX]GuiExtAuxCheckAuxPath:663: Null anb
02-14 16:23:02.456 27993 28070 E GPUAUX : [AUX]GuiExtAuxCheckAuxPath:663: Null anb
02-14 16:23:02.459 27993 28070 E GPUAUX : [AUX]GuiExtAuxCheckAuxPath:663: Null anb
02-14 16:23:02.467 27993 28070 E GPUAUX : [AUX]GuiExtAuxCheckAuxPath:663: Null anb
02-14 16:23:02.478 27993 28070 E GPUAUX : [AUX]GuiExtAuxCheckAuxPath:663: Null anb
02-14 16:23:02.488 27993 28070 E GPUAUX : [AUX]GuiExtAuxCheckAuxPath:663: Null anb
02-14 16:23:02.500 27993 28070 E GPUAUX : [AUX]GuiExtAuxCheckAuxPath:663: Null anb
02-14 16:23:02.512 27993 28070 E GPUAUX : [AUX]GuiExtAuxCheckAuxPath:663: Null anb
02-14 16:23:02.522 27993 28070 E GPUAUX : [AUX]GuiExtAuxCheckAuxPath:663: Null anb
02-14 16:23:02.534 27993 28070 E GPUAUX : [AUX]GuiExtAuxCheckAuxPath:663: Null anb
02-14 16:23:02.545 27993 28070 E GPUAUX : [AUX]GuiExtAuxCheckAuxPath:663: Null anb
02-14 16:23:02.556 27993 28070 E GPUAUX : [AUX]GuiExtAuxCheckAuxPath:663: Null anb
02-14 16:23:02.566 27993 28070 E GPUAUX : [AUX]GuiExtAuxCheckAuxPath:663: Null anb
02-14 16:23:02.578 27993 28070 E GPUAUX : [AUX]GuiExtAuxCheckAuxPath:663: Null anb
02-14 16:23:02.589 27993 28070 E GPUAUX : [AUX]GuiExtAuxCheckAuxPath:663: Null anb
02-14 16:23:02.600 27993 28070 E GPUAUX : [AUX]GuiExtAuxCheckAuxPath:663: Null anb
02-14 16:23:02.611 27993 28070 E GPUAUX : [AUX]GuiExtAuxCheckAuxPath:663: Null anb
02-14 16:23:02.622 27993 28070 E GPUAUX : [AUX]GuiExtAuxCheckAuxPath:663: Null anb
02-14 16:23:02.632 27993 28070 E GPUAUX : [AUX]GuiExtAuxCheckAuxPath:663: Null anb
02-14 16:23:02.643 27993 28070 E GPUAUX : [AUX]GuiExtAuxCheckAuxPath:663: Null anb
02-14 16:23:03.835 27993 27993 I ViewRootImpl@aa4bd35[MainActivity]: ViewPostIme
pointer 0
02-14 16:23:03.883 27993 27993 I ViewRootImpl@aa4bd35[MainActivity]: ViewPostIme
pointer 1
02-14 16:23:03.984 27993 28070 E GPUAUX : [AUX]GuiExtAuxCheckAuxPath:663: Null anb
02-14 16:23:03.985 27993 28070 E GPUAUX : [AUX]GuiExtAuxCheckAuxPath:663: Null anb
02-14 16:23:03.985 27993 28070 E GPUAUX : [AUX]GuiExtAuxCheckAuxPath:663: Null anb
02-14 16:23:04.014 27993 28070 E GPUAUX : [AUX]GuiExtAuxCheckAuxPath:663: Null anb
02-14 16:23:04.014 27993 28070 E GPUAUX : [AUX]GuiExtAuxCheckAuxPath:663: Null anb
02-14 16:23:04.026 27993 28070 E GPUAUX : [AUX]GuiExtAuxCheckAuxPath:663: Null anb
02-14 16:23:04.026 27993 28070 E GPUAUX : [AUX]GuiExtAuxCheckAuxPath:663: Null anb
02-14 16:23:04.026 27993 28070 E GPUAUX : [AUX]GuiExtAuxCheckAuxPath:663: Null anb
02-14 16:23:04.035 27993 28070 E GPUAUX : [AUX]GuiExtAuxCheckAuxPath:663: Null anb
02-14 16:23:04.036 27993 28070 E GPUAUX : [AUX]GuiExtAuxCheckAuxPath:663: Null anb
02-14 16:23:04.036 27993 28070 E GPUAUX : [AUX]GuiExtAuxCheckAuxPath:663: Null anb
02-14 16:23:04.036 27993 28070 E GPUAUX : [AUX]GuiExtAuxCheckAuxPath:663: Null anb
02-14 16:23:04.047 27993 28070 E GPUAUX : [AUX]GuiExtAuxCheckAuxPath:663: Null anb
02-14 16:23:04.047 27993 28070 E GPUAUX : [AUX]GuiExtAuxCheckAuxPath:663: Null anb
02-14 16:23:04.047 27993 28070 E GPUAUX : [AUX]GuiExtAuxCheckAuxPath:663: Null anb
02-14 16:23:04.047 27993 28070 E GPUAUX : [AUX]GuiExtAuxCheckAuxPath:663: Null anb
02-14 16:23:04.063 27993 28070 E GPUAUX : [AUX]GuiExtAuxCheckAuxPath:663: Null anb
02-14 16:23:04.064 27993 28070 E GPUAUX : [AUX]GuiExtAuxCheckAuxPath:663: Null anb
02-14 16:23:04.064 27993 28070 E GPUAUX : [AUX]GuiExtAuxCheckAuxPath:663: Null anb
02-14 16:23:04.064 27993 28070 E GPUAUX : [AUX]GuiExtAuxCheckAuxPath:663: Null anb
02-14 16:23:04.068 27993 28070 E GPUAUX : [AUX]GuiExtAuxCheckAuxPath:663: Null anb
02-14 16:23:04.069 27993 28070 E GPUAUX : [AUX]GuiExtAuxCheckAuxPath:663: Null anb
02-14 16:23:04.069 27993 28070 E GPUAUX : [AUX]GuiExtAuxCheckAuxPath:663: Null anb
02-14 16:23:04.069 27993 28070 E GPUAUX : [AUX]GuiExtAuxCheckAuxPath:663: Null anb
02-14 16:23:04.079 27993 28070 E GPUAUX : [AUX]GuiExtAuxCheckAuxPath:663: Null anb
02-14 16:23:04.079 27993 28070 E GPUAUX : [AUX]GuiExtAuxCheckAuxPath:663: Null anb
02-14 16:23:04.079 27993 28070 E GPUAUX : [AUX]GuiExtAuxCheckAuxPath:663: Null anb
02-14 16:23:04.079 27993 28070 E GPUAUX : [AUX]GuiExtAuxCheckAuxPath:663: Null anb
02-14 16:23:04.091 27993 28070 E GPUAUX : [AUX]GuiExtAuxCheckAuxPath:663: Null anb
02-14 16:23:04.091 27993 28070 E GPUAUX : [AUX]GuiExtAuxCheckAuxPath:663: Null anb
02-14 16:23:04.091 27993 28070 E GPUAUX : [AUX]GuiExtAuxCheckAuxPath:663: Null anb
02-14 16:23:04.091 27993 28070 E GPUAUX : [AUX]GuiExtAuxCheckAuxPath:663: Null anb
02-14 16:23:04.102 27993 28070 E GPUAUX : [AUX]GuiExtAuxCheckAuxPath:663: Null anb
02-14 16:23:04.103 27993 28070 E GPUAUX : [AUX]GuiExtAuxCheckAuxPath:663: Null anb
02-14 16:23:04.103 27993 28070 E GPUAUX : [AUX]GuiExtAuxCheckAuxPath:663: Null anb
02-14 16:23:04.103 27993 28070 E GPUAUX : [AUX]GuiExtAuxCheckAuxPath:663: Null anb
02-14 16:23:04.113 27993 28070 E GPUAUX : [AUX]GuiExtAuxCheckAuxPath:663: Null anb
02-14 16:23:04.113 27993 28070 E GPUAUX : [AUX]GuiExtAuxCheckAuxPath:663: Null anb
02-14 16:23:04.114 27993 28070 E GPUAUX : [AUX]GuiExtAuxCheckAuxPath:663: Null anb
02-14 16:23:04.114 27993 28070 E GPUAUX : [AUX]GuiExtAuxCheckAuxPath:663: Null anb
02-14 16:23:04.123 27993 28070 E GPUAUX : [AUX]GuiExtAuxCheckAuxPath:663: Null anb
02-14 16:23:04.123 27993 28070 E GPUAUX : [AUX]GuiExtAuxCheckAuxPath:663: Null anb
02-14 16:23:04.123 27993 28070 E GPUAUX : [AUX]GuiExtAuxCheckAuxPath:663: Null anb
02-14 16:23:04.124 27993 28070 E GPUAUX : [AUX]GuiExtAuxCheckAuxPath:663: Null anb
02-14 16:23:04.139 27993 28070 E GPUAUX : [AUX]GuiExtAuxCheckAuxPath:663: Null anb
02-14 16:23:04.139 27993 28070 E GPUAUX : [AUX]GuiExtAuxCheckAuxPath:663: Null anb
02-14 16:23:04.139 27993 28070 E GPUAUX : [AUX]GuiExtAuxCheckAuxPath:663: Null anb
02-14 16:23:04.139 27993 28070 E GPUAUX : [AUX]GuiExtAuxCheckAuxPath:663: Null anb
02-14 16:23:04.147 27993 28070 E GPUAUX : [AUX]GuiExtAuxCheckAuxPath:663: Null anb
02-14 16:23:04.147 27993 28070 E GPUAUX : [AUX]GuiExtAuxCheckAuxPath:663: Null anb
02-14 16:23:04.147 27993 28070 E GPUAUX : [AUX]GuiExtAuxCheckAuxPath:663: Null anb
02-14 16:23:04.147 27993 28070 E GPUAUX : [AUX]GuiExtAuxCheckAuxPath:663: Null anb
02-14 16:23:04.158 27993 28070 E GPUAUX : [AUX]GuiExtAuxCheckAuxPath:663: Null anb
02-14 16:23:04.158 27993 28070 E GPUAUX : [AUX]GuiExtAuxCheckAuxPath:663: Null anb
02-14 16:23:04.158 27993 28070 E GPUAUX : [AUX]GuiExtAuxCheckAuxPath:663: Null anb
02-14 16:23:04.159 27993 28070 E GPUAUX : [AUX]GuiExtAuxCheckAuxPath:663: Null anb
02-14 16:23:04.168 27993 28070 E GPUAUX : [AUX]GuiExtAuxCheckAuxPath:663: Null anb
02-14 16:23:04.168 27993 28070 E GPUAUX : [AUX]GuiExtAuxCheckAuxPath:663: Null anb
02-14 16:23:04.168 27993 28070 E GPUAUX : [AUX]GuiExtAuxCheckAuxPath:663: Null anb
02-14 16:23:04.168 27993 28070 E GPUAUX : [AUX]GuiExtAuxCheckAuxPath:663: Null anb
02-14 16:23:04.180 27993 28070 E GPUAUX : [AUX]GuiExtAuxCheckAuxPath:663: Null anb
02-14 16:23:04.180 27993 28070 E GPUAUX : [AUX]GuiExtAuxCheckAuxPath:663: Null anb
02-14 16:23:04.180 27993 28070 E GPUAUX : [AUX]GuiExtAuxCheckAuxPath:663: Null anb
02-14 16:23:04.180 27993 28070 E GPUAUX : [AUX]GuiExtAuxCheckAuxPath:663: Null anb
02-14 16:23:04.191 27993 28070 E GPUAUX : [AUX]GuiExtAuxCheckAuxPath:663: Null anb
02-14 16:23:04.191 27993 28070 E GPUAUX : [AUX]GuiExtAuxCheckAuxPath:663: Null anb
02-14 16:23:04.191 27993 28070 E GPUAUX : [AUX]GuiExtAuxCheckAuxPath:663: Null anb
02-14 16:23:04.203 27993 28070 E GPUAUX : [AUX]GuiExtAuxCheckAuxPath:663: Null anb
02-14 16:23:04.203 27993 28070 E GPUAUX : [AUX]GuiExtAuxCheckAuxPath:663: Null anb
02-14 16:23:04.203 27993 28070 E GPUAUX : [AUX]GuiExtAuxCheckAuxPath:663: Null anb
02-14 16:23:04.203 27993 28070 E GPUAUX : [AUX]GuiExtAuxCheckAuxPath:663: Null anb
02-14 16:23:04.214 27993 28070 E GPUAUX : [AUX]GuiExtAuxCheckAuxPath:663: Null anb
02-14 16:23:04.214 27993 28070 E GPUAUX : [AUX]GuiExtAuxCheckAuxPath:663: Null anb
02-14 16:23:04.214 27993 28070 E GPUAUX : [AUX]GuiExtAuxCheckAuxPath:663: Null anb
02-14 16:23:04.214 27993 28070 E GPUAUX : [AUX]GuiExtAuxCheckAuxPath:663: Null anb
02-14 16:23:04.225 27993 28070 E GPUAUX : [AUX]GuiExtAuxCheckAuxPath:663: Null anb
02-14 16:23:04.225 27993 28070 E GPUAUX : [AUX]GuiExtAuxCheckAuxPath:663: Null anb
02-14 16:23:04.225 27993 28070 E GPUAUX : [AUX]GuiExtAuxCheckAuxPath:663: Null anb
02-14 16:23:04.225 27993 28070 E GPUAUX : [AUX]GuiExtAuxCheckAuxPath:663: Null anb
02-14 16:23:04.236 27993 28070 E GPUAUX : [AUX]GuiExtAuxCheckAuxPath:663: Null anb
02-14 16:23:04.236 27993 28070 E GPUAUX : [AUX]GuiExtAuxCheckAuxPath:663: Null anb
02-14 16:23:04.236 27993 28070 E GPUAUX : [AUX]GuiExtAuxCheckAuxPath:663: Null anb
02-14 16:23:04.236 27993 28070 E GPUAUX : [AUX]GuiExtAuxCheckAuxPath:663: Null anb
02-14 16:23:04.248 27993 28070 E GPUAUX : [AUX]GuiExtAuxCheckAuxPath:663: Null anb
02-14 16:23:04.248 27993 28070 E GPUAUX : [AUX]GuiExtAuxCheckAuxPath:663: Null anb
02-14 16:23:04.249 27993 28070 E GPUAUX : [AUX]GuiExtAuxCheckAuxPath:663: Null anb
02-14 16:23:04.249 27993 28070 E GPUAUX : [AUX]GuiExtAuxCheckAuxPath:663: Null anb
02-14 16:23:04.260 27993 28070 E GPUAUX : [AUX]GuiExtAuxCheckAuxPath:663: Null anb
02-14 16:23:04.261 27993 28070 E GPUAUX : [AUX]GuiExtAuxCheckAuxPath:663: Null anb
02-14 16:23:04.261 27993 28070 E GPUAUX : [AUX]GuiExtAuxCheckAuxPath:663: Null anb
02-14 16:23:04.261 27993 28070 E GPUAUX : [AUX]GuiExtAuxCheckAuxPath:663: Null anb
02-14 16:23:04.268 27993 28070 E GPUAUX : [AUX]GuiExtAuxCheckAuxPath:663: Null anb
02-14 16:23:04.268 27993 28070 E GPUAUX : [AUX]GuiExtAuxCheckAuxPath:663: Null anb
02-14 16:23:04.268 27993 28070 E GPUAUX : [AUX]GuiExtAuxCheckAuxPath:663: Null anb
02-14 16:23:04.268 27993 28070 E GPUAUX : [AUX]GuiExtAuxCheckAuxPath:663: Null anb
02-14 16:23:04.279 27993 28070 E GPUAUX : [AUX]GuiExtAuxCheckAuxPath:663: Null anb
02-14 16:23:04.280 27993 28070 E GPUAUX : [AUX]GuiExtAuxCheckAuxPath:663: Null anb
02-14 16:23:04.280 27993 28070 E GPUAUX : [AUX]GuiExtAuxCheckAuxPath:663: Null anb
02-14 16:23:04.280 27993 28070 E GPUAUX : [AUX]GuiExtAuxCheckAuxPath:663: Null anb
02-14 16:23:04.291 27993 28070 E GPUAUX : [AUX]GuiExtAuxCheckAuxPath:663: Null anb
02-14 16:23:04.291 27993 28070 E GPUAUX : [AUX]GuiExtAuxCheckAuxPath:663: Null anb
02-14 16:23:04.291 27993 28070 E GPUAUX : [AUX]GuiExtAuxCheckAuxPath:663: Null anb
02-14 16:23:04.291 27993 28070 E GPUAUX : [AUX]GuiExtAuxCheckAuxPath:663: Null anb
02-14 16:23:04.301 27993 28070 E GPUAUX : [AUX]GuiExtAuxCheckAuxPath:663: Null anb
02-14 16:23:04.302 27993 28070 E GPUAUX : [AUX]GuiExtAuxCheckAuxPath:663: Null anb
02-14 16:23:04.302 27993 28070 E GPUAUX : [AUX]GuiExtAuxCheckAuxPath:663: Null anb
02-14 16:23:04.302 27993 28070 E GPUAUX : [AUX]GuiExtAuxCheckAuxPath:663: Null anb
02-14 16:23:04.312 27993 28070 E GPUAUX : [AUX]GuiExtAuxCheckAuxPath:663: Null anb
02-14 16:23:04.312 27993 28070 E GPUAUX : [AUX]GuiExtAuxCheckAuxPath:663: Null anb
02-14 16:23:04.313 27993 28070 E GPUAUX : [AUX]GuiExtAuxCheckAuxPath:663: Null anb
02-14 16:23:04.313 27993 28070 E GPUAUX : [AUX]GuiExtAuxCheckAuxPath:663: Null anb
02-14 16:23:04.325 27993 28070 E GPUAUX : [AUX]GuiExtAuxCheckAuxPath:663: Null anb
02-14 16:23:04.325 27993 28070 E GPUAUX : [AUX]GuiExtAuxCheckAuxPath:663: Null anb
02-14 16:23:04.325 27993 28070 E GPUAUX : [AUX]GuiExtAuxCheckAuxPath:663: Null anb
02-14 16:23:04.325 27993 28070 E GPUAUX : [AUX]GuiExtAuxCheckAuxPath:663: Null anb
02-14 16:23:04.335 27993 28070 E GPUAUX : [AUX]GuiExtAuxCheckAuxPath:663: Null anb
02-14 16:23:04.335 27993 28070 E GPUAUX : [AUX]GuiExtAuxCheckAuxPath:663: Null anb
02-14 16:23:04.335 27993 28070 E GPUAUX : [AUX]GuiExtAuxCheckAuxPath:663: Null anb
02-14 16:23:04.335 27993 28070 E GPUAUX : [AUX]GuiExtAuxCheckAuxPath:663: Null anb
02-14 16:23:04.347 27993 28070 E GPUAUX : [AUX]GuiExtAuxCheckAuxPath:663: Null anb
02-14 16:23:04.347 27993 28070 E GPUAUX : [AUX]GuiExtAuxCheckAuxPath:663: Null anb
02-14 16:23:04.347 27993 28070 E GPUAUX : [AUX]GuiExtAuxCheckAuxPath:663: Null anb
02-14 16:23:04.347 27993 28070 E GPUAUX : [AUX]GuiExtAuxCheckAuxPath:663: Null anb
02-14 16:23:04.357 27993 28070 E GPUAUX : [AUX]GuiExtAuxCheckAuxPath:663: Null anb
02-14 16:23:04.357 27993 28070 E GPUAUX : [AUX]GuiExtAuxCheckAuxPath:663: Null anb
02-14 16:23:04.357 27993 28070 E GPUAUX : [AUX]GuiExtAuxCheckAuxPath:663: Null anb
02-14 16:23:04.357 27993 28070 E GPUAUX : [AUX]GuiExtAuxCheckAuxPath:663: Null anb
02-14 16:23:04.368 27993 28070 E GPUAUX : [AUX]GuiExtAuxCheckAuxPath:663: Null anb
02-14 16:23:04.368 27993 28070 E GPUAUX : [AUX]GuiExtAuxCheckAuxPath:663: Null anb
02-14 16:23:04.368 27993 28070 E GPUAUX : [AUX]GuiExtAuxCheckAuxPath:663: Null anb
02-14 16:23:04.368 27993 28070 E GPUAUX : [AUX]GuiExtAuxCheckAuxPath:663: Null anb
02-14 16:23:04.379 27993 28070 E GPUAUX : [AUX]GuiExtAuxCheckAuxPath:663: Null anb
02-14 16:23:04.379 27993 28070 E GPUAUX : [AUX]GuiExtAuxCheckAuxPath:663: Null anb
02-14 16:23:04.379 27993 28070 E GPUAUX : [AUX]GuiExtAuxCheckAuxPath:663: Null anb
02-14 16:23:04.379 27993 28070 E GPUAUX : [AUX]GuiExtAuxCheckAuxPath:663: Null anb
02-14 16:23:04.391 27993 28070 E GPUAUX : [AUX]GuiExtAuxCheckAuxPath:663: Null anb
02-14 16:23:04.391 27993 28070 E GPUAUX : [AUX]GuiExtAuxCheckAuxPath:663: Null anb
02-14 16:23:04.391 27993 28070 E GPUAUX : [AUX]GuiExtAuxCheckAuxPath:663: Null anb
02-14 16:23:04.391 27993 28070 E GPUAUX : [AUX]GuiExtAuxCheckAuxPath:663: Null anb
02-14 16:23:04.403 27993 28070 E GPUAUX : [AUX]GuiExtAuxCheckAuxPath:663: Null anb
02-14 16:23:04.403 27993 28070 E GPUAUX : [AUX]GuiExtAuxCheckAuxPath:663: Null anb
02-14 16:23:04.403 27993 28070 E GPUAUX : [AUX]GuiExtAuxCheckAuxPath:663: Null anb
02-14 16:23:04.403 27993 28070 E GPUAUX : [AUX]GuiExtAuxCheckAuxPath:663: Null anb
02-14 16:23:04.412 27993 28070 E GPUAUX : [AUX]GuiExtAuxCheckAuxPath:663: Null anb
02-14 16:23:04.412 27993 28070 E GPUAUX : [AUX]GuiExtAuxCheckAuxPath:663: Null anb
02-14 16:23:04.412 27993 28070 E GPUAUX : [AUX]GuiExtAuxCheckAuxPath:663: Null anb
02-14 16:23:04.423 27993 28070 E GPUAUX : [AUX]GuiExtAuxCheckAuxPath:663: Null anb
02-14 16:23:04.423 27993 28070 E GPUAUX : [AUX]GuiExtAuxCheckAuxPath:663: Null anb
02-14 16:23:04.423 27993 28070 E GPUAUX : [AUX]GuiExtAuxCheckAuxPath:663: Null anb
02-14 16:23:04.423 27993 28070 E GPUAUX : [AUX]GuiExtAuxCheckAuxPath:663: Null anb
02-14 16:23:04.433 27993 28070 E GPUAUX : [AUX]GuiExtAuxCheckAuxPath:663: Null anb
02-14 16:23:04.433 27993 28070 E GPUAUX : [AUX]GuiExtAuxCheckAuxPath:663: Null anb
02-14 16:23:04.433 27993 28070 E GPUAUX : [AUX]GuiExtAuxCheckAuxPath:663: Null anb
02-14 16:23:04.446 27993 28070 E GPUAUX : [AUX]GuiExtAuxCheckAuxPath:663: Null anb
02-14 16:23:04.446 27993 28070 E GPUAUX : [AUX]GuiExtAuxCheckAuxPath:663: Null anb
02-14 16:23:04.446 27993 28070 E GPUAUX : [AUX]GuiExtAuxCheckAuxPath:663: Null anb
02-14 16:23:04.446 27993 28070 E GPUAUX : [AUX]GuiExtAuxCheckAuxPath:663: Null anb
02-14 16:23:04.455 27993 28070 E GPUAUX : [AUX]GuiExtAuxCheckAuxPath:663: Null anb
02-14 16:23:04.456 27993 28070 E GPUAUX : [AUX]GuiExtAuxCheckAuxPath:663: Null anb
02-14 16:23:04.456 27993 28070 E GPUAUX : [AUX]GuiExtAuxCheckAuxPath:663: Null anb
02-14 16:23:06.510 27993 27993 I ViewRootImpl@aa4bd35[MainActivity]: ViewPostIme
pointer 0
02-14 16:23:06.620 27993 27993 I ViewRootImpl@aa4bd35[MainActivity]: ViewPostIme
pointer 1
02-14 16:23:07.019 27993 27993 I ViewRootImpl@aa4bd35[MainActivity]: ViewPostIme
pointer 0
02-14 16:23:07.096 27993 27993 I ViewRootImpl@aa4bd35[MainActivity]: ViewPostIme
pointer 1
02-14 16:23:07.203 27993 28070 E GPUAUX : [AUX]GuiExtAuxCheckAuxPath:663: Null anb
02-14 16:23:07.203 27993 28070 E GPUAUX : [AUX]GuiExtAuxCheckAuxPath:663: Null anb
02-14 16:23:07.203 27993 28070 E GPUAUX : [AUX]GuiExtAuxCheckAuxPath:663: Null anb
02-14 16:23:07.214 27993 28070 E GPUAUX : [AUX]GuiExtAuxCheckAuxPath:663: Null anb
02-14 16:23:07.214 27993 28070 E GPUAUX : [AUX]GuiExtAuxCheckAuxPath:663: Null anb
02-14 16:23:07.214 27993 28070 E GPUAUX : [AUX]GuiExtAuxCheckAuxPath:663: Null anb
02-14 16:23:07.219 27993 28070 E GPUAUX : [AUX]GuiExtAuxCheckAuxPath:663: Null anb
02-14 16:23:07.219 27993 28070 E GPUAUX : [AUX]GuiExtAuxCheckAuxPath:663: Null anb
02-14 16:23:07.219 27993 28070 E GPUAUX : [AUX]GuiExtAuxCheckAuxPath:663: Null anb
02-14 16:23:07.228 27993 28070 E GPUAUX : [AUX]GuiExtAuxCheckAuxPath:663: Null anb
02-14 16:23:07.228 27993 28070 E GPUAUX : [AUX]GuiExtAuxCheckAuxPath:663: Null anb
02-14 16:23:07.228 27993 28070 E GPUAUX : [AUX]GuiExtAuxCheckAuxPath:663: Null anb
02-14 16:23:07.242 27993 28070 E GPUAUX : [AUX]GuiExtAuxCheckAuxPath:663: Null anb
02-14 16:23:07.242 27993 28070 E GPUAUX : [AUX]GuiExtAuxCheckAuxPath:663: Null anb
02-14 16:23:07.242 27993 28070 E GPUAUX : [AUX]GuiExtAuxCheckAuxPath:663: Null anb
02-14 16:23:07.258 27993 28070 E GPUAUX : [AUX]GuiExtAuxCheckAuxPath:663: Null anb
02-14 16:23:07.258 27993 28070 E GPUAUX : [AUX]GuiExtAuxCheckAuxPath:663: Null anb
02-14 16:23:07.258 27993 28070 E GPUAUX : [AUX]GuiExtAuxCheckAuxPath:663: Null anb
02-14 16:23:07.258 27993 28070 E GPUAUX : [AUX]GuiExtAuxCheckAuxPath:663: Null anb
02-14 16:23:07.259 27993 28070 E GPUAUX : [AUX]GuiExtAuxCheckAuxPath:663: Null anb
02-14 16:23:07.259 27993 28070 E GPUAUX : [AUX]GuiExtAuxCheckAuxPath:663: Null anb
02-14 16:23:07.259 27993 28070 E GPUAUX : [AUX]GuiExtAuxCheckAuxPath:663: Null anb
02-14 16:23:07.259 27993 28070 E GPUAUX : [AUX]GuiExtAuxCheckAuxPath:663: Null anb
02-14 16:23:07.269 27993 28070 E GPUAUX : [AUX]GuiExtAuxCheckAuxPath:663: Null anb
02-14 16:23:07.270 27993 28070 E GPUAUX : [AUX]GuiExtAuxCheckAuxPath:663: Null anb
02-14 16:23:07.270 27993 28070 E GPUAUX : [AUX]GuiExtAuxCheckAuxPath:663: Null anb
02-14 16:23:07.270 27993 28070 E GPUAUX : [AUX]GuiExtAuxCheckAuxPath:663: Null anb
02-14 16:23:07.275 27993 28070 E GPUAUX : [AUX]GuiExtAuxCheckAuxPath:663: Null anb
02-14 16:23:07.276 27993 28070 E GPUAUX : [AUX]GuiExtAuxCheckAuxPath:663: Null anb
02-14 16:23:07.276 27993 28070 E GPUAUX : [AUX]GuiExtAuxCheckAuxPath:663: Null anb
02-14 16:23:07.276 27993 28070 E GPUAUX : [AUX]GuiExtAuxCheckAuxPath:663: Null anb
02-14 16:23:07.287 27993 28070 E GPUAUX : [AUX]GuiExtAuxCheckAuxPath:663: Null anb
02-14 16:23:07.287 27993 28070 E GPUAUX : [AUX]GuiExtAuxCheckAuxPath:663: Null anb
02-14 16:23:07.287 27993 28070 E GPUAUX : [AUX]GuiExtAuxCheckAuxPath:663: Null anb
02-14 16:23:07.287 27993 28070 E GPUAUX : [AUX]GuiExtAuxCheckAuxPath:663: Null anb
02-14 16:23:07.295 27993 28070 E GPUAUX : [AUX]GuiExtAuxCheckAuxPath:663: Null anb
02-14 16:23:07.295 27993 28070 E GPUAUX : [AUX]GuiExtAuxCheckAuxPath:663: Null anb
02-14 16:23:07.295 27993 28070 E GPUAUX : [AUX]GuiExtAuxCheckAuxPath:663: Null anb
02-14 16:23:07.295 27993 28070 E GPUAUX : [AUX]GuiExtAuxCheckAuxPath:663: Null anb
02-14 16:23:07.305 27993 28070 E GPUAUX : [AUX]GuiExtAuxCheckAuxPath:663: Null anb
02-14 16:23:07.305 27993 28070 E GPUAUX : [AUX]GuiExtAuxCheckAuxPath:663: Null anb
02-14 16:23:07.305 27993 28070 E GPUAUX : [AUX]GuiExtAuxCheckAuxPath:663: Null anb
02-14 16:23:07.305 27993 28070 E GPUAUX : [AUX]GuiExtAuxCheckAuxPath:663: Null anb
02-14 16:23:07.317 27993 28070 E GPUAUX : [AUX]GuiExtAuxCheckAuxPath:663: Null anb
02-14 16:23:07.317 27993 28070 E GPUAUX : [AUX]GuiExtAuxCheckAuxPath:663: Null anb
02-14 16:23:07.317 27993 28070 E GPUAUX : [AUX]GuiExtAuxCheckAuxPath:663: Null anb
02-14 16:23:07.317 27993 28070 E GPUAUX : [AUX]GuiExtAuxCheckAuxPath:663: Null anb
02-14 16:23:07.327 27993 28070 E GPUAUX : [AUX]GuiExtAuxCheckAuxPath:663: Null anb
02-14 16:23:07.327 27993 28070 E GPUAUX : [AUX]GuiExtAuxCheckAuxPath:663: Null anb
02-14 16:23:07.327 27993 28070 E GPUAUX : [AUX]GuiExtAuxCheckAuxPath:663: Null anb
02-14 16:23:07.327 27993 28070 E GPUAUX : [AUX]GuiExtAuxCheckAuxPath:663: Null anb
02-14 16:23:07.340 27993 28070 E GPUAUX : [AUX]GuiExtAuxCheckAuxPath:663: Null anb
02-14 16:23:07.340 27993 28070 E GPUAUX : [AUX]GuiExtAuxCheckAuxPath:663: Null anb
02-14 16:23:07.340 27993 28070 E GPUAUX : [AUX]GuiExtAuxCheckAuxPath:663: Null anb
02-14 16:23:07.340 27993 28070 E GPUAUX : [AUX]GuiExtAuxCheckAuxPath:663: Null anb
02-14 16:23:07.350 27993 28070 E GPUAUX : [AUX]GuiExtAuxCheckAuxPath:663: Null anb
02-14 16:23:07.350 27993 28070 E GPUAUX : [AUX]GuiExtAuxCheckAuxPath:663: Null anb
02-14 16:23:07.350 27993 28070 E GPUAUX : [AUX]GuiExtAuxCheckAuxPath:663: Null anb
02-14 16:23:07.350 27993 28070 E GPUAUX : [AUX]GuiExtAuxCheckAuxPath:663: Null anb
