/system/etc/permissions/privapp-permissions-com.samsung.cmh.xml
01-01 00:00:06.778 D/CompatConfig( 1227): No directory
/apex/com.android.tethering/etc/compatconfig, skipping
01-01 00:00:06.778 D/CompatConfig( 1227): No directory
/apex/com.android.apex.cts.shim/etc/compatconfig, skipping
01-01 00:00:06.778 D/CompatConfig( 1227): No directory
/apex/com.android.ipsec/etc/compatconfig, skipping
01-01 00:00:06.778 D/CompatConfig( 1227): No directory
/apex/com.android.media.swcodec/etc/compatconfig, skipping
01-01 00:00:06.778 I/SystemConfig( 1227): Reading permissions from
/system/etc/permissions/privapp-permissions-com.samsung.crane.xml
01-01 00:00:06.778 D/CompatConfig( 1227): No directory
/apex/com.android.vndk.v30/etc/compatconfig, skipping
01-01 00:00:06.778 D/CompatConfig( 1227): No directory
/apex/com.android.i18n/etc/compatconfig, skipping
01-01 00:00:06.778 I/SystemConfig( 1227): Reading permissions from
/system/etc/permissions/privapp-permissions-com.samsung.ipservice.xml
01-01 00:00:06.779 I/SystemConfig( 1227): Reading permissions from
/system/etc/permissions/privapp-permissions-com.samsung.klmsagent.xml
01-01 00:00:06.779 D/CompatConfig( 1227): Found a config file:
/apex/com.android.art/etc/compatconfig/libcore-platform-compat-config.xml
01-01 00:00:06.779 I/SystemConfig( 1227): Reading permissions from
/system/etc/permissions/privapp-permissions-com.samsung.knox.securefolder.xml
01-01 00:00:06.779 I/SystemConfig( 1227): Reading permissions from
/system/etc/permissions/privapp-permissions-com.samsung.logwriter.xml
01-01 00:00:06.779 D/CompatConfig( 1227): Adding:
com.android.server.compat.config.Change@bb6c57d
01-01 00:00:06.779 I/SystemConfig( 1227): Reading permissions from
/system/etc/permissions/privapp-permissions-com.samsung.memorysaver.xml
01-01 00:00:06.780 I/SystemConfig( 1227): Reading permissions from
/system/etc/permissions/privapp-permissions-
com.samsung.sec.android.application.csc.xml
01-01 00:00:06.780 D/CompatConfig( 1227): Adding:
com.android.server.compat.config.Change@64e9540
01-01 00:00:06.780 I/SystemConfig( 1227): Reading permissions from
/system/etc/permissions/privapp-permissions-com.samsung.storyservice.xml
01-01 00:00:06.780 D/CompatConfig( 1227): Adding:
com.android.server.compat.config.Change@25fcdbe
01-01 00:00:06.780 I/SystemConfig( 1227): Reading permissions from
/system/etc/permissions/privapp-permissions-com.samsung.systemui.bixby2.xml
01-01 00:00:06.780 D/CompatConfig( 1227): Adding:
com.android.server.compat.config.Change@d27c56c
01-01 00:00:06.780 I/SystemConfig( 1227): Reading permissions from
/system/etc/permissions/privapp-permissions-com.sec.android.RilServiceModeApp.xml
01-01 00:00:06.781 D/CompatConfig( 1227): Adding:
com.android.server.compat.config.Change@eda0d3b
01-01 00:00:06.781 I/SystemConfig( 1227): Reading permissions from
/system/etc/permissions/privapp-permissions-com.sec.android.app.SecSetupWizard.xml
01-01 00:00:06.781 I/SystemConfig( 1227): Reading permissions from
/system/etc/permissions/privapp-permissions-com.sec.android.app.billing.xml
01-01 00:00:06.781 I/SystemConfig( 1227): Reading permissions from
/system/etc/permissions/privapp-permissions-com.sec.android.app.camera.xml
01-01 00:00:06.781 D/CompatConfig( 1227): No directory
/apex/com.android.adbd/etc/compatconfig, skipping
01-01 00:00:06.781 D/CompatConfig( 1227): No directory
/apex/com.android.conscrypt/etc/compatconfig, skipping
01-01 00:00:06.781 D/CompatConfig( 1227): No directory
/apex/com.samsung.android.camera.unihal/etc/compatconfig, skipping
01-01 00:00:06.782 D/CompatConfig( 1227): No directory
/apex/com.android.vndk.v31/etc/compatconfig, skipping
01-01 00:00:06.782 D/CompatConfig( 1227): No directory
/apex/com.google.mainline.primary.libs/etc/compatconfig, skipping
01-01 00:00:06.782 I/SystemConfig( 1227): Reading permissions from
/system/etc/permissions/privapp-permissions-
com.sec.android.app.factorykeystring.xml
01-01 00:00:06.782 D/CompatConfig( 1227): No directory
/apex/com.samsung.android.ipm/etc/compatconfig, skipping
01-01 00:00:06.782 D/CompatConfig( 1227): No directory
/apex/com.android.wifi/etc/compatconfig, skipping
01-01 00:00:06.782 D/CompatConfig( 1227): No directory
/apex/com.android.permission/etc/compatconfig, skipping
01-01 00:00:06.782 I/SystemConfig( 1227): Reading permissions from
/system/etc/permissions/privapp-permissions-com.sec.android.app.fm.xml
01-01 00:00:06.782 D/CompatConfig( 1227): No directory
/apex/com.android.tzdata/etc/compatconfig, skipping
01-01 00:00:06.782 D/CompatConfig( 1227): No directory
/apex/com.samsung.android.shell/etc/compatconfig, skipping
01-01 00:00:06.782 D/CompatConfig( 1227): No directory
/apex/com.android.extservices/etc/compatconfig, skipping
01-01 00:00:06.782 I/SystemConfig( 1227): Reading permissions from
/system/etc/permissions/privapp-permissions-com.sec.android.app.hwmoduletest.xml
01-01 00:00:06.782 D/CompatConfig( 1227): Start loading
/product/etc/appcompat/compat_framework_overrides.xml
01-01 00:00:06.782 I/SystemConfig( 1227): Reading permissions from
/system/etc/permissions/privapp-permissions-com.sec.android.app.itracker.xml
01-01 00:00:06.782 D/CompatConfig( 1227): Override file does't exist:
/product/etc/appcompat/compat_framework_overrides.xml
01-01 00:00:06.782 D/CompatConfig( 1227): Start loading
/data/misc/appcompat/compat_framework_overrides.xml
01-01 00:00:06.783 I/SystemConfig( 1227): Reading permissions from
/system/etc/permissions/privapp-permissions-com.sec.android.app.launcher.xml
01-01 00:00:06.783 D/CompatConfig( 1227): Override file does't exist:
/data/misc/appcompat/compat_framework_overrides.xml
01-01 00:00:06.783 D/CompatConfig( 1227): Finish loading overrides files
01-01 00:00:06.783 I/SystemConfig( 1227): Reading permissions from
/system/etc/permissions/privapp-permissions-com.sec.android.app.magnifier.xml
01-01 00:00:06.783 I/SystemConfig( 1227): Reading permissions from
/system/etc/permissions/privapp-permissions-com.sec.android.app.myfiles.xml
01-01 00:00:06.783 I/SystemConfig( 1227): Reading permissions from
/system/etc/permissions/privapp-permissions-com.sec.android.app.popupcalculator.xml
01-01 00:00:06.784 I/SystemConfig( 1227): Reading permissions from
/system/etc/permissions/privapp-permissions-com.sec.android.app.safetyassurance.xml
01-01 00:00:06.784 I/SystemConfig( 1227): Reading permissions from
/system/etc/permissions/privapp-permissions-com.sec.android.app.samsungapps.xml
01-01 00:00:06.784 I/servicemanager( 570): Adding 'u:r:system_server:s0' service
(platform_compat:1227)
01-01 00:00:06.784 I/SystemConfig( 1227): Reading permissions from
/system/etc/permissions/qcrilhook.xml
01-01 00:00:06.784 I/servicemanager( 570): Adding 'u:r:system_server:s0' service
(platform_compat_native:1227)
01-01 00:00:06.784 D/SystemServerTiming( 1227): PlatformCompat took to complete:
76ms
01-01 00:00:06.784 I/SystemServerTiming( 1227): StartFileIntegrityService
01-01 00:00:06.784 I/SystemServiceManager( 1227): Starting
com.android.server.security.FileIntegrityService
01-01 00:00:06.784 I/SystemConfig( 1227): Reading permissions from
/system/etc/permissions/privapp-permissions-com.sec.android.app.servicemodeapp.xml
01-01 00:00:06.785 I/SystemConfig( 1227): Reading permissions from
/system/etc/permissions/privapp-permissions-com.sec.android.app.shealth.xml
01-01 00:00:06.785 I/SystemConfig( 1227): Reading permissions from
/system/etc/permissions/privapp-permissions-com.sec.android.app.soundalive_S.xml
01-01 00:00:06.785 I/SystemConfig( 1227): Reading permissions from
/system/etc/permissions/privapp-permissions-com.sec.android.daemonapp.xml
01-01 00:00:06.785 I/SystemConfig( 1227): Reading permissions from
/system/etc/permissions/privapp-permissions-com.sec.android.diagmonagent.xml
01-01 00:00:06.786 I/SystemConfig( 1227): Reading permissions from
/system/etc/permissions/privapp-permissions-com.sec.android.gallery3d.xml
01-01 00:00:06.786 I/SystemConfig( 1227): Reading permissions from
/system/etc/permissions/privapp-permissions-
com.sec.android.mimage.autodoodle.service.xml
01-01 00:00:06.786 I/SystemConfig( 1227): Reading permissions from
/system/etc/permissions/privapp-permissions-
com.sec.android.mimage.photoretouching.xml
01-01 00:00:06.786 I/SystemConfig( 1227): Reading permissions from
/system/etc/permissions/privapp-permissions-com.sec.android.provider.badge.xml
01-01 00:00:06.786 I/SystemConfig( 1227): Reading permissions from
/system/etc/permissions/privapp-permissions-com.sec.android.soagent.xml
01-01 00:00:06.787 I/SystemConfig( 1227): Reading permissions from
/system/etc/permissions/privapp-permissions-com.sec.android.systemupdate.xml
01-01 00:00:06.787 I/SystemConfig( 1227): Reading permissions from
/system/etc/permissions/privapp-permissions-com.sec.app.RilErrorNotifier.xml
01-01 00:00:06.787 I/SystemConfig( 1227): Reading permissions from
/system/etc/permissions/privapp-permissions-com.sec.epdg.xml
01-01 00:00:06.787 I/SystemConfig( 1227): Reading permissions from
/system/etc/permissions/privapp-permissions-com.sec.epdgtestapp.xml
01-01 00:00:06.787 I/SystemConfig( 1227): Reading permissions from
/system/etc/permissions/privapp-permissions-com.sec.factory.xml
01-01 00:00:06.788 I/SystemConfig( 1227): Reading permissions from
/system/etc/permissions/privapp-permissions-com.sec.hearingadjust-s.xml
01-01 00:00:06.788 I/SystemConfig( 1227): Reading permissions from
/system/etc/permissions/privapp-permissions-com.sec.imslogger.xml
01-01 00:00:06.788 I/SystemConfig( 1227): Reading permissions from
/system/etc/permissions/privapp-permissions-com.sec.imsservice.xml
01-01 00:00:06.788 I/SystemConfig( 1227): Reading permissions from
/system/etc/permissions/privapp-permissions-com.sec.location.nsflp2_v6_0.xml
01-01 00:00:06.788 I/SystemConfig( 1227): Reading permissions from
/system/etc/permissions/privapp-permissions-com.sec.spp.push.xml
01-01 00:00:06.789 I/SystemConfig( 1227): Reading permissions from
/system/etc/permissions/privapp-permissions-com.skms.android.agent.xml
01-01 00:00:06.789 I/SystemConfig( 1227): Reading permissions from
/system/etc/permissions/privapp-permissions-com.wsomacp.xml
01-01 00:00:06.789 I/SystemConfig( 1227): Reading permissions from
/system/etc/permissions/privapp-permissions-com.wssyncmldm.xml
01-01 00:00:06.789 I/SystemConfig( 1227): Reading permissions from
/system/etc/permissions/privapp-permissions-de.axelspringer.yana.zeropage.xml
01-01 00:00:06.789 I/SystemConfig( 1227): Reading permissions from
/system/etc/permissions/privapp-permissions-google-system.xml
01-01 00:00:06.790 I/SystemConfig( 1227): Reading permissions from
/system/etc/permissions/privapp-permissions-o-os-com.samsung.android.uds.xml
01-01 00:00:06.790 I/SystemConfig( 1227): Reading permissions from
/system/etc/permissions/privapp-permissions-platform.xml
01-01 00:00:06.792 I/SystemConfig( 1227): Reading permissions from
/system/etc/permissions/privapp-permissions-qti.xml
01-01 00:00:06.792 I/SystemConfig( 1227): Reading permissions from
/system/etc/permissions/privapp-permissions-themestore.xml
01-01 00:00:06.792 I/servicemanager( 570): Adding 'u:r:system_server:s0' service
(file_integrity:1227)
01-01 00:00:06.792 D/SystemServerTiming( 1227): StartFileIntegrityService took to
complete: 8ms
01-01 00:00:06.792 I/SystemServerTiming( 1227): StartInstaller
01-01 00:00:06.792 I/SystemServiceManager( 1227): Starting
com.android.server.pm.Installer
01-01 00:00:06.792 I/SystemConfig( 1227): Reading permissions from
/system/etc/permissions/qti_telephony_hidl_wrapper.xml
01-01 00:00:06.793 I/SystemConfig( 1227): Reading permissions from
/system/etc/permissions/qti_telephony_utils.xml
01-01 00:00:06.793 I/SystemConfig( 1227): Reading permissions from
/system/etc/permissions/rcsopenapi_library.xml
01-01 00:00:06.793 I/SystemConfig( 1227): Reading permissions from
/system/etc/permissions/samsungkeystoreutils.xml
01-01 00:00:06.793 I/SystemConfig( 1227): Reading permissions from
/system/etc/permissions/scamera_sdk_util.xml
01-01 00:00:06.793 I/SystemConfig( 1227): Reading permissions from
/system/etc/permissions/scamera_sep.xml
01-01 00:00:06.793 I/SystemConfig( 1227): Reading permissions from
/system/etc/permissions/sec_platform_library.xml
01-01 00:00:06.794 I/SystemConfig( 1227): Reading permissions from
/system/etc/permissions/secimaging.xml
01-01 00:00:06.794 D/installd( 1196): Found quota mount /dev/block/bootdevice/by-
name/userdata at /data
01-01 00:00:06.794 D/installd( 1196): Found quota mount /dev/block/bootdevice/by-
name/userdata at /data/user/0
01-01 00:00:06.794 I/SystemConfig( 1227): Reading permissions from
/system/etc/permissions/sem_telephony_common.xml
01-01 00:00:06.794 I/SystemConfig( 1227): Reading permissions from
/system/etc/permissions/semextendedformat.xml
01-01 00:00:06.794 I/SystemConfig( 1227): Reading permissions from
/system/etc/permissions/semmediatranscoder.xml
01-01 00:00:06.794 I/SystemConfig( 1227): Reading permissions from
/system/etc/permissions/semsdrvideoconverter.xml
01-01 00:00:06.794 I/SystemConfig( 1227): Reading permissions from
/system/etc/permissions/sfeffect.xml
01-01 00:00:06.794 I/SystemConfig( 1227): Reading permissions from
/system/etc/permissions/shealth_sw_pedometer_paused.xml
01-01 00:00:06.795 D/SystemServerTiming( 1227): StartInstaller took to complete:
3ms
01-01 00:00:06.795 I/SystemServerTiming( 1227): DeviceIdentifiersPolicyService
01-01 00:00:06.795 I/SystemServiceManager( 1227): Starting
com.android.server.os.DeviceIdentifiersPolicyService
01-01 00:00:06.795 I/servicemanager( 570): Adding 'u:r:system_server:s0' service
(device_identifiers:1227)
01-01 00:00:06.796 D/SystemServerTiming( 1227): DeviceIdentifiersPolicyService took
to complete: 1ms
01-01 00:00:06.796 I/SystemServerTiming( 1227): UriGrantsManagerService
01-01 00:00:06.796 I/SystemServiceManager( 1227): Starting
com.android.server.uri.UriGrantsManagerService$Lifecycle
01-01 00:00:06.797 I/servicemanager( 570): Adding 'u:r:system_server:s0' service
(uri_grants:1227)
01-01 00:00:06.797 D/SystemServerTiming( 1227): UriGrantsManagerService took to
complete: 1ms
01-01 00:00:06.797 I/SystemServerTiming( 1227): StartPowerStatsService
01-01 00:00:06.797 I/SystemServiceManager( 1227): Starting
com.android.server.powerstats.PowerStatsService
01-01 00:00:06.797 E/servicemanager( 570): Could not find
android.hardware.power.stats.IPowerStats/default in the VINTF manifest.
01-01 00:00:06.798 D/hw-ProcessState( 1227): Binder ioctl to enable oneway spam
detection failed: Invalid argument
01-01 00:00:06.802 W/SystemConfig( 1227): Got exception parsing permissions.
01-01 00:00:06.802 W/SystemConfig( 1227): org.xmlpull.v1.XmlPullParserException: No
start tag found
01-01 00:00:06.802 W/SystemConfig( 1227): at
com.android.server.SystemConfig.readPermissionsFromXml(SystemConfig.java:822)
01-01 00:00:06.802 W/SystemConfig( 1227): at
com.android.server.SystemConfig.readPermissions(SystemConfig.java:700)
01-01 00:00:06.802 W/SystemConfig( 1227): at
com.android.server.SystemConfig.readAllPermissions(SystemConfig.java:512)
01-01 00:00:06.802 W/SystemConfig( 1227): at
com.android.server.SystemConfig.<init>(SystemConfig.java:499)
01-01 00:00:06.802 W/SystemConfig( 1227): at
com.android.server.SystemConfig.getInstance(SystemConfig.java:282)
01-01 00:00:06.802 W/SystemConfig( 1227): at com.android.server.SystemServer$
$ExternalSyntheticLambda7.run(Unknown Source:0)
01-01 00:00:06.802 W/SystemConfig( 1227): at
com.android.server.SystemServerInitThreadPool.lambda$submitTask$0$SystemServerInitT
hreadPool(SystemServerInitThreadPool.java:105)
01-01 00:00:06.802 W/SystemConfig( 1227): at
com.android.server.SystemServerInitThreadPool$$ExternalSyntheticLambda0.run(Unknown
Source:6)
01-01 00:00:06.802 W/SystemConfig( 1227): at
java.util.concurrent.Executors$RunnableAdapter.call(Executors.java:462)
01-01 00:00:06.802 W/SystemConfig( 1227): at
java.util.concurrent.FutureTask.run(FutureTask.java:266)
01-01 00:00:06.802 W/SystemConfig( 1227): at
java.util.concurrent.ThreadPoolExecutor.runWorker(ThreadPoolExecutor.java:1167)
01-01 00:00:06.802 W/SystemConfig( 1227): at
java.util.concurrent.ThreadPoolExecutor$Worker.run(ThreadPoolExecutor.java:641)
01-01 00:00:06.802 W/SystemConfig( 1227): at
com.android.internal.util.ConcurrentUtils$1$1.run(ConcurrentUtils.java:65)
01-01 00:00:06.802 I/hwservicemanager( 571): getTransport: Cannot find entry
android.hardware.power.stats@1.0::IPowerStats/default in either framework or device
VINTF manifest.
01-01 00:00:06.802 I/SystemConfig( 1227): Reading permissions from
/system/etc/permissions/ve_sdk.xml
01-01 00:00:06.802 E/PowerStatsService( 1227): Unable to get power.stats HAL
service.
01-01 00:00:06.802 E/PowerStatsService( 1227): nativeInit failed to connect to
power.stats HAL
01-01 00:00:06.802 I/SystemConfig( 1227): Reading permissions from
/system/etc/permissions/vsimservice_library.xml
01-01 00:00:06.802 I/SystemConfig( 1227): Reading permissions from
/system/etc/permissions/platform.xml
01-01 00:00:06.802 I/servicemanager( 570): Adding 'u:r:system_server:s0' service
(powerstats:1227)
01-01 00:00:06.802 D/SystemServerTiming( 1227): StartPowerStatsService took to
complete: 5ms
01-01 00:00:06.802 I/SystemServerTiming( 1227): StartIStatsService
01-01 00:00:06.803 W/SystemConfig( 1227): Tag system-user-whitelisted-app is
unknown in /system/etc/permissions/platform.xml at START_TAG (empty) <system-user-
whitelisted-app package='com.tmobile.echolocate'>@376:69 in
java.io.FileReader@ae890f5
01-01 00:00:06.804 I/HidlServiceManagement( 1227): Registered
android.frameworks.stats@1.0::IStats/default
01-01 00:00:06.804 I/SystemConfig( 1227): Reading permissions from
/vendor/etc/sysconfig/vendor-apex-allowlist.xml
01-01 00:00:06.804 I/SystemConfig( 1227): Reading permissions from
/vendor/etc/permissions/android.hardware.hardware_keystore.xml
01-01 00:00:06.804 I/servicemanager( 570): Found
android.frameworks.stats.IStats/default in framework VINTF manifest.
01-01 00:00:06.804 I/servicemanager( 570): Adding 'u:r:system_server:s0' service
(android.frameworks.stats.IStats/default:1227)
01-01 00:00:06.805 D/SystemServerTiming( 1227): StartIStatsService took to
complete: 3ms
01-01 00:00:06.805 I/SystemConfig( 1227): Reading permissions from
/vendor/etc/permissions/android.hardware.wifi.xml
01-01 00:00:06.805 I/SystemServerTiming( 1227): MemtrackProxyService
01-01 00:00:06.805 I/SystemConfig( 1227): Reading permissions from
/vendor/etc/permissions/android.software.midi.xml
01-01 00:00:06.805 I/SystemConfig( 1227): Reading permissions from
/vendor/etc/permissions/android.hardware.telephony.gsm.xml
01-01 00:00:06.805 I/SystemConfig( 1227): Reading permissions from
/vendor/etc/permissions/android.software.verified_boot.xml
01-01 00:00:06.805 I/SystemConfig( 1227): Reading permissions from
/vendor/etc/permissions/android.hardware.vulkan.level-1.xml
01-01 00:00:06.805 I/SystemConfig( 1227): Reading permissions from
/vendor/etc/permissions/android.hardware.sensor.compass.xml
01-01 00:00:06.806 I/SystemConfig( 1227): Reading permissions from
/vendor/etc/permissions/android.hardware.vulkan.version-1_1.xml
01-01 00:00:06.806 I/SystemConfig( 1227): Reading permissions from
/vendor/etc/permissions/android.hardware.telephony.ims.xml
01-01 00:00:06.806 I/SystemConfig( 1227): Reading permissions from
/vendor/etc/permissions/android.hardware.opengles.aep.xml
01-01 00:00:06.806 I/SystemConfig( 1227): Reading permissions from
/vendor/etc/permissions/android.hardware.bluetooth_le.xml
01-01 00:00:06.806 E/servicemanager( 570): Could not find
android.hardware.memtrack.IMemtrack/default in the VINTF manifest.
01-01 00:00:06.806 I/Stability( 1227): Interface set with vintf stability wire
protocol version 1 downgraded to system stability wire protocol version 1 stability
01-01 00:00:06.806 I/SystemConfig( 1227): Reading permissions from
/vendor/etc/permissions/android.hardware.sensor.gyroscope.xml
01-01 00:00:06.807 I/SystemConfig( 1227): Reading permissions from
/vendor/etc/permissions/android.software.vulkan.deqp.level.xml
01-01 00:00:06.807 I/servicemanager( 570): Adding 'u:r:system_server:s0' service
(memtrack.proxy:1227)
01-01 00:00:06.807 D/SystemServerTiming( 1227): MemtrackProxyService took to
complete: 2ms
01-01 00:00:06.807 I/SystemServerTiming( 1227): StartActivityManager
01-01 00:00:06.807 I/SystemConfig( 1227): Reading permissions from
/vendor/etc/permissions/android.hardware.bluetooth.xml
01-01 00:00:06.807 I/SystemServiceManager( 1227): Starting
com.android.server.wm.ActivityTaskManagerService$Lifecycle
01-01 00:00:06.807 I/SystemConfig( 1227): Reading permissions from
/vendor/etc/permissions/android.hardware.audio.low_latency.xml
01-01 00:00:06.807 I/SystemConfig( 1227): Reading permissions from
/vendor/etc/permissions/android.hardware.usb.accessory.xml
01-01 00:00:06.807 I/SystemConfig( 1227): Reading permissions from
/vendor/etc/permissions/android.hardware.camera.raw.xml
01-01 00:00:06.807 I/SystemConfig( 1227): Reading permissions from
/vendor/etc/permissions/handheld_core_hardware.xml
01-01 00:00:06.808 I/SystemConfig( 1227): Reading permissions from
/vendor/etc/permissions/android.hardware.touchscreen.multitouch.jazzhand.xml
01-01 00:00:06.808 I/SystemConfig( 1227): Reading permissions from
/vendor/etc/permissions/android.hardware.camera.front.xml
01-01 00:00:06.808 I/SystemConfig( 1227): Reading permissions from
/vendor/etc/permissions/android.hardware.wifi.passpoint.xml
01-01 00:00:06.808 I/SystemConfig( 1227): Reading permissions from
/vendor/etc/permissions/android.hardware.sensor.light.xml
01-01 00:00:06.808 I/SystemConfig( 1227): Reading permissions from
/vendor/etc/permissions/android.hardware.wifi.aware.xml
01-01 00:00:06.809 I/SystemConfig( 1227): Reading permissions from
/vendor/etc/permissions/android.hardware.wifi.direct.xml
01-01 00:00:06.809 I/SystemConfig( 1227): Reading permissions from
/vendor/etc/permissions/android.hardware.sensor.stepcounter.xml
01-01 00:00:06.809 I/SystemConfig( 1227): Reading permissions from
/vendor/etc/permissions/android.hardware.camera.flash-autofocus.xml
01-01 00:00:06.809 I/SystemConfig( 1227): Reading permissions from
/vendor/etc/permissions/android.software.ipsec_tunnels.xml
01-01 00:00:06.809 I/SystemConfig( 1227): Reading permissions from
/vendor/etc/permissions/android.hardware.vulkan.compute-0.xml
01-01 00:00:06.809 I/SystemConfig( 1227): Reading permissions from
/vendor/etc/permissions/android.hardware.camera.full.xml
01-01 00:00:06.810 I/SystemConfig( 1227): Reading permissions from
/vendor/etc/permissions/android.hardware.location.gps.xml
01-01 00:00:06.810 I/SystemConfig( 1227): Reading permissions from
/vendor/etc/permissions/android.hardware.usb.host.xml
01-01 00:00:06.810 I/SystemConfig( 1227): Reading permissions from
/vendor/etc/permissions/android.software.sip.voip.xml
01-01 00:00:06.810 I/SystemConfig( 1227): Reading permissions from
/vendor/etc/permissions/android.hardware.sensor.stepdetector.xml
01-01 00:00:06.810 I/SystemConfig( 1227): Reading permissions from
/vendor/etc/permissions/android.hardware.sensor.accelerometer.xml
01-01 00:00:06.811 D/CoreStateController( 1227): CoreStateController()
01-01 00:00:06.812 I/SystemConfig( 1227): Reading permissions from
/odm/etc/permissions/sku_hcesim/android.hardware.nfc.uicc.xml
01-01 00:00:06.812 I/SystemConfig( 1227): Reading permissions from
/odm/etc/permissions/sku_hcesim/android.hardware.nfc.xml
01-01 00:00:06.813 I/SystemConfig( 1227): Reading permissions from
/odm/etc/permissions/sku_hcesim/android.hardware.nfc.hcef.xml
01-01 00:00:06.813 I/servicemanager( 570): Adding 'u:r:system_server:s0' service
(activity_task:1227)
01-01 00:00:06.813 I/SystemServiceManager( 1227): Starting
com.android.server.am.ActivityManagerService$Lifecycle
01-01 00:00:06.814 I/SystemConfig( 1227): Reading permissions from
/odm/etc/permissions/sku_hcesim/android.hardware.nfc.hce.xml
01-01 00:00:06.814 I/SystemConfig( 1227): Reading permissions from
/odm/etc/permissions/sku_hcesim/com.nxp.mifare.xml
01-01 00:00:06.816 I/ActivityManager( 1227): Memory class: 256
01-01 00:00:06.816 I/SystemConfig( 1227): Reading aerProductName from
/system/etc/aer_product_name.xml
01-01 00:00:06.817 W/SystemConfig( 1227): fname = o1stur
01-01 00:00:06.817 W/SystemConfig( 1227): ro.product.name = a71nsxx
01-01 00:00:06.817 W/SystemConfig( 1227): fname = o1sxtur
01-01 00:00:06.817 W/SystemConfig( 1227): ro.product.name = a71nsxx
01-01 00:00:06.817 W/SystemConfig( 1227): fname = o1sxser
01-01 00:00:06.817 W/SystemConfig( 1227): ro.product.name = a71nsxx
01-01 00:00:06.817 W/SystemConfig( 1227): fname = o1sxx
01-01 00:00:06.817 W/SystemConfig( 1227): ro.product.name = a71nsxx
01-01 00:00:06.817 W/SystemConfig( 1227): fname = o1sxxx
01-01 00:00:06.817 W/SystemConfig( 1227): ro.product.name = a71nsxx
01-01 00:00:06.817 W/SystemConfig( 1227): fname = o1sxeea
01-01 00:00:06.817 W/SystemConfig( 1227): ro.product.name = a71nsxx
01-01 00:00:06.817 W/SystemConfig( 1227): fname = o1sksx
01-01 00:00:06.817 W/SystemConfig( 1227): ro.product.name = a71nsxx
01-01 00:00:06.817 W/SystemConfig( 1227): fname = o1sser
01-01 00:00:06.817 W/SystemConfig( 1227): ro.product.name = a71nsxx
01-01 00:00:06.817 W/SystemConfig( 1227): fname = o1qcsx
01-01 00:00:06.817 W/SystemConfig( 1227): ro.product.name = a71nsxx
01-01 00:00:06.817 W/SystemConfig( 1227): fname = o1quew
01-01 00:00:06.817 W/SystemConfig( 1227): ro.product.name = a71nsxx
01-01 00:00:06.817 W/SystemConfig( 1227): fname = o1qzhx
01-01 00:00:06.817 W/SystemConfig( 1227): ro.product.name = a71nsxx
01-01 00:00:06.817 W/SystemConfig( 1227): fname = o1qsqw
01-01 00:00:06.817 W/SystemConfig( 1227): ro.product.name = a71nsxx
01-01 00:00:06.817 W/SystemConfig( 1227): fname = SC-51B
01-01 00:00:06.817 W/SystemConfig( 1227): ro.product.name = a71nsxx
01-01 00:00:06.817 W/SystemConfig( 1227): fname = SCG09_jp_kdi
01-01 00:00:06.817 W/SystemConfig( 1227): ro.product.name = a71nsxx
01-01 00:00:06.817 W/SystemConfig( 1227): fname = t2sksx
01-01 00:00:06.817 W/SystemConfig( 1227): ro.product.name = a71nsxx
01-01 00:00:06.817 W/SystemConfig( 1227): fname = t2sxxx
01-01 00:00:06.817 W/SystemConfig( 1227): ro.product.name = a71nsxx
01-01 00:00:06.817 W/SystemConfig( 1227): fname = t2sxser
01-01 00:00:06.817 W/SystemConfig( 1227): ro.product.name = a71nsxx
01-01 00:00:06.817 W/SystemConfig( 1227): fname = t2sxeea
01-01 00:00:06.817 W/SystemConfig( 1227): ro.product.name = a71nsxx
01-01 00:00:06.817 I/Binder ( 1227): Setting heavy hitter watcher config: false,
0, 0.0
01-01 00:00:06.817 W/SystemConfig( 1227): fname = t2sxtur
01-01 00:00:06.817 W/SystemConfig( 1227): ro.product.name = a71nsxx
01-01 00:00:06.817 W/SystemConfig( 1227): fname = t2qzhx
01-01 00:00:06.818 W/SystemConfig( 1227): ro.product.name = a71nsxx
01-01 00:00:06.818 W/SystemConfig( 1227): fname = t2qsqw
01-01 00:00:06.818 W/SystemConfig( 1227): ro.product.name = a71nsxx
01-01 00:00:06.818 W/SystemConfig( 1227): fname = t2qcsx
01-01 00:00:06.818 W/SystemConfig( 1227): ro.product.name = a71nsxx
01-01 00:00:06.818 W/SystemConfig( 1227): fname = t2quew
01-01 00:00:06.818 W/SystemConfig( 1227): ro.product.name = a71nsxx
01-01 00:00:06.818 W/SystemConfig( 1227): fname = SCG10_jp_kdi
01-01 00:00:06.818 W/SystemConfig( 1227): ro.product.name = a71nsxx
01-01 00:00:06.818 W/SystemConfig( 1227): fname = p3sksx
01-01 00:00:06.818 W/SystemConfig( 1227): ro.product.name = a71nsxx
01-01 00:00:06.818 W/SystemConfig( 1227): fname = p3sxeea
01-01 00:00:06.818 W/SystemConfig( 1227): ro.product.name = a71nsxx
01-01 00:00:06.818 W/SystemConfig( 1227): fname = p3sxtur
01-01 00:00:06.818 W/SystemConfig( 1227): ro.product.name = a71nsxx
01-01 00:00:06.818 W/SystemConfig( 1227): fname = p3sxser
01-01 00:00:06.818 W/SystemConfig( 1227): ro.product.name = a71nsxx
01-01 00:00:06.818 W/SystemConfig( 1227): fname = p3sxxx
01-01 00:00:06.818 W/SystemConfig( 1227): ro.product.name = a71nsxx
01-01 00:00:06.818 W/SystemConfig( 1227): fname = p3qcsx
01-01 00:00:06.818 W/SystemConfig( 1227): ro.product.name = a71nsxx
01-01 00:00:06.818 W/SystemConfig( 1227): fname = p3qsqw
01-01 00:00:06.818 W/SystemConfig( 1227): ro.product.name = a71nsxx
01-01 00:00:06.818 W/SystemConfig( 1227): fname = p3quew
01-01 00:00:06.818 W/SystemConfig( 1227): ro.product.name = a71nsxx
01-01 00:00:06.818 W/SystemConfig( 1227): fname = p3qzhx
01-01 00:00:06.818 W/SystemConfig( 1227): ro.product.name = a71nsxx
01-01 00:00:06.818 W/SystemConfig( 1227): fname = SC-52B
01-01 00:00:06.818 W/SystemConfig( 1227): ro.product.name = a71nsxx
01-01 00:00:06.818 W/SystemConfig( 1227): fname = q2qsqw
01-01 00:00:06.818 W/SystemConfig( 1227): ro.product.name = a71nsxx
01-01 00:00:06.818 W/SystemConfig( 1227): fname = q2qxxx
01-01 00:00:06.818 W/SystemConfig( 1227): ro.product.name = a71nsxx
01-01 00:00:06.818 W/SystemConfig( 1227): fname = q2qcsx
01-01 00:00:06.818 W/SystemConfig( 1227): ro.product.name = a71nsxx
01-01 00:00:06.818 W/SystemConfig( 1227): fname = q2qzhx
01-01 00:00:06.818 W/SystemConfig( 1227): ro.product.name = a71nsxx
01-01 00:00:06.818 W/SystemConfig( 1227): fname = q2qksx
01-01 00:00:06.818 W/SystemConfig( 1227): ro.product.name = a71nsxx
01-01 00:00:06.818 W/SystemConfig( 1227): fname = q2qxtur
01-01 00:00:06.818 W/SystemConfig( 1227): ro.product.name = a71nsxx
01-01 00:00:06.818 W/SystemConfig( 1227): fname = q2qxser
01-01 00:00:06.818 W/SystemConfig( 1227): ro.product.name = a71nsxx
01-01 00:00:06.818 W/SystemConfig( 1227): fname = q2qxeea
01-01 00:00:06.818 W/SystemConfig( 1227): ro.product.name = a71nsxx
01-01 00:00:06.818 W/SystemConfig( 1227): fname = q2quew
01-01 00:00:06.818 W/SystemConfig( 1227): ro.product.name = a71nsxx
01-01 00:00:06.818 W/SystemConfig( 1227): fname = SC-55B
01-01 00:00:06.818 W/SystemConfig( 1227): ro.product.name = a71nsxx
01-01 00:00:06.818 W/SystemConfig( 1227): fname = SCG11_jp_kdi
01-01 00:00:06.818 W/SystemConfig( 1227): ro.product.name = a71nsxx
01-01 00:00:06.818 W/SystemConfig( 1227): fname = b2quew
01-01 00:00:06.818 W/SystemConfig( 1227): ro.product.name = a71nsxx
01-01 00:00:06.818 W/SystemConfig( 1227): fname = b2qxxx
01-01 00:00:06.818 W/SystemConfig( 1227): ro.product.name = a71nsxx
01-01 00:00:06.818 W/SystemConfig( 1227): fname = b2qcsx
01-01 00:00:06.818 W/SystemConfig( 1227): ro.product.name = a71nsxx
01-01 00:00:06.818 W/SystemConfig( 1227): fname = b2qsqw
01-01 00:00:06.818 W/SystemConfig( 1227): ro.product.name = a71nsxx
01-01 00:00:06.818 W/SystemConfig( 1227): fname = b2qzhx
01-01 00:00:06.818 W/SystemConfig( 1227): ro.product.name = a71nsxx
01-01 00:00:06.818 W/SystemConfig( 1227): fname = b2qxser
01-01 00:00:06.818 W/SystemConfig( 1227): ro.product.name = a71nsxx
01-01 00:00:06.818 W/SystemConfig( 1227): fname = b2qxtur
01-01 00:00:06.818 W/SystemConfig( 1227): ro.product.name = a71nsxx
01-01 00:00:06.818 W/SystemConfig( 1227): fname = b2qxeea
01-01 00:00:06.818 W/SystemConfig( 1227): ro.product.name = a71nsxx
01-01 00:00:06.818 W/SystemConfig( 1227): fname = b2qksx
01-01 00:00:06.818 W/SystemConfig( 1227): ro.product.name = a71nsxx
01-01 00:00:06.818 W/SystemConfig( 1227): fname = SC-54B
01-01 00:00:06.818 W/SystemConfig( 1227): ro.product.name = a71nsxx
01-01 00:00:06.818 W/SystemConfig( 1227): fname = SCG12_jp_kdi
01-01 00:00:06.818 W/SystemConfig( 1227): ro.product.name = a71nsxx
01-01 00:00:06.818 W/SystemConfig( 1227): fname = a52qnstur
01-01 00:00:06.818 W/SystemConfig( 1227): ro.product.name = a71nsxx
01-01 00:00:06.818 W/SystemConfig( 1227): fname = a52qnseea
01-01 00:00:06.818 W/SystemConfig( 1227): ro.product.name = a71nsxx
01-01 00:00:06.818 W/SystemConfig( 1227): fname = a52qnsxx
01-01 00:00:06.818 W/SystemConfig( 1227): ro.product.name = a71nsxx
01-01 00:00:06.818 W/SystemConfig( 1227): fname = a52qnsser
01-01 00:00:06.818 W/SystemConfig( 1227): ro.product.name = a71nsxx
01-01 00:00:06.818 W/SystemConfig( 1227): fname = a52qub
01-01 00:00:06.818 W/SystemConfig( 1227): ro.product.name = a71nsxx
01-01 00:00:06.818 W/SystemConfig( 1227): fname = a52xque
01-01 00:00:06.818 W/SystemConfig( 1227): ro.product.name = a71nsxx
01-01 00:00:06.818 W/SystemConfig( 1227): fname = a52xqcs
01-01 00:00:06.818 W/SystemConfig( 1227): ro.product.name = a71nsxx
01-01 00:00:06.818 W/SystemConfig( 1227): fname = a52xqnaeea
01-01 00:00:06.818 W/SystemConfig( 1227): ro.product.name = a71nsxx
01-01 00:00:06.818 W/SystemConfig( 1227): fname = a52xqsq
01-01 00:00:06.818 W/SystemConfig( 1227): ro.product.name = a71nsxx
01-01 00:00:06.818 W/SystemConfig( 1227): fname = a52xqzh
01-01 00:00:06.818 W/SystemConfig( 1227): ro.product.name = a71nsxx
01-01 00:00:06.818 W/SystemConfig( 1227): fname = a52xqks
01-01 00:00:06.818 W/SystemConfig( 1227): ro.product.name = a71nsxx
01-01 00:00:06.818 W/SystemConfig( 1227): fname = a52xqnaxx
01-01 00:00:06.818 W/SystemConfig( 1227): ro.product.name = a71nsxx
01-01 00:00:06.818 W/SystemConfig( 1227): fname = SC-53B
01-01 00:00:06.818 W/SystemConfig( 1227): ro.product.name = a71nsxx
01-01 00:00:06.818 W/SystemConfig( 1227): fname = a52sxqeea
01-01 00:00:06.818 W/SystemConfig( 1227): ro.product.name = a71nsxx
01-01 00:00:06.818 W/SystemConfig( 1227): fname = a52sxqtur
01-01 00:00:06.818 W/SystemConfig( 1227): ro.product.name = a71nsxx
01-01 00:00:06.818 W/SystemConfig( 1227): fname = a52sxqser
01-01 00:00:06.818 W/SystemConfig( 1227): ro.product.name = a71nsxx
01-01 00:00:06.819 W/SystemConfig( 1227): fname = a52sxqzt
01-01 00:00:06.819 W/SystemConfig( 1227): ro.product.name = a71nsxx
01-01 00:00:06.819 W/SystemConfig( 1227): fname = a52sxqxx
01-01 00:00:06.819 W/SystemConfig( 1227): ro.product.name = a71nsxx
01-01 00:00:06.819 W/SystemConfig( 1227): fname = a52sxqks
01-01 00:00:06.819 W/SystemConfig( 1227): ro.product.name = a71nsxx
01-01 00:00:06.819 W/SystemConfig( 1227): fname = r9sxtur
01-01 00:00:06.819 W/SystemConfig( 1227): ro.product.name = a71nsxx
01-01 00:00:06.819 W/SystemConfig( 1227): fname = r9sxxx
01-01 00:00:06.819 W/SystemConfig( 1227): ro.product.name = a71nsxx
01-01 00:00:06.819 W/SystemConfig( 1227): fname = r9qksx
01-01 00:00:06.819 W/SystemConfig( 1227): ro.product.name = a71nsxx
01-01 00:00:06.819 W/SystemConfig( 1227): fname = r9qxeea
01-01 00:00:06.819 W/SystemConfig( 1227): ro.product.name = a71nsxx
01-01 00:00:06.819 W/SystemConfig( 1227): fname = r9qxtur
01-01 00:00:06.819 W/SystemConfig( 1227): ro.product.name = a71nsxx
01-01 00:00:06.819 W/SystemConfig( 1227): fname = r9qxser
01-01 00:00:06.819 W/SystemConfig( 1227): ro.product.name = a71nsxx
01-01 00:00:06.819 W/SystemConfig( 1227): fname = r9qzh
01-01 00:00:06.819 W/SystemConfig( 1227): ro.product.name = a71nsxx
01-01 00:00:06.819 W/SystemConfig( 1227): fname = r9quew
01-01 00:00:06.819 W/SystemConfig( 1227): ro.product.name = a71nsxx
01-01 00:00:06.819 W/SystemConfig( 1227): fname = r9qxxx
01-01 00:00:06.819 W/SystemConfig( 1227): ro.product.name = a71nsxx
01-01 00:00:06.819 W/SystemConfig( 1227): fname = r9qcsx
01-01 00:00:06.819 W/SystemConfig( 1227): ro.product.name = a71nsxx
01-01 00:00:06.819 W/SystemConfig( 1227): fname = r9qsqw
01-01 00:00:06.819 W/SystemConfig( 1227): ro.product.name = a71nsxx
01-01 00:00:06.819 W/SystemConfig( 1227): fname = a32ub
01-01 00:00:06.819 W/SystemConfig( 1227): ro.product.name = a71nsxx
01-01 00:00:06.819 W/SystemConfig( 1227): fname = a32ks
01-01 00:00:06.819 W/SystemConfig( 1227): ro.product.name = a71nsxx
01-01 00:00:06.819 W/SystemConfig( 1227): fname = a32eea
01-01 00:00:06.819 W/SystemConfig( 1227): ro.product.name = a71nsxx
01-01 00:00:06.819 W/SystemConfig( 1227): fname = a32tur
01-01 00:00:06.819 W/SystemConfig( 1227): ro.product.name = a71nsxx
01-01 00:00:06.819 W/SystemConfig( 1227): fname = a32ser
01-01 00:00:06.819 W/SystemConfig( 1227): ro.product.name = a71nsxx
01-01 00:00:06.819 W/SystemConfig( 1227): fname = a32xx
01-01 00:00:06.819 W/SystemConfig( 1227): ro.product.name = a71nsxx
01-01 00:00:06.819 W/SystemConfig( 1227): fname = a32xxx
01-01 00:00:06.819 W/SystemConfig( 1227): ro.product.name = a71nsxx
01-01 00:00:06.819 W/SystemConfig( 1227): fname = a32xcs
01-01 00:00:06.819 W/SystemConfig( 1227): ro.product.name = a71nsxx
01-01 00:00:06.819 W/SystemConfig( 1227): fname = a32xeea
01-01 00:00:06.819 W/SystemConfig( 1227): ro.product.name = a71nsxx
01-01 00:00:06.819 W/SystemConfig( 1227): fname = a32xue
01-01 00:00:06.819 W/SystemConfig( 1227): ro.product.name = a71nsxx
01-01 00:00:06.819 W/SystemConfig( 1227): fname = a32xtfn
01-01 00:00:06.819 W/SystemConfig( 1227): ro.product.name = a71nsxx
01-01 00:00:06.819 W/SystemConfig( 1227): fname = a32xzh
01-01 00:00:06.819 W/SystemConfig( 1227): ro.product.name = a71nsxx
01-01 00:00:06.819 W/SystemConfig( 1227): fname = a32xsq
01-01 00:00:06.819 W/SystemConfig( 1227): ro.product.name = a71nsxx
01-01 00:00:06.819 W/SystemConfig( 1227): fname = a32xktt
01-01 00:00:06.819 W/SystemConfig( 1227): ro.product.name = a71nsxx
01-01 00:00:06.819 W/SystemConfig( 1227): fname = SCG08_jp_kdi
01-01 00:00:06.819 W/SystemConfig( 1227): ro.product.name = a71nsxx
01-01 00:00:06.819 W/SystemConfig( 1227): fname = xcover5eea
01-01 00:00:06.819 W/SystemConfig( 1227): ro.product.name = a71nsxx
01-01 00:00:06.819 W/SystemConfig( 1227): fname = xcover5ser
01-01 00:00:06.819 W/SystemConfig( 1227): ro.product.name = a71nsxx
01-01 00:00:06.819 W/SystemConfig( 1227): fname = xcover5kx
01-01 00:00:06.819 W/SystemConfig( 1227): ro.product.name = a71nsxx
01-01 00:00:06.819 W/SystemConfig( 1227): fname = xcover5xx
01-01 00:00:06.819 W/SystemConfig( 1227): ro.product.name = a71nsxx
01-01 00:00:06.819 W/SystemConfig( 1227): fname = gts7fewifixx
01-01 00:00:06.819 W/SystemConfig( 1227): ro.product.name = a71nsxx
01-01 00:00:06.819 W/SystemConfig( 1227): fname = gts7fewifitur
01-01 00:00:06.819 W/SystemConfig( 1227): ro.product.name = a71nsxx
01-01 00:00:06.819 W/SystemConfig( 1227): fname = gts7fewifieea
01-01 00:00:06.819 W/SystemConfig( 1227): ro.product.name = a71nsxx
01-01 00:00:06.819 W/SystemConfig( 1227): fname = gts7fewifiser
01-01 00:00:06.819 W/SystemConfig( 1227): ro.product.name = a71nsxx
01-01 00:00:06.819 W/SystemConfig( 1227): fname = gts7xllitexx
01-01 00:00:06.819 W/SystemConfig( 1227): ro.product.name = a71nsxx
01-01 00:00:06.819 W/SystemConfig( 1227): fname = gts7xlliteser
01-01 00:00:06.819 W/SystemConfig( 1227): ro.product.name = a71nsxx
01-01 00:00:06.819 W/SystemConfig( 1227): fname = gts7xllitexeea
01-01 00:00:06.819 W/SystemConfig( 1227): ro.product.name = a71nsxx
01-01 00:00:06.819 W/SystemConfig( 1227): fname = gts7xllitekx
01-01 00:00:06.819 W/SystemConfig( 1227): ro.product.name = a71nsxx
01-01 00:00:06.819 W/SystemConfig( 1227): fname = gts7xllitetur
01-01 00:00:06.819 W/SystemConfig( 1227): ro.product.name = a71nsxx
01-01 00:00:06.819 W/SystemConfig( 1227): fname = gts7xllitekxx
01-01 00:00:06.819 W/SystemConfig( 1227): ro.product.name = a71nsxx
01-01 00:00:06.819 W/SystemConfig( 1227): fname = gts7xllitesqwnc
01-01 00:00:06.819 W/SystemConfig( 1227): ro.product.name = a71nsxx
01-01 00:00:06.819 W/SystemConfig( 1227): fname = gts7xllitexxx
01-01 00:00:06.819 W/SystemConfig( 1227): ro.product.name = a71nsxx
01-01 00:00:06.819 W/SystemConfig( 1227): fname = gts7xllitesqw
01-01 00:00:06.819 W/SystemConfig( 1227): ro.product.name = a71nsxx
01-01 00:00:06.819 W/SystemConfig( 1227): fname = gts7xllitewifieea
01-01 00:00:06.819 W/SystemConfig( 1227): ro.product.name = a71nsxx
01-01 00:00:06.819 W/SystemConfig( 1227): fname = gts7xllitewifixx
01-01 00:00:06.819 W/SystemConfig( 1227): ro.product.name = a71nsxx
01-01 00:00:06.819 W/SystemConfig( 1227): fname = gts7xllitewifitur
01-01 00:00:06.819 W/SystemConfig( 1227): ro.product.name = a71nsxx
01-01 00:00:06.819 W/SystemConfig( 1227): fname = gts7xllitewifiser
01-01 00:00:06.819 W/SystemConfig( 1227): ro.product.name = a71nsxx
01-01 00:00:06.819 W/SystemConfig( 1227): fname = b0sxser
01-01 00:00:06.819 W/SystemConfig( 1227): ro.product.name = a71nsxx
01-01 00:00:06.819 W/SystemConfig( 1227): fname = b0sxtur
01-01 00:00:06.819 W/SystemConfig( 1227): ro.product.name = a71nsxx
01-01 00:00:06.819 W/SystemConfig( 1227): fname = b0sxxx
01-01 00:00:06.819 W/SystemConfig( 1227): ro.product.name = a71nsxx
01-01 00:00:06.819 W/SystemConfig( 1227): fname = b0sxeea
01-01 00:00:06.819 W/SystemConfig( 1227): ro.product.name = a71nsxx
01-01 00:00:06.819 W/SystemConfig( 1227): fname = b0sksx
01-01 00:00:06.819 W/SystemConfig( 1227): ro.product.name = a71nsxx
01-01 00:00:06.819 W/SystemConfig( 1227): fname = b0qksx
01-01 00:00:06.819 W/SystemConfig( 1227): ro.product.name = a71nsxx
01-01 00:00:06.819 W/SystemConfig( 1227): fname = b0quew
01-01 00:00:06.819 W/SystemConfig( 1227): ro.product.name = a71nsxx
01-01 00:00:06.819 W/SystemConfig( 1227): fname = b0qcsx
01-01 00:00:06.820 W/SystemConfig( 1227): ro.product.name = a71nsxx
01-01 00:00:06.820 W/SystemConfig( 1227): fname = b0qxxx
01-01 00:00:06.820 W/SystemConfig( 1227): ro.product.name = a71nsxx
01-01 00:00:06.820 W/SystemConfig( 1227): fname = b0qsqw
01-01 00:00:06.820 W/SystemConfig( 1227): ro.product.name = a71nsxx
01-01 00:00:06.820 W/SystemConfig( 1227): fname = b0qzhx
01-01 00:00:06.820 W/SystemConfig( 1227): ro.product.name = a71nsxx
01-01 00:00:06.820 W/SystemConfig( 1227): fname = b0qxtur
01-01 00:00:06.820 W/SystemConfig( 1227): ro.product.name = a71nsxx
01-01 00:00:06.820 W/SystemConfig( 1227): fname = r0sxxx
01-01 00:00:06.820 W/SystemConfig( 1227): ro.product.name = a71nsxx
01-01 00:00:06.820 W/SystemConfig( 1227): fname = r0sxeea
01-01 00:00:06.820 W/SystemConfig( 1227): ro.product.name = a71nsxx
01-01 00:00:06.820 W/SystemConfig( 1227): fname = r0sxtur
01-01 00:00:06.820 W/SystemConfig( 1227): ro.product.name = a71nsxx
01-01 00:00:06.820 W/SystemConfig( 1227): fname = r0sxser
01-01 00:00:06.820 W/SystemConfig( 1227): ro.product.name = a71nsxx
01-01 00:00:06.820 W/SystemConfig( 1227): fname = r0sksx
01-01 00:00:06.820 W/SystemConfig( 1227): ro.product.name = a71nsxx
01-01 00:00:06.820 W/SystemConfig( 1227): fname = r0qksx
01-01 00:00:06.820 W/SystemConfig( 1227): ro.product.name = a71nsxx
01-01 00:00:06.820 W/SystemConfig( 1227): fname = r0qxtur
01-01 00:00:06.820 W/SystemConfig( 1227): ro.product.name = a71nsxx
01-01 00:00:06.820 W/SystemConfig( 1227): fname = r0qcsx
01-01 00:00:06.820 W/SystemConfig( 1227): ro.product.name = a71nsxx
01-01 00:00:06.820 W/SystemConfig( 1227): fname = r0qzhx
01-01 00:00:06.820 W/SystemConfig( 1227): ro.product.name = a71nsxx
01-01 00:00:06.820 W/SystemConfig( 1227): fname = r0quew
01-01 00:00:06.820 W/SystemConfig( 1227): ro.product.name = a71nsxx
01-01 00:00:06.820 W/SystemConfig( 1227): fname = r0qsqw
01-01 00:00:06.820 W/SystemConfig( 1227): ro.product.name = a71nsxx
01-01 00:00:06.820 W/SystemConfig( 1227): fname = r0qxxx
01-01 00:00:06.820 W/SystemConfig( 1227): ro.product.name = a71nsxx
01-01 00:00:06.820 W/SystemConfig( 1227): fname = g0sxxx
01-01 00:00:06.820 W/SystemConfig( 1227): ro.product.name = a71nsxx
01-01 00:00:06.820 W/SystemConfig( 1227): fname = g0sxtur
01-01 00:00:06.820 W/SystemConfig( 1227): ro.product.name = a71nsxx
01-01 00:00:06.820 W/SystemConfig( 1227): fname = g0sxeea
01-01 00:00:06.820 W/SystemConfig( 1227): ro.product.name = a71nsxx
01-01 00:00:06.820 W/SystemConfig( 1227): fname = g0sxser
01-01 00:00:06.820 W/SystemConfig( 1227): ro.product.name = a71nsxx
01-01 00:00:06.820 W/SystemConfig( 1227): fname = g0sksx
01-01 00:00:06.820 W/SystemConfig( 1227): ro.product.name = a71nsxx
01-01 00:00:06.820 W/SystemConfig( 1227): fname = g0qksx
01-01 00:00:06.820 W/SystemConfig( 1227): ro.product.name = a71nsxx
01-01 00:00:06.820 W/SystemConfig( 1227): fname = g0quew
01-01 00:00:06.820 W/SystemConfig( 1227): ro.product.name = a71nsxx
01-01 00:00:06.820 W/SystemConfig( 1227): fname = g0qxtur
01-01 00:00:06.820 W/SystemConfig( 1227): ro.product.name = a71nsxx
01-01 00:00:06.820 W/SystemConfig( 1227): fname = g0qcsx
01-01 00:00:06.820 W/SystemConfig( 1227): ro.product.name = a71nsxx
01-01 00:00:06.820 W/SystemConfig( 1227): fname = g0qxxx
01-01 00:00:06.820 W/SystemConfig( 1227): ro.product.name = a71nsxx
01-01 00:00:06.820 W/SystemConfig( 1227): fname = g0qsqw
01-01 00:00:06.820 W/SystemConfig( 1227): ro.product.name = a71nsxx
01-01 00:00:06.820 W/SystemConfig( 1227): fname = g0qzhx
01-01 00:00:06.820 W/SystemConfig( 1227): ro.product.name = a71nsxx
01-01 00:00:06.820 W/SystemConfig( 1227): fname = gts8kxx
01-01 00:00:06.820 W/SystemConfig( 1227): ro.product.name = a71nsxx
01-01 00:00:06.820 W/SystemConfig( 1227): fname = gts8keea
01-01 00:00:06.820 W/SystemConfig( 1227): ro.product.name = a71nsxx
01-01 00:00:06.820 W/SystemConfig( 1227): fname = gts8xser
01-01 00:00:06.820 W/SystemConfig( 1227): ro.product.name = a71nsxx
01-01 00:00:06.820 W/SystemConfig( 1227): fname = gts8xeea
01-01 00:00:06.820 W/SystemConfig( 1227): ro.product.name = a71nsxx
01-01 00:00:06.820 W/SystemConfig( 1227): fname = gts8xxx
01-01 00:00:06.820 W/SystemConfig( 1227): ro.product.name = a71nsxx
01-01 00:00:06.820 W/SystemConfig( 1227): fname = gts8sq
01-01 00:00:06.820 W/SystemConfig( 1227): ro.product.name = a71nsxx
01-01 00:00:06.820 W/SystemConfig( 1227): fname = gts8wifiser
01-01 00:00:06.820 W/SystemConfig( 1227): ro.product.name = a71nsxx
01-01 00:00:06.820 W/SystemConfig( 1227): fname = gts8wifitur
01-01 00:00:06.820 W/SystemConfig( 1227): ro.product.name = a71nsxx
01-01 00:00:06.820 W/SystemConfig( 1227): fname = gts8wifixx
01-01 00:00:06.820 W/SystemConfig( 1227): ro.product.name = a71nsxx
01-01 00:00:06.820 W/SystemConfig( 1227): fname = gts8wifieea
01-01 00:00:06.820 W/SystemConfig( 1227): ro.product.name = a71nsxx
01-01 00:00:06.820 W/SystemConfig( 1227): fname = gts8pkxx
01-01 00:00:06.820 W/SystemConfig( 1227): ro.product.name = a71nsxx
01-01 00:00:06.820 W/SystemConfig( 1227): fname = gts8psqw
01-01 00:00:06.820 W/SystemConfig( 1227): ro.product.name = a71nsxx
01-01 00:00:06.820 W/SystemConfig( 1227): fname = gts8pxser
01-01 00:00:06.820 W/SystemConfig( 1227): ro.product.name = a71nsxx
01-01 00:00:06.820 W/SystemConfig( 1227): fname = gts8pxeea
01-01 00:00:06.820 W/SystemConfig( 1227): ro.product.name = a71nsxx
01-01 00:00:06.820 W/SystemConfig( 1227): fname = gts8pxxx
01-01 00:00:06.820 W/SystemConfig( 1227): ro.product.name = a71nsxx
01-01 00:00:06.820 W/SystemConfig( 1227): fname = gts8psqwnc
01-01 00:00:06.820 W/SystemConfig( 1227): ro.product.name = a71nsxx
01-01 00:00:06.820 W/SystemConfig( 1227): fname = gts8pwifitur
01-01 00:00:06.820 W/SystemConfig( 1227): ro.product.name = a71nsxx
01-01 00:00:06.820 W/SystemConfig( 1227): fname = gts8pwifiser
01-01 00:00:06.820 W/SystemConfig( 1227): ro.product.name = a71nsxx
01-01 00:00:06.820 W/SystemConfig( 1227): fname = gts8pwifixx
01-01 00:00:06.820 W/SystemConfig( 1227): ro.product.name = a71nsxx
01-01 00:00:06.820 W/SystemConfig( 1227): fname = gts8pwifieea
01-01 00:00:06.820 W/SystemConfig( 1227): ro.product.name = a71nsxx
01-01 00:00:06.820 W/SystemConfig( 1227): fname = gts8ukxx
01-01 00:00:06.820 W/SystemConfig( 1227): ro.product.name = a71nsxx
01-01 00:00:06.820 W/SystemConfig( 1227): fname = gts8uxser
01-01 00:00:06.820 W/SystemConfig( 1227): ro.product.name = a71nsxx
01-01 00:00:06.820 W/SystemConfig( 1227): fname = gts8uxeea
01-01 00:00:06.821 W/SystemConfig( 1227): ro.product.name = a71nsxx
01-01 00:00:06.821 W/SystemConfig( 1227): fname = gts8uxxx
01-01 00:00:06.821 W/SystemConfig( 1227): ro.product.name = a71nsxx
01-01 00:00:06.821 W/SystemConfig( 1227): fname = gts8uwifiser
01-01 00:00:06.821 W/SystemConfig( 1227): ro.product.name = a71nsxx
01-01 00:00:06.821 W/SystemConfig( 1227): fname = gts8uwifitur
01-01 00:00:06.821 W/SystemConfig( 1227): ro.product.name = a71nsxx
01-01 00:00:06.821 W/SystemConfig( 1227): fname = gts8uwifieea
01-01 00:00:06.821 W/SystemConfig( 1227): ro.product.name = a71nsxx
01-01 00:00:06.821 W/SystemConfig( 1227): fname = gts8uwifixx
01-01 00:00:06.821 W/SystemConfig( 1227): ro.product.name = a71nsxx
01-01 00:00:06.821 W/SystemConfig( 1227): fname = a13nntur
01-01 00:00:06.821 W/SystemConfig( 1227): ro.product.name = a71nsxx
01-01 00:00:06.821 W/SystemConfig( 1227): fname = a13nnxx
01-01 00:00:06.821 W/SystemConfig( 1227): ro.product.name = a71nsxx
01-01 00:00:06.821 W/SystemConfig( 1227): fname = a13ub
01-01 00:00:06.821 W/SystemConfig( 1227): ro.product.name = a71nsxx
01-01 00:00:06.821 W/SystemConfig( 1227): fname = a13nseea
01-01 00:00:06.821 W/SystemConfig( 1227): ro.product.name = a71nsxx
01-01 00:00:06.821 W/SystemConfig( 1227): fname = a13nsxx
01-01 00:00:06.821 W/SystemConfig( 1227): ro.product.name = a71nsxx
01-01 00:00:06.821 W/SystemConfig( 1227): fname = a13nsser
01-01 00:00:06.821 W/SystemConfig( 1227): ro.product.name = a71nsxx
01-01 00:00:06.821 W/SystemConfig( 1227): fname = a13sq
01-01 00:00:06.821 W/SystemConfig( 1227): ro.product.name = a71nsxx
01-01 00:00:06.821 W/SystemConfig( 1227): fname = a13ser
01-01 00:00:06.821 W/SystemConfig( 1227): ro.product.name = a71nsxx
01-01 00:00:06.821 W/SystemConfig( 1227): fname = a13xue
01-01 00:00:06.821 W/SystemConfig( 1227): ro.product.name = a71nsxx
01-01 00:00:06.821 W/SystemConfig( 1227): fname = a13xsq
01-01 00:00:06.821 W/SystemConfig( 1227): ro.product.name = a71nsxx
01-01 00:00:06.821 W/SystemConfig( 1227): fname = a13xtfn
01-01 00:00:06.821 W/SystemConfig( 1227): ro.product.name = a71nsxx
01-01 00:00:06.821 W/SystemConfig( 1227): fname = a13xcs
01-01 00:00:06.821 W/SystemConfig( 1227): ro.product.name = a71nsxx
01-01 00:00:06.821 W/SystemConfig( 1227): fname = a33xnndxx
01-01 00:00:06.821 W/SystemConfig( 1227): ro.product.name = a71nsxx
01-01 00:00:06.821 W/SystemConfig( 1227): fname = a33xnsdtur
01-01 00:00:06.821 W/SystemConfig( 1227): ro.product.name = a71nsxx
01-01 00:00:06.821 W/SystemConfig( 1227): fname = a33xnsdxx
01-01 00:00:06.821 W/SystemConfig( 1227): ro.product.name = a71nsxx
01-01 00:00:06.821 W/SystemConfig( 1227): fname = a33xnndx
01-01 00:00:06.821 W/SystemConfig( 1227): ro.product.name = a71nsxx
01-01 00:00:06.821 W/SystemConfig( 1227): fname = a33xnsdx
01-01 00:00:06.821 W/SystemConfig( 1227): ro.product.name = a71nsxx
