You are on page 1of 3

argv = ['libubt'; '--vfs-kind'; 'guest-first'; '--path-prefix';

'/data/user/0/com.eltechs.ed/files/image'; '--vpaths-list';
'/data/user/0/com.eltechs.ed/files/image/.exagear/vpaths-list'; '-f';
'/opt/recipe/run/simple.sh'; '--fork-controller'; 'ua:.exagear-tracker-app12'; '--
ipc-emul-server'; 'ua:com.eltechs.ed'; '--tmp-dir';
'/data/user/0/com.eltechs.ed/files/image/.exagear/tmp'; '--vfs-
hacks=tlsasws,tsi,spd,'; '--socket-path-suffix'; 'ed'; '--ubt-executable';
'/data/app/~~5YUZfgdZazGPORlE0LMr1A==/com.eltechs.ed-8y5nu3GP0YToT4SVN7guyA==/lib/
arm/libubt.so'; '--ubt-loader';
'/data/app/~~5YUZfgdZazGPORlE0LMr1A==/com.eltechs.ed-8y5nu3GP0YToT4SVN7guyA==/lib/
arm/libelfloader.so'; '--'; '/opt/recipe/run/simple.sh'; 'eval "wine explorer
/desktop=shell,800x600 /opt/exec_wrapper.exe /opt/TFM.exe D:/"'; ]
envp = ['HOME=/home/xdroid/'; 'WINEPREFIX=/home/xdroid/.wine'; 'LC_ALL=en_US.utf8';
'DISPLAY=:12'; 'AXS_SOUND_SERVER_PORT=/tmp/.sound/AS12';
'AXS_DSOUND_SERVER_PORT=/tmp/.sound/DS12'; ]
cwd = '/storage/emulated/0/Download'
Xlib: extension "SHAPE" missing on display ":12".
Xlib: extension "SHAPE" missing on display ":12".
Xlib: extension "SHAPE" missing on display ":12".
Xlib: extension "SHAPE" missing on display ":12".
Xlib: extension "SHAPE" missing on display ":12".
Xlib: extension "SHAPE" missing on display ":12".
Xlib: extension "SHAPE" missing on display ":12".
Xlib: extension "SHAPE" missing on display ":12".
Xlib: extension "SHAPE" missing on display ":12".
Xlib: extension "SHAPE" missing on display ":12".
Xlib: extension "SHAPE" missing on display ":12".
Xlib: extension "SHAPE" missing on display ":12".
Xlib: extension "SHAPE" missing on display ":12".
002b:fixme:msvcrt:_configure_wide_argv (1) stub
002b:fixme:msvcrt:_initialize_wide_environment stub
002b:fixme:msvcp:_Mtx_init_in_situ unknown flags ignored: 2
002b:fixme:msvcp:_Mtx_init_in_situ unknown flags ignored: 1
Xlib: extension "SHAPE" missing on display ":12".
Xlib: extension "SHAPE" missing on display ":12".
Xlib: extension "SHAPE" missing on display ":12".
002e:fixme:ntdll:NtLockFile I/O completion on lock not implemented yet
002e:err:mscoree:LoadLibraryShim error reading registry key for installroot
002e:err:mscoree:LoadLibraryShim error reading registry key for installroot
002e:err:mscoree:LoadLibraryShim error reading registry key for installroot
002e:err:mscoree:LoadLibraryShim error reading registry key for installroot
002e:fixme:msi:event_spawn_wait_dialog doing nothing
Xlib: extension "SHAPE" missing on display ":12".
002e:fixme:msi:internal_ui_handler internal UI not implemented for message
0x0b000000 (UI level = 5)
002e:fixme:msi:internal_ui_handler internal UI not implemented for message
0x0b000000 (UI level = 5)
0009:fixme:exec:SHELL_execute flags ignored: 0x00004000
003e:fixme:ver:GetCurrentPackageId (0x3a0fe9c (nil)): stub
0009:fixme:exec:SHELL_execute flags ignored: 0x00004000
0009:fixme:exec:SHELL_execute flags ignored: 0x00004000
0050:fixme:explorerframe:taskbar_list_SetProgressState iface 0x37feb90, hwnd
0x500d6, flags 2 stub!
0050:fixme:explorerframe:taskbar_list_SetProgressValue iface 0x37feb90, hwnd
0x500d6, ullCompleted 80, ullTotal 100 stub!
003c:fixme:d3d:wined3d_guess_card No card selector available for card vendor 0000
(using GL_RENDERER "llvmpipe (LLVM 3.4, 128 bits)").
0009:fixme:exec:SHELL_execute flags ignored: 0x00004000
0009:fixme:exec:SHELL_execute flags ignored: 0x00004000
003c:err:d3d:wined3d_adapter_find_polyoffset_scale PolygonOffset scale factor
detection failed, using fallback value 2^23.
003c:fixme:win:EnumDisplayDevicesW ((null),0,0x33f7c8,0x00000000), stub!
shm_open() failed: Function not implemented
003c:fixme:alsa:AudioSessionControl_SetDisplayName (0x4c4a860)->(0x37be3f0, (null))
stub
0059:fixme:avrt:AvSetMmThreadCharacteristicsW (L"Pro Audio",0x422fea8): stub
004f:fixme:ver:GetCurrentPackageId (0x33fe34 (nil)): stub
0056:fixme:ver:GetCurrentPackageId (0x33fe34 (nil)): stub
004d:fixme:ver:GetCurrentPackageId (0x33fe34 (nil)): stub
0053:fixme:ver:GetCurrentPackageId (0x33fe34 (nil)): stub
ALSA lib seq.c:935:(snd_seq_open_noupdate) Unknown SEQ default
003c:err:winediag:MIDIMAP_drvOpen No software synthesizer midi port found, Midi
sound output probably won't work.
003c:fixme:alsa:AudioSessionControl_SetDisplayName (0x602bab0)->(0x37da0d8, (null))
stub
005c:fixme:avrt:AvSetMmThreadCharacteristicsW (L"Pro Audio",0x3d3fea8): stub
003c:fixme:alsa:AudioSessionControl_SetDisplayName (0x4c26ac0)->(0x4bb4b48, (null))
stub
005d:fixme:avrt:AvSetMmThreadCharacteristicsW (L"Pro Audio",0x422fea8): stub
003c:fixme:alsa:AudioSessionControl_SetDisplayName (0x5daae38)->(0x4ce4818, (null))
stub
005e:fixme:avrt:AvSetMmThreadCharacteristicsW (L"Pro Audio",0x3d3fea8): stub
003c:fixme:alsa:AudioSessionControl_SetDisplayName (0x56ba360)->(0x5d6a440, (null))
stub
005f:fixme:avrt:AvSetMmThreadCharacteristicsW (L"Pro Audio",0x422fea8): stub
003c:fixme:alsa:AudioSessionControl_SetDisplayName (0x602b930)->(0x602b758, (null))
stub
0060:fixme:avrt:AvSetMmThreadCharacteristicsW (L"Pro Audio",0x3d3fea8): stub
003c:fixme:alsa:AudioSessionControl_SetDisplayName (0x37356a0)->(0x602ac18, (null))
stub
0061:fixme:avrt:AvSetMmThreadCharacteristicsW (L"Pro Audio",0x422fea8): stub
003c:fixme:alsa:AudioSessionControl_SetDisplayName (0x37ee428)->(0x5da5a28, (null))
stub
0062:fixme:avrt:AvSetMmThreadCharacteristicsW (L"Pro Audio",0x3d3fea8): stub
003c:fixme:alsa:AudioSessionControl_SetDisplayName (0x5da5a48)->(0x56b5c08, (null))
stub
0063:fixme:avrt:AvSetMmThreadCharacteristicsW (L"Pro Audio",0x422fea8): stub
003c:fixme:alsa:AudioSessionControl_SetDisplayName (0x5da5950)->(0x5777068, (null))
stub
0065:fixme:avrt:AvSetMmThreadCharacteristicsW (L"Pro Audio",0x3d3fea8): stub
003c:fixme:alsa:AudioSessionControl_SetDisplayName (0x577aed0)->(0x57830e8, (null))
stub
0066:fixme:avrt:AvSetMmThreadCharacteristicsW (L"Pro Audio",0x422fea8): stub
003c:fixme:alsa:AudioSessionControl_SetDisplayName (0x378bdd0)->(0x61c3470, (null))
stub
0069:fixme:avrt:AvSetMmThreadCharacteristicsW (L"Pro Audio",0x3d3fea8): stub
003c:fixme:alsa:AudioSessionControl_SetDisplayName (0x378bdd0)->(0x4ca0800, (null))
stub
006b:fixme:avrt:AvSetMmThreadCharacteristicsW (L"Pro Audio",0x422fea8): stub
003c:fixme:alsa:AudioSessionControl_SetDisplayName (0x644dbf0)->(0x61c3470, (null))
stub
006c:fixme:avrt:AvSetMmThreadCharacteristicsW (L"Pro Audio",0x3d3fea8): stub
003c:fixme:alsa:AudioSessionControl_SetDisplayName (0x5db0c90)->(0x63a0460, (null))
stub
006d:fixme:avrt:AvSetMmThreadCharacteristicsW (L"Pro Audio",0x422fea8): stub
003c:fixme:alsa:AudioSessionControl_SetDisplayName (0x378bdd0)->(0x5c9fdb8, (null))
stub
006e:fixme:avrt:AvSetMmThreadCharacteristicsW (L"Pro Audio",0x3d3fea8): stub
003c:fixme:alsa:AudioSessionControl_SetDisplayName (0x378bdd0)->(0x56ecaf0, (null))
stub
006f:fixme:avrt:AvSetMmThreadCharacteristicsW (L"Pro Audio",0x422fea8): stub
003c:fixme:alsa:AudioSessionControl_SetDisplayName (0x5c57bb8)->(0x56ecaf0, (null))
stub
0070:fixme:avrt:AvSetMmThreadCharacteristicsW (L"Pro Audio",0x3d3fea8): stub
003c:fixme:alsa:AudioSessionControl_SetDisplayName (0x5c57bb8)->(0x5c9f030, (null))
stub
0071:fixme:avrt:AvSetMmThreadCharacteristicsW (L"Pro Audio",0x422fea8): stub
003c:fixme:alsa:AudioSessionControl_SetDisplayName (0x5c57bb8)->(0x5c9f030, (null))
stub
0072:fixme:avrt:AvSetMmThreadCharacteristicsW (L"Pro Audio",0x3d3fea8): stub
003c:fixme:alsa:AudioSessionControl_SetDisplayName (0x5c57bb8)->(0x5c9f030, (null))
stub
0073:fixme:avrt:AvSetMmThreadCharacteristicsW (L"Pro Audio",0x422fea8): stub
003c:fixme:alsa:AudioSessionControl_SetDisplayName (0x639ed68)->(0x5c9f6f8, (null))
stub
0074:fixme:avrt:AvSetMmThreadCharacteristicsW (L"Pro Audio",0x3d3fea8): stub
003c:fixme:alsa:AudioSessionControl_SetDisplayName (0x5c57bb8)->(0x5c9f6f8, (null))
stub
0075:fixme:avrt:AvSetMmThreadCharacteristicsW (L"Pro Audio",0x422fea8): stub
003c:fixme:alsa:AudioSessionControl_SetDisplayName (0x5513ac0)->(0x5dd3688, (null))
stub
0076:fixme:avrt:AvSetMmThreadCharacteristicsW (L"Pro Audio",0x3d3fea8): stub
003c:fixme:alsa:AudioSessionControl_SetDisplayName (0x11a510)->(0x11a470, (null)) -
stub
0077:fixme:avrt:AvSetMmThreadCharacteristicsW (L"Pro Audio",0x422fea8): stub

You might also like