01-01 07:00:01.711 I/heimdall( 1232): update_proc_tgid:436, put (130) in root memcg
01-01 07:00:01.711 I/AdrenoGLES-0( 1243): QUALCOMM build :
b25f720, I2fb6e682e6
01-01 07:00:01.711 I/AdrenoGLES-0( 1243): Build Date :
09/14/21
01-01 07:00:01.711 I/AdrenoGLES-0( 1243): OpenGL ES Shader Compiler Version:
EV031.35.01.09
01-01 07:00:01.711 I/AdrenoGLES-0( 1243): Local Branch :
CLDebug0914
01-01 07:00:01.711 I/AdrenoGLES-0( 1243): Remote Branch :
01-01 07:00:01.711 I/AdrenoGLES-0( 1243): Remote Branch :
01-01 07:00:01.711 I/AdrenoGLES-0( 1243): Reconstruct Branch :
01-01 07:00:01.711 I/heimdall( 1232): update_proc_tgid:436, put (131) in root memcg
01-01 07:00:01.711 I/AdrenoGLES-0( 1243): Build Config : S P
10.0.7 AArch64
01-01 07:00:01.711 I/AdrenoGLES-0( 1243): Driver Path :
/vendor/lib64/egl/libGLESv2_adreno.so
01-01 07:00:01.711 I/heimdall( 1232): update_proc_tgid:436, put (132) in root memcg
01-01 07:00:01.711 I/heimdall( 1232): update_proc_tgid:436, put (133) in root memcg
01-01 07:00:01.711 I/StandardCaps( 1121): PixelFormatOutputHelper:
01-01 07:00:01.711 I/StandardCaps( 1121): VENUS_NV12
01-01 07:00:01.711 I/StandardCaps( 1121): VENUS_NV12_UBWC
01-01 07:00:01.711 I/StandardCaps( 1121): VENUS_TP10
01-01 07:00:01.711 I/StandardCaps( 1121): VENUS_P010
01-01 07:00:01.711 I/heimdall( 1232): update_proc_tgid:436, put (134) in root memcg
01-01 07:00:01.712 I/StandardCaps( 1121): PictureSizeOutputHelper: min [96 96] max
[8192 8192] default [96 96]
01-01 07:00:01.712 I/StandardCaps( 1121): PictureSizeInputHelper: min [96 96] max
[8192 8192] default [96 96]
01-01 07:00:01.712 I/StandardCaps( 1121): MaxPictureSizeOutputHelper: min [96 96]
max [8192 8192] default [96 96]
01-01 07:00:01.712 I/StandardCaps( 1121): FrameRateInputHelper: min 1 max 960 step
0 default 30
01-01 07:00:01.712 I/StandardCaps( 1121): OperatingRateHelper: min 30, max 32767,
step 0, default 30
01-01 07:00:01.712 I/heimdall( 1232): update_proc_tgid:436, put (135) in root memcg
01-01 07:00:01.712 E/QC2V4l2Caps( 1121): Failed to read platform HDR value
01-01 07:00:01.712 I/StandardCaps( 1121): ProfileLevelInputHelper: Profiles
01-01 07:00:01.712 I/StandardCaps( 1121): HEVC_MAIN
01-01 07:00:01.712 I/StandardCaps( 1121): HEVC_MAIN_STLL
01-01 07:00:01.712 I/StandardCaps( 1121): HEVC_MAIN10
01-01 07:00:01.712 I/StandardCaps( 1121): ProfileLevelInputHelper: Levels
01-01 07:00:01.712 I/heimdall( 1232): update_proc_tgid:436, put (136) in root memcg
01-01 07:00:01.712 I/StandardCaps( 1121): Main 1.0
01-01 07:00:01.712 I/StandardCaps( 1121): Main 2.0
01-01 07:00:01.712 I/StandardCaps( 1121): Main 2.1
01-01 07:00:01.712 I/StandardCaps( 1121): Main 3.0
01-01 07:00:01.712 I/StandardCaps( 1121): Main 3.1
01-01 07:00:01.712 I/StandardCaps( 1121): Main 4.0
01-01 07:00:01.712 I/StandardCaps( 1121): Main 4.1
01-01 07:00:01.712 I/StandardCaps( 1121): Main 5.0
01-01 07:00:01.712 I/StandardCaps( 1121): Main 5.1
01-01 07:00:01.712 I/StandardCaps( 1121): Main 5.2
01-01 07:00:01.712 I/StandardCaps( 1121): Main 6.0
01-01 07:00:01.712 I/StandardCaps( 1121): Main 6.1
01-01 07:00:01.712 I/StandardCaps( 1121): High 1.0
01-01 07:00:01.712 I/StandardCaps( 1121): High 2.0
01-01 07:00:01.712 I/StandardCaps( 1121): High 2.1
01-01 07:00:01.712 I/StandardCaps( 1121): High 3.0
01-01 07:00:01.712 I/StandardCaps( 1121): High 3.1
01-01 07:00:01.712 I/StandardCaps( 1121): High 4.0
01-01 07:00:01.712 I/StandardCaps( 1121): High 4.1
01-01 07:00:01.712 I/StandardCaps( 1121): High 5.0
01-01 07:00:01.712 I/StandardCaps( 1121): High 5.1
01-01 07:00:01.712 I/StandardCaps( 1121): High 5.2
01-01 07:00:01.712 I/StandardCaps( 1121): High 6.0
01-01 07:00:01.712 I/StandardCaps( 1121): High 6.1
01-01 07:00:01.712 I/heimdall( 1232): update_proc_tgid:436, put (137) in root memcg
01-01 07:00:01.712 I/heimdall( 1232): update_proc_tgid:436, put (138) in root memcg
01-01 07:00:01.712 I/VendorCaps( 1121): RenderFrameRateOutputHelper: min 0 max 120
step 30 default 0
01-01 07:00:01.712 I/VendorCaps( 1121): VideoRefreshRateOutputHelper: min 0 max 120
step 1 default 60
01-01 07:00:01.712 I/heimdall( 1232): update_proc_tgid:436, put (164) in root memcg
01-01 07:00:01.712 I/heimdall( 1232): update_proc_tgid:436, put (165) in root memcg
01-01 07:00:01.713 I/heimdall( 1232): update_proc_tgid:436, put (166) in root memcg
01-01 07:00:01.713 I/heimdall( 1232): update_proc_tgid:436, put (167) in root memcg
01-01 07:00:01.713 I/heimdall( 1232): update_proc_tgid:436, put (168) in root memcg
01-01 07:00:01.713 I/heimdall( 1232): update_proc_tgid:436, put (170) in root memcg
01-01 07:00:01.713 I/QC2V4l2Driver( 1121): [hevcDSec_0] Closed device driver with
fd: 7
01-01 07:00:01.713 E/QC2V4l2Driver( 1121): Invalid device driver fd:-1
01-01 07:00:01.713 I/QC2V4l2Driver( 1121): [hevcDSec_0] Closed device driver with
fd: -1
01-01 07:00:01.713 I/QC2Comp ( 1121): codec capability queried!
01-01 07:00:01.713 I/QC2CompStore( 1121): Added capabilities for
c2.qti.hevc.decoder.secure
01-01 07:00:01.713 I/heimdall( 1232): update_proc_tgid:436, put (171) in root memcg
01-01 07:00:01.714 I/sscrpcd ( 752):
vendor/qcom/proprietary/adsprpc/src/apps_std_imp.c:851: Successfully opened file
/mnt/vendor/persist/sensors/registry/registry/../temp.json
01-01 07:00:01.714 I/heimdall( 1232): update_proc_tgid:436, put (172) in root memcg
01-01 07:00:01.714 I/heimdall( 1232): update_proc_tgid:436, put (173) in root memcg
01-01 07:00:01.714 I/heimdall( 1232): update_proc_tgid:436, put (175) in root memcg
01-01 07:00:01.714 I/QC2Registry( 1121): Getting stages for pipelined codec
01-01 07:00:01.714 I/QC2V4l2Codec( 1121): [vp9D_0] output buffer allocation timeout
threshold set to 1000ms
01-01 07:00:01.714 I/QC2Registry( 1121): Pipelining enabled
01-01 07:00:01.714 I/QC2Registry( 1121): Requested codec is pipelined. Create codec
list
01-01 07:00:01.714 I/QC2Registry( 1121): Interface not provided. Enable by deafault
01-01 07:00:01.714 I/QC2Filter( 1121): FUNCTION_BEGIN:QC2Filter
01-01 07:00:01.714 I/heimdall( 1232): update_proc_tgid:436, put (176) in root memcg
01-01 07:00:01.714 I/QC2Filter( 1121): FUNCTION_END:QC2Filter TIME=0 ms
01-01 07:00:01.714 I/QC2ImageFormatFilter( 1121):
FUNCTION_BEGIN:QC2ImageFormatFilter
01-01 07:00:01.714 I/QC2ImageFormatFilter( 1121): FUNCTION_END:QC2ImageFormatFilter
TIME=0 ms
01-01 07:00:01.714 I/QC2Registry( 1121): Created 1 codecs for pipelined codec
c2.qti.vp9.decoder
01-01 07:00:01.714 I/QC2PipelineCodec( 1121): ctor: logmask=0x0 pvtlogmask=0x0
01-01 07:00:01.714 I/QC2PipelineCodec( 1121): QC2PipelinedDecoder ctor
01-01 07:00:01.714 I/QC2PipelineCodec( 1121): Created pipelined codec
01-01 07:00:01.714 I/QC2Registry( 1121): Created pipelined Codec for
c2.qti.vp9.decoder
01-01 07:00:01.714 I/QC2PipelineCodec( 1121): init: begin
01-01 07:00:01.714 I/heimdall( 1232): update_proc_tgid:436, put (177) in root memcg
01-01 07:00:01.714 I/QC2PipelineCodec( 1121): initializeConfiguration for decoder
01-01 07:00:01.714 I/QC2PipelinedEntity( 1121): pipelineid=100 QC2PipelinedEntity
01-01 07:00:01.714 I/QC2PipelinedEntity( 1121): pipelineid=101 QC2PipelinedEntity
01-01 07:00:01.714 I/QC2PipelineCodec( 1121): Init pipelineid=0
01-01 07:00:01.714 I/heimdall( 1232): update_proc_tgid:436, put (178) in root memcg
01-01 07:00:01.714 I/QC2PipelinedEntity( 1121): pipelineid=100 instantiation
succeeded
01-01 07:00:01.714 I/QC2V4l2Driver( 1121): [vp9D_0] Device /dev/video32 opened with
fd: 7
01-01 07:00:01.715 I/heimdall( 1232): update_proc_tgid:436, put (180) in root memcg
01-01 07:00:01.715 I/heimdall( 1232): update_proc_tgid:436, put (181) in root memcg
01-01 07:00:01.715 I/heimdall( 1232): update_proc_tgid:436, put (182) in root memcg
01-01 07:00:01.715 I/heimdall( 1232): update_proc_tgid:436, put (183) in root memcg
01-01 07:00:01.715 I/QC2PipelineCodec( 1121): Init pipelineid=0 status=0
01-01 07:00:01.715 I/QC2PipelineCodec( 1121): Init pipelineid=1
01-01 07:00:01.715 I/heimdall( 1232): update_proc_tgid:436, put (184) in root memcg
01-01 07:00:01.715 I/QC2PipelinedEntity( 1121): pipelineid=101 instantiation
succeeded
01-01 07:00:01.715 I/QC2Filter( 1121): FUNCTION_BEGIN:init
01-01 07:00:01.715 I/QC2Filter( 1121): FUNCTION_BEGIN:handleInit
01-01 07:00:01.715 I/QC2ImageFormatFilter( 1121):
FUNCTION_BEGIN:setFilterOperatingMode
01-01 07:00:01.715 I/QC2ImageFormatFilter( 1121):
FUNCTION_END:setFilterOperatingMode TIME=0 ms
01-01 07:00:01.715 I/QC2ImageFormatFilter( 1121): FUNCTION_BEGIN:onInit
01-01 07:00:01.715 I/QC2ImageFormatFilter( 1121): mCodecName is
c2.qti.ImageFormat.filter session id is 0
01-01 07:00:01.715 I/QC2ImageFormatFilter( 1121): mInputMime is c2.qti.vp9.decoder,
mOutputMime is
01-01 07:00:01.715 I/QC2ImageFormatFilter( 1121): FUNCTION_END:onInit TIME=0 ms
01-01 07:00:01.715 I/QC2Filter( 1121): FUNCTION_END:handleInit TIME=0 ms
01-01 07:00:01.715 I/QC2Filter( 1121): FUNCTION_END:init TIME=0 ms
01-01 07:00:01.715 I/QC2PipelineCodec( 1121): Init pipelineid=1 status=0
01-01 07:00:01.715 I/QC2PipelineCodec( 1121): getCapsHelpers internal
01-01 07:00:01.715 I/QC2PipelineCodec( 1121): getCapsHelpersInternal:
piplinedcodecs size=2
01-01 07:00:01.715 I/heimdall( 1232): update_proc_tgid:436, put (185) in root memcg
01-01 07:00:01.715 I/StandardCaps( 1121): PixelFormatOutputHelper:
01-01 07:00:01.715 I/StandardCaps( 1121): VENUS_NV12
01-01 07:00:01.715 I/StandardCaps( 1121): VENUS_NV12_UBWC
01-01 07:00:01.715 I/StandardCaps( 1121): VENUS_TP10
01-01 07:00:01.715 I/StandardCaps( 1121): VENUS_P010
01-01 07:00:01.715 I/StandardCaps( 1121): PictureSizeOutputHelper: min [96 96] max
[4096 4096] default [96 96]
01-01 07:00:01.715 I/StandardCaps( 1121): PictureSizeInputHelper: min [96 96] max
[4096 4096] default [96 96]
01-01 07:00:01.715 I/StandardCaps( 1121): MaxPictureSizeOutputHelper: min [96 96]
max [4096 4096] default [96 96]
01-01 07:00:01.715 I/StandardCaps( 1121): FrameRateInputHelper: min 1 max 960 step
0 default 30
01-01 07:00:01.715 I/StandardCaps( 1121): OperatingRateHelper: min 30, max 32767,
step 0, default 30
01-01 07:00:01.715 I/heimdall( 1232): update_proc_tgid:436, put (186) in root memcg
01-01 07:00:01.715 E/QC2V4l2Caps( 1121): Failed to read platform HDR value
01-01 07:00:01.715 E/QC2V4l2Caps( 1121): c2 level not found for v4l2 level 0
01-01 07:00:01.715 I/StandardCaps( 1121): ProfileLevelInputHelper: Profiles
01-01 07:00:01.715 I/StandardCaps( 1121): VP9_PROFILE_0
01-01 07:00:01.715 I/StandardCaps( 1121): VP9_PROFILE_2
01-01 07:00:01.715 I/StandardCaps( 1121): ProfileLevelInputHelper: Levels
01-01 07:00:01.715 I/StandardCaps( 1121): 1.0
01-01 07:00:01.715 I/StandardCaps( 1121): 1.1
01-01 07:00:01.715 I/StandardCaps( 1121): 2.0
01-01 07:00:01.715 I/StandardCaps( 1121): 2.1
01-01 07:00:01.715 I/StandardCaps( 1121): 3.0
01-01 07:00:01.715 I/StandardCaps( 1121): 3.1
01-01 07:00:01.715 I/heimdall( 1232): update_proc_tgid:436, put (187) in root memcg
01-01 07:00:01.715 I/StandardCaps( 1121): 4.0
01-01 07:00:01.715 I/StandardCaps( 1121): 4.1
01-01 07:00:01.715 I/StandardCaps( 1121): 5.0
01-01 07:00:01.715 I/StandardCaps( 1121): 5.1
01-01 07:00:01.715 I/heimdall( 1232): update_proc_tgid:436, put (188) in root memcg
01-01 07:00:01.716 I/heimdall( 1232): update_proc_tgid:436, put (189) in root memcg
01-01 07:00:01.716 I/VendorCaps( 1121): RenderFrameRateOutputHelper: min 0 max 120
step 30 default 0
01-01 07:00:01.716 I/VendorCaps( 1121): VideoRefreshRateOutputHelper: min 0 max 120
step 1 default 60
01-01 07:00:01.716 I/heimdall( 1232): update_proc_tgid:436, put (190) in root memcg
01-01 07:00:01.716 I/sscrpcd ( 752):
vendor/qcom/proprietary/adsprpc/src/apps_std_imp.c:851: Successfully opened file
/vendor/etc/sensors/config/sns_tilt.json
01-01 07:00:01.716 I/QC2Filter( 1121): FUNCTION_BEGIN:getCapsHelpers
01-01 07:00:01.716 I/QC2ImageFormatFilter( 1121): FUNCTION_BEGIN:onGetCapsHelpers
01-01 07:00:01.716 I/heimdall( 1232): update_proc_tgid:436, put (191) in root memcg
01-01 07:00:01.716 I/QC2ImageFormatFilter( 1121): FUNCTION_END:onGetCapsHelpers
TIME=0 ms
01-01 07:00:01.716 I/QC2Filter( 1121): FUNCTION_END:getCapsHelpers TIME=0 ms
01-01 07:00:01.716 I/QC2PipelineCodec( 1121): capshelpers vectorId 0 inputDelay=0
01-01 07:00:01.716 I/QC2PipelinedEntity( 1121): pipelineid=100 inputDelay=0
01-01 07:00:01.716 I/QC2PipelineCodec( 1121): capshelpers vectorId 0 outputDelay=1
01-01 07:00:01.716 I/QC2PipelinedEntity( 1121): pipelineid=100 outputDelay=1
01-01 07:00:01.716 I/QC2PipelineCodec( 1121): capshelpers vectorId 1 inputDelay=1
01-01 07:00:01.716 I/QC2PipelinedEntity( 1121): pipelineid=101 inputDelay=1
01-01 07:00:01.716 I/QC2PipelineCodec( 1121): capshelpers vectorId 1 outputDelay=1
01-01 07:00:01.716 I/QC2PipelinedEntity( 1121): pipelineid=101 outputDelay=1
01-01 07:00:01.716 I/QC2PipelineCodec( 1121): computeDelays
01-01 07:00:01.716 I/QC2PipelinedEntity( 1121): pipelineid=100 extraAllocation=2
set maxOutputBuffers=4
01-01 07:00:01.716 I/QC2PipelinedEntity( 1121): pipelineid=101 extraAllocation=2
set maxOutputBuffers=3
01-01 07:00:01.716 I/QC2PipelineCodec( 1121): ComputeDelay: iDelay=0 pDelay=0
oDelay=7
01-01 07:00:01.716 I/QC2PipelineCodec( 1121): TotalInputDelay=0 (0)
totalOutputDelay=7 (7)
01-01 07:00:01.716 I/QC2PipelineCodec( 1121): ActualOutputDelayHelper value=7
01-01 07:00:01.716 I/QC2PipelineCodec( 1121): Resolve conflict 92008001 [qti-ext-
dec-forceNonUBWC]
01-01 07:00:01.716 I/heimdall( 1232): update_proc_tgid:436, put (192) in root memcg
01-01 07:00:01.716 I/QC2PipelineCodec( 1121): Resolve conflict 60000825
[algo.secure-mode]
01-01 07:00:01.716 I/QC2PipelineCodec( 1121): Resolve conflict 4000080e
[input.delay]
01-01 07:00:01.716 I/QC2PipelineCodec( 1121): Dont merge
delay/size/format/framerate params
01-01 07:00:01.716 I/QC2PipelineCodec( 1121): Resolve conflict 9001080c
[output.media-type]
01-01 07:00:01.716 I/QC2PipelineCodec( 1121): Resolve conflict 5000080e
[output.delay]
01-01 07:00:01.716 I/QC2PipelineCodec( 1121): Dont merge
delay/size/format/framerate params
01-01 07:00:01.716 I/QC2PipelineCodec( 1121): Resolve conflict a0000804
[component.kind]
01-01 07:00:01.716 I/QC2PipelineCodec( 1121): Resolve conflict 8001080c
[input.media-type]
01-01 07:00:01.716 I/QC2PipelineCodec( 1121): Resolve conflict a0000805
[component.domain]
01-01 07:00:01.716 I/QC2PipelineCodec( 1121): capsHelper add param=a0009013
01-01 07:00:01.716 I/QC2PipelineCodec( 1121): capsHelper add param=a0009012
01-01 07:00:01.716 I/QC2PipelineCodec( 1121): capsHelper add param=a0009011
01-01 07:00:01.716 I/QC2PipelineCodec( 1121): capsHelper add param=9200c047
01-01 07:00:01.716 I/QC2PipelineCodec( 1121): capsHelper add param=d200c03f
01-01 07:00:01.716 I/QC2PipelineCodec( 1121): capsHelper add param=9200c036
01-01 07:00:01.716 I/QC2PipelineCodec( 1121): capsHelper add param=d200c00e
01-01 07:00:01.716 I/QC2PipelineCodec( 1121): capsHelper add param=5200c012
01-01 07:00:01.716 I/QC2PipelineCodec( 1121): capsHelper add param=8200c042
01-01 07:00:01.716 I/QC2PipelineCodec( 1121): capsHelper add param=a0009010
01-01 07:00:01.716 I/QC2PipelineCodec( 1121): capsHelper add param=d200c000
01-01 07:00:01.716 I/QC2PipelineCodec( 1121): capsHelper add param=92008001
01-01 07:00:01.716 I/QC2PipelineCodec( 1121): capsHelper add param=d200c04a
01-01 07:00:01.716 I/QC2PipelineCodec( 1121): capsHelper add param=d201c00d
01-01 07:00:01.716 I/QC2PipelineCodec( 1121): capsHelper add param=d2008002
01-01 07:00:01.716 I/QC2PipelineCodec( 1121): capsHelper add param=d200c00b
01-01 07:00:01.716 I/QC2PipelineCodec( 1121): capsHelper add param=d200c034
01-01 07:00:01.716 I/QC2PipelineCodec( 1121): capsHelper add param=d200c013
01-01 07:00:01.716 I/QC2PipelineCodec( 1121): capsHelper add param=d200c01b
01-01 07:00:01.716 I/QC2PipelineCodec( 1121): capsHelper add param=c2001809
01-01 07:00:01.716 I/QC2PipelineCodec( 1121): isParamPipelineOwned 5000080e true
01-01 07:00:01.716 I/QC2PipelineCodec( 1121): capsHelper skip param 5000080e
01-01 07:00:01.716 I/QC2PipelineCodec( 1121): capsHelper add param=a0009014
01-01 07:00:01.716 I/QC2PipelineCodec( 1121): isParamPipelineOwned 4000080e true
01-01 07:00:01.716 I/QC2PipelineCodec( 1121): capsHelper skip param 4000080e
01-01 07:00:01.716 I/QC2PipelineCodec( 1121): capsHelper add param=d2001802
01-01 07:00:01.716 I/QC2PipelineCodec( 1121): capsHelper add param=c2000808
01-01 07:00:01.716 I/sscrpcd ( 752):
vendor/qcom/proprietary/adsprpc/src/apps_std_imp.c:851: Successfully opened file
/vendor/etc/sensors/config/sns_tilt.json
01-01 07:00:01.716 I/QC2PipelineCodec( 1121): capsHelper add param=60000824
01-01 07:00:01.716 I/QC2PipelineCodec( 1121): capsHelper add param=a0000801
01-01 07:00:01.716 I/QC2PipelineCodec( 1121): capsHelper add param=d2011811
01-01 07:00:01.716 I/QC2PipelineCodec( 1121): capsHelper add param=60000823
01-01 07:00:01.716 I/heimdall( 1232): update_proc_tgid:436, put (193) in root memcg
01-01 07:00:01.716 I/QC2PipelineCodec( 1121): capsHelper add param=c2002000
01-01 07:00:01.716 I/QC2PipelineCodec( 1121): capsHelper add param=d2001809
01-01 07:00:01.716 I/QC2PipelineCodec( 1121): capsHelper add param=d200c006
01-01 07:00:01.716 I/QC2PipelineCodec( 1121): capsHelper add param=52002003
01-01 07:00:01.716 I/QC2PipelineCodec( 1121): capsHelper add param=9001080c
01-01 07:00:01.716 I/QC2PipelineCodec( 1121): capsHelper add param=8001080c
01-01 07:00:01.716 I/QC2PipelineCodec( 1121): capsHelper add param=d2001800
01-01 07:00:01.716 I/QC2PipelineCodec( 1121): capsHelper add param=9200081b
01-01 07:00:01.716 I/QC2PipelineCodec( 1121): capsHelper add param=8200c035
01-01 07:00:01.716 I/QC2PipelineCodec( 1121): capsHelper add param=a0000804
01-01 07:00:01.716 I/QC2PipelineCodec( 1121): capsHelper add param=60000825
01-01 07:00:01.716 I/QC2PipelineCodec( 1121): capsHelper add param=5200180b
01-01 07:00:01.716 I/QC2PipelineCodec( 1121): capsHelper add param=d200180a
01-01 07:00:01.716 I/QC2PipelineCodec( 1121): capsHelper add param=d200c007
01-01 07:00:01.716 I/QC2PipelineCodec( 1121): capsHelper add param=d200c00c
01-01 07:00:01.716 I/QC2PipelineCodec( 1121): capsHelper add param=c2001800
01-01 07:00:01.716 I/QC2PipelineCodec( 1121): capsHelper add param=8200081b
01-01 07:00:01.716 I/QC2PipelineCodec( 1121): capsHelper add param=a0000805
01-01 07:00:01.716 I/QC2PipelineCodec( 1121): capsHelper add param=9200c046
01-01 07:00:01.716 I/QC2PipelineCodec( 1121): capsHelper add param=5001081a
01-01 07:00:01.716 I/QC2PipelineCodec( 1121): capsHelper add param=c200081e
01-01 07:00:01.716 I/QC2PipelineCodec( 1121): computeDelays
01-01 07:00:01.716 I/QC2PipelinedEntity( 1121): pipelineid=100 extraAllocation=2
set maxOutputBuffers=4
01-01 07:00:01.716 I/QC2PipelinedEntity( 1121): pipelineid=101 extraAllocation=2
set maxOutputBuffers=3
01-01 07:00:01.716 I/QC2PipelineCodec( 1121): ComputeDelay: iDelay=0 pDelay=0
oDelay=7
01-01 07:00:01.716 I/QC2PipelineCodec( 1121): Delays initialized iDelay=0 pDelay=0
oDelay=7
01-01 07:00:01.716 I/heimdall( 1232): update_proc_tgid:436, put (194) in root memcg
01-01 07:00:01.716 I/QC2PipelineCodec( 1121): init: end; processing-time=1 ms
01-01 07:00:01.716 I/QC2Registry( 1121): Initialized pipelined Codec for
c2.qti.vp9.decoder
01-01 07:00:01.716 I/QC2PipelineCodec( 1121): getCapsHelpersInternal:
piplinedcodecs size=2
01-01 07:00:01.716 I/StandardCaps( 1121): PixelFormatOutputHelper:
01-01 07:00:01.716 I/StandardCaps( 1121): VENUS_NV12
01-01 07:00:01.716 I/StandardCaps( 1121): VENUS_NV12_UBWC
01-01 07:00:01.716 I/StandardCaps( 1121): VENUS_TP10
01-01 07:00:01.716 I/StandardCaps( 1121): VENUS_P010
01-01 07:00:01.716 I/heimdall( 1232): update_proc_tgid:436, put (195) in root memcg
01-01 07:00:01.716 I/StandardCaps( 1121): PictureSizeOutputHelper: min [96 96] max
[4096 4096] default [96 96]
01-01 07:00:01.716 I/StandardCaps( 1121): PictureSizeInputHelper: min [96 96] max
[4096 4096] default [96 96]
01-01 07:00:01.716 I/StandardCaps( 1121): MaxPictureSizeOutputHelper: min [96 96]
max [4096 4096] default [96 96]
01-01 07:00:01.716 I/StandardCaps( 1121): FrameRateInputHelper: min 1 max 960 step
0 default 30
01-01 07:00:01.716 I/StandardCaps( 1121): OperatingRateHelper: min 30, max 32767,
step 0, default 30
01-01 07:00:01.716 I/heimdall( 1232): update_proc_tgid:436, put (196) in root memcg
01-01 07:00:01.716 E/QC2V4l2Caps( 1121): Failed to read platform HDR value
01-01 07:00:01.716 E/QC2V4l2Caps( 1121): c2 level not found for v4l2 level 0
01-01 07:00:01.716 I/StandardCaps( 1121): ProfileLevelInputHelper: Profiles
01-01 07:00:01.716 I/StandardCaps( 1121): VP9_PROFILE_0
01-01 07:00:01.716 I/StandardCaps( 1121): VP9_PROFILE_2
01-01 07:00:01.716 I/StandardCaps( 1121): ProfileLevelInputHelper: Levels
01-01 07:00:01.716 I/StandardCaps( 1121): 1.0
01-01 07:00:01.716 I/StandardCaps( 1121): 1.1
01-01 07:00:01.716 I/StandardCaps( 1121): 2.0
01-01 07:00:01.716 I/StandardCaps( 1121): 2.1
01-01 07:00:01.716 I/StandardCaps( 1121): 3.0
01-01 07:00:01.716 I/StandardCaps( 1121): 3.1
01-01 07:00:01.716 I/StandardCaps( 1121): 4.0
01-01 07:00:01.716 I/StandardCaps( 1121): 4.1
01-01 07:00:01.716 I/StandardCaps( 1121): 5.0
01-01 07:00:01.716 I/StandardCaps( 1121): 5.1
01-01 07:00:01.717 I/heimdall( 1232): update_proc_tgid:436, put (197) in root memcg
01-01 07:00:01.717 I/heimdall( 1232): update_proc_tgid:436, put (198) in root memcg
01-01 07:00:01.717 I/VendorCaps( 1121): RenderFrameRateOutputHelper: min 0 max 120
step 30 default 0
01-01 07:00:01.717 I/VendorCaps( 1121): VideoRefreshRateOutputHelper: min 0 max 120
step 1 default 60
01-01 07:00:01.717 I/heimdall( 1232): update_proc_tgid:436, put (199) in root memcg
01-01 07:00:01.717 I/QC2Filter( 1121): FUNCTION_BEGIN:getCapsHelpers
01-01 07:00:01.717 I/QC2ImageFormatFilter( 1121): FUNCTION_BEGIN:onGetCapsHelpers
01-01 07:00:01.717 I/QC2ImageFormatFilter( 1121): FUNCTION_END:onGetCapsHelpers
TIME=0 ms
01-01 07:00:01.717 I/QC2Filter( 1121): FUNCTION_END:getCapsHelpers TIME=0 ms
01-01 07:00:01.717 I/QC2PipelineCodec( 1121): capshelpers vectorId 0 inputDelay=0
01-01 07:00:01.717 I/QC2PipelinedEntity( 1121): pipelineid=100 inputDelay=0
01-01 07:00:01.717 I/heimdall( 1232): update_proc_tgid:436, put (200) in root memcg
01-01 07:00:01.717 I/QC2PipelineCodec( 1121): capshelpers vectorId 0 outputDelay=1
01-01 07:00:01.717 I/QC2PipelinedEntity( 1121): pipelineid=100 outputDelay=1
01-01 07:00:01.717 I/QC2PipelineCodec( 1121): capshelpers vectorId 1 inputDelay=1
01-01 07:00:01.717 I/QC2PipelinedEntity( 1121): pipelineid=101 inputDelay=1
01-01 07:00:01.717 I/QC2PipelineCodec( 1121): capshelpers vectorId 1 outputDelay=1
01-01 07:00:01.717 I/QC2PipelinedEntity( 1121): pipelineid=101 outputDelay=1
01-01 07:00:01.717 I/QC2PipelineCodec( 1121): computeDelays
01-01 07:00:01.717 I/QC2PipelinedEntity( 1121): pipelineid=100 extraAllocation=2
set maxOutputBuffers=4
01-01 07:00:01.717 I/QC2PipelinedEntity( 1121): pipelineid=101 extraAllocation=2
set maxOutputBuffers=3
01-01 07:00:01.717 I/QC2PipelineCodec( 1121): ComputeDelay: iDelay=0 pDelay=0
oDelay=7
01-01 07:00:01.717 I/QC2PipelineCodec( 1121): TotalInputDelay=0 (0)
totalOutputDelay=7 (7)
01-01 07:00:01.717 I/QC2PipelineCodec( 1121): ActualOutputDelayHelper value=7
01-01 07:00:01.717 I/QC2PipelineCodec( 1121): Resolve conflict 92008001 [qti-ext-
dec-forceNonUBWC]
01-01 07:00:01.717 I/QC2PipelineCodec( 1121): Resolve conflict 60000825
[algo.secure-mode]
01-01 07:00:01.717 I/QC2PipelineCodec( 1121): Resolve conflict 4000080e
[input.delay]
01-01 07:00:01.717 I/QC2PipelineCodec( 1121): Dont merge
delay/size/format/framerate params
01-01 07:00:01.717 I/QC2PipelineCodec( 1121): Resolve conflict 9001080c
[output.media-type]
01-01 07:00:01.717 I/QC2PipelineCodec( 1121): Resolve conflict 5000080e
[output.delay]
01-01 07:00:01.717 I/QC2PipelineCodec( 1121): Dont merge
delay/size/format/framerate params
01-01 07:00:01.717 I/QC2PipelineCodec( 1121): Resolve conflict a0000804
[component.kind]
01-01 07:00:01.717 I/QC2PipelineCodec( 1121): Resolve conflict 8001080c
[input.media-type]
01-01 07:00:01.717 I/QC2PipelineCodec( 1121): Resolve conflict a0000805
[component.domain]
01-01 07:00:01.717 I/QC2PipelineCodec( 1121): capsHelper add param=a0009013
01-01 07:00:01.717 I/heimdall( 1232): update_proc_tgid:436, put (201) in root memcg
01-01 07:00:01.717 I/QC2PipelineCodec( 1121): capsHelper add param=a0009012
01-01 07:00:01.717 I/QC2PipelineCodec( 1121): capsHelper add param=a0009011
01-01 07:00:01.717 I/QC2PipelineCodec( 1121): capsHelper add param=9200c047
01-01 07:00:01.717 I/QC2PipelineCodec( 1121): capsHelper add param=d200c03f
01-01 07:00:01.717 I/QC2PipelineCodec( 1121): capsHelper add param=9200c036
01-01 07:00:01.717 I/QC2PipelineCodec( 1121): capsHelper add param=d200c00e
01-01 07:00:01.717 I/QC2PipelineCodec( 1121): capsHelper add param=5200c012
01-01 07:00:01.717 I/QC2PipelineCodec( 1121): capsHelper add param=8200c042
01-01 07:00:01.717 I/QC2PipelineCodec( 1121): capsHelper add param=a0009010
01-01 07:00:01.717 I/QC2PipelineCodec( 1121): capsHelper add param=d200c000
01-01 07:00:01.717 I/QC2PipelineCodec( 1121): capsHelper add param=92008001
01-01 07:00:01.717 I/QC2PipelineCodec( 1121): capsHelper add param=d200c04a
01-01 07:00:01.717 I/QC2PipelineCodec( 1121): capsHelper add param=d201c00d
01-01 07:00:01.717 I/QC2PipelineCodec( 1121): capsHelper add param=d2008002
01-01 07:00:01.717 I/QC2PipelineCodec( 1121): capsHelper add param=d200c00b
01-01 07:00:01.717 I/QC2PipelineCodec( 1121): capsHelper add param=d200c034
01-01 07:00:01.717 I/QC2PipelineCodec( 1121): capsHelper add param=d200c013
01-01 07:00:01.717 I/QC2PipelineCodec( 1121): capsHelper add param=d200c01b
01-01 07:00:01.717 I/QC2PipelineCodec( 1121): capsHelper add param=c2001809
01-01 07:00:01.717 I/QC2PipelineCodec( 1121): isParamPipelineOwned 5000080e true
01-01 07:00:01.717 I/QC2PipelineCodec( 1121): capsHelper skip param 5000080e
01-01 07:00:01.717 I/QC2PipelineCodec( 1121): capsHelper add param=a0009014
01-01 07:00:01.717 I/QC2PipelineCodec( 1121): isParamPipelineOwned 4000080e true
01-01 07:00:01.717 I/QC2PipelineCodec( 1121): capsHelper skip param 4000080e
01-01 07:00:01.717 I/QC2PipelineCodec( 1121): capsHelper add param=d2001802
01-01 07:00:01.717 I/QC2PipelineCodec( 1121): capsHelper add param=c2000808
01-01 07:00:01.717 I/QC2PipelineCodec( 1121): capsHelper add param=60000824
01-01 07:00:01.717 I/QC2PipelineCodec( 1121): capsHelper add param=a0000801
01-01 07:00:01.717 I/QC2PipelineCodec( 1121): capsHelper add param=d2011811
01-01 07:00:01.717 I/QC2PipelineCodec( 1121): capsHelper add param=60000823
01-01 07:00:01.717 I/QC2PipelineCodec( 1121): capsHelper add param=c2002000
01-01 07:00:01.717 I/QC2PipelineCodec( 1121): capsHelper add param=d2001809
01-01 07:00:01.717 I/QC2PipelineCodec( 1121): capsHelper add param=d200c006
01-01 07:00:01.717 I/QC2PipelineCodec( 1121): capsHelper add param=52002003
01-01 07:00:01.717 I/QC2PipelineCodec( 1121): capsHelper add param=9001080c
01-01 07:00:01.717 I/QC2PipelineCodec( 1121): capsHelper add param=8001080c
01-01 07:00:01.717 I/QC2PipelineCodec( 1121): capsHelper add param=d2001800
01-01 07:00:01.717 I/QC2PipelineCodec( 1121): capsHelper add param=9200081b
01-01 07:00:01.717 I/QC2PipelineCodec( 1121): capsHelper add param=8200c035
01-01 07:00:01.717 I/QC2PipelineCodec( 1121): capsHelper add param=a0000804
01-01 07:00:01.717 I/QC2PipelineCodec( 1121): capsHelper add param=60000825
01-01 07:00:01.717 I/QC2PipelineCodec( 1121): capsHelper add param=5200180b
01-01 07:00:01.717 I/QC2PipelineCodec( 1121): capsHelper add param=d200180a
01-01 07:00:01.717 I/heimdall( 1232): update_proc_tgid:436, put (202) in root memcg
01-01 07:00:01.717 I/QC2PipelineCodec( 1121): capsHelper add param=d200c007
01-01 07:00:01.717 I/QC2PipelineCodec( 1121): capsHelper add param=d200c00c
01-01 07:00:01.717 I/QC2PipelineCodec( 1121): capsHelper add param=c2001800
01-01 07:00:01.717 I/QC2PipelineCodec( 1121): capsHelper add param=8200081b
01-01 07:00:01.717 I/QC2PipelineCodec( 1121): capsHelper add param=a0000805
01-01 07:00:01.717 I/QC2PipelineCodec( 1121): capsHelper add param=9200c046
01-01 07:00:01.717 I/QC2PipelineCodec( 1121): capsHelper add param=5001081a
01-01 07:00:01.717 I/QC2PipelineCodec( 1121): capsHelper add param=c200081e
01-01 07:00:01.717 I/QC2PipelineCodec( 1121): release: begin
01-01 07:00:01.717 I/QC2PipelinedEntity( 1121): pipelinedid=100 release
01-01 07:00:01.717 I/heimdall( 1232): update_proc_tgid:436, put (203) in root memcg
01-01 07:00:01.717 I/heimdall( 1232): update_proc_tgid:436, put (204) in root memcg
01-01 07:00:01.717 I/heimdall( 1232): update_proc_tgid:436, put (205) in root memcg
01-01 07:00:01.718 I/heimdall( 1232): update_proc_tgid:436, put (206) in root memcg
01-01 07:00:01.718 I/heimdall( 1232): update_proc_tgid:436, put (207) in root memcg
01-01 07:00:01.718 I/heimdall( 1232): update_proc_tgid:436, put (208) in root memcg
01-01 07:00:01.718 I/heimdall( 1232): update_proc_tgid:436, put (209) in root memcg
01-01 07:00:01.718 I/heimdall( 1232): update_proc_tgid:436, put (210) in root memcg
01-01 07:00:01.718 I/heimdall( 1232): update_proc_tgid:436, put (211) in root memcg
01-01 07:00:01.718 I/QC2V4l2Driver( 1121): [vp9D_0] Closed device driver with fd: 7
01-01 07:00:01.718 I/QC2PipelinedEntity( 1121): pipelinedid=101 release
01-01 07:00:01.718 I/QC2Filter( 1121): FUNCTION_BEGIN:release
01-01 07:00:01.718 I/QC2Filter( 1121): FUNCTION_END:release TIME=0 ms
01-01 07:00:01.718 I/heimdall( 1232): update_proc_tgid:436, put (212) in root memcg
01-01 07:00:01.718 I/QC2PipelinedEntity( 1121): pipelineid=101 ~QC2PipelinedEntity
01-01 07:00:01.719 I/heimdall( 1232): update_proc_tgid:436, put (213) in root memcg
01-01 07:00:01.719 I/heimdall( 1232): update_proc_tgid:436, put (214) in root memcg
01-01 07:00:01.719 I/heimdall( 1232): update_proc_tgid:436, put getprop(1335) in
root memcg
01-01 07:00:01.719 I/heimdall( 1232): update_proc_tgid:436, put (215) in root memcg
01-01 07:00:01.719 I/QC2PipelinedEntity( 1121): pipelineid=100 ~QC2PipelinedEntity
01-01 07:00:01.719 I/heimdall( 1232): update_proc_tgid:436, put (216) in root memcg
01-01 07:00:01.719 I/sscrpcd ( 752):
vendor/qcom/proprietary/adsprpc/src/apps_std_imp.c:851: Successfully opened file
/mnt/vendor/persist/sensors/registry/registry/../temp.json
01-01 07:00:01.719 I/heimdall( 1232): update_proc_tgid:436, put (217) in root memcg
01-01 07:00:01.719 I/heimdall( 1232): update_proc_tgid:436, put (218) in root memcg
01-01 07:00:01.719 I/QC2PipelineCodec( 1121): release: end; processing-time=2 ms
01-01 07:00:01.719 I/QC2PipelineCodec( 1121): QC2PipelinedDecoder dtor
01-01 07:00:01.719 I/heimdall( 1232): update_proc_tgid:436, put (219) in root memcg
01-01 07:00:01.720 I/QC2ImageFormatFilter( 1121):
FUNCTION_BEGIN:~QC2ImageFormatFilter
01-01 07:00:01.720 I/QC2ImageFormatFilter( 1121):
FUNCTION_END:~QC2ImageFormatFilter TIME=0 ms
01-01 07:00:01.720 I/QC2Filter( 1121): FUNCTION_BEGIN:~QC2Filter
01-01 07:00:01.720 I/QC2Filter( 1121): FUNCTION_BEGIN:release
01-01 07:00:01.720 I/heimdall( 1232): update_proc_tgid:436, put (220) in root memcg
01-01 07:00:01.720 I/QC2Filter( 1121): FUNCTION_END:release TIME=0 ms
01-01 07:00:01.720 I/QC2Filter( 1121): FUNCTION_END:~QC2Filter TIME=0 ms
01-01 07:00:01.720 I/heimdall( 1232): update_proc_tgid:436, put (221) in root memcg
01-01 07:00:01.720 E/QC2V4l2Driver( 1121): Invalid device driver fd:-1
01-01 07:00:01.720 I/QC2V4l2Driver( 1121): [vp9D_0] Closed device driver with fd: -
1
01-01 07:00:01.720 I/QC2Comp ( 1121): codec capability queried!
01-01 07:00:01.720 I/QC2CompStore( 1121): Added capabilities for c2.qti.vp9.decoder
01-01 07:00:01.720 I/heimdall( 1232): update_proc_tgid:436, put (222) in root memcg
01-01 07:00:01.720 I/heimdall( 1232): update_proc_tgid:436, put (223) in root memcg
01-01 07:00:01.721 I/heimdall( 1232): update_proc_tgid:436, put (226) in root memcg
01-01 07:00:01.721 I/heimdall( 1232): update_proc_tgid:436, put (227) in root memcg
01-01 07:00:01.721 I/heimdall( 1232): update_proc_tgid:436, put (260) in root memcg
01-01 07:00:01.721 I/sscrpcd ( 752):
vendor/qcom/proprietary/adsprpc/src/apps_std_imp.c:851: Successfully opened file
/mnt/vendor/persist/sensors/registry/registry/../temp.json
01-01 07:00:01.721 I/heimdall( 1232): update_proc_tgid:436, put (261) in root memcg
01-01 07:00:01.721 I/heimdall( 1232): update_proc_tgid:436, put (262) in root memcg
01-01 07:00:01.721 I/heimdall( 1232): update_proc_tgid:436, put (263) in root memcg
01-01 07:00:01.721 I/heimdall( 1232): update_proc_tgid:436, put (264) in root memcg
01-01 07:00:01.721 I/heimdall( 1232): update_proc_tgid:436, put (265) in root memcg
01-01 07:00:01.722 I/heimdall( 1232): update_proc_tgid:436, put (266) in root memcg
01-01 07:00:01.722 I/heimdall( 1232): update_proc_tgid:436, put (267) in root memcg
01-01 07:00:01.722 I/heimdall( 1232): update_proc_tgid:436, put (268) in root memcg
01-01 07:00:01.722 I/heimdall( 1232): update_proc_tgid:436, put (269) in root memcg
01-01 07:00:01.722 I/heimdall( 1232): update_proc_tgid:436, put (270) in root memcg
01-01 07:00:01.722 I/heimdall( 1232): update_proc_tgid:436, put (271) in root memcg
01-01 07:00:01.723 I/heimdall( 1232): update_proc_tgid:436, put (272) in root memcg
01-01 07:00:01.723 I/heimdall( 1232): update_proc_tgid:436, put (273) in root memcg
01-01 07:00:01.723 I/heimdall( 1232): update_proc_tgid:436, put (274) in root memcg
01-01 07:00:01.723 I/heimdall( 1232): update_proc_tgid:436, put (275) in root memcg
01-01 07:00:01.723 I/heimdall( 1232): update_proc_tgid:436, put (276) in root memcg
01-01 07:00:01.723 I/heimdall( 1232): update_proc_tgid:436, put (277) in root memcg
01-01 07:00:01.723 I/heimdall( 1232): update_proc_tgid:436, put (278) in root memcg
01-01 07:00:01.724 I/heimdall( 1232): update_proc_tgid:436, put (279) in root memcg
01-01 07:00:01.724 I/heimdall( 1232): update_proc_tgid:436, put (280) in root memcg
01-01 07:00:01.724 I/QC2Registry( 1121): Getting stages for pipelined codec
01-01 07:00:01.724 I/QC2V4l2Codec( 1121): [vp9DSec_0] output buffer allocation
timeout threshold set to 1000ms
01-01 07:00:01.724 I/QC2Registry( 1121): Pipelining enabled
01-01 07:00:01.724 I/QC2Registry( 1121): Requested codec is pipelined. Create codec
list
01-01 07:00:01.724 I/QC2Registry( 1121): Filter c2.qti.ImageFormat.filter can't be
pipelined
01-01 07:00:01.724 I/QC2Registry( 1121): Created 0 codecs for pipelined codec
c2.qti.vp9.decoder.secure
01-01 07:00:01.724 I/QC2Registry( 1121): Return standalone codec caps for
c2.qti.vp9.decoder.secure
01-01 07:00:01.724 I/QC2V4l2Driver( 1121): [vp9DSec_0] Device /dev/video32 opened
with fd: 7
01-01 07:00:01.725 I/sscrpcd ( 752):
vendor/qcom/proprietary/adsprpc/src/apps_std_imp.c:851: Successfully opened file
/vendor/etc/sensors/config/lahaina_lsm6dso_0_0.json
01-01 07:00:01.725 I/sscrpcd ( 752):
vendor/qcom/proprietary/adsprpc/src/apps_std_imp.c:851: Successfully opened file
/vendor/etc/sensors/config/lahaina_lsm6dso_0_0.json
01-01 07:00:01.726 I/heimdall( 1232): update_proc_tgid:436, put getprop(1342) in
root memcg
01-01 07:00:01.726 I/zygote64( 953): Explicit concurrent copying GC freed
71792(2997KB) AllocSpace objects, 1(28KB) LOS objects, 49% free, 9229KB/18MB,
paused 20us,12us total 26.738ms
01-01 07:00:01.727 D/spcomlib( 739): [spcom_ion_alloc] ion buf fd = [14].
01-01 07:00:01.727 D/spcomlib( 739): [find_ch] found ch [sec_nvm_sp_nvm].
01-01 07:00:01.727 D/spcomlib( 739): [spcom_lock_ion_buffer] Write() lock ION buf.
01-01 07:00:01.727 I/secnvm ( 739): ScratchDb ion memory allocated now, fd=14,
sbuf_len=4096
01-01 07:00:01.727 I/secnvm ( 739): ScratchDb ion fd=14, size=4096
01-01 07:00:01.727 D/spcomlib( 739): [spcom_is_ch_connected] channel connection
state:1
01-01 07:00:01.727 D/secnvm ( 739): setNvmManagerState: is_skp:0, reqId:13,
m_state=4
01-01 07:00:01.727 I/secnvm ( 739): ch [sec_nvm_sp_nvm] Done
01-01 07:00:01.730 I/sscrpcd ( 752):
vendor/qcom/proprietary/adsprpc/src/apps_std_imp.c:851: Successfully opened file
/mnt/vendor/persist/sensors/registry/registry/../temp.json
01-01 07:00:01.731 I/heimdall( 1232): update_proc_tgid:436, put (281) in root memcg
01-01 07:00:01.732 I/sscrpcd ( 752):
vendor/qcom/proprietary/adsprpc/src/apps_std_imp.c:851: Successfully opened file
/vendor/etc/sensors/config/lahaina_hdk_sx932x_0.json
01-01 07:00:01.732 I/sscrpcd ( 752):
vendor/qcom/proprietary/adsprpc/src/apps_std_imp.c:851: Successfully opened file
/vendor/etc/sensors/config/lahaina_hdk_sx932x_0.json
01-01 07:00:01.735 D/spcomlib( 739): [spcom_server_get_next_request_size] Rx
(read) ok ch [sec_nvm_sp_nvm] , next_req_size = 135.
01-01 07:00:01.735 D/spcomlib( 739): [spcom_server_wait_for_request] Rx (read) ok
ch [sec_nvm_sp_nvm], actual buf size = 135.
01-01 07:00:01.735 D/secnvm ( 739): ch [sec_nvm_sp_nvm] create new request: reqId
= 8
01-01 07:00:01.735 I/secnvm ( 739): reqId=8, 1 segments, isAri=1, isSkp=1
01-01 07:00:01.735 D/secnvm ( 739): CommitOp::execute() start, m_is_skp [1]
01-01 07:00:01.735 D/secnvm ( 739): ch [sec_nvm_sp_nvm] update segment#0 out of 1
01-01 07:00:01.735 D/secnvm ( 739): ch [sec_nvm_sp_nvm] ari, skp: marker points
to req ARC
01-01 07:00:01.735 D/secnvm ( 739): found marker for file
01-01 07:00:01.735 D/secnvm ( 739):
file_marker=abe28301d9b77b321b76535b7dbdb5da227ae0ab91eac422c0c6a84a602f162f
01-01 07:00:01.735 D/secnvm ( 739):
marker=34328dfdb6e49b4179ee0ce3121b26c2b67d0661e7cd7a59888da78e5efa4d57
01-01 07:00:01.735 D/secnvm ( 739): m_is_ari: 1, m_is_ari_bypass: 0
01-01 07:00:01.735 D/secnvm ( 739): match marker of
/mnt/vendor/persist/secnvm/552412310573718226167662182032189844128_0_0
01-01 07:00:01.735 D/secnvm ( 739): commit 1 blocks starting from 0
01-01 07:00:01.735 D/secnvm ( 739): commit 1 hash blocks starting from 32768
01-01 07:00:01.735 D/secnvm ( 739): commit 2 blocks starting from 17408
01-01 07:00:01.735 D/secnvm ( 739): commit 2 hash blocks starting from 33584
01-01 07:00:01.736 D/secnvm ( 739): successfully updated DDR->flash (transaction
counter: 5)
01-01 07:00:01.736 D/secnvm ( 739): successfully commited to the backup file,
save bytemap for the next time
01-01 07:00:01.736 D/secnvm ( 739): CommitOp::execute: m_is_skp [1] t_avg usec
[2028] t_min [1057] t_max [3651] count [3]
01-01 07:00:01.736 D/secnvm ( 739): CommitOp::execute: sync [2] write [0] read
[0]
01-01 07:00:01.736 D/spcomlib( 739): [spcom_server_send_response] size [18].
01-01 07:00:01.736 D/spcomlib( 739): [spcom_server_send_response] Write tx_size
[30].
01-01 07:00:01.736 D/secnvm ( 739): setNvmManagerState: is_skp:1, reqId:8,
m_state=4
01-01 07:00:01.736 I/secnvm ( 739): ch [sec_nvm_sp_nvm] Done
01-01 07:00:01.738 I/heimdall( 1232): update_proc_tgid:436, put (282) in root memcg
01-01 07:00:01.738 I/heimdall( 1232): update_proc_tgid:436, put (283) in root memcg
01-01 07:00:01.738 I/heimdall( 1232): update_proc_tgid:436, put (284) in root memcg
01-01 07:00:01.738 I/heimdall( 1232): update_proc_tgid:436, put (285) in root memcg
01-01 07:00:01.739 I/heimdall( 1232): update_proc_tgid:436, put (286) in root memcg
01-01 07:00:01.739 I/heimdall( 1232): update_proc_tgid:436, put (287) in root memcg
01-01 07:00:01.739 I/heimdall( 1232): update_proc_tgid:436, put (288) in root memcg
01-01 07:00:01.739 I/heimdall( 1232): update_proc_tgid:436, put (289) in root memcg
01-01 07:00:01.739 I/StandardCaps( 1121): PixelFormatOutputHelper:
01-01 07:00:01.739 I/StandardCaps( 1121): VENUS_NV12
01-01 07:00:01.739 I/StandardCaps( 1121): VENUS_NV12_UBWC
01-01 07:00:01.739 I/StandardCaps( 1121): VENUS_TP10
01-01 07:00:01.739 I/StandardCaps( 1121): VENUS_P010
01-01 07:00:01.739 I/StandardCaps( 1121): PictureSizeOutputHelper: min [96 96] max
[4096 4096] default [96 96]
01-01 07:00:01.739 I/StandardCaps( 1121): PictureSizeInputHelper: min [96 96] max
[4096 4096] default [96 96]
01-01 07:00:01.739 I/heimdall( 1232): update_proc_tgid:436, put (290) in root memcg
01-01 07:00:01.739 I/StandardCaps( 1121): MaxPictureSizeOutputHelper: min [96 96]
max [4096 4096] default [96 96]
01-01 07:00:01.739 I/StandardCaps( 1121): FrameRateInputHelper: min 1 max 960 step
0 default 30
01-01 07:00:01.739 I/StandardCaps( 1121): OperatingRateHelper: min 30, max 32767,
step 0, default 30
01-01 07:00:01.739 I/heimdall( 1232): update_proc_tgid:436, put (291) in root memcg
01-01 07:00:01.739 E/QC2V4l2Caps( 1121): Failed to read platform HDR value
01-01 07:00:01.739 E/QC2V4l2Caps( 1121): c2 level not found for v4l2 level 0
01-01 07:00:01.739 I/StandardCaps( 1121): ProfileLevelInputHelper: Profiles
01-01 07:00:01.739 I/StandardCaps( 1121): VP9_PROFILE_0
01-01 07:00:01.739 I/StandardCaps( 1121): VP9_PROFILE_2
01-01 07:00:01.739 I/StandardCaps( 1121): ProfileLevelInputHelper: Levels
01-01 07:00:01.739 I/StandardCaps( 1121): 1.0
01-01 07:00:01.739 I/StandardCaps( 1121): 1.1
01-01 07:00:01.739 I/StandardCaps( 1121): 2.0
01-01 07:00:01.739 I/StandardCaps( 1121): 2.1
01-01 07:00:01.739 I/StandardCaps( 1121): 3.0
01-01 07:00:01.739 I/StandardCaps( 1121): 3.1
01-01 07:00:01.739 I/StandardCaps( 1121): 4.0
01-01 07:00:01.739 I/StandardCaps( 1121): 4.1
01-01 07:00:01.739 I/StandardCaps( 1121): 5.0
01-01 07:00:01.739 I/StandardCaps( 1121): 5.1
01-01 07:00:01.739 I/heimdall( 1232): update_proc_tgid:436, put (292) in root memcg
01-01 07:00:01.739 I/heimdall( 1232): update_proc_tgid:436, put (293) in root memcg
01-01 07:00:01.740 I/VendorCaps( 1121): RenderFrameRateOutputHelper: min 0 max 120
step 30 default 0
01-01 07:00:01.740 I/heimdall( 1232): update_proc_tgid:436, put (294) in root memcg
01-01 07:00:01.740 I/VendorCaps( 1121): VideoRefreshRateOutputHelper: min 0 max 120
step 1 default 60
01-01 07:00:01.740 I/heimdall( 1232): update_proc_tgid:436, put (295) in root memcg
01-01 07:00:01.740 I/heimdall( 1232): update_proc_tgid:436, put (296) in root memcg
01-01 07:00:01.740 I/heimdall( 1232): update_proc_tgid:436, put (297) in root memcg
01-01 07:00:01.740 I/heimdall( 1232): update_proc_tgid:436, put (298) in root memcg
01-01 07:00:01.740 I/heimdall( 1232): update_proc_tgid:436, put (299) in root memcg
01-01 07:00:01.740 I/QC2V4l2Driver( 1121): [vp9DSec_0] Closed device driver with
fd: 7
01-01 07:00:01.740 I/heimdall( 1232): update_proc_tgid:436, put (300) in root memcg
01-01 07:00:01.740 E/QC2V4l2Driver( 1121): Invalid device driver fd:-1
01-01 07:00:01.740 I/QC2V4l2Driver( 1121): [vp9DSec_0] Closed device driver with
fd: -1
01-01 07:00:01.740 I/QC2Comp ( 1121): codec capability queried!
01-01 07:00:01.740 I/QC2CompStore( 1121): Added capabilities for
c2.qti.vp9.decoder.secure
01-01 07:00:01.740 I/heimdall( 1232): update_proc_tgid:436, put (301) in root memcg
01-01 07:00:01.741 I/heimdall( 1232): update_proc_tgid:436, put (302) in root memcg
01-01 07:00:01.741 I/heimdall( 1232): update_proc_tgid:436, put (303) in root memcg
01-01 07:00:01.741 I/heimdall( 1232): update_proc_tgid:436, put (304) in root memcg
01-01 07:00:01.741 I/heimdall( 1232): update_proc_tgid:436, put (305) in root memcg
01-01 07:00:01.741 I/heimdall( 1232): update_proc_tgid:436, put (306) in root memcg
01-01 07:00:01.741 I/heimdall( 1232): update_proc_tgid:436, put (307) in root memcg
01-01 07:00:01.741 I/heimdall( 1232): update_proc_tgid:436, put (308) in root memcg
01-01 07:00:01.741 I/QC2Registry( 1121): Getting stages for pipelined codec
01-01 07:00:01.741 I/heimdall( 1232): update_proc_tgid:436, put (309) in root memcg
01-01 07:00:01.741 I/QC2Registry( 1121): Pipelining enabled
01-01 07:00:01.741 I/QC2Registry( 1121): Doesn't support pipelining. Create
standalone codec
01-01 07:00:01.741 I/QC2Registry( 1121): Return standalone codec caps for
c2.qti.avc.encoder
01-01 07:00:01.742 I/QC2V4l2Driver( 1121): [avcE_0] Device /dev/video33 opened with
fd: 7
01-01 07:00:01.742 I/heimdall( 1232): update_proc_tgid:436, put (310) in root memcg
01-01 07:00:01.742 I/heimdall( 1232): update_proc_tgid:436, put (311) in root memcg
01-01 07:00:01.742 I/heimdall( 1232): update_proc_tgid:436, put (312) in root memcg
01-01 07:00:01.742 I/heimdall( 1232): update_proc_tgid:436, put (313) in root memcg
01-01 07:00:01.742 I/heimdall( 1232): update_proc_tgid:436, put (314) in root memcg
01-01 07:00:01.742 I/heimdall( 1232): update_proc_tgid:436, put (315) in root memcg
01-01 07:00:01.742 I/heimdall( 1232): update_proc_tgid:436, put (316) in root memcg
01-01 07:00:01.742 I/heimdall( 1232): update_proc_tgid:436, put (317) in root memcg
01-01 07:00:01.743 I/heimdall( 1232): update_proc_tgid:436, put (318) in root memcg
01-01 07:00:01.743 I/heimdall( 1232): update_proc_tgid:436, put (319) in root memcg
01-01 07:00:01.743 I/heimdall( 1232): update_proc_tgid:436, put (320) in root memcg
01-01 07:00:01.743 I/heimdall( 1232): update_proc_tgid:436, put (321) in root memcg
01-01 07:00:01.743 I/heimdall( 1232): update_proc_tgid:436, put (322) in root memcg
01-01 07:00:01.743 I/heimdall( 1232): update_proc_tgid:436, put (323) in root memcg
01-01 07:00:01.744 I/heimdall( 1232): update_proc_tgid:436, put (324) in root memcg
01-01 07:00:01.744 I/heimdall( 1232): update_proc_tgid:436, put (325) in root memcg
01-01 07:00:01.744 I/heimdall( 1232): update_proc_tgid:436, put (326) in root memcg
01-01 07:00:01.744 I/heimdall( 1232): update_proc_tgid:436, put (327) in root memcg
01-01 07:00:01.745 I/heimdall( 1232): update_proc_tgid:436, put (328) in root memcg
01-01 07:00:01.745 I/heimdall( 1232): update_proc_tgid:436, put (329) in root memcg
01-01 07:00:01.746 I/heimdall( 1232): update_proc_tgid:436, put (330) in root memcg
01-01 07:00:01.746 I/heimdall( 1232): update_proc_tgid:436, put (331) in root memcg
01-01 07:00:01.746 I/heimdall( 1232): update_proc_tgid:436, put (332) in root memcg
01-01 07:00:01.746 I/heimdall( 1232): update_proc_tgid:436, put (333) in root memcg
01-01 07:00:01.746 I/heimdall( 1232): update_proc_tgid:436, put (334) in root memcg
01-01 07:00:01.746 I/heimdall( 1232): update_proc_tgid:436, put (335) in root memcg
01-01 07:00:01.746 I/heimdall( 1232): update_proc_tgid:436, put (336) in root memcg
01-01 07:00:01.747 I/heimdall( 1232): update_proc_tgid:436, put (337) in root memcg
01-01 07:00:01.747 I/heimdall( 1232): update_proc_tgid:436, put (338) in root memcg
01-01 07:00:01.747 I/heimdall( 1232): update_proc_tgid:436, put (339) in root memcg
01-01 07:00:01.747 I/heimdall( 1232): update_proc_tgid:436, put (340) in root memcg
01-01 07:00:01.747 I/heimdall( 1232): update_proc_tgid:436, put (341) in root memcg
01-01 07:00:01.747 I/heimdall( 1232): update_proc_tgid:436, put (342) in root memcg
01-01 07:00:01.747 I/heimdall( 1232): update_proc_tgid:436, put (363) in root memcg
01-01 07:00:01.747 E/QC2V4l2Driver( 1121): [avcE_0] failed to set buffer size limit
to 4
01-01 07:00:01.748 I/heimdall( 1232): update_proc_tgid:436, put (364) in root memcg
01-01 07:00:01.748 I/heimdall( 1232): update_proc_tgid:436, put (365) in root memcg
01-01 07:00:01.748 E/QC2V4l2Caps( 1121): c2 format not found for v4l2 format
0x34363248
01-01 07:00:01.748 I/heimdall( 1232): update_proc_tgid:436, put (366) in root memcg
01-01 07:00:01.748 E/QC2V4l2Caps( 1121): c2 format not found for v4l2 format
0x43564548
01-01 07:00:01.748 E/QC2V4l2Caps( 1121): c2 format not found for v4l2 format
0x3832314e
01-01 07:00:01.748 E/QC2V4l2Caps( 1121): c2 format not found for v4l2 format
0x32313551
01-01 07:00:01.748 I/StandardCaps( 1121): PixelFormatInputHelper:
01-01 07:00:01.748 I/StandardCaps( 1121): VENUS_NV12
01-01 07:00:01.748 I/StandardCaps( 1121): VENUS_NV12_UBWC
01-01 07:00:01.748 I/StandardCaps( 1121): VENUS_NV21
01-01 07:00:01.748 I/StandardCaps( 1121): VENUS_TP10
01-01 07:00:01.748 I/StandardCaps( 1121): VENUS_P010
01-01 07:00:01.748 I/StandardCaps( 1121): RGBA8888_UBWC
01-01 07:00:01.748 I/StandardCaps( 1121): PictureSizeOutputHelper: min [128 128]
max [8192 8192] default [128 128]
01-01 07:00:01.748 I/heimdall( 1232): update_proc_tgid:436, put (367) in root memcg
01-01 07:00:01.748 I/StandardCaps( 1121): PictureSizeInputHelper: min [128 128] max
[8192 8192] default [128 128]
01-01 07:00:01.748 I/StandardCaps( 1121): FrameRateOutputHelper: min 1 max 960 step
0 default 30
01-01 07:00:01.748 I/StandardCaps( 1121): OperatingRateHelper: min 30, max 32767,
step 0, default 30
01-01 07:00:01.748 I/heimdall( 1232): update_proc_tgid:436, put (368) in root memcg
01-01 07:00:01.748 I/StandardCaps( 1121): ProfileLevelOutputHelper: Profiles
01-01 07:00:01.748 I/StandardCaps( 1121): AVC_BP
01-01 07:00:01.748 I/StandardCaps( 1121): AVC_CBP
01-01 07:00:01.748 I/StandardCaps( 1121): AVC_MP
01-01 07:00:01.748 I/StandardCaps( 1121): AVC_HP
01-01 07:00:01.748 I/StandardCaps( 1121): AVC_CHP
01-01 07:00:01.748 I/StandardCaps( 1121): ProfileLevelOutputHelper: Levels
01-01 07:00:01.748 I/StandardCaps( 1121): 1.0
01-01 07:00:01.748 I/StandardCaps( 1121): 1B
01-01 07:00:01.748 I/StandardCaps( 1121): 1.1
01-01 07:00:01.748 I/StandardCaps( 1121): 1.2
01-01 07:00:01.748 I/StandardCaps( 1121): 1.3
01-01 07:00:01.748 I/StandardCaps( 1121): 2.0
01-01 07:00:01.748 I/StandardCaps( 1121): 2.1
01-01 07:00:01.748 I/StandardCaps( 1121): 2.2
01-01 07:00:01.748 I/StandardCaps( 1121): 3.0
01-01 07:00:01.748 I/StandardCaps( 1121): 3.1
01-01 07:00:01.748 I/StandardCaps( 1121): 3.2
01-01 07:00:01.748 I/StandardCaps( 1121): 4.0
01-01 07:00:01.748 I/StandardCaps( 1121): 4.1
01-01 07:00:01.748 I/StandardCaps( 1121): 4.2
01-01 07:00:01.748 I/StandardCaps( 1121): 5.0
01-01 07:00:01.748 I/StandardCaps( 1121): 5.1
01-01 07:00:01.748 I/StandardCaps( 1121): 5.2
01-01 07:00:01.748 I/StandardCaps( 1121): 6.0
01-01 07:00:01.748 I/heimdall( 1232): update_proc_tgid:436, put (369) in root memcg
01-01 07:00:01.748 I/StandardCaps( 1121): BitRateModeHelper: modes
01-01 07:00:01.748 I/StandardCaps( 1121): VBR_CFR
01-01 07:00:01.748 I/StandardCaps( 1121): CBR_CFR
01-01 07:00:01.748 I/StandardCaps( 1121): CBR_VFR
01-01 07:00:01.748 I/StandardCaps( 1121): MBR_CFR
01-01 07:00:01.748 I/StandardCaps( 1121): MBR_VFR
01-01 07:00:01.748 I/StandardCaps( 1121): CQ
01-01 07:00:01.748 W/QC2V4l2Caps( 1121): Param: 0x5200c019, c2 cap not found for
v4l2 cap v4l2::CBR_CFR
01-01 07:00:01.748 W/QC2V4l2Caps( 1121): Param: 0x5200c019, c2 cap not found for
v4l2 cap v4l2::CQ
