01-01 07:00:01.748 I/VendorCaps( 1121): BitRateModeExtHelper: modes
01-01 07:00:01.748 I/VendorCaps( 1121): LEGACY_VBR_VFR
01-01 07:00:01.748 I/VendorCaps( 1121): LEGACY_CBR_VFR
01-01 07:00:01.748 I/VendorCaps( 1121): MBR_CFR
01-01 07:00:01.748 I/VendorCaps( 1121): MBR_VFR
01-01 07:00:01.748 I/VendorCaps( 1121): RC_OFF
01-01 07:00:01.748 I/VendorCaps( 1121): EXT_RC_NOT_SET
01-01 07:00:01.748 I/StandardCaps( 1121): BitrateHelper: min 1 max 220000000 step 1
default 20000000
01-01 07:00:01.748 I/VendorCaps( 1121): RotationInputHelper: min 0 max 270 step 90
default 0
01-01 07:00:01.748 I/heimdall( 1232): update_proc_tgid:436, put (370) in root memcg
01-01 07:00:01.748 I/VendorCaps( 1121): SliceSizeByteModeHelper: min 512 max
150000000 step 1 default 512
01-01 07:00:01.748 I/VendorCaps( 1121): SliceSizeMBModeHelper: min 1 max 36864 step
1 default 1
01-01 07:00:01.748 I/VendorCaps( 1121): VBVDelayHelper: min 0 max 1000 step 500
default 0
01-01 07:00:01.748 I/VendorCaps( 1121): LTRCountHelper: min 0 max 2 step 1 default
0
01-01 07:00:01.748 I/VendorCaps( 1121): UseLTRRequestHelper: min 0 max 0x3ff step
0x1 default 0
01-01 07:00:01.748 I/heimdall( 1232): update_proc_tgid:436, put (371) in root memcg
01-01 07:00:01.748 I/VendorCaps( 1121): MarkLTRRequestHelper: min 0 max 9 step 1
default 0
01-01 07:00:01.748 I/VendorCaps( 1121): DownScalarSettingHelper: min [128 8192] max
[128 8192] default [4294967295 4294967295]
01-01 07:00:01.749 I/heimdall( 1232): update_proc_tgid:436, put (372) in root memcg
01-01 07:00:01.749 I/VendorCaps( 1121): ChromaQPOffsetHelper: min -12 max
2147483647 step 1 default 2147483647
01-01 07:00:01.749 I/VendorCaps( 1121): DynamicFrameRateHelper: min 1 max 960 step
0 default 30
01-01 07:00:01.749 I/heimdall( 1232): update_proc_tgid:436, put (373) in root memcg
01-01 07:00:01.749 I/heimdall( 1232): update_proc_tgid:436, put (374) in root memcg
01-01 07:00:01.749 I/heimdall( 1232): update_proc_tgid:436, put (375) in root memcg
01-01 07:00:01.749 I/heimdall( 1232): update_proc_tgid:436, put (376) in root memcg
01-01 07:00:01.749 I/heimdall( 1232): update_proc_tgid:436, put (377) in root memcg
01-01 07:00:01.749 I/QC2V4l2Driver( 1121): [avcE_0] Closed device driver with fd: 7
01-01 07:00:01.749 E/QC2V4l2Driver( 1121): Invalid device driver fd:-1
01-01 07:00:01.749 I/QC2V4l2Driver( 1121): [avcE_0] Closed device driver with fd: -
1
01-01 07:00:01.749 I/QC2Comp ( 1121): codec capability queried!
01-01 07:00:01.749 I/QC2CompStore( 1121): Added capabilities for c2.qti.avc.encoder
01-01 07:00:01.750 I/heimdall( 1232): update_proc_tgid:436, put (378) in root memcg
01-01 07:00:01.750 I/heimdall( 1232): update_proc_tgid:436, put (379) in root memcg
01-01 07:00:01.750 I/heimdall( 1232): update_proc_tgid:436, put (380) in root memcg
01-01 07:00:01.750 I/heimdall( 1232): update_proc_tgid:436, put (381) in root memcg
01-01 07:00:01.750 I/heimdall( 1232): update_proc_tgid:436, put (382) in root memcg
01-01 07:00:01.750 I/heimdall( 1232): update_proc_tgid:436, put getprop(1344) in
root memcg
01-01 07:00:01.750 I/heimdall( 1232): update_proc_tgid:436, put (383) in root memcg
01-01 07:00:01.750 I/heimdall( 1232): update_proc_tgid:436, put (384) in root memcg
01-01 07:00:01.751 I/heimdall( 1232): update_proc_tgid:436, put (385) in root memcg
01-01 07:00:01.751 I/heimdall( 1232): update_proc_tgid:436, put (386) in root memcg
01-01 07:00:01.751 I/QC2Registry( 1121): Getting stages for pipelined codec
01-01 07:00:01.751 I/QC2Registry( 1121): Pipelining enabled
01-01 07:00:01.751 I/QC2Registry( 1121): Doesn't support pipelining. Create
standalone codec
01-01 07:00:01.751 I/QC2Registry( 1121): Return standalone codec caps for
c2.qti.avc.encoder.secure
01-01 07:00:01.751 I/heimdall( 1232): update_proc_tgid:436, put (387) in root memcg
01-01 07:00:01.751 I/QC2V4l2Driver( 1121): [avcESec_0] Device /dev/video33 opened
with fd: 7
01-01 07:00:01.751 I/heimdall( 1232): update_proc_tgid:436, put (388) in root memcg
01-01 07:00:01.751 I/heimdall( 1232): update_proc_tgid:436, put (389) in root memcg
01-01 07:00:01.751 E/QC2V4l2Driver( 1121): [avcESec_0] failed to set buffer size
limit to 4
01-01 07:00:01.751 I/heimdall( 1232): update_proc_tgid:436, put (390) in root memcg
01-01 07:00:01.751 I/heimdall( 1232): update_proc_tgid:436, put (391) in root memcg
01-01 07:00:01.751 I/heimdall( 1232): update_proc_tgid:436, put (392) in root memcg
01-01 07:00:01.751 E/QC2V4l2Caps( 1121): c2 format not found for v4l2 format
0x34363248
01-01 07:00:01.751 E/QC2V4l2Caps( 1121): c2 format not found for v4l2 format
0x43564548
01-01 07:00:01.751 I/heimdall( 1232): update_proc_tgid:436, put (393) in root memcg
01-01 07:00:01.752 E/QC2V4l2Caps( 1121): c2 format not found for v4l2 format
0x3832314e
01-01 07:00:01.752 I/heimdall( 1232): update_proc_tgid:436, put (394) in root memcg
01-01 07:00:01.752 E/QC2V4l2Caps( 1121): c2 format not found for v4l2 format
0x32313551
01-01 07:00:01.752 I/StandardCaps( 1121): PixelFormatInputHelper:
01-01 07:00:01.752 I/StandardCaps( 1121): VENUS_NV12
01-01 07:00:01.752 I/StandardCaps( 1121): VENUS_NV12_UBWC
01-01 07:00:01.752 I/StandardCaps( 1121): VENUS_NV21
01-01 07:00:01.752 I/StandardCaps( 1121): VENUS_TP10
01-01 07:00:01.752 I/heimdall( 1232): update_proc_tgid:436, put (395) in root memcg
01-01 07:00:01.752 I/StandardCaps( 1121): VENUS_P010
01-01 07:00:01.752 I/StandardCaps( 1121): RGBA8888_UBWC
01-01 07:00:01.752 I/heimdall( 1232): update_proc_tgid:436, put (396) in root memcg
01-01 07:00:01.752 I/StandardCaps( 1121): PictureSizeOutputHelper: min [128 128]
max [8192 8192] default [128 128]
01-01 07:00:01.752 I/StandardCaps( 1121): PictureSizeInputHelper: min [128 128] max
[8192 8192] default [128 128]
01-01 07:00:01.752 I/heimdall( 1232): update_proc_tgid:436, put (397) in root memcg
01-01 07:00:01.752 I/StandardCaps( 1121): FrameRateOutputHelper: min 1 max 960 step
0 default 30
01-01 07:00:01.752 I/StandardCaps( 1121): OperatingRateHelper: min 30, max 32767,
step 0, default 30
01-01 07:00:01.752 I/heimdall( 1232): update_proc_tgid:436, put (398) in root memcg
01-01 07:00:01.752 I/heimdall( 1232): update_proc_tgid:436, put (399) in root memcg
01-01 07:00:01.752 I/heimdall( 1232): update_proc_tgid:436, put (400) in root memcg
01-01 07:00:01.753 I/heimdall( 1232): update_proc_tgid:436, put (401) in root memcg
01-01 07:00:01.753 I/heimdall( 1232): update_proc_tgid:436, put (402) in root memcg
01-01 07:00:01.753 I/StandardCaps( 1121): ProfileLevelOutputHelper: Profiles
01-01 07:00:01.753 I/StandardCaps( 1121): AVC_BP
01-01 07:00:01.753 I/StandardCaps( 1121): AVC_CBP
01-01 07:00:01.753 I/StandardCaps( 1121): AVC_MP
01-01 07:00:01.753 I/StandardCaps( 1121): AVC_HP
01-01 07:00:01.753 I/StandardCaps( 1121): AVC_CHP
01-01 07:00:01.753 I/StandardCaps( 1121): ProfileLevelOutputHelper: Levels
01-01 07:00:01.753 I/StandardCaps( 1121): 1.0
01-01 07:00:01.753 I/heimdall( 1232): update_proc_tgid:436, put (403) in root memcg
01-01 07:00:01.753 I/StandardCaps( 1121): 1B
01-01 07:00:01.753 I/StandardCaps( 1121): 1.1
01-01 07:00:01.753 I/StandardCaps( 1121): 1.2
01-01 07:00:01.753 I/StandardCaps( 1121): 1.3
01-01 07:00:01.753 I/StandardCaps( 1121): 2.0
01-01 07:00:01.753 I/StandardCaps( 1121): 2.1
01-01 07:00:01.753 I/StandardCaps( 1121): 2.2
01-01 07:00:01.753 I/StandardCaps( 1121): 3.0
01-01 07:00:01.753 I/StandardCaps( 1121): 3.1
01-01 07:00:01.753 I/heimdall( 1232): update_proc_tgid:436, put (404) in root memcg
01-01 07:00:01.753 I/StandardCaps( 1121): 3.2
01-01 07:00:01.753 I/StandardCaps( 1121): 4.0
01-01 07:00:01.753 I/StandardCaps( 1121): 4.1
01-01 07:00:01.753 I/StandardCaps( 1121): 4.2
01-01 07:00:01.753 I/StandardCaps( 1121): 5.0
01-01 07:00:01.753 I/StandardCaps( 1121): 5.1
01-01 07:00:01.753 I/StandardCaps( 1121): 5.2
01-01 07:00:01.753 I/StandardCaps( 1121): 6.0
01-01 07:00:01.753 I/heimdall( 1232): update_proc_tgid:436, put (405) in root memcg
01-01 07:00:01.753 I/zygote64( 953): Explicit concurrent copying GC freed
5702(228KB) AllocSpace objects, 0(0B) LOS objects, 49% free, 9032KB/17MB, paused
16us,6us total 21.399ms
01-01 07:00:01.753 I/heimdall( 1232): update_proc_tgid:436, put (406) in root memcg
01-01 07:00:01.753 D/Zygote64Timing( 953): PostZygoteInitGC took to complete: 55ms
01-01 07:00:01.753 D/Zygote64Timing( 953): ZygoteInit took to complete: 807ms
01-01 07:00:01.753 I/StandardCaps( 1121): BitRateModeHelper: modes
01-01 07:00:01.753 I/heimdall( 1232): update_proc_tgid:436, put (407) in root memcg
01-01 07:00:01.753 I/StandardCaps( 1121): VBR_CFR
01-01 07:00:01.753 I/StandardCaps( 1121): CBR_CFR
01-01 07:00:01.753 I/StandardCaps( 1121): CBR_VFR
01-01 07:00:01.753 I/StandardCaps( 1121): MBR_CFR
01-01 07:00:01.753 I/StandardCaps( 1121): MBR_VFR
01-01 07:00:01.753 I/StandardCaps( 1121): CQ
01-01 07:00:01.754 W/QC2V4l2Caps( 1121): Param: 0x5200c019, c2 cap not found for
v4l2 cap v4l2::CBR_CFR
01-01 07:00:01.754 I/heimdall( 1232): update_proc_tgid:436, put (408) in root memcg
01-01 07:00:01.754 W/QC2V4l2Caps( 1121): Param: 0x5200c019, c2 cap not found for
v4l2 cap v4l2::CQ
01-01 07:00:01.754 I/VendorCaps( 1121): BitRateModeExtHelper: modes
01-01 07:00:01.754 I/VendorCaps( 1121): LEGACY_VBR_VFR
01-01 07:00:01.754 I/VendorCaps( 1121): LEGACY_CBR_VFR
01-01 07:00:01.754 I/VendorCaps( 1121): MBR_CFR
01-01 07:00:01.754 I/VendorCaps( 1121): MBR_VFR
01-01 07:00:01.754 I/heimdall( 1232): update_proc_tgid:436, put (409) in root memcg
01-01 07:00:01.754 I/VendorCaps( 1121): RC_OFF
01-01 07:00:01.754 I/VendorCaps( 1121): EXT_RC_NOT_SET
01-01 07:00:01.754 I/StandardCaps( 1121): BitrateHelper: min 1 max 220000000 step 1
default 20000000
01-01 07:00:01.754 I/VendorCaps( 1121): RotationInputHelper: min 0 max 270 step 90
default 0
01-01 07:00:01.754 I/heimdall( 1232): update_proc_tgid:436, put (410) in root memcg
01-01 07:00:01.754 I/VendorCaps( 1121): SliceSizeByteModeHelper: min 512 max
150000000 step 1 default 512
01-01 07:00:01.754 I/heimdall( 1232): update_proc_tgid:436, put (411) in root memcg
01-01 07:00:01.754 I/VendorCaps( 1121): SliceSizeMBModeHelper: min 1 max 36864 step
1 default 1
01-01 07:00:01.754 I/heimdall( 1232): update_proc_tgid:436, put (412) in root memcg
01-01 07:00:01.754 I/VendorCaps( 1121): VBVDelayHelper: min 0 max 1000 step 500
default 0
01-01 07:00:01.754 I/VendorCaps( 1121): LTRCountHelper: min 0 max 2 step 1 default
0
01-01 07:00:01.754 I/VendorCaps( 1121): UseLTRRequestHelper: min 0 max 0x3ff step
0x1 default 0
01-01 07:00:01.754 I/VendorCaps( 1121): MarkLTRRequestHelper: min 0 max 9 step 1
default 0
01-01 07:00:01.755 I/VendorCaps( 1121): DownScalarSettingHelper: min [128 8192] max
[128 8192] default [4294967295 4294967295]
01-01 07:00:01.755 I/heimdall( 1232): update_proc_tgid:436, put (413) in root memcg
01-01 07:00:01.755 I/heimdall( 1232): update_proc_tgid:436, put (414) in root memcg
01-01 07:00:01.755 I/heimdall( 1232): update_proc_tgid:436, put (415) in root memcg
01-01 07:00:01.755 I/heimdall( 1232): update_proc_tgid:436, put (416) in root memcg
01-01 07:00:01.755 I/heimdall( 1232): update_proc_tgid:436, put (417) in root memcg
01-01 07:00:01.755 I/VendorCaps( 1121): ChromaQPOffsetHelper: min -12 max
2147483647 step 1 default 2147483647
01-01 07:00:01.755 I/VendorCaps( 1121): DynamicFrameRateHelper: min 1 max 960 step
0 default 30
01-01 07:00:01.755 I/heimdall( 1232): update_proc_tgid:436, put (418) in root memcg
01-01 07:00:01.755 I/heimdall( 1232): update_proc_tgid:436, put (419) in root memcg
01-01 07:00:01.756 I/heimdall( 1232): update_proc_tgid:436, put (420) in root memcg
01-01 07:00:01.756 I/heimdall( 1232): update_proc_tgid:436, put (421) in root memcg
01-01 07:00:01.756 I/heimdall( 1232): update_proc_tgid:436, put (422) in root memcg
01-01 07:00:01.756 I/heimdall( 1232): update_proc_tgid:436, put (423) in root memcg
01-01 07:00:01.756 I/heimdall( 1232): update_proc_tgid:436, put (424) in root memcg
01-01 07:00:01.756 I/heimdall( 1232): update_proc_tgid:436, put (425) in root memcg
01-01 07:00:01.756 I/heimdall( 1232): update_proc_tgid:436, put (426) in root memcg
01-01 07:00:01.757 I/heimdall( 1232): update_proc_tgid:436, put (427) in root memcg
01-01 07:00:01.757 I/heimdall( 1232): update_proc_tgid:436, put (428) in root memcg
01-01 07:00:01.757 I/heimdall( 1232): update_proc_tgid:436, put (429) in root memcg
01-01 07:00:01.757 I/heimdall( 1232): update_proc_tgid:436, put (430) in root memcg
01-01 07:00:01.757 I/heimdall( 1232): update_proc_tgid:436, put (431) in root memcg
01-01 07:00:01.757 I/Zygote ( 953): !@Boot_EBS_F: zygote forkSystemServer
01-01 07:00:01.757 I/heimdall( 1232): update_proc_tgid:436, put (432) in root memcg
01-01 07:00:01.757 I/heimdall( 1232): update_proc_tgid:436, put (433) in root memcg
01-01 07:00:01.758 I/heimdall( 1232): update_proc_tgid:436, put (434) in root memcg
01-01 07:00:01.758 I/heimdall( 1232): update_proc_tgid:436, put (435) in root memcg
01-01 07:00:01.758 I/heimdall( 1232): update_proc_tgid:436, put (436) in root memcg
01-01 07:00:01.758 I/heimdall( 1232): update_proc_tgid:436, put (437) in root memcg
01-01 07:00:01.758 I/heimdall( 1232): update_proc_tgid:436, put (438) in root memcg
01-01 07:00:01.758 I/heimdall( 1232): update_proc_tgid:436, put (439) in root memcg
01-01 07:00:01.759 I/heimdall( 1232): update_proc_tgid:436, put (440) in root memcg
01-01 07:00:01.759 I/heimdall( 1232): update_proc_tgid:436, put (441) in root memcg
01-01 07:00:01.759 I/heimdall( 1232): update_proc_tgid:436, put (442) in root memcg
01-01 07:00:01.759 I/heimdall( 1232): update_proc_tgid:436, put (443) in root memcg
01-01 07:00:01.759 I/sscrpcd ( 752):
vendor/qcom/proprietary/adsprpc/src/apps_std_imp.c:851: Successfully opened file
/mnt/vendor/persist/sensors/registry/registry/../temp.json
01-01 07:00:01.759 I/heimdall( 1232): update_proc_tgid:436, put (444) in root memcg
01-01 07:00:01.759 I/heimdall( 1232): update_proc_tgid:436, put (445) in root memcg
01-01 07:00:01.760 I/heimdall( 1232): update_proc_tgid:436, put (446) in root memcg
01-01 07:00:01.760 I/heimdall( 1232): update_proc_tgid:436, put (447) in root memcg
01-01 07:00:01.760 D/spcomlib( 738): [spcom_client_send_message_sync] resp_size
[60] pid [487238747392] done.
01-01 07:00:01.760 D/spcomlib( 738): [spcom_unregister_client]
spcom_unregister_client() name [cryptoapp] fd [7] pid [487238747392].
01-01 07:00:01.760 D/spcomlib( 738): [del_ssr_cb] ssr cb deleted!
01-01 07:00:01.760 I/heimdall( 1232): update_proc_tgid:436, put (448) in root memcg
01-01 07:00:01.760 D/spcomlib( 738): [spcomlib_signal_handler] SIGUSR1 detected -
to cancel blocking I/O operation
01-01 07:00:01.760 E/spcomlib( 738): [wait_ssr_event] ioctl error: Interrupted
system call [-1].
01-01 07:00:01.760 I/heimdall( 1232): update_proc_tgid:436, put (449) in root memcg
01-01 07:00:01.760 D/spcomlib( 738): [stop_ssr_thread] Killed thread returned
[ioctl() error].
01-01 07:00:01.760 D/spcomlib( 738): [del_ch] del ch [cryptoapp].
01-01 07:00:01.760 I/heimdall( 1232): update_proc_tgid:436, put (450) in root memcg
01-01 07:00:01.760 D/spcomlib( 738): [spcom_unregister_client]
spcom_unregister_client() pid [487238747392] done.
01-01 07:00:01.760 I/heimdall( 1232): update_proc_tgid:436, put (451) in root memcg
01-01 07:00:01.760 E/iardb ( 738): [iar_db_get_iar_state] failed to open file
/mnt/vendor/spunvm/iar_db/iar_state.bin [2] [No such file or directory]
01-01 07:00:01.760 D/iarlib ( 738): [iar_get_state] Can't get iar_state, return
DISABLED
01-01 07:00:01.761 D/spcomlib( 738): [spcom_wait_for_event] event [1] [nvm_ready]
EVENT_STATUS_SIGNALED
01-01 07:00:01.761 I/heimdall( 1232): update_proc_tgid:436, put (452) in root memcg
01-01 07:00:01.761 D/spcomlib( 738): [spcom_register_client_with_max_retry]
spcom_register_client() name [spdaemon_ssr] pid [487238747392]
01-01 07:00:01.761 D/spcomlib( 738): [spcom_open] ch [spdaemon_ssr] doesn't exist,
create it.
01-01 07:00:01.761 D/spcomlib( 738): [spcom_create_channel] Create Channel
[spdaemon_ssr].
01-01 07:00:01.761 I/heimdall( 1232): update_proc_tgid:436, put (453) in root memcg
01-01 07:00:01.761 I/heimdall( 1232): update_proc_tgid:436, put (454) in root memcg
01-01 07:00:01.761 I/heimdall( 1232): update_proc_tgid:436, put (455) in root memcg
01-01 07:00:01.761 I/heimdall( 1232): update_proc_tgid:436, put (456) in root memcg
01-01 07:00:01.761 I/heimdall( 1232): update_proc_tgid:436, put (457) in root memcg
01-01 07:00:01.761 I/heimdall( 1232): update_proc_tgid:436, put (458) in root memcg
01-01 07:00:01.761 I/heimdall( 1232): update_proc_tgid:436, put (459) in root memcg
01-01 07:00:01.762 I/heimdall( 1232): update_proc_tgid:436, put (460) in root memcg
01-01 07:00:01.762 I/heimdall( 1232): update_proc_tgid:436, put (461) in root memcg
01-01 07:00:01.762 I/heimdall( 1232): update_proc_tgid:436, put (462) in root memcg
01-01 07:00:01.762 I/heimdall( 1232): update_proc_tgid:436, put (463) in root memcg
01-01 07:00:01.762 I/heimdall( 1232): update_proc_tgid:436, put (464) in root memcg
01-01 07:00:01.762 I/heimdall( 1232): update_proc_tgid:436, put (465) in root memcg
01-01 07:00:01.762 I/heimdall( 1232): update_proc_tgid:436, put (466) in root memcg
01-01 07:00:01.762 I/heimdall( 1232): update_proc_tgid:436, put (467) in root memcg
01-01 07:00:01.763 I/heimdall( 1232): update_proc_tgid:436, put (468) in root memcg
01-01 07:00:01.763 I/sscrpcd ( 752):
vendor/qcom/proprietary/adsprpc/src/apps_std_imp.c:851: Successfully opened file
/vendor/etc/sensors/config/faroe_irq.json
01-01 07:00:01.763 I/heimdall( 1232): update_proc_tgid:436, put
/system/bin/init(471) in root memcg
01-01 07:00:01.763 I/sscrpcd ( 752):
vendor/qcom/proprietary/adsprpc/src/apps_std_imp.c:851: Successfully opened file
/vendor/etc/sensors/config/faroe_irq.json
01-01 07:00:01.763 I/heimdall( 1232): update_proc_tgid:436, put
/system/bin/ueventd(473) in root memcg
01-01 07:00:01.764 I/heimdall( 1232): update_proc_tgid:436, put (488) in root memcg
01-01 07:00:01.763 I/QC2V4l2Driver( 1121): [avcESec_0] Closed device driver with
fd: 7
01-01 07:00:01.764 I/heimdall( 1232): update_proc_tgid:436, put (489) in root memcg
01-01 07:00:01.764 E/QC2V4l2Driver( 1121): Invalid device driver fd:-1
01-01 07:00:01.764 I/QC2V4l2Driver( 1121): [avcESec_0] Closed device driver with
fd: -1
01-01 07:00:01.764 I/heimdall( 1232): update_proc_tgid:436, put (490) in root memcg
01-01 07:00:01.764 I/QC2Comp ( 1121): codec capability queried!
01-01 07:00:01.764 I/heimdall( 1232): update_proc_tgid:436, put (491) in root memcg
01-01 07:00:01.764 I/QC2CompStore( 1121): Added capabilities for
c2.qti.avc.encoder.secure
01-01 07:00:01.764 I/heimdall( 1232): update_proc_tgid:436, put (492) in root memcg
01-01 07:00:01.764 I/heimdall( 1232): update_proc_tgid:436, put (493) in root memcg
01-01 07:00:01.764 I/heimdall( 1232): update_proc_tgid:436, put (494) in root memcg
01-01 07:00:01.764 I/sscrpcd ( 752):
vendor/qcom/proprietary/adsprpc/src/apps_std_imp.c:851: Successfully opened file
/mnt/vendor/persist/sensors/registry/registry/../temp.json
01-01 07:00:01.765 I/heimdall( 1232): update_proc_tgid:436, put (495) in root memcg
01-01 07:00:01.765 I/heimdall( 1232): update_proc_tgid:436, put (496) in root memcg
01-01 07:00:01.765 I/heimdall( 1232): update_proc_tgid:436, put (497) in root memcg
01-01 07:00:01.765 I/heimdall( 1232): update_proc_tgid:436, put (507) in root memcg
01-01 07:00:01.765 I/heimdall( 1232): update_proc_tgid:436, put (535) in root memcg
01-01 07:00:01.765 I/heimdall( 1232): update_proc_tgid:436, put (599) in root memcg
01-01 07:00:01.765 I/heimdall( 1232): update_proc_tgid:436, put (600) in root memcg
01-01 07:00:01.765 I/heimdall( 1232): update_proc_tgid:436, put (601) in root memcg
01-01 07:00:01.766 I/heimdall( 1232): update_proc_tgid:436, put (602) in root memcg
01-01 07:00:01.766 I/heimdall( 1232): update_proc_tgid:436, put (603) in root memcg
01-01 07:00:01.766 I/heimdall( 1232): update_proc_tgid:436, put (604) in root memcg
01-01 07:00:01.766 I/heimdall( 1232): update_proc_tgid:436, put (605) in root memcg
01-01 07:00:01.766 I/heimdall( 1232): update_proc_tgid:436, put (606) in root memcg
01-01 07:00:01.766 I/heimdall( 1232): update_proc_tgid:436, put (607) in root memcg
01-01 07:00:01.766 I/heimdall( 1232): update_proc_tgid:436, put (608) in root memcg
01-01 07:00:01.767 I/heimdall( 1232): update_proc_tgid:436, put (609) in root memcg
01-01 07:00:01.767 I/sscrpcd ( 752):
vendor/qcom/proprietary/adsprpc/src/apps_std_imp.c:851: Successfully opened file
/vendor/etc/sensors/config/faroe_idp_lsm6dst_0.json
01-01 07:00:01.767 I/heimdall( 1232): update_proc_tgid:436, put (610) in root memcg
01-01 07:00:01.767 I/heimdall( 1232): update_proc_tgid:436, put (611) in root memcg
01-01 07:00:01.767 I/heimdall( 1232): update_proc_tgid:436, put (612) in root memcg
01-01 07:00:01.767 I/sscrpcd ( 752):
vendor/qcom/proprietary/adsprpc/src/apps_std_imp.c:851: Successfully opened file
/vendor/etc/sensors/config/faroe_idp_lsm6dst_0.json
01-01 07:00:01.767 I/heimdall( 1232): update_proc_tgid:436, put (613) in root memcg
01-01 07:00:01.767 I/heimdall( 1232): update_proc_tgid:436, put (614) in root memcg
01-01 07:00:01.767 I/heimdall( 1232): update_proc_tgid:436, put (615) in root memcg
01-01 07:00:01.768 I/heimdall( 1232): update_proc_tgid:436, put (616) in root memcg
01-01 07:00:01.768 I/heimdall( 1232): update_proc_tgid:436, put (617) in root memcg
01-01 07:00:01.768 I/heimdall( 1232): update_proc_tgid:436, put (618) in root memcg
01-01 07:00:01.768 I/heimdall( 1232): update_proc_tgid:436, put (619) in root memcg
01-01 07:00:01.768 I/heimdall( 1232): update_proc_tgid:436, put (620) in root memcg
01-01 07:00:01.768 I/heimdall( 1232): update_proc_tgid:436, put (621) in root memcg
01-01 07:00:01.768 I/heimdall( 1232): update_proc_tgid:436, put (622) in root memcg
01-01 07:00:01.769 I/heimdall( 1232): update_proc_tgid:436, put (623) in root memcg
01-01 07:00:01.769 I/heimdall( 1232): update_proc_tgid:436, put (624) in root memcg
01-01 07:00:01.769 I/heimdall( 1232): update_proc_tgid:436, put (625) in root memcg
01-01 07:00:01.769 I/heimdall( 1232): update_proc_tgid:436, put (626) in root memcg
01-01 07:00:01.769 I/heimdall( 1232): update_proc_tgid:436, put (627) in root memcg
01-01 07:00:01.769 I/heimdall( 1232): update_proc_tgid:436, put (628) in root memcg
01-01 07:00:01.770 I/heimdall( 1232): update_proc_tgid:436, put (629) in root memcg
01-01 07:00:01.770 I/heimdall( 1232): update_proc_tgid:436, put (630) in root memcg
01-01 07:00:01.770 I/QC2Registry( 1121): Getting stages for pipelined codec
01-01 07:00:01.770 I/heimdall( 1232): update_proc_tgid:436, put (631) in root memcg
01-01 07:00:01.770 I/QC2Registry( 1121): Pipelining enabled
01-01 07:00:01.770 I/QC2Registry( 1121): Doesn't support pipelining. Create
standalone codec
01-01 07:00:01.770 I/QC2Registry( 1121): Return standalone codec caps for
c2.qti.hevc.encoder
01-01 07:00:01.770 I/heimdall( 1232): update_proc_tgid:436, put (632) in root memcg
01-01 07:00:01.770 I/heimdall( 1232): update_proc_tgid:436, put (633) in root memcg
01-01 07:00:01.770 I/QC2V4l2Driver( 1121): [hevcE_0] Device /dev/video33 opened
with fd: 7
01-01 07:00:01.771 I/heimdall( 1232): update_proc_tgid:436, put (635) in root memcg
01-01 07:00:01.771 I/heimdall( 1232): update_proc_tgid:436, put (636) in root memcg
01-01 07:00:01.771 I/heimdall( 1232): update_proc_tgid:436, put (637) in root memcg
01-01 07:00:01.771 I/heimdall( 1232): update_proc_tgid:436, put (638) in root memcg
01-01 07:00:01.772 I/heimdall( 1232): update_proc_tgid:436, put (639) in root memcg
01-01 07:00:01.772 I/sscrpcd ( 752):
vendor/qcom/proprietary/adsprpc/src/apps_std_imp.c:851: Successfully opened file
/mnt/vendor/persist/sensors/registry/registry/../temp.json
01-01 07:00:01.773 I/heimdall( 1232): update_proc_tgid:436, put (641) in root memcg
01-01 07:00:01.773 I/heimdall( 1232): update_proc_tgid:436, put
/system/bin/logd(663) in root memcg
01-01 07:00:01.774 I/sscrpcd ( 752):
vendor/qcom/proprietary/adsprpc/src/apps_std_imp.c:851: Successfully opened file
/vendor/etc/sensors/config/faroe_vertigo_lsm6dst_0.json
01-01 07:00:01.774 I/heimdall( 1232): update_proc_tgid:436, put
/system/bin/lmkd(664) in root memcg
01-01 07:00:01.774 I/sscrpcd ( 752):
vendor/qcom/proprietary/adsprpc/src/apps_std_imp.c:851: Successfully opened file
/vendor/etc/sensors/config/faroe_vertigo_lsm6dst_0.json
01-01 07:00:01.774 I/heimdall( 1232): update_proc_tgid:436, put
/system/bin/servicemanager(665) in root memcg
01-01 07:00:01.775 I/heimdall( 1232): update_proc_tgid:436, put
/system/bin/hwservicemanager(666) in root memcg
01-01 07:00:01.775 I/sscrpcd ( 752):
vendor/qcom/proprietary/adsprpc/src/apps_std_imp.c:851: Successfully opened file
/mnt/vendor/persist/sensors/registry/registry/../temp.json
01-01 07:00:01.775 I/heimdall( 1232): update_proc_tgid:436, put
/vendor/bin/vndservicemanager(667) in root memcg
01-01 07:00:01.775 I/heimdall( 1232): update_proc_tgid:436, put (668) in root memcg
01-01 07:00:01.775 I/heimdall( 1232): update_proc_tgid:436, put
/vendor/bin/hw/android.hardware.keymaster@4.0-strongbox-service-qti(680) in root
memcg
01-01 07:00:01.776 I/heimdall( 1232): update_proc_tgid:436, put
/vendor/bin/qseecomd(682) in root memcg
01-01 07:00:01.776 I/heimdall( 1232): update_proc_tgid:436, put
/vendor/bin/hw/vendor.qti.hardware.qseecom@1.0-service(683) in root memcg
01-01 07:00:01.776 I/sscrpcd ( 752):
vendor/qcom/proprietary/adsprpc/src/apps_std_imp.c:851: Successfully opened file
/vendor/etc/sensors/config/faroe_lsm6dst_0.json
01-01 07:00:01.777 I/heimdall( 1232): update_proc_tgid:436, put
/system/bin/vold(684) in root memcg
01-01 07:00:01.777 I/sscrpcd ( 752):
vendor/qcom/proprietary/adsprpc/src/apps_std_imp.c:851: Successfully opened file
/vendor/etc/sensors/config/faroe_lsm6dst_0.json
01-01 07:00:01.777 I/heimdall( 1232): update_proc_tgid:436, put (706) in root memcg
01-01 07:00:01.777 I/heimdall( 1232): update_proc_tgid:436, put (707) in root memcg
01-01 07:00:01.777 I/heimdall( 1232): update_proc_tgid:436, put (708) in root memcg
01-01 07:00:01.777 I/heimdall( 1232): update_proc_tgid:436, put (710) in root memcg
01-01 07:00:01.777 I/heimdall( 1232): update_proc_tgid:436, put (711) in root memcg
01-01 07:00:01.778 I/heimdall( 1232): update_proc_tgid:436, put (713) in root memcg
01-01 07:00:01.778 I/heimdall( 1232): update_proc_tgid:436, put (714) in root memcg
01-01 07:00:01.778 I/heimdall( 1232): update_proc_tgid:436, put (716) in root memcg
01-01 07:00:01.778 I/heimdall( 1232): update_proc_tgid:436, put (717) in root memcg
01-01 07:00:01.778 I/heimdall( 1232): update_proc_tgid:436, put (719) in root memcg
01-01 07:00:01.778 I/heimdall( 1232): update_proc_tgid:436, put (720) in root memcg
01-01 07:00:01.779 I/heimdall( 1232): update_proc_tgid:436, put (721) in root memcg
01-01 07:00:01.779 I/heimdall( 1232): update_proc_tgid:436, put (722) in root memcg
01-01 07:00:01.779 I/heimdall( 1232): update_proc_tgid:436, put (725) in root memcg
01-01 07:00:01.779 I/heimdall( 1232): update_proc_tgid:436, put (726) in root memcg
01-01 07:00:01.779 I/heimdall( 1232): update_proc_tgid:436, put (728) in root memcg
01-01 07:00:01.780 I/heimdall( 1232): update_proc_tgid:436, put (729) in root memcg
01-01 07:00:01.780 I/heimdall( 1232): update_proc_tgid:436, put (730) in root memcg
01-01 07:00:01.780 I/heimdall( 1232): update_proc_tgid:436, put (732) in root memcg
01-01 07:00:01.780 I/heimdall( 1232): update_proc_tgid:436, put (733) in root memcg
01-01 07:00:01.780 I/sscrpcd ( 752):
vendor/qcom/proprietary/adsprpc/src/apps_std_imp.c:851: Successfully opened file
/mnt/vendor/persist/sensors/registry/registry/../temp.json
01-01 07:00:01.780 I/heimdall( 1232): update_proc_tgid:436, put
/vendor/bin/iod(735) in root memcg
01-01 07:00:01.781 I/heimdall( 1232): update_proc_tgid:436, put
/vendor/bin/spdaemon(738) in root memcg
01-01 07:00:01.781 I/heimdall( 1232): update_proc_tgid:436, put
/vendor/bin/sec_nvm(739) in root memcg
01-01 07:00:01.782 I/heimdall( 1232): update_proc_tgid:436, put
/system/vendor/bin/ipacm(740) in root memcg
01-01 07:00:01.782 I/sscrpcd ( 752):
vendor/qcom/proprietary/adsprpc/src/apps_std_imp.c:851: Successfully opened file
/vendor/etc/sensors/config/faroe_idp_ak991x_0.json
01-01 07:00:01.782 I/sscrpcd ( 752):
vendor/qcom/proprietary/adsprpc/src/apps_std_imp.c:851: Successfully opened file
/vendor/etc/sensors/config/faroe_idp_ak991x_0.json
01-01 07:00:01.782 I/heimdall( 1232): update_proc_tgid:436, put
/system/bin/hw/android.system.suspend@1.0-service(741) in root memcg
01-01 07:00:01.783 I/heimdall( 1232): update_proc_tgid:436, put
/system/bin/keystore2(742) in root memcg
01-01 07:00:01.783 I/sscrpcd ( 752):
vendor/qcom/proprietary/adsprpc/src/apps_std_imp.c:851: Successfully opened file
/mnt/vendor/persist/sensors/registry/registry/../temp.json
01-01 07:00:01.783 I/heimdall( 1232): update_proc_tgid:436, put
/vendor/bin/hw/android.hardware.atrace@1.0-service(743) in root memcg
01-01 07:00:01.784 I/heimdall( 1232): update_proc_tgid:436, put
/vendor/bin/hw/android.hardware.keymaster@4.0-service(750) in root memcg
01-01 07:00:01.785 I/heimdall( 1232): update_proc_tgid:436, put
/vendor/bin/vendor.samsung.hardware.security.engmode@1.0-service(751) in root memcg
01-01 07:00:01.785 I/heimdall( 1232): update_proc_tgid:436, put
/vendor/bin/sscrpcd(752) in root memcg
01-01 07:00:01.785 I/heimdall( 1232): update_proc_tgid:436, put (753) in root memcg
01-01 07:00:01.785 D/ProcessState( 1323): Binder ioctl to enable oneway spam
detection failed: Invalid argument
01-01 07:00:01.785 I/heimdall( 1232): update_proc_tgid:436, put (785) in root memcg
01-01 07:00:01.786 I/heimdall( 1232): update_proc_tgid:436, put (788) in root memcg
01-01 07:00:01.786 I/heimdall( 1232): update_proc_tgid:436, put (789) in root memcg
01-01 07:00:01.786 I/heimdall( 1232): update_proc_tgid:436, put (790) in root memcg
01-01 07:00:01.786 E/QC2V4l2Driver( 1121): [hevcE_0] failed to set buffer size
limit to 4
01-01 07:00:01.786 I/heimdall( 1232): update_proc_tgid:436, put
/vendor/bin/vendor.samsung.hardware.security.proca@2.0-service(791) in root memcg
01-01 07:00:01.786 E/QC2V4l2Caps( 1121): c2 format not found for v4l2 format
0x34363248
01-01 07:00:01.787 E/QC2V4l2Caps( 1121): c2 format not found for v4l2 format
0x43564548
01-01 07:00:01.787 I/heimdall( 1232): update_proc_tgid:436, put
/vendor/bin/vaultkeeperd(792) in root memcg
01-01 07:00:01.787 E/QC2V4l2Caps( 1121): c2 format not found for v4l2 format
0x3832314e
01-01 07:00:01.787 E/QC2V4l2Caps( 1121): c2 format not found for v4l2 format
0x32313551
01-01 07:00:01.787 I/StandardCaps( 1121): PixelFormatInputHelper:
01-01 07:00:01.787 I/StandardCaps( 1121): VENUS_NV12
01-01 07:00:01.787 I/sscrpcd ( 752):
vendor/qcom/proprietary/adsprpc/src/apps_std_imp.c:851: Successfully opened file
/vendor/etc/sensors/config/sns_flip_state.json
01-01 07:00:01.787 I/StandardCaps( 1121): VENUS_NV12_UBWC
01-01 07:00:01.787 I/StandardCaps( 1121): VENUS_NV21
01-01 07:00:01.787 I/StandardCaps( 1121): VENUS_TP10
01-01 07:00:01.787 I/StandardCaps( 1121): VENUS_P010
01-01 07:00:01.787 I/StandardCaps( 1121): RGBA8888_UBWC
01-01 07:00:01.787 I/heimdall( 1232): update_proc_tgid:436, put
/vendor/bin/vendor.samsung.hardware.security.vaultkeeper@2.0-service(793) in root
memcg
01-01 07:00:01.787 I/sscrpcd ( 752):
vendor/qcom/proprietary/adsprpc/src/apps_std_imp.c:851: Successfully opened file
/vendor/etc/sensors/config/sns_flip_state.json
01-01 07:00:01.787 I/StandardCaps( 1121): PictureSizeOutputHelper: min [128 128]
max [8192 8192] default [128 128]
01-01 07:00:01.787 I/StandardCaps( 1121): PictureSizeInputHelper: min [128 128] max
[8192 8192] default [128 128]
01-01 07:00:01.787 I/StandardCaps( 1121): FrameRateOutputHelper: min 1 max 960 step
0 default 30
01-01 07:00:01.787 I/heimdall( 1232): update_proc_tgid:436, put getprop(1348) in
root memcg
01-01 07:00:01.787 I/heimdall( 1232): update_proc_tgid:436, put
/vendor/bin/storkd(794) in root memcg
01-01 07:00:01.788 I/heimdall( 1232): update_proc_tgid:436, put
/system/bin/tombstoned(799) in root memcg
01-01 07:00:01.788 I/StandardCaps( 1121): OperatingRateHelper: min 30, max 32767,
step 0, default 30
01-01 07:00:01.788 I/heimdall( 1232): update_proc_tgid:436, put
/system/bin/apexd(803) in root memcg
01-01 07:00:01.788 I/heimdall( 1232): update_proc_tgid:436, put (808) in root memcg
01-01 07:00:01.788 E/QC2V4l2Caps( 1121): Failed to read platform HDR value
01-01 07:00:01.788 I/heimdall( 1232): update_proc_tgid:436, put (809) in root memcg
01-01 07:00:01.788 I/StandardCaps( 1121): ProfileLevelOutputHelper: Profiles
01-01 07:00:01.789 I/StandardCaps( 1121): HEVC_MAIN
01-01 07:00:01.789 I/StandardCaps( 1121): HEVC_MAIN_STLL
01-01 07:00:01.789 I/heimdall( 1232): update_proc_tgid:436, put (810) in root memcg
01-01 07:00:01.789 I/StandardCaps( 1121): HEVC_MAIN10
01-01 07:00:01.789 I/StandardCaps( 1121): ProfileLevelOutputHelper: Levels
01-01 07:00:01.789 I/StandardCaps( 1121): Main 1.0
01-01 07:00:01.789 I/StandardCaps( 1121): Main 2.0
01-01 07:00:01.789 I/StandardCaps( 1121): Main 2.1
01-01 07:00:01.789 I/StandardCaps( 1121): Main 3.0
01-01 07:00:01.789 I/StandardCaps( 1121): Main 3.1
01-01 07:00:01.789 I/StandardCaps( 1121): Main 4.0
01-01 07:00:01.789 I/StandardCaps( 1121): Main 4.1
01-01 07:00:01.789 I/StandardCaps( 1121): Main 5.0
01-01 07:00:01.789 I/heimdall( 1232): update_proc_tgid:436, put (811) in root memcg
01-01 07:00:01.789 I/StandardCaps( 1121): Main 5.1
01-01 07:00:01.789 I/StandardCaps( 1121): Main 5.2
01-01 07:00:01.789 I/StandardCaps( 1121): Main 6.0
01-01 07:00:01.789 I/StandardCaps( 1121): High 1.0
01-01 07:00:01.789 I/StandardCaps( 1121): High 2.0
01-01 07:00:01.789 I/StandardCaps( 1121): High 2.1
01-01 07:00:01.789 I/StandardCaps( 1121): High 3.0
01-01 07:00:01.789 I/StandardCaps( 1121): High 3.1
01-01 07:00:01.789 I/StandardCaps( 1121): High 4.0
01-01 07:00:01.789 I/heimdall( 1232): update_proc_tgid:436, put (812) in root memcg
01-01 07:00:01.789 I/StandardCaps( 1121): High 4.1
01-01 07:00:01.789 I/StandardCaps( 1121): High 5.0
01-01 07:00:01.789 I/StandardCaps( 1121): High 5.1
01-01 07:00:01.789 I/StandardCaps( 1121): High 5.2
01-01 07:00:01.789 I/StandardCaps( 1121): High 6.0
01-01 07:00:01.789 I/heimdall( 1232): update_proc_tgid:436, put (813) in root memcg
01-01 07:00:01.789 I/heimdall( 1232): update_proc_tgid:436, put (814) in root memcg
01-01 07:00:01.789 I/heimdall( 1232): update_proc_tgid:436, put (815) in root memcg
01-01 07:00:01.789 I/StandardCaps( 1121): BitRateModeHelper: modes
01-01 07:00:01.789 I/StandardCaps( 1121): VBR_CFR
01-01 07:00:01.789 I/StandardCaps( 1121): CBR_CFR
01-01 07:00:01.789 I/StandardCaps( 1121): CBR_VFR
01-01 07:00:01.789 I/StandardCaps( 1121): MBR_CFR
01-01 07:00:01.789 I/StandardCaps( 1121): MBR_VFR
01-01 07:00:01.789 I/StandardCaps( 1121): CQ
01-01 07:00:01.789 I/heimdall( 1232): update_proc_tgid:436, put (816) in root memcg
01-01 07:00:01.789 W/QC2V4l2Caps( 1121): Param: 0x5200c019, c2 cap not found for
v4l2 cap v4l2::CBR_CFR
01-01 07:00:01.789 W/QC2V4l2Caps( 1121): Param: 0x5200c019, c2 cap not found for
v4l2 cap v4l2::CQ
01-01 07:00:01.789 I/heimdall( 1232): update_proc_tgid:436, put (817) in root memcg
01-01 07:00:01.790 I/VendorCaps( 1121): BitRateModeExtHelper: modes
01-01 07:00:01.790 I/heimdall( 1232): update_proc_tgid:436, put (818) in root memcg
01-01 07:00:01.790 I/VendorCaps( 1121): LEGACY_VBR_VFR
01-01 07:00:01.790 I/heimdall( 1232): update_proc_tgid:436, put (819) in root memcg
01-01 07:00:01.790 I/VendorCaps( 1121): LEGACY_CBR_VFR
01-01 07:00:01.790 I/VendorCaps( 1121): MBR_CFR
01-01 07:00:01.790 I/VendorCaps( 1121): MBR_VFR
01-01 07:00:01.790 I/heimdall( 1232): update_proc_tgid:436, put (820) in root memcg
01-01 07:00:01.790 I/VendorCaps( 1121): RC_OFF
01-01 07:00:01.790 I/VendorCaps( 1121): EXT_RC_NOT_SET
01-01 07:00:01.790 I/StandardCaps( 1121): BitrateHelper: min 1 max 160000000 step 1
default 20000000
01-01 07:00:01.790 I/StandardCaps( 1121): QualityTuningHelper: min 0 max 100 step 1
default 95
01-01 07:00:01.790 I/VendorCaps( 1121): RotationInputHelper: min 0 max 270 step 90
default 0
01-01 07:00:01.790 I/VendorCaps( 1121): SliceSizeByteModeHelper: min 512 max
150000000 step 1 default 512
01-01 07:00:01.790 I/VendorCaps( 1121): SliceSizeMBModeHelper: min 1 max 36864 step
1 default 1
01-01 07:00:01.791 I/heimdall( 1232): update_proc_tgid:436, put (821) in root memcg
01-01 07:00:01.791 I/VendorCaps( 1121): VBVDelayHelper: min 0 max 1000 step 500
default 0
01-01 07:00:01.791 I/VendorCaps( 1121): LTRCountHelper: min 0 max 2 step 1 default
0
01-01 07:00:01.791 I/heimdall( 1232): update_proc_tgid:436, put (822) in root memcg
01-01 07:00:01.791 I/VendorCaps( 1121): UseLTRRequestHelper: min 0 max 0x3ff step
0x1 default 0
01-01 07:00:01.791 I/VendorCaps( 1121): MarkLTRRequestHelper: min 0 max 9 step 1
default 0
01-01 07:00:01.791 I/heimdall( 1232): update_proc_tgid:436, put (823) in root memcg
01-01 07:00:01.791 I/VendorCaps( 1121): DownScalarSettingHelper: min [128 8192] max
[128 8192] default [4294967295 4294967295]
01-01 07:00:01.791 I/heimdall( 1232): update_proc_tgid:436, put (824) in root memcg
01-01 07:00:01.791 I/heimdall( 1232): update_proc_tgid:436, put (825) in root memcg
01-01 07:00:01.791 I/heimdall( 1232): update_proc_tgid:436, put (826) in root memcg
01-01 07:00:01.791 I/heimdall( 1232): update_proc_tgid:436, put (827) in root memcg
01-01 07:00:01.792 I/heimdall( 1232): update_proc_tgid:436, put (828) in root memcg
01-01 07:00:01.792 I/heimdall( 1232): update_proc_tgid:436, put (829) in root memcg
01-01 07:00:01.792 I/VendorCaps( 1121): ChromaQPOffsetHelper: min -12 max
2147483647 step 1 default 2147483647
01-01 07:00:01.792 I/VendorCaps( 1121): DynamicFrameRateHelper: min 1 max 960 step
0 default 30
01-01 07:00:01.792 I/heimdall( 1232): update_proc_tgid:436, put (830) in root memcg
01-01 07:00:01.792 I/heimdall( 1232): update_proc_tgid:436, put (831) in root memcg
01-01 07:00:01.792 I/heimdall( 1232): update_proc_tgid:436, put (832) in root memcg
01-01 07:00:01.792 I/heimdall( 1232): update_proc_tgid:436, put (833) in root memcg
01-01 07:00:01.792 I/heimdall( 1232): update_proc_tgid:436, put (834) in root memcg
01-01 07:00:01.793 I/heimdall( 1232): update_proc_tgid:436, put (835) in root memcg
01-01 07:00:01.793 I/heimdall( 1232): update_proc_tgid:436, put (836) in root memcg
01-01 07:00:01.793 I/heimdall( 1232): update_proc_tgid:436, put (837) in root memcg
01-01 07:00:01.793 I/QC2V4l2Driver( 1121): [hevcE_0] Closed device driver with fd:
7
01-01 07:00:01.793 E/QC2V4l2Driver( 1121): Invalid device driver fd:-1
01-01 07:00:01.793 I/QC2V4l2Driver( 1121): [hevcE_0] Closed device driver with fd:
-1
01-01 07:00:01.793 I/QC2Comp ( 1121): codec capability queried!
01-01 07:00:01.793 I/heimdall( 1232): update_proc_tgid:436, put (838) in root memcg
01-01 07:00:01.793 I/QC2CompStore( 1121): Added capabilities for
c2.qti.hevc.encoder
01-01 07:00:01.793 I/heimdall( 1232): update_proc_tgid:436, put (839) in root memcg
01-01 07:00:01.793 I/heimdall( 1232): update_proc_tgid:436, put (840) in root memcg
01-01 07:00:01.793 I/heimdall( 1232): update_proc_tgid:436, put (841) in root memcg
01-01 07:00:01.794 I/heimdall( 1232): update_proc_tgid:436, put (842) in root memcg
01-01 07:00:01.794 I/heimdall( 1232): update_proc_tgid:436, put (843) in root memcg
01-01 07:00:01.794 I/heimdall( 1232): update_proc_tgid:436, put (844) in root memcg
01-01 07:00:01.794 I/heimdall( 1232): update_proc_tgid:436, put (845) in root memcg
01-01 07:00:01.794 I/heimdall( 1232): update_proc_tgid:436, put (846) in root memcg
01-01 07:00:01.794 I/heimdall( 1232): update_proc_tgid:436, put (847) in root memcg
01-01 07:00:01.794 I/heimdall( 1232): update_proc_tgid:436, put (848) in root memcg
01-01 07:00:01.795 I/heimdall( 1232): update_proc_tgid:436, put (849) in root memcg
01-01 07:00:01.795 I/QC2Registry( 1121): Getting stages for pipelined codec
01-01 07:00:01.795 I/QC2Registry( 1121): Pipelining enabled
01-01 07:00:01.795 I/QC2Registry( 1121): Doesn't support pipelining. Create
standalone codec
01-01 07:00:01.795 I/QC2Registry( 1121): Return standalone codec caps for
c2.qti.hevc.encoder.secure
01-01 07:00:01.795 I/heimdall( 1232): update_proc_tgid:436, put (850) in root memcg
01-01 07:00:01.795 I/QC2V4l2Driver( 1121): [hevcESec_0] Device /dev/video33 opened
with fd: 7
01-01 07:00:01.795 I/heimdall( 1232): update_proc_tgid:436, put (851) in root memcg
01-01 07:00:01.795 I/heimdall( 1232): update_proc_tgid:436, put (852) in root memcg
01-01 07:00:01.795 I/heimdall( 1232): update_proc_tgid:436, put (853) in root memcg
01-01 07:00:01.795 I/heimdall( 1232): update_proc_tgid:436, put (854) in root memcg
01-01 07:00:01.796 I/heimdall( 1232): update_proc_tgid:436, put (855) in root memcg
01-01 07:00:01.796 I/heimdall( 1232): update_proc_tgid:436, put (856) in root memcg
01-01 07:00:01.796 I/heimdall( 1232): update_proc_tgid:436, put (857) in root memcg
01-01 07:00:01.796 I/heimdall( 1232): update_proc_tgid:436, put (858) in root memcg
01-01 07:00:01.796 I/heimdall( 1232): update_proc_tgid:436, put (859) in root memcg
01-01 07:00:01.796 I/heimdall( 1232): update_proc_tgid:436, put (860) in root memcg
01-01 07:00:01.796 I/heimdall( 1232): update_proc_tgid:436, put cat(1351) in root
memcg
01-01 07:00:01.796 I/heimdall( 1232): update_proc_tgid:436, put (861) in root memcg
01-01 07:00:01.797 I/heimdall( 1232): update_proc_tgid:436, put (862) in root memcg
01-01 07:00:01.797 I/heimdall( 1232): update_proc_tgid:436, put (863) in root memcg
01-01 07:00:01.797 I/sscrpcd ( 752):
vendor/qcom/proprietary/adsprpc/src/apps_std_imp.c:851: Successfully opened file
/mnt/vendor/persist/sensors/registry/registry/../temp.json
01-01 07:00:01.797 I/heimdall( 1232): update_proc_tgid:436, put (864) in root memcg
01-01 07:00:01.798 I/heimdall( 1232): update_proc_tgid:436, put (865) in root memcg
01-01 07:00:01.798 I/heimdall( 1232): update_proc_tgid:436, put (866) in root memcg
01-01 07:00:01.798 I/heimdall( 1232): update_proc_tgid:436, put (867) in root memcg
01-01 07:00:01.798 I/heimdall( 1232): update_proc_tgid:436, put (868) in root memcg
01-01 07:00:01.798 I/heimdall( 1232): update_proc_tgid:436, put (869) in root memcg
01-01 07:00:01.798 I/heimdall( 1232): update_proc_tgid:436, put (870) in root memcg
01-01 07:00:01.798 I/heimdall( 1232): update_proc_tgid:436, put (871) in root memcg
01-01 07:00:01.798 E/QC2V4l2Driver( 1121): [hevcESec_0] failed to set buffer size
limit to 4
01-01 07:00:01.798 I/heimdall( 1232): update_proc_tgid:436, put (872) in root memcg
01-01 07:00:01.799 I/heimdall( 1232): update_proc_tgid:436, put (873) in root memcg
01-01 07:00:01.799 I/heimdall( 1232): update_proc_tgid:436, put (874) in root memcg
01-01 07:00:01.799 I/sscrpcd ( 752):
vendor/qcom/proprietary/adsprpc/src/apps_std_imp.c:851: Successfully opened file
/vendor/etc/sensors/config/sns_hw_revision.json
01-01 07:00:01.799 I/heimdall( 1232): update_proc_tgid:436, put (875) in root memcg
01-01 07:00:01.799 I/heimdall( 1232): update_proc_tgid:436, put (876) in root memcg
01-01 07:00:01.799 I/sscrpcd ( 752):
vendor/qcom/proprietary/adsprpc/src/apps_std_imp.c:851: Successfully opened file
/vendor/etc/sensors/config/sns_hw_revision.json
01-01 07:00:01.799 I/heimdall( 1232): update_proc_tgid:436, put (877) in root memcg
01-01 07:00:01.799 I/heimdall( 1232): update_proc_tgid:436, put (878) in root memcg
01-01 07:00:01.800 I/heimdall( 1232): update_proc_tgid:436, put (879) in root memcg
01-01 07:00:01.800 I/heimdall( 1232): update_proc_tgid:436, put (880) in root memcg
01-01 07:00:01.800 I/heimdall( 1232): update_proc_tgid:436, put (881) in root memcg
01-01 07:00:01.800 I/heimdall( 1232): update_proc_tgid:436, put (882) in root memcg
01-01 07:00:01.800 I/sscrpcd ( 752):
vendor/qcom/proprietary/adsprpc/src/apps_std_imp.c:851: Successfully opened file
/mnt/vendor/persist/sensors/registry/registry/../temp.json
01-01 07:00:01.800 I/heimdall( 1232): update_proc_tgid:436, put (883) in root memcg
01-01 07:00:01.800 I/heimdall( 1232): update_proc_tgid:436, put (884) in root memcg
01-01 07:00:01.800 I/heimdall( 1232): update_proc_tgid:436, put (885) in root memcg
01-01 07:00:01.801 I/heimdall( 1232): update_proc_tgid:436, put (886) in root memcg
01-01 07:00:01.801 I/heimdall( 1232): update_proc_tgid:436, put (887) in root memcg
01-01 07:00:01.801 I/heimdall( 1232): update_proc_tgid:436, put (888) in root memcg
01-01 07:00:01.801 I/heimdall( 1232): update_proc_tgid:436, put (889) in root memcg
01-01 07:00:01.801 I/heimdall( 1232): update_proc_tgid:436, put (890) in root memcg
01-01 07:00:01.801 I/heimdall( 1232): update_proc_tgid:436, put (891) in root memcg
01-01 07:00:01.801 D/spcomlib( 750): [spcom_wait_for_event] event [0] [pil_called]
EVENT_STATUS_SIGNALED
01-01 07:00:01.802 I/heimdall( 1232): update_proc_tgid:436, put (892) in root memcg
01-01 07:00:01.802 D/spcomlib( 750): [spcom_wait_for_sp_link_up] waited for SP
link UP for [0] msec.
01-01 07:00:01.802 I/heimdall( 1232): update_proc_tgid:436, put (893) in root memcg
01-01 07:00:01.802 I/heimdall( 1232): update_proc_tgid:436, put (894) in root memcg
01-01 07:00:01.802 I/heimdall( 1232): update_proc_tgid:436, put (895) in root memcg
01-01 07:00:01.802 I/sscrpcd ( 752):
vendor/qcom/proprietary/adsprpc/src/apps_std_imp.c:851: Successfully opened file
/mnt/vendor/persist/sensors/registry/registry/../temp.json
01-01 07:00:01.802 I/heimdall( 1232): update_proc_tgid:436, put (896) in root memcg
01-01 07:00:01.803 I/heimdall( 1232): update_proc_tgid:436, put (897) in root memcg
01-01 07:00:01.803 I/heimdall( 1232): update_proc_tgid:436, put (898) in root memcg
01-01 07:00:01.803 I/heimdall( 1232): update_proc_tgid:436, put (899) in root memcg
01-01 07:00:01.803 I/heimdall( 1232): update_proc_tgid:436, put
/system/bin/auditd(915) in root memcg
01-01 07:00:01.803 E/QC2V4l2Caps( 1121): c2 format not found for v4l2 format
0x34363248
01-01 07:00:01.803 E/QC2V4l2Caps( 1121): c2 format not found for v4l2 format
0x43564548
01-01 07:00:01.804 E/QC2V4l2Caps( 1121): c2 format not found for v4l2 format
0x3832314e
01-01 07:00:01.804 E/QC2V4l2Caps( 1121): c2 format not found for v4l2 format
0x32313551
01-01 07:00:01.804 I/StandardCaps( 1121): PixelFormatInputHelper:
01-01 07:00:01.804 I/StandardCaps( 1121): VENUS_NV12
01-01 07:00:01.804 I/StandardCaps( 1121): VENUS_NV12_UBWC
01-01 07:00:01.804 I/StandardCaps( 1121): VENUS_NV21
01-01 07:00:01.804 I/StandardCaps( 1121): VENUS_TP10
01-01 07:00:01.804 I/StandardCaps( 1121): VENUS_P010
01-01 07:00:01.804 I/StandardCaps( 1121): RGBA8888_UBWC
01-01 07:00:01.804 I/StandardCaps( 1121): PictureSizeOutputHelper: min [128 128]
max [8192 8192] default [128 128]
01-01 07:00:01.804 I/StandardCaps( 1121): PictureSizeInputHelper: min [128 128] max
[8192 8192] default [128 128]
01-01 07:00:01.804 I/StandardCaps( 1121): FrameRateOutputHelper: min 1 max 960 step
0 default 30
01-01 07:00:01.804 I/StandardCaps( 1121): OperatingRateHelper: min 30, max 32767,
step 0, default 30
01-01 07:00:01.804 I/heimdall( 1232): update_proc_tgid:436, put
/vendor/bin/cass(918) in root memcg
01-01 07:00:01.804 E/QC2V4l2Caps( 1121): Failed to read platform HDR value
01-01 07:00:01.804 I/StandardCaps( 1121): ProfileLevelOutputHelper: Profiles
01-01 07:00:01.804 I/StandardCaps( 1121): HEVC_MAIN
01-01 07:00:01.804 I/StandardCaps( 1121): HEVC_MAIN_STLL
01-01 07:00:01.804 I/StandardCaps( 1121): HEVC_MAIN10
01-01 07:00:01.804 I/StandardCaps( 1121): ProfileLevelOutputHelper: Levels
01-01 07:00:01.804 I/StandardCaps( 1121): Main 1.0
01-01 07:00:01.804 I/StandardCaps( 1121): Main 2.0
01-01 07:00:01.804 I/StandardCaps( 1121): Main 2.1
01-01 07:00:01.804 I/StandardCaps( 1121): Main 3.0
01-01 07:00:01.804 I/StandardCaps( 1121): Main 3.1
01-01 07:00:01.804 I/StandardCaps( 1121): Main 4.0
01-01 07:00:01.804 I/StandardCaps( 1121): Main 4.1
01-01 07:00:01.804 I/StandardCaps( 1121): Main 5.0
01-01 07:00:01.804 I/StandardCaps( 1121): Main 5.1
01-01 07:00:01.804 I/StandardCaps( 1121): Main 5.2
01-01 07:00:01.804 I/StandardCaps( 1121): Main 6.0
01-01 07:00:01.804 I/StandardCaps( 1121): High 1.0
01-01 07:00:01.804 I/StandardCaps( 1121): High 2.0
01-01 07:00:01.804 I/StandardCaps( 1121): High 2.1
01-01 07:00:01.804 I/StandardCaps( 1121): High 3.0
01-01 07:00:01.804 I/StandardCaps( 1121): High 3.1
01-01 07:00:01.804 I/StandardCaps( 1121): High 4.0
01-01 07:00:01.804 I/StandardCaps( 1121): High 4.1
01-01 07:00:01.804 I/StandardCaps( 1121): High 5.0
01-01 07:00:01.804 I/StandardCaps( 1121): High 5.1
01-01 07:00:01.804 I/StandardCaps( 1121): High 5.2
01-01 07:00:01.804 I/StandardCaps( 1121): High 6.0
01-01 07:00:01.804 I/StandardCaps( 1121): BitRateModeHelper: modes
01-01 07:00:01.804 I/StandardCaps( 1121): VBR_CFR
01-01 07:00:01.804 I/StandardCaps( 1121): CBR_CFR
01-01 07:00:01.804 I/StandardCaps( 1121): CBR_VFR
01-01 07:00:01.804 I/StandardCaps( 1121): MBR_CFR
01-01 07:00:01.804 I/StandardCaps( 1121): MBR_VFR
01-01 07:00:01.804 I/StandardCaps( 1121): CQ
01-01 07:00:01.804 W/QC2V4l2Caps( 1121): Param: 0x5200c019, c2 cap not found for
v4l2 cap v4l2::CBR_CFR
01-01 07:00:01.804 W/QC2V4l2Caps( 1121): Param: 0x5200c019, c2 cap not found for
v4l2 cap v4l2::CQ
01-01 07:00:01.804 I/VendorCaps( 1121): BitRateModeExtHelper: modes
01-01 07:00:01.804 I/VendorCaps( 1121): LEGACY_VBR_VFR
01-01 07:00:01.804 I/VendorCaps( 1121): LEGACY_CBR_VFR
01-01 07:00:01.804 I/VendorCaps( 1121): MBR_CFR
01-01 07:00:01.804 I/VendorCaps( 1121): MBR_VFR
01-01 07:00:01.804 I/VendorCaps( 1121): RC_OFF
01-01 07:00:01.804 I/VendorCaps( 1121): EXT_RC_NOT_SET
01-01 07:00:01.804 I/StandardCaps( 1121): BitrateHelper: min 1 max 160000000 step 1
default 20000000
01-01 07:00:01.804 I/StandardCaps( 1121): QualityTuningHelper: min 0 max 100 step 1
default 95
01-01 07:00:01.804 I/heimdall( 1232): update_proc_tgid:436, put
/vendor/bin/emservice(919) in root memcg
01-01 07:00:01.804 I/VendorCaps( 1121): RotationInputHelper: min 0 max 270 step 90
default 0
01-01 07:00:01.804 I/VendorCaps( 1121): SliceSizeByteModeHelper: min 512 max
150000000 step 1 default 512
