01-01 07:00:01.656 I/StandardCaps( 1121): 1.0
01-01 07:00:01.656 I/StandardCaps( 1121): 1B
01-01 07:00:01.656 I/StandardCaps( 1121): 1.1
01-01 07:00:01.656 I/StandardCaps( 1121): 1.2
01-01 07:00:01.656 I/StandardCaps( 1121): 1.3
01-01 07:00:01.656 I/StandardCaps( 1121): 2.0
01-01 07:00:01.656 I/StandardCaps( 1121): 2.1
01-01 07:00:01.656 I/StandardCaps( 1121): 2.2
01-01 07:00:01.656 I/StandardCaps( 1121): 3.0
01-01 07:00:01.656 I/StandardCaps( 1121): 3.1
01-01 07:00:01.656 I/StandardCaps( 1121): 3.2
01-01 07:00:01.657 I/StandardCaps( 1121): 4.0
01-01 07:00:01.657 I/StandardCaps( 1121): 4.1
01-01 07:00:01.657 I/StandardCaps( 1121): 4.2
01-01 07:00:01.657 I/StandardCaps( 1121): 5.0
01-01 07:00:01.657 I/StandardCaps( 1121): 5.1
01-01 07:00:01.657 I/StandardCaps( 1121): 5.2
01-01 07:00:01.657 I/StandardCaps( 1121): 6.0
01-01 07:00:01.657 I/StandardCaps( 1121): 6.1
01-01 07:00:01.658 I/VendorCaps( 1121): RenderFrameRateOutputHelper: min 0 max 120
step 30 default 0
01-01 07:00:01.658 I/VendorCaps( 1121): VideoRefreshRateOutputHelper: min 0 max 120
step 1 default 60
01-01 07:00:01.659 I/sscrpcd ( 752):
vendor/qcom/proprietary/adsprpc/src/apps_std_imp.c:851: Successfully opened file
/mnt/vendor/persist/sensors/registry/registry/../temp.json
01-01 07:00:01.659 I/heimdall( 1232): alloc_group_info:83,
com.sec.enterprise.mdm.services.simpin usage : 100663296
01-01 07:00:01.659 D/libEGL ( 953): loaded /vendor/lib64/egl/libGLESv2_adreno.so
01-01 07:00:01.661 I/heimdall( 1232): alloc_group_info:83, com.sec.epdg usage :
100663296
01-01 07:00:01.661 I/heimdall( 1232): alloc_group_info:83, com.sec.epdgtestapp
usage : 100663296
01-01 07:00:01.661 D/libEGL ( 1243): loaded
/vendor/lib64/egl/libGLESv1_CM_adreno.so
01-01 07:00:01.661 E/ion ( 1100): ioctl c0044901 failed with code -1:
Inappropriate ioctl for device
01-01 07:00:01.662 I/sscrpcd ( 752):
vendor/qcom/proprietary/adsprpc/src/apps_std_imp.c:851: Successfully opened file
/mnt/vendor/persist/sensors/registry/registry/../temp.json
01-01 07:00:01.662 I/QC2V4l2Driver( 1121): [avcDSec_0] Closed device driver with
fd: 7
01-01 07:00:01.662 E/QC2V4l2Driver( 1121): Invalid device driver fd:-1
01-01 07:00:01.662 I/QC2V4l2Driver( 1121): [avcDSec_0] Closed device driver with
fd: -1
01-01 07:00:01.662 I/QC2Comp ( 1121): codec capability queried!
01-01 07:00:01.662 I/QC2CompStore( 1121): Added capabilities for
c2.qti.avc.decoder.secure
01-01 07:00:01.663 I/QC2Registry( 1121): Getting stages for pipelined codec
01-01 07:00:01.663 I/QC2V4l2Codec( 1121): [hevcD_0] output buffer allocation
timeout threshold set to 1000ms
01-01 07:00:01.663 I/sscrpcd ( 752):
vendor/qcom/proprietary/adsprpc/src/apps_std_imp.c:851: Successfully opened file
/mnt/vendor/persist/sensors/registry/registry/../temp.json
01-01 07:00:01.663 I/QC2Registry( 1121): Pipelining enabled
01-01 07:00:01.663 I/QC2Registry( 1121): Requested codec is pipelined. Create codec
list
01-01 07:00:01.663 I/QC2Registry( 1121): Interface not provided. Enable by deafault
01-01 07:00:01.663 I/QC2Filter( 1121): FUNCTION_BEGIN:QC2Filter
01-01 07:00:01.663 I/QC2Filter( 1121): FUNCTION_END:QC2Filter TIME=0 ms
01-01 07:00:01.663 I/QC2ImageFormatFilter( 1121):
FUNCTION_BEGIN:QC2ImageFormatFilter
01-01 07:00:01.663 I/QC2ImageFormatFilter( 1121): FUNCTION_END:QC2ImageFormatFilter
TIME=0 ms
01-01 07:00:01.663 I/QC2Registry( 1121): Created 1 codecs for pipelined codec
c2.qti.hevc.decoder
01-01 07:00:01.663 I/QC2PipelineCodec( 1121): ctor: logmask=0x0 pvtlogmask=0x0
01-01 07:00:01.663 I/QC2PipelineCodec( 1121): QC2PipelinedDecoder ctor
01-01 07:00:01.663 I/QC2PipelineCodec( 1121): Created pipelined codec
01-01 07:00:01.663 I/QC2Registry( 1121): Created pipelined Codec for
c2.qti.hevc.decoder
01-01 07:00:01.663 I/QC2PipelineCodec( 1121): init: begin
01-01 07:00:01.663 I/QC2PipelineCodec( 1121): initializeConfiguration for decoder
01-01 07:00:01.664 I/QC2PipelinedEntity( 1121): pipelineid=100 QC2PipelinedEntity
01-01 07:00:01.664 I/QC2PipelinedEntity( 1121): pipelineid=101 QC2PipelinedEntity
01-01 07:00:01.664 I/QC2PipelineCodec( 1121): Init pipelineid=0
01-01 07:00:01.664 I/QC2PipelinedEntity( 1121): pipelineid=100 instantiation
succeeded
01-01 07:00:01.664 I/QC2V4l2Driver( 1121): [hevcD_0] Device /dev/video32 opened
with fd: 7
01-01 07:00:01.664 I/sscrpcd ( 752):
vendor/qcom/proprietary/adsprpc/src/apps_std_imp.c:851: Successfully opened file
/mnt/vendor/persist/sensors/registry/registry/../temp.json
01-01 07:00:01.665 I/sscrpcd ( 752):
vendor/qcom/proprietary/adsprpc/src/apps_std_imp.c:851: Successfully opened file
/mnt/vendor/persist/sensors/registry/registry/../temp.json
01-01 07:00:01.666 I/sscrpcd ( 752):
vendor/qcom/proprietary/adsprpc/src/apps_std_imp.c:851: Successfully opened file
/mnt/vendor/persist/sensors/registry/registry/../temp.json
01-01 07:00:01.667 D/spcomlib( 739): [spcom_ion_alloc] ion buf fd = [13].
01-01 07:00:01.667 D/secnvm ( 739): ch [sec_nvm_sp_nvm] ION allocation ,
size=36864
01-01 07:00:01.667 D/spcomlib( 739): [find_ch] found ch [sec_nvm_sp_nvm].
01-01 07:00:01.667 D/spcomlib( 739): [spcom_lock_ion_buffer] Write() lock ION buf.
01-01 07:00:01.667 I/heimdall( 1232): alloc_group_info:83, com.sec.hearingadjust
usage : 100663296
01-01 07:00:01.668 I/QC2PipelineCodec( 1121): Init pipelineid=0 status=0
01-01 07:00:01.668 I/QC2PipelineCodec( 1121): Init pipelineid=1
01-01 07:00:01.668 I/QC2PipelinedEntity( 1121): pipelineid=101 instantiation
succeeded
01-01 07:00:01.668 I/QC2Filter( 1121): FUNCTION_BEGIN:init
01-01 07:00:01.668 I/QC2Filter( 1121): FUNCTION_BEGIN:handleInit
01-01 07:00:01.668 I/QC2ImageFormatFilter( 1121):
FUNCTION_BEGIN:setFilterOperatingMode
01-01 07:00:01.668 I/QC2ImageFormatFilter( 1121):
FUNCTION_END:setFilterOperatingMode TIME=0 ms
01-01 07:00:01.668 I/QC2ImageFormatFilter( 1121): FUNCTION_BEGIN:onInit
01-01 07:00:01.668 I/QC2ImageFormatFilter( 1121): mCodecName is
c2.qti.ImageFormat.filter session id is 0
01-01 07:00:01.668 I/QC2ImageFormatFilter( 1121): mInputMime is
c2.qti.hevc.decoder, mOutputMime is
01-01 07:00:01.668 I/QC2ImageFormatFilter( 1121): FUNCTION_END:onInit TIME=0 ms
01-01 07:00:01.668 I/QC2Filter( 1121): FUNCTION_END:handleInit TIME=0 ms
01-01 07:00:01.668 I/SurfaceFlinger( 1243): setPluggableVsyncPrioritized:
mGearVrManagerService is nullptr
01-01 07:00:01.668 I/QC2Filter( 1121): FUNCTION_END:init TIME=0 ms
01-01 07:00:01.668 I/QC2PipelineCodec( 1121): Init pipelineid=1 status=0
01-01 07:00:01.668 I/QC2PipelineCodec( 1121): getCapsHelpers internal
01-01 07:00:01.668 I/QC2PipelineCodec( 1121): getCapsHelpersInternal:
piplinedcodecs size=2
01-01 07:00:01.668 D/DisplayDevice( 1243): setLayerStack : layerstack=-1,
DisplayDevice{4630947232161729154, internal, primary, ""}
01-01 07:00:01.668 I/StandardCaps( 1121): PixelFormatOutputHelper:
01-01 07:00:01.668 I/StandardCaps( 1121): VENUS_NV12
01-01 07:00:01.668 I/StandardCaps( 1121): VENUS_NV12_UBWC
01-01 07:00:01.668 I/StandardCaps( 1121): VENUS_TP10
01-01 07:00:01.668 I/StandardCaps( 1121): VENUS_P010
01-01 07:00:01.668 I/StandardCaps( 1121): PictureSizeOutputHelper: min [96 96] max
[8192 8192] default [96 96]
01-01 07:00:01.668 I/StandardCaps( 1121): PictureSizeInputHelper: min [96 96] max
[8192 8192] default [96 96]
01-01 07:00:01.668 I/StandardCaps( 1121): MaxPictureSizeOutputHelper: min [96 96]
max [8192 8192] default [96 96]
01-01 07:00:01.668 I/StandardCaps( 1121): FrameRateInputHelper: min 1 max 960 step
0 default 30
01-01 07:00:01.668 I/StandardCaps( 1121): OperatingRateHelper: min 30, max 32767,
step 0, default 30
01-01 07:00:01.668 I/heimdall( 1232): alloc_group_info:83, com.sec.hiddenmenu usage
: 100663296
01-01 07:00:01.668 E/QC2V4l2Caps( 1121): Failed to read platform HDR value
01-01 07:00:01.668 I/SurfaceFlinger( 1243): Dispatching display hotplug event
displayId=4630947232161729154, connected=1
01-01 07:00:01.668 I/StandardCaps( 1121): ProfileLevelInputHelper: Profiles
01-01 07:00:01.668 I/StandardCaps( 1121): HEVC_MAIN
01-01 07:00:01.668 I/StandardCaps( 1121): HEVC_MAIN_STLL
01-01 07:00:01.668 I/StandardCaps( 1121): HEVC_MAIN10
01-01 07:00:01.668 I/StandardCaps( 1121): ProfileLevelInputHelper: Levels
01-01 07:00:01.668 I/StandardCaps( 1121): Main 1.0
01-01 07:00:01.668 I/StandardCaps( 1121): Main 2.0
01-01 07:00:01.668 I/StandardCaps( 1121): Main 2.1
01-01 07:00:01.668 I/StandardCaps( 1121): Main 3.0
01-01 07:00:01.668 I/StandardCaps( 1121): Main 3.1
01-01 07:00:01.668 I/StandardCaps( 1121): Main 4.0
01-01 07:00:01.668 I/StandardCaps( 1121): Main 4.1
01-01 07:00:01.668 I/StandardCaps( 1121): Main 5.0
01-01 07:00:01.668 I/StandardCaps( 1121): Main 5.1
01-01 07:00:01.668 I/StandardCaps( 1121): Main 5.2
01-01 07:00:01.668 I/StandardCaps( 1121): Main 6.0
01-01 07:00:01.668 I/StandardCaps( 1121): Main 6.1
01-01 07:00:01.668 I/StandardCaps( 1121): High 1.0
01-01 07:00:01.668 I/StandardCaps( 1121): High 2.0
01-01 07:00:01.668 I/StandardCaps( 1121): High 2.1
01-01 07:00:01.668 I/StandardCaps( 1121): High 3.0
01-01 07:00:01.668 I/StandardCaps( 1121): High 3.1
01-01 07:00:01.668 I/StandardCaps( 1121): High 4.0
01-01 07:00:01.668 I/StandardCaps( 1121): High 4.1
01-01 07:00:01.668 I/StandardCaps( 1121): High 5.0
01-01 07:00:01.668 W/surfaceflinger( 1243): SpecFence::Init: Spec fence is not
supported.
01-01 07:00:01.668 I/StandardCaps( 1121): High 5.1
01-01 07:00:01.668 E/surfaceflinger( 1243): DisplayExtnImpl::TryUnifiedDraw: Spec
fence is not supported on display 0
01-01 07:00:01.668 I/StandardCaps( 1121): High 5.2
01-01 07:00:01.668 I/StandardCaps( 1121): High 6.0
01-01 07:00:01.668 I/StandardCaps( 1121): High 6.1
01-01 07:00:01.668 I/SDM ( 1101): HWCSession::RegisterCallback: Handling built-
in displays...
01-01 07:00:01.668 I/VendorCaps( 1121): RenderFrameRateOutputHelper: min 0 max 120
step 30 default 0
01-01 07:00:01.668 I/VendorCaps( 1121): VideoRefreshRateOutputHelper: min 0 max 120
step 1 default 60
01-01 07:00:01.668 I/QC2Filter( 1121): FUNCTION_BEGIN:getCapsHelpers
01-01 07:00:01.668 I/QC2ImageFormatFilter( 1121): FUNCTION_BEGIN:onGetCapsHelpers
01-01 07:00:01.668 I/QC2ImageFormatFilter( 1121): FUNCTION_END:onGetCapsHelpers
TIME=0 ms
01-01 07:00:01.668 I/QC2Filter( 1121): FUNCTION_END:getCapsHelpers TIME=0 ms
01-01 07:00:01.668 I/QC2PipelineCodec( 1121): capshelpers vectorId 0 inputDelay=0
01-01 07:00:01.668 I/QC2PipelinedEntity( 1121): pipelineid=100 inputDelay=0
01-01 07:00:01.668 I/QC2PipelineCodec( 1121): capshelpers vectorId 0 outputDelay=1
01-01 07:00:01.668 I/QC2PipelinedEntity( 1121): pipelineid=100 outputDelay=1
01-01 07:00:01.668 I/QC2PipelineCodec( 1121): capshelpers vectorId 1 inputDelay=1
01-01 07:00:01.669 I/QC2PipelinedEntity( 1121): pipelineid=101 inputDelay=1
01-01 07:00:01.669 I/QC2PipelineCodec( 1121): capshelpers vectorId 1 outputDelay=1
01-01 07:00:01.669 I/QC2PipelinedEntity( 1121): pipelineid=101 outputDelay=1
01-01 07:00:01.669 I/QC2PipelineCodec( 1121): computeDelays
01-01 07:00:01.669 I/QC2PipelinedEntity( 1121): pipelineid=100 extraAllocation=2
set maxOutputBuffers=4
01-01 07:00:01.669 I/QC2PipelinedEntity( 1121): pipelineid=101 extraAllocation=2
set maxOutputBuffers=3
01-01 07:00:01.669 I/QC2PipelineCodec( 1121): ComputeDelay: iDelay=0 pDelay=0
oDelay=7
01-01 07:00:01.669 I/QC2PipelineCodec( 1121): TotalInputDelay=0 (0)
totalOutputDelay=7 (7)
01-01 07:00:01.669 I/QC2PipelineCodec( 1121): ActualOutputDelayHelper value=7
01-01 07:00:01.669 I/QC2PipelineCodec( 1121): Resolve conflict 92008001 [qti-ext-
dec-forceNonUBWC]
01-01 07:00:01.669 I/QC2PipelineCodec( 1121): Resolve conflict 60000825
[algo.secure-mode]
01-01 07:00:01.669 I/QC2PipelineCodec( 1121): Resolve conflict 4000080e
[input.delay]
01-01 07:00:01.669 I/QC2PipelineCodec( 1121): Dont merge
delay/size/format/framerate params
01-01 07:00:01.669 I/QC2PipelineCodec( 1121): Resolve conflict 9001080c
[output.media-type]
01-01 07:00:01.669 I/QC2PipelineCodec( 1121): Resolve conflict 5000080e
[output.delay]
01-01 07:00:01.669 I/QC2PipelineCodec( 1121): Dont merge
delay/size/format/framerate params
01-01 07:00:01.669 I/QC2PipelineCodec( 1121): Resolve conflict a0000804
[component.kind]
01-01 07:00:01.669 I/QC2PipelineCodec( 1121): Resolve conflict 8001080c
[input.media-type]
01-01 07:00:01.669 I/QC2PipelineCodec( 1121): Resolve conflict a0000805
[component.domain]
01-01 07:00:01.669 I/QC2PipelineCodec( 1121): capsHelper add param=a0009013
01-01 07:00:01.669 I/QC2PipelineCodec( 1121): capsHelper add param=a0009012
01-01 07:00:01.669 I/QC2PipelineCodec( 1121): capsHelper add param=a0009011
01-01 07:00:01.669 I/QC2PipelineCodec( 1121): capsHelper add param=9200c047
01-01 07:00:01.669 I/QC2PipelineCodec( 1121): capsHelper add param=d200c03f
01-01 07:00:01.669 I/QC2PipelineCodec( 1121): capsHelper add param=9200c036
01-01 07:00:01.669 I/QC2PipelineCodec( 1121): capsHelper add param=d200c00e
01-01 07:00:01.669 I/QC2PipelineCodec( 1121): capsHelper add param=5200c012
01-01 07:00:01.669 I/QC2PipelineCodec( 1121): capsHelper add param=8200c042
01-01 07:00:01.669 I/QC2PipelineCodec( 1121): capsHelper add param=a0009010
01-01 07:00:01.669 I/QC2PipelineCodec( 1121): capsHelper add param=d200c000
01-01 07:00:01.669 I/QC2PipelineCodec( 1121): capsHelper add param=92008001
01-01 07:00:01.669 I/QC2PipelineCodec( 1121): capsHelper add param=d200c04a
01-01 07:00:01.669 I/QC2PipelineCodec( 1121): capsHelper add param=d201c00d
01-01 07:00:01.669 I/QC2PipelineCodec( 1121): capsHelper add param=d2008002
01-01 07:00:01.669 I/QC2PipelineCodec( 1121): capsHelper add param=d200c00b
01-01 07:00:01.669 I/QC2PipelineCodec( 1121): capsHelper add param=d200c034
01-01 07:00:01.669 I/QC2PipelineCodec( 1121): capsHelper add param=d200c013
01-01 07:00:01.669 I/QC2PipelineCodec( 1121): capsHelper add param=d200c01b
01-01 07:00:01.669 I/QC2PipelineCodec( 1121): capsHelper add param=c2001809
01-01 07:00:01.669 I/QC2PipelineCodec( 1121): isParamPipelineOwned 5000080e true
01-01 07:00:01.669 I/QC2PipelineCodec( 1121): capsHelper skip param 5000080e
01-01 07:00:01.669 I/QC2PipelineCodec( 1121): capsHelper add param=a0009014
01-01 07:00:01.669 I/QC2PipelineCodec( 1121): isParamPipelineOwned 4000080e true
01-01 07:00:01.669 I/QC2PipelineCodec( 1121): capsHelper skip param 4000080e
01-01 07:00:01.669 I/QC2PipelineCodec( 1121): capsHelper add param=d2001802
01-01 07:00:01.669 I/QC2PipelineCodec( 1121): capsHelper add param=c2000808
01-01 07:00:01.669 I/QC2PipelineCodec( 1121): capsHelper add param=60000824
01-01 07:00:01.669 I/QC2PipelineCodec( 1121): capsHelper add param=a0000801
01-01 07:00:01.669 I/QC2PipelineCodec( 1121): capsHelper add param=d2011811
01-01 07:00:01.669 I/QC2PipelineCodec( 1121): capsHelper add param=60000823
01-01 07:00:01.669 I/QC2PipelineCodec( 1121): capsHelper add param=c2002000
01-01 07:00:01.669 I/QC2PipelineCodec( 1121): capsHelper add param=d2001809
01-01 07:00:01.669 I/QC2PipelineCodec( 1121): capsHelper add param=d200c006
01-01 07:00:01.669 I/QC2PipelineCodec( 1121): capsHelper add param=52002003
01-01 07:00:01.669 I/QC2PipelineCodec( 1121): capsHelper add param=9001080c
01-01 07:00:01.669 I/QC2PipelineCodec( 1121): capsHelper add param=8001080c
01-01 07:00:01.669 I/QC2PipelineCodec( 1121): capsHelper add param=d2001800
01-01 07:00:01.669 I/QC2PipelineCodec( 1121): capsHelper add param=9200081b
01-01 07:00:01.669 I/QC2PipelineCodec( 1121): capsHelper add param=8200c035
01-01 07:00:01.669 I/QC2PipelineCodec( 1121): capsHelper add param=a0000804
01-01 07:00:01.669 I/QC2PipelineCodec( 1121): capsHelper add param=60000825
01-01 07:00:01.669 I/QC2PipelineCodec( 1121): capsHelper add param=5200180b
01-01 07:00:01.669 I/QC2PipelineCodec( 1121): capsHelper add param=d200180a
01-01 07:00:01.669 I/QC2PipelineCodec( 1121): capsHelper add param=d200c007
01-01 07:00:01.669 I/QC2PipelineCodec( 1121): capsHelper add param=d200c00c
01-01 07:00:01.669 I/QC2PipelineCodec( 1121): capsHelper add param=c2001800
01-01 07:00:01.669 I/QC2PipelineCodec( 1121): capsHelper add param=8200081b
01-01 07:00:01.669 I/QC2PipelineCodec( 1121): capsHelper add param=a0000805
01-01 07:00:01.669 I/QC2PipelineCodec( 1121): capsHelper add param=9200c046
01-01 07:00:01.669 I/QC2PipelineCodec( 1121): capsHelper add param=5001081a
01-01 07:00:01.669 I/QC2PipelineCodec( 1121): capsHelper add param=c200081e
01-01 07:00:01.669 D/libEGL ( 1243): loaded /vendor/lib64/egl/libGLESv2_adreno.so
01-01 07:00:01.669 I/SDM ( 1101): HWCSession::RegisterCallback: Handling
pluggable displays...
01-01 07:00:01.669 I/SDM ( 1101): HWCSession::HandlePluggableDisplays: Handling
hotplug...
01-01 07:00:01.669 I/QC2PipelineCodec( 1121): computeDelays
01-01 07:00:01.669 I/QC2PipelinedEntity( 1121): pipelineid=100 extraAllocation=2
set maxOutputBuffers=4
01-01 07:00:01.669 I/QC2PipelinedEntity( 1121): pipelineid=101 extraAllocation=2
set maxOutputBuffers=3
01-01 07:00:01.669 I/QC2PipelineCodec( 1121): ComputeDelay: iDelay=0 pDelay=0
oDelay=7
01-01 07:00:01.669 I/QC2PipelineCodec( 1121): Delays initialized iDelay=0 pDelay=0
oDelay=7
01-01 07:00:01.669 I/QC2PipelineCodec( 1121): init: end; processing-time=5 ms
01-01 07:00:01.669 I/QC2Registry( 1121): Initialized pipelined Codec for
c2.qti.hevc.decoder
01-01 07:00:01.669 I/QC2PipelineCodec( 1121): getCapsHelpersInternal:
piplinedcodecs size=2
01-01 07:00:01.669 I/StandardCaps( 1121): PixelFormatOutputHelper:
01-01 07:00:01.669 I/StandardCaps( 1121): VENUS_NV12
01-01 07:00:01.669 I/StandardCaps( 1121): VENUS_NV12_UBWC
01-01 07:00:01.669 I/StandardCaps( 1121): VENUS_TP10
01-01 07:00:01.669 I/StandardCaps( 1121): VENUS_P010
01-01 07:00:01.669 I/StandardCaps( 1121): PictureSizeOutputHelper: min [96 96] max
[8192 8192] default [96 96]
01-01 07:00:01.669 I/StandardCaps( 1121): PictureSizeInputHelper: min [96 96] max
[8192 8192] default [96 96]
01-01 07:00:01.669 I/StandardCaps( 1121): MaxPictureSizeOutputHelper: min [96 96]
max [8192 8192] default [96 96]
01-01 07:00:01.669 I/StandardCaps( 1121): FrameRateInputHelper: min 1 max 960 step
0 default 30
01-01 07:00:01.669 I/StandardCaps( 1121): OperatingRateHelper: min 30, max 32767,
step 0, default 30
01-01 07:00:01.669 I/SDM ( 1101): HWCSession::HandlePluggableDisplays: Handling
hotplug... Done.
01-01 07:00:01.669 E/QC2V4l2Caps( 1121): Failed to read platform HDR value
01-01 07:00:01.669 I/SDM ( 1101): HWCSession::RegisterCallback: Registering
callback: Refresh
01-01 07:00:01.669 I/SDM ( 1101): HWCSession::RegisterCallback: Registering
callback: Vsync2.4
01-01 07:00:01.669 I/SDM ( 1101): HWCSession::RegisterCallback: Registering
callback: VsyncPeriodTimingChanged
01-01 07:00:01.669 I/SDM ( 1101): HWCSession::RegisterCallback: Registering
callback: SeamlessPossible
01-01 07:00:01.669 I/StandardCaps( 1121): ProfileLevelInputHelper: Profiles
01-01 07:00:01.669 I/StandardCaps( 1121): HEVC_MAIN
01-01 07:00:01.669 I/heimdall( 1232): alloc_group_info:83, com.sec.imslogger
usage : 100663296
01-01 07:00:01.669 I/StandardCaps( 1121): HEVC_MAIN_STLL
01-01 07:00:01.669 I/StandardCaps( 1121): HEVC_MAIN10
01-01 07:00:01.669 I/StandardCaps( 1121): ProfileLevelInputHelper: Levels
01-01 07:00:01.669 I/StandardCaps( 1121): Main 1.0
01-01 07:00:01.669 I/StandardCaps( 1121): Main 2.0
01-01 07:00:01.669 I/StandardCaps( 1121): Main 2.1
01-01 07:00:01.669 I/StandardCaps( 1121): Main 3.0
01-01 07:00:01.669 I/StandardCaps( 1121): Main 3.1
01-01 07:00:01.669 I/StandardCaps( 1121): Main 4.0
01-01 07:00:01.669 I/StandardCaps( 1121): Main 4.1
01-01 07:00:01.669 I/StandardCaps( 1121): Main 5.0
01-01 07:00:01.669 I/StandardCaps( 1121): Main 5.1
01-01 07:00:01.669 I/StandardCaps( 1121): Main 5.2
01-01 07:00:01.669 I/StandardCaps( 1121): Main 6.0
01-01 07:00:01.669 I/StandardCaps( 1121): Main 6.1
01-01 07:00:01.669 I/StandardCaps( 1121): High 1.0
01-01 07:00:01.669 I/StandardCaps( 1121): High 2.0
01-01 07:00:01.669 I/StandardCaps( 1121): High 2.1
01-01 07:00:01.669 I/StandardCaps( 1121): High 3.0
01-01 07:00:01.669 I/StandardCaps( 1121): High 3.1
01-01 07:00:01.669 I/StandardCaps( 1121): High 4.0
01-01 07:00:01.669 I/StandardCaps( 1121): High 4.1
01-01 07:00:01.669 I/StandardCaps( 1121): High 5.0
01-01 07:00:01.669 I/StandardCaps( 1121): High 5.1
01-01 07:00:01.669 I/StandardCaps( 1121): High 5.2
01-01 07:00:01.669 I/SurfaceFlinger( 1243): Enabling HAL virtual displays
01-01 07:00:01.669 I/StandardCaps( 1121): High 6.0
01-01 07:00:01.669 I/StandardCaps( 1121): High 6.1
01-01 07:00:01.669 I/heimdall( 1232): alloc_group_info:83, com.sec.imsservice usage
: 164395008
01-01 07:00:01.669 I/VendorCaps( 1121): RenderFrameRateOutputHelper: min 0 max 120
step 30 default 0
01-01 07:00:01.669 I/VendorCaps( 1121): VideoRefreshRateOutputHelper: min 0 max 120
step 1 default 60
01-01 07:00:01.670 I/QC2Filter( 1121): FUNCTION_BEGIN:getCapsHelpers
01-01 07:00:01.670 I/QC2ImageFormatFilter( 1121): FUNCTION_BEGIN:onGetCapsHelpers
01-01 07:00:01.670 I/heimdall( 1232): alloc_group_info:83, com.sec.keystringscreen
usage : 100663296
01-01 07:00:01.670 I/QC2ImageFormatFilter( 1121): FUNCTION_END:onGetCapsHelpers
TIME=0 ms
01-01 07:00:01.670 I/QC2Filter( 1121): FUNCTION_END:getCapsHelpers TIME=0 ms
01-01 07:00:01.670 I/QC2PipelineCodec( 1121): capshelpers vectorId 0 inputDelay=0
01-01 07:00:01.670 I/QC2PipelinedEntity( 1121): pipelineid=100 inputDelay=0
01-01 07:00:01.670 I/QC2PipelineCodec( 1121): capshelpers vectorId 0 outputDelay=1
01-01 07:00:01.670 I/QC2PipelinedEntity( 1121): pipelineid=100 outputDelay=1
01-01 07:00:01.670 I/QC2PipelineCodec( 1121): capshelpers vectorId 1 inputDelay=1
01-01 07:00:01.670 I/QC2PipelinedEntity( 1121): pipelineid=101 inputDelay=1
01-01 07:00:01.670 I/QC2PipelineCodec( 1121): capshelpers vectorId 1 outputDelay=1
01-01 07:00:01.670 I/QC2PipelinedEntity( 1121): pipelineid=101 outputDelay=1
01-01 07:00:01.670 I/QC2PipelineCodec( 1121): computeDelays
01-01 07:00:01.670 I/QC2PipelinedEntity( 1121): pipelineid=100 extraAllocation=2
set maxOutputBuffers=4
01-01 07:00:01.670 I/QC2PipelinedEntity( 1121): pipelineid=101 extraAllocation=2
set maxOutputBuffers=3
01-01 07:00:01.670 I/QC2PipelineCodec( 1121): ComputeDelay: iDelay=0 pDelay=0
oDelay=7
01-01 07:00:01.670 I/QC2PipelineCodec( 1121): TotalInputDelay=0 (0)
totalOutputDelay=7 (7)
01-01 07:00:01.670 I/QC2PipelineCodec( 1121): ActualOutputDelayHelper value=7
01-01 07:00:01.670 I/QC2PipelineCodec( 1121): Resolve conflict 92008001 [qti-ext-
dec-forceNonUBWC]
01-01 07:00:01.670 I/QC2PipelineCodec( 1121): Resolve conflict 60000825
[algo.secure-mode]
01-01 07:00:01.670 I/QC2PipelineCodec( 1121): Resolve conflict 4000080e
[input.delay]
01-01 07:00:01.670 I/QC2PipelineCodec( 1121): Dont merge
delay/size/format/framerate params
01-01 07:00:01.670 I/QC2PipelineCodec( 1121): Resolve conflict 9001080c
[output.media-type]
01-01 07:00:01.670 I/QC2PipelineCodec( 1121): Resolve conflict 5000080e
[output.delay]
01-01 07:00:01.670 I/QC2PipelineCodec( 1121): Dont merge
delay/size/format/framerate params
01-01 07:00:01.670 I/QC2PipelineCodec( 1121): Resolve conflict a0000804
[component.kind]
01-01 07:00:01.670 I/QC2PipelineCodec( 1121): Resolve conflict 8001080c
[input.media-type]
01-01 07:00:01.670 I/QC2PipelineCodec( 1121): Resolve conflict a0000805
[component.domain]
01-01 07:00:01.670 I/QC2PipelineCodec( 1121): capsHelper add param=a0009013
01-01 07:00:01.670 I/QC2PipelineCodec( 1121): capsHelper add param=a0009012
01-01 07:00:01.670 I/QC2PipelineCodec( 1121): capsHelper add param=a0009011
01-01 07:00:01.670 I/QC2PipelineCodec( 1121): capsHelper add param=9200c047
01-01 07:00:01.670 I/QC2PipelineCodec( 1121): capsHelper add param=d200c03f
01-01 07:00:01.670 I/QC2PipelineCodec( 1121): capsHelper add param=9200c036
01-01 07:00:01.670 I/QC2PipelineCodec( 1121): capsHelper add param=d200c00e
01-01 07:00:01.670 I/QC2PipelineCodec( 1121): capsHelper add param=5200c012
01-01 07:00:01.670 I/QC2PipelineCodec( 1121): capsHelper add param=8200c042
01-01 07:00:01.670 I/QC2PipelineCodec( 1121): capsHelper add param=a0009010
01-01 07:00:01.670 I/QC2PipelineCodec( 1121): capsHelper add param=d200c000
01-01 07:00:01.670 I/QC2PipelineCodec( 1121): capsHelper add param=92008001
01-01 07:00:01.670 I/QC2PipelineCodec( 1121): capsHelper add param=d200c04a
01-01 07:00:01.670 I/QC2PipelineCodec( 1121): capsHelper add param=d201c00d
01-01 07:00:01.670 I/QC2PipelineCodec( 1121): capsHelper add param=d2008002
01-01 07:00:01.670 I/QC2PipelineCodec( 1121): capsHelper add param=d200c00b
01-01 07:00:01.670 I/QC2PipelineCodec( 1121): capsHelper add param=d200c034
01-01 07:00:01.670 I/QC2PipelineCodec( 1121): capsHelper add param=d200c013
01-01 07:00:01.670 I/QC2PipelineCodec( 1121): capsHelper add param=d200c01b
01-01 07:00:01.670 I/QC2PipelineCodec( 1121): capsHelper add param=c2001809
01-01 07:00:01.670 I/QC2PipelineCodec( 1121): isParamPipelineOwned 5000080e true
01-01 07:00:01.670 I/QC2PipelineCodec( 1121): capsHelper skip param 5000080e
01-01 07:00:01.670 I/QC2PipelineCodec( 1121): capsHelper add param=a0009014
01-01 07:00:01.670 I/QC2PipelineCodec( 1121): isParamPipelineOwned 4000080e true
01-01 07:00:01.670 I/QC2PipelineCodec( 1121): capsHelper skip param 4000080e
01-01 07:00:01.670 I/QC2PipelineCodec( 1121): capsHelper add param=d2001802
01-01 07:00:01.670 I/QC2PipelineCodec( 1121): capsHelper add param=c2000808
01-01 07:00:01.670 I/QC2PipelineCodec( 1121): capsHelper add param=60000824
01-01 07:00:01.670 I/QC2PipelineCodec( 1121): capsHelper add param=a0000801
01-01 07:00:01.670 I/QC2PipelineCodec( 1121): capsHelper add param=d2011811
01-01 07:00:01.670 I/QC2PipelineCodec( 1121): capsHelper add param=60000823
01-01 07:00:01.670 I/QC2PipelineCodec( 1121): capsHelper add param=c2002000
01-01 07:00:01.670 I/QC2PipelineCodec( 1121): capsHelper add param=d2001809
01-01 07:00:01.670 I/QC2PipelineCodec( 1121): capsHelper add param=d200c006
01-01 07:00:01.670 I/QC2PipelineCodec( 1121): capsHelper add param=52002003
01-01 07:00:01.670 D/spcomlib( 739): [spcom_is_ch_connected] channel connection
state:1
01-01 07:00:01.670 I/QC2PipelineCodec( 1121): capsHelper add param=9001080c
01-01 07:00:01.670 I/QC2PipelineCodec( 1121): capsHelper add param=8001080c
01-01 07:00:01.670 I/QC2PipelineCodec( 1121): capsHelper add param=d2001800
01-01 07:00:01.670 I/QC2PipelineCodec( 1121): capsHelper add param=9200081b
01-01 07:00:01.670 I/QC2PipelineCodec( 1121): capsHelper add param=8200c035
01-01 07:00:01.670 I/QC2PipelineCodec( 1121): capsHelper add param=a0000804
01-01 07:00:01.670 I/QC2PipelineCodec( 1121): capsHelper add param=60000825
01-01 07:00:01.670 I/QC2PipelineCodec( 1121): capsHelper add param=5200180b
01-01 07:00:01.670 I/QC2PipelineCodec( 1121): capsHelper add param=d200180a
01-01 07:00:01.670 I/QC2PipelineCodec( 1121): capsHelper add param=d200c007
01-01 07:00:01.670 I/QC2PipelineCodec( 1121): capsHelper add param=d200c00c
01-01 07:00:01.670 I/QC2PipelineCodec( 1121): capsHelper add param=c2001800
01-01 07:00:01.670 I/QC2PipelineCodec( 1121): capsHelper add param=8200081b
01-01 07:00:01.670 E/secnvm ( 739): wrong state (reqId:11, m_state=2)
01-01 07:00:01.670 I/QC2PipelineCodec( 1121): capsHelper add param=a0000805
01-01 07:00:01.670 I/QC2PipelineCodec( 1121): capsHelper add param=9200c046
01-01 07:00:01.670 I/secnvm ( 739): ch [sec_nvm_sp_nvm] Done
01-01 07:00:01.670 I/QC2PipelineCodec( 1121): capsHelper add param=5001081a
01-01 07:00:01.670 I/QC2PipelineCodec( 1121): capsHelper add param=c200081e
01-01 07:00:01.670 I/QC2PipelineCodec( 1121): release: begin
01-01 07:00:01.670 I/QC2PipelinedEntity( 1121): pipelinedid=100 release
01-01 07:00:01.670 I/SurfaceFlinger( 1243): IsAsyncVDSCreationSupported 0
01-01 07:00:01.670 I/heimdall( 1232): alloc_group_info:83,
com.sec.location.nfwlocationprivacy usage : 100663296
01-01 07:00:01.671 I/heimdall( 1232): alloc_group_info:83, com.sec.location.nsflp2
usage : 174203904
01-01 07:00:01.671 W/SurfaceFlinger( 1243): Failed to set thread name on dispatch
thread
01-01 07:00:01.675 I/QC2V4l2Driver( 1121): [hevcD_0] Closed device driver with fd:
7
01-01 07:00:01.675 I/QC2PipelinedEntity( 1121): pipelinedid=101 release
01-01 07:00:01.675 I/QC2Filter( 1121): FUNCTION_BEGIN:release
01-01 07:00:01.675 I/QC2Filter( 1121): FUNCTION_END:release TIME=0 ms
01-01 07:00:01.675 I/QC2PipelinedEntity( 1121): pipelineid=101 ~QC2PipelinedEntity
01-01 07:00:01.676 I/heimdall( 1232): alloc_group_info:83,
com.sec.mhs.smarttethering usage : 100663296
01-01 07:00:01.676 I/heimdall( 1232): alloc_group_info:83, com.sec.modem.settings
usage : 100663296
01-01 07:00:01.676 I/QC2PipelinedEntity( 1121): pipelineid=100 ~QC2PipelinedEntity
01-01 07:00:01.677 I/sscrpcd ( 752):
vendor/qcom/proprietary/adsprpc/src/apps_std_imp.c:851: Successfully opened file
/mnt/vendor/persist/sensors/registry/registry/../temp.json
01-01 07:00:01.677 I/heimdall( 1232): alloc_group_info:83, com.sec.phone usage :
100663296
01-01 07:00:01.677 I/QC2PipelineCodec( 1121): release: end; processing-time=7 ms
01-01 07:00:01.677 I/QC2PipelineCodec( 1121): QC2PipelinedDecoder dtor
01-01 07:00:01.677 I/QC2ImageFormatFilter( 1121):
FUNCTION_BEGIN:~QC2ImageFormatFilter
01-01 07:00:01.677 I/QC2ImageFormatFilter( 1121):
FUNCTION_END:~QC2ImageFormatFilter TIME=0 ms
01-01 07:00:01.677 I/QC2Filter( 1121): FUNCTION_BEGIN:~QC2Filter
01-01 07:00:01.677 I/QC2Filter( 1121): FUNCTION_BEGIN:release
01-01 07:00:01.677 I/QC2Filter( 1121): FUNCTION_END:release TIME=0 ms
01-01 07:00:01.677 I/QC2Filter( 1121): FUNCTION_END:~QC2Filter TIME=0 ms
01-01 07:00:01.677 I/heimdall( 1232): alloc_group_info:83,
com.sec.providers.assisteddialing usage : 100663296
01-01 07:00:01.678 E/QC2V4l2Driver( 1121): Invalid device driver fd:-1
01-01 07:00:01.678 I/QC2V4l2Driver( 1121): [hevcD_0] Closed device driver with fd:
-1
01-01 07:00:01.678 I/QC2Comp ( 1121): codec capability queried!
01-01 07:00:01.678 I/QC2CompStore( 1121): Added capabilities for
c2.qti.hevc.decoder
01-01 07:00:01.678 I/heimdall( 1232): alloc_group_info:83, com.sec.spp.push usage :
90421248
01-01 07:00:01.678 I/heimdall( 1232): alloc_group_info:83, com.sec.sve usage :
220803072
01-01 07:00:01.678 I/sscrpcd ( 752):
vendor/qcom/proprietary/adsprpc/src/apps_std_imp.c:851: Successfully opened file
/mnt/vendor/persist/sensors/registry/registry/../temp.json
01-01 07:00:01.678 I/heimdall( 1232): alloc_group_info:83, com.sec.unifiedwfc usage
: 100663296
01-01 07:00:01.678 I/heimdall( 1232): alloc_group_info:83, com.sec.usbsettings
usage : 100663296
01-01 07:00:01.679 I/heimdall( 1232): alloc_group_info:83,
com.sec.vsim.ericssonnsds.webapp usage : 100663296
01-01 07:00:01.679 I/heimdall( 1232): run_proc_comm_thread:249, start
01-01 07:00:01.679 I/heimdall( 1232): run_framework_comm_thread:191, start
01-01 07:00:01.679 I/heimdall( 1232): init_framework_comm:172, init success
01-01 07:00:01.680 I/sscrpcd ( 752):
vendor/qcom/proprietary/adsprpc/src/apps_std_imp.c:851: Successfully opened file
/mnt/vendor/persist/sensors/registry/registry/../temp.json
01-01 07:00:01.680 I/QC2Registry( 1121): Getting stages for pipelined codec
01-01 07:00:01.680 I/QC2V4l2Codec( 1121): [hevcDLowLat_0] output buffer allocation
timeout threshold set to 1000ms
01-01 07:00:01.680 I/QC2Registry( 1121): Pipelining enabled
01-01 07:00:01.680 I/QC2Registry( 1121): Doesn't support pipelining. Create
standalone codec
01-01 07:00:01.680 I/QC2Registry( 1121): Return standalone codec caps for
c2.qti.hevc.decoder.low_latency
01-01 07:00:01.680 I/QC2V4l2Driver( 1121): [hevcDLowLat_0] Device /dev/video32
opened with fd: 7
01-01 07:00:01.681 I/sscrpcd ( 752):
vendor/qcom/proprietary/adsprpc/src/apps_std_imp.c:851: Successfully opened file
/mnt/vendor/persist/sensors/registry/registry/../temp.json
01-01 07:00:01.682 E/libEGL ( 953): dlopen("libSEC_EGL.so") failed: dlopen
failed: library "libSEC_EGL.so" not found
01-01 07:00:01.684 D/spcomlib( 739): [spcom_server_get_next_request_size] Rx
(read) ok ch [sec_nvm_sp_nvm] , next_req_size = 135.
01-01 07:00:01.684 D/spcomlib( 739): [spcom_server_wait_for_request] Rx (read) ok
ch [sec_nvm_sp_nvm], actual buf size = 135.
01-01 07:00:01.684 D/secnvm ( 739): ch [sec_nvm_sp_nvm] create new request: reqId
= 8
01-01 07:00:01.684 I/secnvm ( 739): reqId=8, 1 segments, isAri=1, isSkp=1
01-01 07:00:01.684 D/secnvm ( 739): CommitOp::execute() start, m_is_skp [1]
01-01 07:00:01.684 D/secnvm ( 739): ch [sec_nvm_sp_nvm] update segment#0 out of 1
01-01 07:00:01.684 D/secnvm ( 739): ch [sec_nvm_sp_nvm] ari, skp: marker points
to req ARC
01-01 07:00:01.684 I/sscrpcd ( 752):
vendor/qcom/proprietary/adsprpc/src/apps_std_imp.c:851: Successfully opened file
/mnt/vendor/persist/sensors/registry/registry/../temp.json
01-01 07:00:01.684 D/secnvm ( 739): found marker for file
01-01 07:00:01.684 D/secnvm ( 739): found marker for file
01-01 07:00:01.684 D/secnvm ( 739): m_is_ari: 1, m_is_ari_bypass: 1
01-01 07:00:01.684 D/secnvm ( 739): ari bypass: check counters
01-01 07:00:01.684 D/secnvm ( 739): counters: cnt0: 2, cnt1: 1
01-01 07:00:01.684 D/secnvm ( 739): match counter 2 of
/mnt/vendor/persist/secnvm/552412310573718226167662182032189844128_0_0
01-01 07:00:01.684 I/heimdall( 1232): handle_proc_ev:164, successfully connected
01-01 07:00:01.684 I/heimdall( 1232): run_iterate_procfs_thread:65, start
01-01 07:00:01.684 D/secnvm ( 739): commit 32 blocks starting from 0
01-01 07:00:01.684 D/secnvm ( 739): commit 32 hash blocks starting from 32768
01-01 07:00:01.685 D/secnvm ( 739): updated active file with transaction counter:
3, m_is_ari_bypass: 1
01-01 07:00:01.685 D/secnvm ( 739): successfully updated DDR->flash (transaction
counter: 3)
01-01 07:00:01.685 D/secnvm ( 739): successfully commited to the backup file,
save bytemap for the next time
01-01 07:00:01.685 D/secnvm ( 739): CommitOp::execute: m_is_skp [1] t_avg usec
[1378] t_min [1378] t_max [1378] count [1]
01-01 07:00:01.685 D/secnvm ( 739): CommitOp::execute: sync [2] write [0] read
[0]
01-01 07:00:01.685 D/spcomlib( 739): [spcom_server_send_response] size [18].
01-01 07:00:01.685 D/spcomlib( 739): [spcom_server_send_response] Write tx_size
[30].
01-01 07:00:01.685 I/secnvm ( 739): ch [sec_nvm_sp_nvm] Done
01-01 07:00:01.686 I/heimdall( 1232): update_proc_tgid:436, put /system/bin/init(1)
in root memcg
01-01 07:00:01.686 I/sscrpcd ( 752):
vendor/qcom/proprietary/adsprpc/src/apps_std_imp.c:851: Successfully opened file
/mnt/vendor/persist/sensors/registry/registry/../temp.json
01-01 07:00:01.686 I/heimdall( 1232): update_proc_tgid:436, put (2) in root memcg
01-01 07:00:01.686 I/heimdall( 1232): update_proc_tgid:436, put (3) in root memcg
01-01 07:00:01.686 I/heimdall( 1232): update_proc_tgid:436, put (4) in root memcg
01-01 07:00:01.687 I/heimdall( 1232): update_proc_tgid:436, put (5) in root memcg
01-01 07:00:01.687 I/heimdall( 1232): update_proc_tgid:436, put (6) in root memcg
01-01 07:00:01.687 I/heimdall( 1232): update_proc_tgid:436, put (7) in root memcg
01-01 07:00:01.687 I/heimdall( 1232): update_proc_tgid:436, put (8) in root memcg
01-01 07:00:01.687 I/heimdall( 1232): update_proc_tgid:436, put (9) in root memcg
01-01 07:00:01.687 I/heimdall( 1232): update_proc_tgid:436, put (10) in root memcg
01-01 07:00:01.687 I/heimdall( 1232): update_proc_tgid:436, put (11) in root memcg
01-01 07:00:01.688 I/heimdall( 1232): update_proc_tgid:436, put (12) in root memcg
01-01 07:00:01.688 I/heimdall( 1232): update_proc_tgid:436, put (13) in root memcg
01-01 07:00:01.688 I/heimdall( 1232): update_proc_tgid:436, put (14) in root memcg
01-01 07:00:01.688 I/heimdall( 1232): update_proc_tgid:436, put (15) in root memcg
01-01 07:00:01.688 I/heimdall( 1232): update_proc_tgid:436, put (16) in root memcg
01-01 07:00:01.688 I/Zygote ( 953): Preloading shared libraries...
01-01 07:00:01.688 I/heimdall( 1232): update_proc_tgid:436, put (17) in root memcg
01-01 07:00:01.689 I/heimdall( 1232): update_proc_tgid:436, put (18) in root memcg
01-01 07:00:01.689 I/heimdall( 1232): update_proc_tgid:436, put (19) in root memcg
01-01 07:00:01.689 I/sscrpcd ( 752):
vendor/qcom/proprietary/adsprpc/src/apps_std_imp.c:851: Successfully opened file
/vendor/etc/sensors/config/lahaina_ak991x_0.json
01-01 07:00:01.689 I/heimdall( 1232): update_proc_tgid:436, put (20) in root memcg
01-01 07:00:01.689 I/heimdall( 1232): update_proc_tgid:436, put (21) in root memcg
01-01 07:00:01.689 I/sscrpcd ( 752):
vendor/qcom/proprietary/adsprpc/src/apps_std_imp.c:851: Successfully opened file
/vendor/etc/sensors/config/lahaina_ak991x_0.json
01-01 07:00:01.689 I/heimdall( 1232): update_proc_tgid:436, put (22) in root memcg
01-01 07:00:01.689 I/heimdall( 1232): update_proc_tgid:436, put (23) in root memcg
01-01 07:00:01.689 I/heimdall( 1232): update_proc_tgid:436, put (24) in root memcg
01-01 07:00:01.690 I/heimdall( 1232): update_proc_tgid:436, put (25) in root memcg
01-01 07:00:01.690 I/heimdall( 1232): update_proc_tgid:436, put (26) in root memcg
01-01 07:00:01.690 I/heimdall( 1232): update_proc_tgid:436, put (27) in root memcg
01-01 07:00:01.690 I/heimdall( 1232): update_proc_tgid:436, put (28) in root memcg
01-01 07:00:01.690 I/heimdall( 1232): update_proc_tgid:436, put (29) in root memcg
01-01 07:00:01.691 I/heimdall( 1232): update_proc_tgid:436, put (30) in root memcg
01-01 07:00:01.691 I/heimdall( 1232): update_proc_tgid:436, put (31) in root memcg
01-01 07:00:01.691 I/heimdall( 1232): update_proc_tgid:436, put (32) in root memcg
01-01 07:00:01.691 I/heimdall( 1232): update_proc_tgid:436, put (33) in root memcg
01-01 07:00:01.692 I/StandardCaps( 1121): PixelFormatOutputHelper:
01-01 07:00:01.692 I/StandardCaps( 1121): VENUS_NV12
01-01 07:00:01.692 I/StandardCaps( 1121): VENUS_NV12_UBWC
01-01 07:00:01.692 I/StandardCaps( 1121): VENUS_TP10
01-01 07:00:01.692 I/StandardCaps( 1121): VENUS_P010
01-01 07:00:01.692 I/StandardCaps( 1121): PictureSizeOutputHelper: min [96 96] max
[8192 8192] default [96 96]
01-01 07:00:01.692 I/StandardCaps( 1121): PictureSizeInputHelper: min [96 96] max
[8192 8192] default [96 96]
01-01 07:00:01.692 I/StandardCaps( 1121): MaxPictureSizeOutputHelper: min [96 96]
max [8192 8192] default [96 96]
01-01 07:00:01.692 I/StandardCaps( 1121): FrameRateInputHelper: min 1 max 960 step
0 default 30
01-01 07:00:01.692 I/StandardCaps( 1121): OperatingRateHelper: min 30, max 32767,
step 0, default 30
01-01 07:00:01.692 I/sscrpcd ( 752):
vendor/qcom/proprietary/adsprpc/src/apps_std_imp.c:851: Successfully opened file
/mnt/vendor/persist/sensors/registry/registry/../temp.json
01-01 07:00:01.693 E/QC2V4l2Caps( 1121): Failed to read platform HDR value
01-01 07:00:01.693 I/StandardCaps( 1121): ProfileLevelInputHelper: Profiles
01-01 07:00:01.693 I/StandardCaps( 1121): HEVC_MAIN
01-01 07:00:01.693 I/StandardCaps( 1121): HEVC_MAIN_STLL
01-01 07:00:01.693 I/StandardCaps( 1121): HEVC_MAIN10
01-01 07:00:01.693 I/StandardCaps( 1121): ProfileLevelInputHelper: Levels
01-01 07:00:01.693 I/StandardCaps( 1121): Main 1.0
01-01 07:00:01.693 I/StandardCaps( 1121): Main 2.0
01-01 07:00:01.693 I/StandardCaps( 1121): Main 2.1
01-01 07:00:01.693 I/StandardCaps( 1121): Main 3.0
01-01 07:00:01.693 I/StandardCaps( 1121): Main 3.1
01-01 07:00:01.693 I/StandardCaps( 1121): Main 4.0
01-01 07:00:01.693 I/StandardCaps( 1121): Main 4.1
01-01 07:00:01.693 I/StandardCaps( 1121): Main 5.0
01-01 07:00:01.693 I/StandardCaps( 1121): Main 5.1
01-01 07:00:01.693 I/StandardCaps( 1121): Main 5.2
01-01 07:00:01.693 I/StandardCaps( 1121): Main 6.0
01-01 07:00:01.693 I/StandardCaps( 1121): Main 6.1
01-01 07:00:01.693 I/StandardCaps( 1121): High 1.0
01-01 07:00:01.693 I/StandardCaps( 1121): High 2.0
01-01 07:00:01.693 I/StandardCaps( 1121): High 2.1
01-01 07:00:01.693 I/StandardCaps( 1121): High 3.0
01-01 07:00:01.693 I/StandardCaps( 1121): High 3.1
01-01 07:00:01.693 I/StandardCaps( 1121): High 4.0
01-01 07:00:01.693 I/StandardCaps( 1121): High 4.1
01-01 07:00:01.693 I/StandardCaps( 1121): High 5.0
01-01 07:00:01.693 I/StandardCaps( 1121): High 5.1
01-01 07:00:01.693 I/StandardCaps( 1121): High 5.2
01-01 07:00:01.693 I/StandardCaps( 1121): High 6.0
01-01 07:00:01.693 I/StandardCaps( 1121): High 6.1
01-01 07:00:01.694 I/VendorCaps( 1121): RenderFrameRateOutputHelper: min 0 max 120
step 30 default 0
01-01 07:00:01.694 I/VendorCaps( 1121): VideoRefreshRateOutputHelper: min 0 max 120
step 1 default 60
01-01 07:00:01.694 I/sscrpcd ( 752):
vendor/qcom/proprietary/adsprpc/src/apps_std_imp.c:851: Successfully opened file
/vendor/etc/sensors/config/sns_gyro_cal.json
01-01 07:00:01.691 I/heimdall( 1232): update_proc_tgid:436, put (34) in root memcg
01-01 07:00:01.695 I/sscrpcd ( 752):
vendor/qcom/proprietary/adsprpc/src/apps_std_imp.c:851: Successfully opened file
/vendor/etc/sensors/config/sns_gyro_cal.json
01-01 07:00:01.695 I/heimdall( 1232): update_proc_tgid:436, put (35) in root memcg
01-01 07:00:01.696 I/heimdall( 1232): update_proc_tgid:436, put (36) in root memcg
01-01 07:00:01.696 I/heimdall( 1232): update_proc_tgid:436, put (37) in root memcg
01-01 07:00:01.696 I/heimdall( 1232): update_proc_tgid:436, put (38) in root memcg
01-01 07:00:01.696 I/Zygote ( 953): Called ZygoteHooks.endPreload()
01-01 07:00:01.696 I/heimdall( 1232): update_proc_tgid:436, put (39) in root memcg
01-01 07:00:01.696 I/heimdall( 1232): update_proc_tgid:436, put (40) in root memcg
01-01 07:00:01.696 I/Zygote ( 953): Installed AndroidKeyStoreProvider in 0ms.
01-01 07:00:01.696 I/heimdall( 1232): update_proc_tgid:436, put (41) in root memcg
01-01 07:00:01.696 D/spcomlib( 739): [spcom_server_get_next_request_size] Rx
(read) ok ch [sec_nvm_sp_nvm] , next_req_size = 135.
01-01 07:00:01.697 D/spcomlib( 739): [spcom_server_wait_for_request] Rx (read) ok
ch [sec_nvm_sp_nvm], actual buf size = 135.
01-01 07:00:01.697 D/secnvm ( 739): ch [sec_nvm_sp_nvm] create new request: reqId
= 8
01-01 07:00:01.697 I/secnvm ( 739): reqId=8, 1 segments, isAri=1, isSkp=1
01-01 07:00:01.697 D/secnvm ( 739): CommitOp::execute() start, m_is_skp [1]
01-01 07:00:01.697 D/secnvm ( 739): ch [sec_nvm_sp_nvm] update segment#0 out of 1
01-01 07:00:01.697 D/secnvm ( 739): ch [sec_nvm_sp_nvm] ari, skp: marker points
to req ARC
01-01 07:00:01.697 D/secnvm ( 739):
file_marker=8d0299847a1bbe16d0c464a4a3ce59cc1b242afd4a72ddb7ad067102fb4337ab
01-01 07:00:01.697 D/secnvm ( 739):
marker=abe28301d9b77b321b76535b7dbdb5da227ae0ab91eac422c0c6a84a602f162f
01-01 07:00:01.697 D/secnvm ( 739): found marker for file
01-01 07:00:01.697 D/secnvm ( 739): m_is_ari: 1, m_is_ari_bypass: 0
01-01 07:00:01.697 D/secnvm ( 739): match marker of
/mnt/vendor/persist/secnvm/552412310573718226167662182032189844128_0_1
01-01 07:00:01.697 I/QC2V4l2Driver( 1121): [hevcDLowLat_0] Closed device driver
with fd: 7
01-01 07:00:01.697 E/QC2V4l2Driver( 1121): Invalid device driver fd:-1
01-01 07:00:01.697 I/QC2V4l2Driver( 1121): [hevcDLowLat_0] Closed device driver
with fd: -1
01-01 07:00:01.697 I/QC2Comp ( 1121): codec capability queried!
01-01 07:00:01.698 D/secnvm ( 739): commit 32 blocks starting from 0
01-01 07:00:01.698 I/QC2CompStore( 1121): Added capabilities for
c2.qti.hevc.decoder.low_latency
01-01 07:00:01.698 D/secnvm ( 739): commit 32 hash blocks starting from 32768
01-01 07:00:01.699 I/Zygote ( 953): Warmed up JCA providers in 2ms.
01-01 07:00:01.699 D/Zygote ( 953): end preload
01-01 07:00:01.699 I/Zygote ( 953): !@Boot: End of preload()
01-01 07:00:01.699 I/Zygote ( 953): !@Boot_EBS_F: boot_progress_preload_end
01-01 07:00:01.699 D/Zygote64Timing( 953): ZygotePreload took to complete: 744ms
01-01 07:00:01.700 D/secnvm ( 739): successfully updated DDR->flash (transaction
counter: 4)
01-01 07:00:01.700 D/secnvm ( 739): successfully commited to the backup file,
save bytemap for the next time
01-01 07:00:01.700 D/secnvm ( 739): CommitOp::execute: m_is_skp [1] t_avg usec
[2514] t_min [1378] t_max [3651] count [2]
01-01 07:00:01.700 D/secnvm ( 739): CommitOp::execute: sync [2] write [0] read
[0]
01-01 07:00:01.700 D/spcomlib( 739): [spcom_server_send_response] size [18].
01-01 07:00:01.700 D/spcomlib( 739): [spcom_server_send_response] Write tx_size
[30].
01-01 07:00:01.700 E/secnvm ( 739): wrong state (reqId:8, m_state=3)
01-01 07:00:01.700 D/secnvm ( 739): SKP's segment opened/create success
01-01 07:00:01.700 D/spcomlib( 739): [spcom_signal_event] event [1] [nvm_ready]
EVENT_STATUS_SIGNALED
01-01 07:00:01.700 I/secnvm ( 739): ch [sec_nvm_sp_nvm] Done
01-01 07:00:01.701 I/QC2Registry( 1121): Getting stages for pipelined codec
01-01 07:00:01.701 I/QC2V4l2Codec( 1121): [hevcDSec_0] output buffer allocation
timeout threshold set to 1000ms
01-01 07:00:01.701 I/QC2Registry( 1121): Pipelining enabled
01-01 07:00:01.701 I/QC2Registry( 1121): Requested codec is pipelined. Create codec
list
01-01 07:00:01.701 I/QC2Registry( 1121): Filter c2.qti.ImageFormat.filter can't be
pipelined
01-01 07:00:01.701 I/QC2Registry( 1121): Created 0 codecs for pipelined codec
c2.qti.hevc.decoder.secure
01-01 07:00:01.701 I/QC2Registry( 1121): Return standalone codec caps for
c2.qti.hevc.decoder.secure
01-01 07:00:01.701 I/QC2V4l2Driver( 1121): [hevcDSec_0] Device /dev/video32 opened
with fd: 7
01-01 07:00:01.701 D/spcomlib( 750): [spcom_wait_for_event] event [0] [pil_called]
EVENT_STATUS_SIGNALED
01-01 07:00:01.701 D/spcomlib( 750): [spcom_wait_for_sp_link_up] waited for SP
link UP for [0] msec.
01-01 07:00:01.702 I/heimdall( 1232): update_proc_tgid:436, put (42) in root memcg
01-01 07:00:01.702 I/heimdall( 1232): update_proc_tgid:436, put (43) in root memcg
01-01 07:00:01.702 I/heimdall( 1232): update_proc_tgid:436, put (44) in root memcg
01-01 07:00:01.702 I/heimdall( 1232): update_proc_tgid:436, put (45) in root memcg
01-01 07:00:01.702 I/heimdall( 1232): update_proc_tgid:436, put (46) in root memcg
01-01 07:00:01.704 D/spcomlib( 739): [spcom_server_get_next_request_size] Rx
(read) ok ch [sec_nvm_sp_nvm] , next_req_size = 32.
01-01 07:00:01.704 D/spcomlib( 739): [spcom_server_wait_for_request] Rx (read) ok
ch [sec_nvm_sp_nvm], actual buf size = 32.
01-01 07:00:01.704 D/secnvm ( 739): ch [sec_nvm_sp_nvm] create new request: reqId
= 13
01-01 07:00:01.704 I/secnvm ( 739): reqId=13
01-01 07:00:01.704 I/secnvm ( 739):
ScratchBufferOp::execute:GET_SBDB_ADDR_REQUEST
01-01 07:00:01.704 D/spcomlib( 739): [spcom_ion_alloc] ion_fd = [12], round up ion
size = [4096].
01-01 07:00:01.704 I/heimdall( 1232): update_proc_tgid:436, put (47) in root memcg
01-01 07:00:01.705 I/heimdall( 1232): update_proc_tgid:436, put (48) in root memcg
01-01 07:00:01.705 I/heimdall( 1232): update_proc_tgid:436, put (49) in root memcg
01-01 07:00:01.705 I/heimdall( 1232): update_proc_tgid:436, put (50) in root memcg
01-01 07:00:01.705 I/heimdall( 1232): update_proc_tgid:436, put (51) in root memcg
01-01 07:00:01.705 I/heimdall( 1232): update_proc_tgid:436, put (52) in root memcg
01-01 07:00:01.705 I/heimdall( 1232): update_proc_tgid:436, put (53) in root memcg
01-01 07:00:01.706 I/heimdall( 1232): update_proc_tgid:436, put (54) in root memcg
01-01 07:00:01.706 I/heimdall( 1232): update_proc_tgid:436, put (55) in root memcg
01-01 07:00:01.706 I/heimdall( 1232): update_proc_tgid:436, put (56) in root memcg
01-01 07:00:01.706 I/heimdall( 1232): update_proc_tgid:436, put (57) in root memcg
01-01 07:00:01.706 I/heimdall( 1232): update_proc_tgid:436, put (58) in root memcg
01-01 07:00:01.706 I/heimdall( 1232): update_proc_tgid:436, put (59) in root memcg
01-01 07:00:01.706 I/heimdall( 1232): update_proc_tgid:436, put (60) in root memcg
01-01 07:00:01.707 I/heimdall( 1232): update_proc_tgid:436, put (61) in root memcg
01-01 07:00:01.707 I/heimdall( 1232): update_proc_tgid:436, put (62) in root memcg
01-01 07:00:01.707 I/heimdall( 1232): update_proc_tgid:436, put (63) in root memcg
01-01 07:00:01.707 I/heimdall( 1232): update_proc_tgid:436, put (64) in root memcg
01-01 07:00:01.707 I/heimdall( 1232): update_proc_tgid:436, put (65) in root memcg
01-01 07:00:01.707 I/heimdall( 1232): update_proc_tgid:436, put (66) in root memcg
01-01 07:00:01.707 I/heimdall( 1232): update_proc_tgid:436, put (67) in root memcg
01-01 07:00:01.707 I/heimdall( 1232): update_proc_tgid:436, put (68) in root memcg
01-01 07:00:01.708 I/heimdall( 1232): update_proc_tgid:436, put (69) in root memcg
01-01 07:00:01.708 I/heimdall( 1232): update_proc_tgid:436, put (70) in root memcg
01-01 07:00:01.708 I/sscrpcd ( 752):
vendor/qcom/proprietary/adsprpc/src/apps_std_imp.c:851: Successfully opened file
/mnt/vendor/persist/sensors/registry/registry/../temp.json
01-01 07:00:01.708 I/heimdall( 1232): update_proc_tgid:436, put (71) in root memcg
01-01 07:00:01.709 I/heimdall( 1232): update_proc_tgid:436, put (72) in root memcg
01-01 07:00:01.709 I/heimdall( 1232): update_proc_tgid:436, put (73) in root memcg
01-01 07:00:01.709 E/libEGL ( 1243): dlopen("libSEC_EGL.so") failed: dlopen
failed: library "libSEC_EGL.so" not found
01-01 07:00:01.709 I/heimdall( 1232): update_proc_tgid:436, put (74) in root memcg
01-01 07:00:01.709 I/heimdall( 1232): update_proc_tgid:436, put (75) in root memcg
01-01 07:00:01.709 I/heimdall( 1232): update_proc_tgid:436, put (88) in root memcg
01-01 07:00:01.710 I/heimdall( 1232): update_proc_tgid:436, put (121) in root memcg
01-01 07:00:01.710 I/heimdall( 1232): update_proc_tgid:436, put (122) in root memcg
01-01 07:00:01.710 I/heimdall( 1232): update_proc_tgid:436, put (123) in root memcg
01-01 07:00:01.710 I/sscrpcd ( 752):
vendor/qcom/proprietary/adsprpc/src/apps_std_imp.c:851: Successfully opened file
/mnt/vendor/persist/sensors/registry/registry/../temp.json
01-01 07:00:01.710 E/heimdall( 1232): update_proc_tgid:340 (No such file or
directory), failed to read cmdline from 1333
01-01 07:00:01.710 I/heimdall( 1232): update_proc_tgid:436, put (1333) in root
memcg
01-01 07:00:01.710 I/heimdall( 1232): update_proc_tgid:436, put (124) in root memcg
01-01 07:00:01.710 I/heimdall( 1232): update_proc_tgid:436, put (125) in root memcg
01-01 07:00:01.710 I/heimdall( 1232): update_proc_tgid:436, put (126) in root memcg
01-01 07:00:01.710 I/heimdall( 1232): update_proc_tgid:436, put (127) in root memcg
01-01 07:00:01.711 I/heimdall( 1232): update_proc_tgid:436, put (128) in root memcg
01-01 07:00:01.711 I/heimdall( 1232): update_proc_tgid:436, put (129) in root memcg
