02-20 20:09:00.900 16291 16291 E ArmVmp : Match on catch block at 0xc3 in for 0xa1
02-20 20:09:00.938 16291 16291 E ArmVmp : Match on catch block at 0xc3 in for 0xa5
02-20 20:09:00.944 16291 16291 E ArmVmp : Match on catch block at 0xc3 in for 0xa9
02-20 20:09:00.949 16291 16291 E ArmVmp : Match on catch block at 0xc3 in for 0xa9
02-20 20:09:00.987 16291 16291 E ArmVmp : Match on catch block at 0xc3 in for 0xa1
02-20 20:09:00.992 16291 16291 E ArmVmp : Match on catch block at 0xc3 in for 0xa5
02-20 20:09:00.997 16291 16291 E ArmVmp : Match on catch block at 0xc3 in for 0xa5
02-20 20:09:01.035 16291 16291 E ArmVmp : Match on catch block at 0xc3 in for 0xa9
02-20 20:09:01.043 16291 16291 E ArmVmp : Match on catch block at 0xc3 in for 0xa1
02-20 20:09:01.048 16291 16291 E ArmVmp : Match on catch block at 0xc3 in for 0xa1
02-20 20:09:01.099 16291 16291 E ArmVmp : Match on catch block at 0xc3 in for 0xa5
02-20 20:09:01.104 16291 16291 E ArmVmp : Match on catch block at 0xc3 in for 0xa9
02-20 20:09:01.109 16291 16291 E ArmVmp : Match on catch block at 0xc3 in for 0xa9
02-20 20:09:01.147 16291 16291 E ArmVmp : Match on catch block at 0xc3 in for 0xa1
02-20 20:09:01.152 16291 16291 E ArmVmp : Match on catch block at 0xc3 in for 0xa5
02-20 20:09:01.159 16291 16291 E ArmVmp : Match on catch block at 0xc3 in for 0xa5
02-20 20:09:01.187 16291 16291 E ArmVmp : Match on catch block at 0xc3 in for 0xa1
02-20 20:09:01.193 16291 16291 E ArmVmp : Match on catch block at 0xc3 in for 0xa5
02-20 20:09:01.199 16291 16291 E ArmVmp : Match on catch block at 0xc3 in for 0xa5
02-20 20:09:01.244 16291 16291 E ArmVmp : Match on catch block at 0xc3 in for 0xa9
02-20 20:09:01.251 16291 16291 E ArmVmp : Match on catch block at 0xc3 in for 0xa1
02-20 20:09:01.256 16291 16291 E ArmVmp : Match on catch block at 0xc3 in for 0xa1
02-20 20:09:01.293 16291 16291 E ArmVmp : Match on catch block at 0xc3 in for 0xa5
02-20 20:09:01.302 16291 16291 E ArmVmp : Match on catch block at 0xc3 in for 0xa9
02-20 20:09:01.308 16291 16291 E ArmVmp : Match on catch block at 0xc3 in for 0xa9
02-20 20:09:01.358 16291 16291 E ArmVmp : Match on catch block at 0xc3 in for 0xa1
02-20 20:09:01.366 16291 16291 E ArmVmp : Match on catch block at 0xc3 in for 0xa5
02-20 20:09:01.372 16291 16291 E ArmVmp : Match on catch block at 0xc3 in for 0xa5
02-20 20:09:01.424 16291 16291 E ArmVmp : Match on catch block at 0xc3 in for 0xa5
02-20 20:09:01.433 16291 16291 E ArmVmp : Match on catch block at 0xc3 in for 0xa9
02-20 20:09:01.440 16291 16291 E ArmVmp : Match on catch block at 0xc3 in for 0xa9
02-20 20:09:01.470 16291 16291 E ArmVmp : Match on catch block at 0xc3 in for 0xa1
02-20 20:09:01.476 16291 16291 E ArmVmp : Match on catch block at 0xc3 in for 0xa5
02-20 20:09:01.481 16291 16291 E ArmVmp : Match on catch block at 0xc3 in for 0xa5
02-20 20:09:01.515 16291 16291 E ArmVmp : Match on catch block at 0xc3 in for 0xa9
02-20 20:09:01.520 16291 16291 E ArmVmp : Match on catch block at 0xc3 in for 0xa1
02-20 20:09:01.525 16291 16291 E ArmVmp : Match on catch block at 0xc3 in for 0xa1
02-20 20:09:01.646 16291 16291 E ArmVmp : Match on catch block at 0xc3 in for 0xa1
02-20 20:09:01.651 16291 16291 E ArmVmp : Match on catch block at 0xc3 in for 0xa5
02-20 20:09:01.655 16291 16291 E ArmVmp : Match on catch block at 0xc3 in for 0xa5
02-20 20:09:01.724 16291 16291 E ArmVmp : Match on catch block at 0xc3 in for 0xa5
02-20 20:09:01.727 16291 16291 E ArmVmp : Match on catch block at 0xc3 in for 0xa9
02-20 20:09:01.730 16291 16291 E ArmVmp : Match on catch block at 0xc3 in for 0xa9
02-20 20:09:01.767 16291 16291 E ArmVmp : Match on catch block at 0xc3 in for 0xa1
02-20 20:09:01.773 16291 16291 E ArmVmp : Match on catch block at 0xc3 in for 0xa5
02-20 20:09:01.776 16291 16291 E ArmVmp : Match on catch block at 0xc3 in for 0xa5
02-20 20:09:01.846 16291 16291 E ArmVmp : Match on catch block at 0xc3 in for 0xa1
02-20 20:09:01.855 16291 16291 E ArmVmp : Match on catch block at 0xc3 in for 0xa5
02-20 20:09:01.860 16291 16291 E ArmVmp : Match on catch block at 0xc3 in for 0xa5
02-20 20:09:01.891 16291 16291 E ArmVmp : Match on catch block at 0xc3 in for 0xa9
02-20 20:09:01.897 16291 16291 E ArmVmp : Match on catch block at 0xc3 in for 0xa1
02-20 20:09:01.901 16291 16291 E ArmVmp : Match on catch block at 0xc3 in for 0xa1
02-20 20:09:01.929 16291 16291 E ArmVmp : Match on catch block at 0xc3 in for 0xa5
02-20 20:09:01.940 16291 16291 E ArmVmp : Match on catch block at 0xc3 in for 0xa9
02-20 20:09:01.944 16291 16291 E ArmVmp : Match on catch block at 0xc3 in for 0xa9
02-20 20:09:01.976 16291 16291 E ArmVmp : Match on catch block at 0xc3 in for 0xa1
02-20 20:09:01.988 16291 16291 E ArmVmp : Match on catch block at 0xc3 in for 0xa5
02-20 20:09:01.992 16291 16291 E ArmVmp : Match on catch block at 0xc3 in for 0xa5
02-20 20:09:02.020 16291 16291 E ArmVmp : Match on catch block at 0xc3 in for 0xa9
02-20 20:09:02.025 16291 16291 E ArmVmp : Match on catch block at 0xc3 in for 0xa1
02-20 20:09:02.035 16291 16291 E ArmVmp : Match on catch block at 0xc3 in for 0xa1
02-20 20:09:02.084 16291 16291 E ArmVmp : Match on catch block at 0xc3 in for 0xa9
02-20 20:09:02.090 16291 16291 E ArmVmp : Match on catch block at 0xc3 in for 0xa1
02-20 20:09:02.097 16291 16291 E ArmVmp : Match on catch block at 0xc3 in for 0xa1
02-20 20:09:02.135 16291 16291 E ArmVmp : Match on catch block at 0xc3 in for 0xa5
02-20 20:09:02.148 16291 16291 E ArmVmp : Match on catch block at 0xc3 in for 0xa9
02-20 20:09:02.159 16291 16291 E ArmVmp : Match on catch block at 0xc3 in for 0xa9
02-20 20:09:02.196 16291 16291 E ArmVmp : Match on catch block at 0xc3 in for 0xa5
02-20 20:09:02.202 16291 16291 E ArmVmp : Match on catch block at 0xc3 in for 0xa9
02-20 20:09:02.209 16291 16291 E ArmVmp : Match on catch block at 0xc3 in for 0xa9
02-20 20:09:02.229 16291 16291 E ArmVmp : Match on catch block at 0xc3 in for 0xa1
02-20 20:09:02.234 16291 16291 E ArmVmp : Match on catch block at 0xc3 in for 0xa5
02-20 20:09:02.240 16291 16291 E ArmVmp : Match on catch block at 0xc3 in for 0xa5
02-20 20:09:02.264 16291 16291 E ArmVmp : Match on catch block at 0xc3 in for 0xa9
02-20 20:09:02.273 16291 16291 E ArmVmp : Match on catch block at 0xc3 in for 0xa1
02-20 20:09:02.278 16291 16291 E ArmVmp : Match on catch block at 0xc3 in for 0xa1
02-20 20:09:02.336 16291 16291 E ArmVmp : Match on catch block at 0xc3 in for 0xa5
02-20 20:09:02.342 16291 16291 E ArmVmp : Match on catch block at 0xc3 in for 0xa9
02-20 20:09:02.347 16291 16291 E ArmVmp : Match on catch block at 0xc3 in for 0xa9
02-20 20:09:02.385 16291 16291 E ArmVmp : Match on catch block at 0xc3 in for 0xa1
02-20 20:09:02.391 16291 16291 E ArmVmp : Match on catch block at 0xc3 in for 0xa5
02-20 20:09:02.403 16291 16291 E ArmVmp : Match on catch block at 0xc3 in for 0xa5
02-20 20:09:02.433 16291 16291 E ArmVmp : Match on catch block at 0xc3 in for 0xa9
02-20 20:09:02.440 16291 16291 E ArmVmp : Match on catch block at 0xc3 in for 0xa1
02-20 20:09:02.445 16291 16291 E ArmVmp : Match on catch block at 0xc3 in for 0xa1
02-20 20:09:02.494 16291 17362 W libEGL : EGLNativeWindowType 0x7e52d33010
disconnect failed
02-20 20:09:02.533 16291 17362 W libEGL : EGLNativeWindowType 0x7e52d33010
disconnect failed
02-20 20:09:02.571 16291 17362 W libEGL : EGLNativeWindowType 0x7e52d33010
disconnect failed
02-20 20:09:02.588 16291 16291 E ArmVmp : Match on catch block at 0xc3 in for 0xa5
02-20 20:09:02.596 16291 16291 E ArmVmp : Match on catch block at 0xc3 in for 0xa9
02-20 20:09:02.601 16291 16291 E ArmVmp : Match on catch block at 0xc3 in for 0xa9
02-20 20:09:02.653 16291 17362 W libEGL : EGLNativeWindowType 0x7e52d33010
disconnect failed
02-20 20:09:02.695 16291 17362 W libEGL : EGLNativeWindowType 0x7e52d33010
disconnect failed
02-20 20:09:02.703 16291 16291 E ArmVmp : Match on catch block at 0xc3 in for 0xa1
02-20 20:09:02.710 16291 16291 E ArmVmp : Match on catch block at 0xc3 in for 0xa5
02-20 20:09:02.714 16291 16291 E ArmVmp : Match on catch block at 0xc3 in for 0xa5
02-20 20:09:02.767 16291 17362 W libEGL : EGLNativeWindowType 0x7e52d33010
disconnect failed
02-20 20:09:02.805 16291 17362 W libEGL : EGLNativeWindowType 0x7e52d33010
disconnect failed
02-20 20:09:02.815 16291 16291 E ArmVmp : Match on catch block at 0xc3 in for 0xa9
02-20 20:09:02.822 16291 16291 E ArmVmp : Match on catch block at 0xc3 in for 0xa1
02-20 20:09:02.831 16291 16291 E ArmVmp : Match on catch block at 0xc3 in for 0xa1
02-20 20:09:02.875 16291 16291 E ArmVmp : Match on catch block at 0xc3 in for 0xa5
02-20 20:09:02.888 16291 16291 E ArmVmp : Match on catch block at 0xc3 in for 0xa9
02-20 20:09:02.896 16291 16291 E ArmVmp : Match on catch block at 0xc3 in for 0xa9
02-20 20:09:02.924 16291 16291 E ArmVmp : Match on catch block at 0xc3 in for 0xa1
02-20 20:09:02.930 16291 16291 E ArmVmp : Match on catch block at 0xc3 in for 0xa5
02-20 20:09:02.937 16291 16291 E ArmVmp : Match on catch block at 0xc3 in for 0xa5
02-20 20:09:02.988 16291 16291 E ArmVmp : Match on catch block at 0xc3 in for 0xa9
02-20 20:09:03.000 16291 16291 E ArmVmp : Match on catch block at 0xc3 in for 0xa1
02-20 20:09:03.006 16291 16291 E ArmVmp : Match on catch block at 0xc3 in for 0xa1
02-20 20:09:03.041 16291 16291 E ArmVmp : Match on catch block at 0xc3 in for 0xa5
02-20 20:09:03.048 16291 16291 E ArmVmp : Match on catch block at 0xc3 in for 0xa9
02-20 20:09:03.055 16291 16291 E ArmVmp : Match on catch block at 0xc3 in for 0xa9
02-20 20:09:03.087 16291 16291 E ArmVmp : Match on catch block at 0xc3 in for 0xa1
02-20 20:09:03.095 16291 16291 E ArmVmp : Match on catch block at 0xc3 in for 0xa5
02-20 20:09:03.105 16291 16291 E ArmVmp : Match on catch block at 0xc3 in for 0xa5
02-20 20:09:03.135 16291 16291 E ArmVmp : Match on catch block at 0xc3 in for 0xa9
02-20 20:09:03.141 16291 16291 E ArmVmp : Match on catch block at 0xc3 in for 0xa1
02-20 20:09:03.146 16291 16291 E ArmVmp : Match on catch block at 0xc3 in for 0xa1
02-20 20:09:03.200 16291 16291 E ArmVmp : Match on catch block at 0xc3 in for 0xa9
02-20 20:09:03.206 16291 16291 E ArmVmp : Match on catch block at 0xc3 in for 0xa1
02-20 20:09:03.214 16291 16291 E ArmVmp : Match on catch block at 0xc3 in for 0xa1
02-20 20:09:03.260 16291 16291 E ArmVmp : Match on catch block at 0xc3 in for 0xa5
02-20 20:09:03.268 16291 16291 E ArmVmp : Match on catch block at 0xc3 in for 0xa9
02-20 20:09:03.274 16291 16291 E ArmVmp : Match on catch block at 0xc3 in for 0xa9
02-20 20:09:03.293 16291 16291 E ArmVmp : Match on catch block at 0xc3 in for 0xa1
02-20 20:09:03.298 16291 16291 E ArmVmp : Match on catch block at 0xc3 in for 0xa5
02-20 20:09:03.303 16291 16291 E ArmVmp : Match on catch block at 0xc3 in for 0xa5
02-20 20:09:03.327 16291 16291 E ArmVmp : Match on catch block at 0xc3 in for 0xa9
02-20 20:09:03.333 16291 16291 E ArmVmp : Match on catch block at 0xc3 in for 0xa1
02-20 20:09:03.341 16291 16291 E ArmVmp : Match on catch block at 0xc3 in for 0xa1
02-20 20:09:03.375 16291 16291 E ArmVmp : Match on catch block at 0xc3 in for 0xa5
02-20 20:09:03.381 16291 16291 E ArmVmp : Match on catch block at 0xc3 in for 0xa9
02-20 20:09:03.385 16291 16291 E ArmVmp : Match on catch block at 0xc3 in for 0xa9
02-20 20:09:03.437 16291 16291 E ArmVmp : Match on catch block at 0xc3 in for 0xa1
02-20 20:09:03.446 16291 16291 E ArmVmp : Match on catch block at 0xc3 in for 0xa5
02-20 20:09:03.452 16291 16291 E ArmVmp : Match on catch block at 0xc3 in for 0xa5
02-20 20:09:03.485 16291 16291 E ArmVmp : Match on catch block at 0xc3 in for 0xa9
02-20 20:09:03.492 16291 16291 E ArmVmp : Match on catch block at 0xc3 in for 0xa1
02-20 20:09:03.497 16291 16291 E ArmVmp : Match on catch block at 0xc3 in for 0xa1
02-20 20:09:03.534 16291 16291 E ArmVmp : Match on catch block at 0xc3 in for 0xa5
02-20 20:09:03.541 16291 16291 E ArmVmp : Match on catch block at 0xc3 in for 0xa9
02-20 20:09:03.546 16291 16291 E ArmVmp : Match on catch block at 0xc3 in for 0xa9
02-20 20:09:03.582 16291 16291 E ArmVmp : Match on catch block at 0xc3 in for 0xa1
02-20 20:09:03.588 16291 16291 E ArmVmp : Match on catch block at 0xc3 in for 0xa5
02-20 20:09:03.593 16291 16291 E ArmVmp : Match on catch block at 0xc3 in for 0xa5
02-20 20:09:03.646 16291 16291 E ArmVmp : Match on catch block at 0xc3 in for 0xa9
02-20 20:09:03.652 16291 16291 E ArmVmp : Match on catch block at 0xc3 in for 0xa1
02-20 20:09:03.657 16291 16291 E ArmVmp : Match on catch block at 0xc3 in for 0xa1
02-20 20:09:03.680 16291 16291 E ArmVmp : Match on catch block at 0xc3 in for 0xa5
02-20 20:09:03.687 16291 16291 E ArmVmp : Match on catch block at 0xc3 in for 0xa9
02-20 20:09:03.692 16291 16291 E ArmVmp : Match on catch block at 0xc3 in for 0xa9
02-20 20:09:03.708 16291 16291 E ArmVmp : Match on catch block at 0xc3 in for 0xa1
02-20 20:09:03.715 16291 16291 E ArmVmp : Match on catch block at 0xc3 in for 0xa5
02-20 20:09:03.720 16291 16291 E ArmVmp : Match on catch block at 0xc3 in for 0xa5
02-20 20:09:03.734 16291 16291 E ArmVmp : Match on catch block at 0xc3 in for 0xa9
02-20 20:09:03.742 16291 16291 E ArmVmp : Match on catch block at 0xc3 in for 0xa1
02-20 20:09:03.748 16291 16291 E ArmVmp : Match on catch block at 0xc3 in for 0xa1
02-20 20:09:03.776 16291 17362 W libEGL : EGLNativeWindowType 0x7e52d33010
disconnect failed
02-20 20:09:03.791 16291 16291 E ArmVmp : Match on catch block at 0xc3 in for 0xa5
02-20 20:09:03.802 16291 16291 E ArmVmp : Match on catch block at 0xc3 in for 0xa9
02-20 20:09:03.811 16291 16291 E ArmVmp : Match on catch block at 0xc3 in for 0xa9
02-20 20:09:03.825 16291 16291 E ArmVmp : Match on catch block at 0xc3 in for 0xa1
02-20 20:09:03.831 16291 16291 E ArmVmp : Match on catch block at 0xc3 in for 0xa5
02-20 20:09:03.838 16291 16291 E ArmVmp : Match on catch block at 0xc3 in for 0xa5
02-20 20:09:03.859 16291 16291 E ArmVmp : Match on catch block at 0xc3 in for 0xa9
02-20 20:09:03.868 16291 16291 E ArmVmp : Match on catch block at 0xc3 in for 0xa1
02-20 20:09:03.877 16291 16291 E ArmVmp : Match on catch block at 0xc3 in for 0xa1
02-20 20:09:03.891 16291 16291 E ArmVmp : Match on catch block at 0xc3 in for 0xa5
02-20 20:09:03.899 16291 16291 E ArmVmp : Match on catch block at 0xc3 in for 0xa9
02-20 20:09:03.908 16291 16291 E ArmVmp : Match on catch block at 0xc3 in for 0xa9
02-20 20:09:03.924 16291 16291 E ArmVmp : Match on catch block at 0xc3 in for 0xa1
02-20 20:09:03.937 16291 16291 E ArmVmp : Match on catch block at 0xc3 in for 0xa5
02-20 20:09:03.943 16291 16291 E ArmVmp : Match on catch block at 0xc3 in for 0xa5
02-20 20:09:03.962 16291 16291 E ArmVmp : Match on catch block at 0xc3 in for 0xa9
02-20 20:09:03.973 16291 16291 E ArmVmp : Match on catch block at 0xc3 in for 0xa1
02-20 20:09:03.985 16291 16291 E ArmVmp : Match on catch block at 0xc3 in for 0xa1
02-20 20:09:03.998 16291 16291 E ArmVmp : Match on catch block at 0xc3 in for 0xa5
02-20 20:09:04.010 16291 16291 E ArmVmp : Match on catch block at 0xc3 in for 0xa9
02-20 20:09:04.018 16291 16291 E ArmVmp : Match on catch block at 0xc3 in for 0xa9
02-20 20:09:04.062 16291 16291 E ArmVmp : Match on catch block at 0xc3 in for 0xa1
02-20 20:09:04.072 16291 16291 E ArmVmp : Match on catch block at 0xc3 in for 0xa5
02-20 20:09:04.078 16291 16291 E ArmVmp : Match on catch block at 0xc3 in for 0xa5
02-20 20:09:04.111 16291 16291 E ArmVmp : Match on catch block at 0xc3 in for 0xa9
02-20 20:09:04.117 16291 16291 E ArmVmp : Match on catch block at 0xc3 in for 0xa1
02-20 20:09:04.122 16291 16291 E ArmVmp : Match on catch block at 0xc3 in for 0xa1
02-20 20:09:04.165 16291 16291 E ArmVmp : Match on catch block at 0xc3 in for 0xa5
02-20 20:09:04.171 16291 16291 E ArmVmp : Match on catch block at 0xc3 in for 0xa9
02-20 20:09:04.179 16291 16291 E ArmVmp : Match on catch block at 0xc3 in for 0xa9
02-20 20:09:04.225 16291 16291 E ArmVmp : Match on catch block at 0xc3 in for 0xa5
02-20 20:09:04.233 16291 16291 E ArmVmp : Match on catch block at 0xc3 in for 0xa9
02-20 20:09:04.244 16291 16291 E ArmVmp : Match on catch block at 0xc3 in for 0xa9
02-20 20:09:04.291 16291 16291 E ArmVmp : Match on catch block at 0xc3 in for 0xa1
02-20 20:09:04.298 16291 16291 E ArmVmp : Match on catch block at 0xc3 in for 0xa5
02-20 20:09:04.306 16291 16291 E ArmVmp : Match on catch block at 0xc3 in for 0xa5
02-20 20:09:04.334 16291 16291 E ArmVmp : Match on catch block at 0xc3 in for 0xa9
02-20 20:09:04.340 16291 16291 E ArmVmp : Match on catch block at 0xc3 in for 0xa1
02-20 20:09:04.344 16291 16291 E ArmVmp : Match on catch block at 0xc3 in for 0xa1
02-20 20:09:04.367 16291 16291 E ArmVmp : Match on catch block at 0xc3 in for 0xa5
02-20 20:09:04.375 16291 16291 E ArmVmp : Match on catch block at 0xc3 in for 0xa9
02-20 20:09:04.382 16291 16291 E ArmVmp : Match on catch block at 0xc3 in for 0xa9
02-20 20:09:04.413 16291 16291 E ArmVmp : Match on catch block at 0xc3 in for 0xa1
02-20 20:09:04.422 16291 16291 E ArmVmp : Match on catch block at 0xc3 in for 0xa5
02-20 20:09:04.430 16291 16291 E ArmVmp : Match on catch block at 0xc3 in for 0xa5
02-20 20:09:04.478 16291 16291 E ArmVmp : Match on catch block at 0xc3 in for 0xa9
02-20 20:09:04.485 16291 16291 E ArmVmp : Match on catch block at 0xc3 in for 0xa1
02-20 20:09:04.492 16291 16291 E ArmVmp : Match on catch block at 0xc3 in for 0xa1
02-20 20:09:04.528 16291 16291 E ArmVmp : Match on catch block at 0xc3 in for 0xa5
02-20 20:09:04.539 16291 16291 E ArmVmp : Match on catch block at 0xc3 in for 0xa9
02-20 20:09:04.545 16291 16291 E ArmVmp : Match on catch block at 0xc3 in for 0xa9
02-20 20:09:04.575 16291 16291 E ArmVmp : Match on catch block at 0xc3 in for 0xa1
02-20 20:09:04.583 16291 16291 E ArmVmp : Match on catch block at 0xc3 in for 0xa5
02-20 20:09:04.588 16291 16291 E ArmVmp : Match on catch block at 0xc3 in for 0xa5
02-20 20:09:04.623 16291 16291 E ArmVmp : Match on catch block at 0xc3 in for 0xa9
02-20 20:09:04.632 16291 16291 E ArmVmp : Match on catch block at 0xc3 in for 0xa1
02-20 20:09:04.641 16291 16291 E ArmVmp : Match on catch block at 0xc3 in for 0xa1
02-20 20:09:04.687 16291 16291 E ArmVmp : Match on catch block at 0xc3 in for 0xa5
02-20 20:09:04.693 16291 16291 E ArmVmp : Match on catch block at 0xc3 in for 0xa9
02-20 20:09:04.700 16291 16291 E ArmVmp : Match on catch block at 0xc3 in for 0xa9
02-20 20:09:04.736 16291 16291 E ArmVmp : Match on catch block at 0xc3 in for 0xa1
02-20 20:09:04.741 16291 16291 E ArmVmp : Match on catch block at 0xc3 in for 0xa5
02-20 20:09:04.746 16291 16291 E ArmVmp : Match on catch block at 0xc3 in for 0xa5
02-20 20:09:04.784 16291 16291 E ArmVmp : Match on catch block at 0xc3 in for 0xa9
02-20 20:09:04.791 16291 16291 E ArmVmp : Match on catch block at 0xc3 in for 0xa1
02-20 20:09:04.798 16291 16291 E ArmVmp : Match on catch block at 0xc3 in for 0xa1
02-20 20:09:04.831 16291 16291 E ArmVmp : Match on catch block at 0xc3 in for 0xa5
02-20 20:09:04.838 16291 16291 E ArmVmp : Match on catch block at 0xc3 in for 0xa9
02-20 20:09:04.843 16291 16291 E ArmVmp : Match on catch block at 0xc3 in for 0xa9
02-20 20:09:04.863 16291 16291 E ArmVmp : Match on catch block at 0xc3 in for 0xa1
02-20 20:09:04.869 16291 16291 E ArmVmp : Match on catch block at 0xc3 in for 0xa5
02-20 20:09:04.876 16291 16291 E ArmVmp : Match on catch block at 0xc3 in for 0xa5
02-20 20:09:04.911 16291 16291 E ArmVmp : Match on catch block at 0xc3 in for 0xa9
02-20 20:09:04.920 16291 16291 E ArmVmp : Match on catch block at 0xc3 in for 0xa1
02-20 20:09:04.926 16291 16291 E ArmVmp : Match on catch block at 0xc3 in for 0xa1
02-20 20:09:04.965 16291 16291 E ArmVmp : Match on catch block at 0xc3 in for 0xa5
02-20 20:09:04.972 16291 16291 E ArmVmp : Match on catch block at 0xc3 in for 0xa9
02-20 20:09:04.979 16291 16291 E ArmVmp : Match on catch block at 0xc3 in for 0xa9
02-20 20:09:05.025 16291 16291 E ArmVmp : Match on catch block at 0xc3 in for 0xa1
02-20 20:09:05.032 16291 16291 E ArmVmp : Match on catch block at 0xc3 in for 0xa5
02-20 20:09:05.040 16291 16291 E ArmVmp : Match on catch block at 0xc3 in for 0xa5
02-20 20:09:05.072 16291 16291 E ArmVmp : Match on catch block at 0xc3 in for 0xa9
02-20 20:09:05.078 16291 16291 E ArmVmp : Match on catch block at 0xc3 in for 0xa1
02-20 20:09:05.086 16291 16291 E ArmVmp : Match on catch block at 0xc3 in for 0xa1
02-20 20:09:05.135 16291 16291 E ArmVmp : Match on catch block at 0xc3 in for 0xa5
02-20 20:09:05.141 16291 16291 E ArmVmp : Match on catch block at 0xc3 in for 0xa9
02-20 20:09:05.147 16291 16291 E ArmVmp : Match on catch block at 0xc3 in for 0xa9
02-20 20:09:05.184 16291 16291 E ArmVmp : Match on catch block at 0xc3 in for 0xa1
02-20 20:09:05.191 16291 16291 E ArmVmp : Match on catch block at 0xc3 in for 0xa5
02-20 20:09:05.197 16291 16291 E ArmVmp : Match on catch block at 0xc3 in for 0xa5
02-20 20:09:05.235 16291 16291 E ArmVmp : Match on catch block at 0xc3 in for 0xa1
02-20 20:09:05.241 16291 16291 E ArmVmp : Match on catch block at 0xc3 in for 0xa5
02-20 20:09:05.245 16291 16291 E ArmVmp : Match on catch block at 0xc3 in for 0xa5
02-20 20:09:05.295 16291 16291 E ArmVmp : Match on catch block at 0xc3 in for 0xa9
02-20 20:09:05.302 16291 16291 E ArmVmp : Match on catch block at 0xc3 in for 0xa1
02-20 20:09:05.307 16291 16291 E ArmVmp : Match on catch block at 0xc3 in for 0xa1
02-20 20:09:05.327 16291 16291 E ArmVmp : Match on catch block at 0xc3 in for 0xa5
02-20 20:09:05.332 16291 16291 E ArmVmp : Match on catch block at 0xc3 in for 0xa9
02-20 20:09:05.338 16291 16291 E ArmVmp : Match on catch block at 0xc3 in for 0xa9
02-20 20:09:05.359 16291 16291 E ArmVmp : Match on catch block at 0xc3 in for 0xa1
02-20 20:09:05.365 16291 16291 E ArmVmp : Match on catch block at 0xc3 in for 0xa5
02-20 20:09:05.370 16291 16291 E ArmVmp : Match on catch block at 0xc3 in for 0xa5
02-20 20:09:05.407 16291 16291 E ArmVmp : Match on catch block at 0xc3 in for 0xa9
02-20 20:09:05.416 16291 16291 E ArmVmp : Match on catch block at 0xc3 in for 0xa1
02-20 20:09:05.424 16291 16291 E ArmVmp : Match on catch block at 0xc3 in for 0xa1
02-20 20:09:05.456 16291 16291 E ArmVmp : Match on catch block at 0xc3 in for 0xa5
02-20 20:09:05.463 16291 16291 E ArmVmp : Match on catch block at 0xc3 in for 0xa9
02-20 20:09:05.469 16291 16291 E ArmVmp : Match on catch block at 0xc3 in for 0xa9
02-20 20:09:05.519 16291 16291 E ArmVmp : Match on catch block at 0xc3 in for 0xa1
02-20 20:09:05.525 16291 16291 E ArmVmp : Match on catch block at 0xc3 in for 0xa5
02-20 20:09:05.531 16291 16291 E ArmVmp : Match on catch block at 0xc3 in for 0xa5
02-20 20:09:05.567 16291 16291 E ArmVmp : Match on catch block at 0xc3 in for 0xa9
02-20 20:09:05.573 16291 16291 E ArmVmp : Match on catch block at 0xc3 in for 0xa1
02-20 20:09:05.579 16291 16291 E ArmVmp : Match on catch block at 0xc3 in for 0xa1
02-20 20:09:05.615 16291 16291 E ArmVmp : Match on catch block at 0xc3 in for 0xa5
02-20 20:09:05.621 16291 16291 E ArmVmp : Match on catch block at 0xc3 in for 0xa9
02-20 20:09:05.625 16291 16291 E ArmVmp : Match on catch block at 0xc3 in for 0xa9
02-20 20:09:05.679 16291 16291 E ArmVmp : Match on catch block at 0xc3 in for 0xa1
02-20 20:09:05.685 16291 16291 E ArmVmp : Match on catch block at 0xc3 in for 0xa5
02-20 20:09:05.690 16291 16291 E ArmVmp : Match on catch block at 0xc3 in for 0xa5
02-20 20:09:05.727 16291 16291 E ArmVmp : Match on catch block at 0xc3 in for 0xa9
02-20 20:09:05.732 16291 16291 E ArmVmp : Match on catch block at 0xc3 in for 0xa1
02-20 20:09:05.736 16291 16291 E ArmVmp : Match on catch block at 0xc3 in for 0xa1
02-20 20:09:05.778 16291 16291 E ArmVmp : Match on catch block at 0xc3 in for 0xa5
02-20 20:09:05.785 16291 16291 E ArmVmp : Match on catch block at 0xc3 in for 0xa9
02-20 20:09:05.792 16291 16291 E ArmVmp : Match on catch block at 0xc3 in for 0xa9
02-20 20:09:05.825 16291 16291 E ArmVmp : Match on catch block at 0xc3 in for 0xa1
02-20 20:09:05.831 16291 16291 E ArmVmp : Match on catch block at 0xc3 in for 0xa5
02-20 20:09:05.836 16291 16291 E ArmVmp : Match on catch block at 0xc3 in for 0xa5
02-20 20:09:05.854 16291 16291 E ArmVmp : Match on catch block at 0xc3 in for 0xa9
02-20 20:09:05.860 16291 16291 E ArmVmp : Match on catch block at 0xc3 in for 0xa1
02-20 20:09:05.865 16291 16291 E ArmVmp : Match on catch block at 0xc3 in for 0xa1
02-20 20:09:05.886 16291 16291 E ArmVmp : Match on catch block at 0xc3 in for 0xa5
02-20 20:09:05.892 16291 16291 E ArmVmp : Match on catch block at 0xc3 in for 0xa9
02-20 20:09:05.897 16291 16291 E ArmVmp : Match on catch block at 0xc3 in for 0xa9
02-20 20:09:05.936 16291 16291 E ArmVmp : Match on catch block at 0xc3 in for 0xa1
02-20 20:09:05.942 16291 16291 E ArmVmp : Match on catch block at 0xc3 in for 0xa5
02-20 20:09:05.947 16291 16291 E ArmVmp : Match on catch block at 0xc3 in for 0xa5
02-20 20:09:05.985 16291 16291 E ArmVmp : Match on catch block at 0xc3 in for 0xa9
02-20 20:09:05.990 16291 16291 E ArmVmp : Match on catch block at 0xc3 in for 0xa1
02-20 20:09:05.995 16291 16291 E ArmVmp : Match on catch block at 0xc3 in for 0xa1
02-20 20:09:06.049 16291 16291 E ArmVmp : Match on catch block at 0xc3 in for 0xa5
02-20 20:09:06.062 16291 16291 E ArmVmp : Match on catch block at 0xc3 in for 0xa9
02-20 20:09:06.066 16291 16291 E ArmVmp : Match on catch block at 0xc3 in for 0xa9
02-20 20:09:06.097 16291 16291 E ArmVmp : Match on catch block at 0xc3 in for 0xa1
02-20 20:09:06.103 16291 16291 E ArmVmp : Match on catch block at 0xc3 in for 0xa5
02-20 20:09:06.110 16291 16291 E ArmVmp : Match on catch block at 0xc3 in for 0xa5
02-20 20:09:06.145 16291 16291 E ArmVmp : Match on catch block at 0xc3 in for 0xa9
02-20 20:09:06.151 16291 16291 E ArmVmp : Match on catch block at 0xc3 in for 0xa1
02-20 20:09:06.156 16291 16291 E ArmVmp : Match on catch block at 0xc3 in for 0xa1
02-20 20:09:06.193 16291 16291 E ArmVmp : Match on catch block at 0xc3 in for 0xa5
02-20 20:09:06.199 16291 16291 E ArmVmp : Match on catch block at 0xc3 in for 0xa9
02-20 20:09:06.203 16291 16291 E ArmVmp : Match on catch block at 0xc3 in for 0xa9
02-20 20:09:06.256 16291 16291 E ArmVmp : Match on catch block at 0xc3 in for 0xa1
02-20 20:09:06.260 16291 16291 E ArmVmp : Match on catch block at 0xc3 in for 0xa5
02-20 20:09:06.263 16291 16291 E ArmVmp : Match on catch block at 0xc3 in for 0xa5
02-20 20:09:06.343 16291 16291 E ArmVmp : Match on catch block at 0xc3 in for 0xa9
02-20 20:09:06.347 16291 16291 E ArmVmp : Match on catch block at 0xc3 in for 0xa1
02-20 20:09:06.350 16291 16291 E ArmVmp : Match on catch block at 0xc3 in for 0xa1
02-20 20:09:06.362 16291 16291 E ArmVmp : Match on catch block at 0xc3 in for 0xa5
02-20 20:09:06.367 16291 16291 E ArmVmp : Match on catch block at 0xc3 in for 0xa9
02-20 20:09:06.371 16291 16291 E ArmVmp : Match on catch block at 0xc3 in for 0xa9
02-20 20:09:06.386 16291 16291 E ArmVmp : Match on catch block at 0xc3 in for 0xa1
02-20 20:09:06.397 16291 16291 E ArmVmp : Match on catch block at 0xc3 in for 0xa5
02-20 20:09:06.406 16291 16291 E ArmVmp : Match on catch block at 0xc3 in for 0xa5
02-20 20:09:06.447 16291 16291 E ArmVmp : Match on catch block at 0xc3 in for 0xa9
02-20 20:09:06.454 16291 16291 E ArmVmp : Match on catch block at 0xc3 in for 0xa1
02-20 20:09:06.460 16291 16291 E ArmVmp : Match on catch block at 0xc3 in for 0xa1
02-20 20:09:06.498 16291 16291 E ArmVmp : Match on catch block at 0xc3 in for 0xa5
02-20 20:09:06.506 16291 16291 E ArmVmp : Match on catch block at 0xc3 in for 0xa9
02-20 20:09:06.516 16291 16291 E ArmVmp : Match on catch block at 0xc3 in for 0xa9
02-20 20:09:06.548 16291 16291 E ArmVmp : Match on catch block at 0xc3 in for 0xa1
02-20 20:09:06.558 16291 16291 E ArmVmp : Match on catch block at 0xc3 in for 0xa5
02-20 20:09:06.564 16291 16291 E ArmVmp : Match on catch block at 0xc3 in for 0xa5
02-20 20:09:06.608 16291 16291 E ArmVmp : Match on catch block at 0xc3 in for 0xa9
02-20 20:09:06.615 16291 16291 E ArmVmp : Match on catch block at 0xc3 in for 0xa1
02-20 20:09:06.621 16291 16291 E ArmVmp : Match on catch block at 0xc3 in for 0xa1
02-20 20:09:06.659 16291 16291 E ArmVmp : Match on catch block at 0xc3 in for 0xa5
02-20 20:09:06.665 16291 16291 E ArmVmp : Match on catch block at 0xc3 in for 0xa9
02-20 20:09:06.674 16291 16291 E ArmVmp : Match on catch block at 0xc3 in for 0xa9
02-20 20:09:06.795 16291 16291 E ArmVmp : Match on catch block at 0xc3 in for 0xa5
02-20 20:09:06.811 16291 16291 E ArmVmp : Match on catch block at 0xc3 in for 0xa9
02-20 20:09:06.817 16291 16291 E ArmVmp : Match on catch block at 0xc3 in for 0xa9
02-20 20:09:06.863 16291 17362 W libEGL : EGLNativeWindowType 0x7e74da8010
disconnect failed
02-20 20:09:06.869 16291 16291 E ArmVmp : Match on catch block at 0xc3 in for 0xa1
02-20 20:09:06.875 16291 16291 E ArmVmp : Match on catch block at 0xc3 in for 0xa5
02-20 20:09:06.879 16291 16291 E ArmVmp : Match on catch block at 0xc3 in for 0xa5
02-20 20:09:06.928 16291 16291 E ArmVmp : Match on catch block at 0xc3 in for 0xa9
02-20 20:09:06.943 16291 16291 E ArmVmp : Match on catch block at 0xc3 in for 0xa1
02-20 20:09:06.949 16291 16291 E ArmVmp : Match on catch block at 0xc3 in for 0xa1
02-20 20:09:06.975 16291 16291 E ArmVmp : Match on catch block at 0xc3 in for 0xa5
02-20 20:09:06.986 16291 16291 E ArmVmp : Match on catch block at 0xc3 in for 0xa9
02-20 20:09:06.994 16291 16291 E ArmVmp : Match on catch block at 0xc3 in for 0xa9
02-20 20:09:07.041 16291 16291 E ArmVmp : Match on catch block at 0xc3 in for 0xa1
02-20 20:09:07.049 16291 16291 E ArmVmp : Match on catch block at 0xc3 in for 0xa5
02-20 20:09:07.055 16291 16291 E ArmVmp : Match on catch block at 0xc3 in for 0xa5
02-20 20:09:07.089 16291 16291 E ArmVmp : Match on catch block at 0xc3 in for 0xa9
02-20 20:09:07.096 16291 16291 E ArmVmp : Match on catch block at 0xc3 in for 0xa1
02-20 20:09:07.100 16291 16291 E ArmVmp : Match on catch block at 0xc3 in for 0xa1
02-20 20:09:07.138 16291 16291 E ArmVmp : Match on catch block at 0xc3 in for 0xa5
02-20 20:09:07.146 16291 16291 E ArmVmp : Match on catch block at 0xc3 in for 0xa9
02-20 20:09:07.151 16291 16291 E ArmVmp : Match on catch block at 0xc3 in for 0xa9
02-20 20:09:07.188 16291 16291 E ArmVmp : Match on catch block at 0xc3 in for 0xa1
02-20 20:09:07.196 16291 16291 E ArmVmp : Match on catch block at 0xc3 in for 0xa5
02-20 20:09:07.201 16291 16291 E ArmVmp : Match on catch block at 0xc3 in for 0xa5
02-20 20:09:07.234 16291 16291 E ArmVmp : Match on catch block at 0xc3 in for 0xa9
02-20 20:09:07.243 16291 16291 E ArmVmp : Match on catch block at 0xc3 in for 0xa1
02-20 20:09:07.249 16291 16291 E ArmVmp : Match on catch block at 0xc3 in for 0xa1
02-20 20:09:07.299 16291 16291 E ArmVmp : Match on catch block at 0xc3 in for 0xa9
02-20 20:09:07.315 16291 16291 E ArmVmp : Match on catch block at 0xc3 in for 0xa1
02-20 20:09:07.321 16291 16291 E ArmVmp : Match on catch block at 0xc3 in for 0xa1
02-20 20:09:07.362 16291 16291 E ArmVmp : Match on catch block at 0xc3 in for 0xa5
02-20 20:09:07.370 16291 16291 E ArmVmp : Match on catch block at 0xc3 in for 0xa9
02-20 20:09:07.377 16291 16291 E ArmVmp : Match on catch block at 0xc3 in for 0xa9
02-20 20:09:07.448 16291 16291 E ArmVmp : Match on catch block at 0xc3 in for 0xa9
02-20 20:09:07.455 16291 16291 E ArmVmp : Match on catch block at 0xc3 in for 0xa1
02-20 20:09:07.459 16291 16291 E ArmVmp : Match on catch block at 0xc3 in for 0xa1
02-20 20:09:07.639 16291 16291 E ArmVmp : Match on catch block at 0xc3 in for 0xa1
02-20 20:09:07.644 16291 16291 E ArmVmp : Match on catch block at 0xc3 in for 0xa5
02-20 20:09:07.647 16291 16291 E ArmVmp : Match on catch block at 0xc3 in for 0xa5
02-20 20:09:07.682 16291 16291 E ArmVmp : Match on catch block at 0xc3 in for 0xa5
02-20 20:09:07.692 16291 16291 E ArmVmp : Match on catch block at 0xc3 in for 0xa9
02-20 20:09:07.700 16291 16291 E ArmVmp : Match on catch block at 0xc3 in for 0xa9
02-20 20:09:07.714 16291 16291 E ArmVmp : Match on catch block at 0xc3 in for 0xa1
02-20 20:09:07.726 16291 16291 E ArmVmp : Match on catch block at 0xc3 in for 0xa5
02-20 20:09:07.730 16291 16291 E ArmVmp : Match on catch block at 0xc3 in for 0xa5
02-20 20:09:07.745 16291 16291 E ArmVmp : Match on catch block at 0xc3 in for 0xa9
02-20 20:09:07.751 16291 16291 E ArmVmp : Match on catch block at 0xc3 in for 0xa1
02-20 20:09:07.754 16291 16291 E ArmVmp : Match on catch block at 0xc3 in for 0xa1
02-20 20:09:07.768 16291 16291 E ArmVmp : Match on catch block at 0xc3 in for 0xa5
02-20 20:09:07.772 16291 16291 E ArmVmp : Match on catch block at 0xc3 in for 0xa9
02-20 20:09:07.775 16291 16291 E ArmVmp : Match on catch block at 0xc3 in for 0xa9
02-20 20:09:07.794 16291 16291 E ArmVmp : Match on catch block at 0xc3 in for 0xa1
02-20 20:09:07.799 16291 16291 E ArmVmp : Match on catch block at 0xc3 in for 0xa5
02-20 20:09:07.802 16291 16291 E ArmVmp : Match on catch block at 0xc3 in for 0xa5
02-20 20:09:07.812 16291 16291 E ArmVmp : Match on catch block at 0xc3 in for 0xa9
02-20 20:09:07.817 16291 16291 E ArmVmp : Match on catch block at 0xc3 in for 0xa1
02-20 20:09:07.820 16291 16291 E ArmVmp : Match on catch block at 0xc3 in for 0xa1
02-20 20:09:07.840 16291 16291 E ArmVmp : Match on catch block at 0xc3 in for 0xa5
02-20 20:09:07.846 16291 16291 E ArmVmp : Match on catch block at 0xc3 in for 0xa9
02-20 20:09:07.849 16291 16291 E ArmVmp : Match on catch block at 0xc3 in for 0xa9
02-20 20:09:07.872 16291 16291 E ArmVmp : Match on catch block at 0xc3 in for 0xa1
02-20 20:09:07.877 16291 16291 E ArmVmp : Match on catch block at 0xc3 in for 0xa5
02-20 20:09:07.880 16291 16291 E ArmVmp : Match on catch block at 0xc3 in for 0xa5
02-20 20:09:08.047 16291 16291 E ArmVmp : Match on catch block at 0xc3 in for 0xa9
02-20 20:09:08.051 16291 16291 E ArmVmp : Match on catch block at 0xc3 in for 0xa1
02-20 20:09:08.055 16291 16291 E ArmVmp : Match on catch block at 0xc3 in for 0xa1
02-20 20:09:08.304 16291 16291 E ArmVmp : Match on catch block at 0xc3 in for 0xa5
02-20 20:09:08.311 16291 16291 E ArmVmp : Match on catch block at 0xc3 in for 0xa9
02-20 20:09:08.316 16291 16291 E ArmVmp : Match on catch block at 0xc3 in for 0xa9
02-20 20:09:08.326 16291 16291 E ArmVmp : Match on catch block at 0xc3 in for 0xa1
02-20 20:09:08.337 16291 16291 E ArmVmp : Match on catch block at 0xc3 in for 0xa5
02-20 20:09:08.342 16291 16291 E ArmVmp : Match on catch block at 0xc3 in for 0xa5
02-20 20:09:08.353 16291 16291 E ArmVmp : Match on catch block at 0xc3 in for 0xa9
02-20 20:09:08.362 16291 16291 E ArmVmp : Match on catch block at 0xc3 in for 0xa1
02-20 20:09:08.368 16291 16291 E ArmVmp : Match on catch block at 0xc3 in for 0xa1
02-20 20:09:08.379 16291 16291 E ArmVmp : Match on catch block at 0xc3 in for 0xa5
02-20 20:09:08.387 16291 16291 E ArmVmp : Match on catch block at 0xc3 in for 0xa9
02-20 20:09:08.394 16291 16291 E ArmVmp : Match on catch block at 0xc3 in for 0xa9
02-20 20:09:08.404 16291 16291 E ArmVmp : Match on catch block at 0xc3 in for 0xa9
02-20 20:09:08.410 16291 16291 E ArmVmp : Match on catch block at 0xc3 in for 0xa1
02-20 20:09:08.413 16291 16291 E ArmVmp : Match on catch block at 0xc3 in for 0xa1
02-20 20:09:08.419 16291 16291 E ArmVmp : Match on catch block at 0xc3 in for 0xa5
02-20 20:09:08.424 16291 16291 E ArmVmp : Match on catch block at 0xc3 in for 0xa9
02-20 20:09:08.427 16291 16291 E ArmVmp : Match on catch block at 0xc3 in for 0xa9
02-20 20:09:08.434 16291 16291 E ArmVmp : Match on catch block at 0xc3 in for 0xa1
02-20 20:09:08.439 16291 16291 E ArmVmp : Match on catch block at 0xc3 in for 0xa5
02-20 20:09:08.442 16291 16291 E ArmVmp : Match on catch block at 0xc3 in for 0xa5
02-20 20:09:08.451 16291 16291 E ArmVmp : Match on catch block at 0xc3 in for 0xa9
02-20 20:09:08.456 16291 16291 E ArmVmp : Match on catch block at 0xc3 in for 0xa1
02-20 20:09:08.459 16291 16291 E ArmVmp : Match on catch block at 0xc3 in for 0xa1
02-20 20:09:08.465 16291 16291 E ArmVmp : Match on catch block at 0xc3 in for 0xa5
02-20 20:09:08.472 16291 16291 E ArmVmp : Match on catch block at 0xc3 in for 0xa9
02-20 20:09:08.475 16291 16291 E ArmVmp : Match on catch block at 0xc3 in for 0xa9
02-20 20:09:08.480 16291 16291 E ArmVmp : Match on catch block at 0xc3 in for 0xa1
02-20 20:09:08.485 16291 16291 E ArmVmp : Match on catch block at 0xc3 in for 0xa5
02-20 20:09:08.487 16291 16291 E ArmVmp : Match on catch block at 0xc3 in for 0xa5
02-20 20:09:08.497 16291 16291 E ArmVmp : Match on catch block at 0xc3 in for 0xa9
02-20 20:09:08.502 16291 16291 E ArmVmp : Match on catch block at 0xc3 in for 0xa1
02-20 20:09:08.505 16291 16291 E ArmVmp : Match on catch block at 0xc3 in for 0xa1
02-20 20:09:08.513 16291 16291 E ArmVmp : Match on catch block at 0xc3 in for 0xa9
02-20 20:09:08.517 16291 16291 E ArmVmp : Match on catch block at 0xc3 in for 0xa1
02-20 20:09:08.519 16291 16291 E ArmVmp : Match on catch block at 0xc3 in for 0xa1
02-20 20:09:08.529 16291 16291 E ArmVmp : Match on catch block at 0xc3 in for 0xa5
02-20 20:09:08.533 16291 16291 E ArmVmp : Match on catch block at 0xc3 in for 0xa9
02-20 20:09:08.535 16291 16291 E ArmVmp : Match on catch block at 0xc3 in for 0xa9
02-20 20:09:08.545 16291 16291 E ArmVmp : Match on catch block at 0xc3 in for 0xa1
02-20 20:09:08.549 16291 16291 E ArmVmp : Match on catch block at 0xc3 in for 0xa5
02-20 20:09:08.551 16291 16291 E ArmVmp : Match on catch block at 0xc3 in for 0xa5
02-20 20:09:08.561 16291 16291 E ArmVmp : Match on catch block at 0xc3 in for 0xa9
02-20 20:09:08.565 16291 16291 E ArmVmp : Match on catch block at 0xc3 in for 0xa1
02-20 20:09:08.567 16291 16291 E ArmVmp : Match on catch block at 0xc3 in for 0xa1
02-20 20:09:08.954 16291 16291 E ArmVmp : Match on catch block at 0xc3 in for 0xa1
02-20 20:09:08.962 16291 16291 E ArmVmp : Match on catch block at 0xc3 in for 0xa5
02-20 20:09:08.967 16291 16291 E ArmVmp : Match on catch block at 0xc3 in for 0xa5
02-20 20:09:08.984 16291 16291 E ArmVmp : Match on catch block at 0xc3 in for 0xa9
02-20 20:09:08.992 16291 16291 E ArmVmp : Match on catch block at 0xc3 in for 0xa1
02-20 20:09:09.004 16291 16291 E ArmVmp : Match on catch block at 0xc3 in for 0xa1
02-20 20:09:09.014 16291 16291 E ArmVmp : Match on catch block at 0xc3 in for 0xa5
02-20 20:09:09.022 16291 16291 E ArmVmp : Match on catch block at 0xc3 in for 0xa9
02-20 20:09:09.027 16291 16291 E ArmVmp : Match on catch block at 0xc3 in for 0xa9
02-20 20:09:09.037 16291 16291 E ArmVmp : Match on catch block at 0xc3 in for 0xa1
02-20 20:09:09.048 16291 16291 E ArmVmp : Match on catch block at 0xc3 in for 0xa5
02-20 20:09:09.052 16291 16291 E ArmVmp : Match on catch block at 0xc3 in for 0xa5
02-20 20:09:09.061 16291 16291 E ArmVmp : Match on catch block at 0xc3 in for 0xa9
02-20 20:09:09.068 16291 16291 E ArmVmp : Match on catch block at 0xc3 in for 0xa1
02-20 20:09:09.072 16291 16291 E ArmVmp : Match on catch block at 0xc3 in for 0xa1
02-20 20:09:09.082 16291 16291 E ArmVmp : Match on catch block at 0xc3 in for 0xa5
02-20 20:09:09.089 16291 16291 E ArmVmp : Match on catch block at 0xc3 in for 0xa9
02-20 20:09:09.093 16291 16291 E ArmVmp : Match on catch block at 0xc3 in for 0xa9
02-20 20:09:09.107 16291 16291 E ArmVmp : Match on catch block at 0xc3 in for 0xa1
02-20 20:09:09.114 16291 16291 E ArmVmp : Match on catch block at 0xc3 in for 0xa5
02-20 20:09:09.118 16291 16291 E ArmVmp : Match on catch block at 0xc3 in for 0xa5
02-20 20:09:09.127 16291 16291 E ArmVmp : Match on catch block at 0xc3 in for 0xa9
02-20 20:09:09.137 16291 16291 E ArmVmp : Match on catch block at 0xc3 in for 0xa1
02-20 20:09:09.141 16291 16291 E ArmVmp : Match on catch block at 0xc3 in for 0xa1
02-20 20:09:09.155 16291 16291 E ArmVmp : Match on catch block at 0xc3 in for 0xa5
02-20 20:09:09.161 16291 16291 E ArmVmp : Match on catch block at 0xc3 in for 0xa9
02-20 20:09:09.165 16291 16291 E ArmVmp : Match on catch block at 0xc3 in for 0xa9
02-20 20:09:09.175 16291 16291 E ArmVmp : Match on catch block at 0xc3 in for 0xa1
02-20 20:09:09.182 16291 16291 E ArmVmp : Match on catch block at 0xc3 in for 0xa5
02-20 20:09:09.187 16291 16291 E ArmVmp : Match on catch block at 0xc3 in for 0xa5
02-20 20:09:09.195 16291 16291 E ArmVmp : Match on catch block at 0xc3 in for 0xa9
02-20 20:09:09.202 16291 16291 E ArmVmp : Match on catch block at 0xc3 in for 0xa1
02-20 20:09:09.206 16291 16291 E ArmVmp : Match on catch block at 0xc3 in for 0xa1
02-20 20:09:09.219 16291 16291 E ArmVmp : Match on catch block at 0xc3 in for 0xa5
02-20 20:09:09.225 16291 16291 E ArmVmp : Match on catch block at 0xc3 in for 0xa9
02-20 20:09:09.229 16291 16291 E ArmVmp : Match on catch block at 0xc3 in for 0xa9
02-20 20:09:09.250 16291 16291 E ArmVmp : Match on catch block at 0xc3 in for 0xa1
02-20 20:09:09.255 16291 16291 E ArmVmp : Match on catch block at 0xc3 in for 0xa5
02-20 20:09:09.260 16291 16291 E ArmVmp : Match on catch block at 0xc3 in for 0xa5
02-20 20:09:09.361 16291 16291 E ArmVmp : Match on catch block at 0xc3 in for 0xa9
02-20 20:09:09.365 16291 16291 E ArmVmp : Match on catch block at 0xc3 in for 0xa1
02-20 20:09:09.367 16291 16291 E ArmVmp : Match on catch block at 0xc3 in for 0xa1
02-20 20:09:09.401 16291 16291 E ArmVmp : Match on catch block at 0xc3 in for 0xa9
02-20 20:09:09.405 16291 16291 E ArmVmp : Match on catch block at 0xc3 in for 0xa1
02-20 20:09:09.408 16291 16291 E ArmVmp : Match on catch block at 0xc3 in for 0xa1
02-20 20:09:09.416 16291 16291 W IInputConnectionWrapper: getExtractedText on
inactive InputConnection
02-20 20:09:09.443 16291 16291 E ArmVmp : Match on catch block at 0xc3 in for 0xa1
02-20 20:09:09.447 16291 16291 E ArmVmp : Match on catch block at 0xc3 in for 0xa5
02-20 20:09:09.457 16291 16291 E ArmVmp : Match on catch block at 0xc3 in for 0xa1
02-20 20:09:09.461 16291 16291 E ArmVmp : Match on catch block at 0xc3 in for 0xa5
02-20 20:09:09.474 16291 16291 E ArmVmp : Match on catch block at 0xc3 in for 0xa1
02-20 20:09:09.479 16291 16291 E ArmVmp : Match on catch block at 0xc3 in for 0xa5
02-20 20:09:09.565 16291 16291 E ArmVmp : Match on catch block at 0xc3 in for 0xa9
02-20 20:09:09.570 16291 16291 E ArmVmp : Match on catch block at 0xc3 in for 0xa1
02-20 20:09:09.603 16291 16291 E ArmVmp : Match on catch block at 0xc3 in for 0xa9
02-20 20:09:09.611 16291 16291 E ArmVmp : Match on catch block at 0xc3 in for 0xa1
02-20 20:09:09.620 16291 16291 E ArmVmp : Match on catch block at 0xc3 in for 0xa9
02-20 20:09:09.624 16291 16291 E ArmVmp : Match on catch block at 0xc3 in for 0xa1
02-20 20:09:09.635 16291 16291 E ArmVmp : Match on catch block at 0xc3 in for 0xa9
02-20 20:09:09.640 16291 16291 E ArmVmp : Match on catch block at 0xc3 in for 0xa1
02-20 20:09:09.790 16291 16291 E ArmVmp : Match on catch block at 0xc3 in for 0xa5
02-20 20:09:09.799 16291 16291 E ArmVmp : Match on catch block at 0xc3 in for 0xa9
02-20 20:09:09.814 16291 16291 E ArmVmp : Match on catch block at 0xc3 in for 0xa1
02-20 20:09:09.821 16291 17396 W MediaPlayer: Use of stream types is deprecated for
operations other than volume control
02-20 20:09:09.821 16291 17396 W MediaPlayer: See the documentation of
setAudioStreamType() for what to use instead with android.media.AudioAttributes to
qualify your playback use case
02-20 20:09:09.821 16291 16291 E ArmVmp : Match on catch block at 0xc3 in for 0xa5
02-20 20:09:09.895 16291 16291 E ArmVmp : Match on catch block at 0xc3 in for 0xa1
02-20 20:09:09.901 16291 16291 E ArmVmp : Match on catch block at 0xc3 in for 0xa5
02-20 20:09:09.999 16291 16564 W MediaPlayerNative: info/warning (10973, 0)
02-20 20:09:10.239 16291 16291 E ArmVmp : Match on catch block at 0xc3 in for 0xa5
02-20 20:09:10.243 16291 16291 E ArmVmp : Match on catch block at 0xc3 in for 0xa9
02-20 20:09:10.253 16291 16291 E ArmVmp : Match on catch block at 0xc3 in for 0xa5
02-20 20:09:10.260 16291 16291 E ArmVmp : Match on catch block at 0xc3 in for 0xa9
02-20 20:09:10.296 16291 16291 E ArmVmp : Match on catch block at 0xc3 in for 0xa5
02-20 20:09:10.299 16291 16291 E ArmVmp : Match on catch block at 0xc3 in for 0xa9
02-20 20:09:10.307 16291 16291 E ArmVmp : Match on catch block at 0xc3 in for 0xa5
02-20 20:09:10.316 16291 16291 E ArmVmp : Match on catch block at 0xc3 in for 0xa9
02-20 20:09:10.458 16291 16291 E ArmVmp : Match on catch block at 0xc3 in for 0xa9
02-20 20:09:10.462 16291 16291 E ArmVmp : Match on catch block at 0xc3 in for 0xa1
02-20 20:09:10.637 16291 16291 E ArmVmp : Match on catch block at 0xc3 in for 0xa9
02-20 20:09:10.643 16291 16291 E ArmVmp : Match on catch block at 0xc3 in for 0xa1
02-20 20:09:10.710 16291 16291 W com.whatsapp: Class com.whatsapp.HomeActivity
failed lock verification and will run slower.
02-20 20:09:11.196 16291 16291 E ArmVmp : Match on catch block at 0x0a in for 0xc1
02-20 20:09:11.237 16291 16291 E ArmVmp : Match on catch block at 0x0a in for
0x135
02-20 20:09:11.303 16291 17669 W com.whatsapp: Accessing hidden method
Lcom/android/org/conscrypt/ConscryptEngineSocket;->setUseSessionTickets(Z)V
(greylist-max-q,core-platform-api, reflection, denied)
02-20 20:09:11.303 16291 17669 W com.whatsapp: Accessing hidden method
Lcom/android/org/conscrypt/OpenSSLSocketImpl;->setUseSessionTickets(Z)V (greylist-
max-q,core-platform-api, reflection, denied)
02-20 20:09:11.303 16291 17669 W com.whatsapp: Accessing hidden method
Lcom/android/org/conscrypt/AbstractConscryptSocket;->setUseSessionTickets(Z)V
(greylist-max-q, reflection, denied)
02-20 20:09:11.304 16291 17669 W com.whatsapp: Accessing hidden method
Lcom/android/org/conscrypt/ConscryptEngineSocket;->setHostname(Ljava/lang/String;)V
(greylist-max-q,core-platform-api, reflection, denied)
02-20 20:09:11.304 16291 17669 W com.whatsapp: Accessing hidden method
Lcom/android/org/conscrypt/OpenSSLSocketImpl;->setHostname(Ljava/lang/String;)V
(greylist-max-q,core-platform-api, reflection, denied)
02-20 20:09:11.304 16291 17669 W com.whatsapp: Accessing hidden method
Lcom/android/org/conscrypt/AbstractConscryptSocket;->setHostname(Ljava/lang/
String;)V (greylist-max-q, reflection, denied)
02-20 20:09:11.304 16291 17669 W com.whatsapp: Accessing hidden method
Lcom/android/org/conscrypt/OpenSSLSocketImpl;->setAlpnProtocols([B)V (greylist-max-
q,core-platform-api, reflection, denied)
02-20 20:09:11.304 16291 17669 W com.whatsapp: Accessing hidden method
Lcom/android/org/conscrypt/AbstractConscryptSocket;->setAlpnProtocols([B)V
(greylist-max-q, reflection, denied)
02-20 20:09:11.366 16291 17669 W com.whatsapp: Accessing hidden method
Lcom/android/org/conscrypt/OpenSSLSocketImpl;->getAlpnSelectedProtocol()[B
(greylist-max-q,core-platform-api, reflection, denied)
02-20 20:09:11.366 16291 17669 W com.whatsapp: Accessing hidden method
Lcom/android/org/conscrypt/AbstractConscryptSocket;->getAlpnSelectedProtocol()[B
(greylist-max-q, reflection, denied)
02-20 20:09:12.701 16291 16291 E RecyclerView: No adapter attached; skipping layout
02-20 20:09:12.792 16291 16291 E ViewRootImpl@9b13b85[HomeActivity]: Surface is not
valid.
02-20 20:09:12.802 16291 17362 W libEGL : EGLNativeWindowType 0x7e74da8010
disconnect failed
02-20 20:09:12.860 16291 16291 E ArmVmp : Match on catch block at 0xc3 in for 0xa1
02-20 20:09:12.877 16291 16291 E ArmVmp : Match on catch block at 0xc3 in for 0xa5
02-20 20:09:13.270 16291 16291 E RecyclerView: No adapter attached; skipping layout
02-20 20:09:13.280 16291 16291 E ViewRootImpl@9b13b85[HomeActivity]: Surface is not
valid.
02-20 20:09:13.369 16291 16291 E ArmVmp : Match on catch block at 0x0a in for 0xd5
02-20 20:09:13.934 16291 17388 W LOTTIE : Animation contains merge paths. Merge
paths are only supported on KitKat+ and must be manually enabled by calling
enableMergePathsForKitKatAndAbove().
02-20 20:09:14.272 16291 16291 W LOTTIE : Animation contains merge paths but they
are disabled.
02-20 20:09:17.526 16291 16305 W System : A resource failed to call release.
02-20 20:10:17.412 16291 16291 E ArmVmp : Match on catch block at 0x0a in for 0xc9
02-20 20:10:17.415 16291 16291 E ArmVmp : Match on catch block at 0x0a in for 0xc5
02-20 20:10:17.734 16291 16291 E ArmVmp : Match on catch block at 0xc3 in for 0xb1
02-20 20:10:17.737 16291 16291 E ArmVmp : Match on catch block at 0xc3 in for 0xb1
02-20 20:10:17.836 16291 16291 E ArmVmp : Match on catch block at 0xc3 in for 0xa5
02-20 20:10:17.839 16291 16291 E ArmVmp : Match on catch block at 0xc3 in for 0xa9
02-20 20:10:17.906 16291 16291 E ArmVmp : Match on catch block at 0xc3 in for 0xa5
02-20 20:10:17.909 16291 16291 E ArmVmp : Match on catch block at 0xc3 in for 0xa9
02-20 20:10:17.933 16291 16291 E ArmVmp : Match on catch block at 0xc3 in for 0xa5
02-20 20:10:17.938 16291 16291 E ArmVmp : Match on catch block at 0xc3 in for 0xa9
02-20 20:10:18.208 16291 17362 W libEGL : EGLNativeWindowType 0x7e8c075010
disconnect failed
02-20 20:10:18.282 16291 16291 E ArmVmp : Match on catch block at 0xc3 in for 0xa9
02-20 20:10:18.285 16291 16291 E ArmVmp : Match on catch block at 0xc3 in for 0xa1
02-20 20:10:18.298 16291 16291 E ArmVmp : Match on catch block at 0xc3 in for 0xa1
02-20 20:10:18.301 16291 16291 E ArmVmp : Match on catch block at 0xc3 in for 0xa5
02-20 20:10:18.314 16291 16291 E ArmVmp : Match on catch block at 0xc3 in for 0xa5
02-20 20:10:18.316 16291 16291 E ArmVmp : Match on catch block at 0xc3 in for 0xa9
02-20 20:10:18.330 16291 16291 E ArmVmp : Match on catch block at 0xc3 in for 0xa9
02-20 20:10:18.334 16291 16291 E ArmVmp : Match on catch block at 0xc3 in for 0xa1
02-20 20:10:18.347 16291 16291 E ArmVmp : Match on catch block at 0xc3 in for 0xa1
02-20 20:10:18.349 16291 16291 E ArmVmp : Match on catch block at 0xc3 in for 0xa5
02-20 20:10:18.363 16291 16291 E ArmVmp : Match on catch block at 0xc3 in for 0xa5
02-20 20:10:18.366 16291 16291 E ArmVmp : Match on catch block at 0xc3 in for 0xa9
02-20 20:10:18.379 16291 16291 E ArmVmp : Match on catch block at 0xc3 in for 0xa9
02-20 20:10:18.382 16291 16291 E ArmVmp : Match on catch block at 0xc3 in for 0xa1
02-20 20:10:18.395 16291 16291 E ArmVmp : Match on catch block at 0xc3 in for 0xa1
02-20 20:10:18.399 16291 16291 E ArmVmp : Match on catch block at 0xc3 in for 0xa5
