02-20 16:21:42.877 3528 3528 E ArmVmp : Match on catch block at 0xc3 in for 0xa5
02-20 16:21:43.003 3528 4487 E ActivityThread: Failed to find provider info for
androidx.car.app.connection
02-20 16:21:43.003 3528 3528 W CarApp.Conn: Null response from content provider
when checking connection to the car, treating as disconnected
02-20 16:21:43.376 3528 3528 E ArmVmp : Match on catch block at 0xc3 in for 0xa9
02-20 16:21:43.380 3528 3528 E ArmVmp : Match on catch block at 0xc3 in for 0xa1
02-20 16:21:43.383 3528 3528 E ArmVmp : Match on catch block at 0xc3 in for 0xa1
02-20 16:21:43.509 3528 3528 E ArmVmp : Match on catch block at 0xc3 in for 0xa1
02-20 16:21:43.512 3528 3528 E ArmVmp : Match on catch block at 0xc3 in for 0xa5
02-20 16:21:43.514 3528 3528 E ArmVmp : Match on catch block at 0xc3 in for 0xa5
02-20 16:21:43.522 3528 3528 E ArmVmp : Match on catch block at 0xc3 in for 0xa1
02-20 16:21:43.525 3528 3528 E ArmVmp : Match on catch block at 0xc3 in for 0xa5
02-20 16:21:43.527 3528 3528 E ArmVmp : Match on catch block at 0xc3 in for 0xa5
02-20 16:21:43.551 3528 3528 E ArmVmp : Match on catch block at 0xc3 in for 0xa1
02-20 16:21:43.556 3528 3528 E ArmVmp : Match on catch block at 0xc3 in for 0xa5
02-20 16:21:43.558 3528 3528 E ArmVmp : Match on catch block at 0xc3 in for 0xa5
02-20 16:21:43.648 3528 3528 W SoundPool: Use of stream types is deprecated for
operations other than volume control
02-20 16:21:43.648 3528 3528 W SoundPool: See the documentation of SoundPool()
for what to use instead with android.media.AudioAttributes to qualify your playback
use case
02-20 16:21:43.746 3528 4697 W MediaPlayerNative: info/warning (10973, 0)
02-20 16:21:44.051 3528 3528 E ArmVmp : Match on catch block at 0xc3 in for 0xa5
02-20 16:21:44.054 3528 3528 E ArmVmp : Match on catch block at 0xc3 in for 0xa9
02-20 16:21:44.057 3528 3528 E ArmVmp : Match on catch block at 0xc3 in for 0xa9
02-20 16:21:44.545 3528 3528 E ArmVmp : Match on catch block at 0xc3 in for 0xa5
02-20 16:21:44.549 3528 3528 E ArmVmp : Match on catch block at 0xc3 in for 0xa9
02-20 16:21:44.553 3528 3528 E ArmVmp : Match on catch block at 0xc3 in for 0xa9
02-20 16:21:44.849 3528 3528 E ArmVmp : Match on catch block at 0xc3 in for 0xa1
02-20 16:21:44.853 3528 3528 E ArmVmp : Match on catch block at 0xc3 in for 0xa5
02-20 16:21:44.856 3528 3528 E ArmVmp : Match on catch block at 0xc3 in for 0xa5
02-20 16:21:44.881 3528 3528 E ArmVmp : Match on catch block at 0xc3 in for 0xa9
02-20 16:21:44.885 3528 3528 E ArmVmp : Match on catch block at 0xc3 in for 0xa1
02-20 16:21:44.887 3528 3528 E ArmVmp : Match on catch block at 0xc3 in for 0xa1
02-20 16:21:45.058 3528 3528 E ArmVmp : Match on catch block at 0xc3 in for 0xa5
02-20 16:21:45.061 3528 3528 E ArmVmp : Match on catch block at 0xc3 in for 0xa9
02-20 16:21:45.063 3528 3528 E ArmVmp : Match on catch block at 0xc3 in for 0xa9
02-20 16:21:45.089 3528 3528 E ArmVmp : Match on catch block at 0xc3 in for 0xa1
02-20 16:21:45.093 3528 3528 E ArmVmp : Match on catch block at 0xc3 in for 0xa5
02-20 16:21:45.095 3528 3528 E ArmVmp : Match on catch block at 0xc3 in for 0xa5
02-20 16:21:45.106 3528 3528 E ArmVmp : Match on catch block at 0xc3 in for 0xa9
02-20 16:21:45.110 3528 3528 E ArmVmp : Match on catch block at 0xc3 in for 0xa1
02-20 16:21:45.114 3528 3528 E ArmVmp : Match on catch block at 0xc3 in for 0xa1
02-20 16:21:45.125 3528 3528 E ArmVmp : Match on catch block at 0xc3 in for 0xa5
02-20 16:21:45.128 3528 3528 E ArmVmp : Match on catch block at 0xc3 in for 0xa9
02-20 16:21:45.130 3528 3528 E ArmVmp : Match on catch block at 0xc3 in for 0xa9
02-20 16:21:45.138 3528 3528 E ArmVmp : Match on catch block at 0xc3 in for 0xa1
02-20 16:21:45.141 3528 3528 E ArmVmp : Match on catch block at 0xc3 in for 0xa5
02-20 16:21:45.143 3528 3528 E ArmVmp : Match on catch block at 0xc3 in for 0xa5
02-20 16:21:45.154 3528 3528 E ArmVmp : Match on catch block at 0xc3 in for 0xa9
02-20 16:21:45.159 3528 3528 E ArmVmp : Match on catch block at 0xc3 in for 0xa1
02-20 16:21:45.162 3528 3528 E ArmVmp : Match on catch block at 0xc3 in for 0xa1
02-20 16:21:45.169 3528 3528 E ArmVmp : Match on catch block at 0xc3 in for 0xa5
02-20 16:21:45.174 3528 3528 E ArmVmp : Match on catch block at 0xc3 in for 0xa9
02-20 16:21:45.177 3528 3528 E ArmVmp : Match on catch block at 0xc3 in for 0xa9
02-20 16:21:45.186 3528 3528 E ArmVmp : Match on catch block at 0xc3 in for 0xa1
02-20 16:21:45.189 3528 3528 E ArmVmp : Match on catch block at 0xc3 in for 0xa5
02-20 16:21:45.191 3528 3528 E ArmVmp : Match on catch block at 0xc3 in for 0xa5
02-20 16:21:45.202 3528 3528 E ArmVmp : Match on catch block at 0xc3 in for 0xa9
02-20 16:21:45.205 3528 3528 E ArmVmp : Match on catch block at 0xc3 in for 0xa1
02-20 16:21:45.207 3528 3528 E ArmVmp : Match on catch block at 0xc3 in for 0xa1
02-20 16:21:45.218 3528 3528 E ArmVmp : Match on catch block at 0xc3 in for 0xa5
02-20 16:21:45.220 3528 3528 E ArmVmp : Match on catch block at 0xc3 in for 0xa9
02-20 16:21:45.223 3528 3528 E ArmVmp : Match on catch block at 0xc3 in for 0xa9
02-20 16:21:45.234 3528 3528 E ArmVmp : Match on catch block at 0xc3 in for 0xa1
02-20 16:21:45.236 3528 3528 E ArmVmp : Match on catch block at 0xc3 in for 0xa5
02-20 16:21:45.239 3528 3528 E ArmVmp : Match on catch block at 0xc3 in for 0xa5
02-20 16:21:45.250 3528 3528 E ArmVmp : Match on catch block at 0xc3 in for 0xa9
02-20 16:21:45.253 3528 3528 E ArmVmp : Match on catch block at 0xc3 in for 0xa1
02-20 16:21:45.255 3528 3528 E ArmVmp : Match on catch block at 0xc3 in for 0xa1
02-20 16:21:45.266 3528 3528 E ArmVmp : Match on catch block at 0xc3 in for 0xa5
02-20 16:21:45.269 3528 3528 E ArmVmp : Match on catch block at 0xc3 in for 0xa9
02-20 16:21:45.271 3528 3528 E ArmVmp : Match on catch block at 0xc3 in for 0xa9
02-20 16:21:45.282 3528 3528 E ArmVmp : Match on catch block at 0xc3 in for 0xa1
02-20 16:21:45.285 3528 3528 E ArmVmp : Match on catch block at 0xc3 in for 0xa5
02-20 16:21:45.287 3528 3528 E ArmVmp : Match on catch block at 0xc3 in for 0xa5
02-20 16:21:45.298 3528 3528 E ArmVmp : Match on catch block at 0xc3 in for 0xa9
02-20 16:21:45.301 3528 3528 E ArmVmp : Match on catch block at 0xc3 in for 0xa1
02-20 16:21:45.303 3528 3528 E ArmVmp : Match on catch block at 0xc3 in for 0xa1
02-20 16:21:45.314 3528 3528 E ArmVmp : Match on catch block at 0xc3 in for 0xa5
02-20 16:21:45.317 3528 3528 E ArmVmp : Match on catch block at 0xc3 in for 0xa9
02-20 16:21:45.319 3528 3528 E ArmVmp : Match on catch block at 0xc3 in for 0xa9
02-20 16:21:45.330 3528 3528 E ArmVmp : Match on catch block at 0xc3 in for 0xa1
02-20 16:21:45.333 3528 3528 E ArmVmp : Match on catch block at 0xc3 in for 0xa5
02-20 16:21:45.335 3528 3528 E ArmVmp : Match on catch block at 0xc3 in for 0xa5
02-20 16:21:45.346 3528 3528 E ArmVmp : Match on catch block at 0xc3 in for 0xa9
02-20 16:21:45.348 3528 3528 E ArmVmp : Match on catch block at 0xc3 in for 0xa1
02-20 16:21:45.351 3528 3528 E ArmVmp : Match on catch block at 0xc3 in for 0xa1
02-20 16:21:45.518 3528 3528 E ArmVmp : Match on catch block at 0xc3 in for 0xa9
02-20 16:21:45.522 3528 3528 E ArmVmp : Match on catch block at 0xc3 in for 0xa1
02-20 16:21:45.526 3528 3528 E ArmVmp : Match on catch block at 0xc3 in for 0xa1
02-20 16:21:45.535 3528 3528 E ArmVmp : Match on catch block at 0xc3 in for 0xa5
02-20 16:21:45.539 3528 3528 E ArmVmp : Match on catch block at 0xc3 in for 0xa9
02-20 16:21:45.543 3528 3528 E ArmVmp : Match on catch block at 0xc3 in for 0xa9
02-20 16:21:45.555 3528 3528 E ArmVmp : Match on catch block at 0xc3 in for 0xa5
02-20 16:21:45.558 3528 3528 E ArmVmp : Match on catch block at 0xc3 in for 0xa9
02-20 16:21:45.561 3528 3528 E ArmVmp : Match on catch block at 0xc3 in for 0xa9
02-20 16:21:46.070 3528 3528 E ArmVmp : Match on catch block at 0xc3 in for 0xa5
02-20 16:21:46.080 3528 3528 E ArmVmp : Match on catch block at 0xc3 in for 0xa9
02-20 16:21:46.086 3528 3528 E ArmVmp : Match on catch block at 0xc3 in for 0xa9
02-20 16:21:46.564 3528 3528 E ArmVmp : Match on catch block at 0xc3 in for 0xa1
02-20 16:21:46.570 3528 3528 E ArmVmp : Match on catch block at 0xc3 in for 0xa5
02-20 16:21:46.574 3528 3528 E ArmVmp : Match on catch block at 0xc3 in for 0xa5
02-20 16:21:47.063 3528 3528 E ArmVmp : Match on catch block at 0xc3 in for 0xa1
02-20 16:21:47.066 3528 3528 E ArmVmp : Match on catch block at 0xc3 in for 0xa5
02-20 16:21:47.070 3528 3528 E ArmVmp : Match on catch block at 0xc3 in for 0xa5
02-20 16:21:47.092 3528 3528 E ArmVmp : Match on catch block at 0xc3 in for 0xa9
02-20 16:21:47.102 3528 3528 E ArmVmp : Match on catch block at 0xc3 in for 0xa1
02-20 16:21:47.104 3528 3528 E ArmVmp : Match on catch block at 0xc3 in for 0xa1
02-20 16:21:47.110 3528 3528 E ArmVmp : Match on catch block at 0xc3 in for 0xa5
02-20 16:21:47.115 3528 3528 E ArmVmp : Match on catch block at 0xc3 in for 0xa9
02-20 16:21:47.118 3528 3528 E ArmVmp : Match on catch block at 0xc3 in for 0xa9
02-20 16:21:47.125 3528 3528 E ArmVmp : Match on catch block at 0xc3 in for 0xa1
02-20 16:21:47.131 3528 3528 E ArmVmp : Match on catch block at 0xc3 in for 0xa5
02-20 16:21:47.134 3528 3528 E ArmVmp : Match on catch block at 0xc3 in for 0xa5
02-20 16:21:47.142 3528 3528 E ArmVmp : Match on catch block at 0xc3 in for 0xa9
02-20 16:21:47.147 3528 3528 E ArmVmp : Match on catch block at 0xc3 in for 0xa1
02-20 16:21:47.149 3528 3528 E ArmVmp : Match on catch block at 0xc3 in for 0xa1
02-20 16:21:47.156 3528 3528 E ArmVmp : Match on catch block at 0xc3 in for 0xa5
02-20 16:21:47.160 3528 3528 E ArmVmp : Match on catch block at 0xc3 in for 0xa9
02-20 16:21:47.162 3528 3528 E ArmVmp : Match on catch block at 0xc3 in for 0xa9
02-20 16:21:47.170 3528 3528 E ArmVmp : Match on catch block at 0xc3 in for 0xa1
02-20 16:21:47.173 3528 3528 E ArmVmp : Match on catch block at 0xc3 in for 0xa5
02-20 16:21:47.178 3528 3528 E ArmVmp : Match on catch block at 0xc3 in for 0xa5
02-20 16:21:47.188 3528 3528 E ArmVmp : Match on catch block at 0xc3 in for 0xa9
02-20 16:21:47.191 3528 3528 E ArmVmp : Match on catch block at 0xc3 in for 0xa1
02-20 16:21:47.194 3528 3528 E ArmVmp : Match on catch block at 0xc3 in for 0xa1
02-20 16:21:47.204 3528 3528 E ArmVmp : Match on catch block at 0xc3 in for 0xa5
02-20 16:21:47.207 3528 3528 E ArmVmp : Match on catch block at 0xc3 in for 0xa9
02-20 16:21:47.210 3528 3528 E ArmVmp : Match on catch block at 0xc3 in for 0xa9
02-20 16:21:47.221 3528 3528 E ArmVmp : Match on catch block at 0xc3 in for 0xa1
02-20 16:21:47.224 3528 3528 E ArmVmp : Match on catch block at 0xc3 in for 0xa5
02-20 16:21:47.227 3528 3528 E ArmVmp : Match on catch block at 0xc3 in for 0xa5
02-20 16:21:47.237 3528 3528 E ArmVmp : Match on catch block at 0xc3 in for 0xa9
02-20 16:21:47.242 3528 3528 E ArmVmp : Match on catch block at 0xc3 in for 0xa1
02-20 16:21:47.245 3528 3528 E ArmVmp : Match on catch block at 0xc3 in for 0xa1
02-20 16:21:47.253 3528 3528 E ArmVmp : Match on catch block at 0xc3 in for 0xa5
02-20 16:21:47.260 3528 3528 E ArmVmp : Match on catch block at 0xc3 in for 0xa9
02-20 16:21:47.262 3528 3528 E ArmVmp : Match on catch block at 0xc3 in for 0xa9
02-20 16:21:47.271 3528 3528 E ArmVmp : Match on catch block at 0xc3 in for 0xa1
02-20 16:21:47.279 3528 3528 E ArmVmp : Match on catch block at 0xc3 in for 0xa5
02-20 16:21:47.282 3528 3528 E ArmVmp : Match on catch block at 0xc3 in for 0xa5
02-20 16:21:47.294 3528 3528 E ArmVmp : Match on catch block at 0xc3 in for 0xa9
02-20 16:21:47.299 3528 3528 E ArmVmp : Match on catch block at 0xc3 in for 0xa1
02-20 16:21:47.302 3528 3528 E ArmVmp : Match on catch block at 0xc3 in for 0xa1
02-20 16:21:47.317 3528 3528 E ArmVmp : Match on catch block at 0xc3 in for 0xa5
02-20 16:21:47.322 3528 3528 E ArmVmp : Match on catch block at 0xc3 in for 0xa9
02-20 16:21:47.325 3528 3528 E ArmVmp : Match on catch block at 0xc3 in for 0xa9
02-20 16:21:47.334 3528 3528 E ArmVmp : Match on catch block at 0xc3 in for 0xa1
02-20 16:21:47.339 3528 3528 E ArmVmp : Match on catch block at 0xc3 in for 0xa5
02-20 16:21:47.342 3528 3528 E ArmVmp : Match on catch block at 0xc3 in for 0xa5
02-20 16:21:47.349 3528 3528 E ArmVmp : Match on catch block at 0xc3 in for 0xa9
02-20 16:21:47.354 3528 3528 E ArmVmp : Match on catch block at 0xc3 in for 0xa1
02-20 16:21:47.357 3528 3528 E ArmVmp : Match on catch block at 0xc3 in for 0xa1
02-20 16:21:47.565 3528 3528 E ArmVmp : Match on catch block at 0xc3 in for 0xa5
02-20 16:21:47.578 3528 3528 E ArmVmp : Match on catch block at 0xc3 in for 0xa9
02-20 16:21:47.584 3528 3528 E ArmVmp : Match on catch block at 0xc3 in for 0xa9
02-20 16:21:47.763 3528 3528 E ArmVmp : Match on catch block at 0xc3 in for 0xa1
02-20 16:21:47.766 3528 3528 E ArmVmp : Match on catch block at 0xc3 in for 0xa5
02-20 16:21:47.769 3528 3528 E ArmVmp : Match on catch block at 0xc3 in for 0xa5
02-20 16:21:47.795 3528 3528 E ArmVmp : Match on catch block at 0xc3 in for 0xa9
02-20 16:21:47.798 3528 3528 E ArmVmp : Match on catch block at 0xc3 in for 0xa1
02-20 16:21:47.801 3528 3528 E ArmVmp : Match on catch block at 0xc3 in for 0xa1
02-20 16:21:48.524 3528 3528 E ArmVmp : Match on catch block at 0xc3 in for 0xa9
02-20 16:21:48.529 3528 3528 E ArmVmp : Match on catch block at 0xc3 in for 0xa1
02-20 16:21:48.533 3528 3528 E ArmVmp : Match on catch block at 0xc3 in for 0xa1
02-20 16:21:48.586 3528 3528 E ArmVmp : Match on catch block at 0xc3 in for 0xa1
02-20 16:21:48.590 3528 3528 E ArmVmp : Match on catch block at 0xc3 in for 0xa5
02-20 16:21:48.592 3528 3528 E ArmVmp : Match on catch block at 0xc3 in for 0xa5
02-20 16:21:48.646 3528 3528 E ArmVmp : Match on catch block at 0xc3 in for 0xa9
02-20 16:21:48.650 3528 3528 E ArmVmp : Match on catch block at 0xc3 in for 0xa1
02-20 16:21:48.654 3528 3528 E ArmVmp : Match on catch block at 0xc3 in for 0xa1
02-20 16:21:48.680 3528 3528 E ArmVmp : Match on catch block at 0xc3 in for 0xa5
02-20 16:21:48.685 3528 3528 E ArmVmp : Match on catch block at 0xc3 in for 0xa9
02-20 16:21:48.689 3528 3528 E ArmVmp : Match on catch block at 0xc3 in for 0xa9
02-20 16:21:48.770 3528 4157 W libEGL : EGLNativeWindowType 0x7e51c24010
disconnect failed
02-20 16:21:48.969 3528 3528 E ArmVmp : Match on catch block at 0xc3 in for 0xa5
02-20 16:21:48.973 3528 3528 E ArmVmp : Match on catch block at 0xc3 in for 0xa9
02-20 16:21:48.978 3528 3528 E ArmVmp : Match on catch block at 0xc3 in for 0xa9
02-20 16:21:48.990 3528 3528 E ArmVmp : Match on catch block at 0xc3 in for 0xa1
02-20 16:21:48.995 3528 3528 E ArmVmp : Match on catch block at 0xc3 in for 0xa5
02-20 16:21:49.000 3528 3528 E ArmVmp : Match on catch block at 0xc3 in for 0xa5
02-20 16:21:49.062 3528 3528 E ArmVmp : Match on catch block at 0xc3 in for 0xa9
02-20 16:21:49.067 3528 3528 E ArmVmp : Match on catch block at 0xc3 in for 0xa1
02-20 16:21:49.070 3528 3528 E ArmVmp : Match on catch block at 0xc3 in for 0xa1
02-20 16:21:49.366 3528 3528 E ArmVmp : Match on catch block at 0xc3 in for 0xa9
02-20 16:21:49.374 3528 3528 E ArmVmp : Match on catch block at 0xc3 in for 0xa1
02-20 16:21:49.379 3528 3528 E ArmVmp : Match on catch block at 0xc3 in for 0xa1
02-20 16:21:49.413 3528 3528 E ArmVmp : Match on catch block at 0xc3 in for 0xa5
02-20 16:21:49.418 3528 3528 E ArmVmp : Match on catch block at 0xc3 in for 0xa9
02-20 16:21:49.423 3528 3528 E ArmVmp : Match on catch block at 0xc3 in for 0xa9
02-20 16:21:49.437 3528 3528 E ArmVmp : Match on catch block at 0xc3 in for 0xa9
02-20 16:21:49.441 3528 3528 E ArmVmp : Match on catch block at 0xc3 in for 0xa1
02-20 16:21:49.444 3528 3528 E ArmVmp : Match on catch block at 0xc3 in for 0xa1
02-20 16:21:49.460 3528 3528 E ArmVmp : Match on catch block at 0xc3 in for 0xa1
02-20 16:21:49.464 3528 3528 E ArmVmp : Match on catch block at 0xc3 in for 0xa5
02-20 16:21:49.471 3528 3528 E ArmVmp : Match on catch block at 0xc3 in for 0xa5
02-20 16:21:49.487 3528 3528 E ArmVmp : Match on catch block at 0xc3 in for 0xa5
02-20 16:21:49.491 3528 3528 E ArmVmp : Match on catch block at 0xc3 in for 0xa9
02-20 16:21:49.495 3528 3528 E ArmVmp : Match on catch block at 0xc3 in for 0xa9
02-20 16:21:49.511 3528 3528 E ArmVmp : Match on catch block at 0xc3 in for 0xa9
02-20 16:21:49.515 3528 3528 E ArmVmp : Match on catch block at 0xc3 in for 0xa1
02-20 16:21:49.520 3528 3528 E ArmVmp : Match on catch block at 0xc3 in for 0xa1
02-20 16:21:49.536 3528 3528 E ArmVmp : Match on catch block at 0xc3 in for 0xa1
02-20 16:21:49.540 3528 3528 E ArmVmp : Match on catch block at 0xc3 in for 0xa5
02-20 16:21:49.544 3528 3528 E ArmVmp : Match on catch block at 0xc3 in for 0xa5
02-20 16:21:49.560 3528 3528 E ArmVmp : Match on catch block at 0xc3 in for 0xa5
02-20 16:21:49.564 3528 3528 E ArmVmp : Match on catch block at 0xc3 in for 0xa9
02-20 16:21:49.567 3528 3528 E ArmVmp : Match on catch block at 0xc3 in for 0xa9
02-20 16:21:49.576 3528 3528 E ArmVmp : Match on catch block at 0xc3 in for 0xa9
02-20 16:21:49.582 3528 3528 E ArmVmp : Match on catch block at 0xc3 in for 0xa1
02-20 16:21:49.585 3528 3528 E ArmVmp : Match on catch block at 0xc3 in for 0xa1
02-20 16:21:49.688 3528 3528 E ArmVmp : Match on catch block at 0xc3 in for 0xa1
02-20 16:21:49.692 3528 3528 E ArmVmp : Match on catch block at 0xc3 in for 0xa5
02-20 16:21:49.697 3528 3528 E ArmVmp : Match on catch block at 0xc3 in for 0xa5
02-20 16:21:50.073 3528 3528 E ArmVmp : Match on catch block at 0xc3 in for 0xa5
02-20 16:21:50.079 3528 3528 E ArmVmp : Match on catch block at 0xc3 in for 0xa9
02-20 16:21:50.082 3528 3528 E ArmVmp : Match on catch block at 0xc3 in for 0xa9
02-20 16:21:50.089 3528 3528 E ArmVmp : Match on catch block at 0xc3 in for 0xa1
02-20 16:21:50.094 3528 3528 E ArmVmp : Match on catch block at 0xc3 in for 0xa5
02-20 16:21:50.097 3528 3528 E ArmVmp : Match on catch block at 0xc3 in for 0xa5
02-20 16:21:50.105 3528 3528 E ArmVmp : Match on catch block at 0xc3 in for 0xa9
02-20 16:21:50.109 3528 3528 E ArmVmp : Match on catch block at 0xc3 in for 0xa1
02-20 16:21:50.113 3528 3528 E ArmVmp : Match on catch block at 0xc3 in for 0xa1
02-20 16:21:50.121 3528 3528 E ArmVmp : Match on catch block at 0xc3 in for 0xa5
02-20 16:21:50.126 3528 3528 E ArmVmp : Match on catch block at 0xc3 in for 0xa9
02-20 16:21:50.129 3528 3528 E ArmVmp : Match on catch block at 0xc3 in for 0xa9
02-20 16:21:50.136 3528 3528 E ArmVmp : Match on catch block at 0xc3 in for 0xa9
02-20 16:21:50.140 3528 3528 E ArmVmp : Match on catch block at 0xc3 in for 0xa1
02-20 16:21:50.143 3528 3528 E ArmVmp : Match on catch block at 0xc3 in for 0xa1
02-20 16:21:50.152 3528 3528 E ArmVmp : Match on catch block at 0xc3 in for 0xa5
02-20 16:21:50.156 3528 3528 E ArmVmp : Match on catch block at 0xc3 in for 0xa9
02-20 16:21:50.159 3528 3528 E ArmVmp : Match on catch block at 0xc3 in for 0xa9
02-20 16:21:50.168 3528 3528 E ArmVmp : Match on catch block at 0xc3 in for 0xa1
02-20 16:21:50.173 3528 3528 E ArmVmp : Match on catch block at 0xc3 in for 0xa5
02-20 16:21:50.175 3528 3528 E ArmVmp : Match on catch block at 0xc3 in for 0xa5
02-20 16:21:50.186 3528 3528 E ArmVmp : Match on catch block at 0xc3 in for 0xa5
02-20 16:21:50.189 3528 3528 E ArmVmp : Match on catch block at 0xc3 in for 0xa9
02-20 16:21:50.191 3528 3528 E ArmVmp : Match on catch block at 0xc3 in for 0xa9
02-20 16:21:50.197 3528 3528 E ArmVmp : Match on catch block at 0xc3 in for 0xa1
02-20 16:21:50.201 3528 3528 E ArmVmp : Match on catch block at 0xc3 in for 0xa5
02-20 16:21:50.203 3528 3528 E ArmVmp : Match on catch block at 0xc3 in for 0xa5
02-20 16:21:50.215 3528 3528 E ArmVmp : Match on catch block at 0xc3 in for 0xa5
02-20 16:21:50.220 3528 3528 E ArmVmp : Match on catch block at 0xc3 in for 0xa9
02-20 16:21:50.222 3528 3528 E ArmVmp : Match on catch block at 0xc3 in for 0xa9
02-20 16:21:50.231 3528 3528 E ArmVmp : Match on catch block at 0xc3 in for 0xa9
02-20 16:21:50.234 3528 3528 E ArmVmp : Match on catch block at 0xc3 in for 0xa1
02-20 16:21:50.237 3528 3528 E ArmVmp : Match on catch block at 0xc3 in for 0xa1
02-20 16:21:50.248 3528 3528 E ArmVmp : Match on catch block at 0xc3 in for 0xa1
02-20 16:21:50.251 3528 3528 E ArmVmp : Match on catch block at 0xc3 in for 0xa5
02-20 16:21:50.253 3528 3528 E ArmVmp : Match on catch block at 0xc3 in for 0xa5
02-20 16:21:50.265 3528 3528 E ArmVmp : Match on catch block at 0xc3 in for 0xa5
02-20 16:21:50.268 3528 3528 E ArmVmp : Match on catch block at 0xc3 in for 0xa9
02-20 16:21:50.270 3528 3528 E ArmVmp : Match on catch block at 0xc3 in for 0xa9
02-20 16:21:50.280 3528 3528 E ArmVmp : Match on catch block at 0xc3 in for 0xa9
02-20 16:21:50.284 3528 3528 E ArmVmp : Match on catch block at 0xc3 in for 0xa1
02-20 16:21:50.286 3528 3528 E ArmVmp : Match on catch block at 0xc3 in for 0xa1
02-20 16:21:50.296 3528 3528 E ArmVmp : Match on catch block at 0xc3 in for 0xa9
02-20 16:21:50.300 3528 3528 E ArmVmp : Match on catch block at 0xc3 in for 0xa1
02-20 16:21:50.303 3528 3528 E ArmVmp : Match on catch block at 0xc3 in for 0xa1
02-20 16:21:50.312 3528 3528 E ArmVmp : Match on catch block at 0xc3 in for 0xa9
02-20 16:21:50.316 3528 3528 E ArmVmp : Match on catch block at 0xc3 in for 0xa1
02-20 16:21:50.318 3528 3528 E ArmVmp : Match on catch block at 0xc3 in for 0xa1
02-20 16:21:50.328 3528 3528 E ArmVmp : Match on catch block at 0xc3 in for 0xa9
02-20 16:21:50.331 3528 3528 E ArmVmp : Match on catch block at 0xc3 in for 0xa1
02-20 16:21:50.334 3528 3528 E ArmVmp : Match on catch block at 0xc3 in for 0xa1
02-20 16:21:50.344 3528 3528 E ArmVmp : Match on catch block at 0xc3 in for 0xa9
02-20 16:21:50.348 3528 3528 E ArmVmp : Match on catch block at 0xc3 in for 0xa1
02-20 16:21:50.351 3528 3528 E ArmVmp : Match on catch block at 0xc3 in for 0xa1
02-20 16:21:50.360 3528 3528 E ArmVmp : Match on catch block at 0xc3 in for 0xa9
02-20 16:21:50.364 3528 3528 E ArmVmp : Match on catch block at 0xc3 in for 0xa1
02-20 16:21:50.367 3528 3528 E ArmVmp : Match on catch block at 0xc3 in for 0xa1
02-20 16:21:50.376 3528 3528 E ArmVmp : Match on catch block at 0xc3 in for 0xa9
02-20 16:21:50.381 3528 3528 E ArmVmp : Match on catch block at 0xc3 in for 0xa1
02-20 16:21:50.384 3528 3528 E ArmVmp : Match on catch block at 0xc3 in for 0xa1
02-20 16:21:50.395 3528 4157 W libEGL : EGLNativeWindowType 0x7e51c24010
disconnect failed
02-20 16:21:50.404 3528 3528 W InputEventReceiver: Attempted to finish an input
event but the input event receiver has already been disposed.
02-20 16:21:50.407 3528 3528 E ArmVmp : Match on catch block at 0xc3 in for 0xa9
02-20 16:21:50.412 3528 3528 E ArmVmp : Match on catch block at 0xc3 in for 0xa1
02-20 16:21:50.415 3528 3528 E ArmVmp : Match on catch block at 0xc3 in for 0xa1
02-20 16:21:50.424 3528 3528 E ArmVmp : Match on catch block at 0xc3 in for 0xa9
02-20 16:21:50.428 3528 3528 E ArmVmp : Match on catch block at 0xc3 in for 0xa1
02-20 16:21:50.431 3528 3528 E ArmVmp : Match on catch block at 0xc3 in for 0xa1
02-20 16:21:50.439 3528 3528 E ArmVmp : Match on catch block at 0xc3 in for 0xa9
02-20 16:21:50.443 3528 3528 E ArmVmp : Match on catch block at 0xc3 in for 0xa1
02-20 16:21:50.447 3528 3528 E ArmVmp : Match on catch block at 0xc3 in for 0xa1
02-20 16:21:50.454 3528 3528 E ArmVmp : Match on catch block at 0xc3 in for 0xa9
02-20 16:21:50.457 3528 3528 E ArmVmp : Match on catch block at 0xc3 in for 0xa1
02-20 16:21:50.460 3528 3528 E ArmVmp : Match on catch block at 0xc3 in for 0xa1
02-20 16:21:50.468 3528 3528 E ArmVmp : Match on catch block at 0xc3 in for 0xa9
02-20 16:21:50.480 3528 3528 E ArmVmp : Match on catch block at 0xc3 in for 0xa1
02-20 16:21:50.488 3528 3528 E ArmVmp : Match on catch block at 0xc3 in for 0xa1
02-20 16:21:50.498 3528 3528 E ArmVmp : Match on catch block at 0xc3 in for 0xa9
02-20 16:21:50.504 3528 3528 E ArmVmp : Match on catch block at 0xc3 in for 0xa1
02-20 16:21:50.507 3528 3528 E ArmVmp : Match on catch block at 0xc3 in for 0xa1
02-20 16:21:50.519 3528 3528 E ArmVmp : Match on catch block at 0xc3 in for 0xa1
02-20 16:21:50.523 3528 3528 E ArmVmp : Match on catch block at 0xc3 in for 0xa5
02-20 16:21:50.526 3528 3528 E ArmVmp : Match on catch block at 0xc3 in for 0xa5
02-20 16:21:50.600 3528 3528 E ArmVmp : Match on catch block at 0xc3 in for 0xa9
02-20 16:21:50.605 3528 3528 E ArmVmp : Match on catch block at 0xc3 in for 0xa1
02-20 16:21:50.610 3528 3528 E ArmVmp : Match on catch block at 0xc3 in for 0xa1
02-20 16:21:51.096 3528 3528 E ArmVmp : Match on catch block at 0xc3 in for 0xa9
02-20 16:21:51.102 3528 3528 E ArmVmp : Match on catch block at 0xc3 in for 0xa1
02-20 16:21:51.106 3528 3528 E ArmVmp : Match on catch block at 0xc3 in for 0xa1
02-20 16:21:51.361 3528 3528 E ArmVmp : Match on catch block at 0xc3 in for 0xa9
02-20 16:21:51.366 3528 3528 E ArmVmp : Match on catch block at 0xc3 in for 0xa1
02-20 16:21:51.373 3528 3528 E ArmVmp : Match on catch block at 0xc3 in for 0xa1
02-20 16:21:51.384 3528 3528 E ArmVmp : Match on catch block at 0xc3 in for 0xa5
02-20 16:21:51.391 3528 3528 E ArmVmp : Match on catch block at 0xc3 in for 0xa9
02-20 16:21:51.394 3528 3528 E ArmVmp : Match on catch block at 0xc3 in for 0xa9
02-20 16:21:51.400 3528 3528 E ArmVmp : Match on catch block at 0xc3 in for 0xa1
02-20 16:21:51.404 3528 3528 E ArmVmp : Match on catch block at 0xc3 in for 0xa5
02-20 16:21:51.407 3528 3528 E ArmVmp : Match on catch block at 0xc3 in for 0xa5
02-20 16:21:51.416 3528 3528 E ArmVmp : Match on catch block at 0xc3 in for 0xa9
02-20 16:21:51.420 3528 3528 E ArmVmp : Match on catch block at 0xc3 in for 0xa1
02-20 16:21:51.423 3528 3528 E ArmVmp : Match on catch block at 0xc3 in for 0xa1
02-20 16:21:51.433 3528 3528 E ArmVmp : Match on catch block at 0xc3 in for 0xa5
02-20 16:21:51.438 3528 3528 E ArmVmp : Match on catch block at 0xc3 in for 0xa9
02-20 16:21:51.440 3528 3528 E ArmVmp : Match on catch block at 0xc3 in for 0xa9
02-20 16:21:51.449 3528 3528 E ArmVmp : Match on catch block at 0xc3 in for 0xa1
02-20 16:21:51.452 3528 3528 E ArmVmp : Match on catch block at 0xc3 in for 0xa5
02-20 16:21:51.455 3528 3528 E ArmVmp : Match on catch block at 0xc3 in for 0xa5
02-20 16:21:51.466 3528 3528 E ArmVmp : Match on catch block at 0xc3 in for 0xa9
02-20 16:21:51.470 3528 3528 E ArmVmp : Match on catch block at 0xc3 in for 0xa1
02-20 16:21:51.473 3528 3528 E ArmVmp : Match on catch block at 0xc3 in for 0xa1
02-20 16:21:51.480 3528 3528 E ArmVmp : Match on catch block at 0xc3 in for 0xa5
02-20 16:21:51.483 3528 3528 E ArmVmp : Match on catch block at 0xc3 in for 0xa9
02-20 16:21:51.486 3528 3528 E ArmVmp : Match on catch block at 0xc3 in for 0xa9
02-20 16:21:51.497 3528 3528 E ArmVmp : Match on catch block at 0xc3 in for 0xa1
02-20 16:21:51.502 3528 3528 E ArmVmp : Match on catch block at 0xc3 in for 0xa5
02-20 16:21:51.504 3528 3528 E ArmVmp : Match on catch block at 0xc3 in for 0xa5
02-20 16:21:51.514 3528 3528 E ArmVmp : Match on catch block at 0xc3 in for 0xa9
02-20 16:21:51.518 3528 3528 E ArmVmp : Match on catch block at 0xc3 in for 0xa1
02-20 16:21:51.521 3528 3528 E ArmVmp : Match on catch block at 0xc3 in for 0xa1
02-20 16:21:51.528 3528 3528 E ArmVmp : Match on catch block at 0xc3 in for 0xa5
02-20 16:21:51.534 3528 3528 E ArmVmp : Match on catch block at 0xc3 in for 0xa9
02-20 16:21:51.537 3528 3528 E ArmVmp : Match on catch block at 0xc3 in for 0xa9
02-20 16:21:51.545 3528 3528 E ArmVmp : Match on catch block at 0xc3 in for 0xa1
02-20 16:21:51.550 3528 3528 E ArmVmp : Match on catch block at 0xc3 in for 0xa5
02-20 16:21:51.554 3528 3528 E ArmVmp : Match on catch block at 0xc3 in for 0xa5
02-20 16:21:51.563 3528 3528 E ArmVmp : Match on catch block at 0xc3 in for 0xa9
02-20 16:21:51.568 3528 3528 E ArmVmp : Match on catch block at 0xc3 in for 0xa1
02-20 16:21:51.571 3528 3528 E ArmVmp : Match on catch block at 0xc3 in for 0xa1
02-20 16:21:51.579 3528 3528 E ArmVmp : Match on catch block at 0xc3 in for 0xa5
02-20 16:21:51.586 3528 3528 E ArmVmp : Match on catch block at 0xc3 in for 0xa9
02-20 16:21:51.589 3528 3528 E ArmVmp : Match on catch block at 0xc3 in for 0xa9
02-20 16:21:51.599 3528 3528 E ArmVmp : Match on catch block at 0xc3 in for 0xa1
02-20 16:21:51.604 3528 3528 E ArmVmp : Match on catch block at 0xc3 in for 0xa5
02-20 16:21:51.610 3528 3528 E ArmVmp : Match on catch block at 0xc3 in for 0xa5
02-20 16:21:51.619 3528 3528 E ArmVmp : Match on catch block at 0xc3 in for 0xa9
02-20 16:21:51.624 3528 3528 E ArmVmp : Match on catch block at 0xc3 in for 0xa1
02-20 16:21:51.627 3528 3528 E ArmVmp : Match on catch block at 0xc3 in for 0xa1
02-20 16:21:51.635 3528 3528 E ArmVmp : Match on catch block at 0xc3 in for 0xa5
02-20 16:21:51.639 3528 3528 E ArmVmp : Match on catch block at 0xc3 in for 0xa9
02-20 16:21:51.645 3528 3528 E ArmVmp : Match on catch block at 0xc3 in for 0xa9
02-20 16:21:51.653 3528 3528 E ArmVmp : Match on catch block at 0xc3 in for 0xa1
02-20 16:21:51.662 3528 3528 E ArmVmp : Match on catch block at 0xc3 in for 0xa5
02-20 16:21:51.665 3528 3528 E ArmVmp : Match on catch block at 0xc3 in for 0xa5
02-20 16:21:51.677 3528 3528 E ArmVmp : Match on catch block at 0xc3 in for 0xa9
02-20 16:21:51.681 3528 3528 E ArmVmp : Match on catch block at 0xc3 in for 0xa1
02-20 16:21:51.684 3528 3528 E ArmVmp : Match on catch block at 0xc3 in for 0xa1
02-20 16:21:52.109 3528 3528 E ArmVmp : Match on catch block at 0xc3 in for 0xa9
02-20 16:21:52.114 3528 3528 E ArmVmp : Match on catch block at 0xc3 in for 0xa1
02-20 16:21:52.118 3528 3528 E ArmVmp : Match on catch block at 0xc3 in for 0xa1
02-20 16:21:52.601 3528 3528 E ArmVmp : Match on catch block at 0xc3 in for 0xa5
02-20 16:21:52.606 3528 3528 E ArmVmp : Match on catch block at 0xc3 in for 0xa9
02-20 16:21:52.615 3528 3528 E ArmVmp : Match on catch block at 0xc3 in for 0xa9
02-20 16:21:52.924 3528 3528 E ArmVmp : Match on catch block at 0xc3 in for 0xa5
02-20 16:21:52.930 3528 3528 E ArmVmp : Match on catch block at 0xc3 in for 0xa9
02-20 16:21:52.936 3528 3528 E ArmVmp : Match on catch block at 0xc3 in for 0xa9
02-20 16:21:52.947 3528 3528 E ArmVmp : Match on catch block at 0xc3 in for 0xa1
02-20 16:21:52.953 3528 3528 E ArmVmp : Match on catch block at 0xc3 in for 0xa5
02-20 16:21:52.960 3528 3528 E ArmVmp : Match on catch block at 0xc3 in for 0xa5
02-20 16:21:52.972 3528 3528 E ArmVmp : Match on catch block at 0xc3 in for 0xa9
02-20 16:21:52.978 3528 3528 E ArmVmp : Match on catch block at 0xc3 in for 0xa1
02-20 16:21:52.982 3528 3528 E ArmVmp : Match on catch block at 0xc3 in for 0xa1
02-20 16:21:52.995 3528 3528 E ArmVmp : Match on catch block at 0xc3 in for 0xa5
02-20 16:21:53.006 3528 3528 E ArmVmp : Match on catch block at 0xc3 in for 0xa9
02-20 16:21:53.011 3528 3528 E ArmVmp : Match on catch block at 0xc3 in for 0xa9
02-20 16:21:53.020 3528 3528 E ArmVmp : Match on catch block at 0xc3 in for 0xa1
02-20 16:21:53.028 3528 3528 E ArmVmp : Match on catch block at 0xc3 in for 0xa5
02-20 16:21:53.034 3528 3528 E ArmVmp : Match on catch block at 0xc3 in for 0xa5
02-20 16:21:53.045 3528 3528 E ArmVmp : Match on catch block at 0xc3 in for 0xa9
02-20 16:21:53.054 3528 3528 E ArmVmp : Match on catch block at 0xc3 in for 0xa1
02-20 16:21:53.059 3528 3528 E ArmVmp : Match on catch block at 0xc3 in for 0xa1
02-20 16:21:53.069 3528 3528 E ArmVmp : Match on catch block at 0xc3 in for 0xa5
02-20 16:21:53.075 3528 3528 E ArmVmp : Match on catch block at 0xc3 in for 0xa9
02-20 16:21:53.082 3528 3528 E ArmVmp : Match on catch block at 0xc3 in for 0xa9
02-20 16:21:53.092 3528 3528 E ArmVmp : Match on catch block at 0xc3 in for 0xa1
02-20 16:21:53.102 3528 3528 E ArmVmp : Match on catch block at 0xc3 in for 0xa5
02-20 16:21:53.109 3528 3528 E ArmVmp : Match on catch block at 0xc3 in for 0xa5
02-20 16:21:53.122 3528 3528 E ArmVmp : Match on catch block at 0xc3 in for 0xa9
02-20 16:21:53.134 3528 3528 E ArmVmp : Match on catch block at 0xc3 in for 0xa1
02-20 16:21:53.141 3528 3528 E ArmVmp : Match on catch block at 0xc3 in for 0xa1
02-20 16:21:53.152 3528 3528 E ArmVmp : Match on catch block at 0xc3 in for 0xa5
02-20 16:21:53.160 3528 3528 E ArmVmp : Match on catch block at 0xc3 in for 0xa9
02-20 16:21:53.168 3528 3528 E ArmVmp : Match on catch block at 0xc3 in for 0xa9
02-20 16:21:53.177 3528 3528 E ArmVmp : Match on catch block at 0xc3 in for 0xa1
02-20 16:21:53.185 3528 3528 E ArmVmp : Match on catch block at 0xc3 in for 0xa5
02-20 16:21:53.190 3528 3528 E ArmVmp : Match on catch block at 0xc3 in for 0xa5
02-20 16:21:53.626 3528 3528 E ArmVmp : Match on catch block at 0xc3 in for 0xa9
02-20 16:21:53.637 3528 3528 E ArmVmp : Match on catch block at 0xc3 in for 0xa1
02-20 16:21:53.643 3528 3528 E ArmVmp : Match on catch block at 0xc3 in for 0xa1
02-20 16:21:54.139 3528 3528 E ArmVmp : Match on catch block at 0xc3 in for 0xa9
02-20 16:21:54.146 3528 3528 E ArmVmp : Match on catch block at 0xc3 in for 0xa1
02-20 16:21:54.154 3528 3528 E ArmVmp : Match on catch block at 0xc3 in for 0xa1
02-20 16:21:54.636 3528 3528 E ArmVmp : Match on catch block at 0xc3 in for 0xa5
02-20 16:21:54.642 3528 3528 E ArmVmp : Match on catch block at 0xc3 in for 0xa9
02-20 16:21:54.647 3528 3528 E ArmVmp : Match on catch block at 0xc3 in for 0xa9
02-20 16:21:55.131 3528 3528 E ArmVmp : Match on catch block at 0xc3 in for 0xa5
02-20 16:21:55.135 3528 3528 E ArmVmp : Match on catch block at 0xc3 in for 0xa9
02-20 16:21:55.139 3528 3528 E ArmVmp : Match on catch block at 0xc3 in for 0xa9
02-20 16:21:55.635 3528 3528 E ArmVmp : Match on catch block at 0xc3 in for 0xa1
02-20 16:21:55.644 3528 3528 E ArmVmp : Match on catch block at 0xc3 in for 0xa5
02-20 16:21:55.650 3528 3528 E ArmVmp : Match on catch block at 0xc3 in for 0xa5
02-20 16:21:55.849 3528 3528 E ArmVmp : Match on catch block at 0xc3 in for 0xa5
02-20 16:21:55.853 3528 3528 E ArmVmp : Match on catch block at 0xc3 in for 0xa9
02-20 16:21:55.864 3528 3528 E ArmVmp : Match on catch block at 0xc3 in for 0xa9
02-20 16:21:55.885 3528 3528 E ArmVmp : Match on catch block at 0xc3 in for 0xa9
02-20 16:21:55.889 3528 3528 E ArmVmp : Match on catch block at 0xc3 in for 0xa1
02-20 16:21:55.891 3528 3528 E ArmVmp : Match on catch block at 0xc3 in for 0xa1
02-20 16:21:56.384 3528 3528 E ArmVmp : Match on catch block at 0xc3 in for 0xa5
02-20 16:21:56.392 3528 3528 E ArmVmp : Match on catch block at 0xc3 in for 0xa9
02-20 16:21:56.399 3528 3528 E ArmVmp : Match on catch block at 0xc3 in for 0xa9
02-20 16:21:56.684 3528 3528 E ArmVmp : Match on catch block at 0xc3 in for 0xa1
02-20 16:21:56.688 3528 3528 E ArmVmp : Match on catch block at 0xc3 in for 0xa5
02-20 16:21:56.691 3528 3528 E ArmVmp : Match on catch block at 0xc3 in for 0xa5
02-20 16:21:56.738 3528 3528 E ArmVmp : Match on catch block at 0xc3 in for 0xa1
02-20 16:21:56.742 3528 3528 E ArmVmp : Match on catch block at 0xc3 in for 0xa5
02-20 16:21:56.746 3528 3528 E ArmVmp : Match on catch block at 0xc3 in for 0xa5
02-20 16:21:56.830 3528 3528 E ArmVmp : Match on catch block at 0xc3 in for 0xa5
02-20 16:21:56.843 3528 3528 E ArmVmp : Match on catch block at 0xc3 in for 0xa9
02-20 16:21:56.857 3528 3528 E ArmVmp : Match on catch block at 0xc3 in for 0xa9
02-20 16:21:56.863 3528 3528 E ArmVmp : Match on catch block at 0xc3 in for 0xa1
02-20 16:21:56.879 3528 3528 E ArmVmp : Match on catch block at 0xc3 in for 0xa9
02-20 16:21:56.883 3528 3528 E ArmVmp : Match on catch block at 0xc3 in for 0xa1
02-20 16:21:56.965 3528 3528 E ArmVmp : Match on catch block at 0xc3 in for 0xa1
02-20 16:21:56.970 3528 3528 E ArmVmp : Match on catch block at 0xc3 in for 0xa5
02-20 16:21:56.995 3528 3528 E ArmVmp : Match on catch block at 0xc3 in for 0xa5
02-20 16:21:56.999 3528 3528 E ArmVmp : Match on catch block at 0xc3 in for 0xa9
02-20 16:21:57.020 3528 3528 E ArmVmp : Match on catch block at 0xc3 in for 0xa5
02-20 16:21:57.024 3528 3528 E ArmVmp : Match on catch block at 0xc3 in for 0xa9
02-20 16:21:57.238 3528 3528 E ArmVmp : Match on catch block at 0xc3 in for 0xa5
02-20 16:21:57.251 3528 3528 E ArmVmp : Match on catch block at 0xc3 in for 0xa9
02-20 16:21:57.305 3528 3528 E ArmVmp : Match on catch block at 0xc3 in for 0xa5
02-20 16:21:57.313 3528 3528 E ArmVmp : Match on catch block at 0xc3 in for 0xa9
02-20 16:21:57.328 3528 3528 E ArmVmp : Match on catch block at 0xc3 in for 0xa5
02-20 16:21:57.328 3528 5292 W MediaPlayer: Use of stream types is deprecated for
operations other than volume control
02-20 16:21:57.329 3528 5292 W MediaPlayer: See the documentation of
setAudioStreamType() for what to use instead with android.media.AudioAttributes to
qualify your playback use case
02-20 16:21:57.334 3528 3528 E ArmVmp : Match on catch block at 0xc3 in for 0xa9
02-20 16:21:57.376 3528 4697 W MediaPlayerNative: info/warning (10973, 0)
02-20 16:21:58.227 3528 3528 E ArmVmp : Match on catch block at 0xc3 in for 0xa9
02-20 16:21:58.231 3528 3528 E ArmVmp : Match on catch block at 0xc3 in for 0xa1
02-20 16:21:58.257 3528 3528 W BottomSheetBehavior: BottomSheetBehavior now
supports multiple callbacks. `setBottomSheetCallback()` removes all existing
callbacks, including ones set internally by library authors, which may result in
unintended behavior. This may change in the future. Please use
`addBottomSheetCallback()` and `removeBottomSheetCallback()` instead to set your
own callbacks.
02-20 16:21:58.455 3528 4157 W libEGL : EGLNativeWindowType 0x7ef82ba010
disconnect failed
02-20 16:21:58.464 3528 3528 E ArmVmp : Match on catch block at 0xc3 in for 0xa9
02-20 16:21:58.467 3528 3528 E ArmVmp : Match on catch block at 0xc3 in for 0xa1
02-20 16:21:58.539 3528 3528 E ArmVmp : Match on catch block at 0xc3 in for 0xa1
02-20 16:21:58.542 3528 3528 E ArmVmp : Match on catch block at 0xc3 in for 0xa5
02-20 16:21:58.556 3528 5333 W libOpenSLES: Conversion from OpenSL ES positional
channel mask 0x4 to Android mask 0 loses channels
02-20 16:21:59.256 3528 4157 W libEGL : EGLNativeWindowType 0x7e51f76010
disconnect failed
02-20 16:21:59.288 3528 4157 W libEGL : EGLNativeWindowType 0x7e51f74010
disconnect failed
02-20 16:21:59.312 3528 3528 E ArmVmp : Match on catch block at 0xc3 in for 0xa5
02-20 16:21:59.317 3528 3528 E ArmVmp : Match on catch block at 0xc3 in for 0xa9
02-20 16:21:59.351 3528 3528 E ArmVmp : Match on catch block at 0xc3 in for 0xa5
02-20 16:21:59.355 3528 3528 E ArmVmp : Match on catch block at 0xc3 in for 0xa9
02-20 16:22:00.369 3528 3528 E ArmVmp : Match on catch block at 0x0a in for 0xc9
02-20 16:22:00.372 3528 3528 E ArmVmp : Match on catch block at 0x0a in for 0xc5
02-20 16:22:00.458 3528 3528 E ArmVmp : Match on catch block at 0xc3 in for 0xa5
02-20 16:22:00.463 3528 3528 E ArmVmp : Match on catch block at 0xc3 in for 0xa9
02-20 16:22:00.519 3528 3528 E ArmVmp : Match on catch block at 0xc3 in for 0xa1
02-20 16:22:00.523 3528 3528 E ArmVmp : Match on catch block at 0xc3 in for 0xa5
02-20 16:22:00.560 3528 3528 E ArmVmp : Match on catch block at 0xc3 in for 0xa1
02-20 16:22:00.564 3528 3528 E ArmVmp : Match on catch block at 0xc3 in for 0xa5
02-20 16:22:00.626 3528 3528 E ArmVmp : Match on catch block at 0xc3 in for 0xa5
02-20 16:22:00.630 3528 3528 E ArmVmp : Match on catch block at 0xc3 in for 0xa9
02-20 16:22:00.820 3528 4157 W libEGL : EGLNativeWindowType 0x7e51f74010
disconnect failed
02-20 16:22:00.873 3528 4157 W libEGL : EGLNativeWindowType 0x7e51f76010
disconnect failed
02-20 16:22:01.010 3528 3528 E ArmVmp : Match on catch block at 0xc3 in for 0xa5
02-20 16:22:01.016 3528 3528 E ArmVmp : Match on catch block at 0xc3 in for 0xa9
02-20 16:22:01.148 3528 3528 E ArmVmp : Match on catch block at 0xc3 in for 0xa5
02-20 16:22:01.154 3528 3528 E ArmVmp : Match on catch block at 0xc3 in for 0xa9
02-20 16:22:01.198 3528 3528 E ArmVmp : Match on catch block at 0xc3 in for 0xa1
02-20 16:22:01.205 3528 3528 E ArmVmp : Match on catch block at 0xc3 in for 0xa5
02-20 16:22:01.321 3528 3528 E ArmVmp : Match on catch block at 0xc3 in for 0xa1
02-20 16:22:01.327 3528 3528 E ArmVmp : Match on catch block at 0xc3 in for 0xa5
02-20 16:22:01.344 3528 3528 E ArmVmp : Match on catch block at 0xc3 in for 0xa1
02-20 16:22:01.357 3528 3528 E ArmVmp : Match on catch block at 0xc3 in for 0xa5
02-20 16:22:01.373 3528 3528 E ArmVmp : Match on catch block at 0xc3 in for 0xa1
02-20 16:22:01.381 3528 3528 E ArmVmp : Match on catch block at 0xc3 in for 0xa5
02-20 16:22:01.403 3528 3528 E ArmVmp : Match on catch block at 0xc3 in for 0xa9
02-20 16:22:01.409 3528 3528 E ArmVmp : Match on catch block at 0xc3 in for 0xa1
02-20 16:22:01.425 3528 3528 E ArmVmp : Match on catch block at 0xc3 in for 0xa9
02-20 16:22:01.434 3528 3528 E ArmVmp : Match on catch block at 0xc3 in for 0xa1
02-20 16:22:01.454 3528 3528 E ArmVmp : Match on catch block at 0xc3 in for 0xa9
02-20 16:22:01.465 3528 3528 E ArmVmp : Match on catch block at 0xc3 in for 0xa1
02-20 16:22:01.487 3528 3528 E ArmVmp : Match on catch block at 0xc3 in for 0xa9
02-20 16:22:01.495 3528 3528 E ArmVmp : Match on catch block at 0xc3 in for 0xa1
02-20 16:22:01.514 3528 3528 E ArmVmp : Match on catch block at 0xc3 in for 0xa9
02-20 16:22:01.519 3528 3528 E ArmVmp : Match on catch block at 0xc3 in for 0xa1
02-20 16:22:01.532 3528 3528 E ArmVmp : Match on catch block at 0xc3 in for 0xa9
02-20 16:22:01.535 3528 3528 E ArmVmp : Match on catch block at 0xc3 in for 0xa1
02-20 16:22:01.546 3528 3528 E ArmVmp : Match on catch block at 0xc3 in for 0xa9
02-20 16:22:01.549 3528 3528 E ArmVmp : Match on catch block at 0xc3 in for 0xa1
02-20 16:22:01.559 3528 3528 E ArmVmp : Match on catch block at 0xc3 in for 0xa9
02-20 16:22:01.562 3528 3528 E ArmVmp : Match on catch block at 0xc3 in for 0xa1
02-20 16:22:01.574 3528 3528 E ArmVmp : Match on catch block at 0xc3 in for 0xa9
02-20 16:22:01.578 3528 3528 E ArmVmp : Match on catch block at 0xc3 in for 0xa1
02-20 16:22:01.587 3528 3528 E ArmVmp : Match on catch block at 0xc3 in for 0xa9
02-20 16:22:01.591 3528 3528 E ArmVmp : Match on catch block at 0xc3 in for 0xa1
02-20 16:22:01.602 3528 3528 E ArmVmp : Match on catch block at 0xc3 in for 0xa9
02-20 16:22:01.609 3528 3528 E ArmVmp : Match on catch block at 0xc3 in for 0xa1
02-20 16:22:01.622 3528 3528 E ArmVmp : Match on catch block at 0xc3 in for 0xa9
02-20 16:22:01.627 3528 3528 E ArmVmp : Match on catch block at 0xc3 in for 0xa1
02-20 16:22:01.637 3528 3528 E ArmVmp : Match on catch block at 0xc3 in for 0xa9
02-20 16:22:01.642 3528 3528 E ArmVmp : Match on catch block at 0xc3 in for 0xa1
02-20 16:22:01.655 3528 3528 E ArmVmp : Match on catch block at 0xc3 in for 0xa9
02-20 16:22:01.659 3528 3528 E ArmVmp : Match on catch block at 0xc3 in for 0xa1
02-20 16:22:01.684 3528 3528 E ArmVmp : Match on catch block at 0xc3 in for 0xa9
02-20 16:22:01.691 3528 3528 E ArmVmp : Match on catch block at 0xc3 in for 0xa1
02-20 16:22:01.876 3528 4157 W libEGL : EGLNativeWindowType 0x7e51fe5010
disconnect failed
02-20 16:22:01.931 3528 4157 W libEGL : EGLNativeWindowType 0x7e51fe5010
disconnect failed
02-20 16:22:01.974 3528 4157 W libEGL : EGLNativeWindowType 0x7e51fe5010
disconnect failed
02-20 16:22:01.994 3528 4157 W libEGL : EGLNativeWindowType 0x7e51fe5010
disconnect failed
02-20 16:22:02.015 3528 4157 W libEGL : EGLNativeWindowType 0x7e51fe5010
disconnect failed
02-20 16:22:02.036 3528 4157 W libEGL : EGLNativeWindowType 0x7e51fe5010
disconnect failed
02-20 16:22:02.052 3528 4157 W libEGL : EGLNativeWindowType 0x7e51fe5010
disconnect failed
02-20 16:22:02.073 3528 4157 W libEGL : EGLNativeWindowType 0x7e51fe5010
disconnect failed
02-20 16:22:02.089 3528 4157 W libEGL : EGLNativeWindowType 0x7e51fe5010
disconnect failed
02-20 16:22:02.107 3528 4157 W libEGL : EGLNativeWindowType 0x7e51fe5010
disconnect failed
02-20 16:22:02.158 3528 4157 W libEGL : EGLNativeWindowType 0x7e51fe5010
disconnect failed
02-20 16:22:02.216 3528 4157 W libEGL : EGLNativeWindowType 0x7e51fe5010
disconnect failed
02-20 16:22:02.231 3528 3528 E ArmVmp : Match on catch block at 0xc3 in for 0xa1
02-20 16:22:02.241 3528 3528 E ArmVmp : Match on catch block at 0xc3 in for 0xa5
02-20 16:22:02.350 3528 4157 W libEGL : EGLNativeWindowType 0x7e52599010
disconnect failed
02-20 16:22:03.096 3528 4157 W libEGL : EGLNativeWindowType 0x7e51fe5010
disconnect failed
02-20 16:22:05.103 3528 4157 W libEGL : EGLNativeWindowType 0x7e51fe5010
disconnect failed
02-20 16:22:47.125 3528 3528 E ArmVmp : Match on catch block at 0x0a in for 0xc9
02-20 16:22:47.128 3528 3528 E ArmVmp : Match on catch block at 0x0a in for 0xc5
02-20 16:22:47.282 3528 3528 E ArmVmp : Match on catch block at 0xc3 in for 0xa1
02-20 16:22:47.287 3528 3528 E ArmVmp : Match on catch block at 0xc3 in for 0xa5
02-20 16:22:47.291 3528 3528 E ArmVmp : Match on catch block at 0xc3 in for 0xa5
02-20 16:22:47.381 3528 3528 E ArmVmp : Match on catch block at 0xc3 in for 0xa5
02-20 16:22:47.386 3528 3528 E ArmVmp : Match on catch block at 0xc3 in for 0xa9
02-20 16:22:47.391 3528 3528 E ArmVmp : Match on catch block at 0xc3 in for 0xa9
02-20 16:22:47.713 3528 3528 E ArmVmp : Match on catch block at 0x0a in for 0xc9
02-20 16:22:47.717 3528 3528 E ArmVmp : Match on catch block at 0x0a in for 0xc5
02-20 16:22:47.910 3528 3528 E ArmVmp : Match on catch block at 0xc3 in for 0xb1
02-20 16:22:47.914 3528 3528 E ArmVmp : Match on catch block at 0xc3 in for 0xb1
02-20 16:22:47.917 3528 3528 E ArmVmp : Match on catch block at 0xc3 in for 0xb1
02-20 16:22:47.938 3528 3528 E ArmVmp : Match on catch block at 0xc3 in for 0xa5
02-20 16:22:47.941 3528 3528 E ArmVmp : Match on catch block at 0xc3 in for 0xa9
02-20 16:22:47.943 3528 3528 E ArmVmp : Match on catch block at 0xc3 in for 0xa9
02-20 16:22:47.967 3528 3528 E ArmVmp : Match on catch block at 0xc3 in for 0xa1
02-20 16:22:47.970 3528 3528 E ArmVmp : Match on catch block at 0xc3 in for 0xa5
02-20 16:22:47.973 3528 3528 E ArmVmp : Match on catch block at 0xc3 in for 0xa5
02-20 16:22:47.995 3528 4157 W libEGL : EGLNativeWindowType 0x7e906fa010
disconnect failed
02-20 16:22:48.003 3528 3528 E ArmVmp : Match on catch block at 0xc3 in for 0xa9
02-20 16:22:48.007 3528 3528 E ArmVmp : Match on catch block at 0xc3 in for 0xa1
02-20 16:22:48.011 3528 3528 E ArmVmp : Match on catch block at 0xc3 in for 0xa1
02-20 16:22:48.041 3528 3528 E ArmVmp : Match on catch block at 0xc3 in for 0xa9
02-20 16:22:48.044 3528 3528 E ArmVmp : Match on catch block at 0xc3 in for 0xa1
02-20 16:22:48.046 3528 3528 E ArmVmp : Match on catch block at 0xc3 in for 0xa1
02-20 16:22:48.052 3528 3528 E ArmVmp : Match on catch block at 0xc3 in for 0xa5
02-20 16:22:48.055 3528 3528 E ArmVmp : Match on catch block at 0xc3 in for 0xa9
02-20 16:22:48.058 3528 3528 E ArmVmp : Match on catch block at 0xc3 in for 0xa9
02-20 16:22:48.097 3528 3528 E ArmVmp : Match on catch block at 0xc3 in for 0xa5
02-20 16:22:48.102 3528 3528 E ArmVmp : Match on catch block at 0xc3 in for 0xa9
02-20 16:22:48.104 3528 3528 E ArmVmp : Match on catch block at 0xc3 in for 0xa9
02-20 16:22:48.113 3528 3528 E ArmVmp : Match on catch block at 0xc3 in for 0xa1
02-20 16:22:48.117 3528 3528 E ArmVmp : Match on catch block at 0xc3 in for 0xa5
02-20 16:22:48.119 3528 3528 E ArmVmp : Match on catch block at 0xc3 in for 0xa5
02-20 16:22:48.565 3528 3528 E ArmVmp : Match on catch block at 0xc3 in for 0xa9
02-20 16:22:48.575 3528 3528 E ArmVmp : Match on catch block at 0xc3 in for 0xa1
02-20 16:22:48.582 3528 3528 E ArmVmp : Match on catch block at 0xc3 in for 0xa1
02-20 16:22:48.597 3528 3528 E ArmVmp : Match on catch block at 0xc3 in for 0xa5
02-20 16:22:48.605 3528 3528 E ArmVmp : Match on catch block at 0xc3 in for 0xa9
02-20 16:22:48.617 3528 3528 E ArmVmp : Match on catch block at 0xc3 in for 0xa9
02-20 16:22:48.631 3528 3528 E ArmVmp : Match on catch block at 0xc3 in for 0xa1
02-20 16:22:48.638 3528 3528 E ArmVmp : Match on catch block at 0xc3 in for 0xa5
02-20 16:22:48.643 3528 3528 E ArmVmp : Match on catch block at 0xc3 in for 0xa5
02-20 16:22:48.659 3528 3528 E ArmVmp : Match on catch block at 0xc3 in for 0xa9
02-20 16:22:48.665 3528 3528 E ArmVmp : Match on catch block at 0xc3 in for 0xa1
02-20 16:22:48.670 3528 3528 E ArmVmp : Match on catch block at 0xc3 in for 0xa1
02-20 16:22:48.693 3528 3528 E ArmVmp : Match on catch block at 0xc3 in for 0xa5
02-20 16:22:48.699 3528 3528 E ArmVmp : Match on catch block at 0xc3 in for 0xa9
02-20 16:22:48.704 3528 3528 E ArmVmp : Match on catch block at 0xc3 in for 0xa9
02-20 16:22:48.726 3528 3528 E ArmVmp : Match on catch block at 0xc3 in for 0xa1
02-20 16:22:48.733 3528 3528 E ArmVmp : Match on catch block at 0xc3 in for 0xa5
02-20 16:22:48.738 3528 3528 E ArmVmp : Match on catch block at 0xc3 in for 0xa5
02-20 16:22:48.757 3528 3528 E ArmVmp : Match on catch block at 0xc3 in for 0xa9
02-20 16:22:48.763 3528 3528 E ArmVmp : Match on catch block at 0xc3 in for 0xa1
02-20 16:22:48.772 3528 3528 E ArmVmp : Match on catch block at 0xc3 in for 0xa1
02-20 16:22:48.790 3528 3528 E ArmVmp : Match on catch block at 0xc3 in for 0xa5
02-20 16:22:48.799 3528 3528 E ArmVmp : Match on catch block at 0xc3 in for 0xa9
02-20 16:22:48.808 3528 3528 E ArmVmp : Match on catch block at 0xc3 in for 0xa9
02-20 16:22:48.822 3528 3528 E ArmVmp : Match on catch block at 0xc3 in for 0xa1
02-20 16:22:48.830 3528 3528 E ArmVmp : Match on catch block at 0xc3 in for 0xa5
02-20 16:22:48.839 3528 3528 E ArmVmp : Match on catch block at 0xc3 in for 0xa5
02-20 16:22:48.854 3528 3528 E ArmVmp : Match on catch block at 0xc3 in for 0xa9
02-20 16:22:48.861 3528 3528 E ArmVmp : Match on catch block at 0xc3 in for 0xa1
02-20 16:22:48.866 3528 3528 E ArmVmp : Match on catch block at 0xc3 in for 0xa1
02-20 16:22:48.888 3528 3528 E ArmVmp : Match on catch block at 0xc3 in for 0xa5
02-20 16:22:48.896 3528 3528 E ArmVmp : Match on catch block at 0xc3 in for 0xa9
02-20 16:22:48.902 3528 3528 E ArmVmp : Match on catch block at 0xc3 in for 0xa9
02-20 16:22:49.119 3528 3528 E ArmVmp : Match on catch block at 0xc3 in for 0xa1
02-20 16:22:49.134 3528 3528 E ArmVmp : Match on catch block at 0xc3 in for 0xa5
02-20 16:22:49.149 3528 3528 E ArmVmp : Match on catch block at 0xc3 in for 0xa5
02-20 16:22:49.608 3528 3528 E ArmVmp : Match on catch block at 0xc3 in for 0xa9
