02-20 21:41:24.825 3559 3559 E ArmVmp : Match on catch block at 0xc3 in for 0xa9
02-20 21:41:24.847 3559 3559 E ArmVmp : Match on catch block at 0xc3 in for 0xa5
02-20 21:41:24.851 3559 3559 E ArmVmp : Match on catch block at 0xc3 in for 0xa9
02-20 21:41:24.869 3559 3559 E ArmVmp : Match on catch block at 0xc3 in for 0xa9
02-20 21:41:24.876 3559 3559 E ArmVmp : Match on catch block at 0xc3 in for 0xa1
02-20 21:41:24.884 3559 3559 E ArmVmp : Match on catch block at 0xc3 in for 0xa9
02-20 21:41:24.888 3559 3559 E ArmVmp : Match on catch block at 0xc3 in for 0xa1
02-20 21:41:25.143 3559 3559 E ArmVmp : Match on catch block at 0xc3 in for 0xa5
02-20 21:41:25.152 3559 3559 E ArmVmp : Match on catch block at 0xc3 in for 0xa9
02-20 21:41:25.186 3559 3559 E ArmVmp : Match on catch block at 0xc3 in for 0xa1
02-20 21:41:25.192 3559 3559 E ArmVmp : Match on catch block at 0xc3 in for 0xa5
02-20 21:41:25.206 3559 3559 E ArmVmp : Match on catch block at 0xc3 in for 0xa1
02-20 21:41:25.210 3559 4721 W MediaPlayer: Use of stream types is deprecated for
operations other than volume control
02-20 21:41:25.210 3559 4721 W MediaPlayer: See the documentation of
setAudioStreamType() for what to use instead with android.media.AudioAttributes to
qualify your playback use case
02-20 21:41:25.213 3559 3559 E ArmVmp : Match on catch block at 0xc3 in for 0xa5
02-20 21:41:25.276 3559 4995 W MediaPlayerNative: info/warning (10973, 0)
02-20 21:41:25.649 3559 3559 E ArmVmp : Match on catch block at 0xc3 in for 0xa1
02-20 21:41:25.663 3559 3559 E ArmVmp : Match on catch block at 0xc3 in for 0xa5
02-20 21:41:26.151 3559 3559 E ArmVmp : Match on catch block at 0xc3 in for 0xa1
02-20 21:41:26.166 3559 3559 E ArmVmp : Match on catch block at 0xc3 in for 0xa5
02-20 21:41:26.649 3559 3559 E ArmVmp : Match on catch block at 0xc3 in for 0xa1
02-20 21:41:26.657 3559 3559 E ArmVmp : Match on catch block at 0xc3 in for 0xa5
02-20 21:41:26.701 3559 3559 E ArmVmp : Match on catch block at 0xc3 in for 0xa1
02-20 21:41:26.709 3559 3559 E ArmVmp : Match on catch block at 0xc3 in for 0xa5
02-20 21:41:26.727 3559 3559 E ArmVmp : Match on catch block at 0xc3 in for 0xa1
02-20 21:41:26.734 3559 3559 E ArmVmp : Match on catch block at 0xc3 in for 0xa5
02-20 21:41:27.151 3559 3559 E ArmVmp : Match on catch block at 0xc3 in for 0xa5
02-20 21:41:27.167 3559 3559 E ArmVmp : Match on catch block at 0xc3 in for 0xa9
02-20 21:41:27.649 3559 3559 E ArmVmp : Match on catch block at 0xc3 in for 0xa5
02-20 21:41:27.663 3559 3559 E ArmVmp : Match on catch block at 0xc3 in for 0xa9
02-20 21:41:28.162 3559 3559 E ArmVmp : Match on catch block at 0xc3 in for 0xa5
02-20 21:41:28.179 3559 3559 E ArmVmp : Match on catch block at 0xc3 in for 0xa9
02-20 21:41:28.288 3559 3559 E ArmVmp : Match on catch block at 0xc3 in for 0xa5
02-20 21:41:28.304 3559 3559 E ArmVmp : Match on catch block at 0xc3 in for 0xa9
02-20 21:41:28.323 3559 3559 E ArmVmp : Match on catch block at 0xc3 in for 0xa5
02-20 21:41:28.340 3559 3559 E ArmVmp : Match on catch block at 0xc3 in for 0xa9
02-20 21:41:28.362 3559 3559 E ArmVmp : Match on catch block at 0xc3 in for 0xa5
02-20 21:41:28.374 3559 3559 E ArmVmp : Match on catch block at 0xc3 in for 0xa9
02-20 21:41:28.395 3559 3559 E ArmVmp : Match on catch block at 0xc3 in for 0xa5
02-20 21:41:28.409 3559 3559 E ArmVmp : Match on catch block at 0xc3 in for 0xa9
02-20 21:41:28.426 3559 3559 E ArmVmp : Match on catch block at 0xc3 in for 0xa5
02-20 21:41:28.437 3559 3559 E ArmVmp : Match on catch block at 0xc3 in for 0xa9
02-20 21:41:28.448 3559 3559 E ArmVmp : Match on catch block at 0xc3 in for 0xa5
02-20 21:41:28.460 3559 3559 E ArmVmp : Match on catch block at 0xc3 in for 0xa9
02-20 21:41:28.474 3559 3559 E ArmVmp : Match on catch block at 0xc3 in for 0xa5
02-20 21:41:28.482 3559 3559 E ArmVmp : Match on catch block at 0xc3 in for 0xa9
02-20 21:41:28.493 3559 3559 E ArmVmp : Match on catch block at 0xc3 in for 0xa5
02-20 21:41:28.502 3559 3559 E ArmVmp : Match on catch block at 0xc3 in for 0xa9
02-20 21:41:28.522 3559 3559 E ArmVmp : Match on catch block at 0xc3 in for 0xa5
02-20 21:41:28.530 3559 3559 E ArmVmp : Match on catch block at 0xc3 in for 0xa9
02-20 21:41:28.541 3559 3559 E ArmVmp : Match on catch block at 0xc3 in for 0xa5
02-20 21:41:28.549 3559 3559 E ArmVmp : Match on catch block at 0xc3 in for 0xa9
02-20 21:41:28.657 3559 3559 E ArmVmp : Match on catch block at 0xc3 in for 0xa5
02-20 21:41:28.673 3559 3559 E ArmVmp : Match on catch block at 0xc3 in for 0xa9
02-20 21:41:29.156 3559 3559 E ArmVmp : Match on catch block at 0xc3 in for 0xa5
02-20 21:41:29.172 3559 3559 E ArmVmp : Match on catch block at 0xc3 in for 0xa9
02-20 21:41:29.663 3559 3559 E ArmVmp : Match on catch block at 0xc3 in for 0xa5
02-20 21:41:29.680 3559 3559 E ArmVmp : Match on catch block at 0xc3 in for 0xa9
02-20 21:41:30.160 3559 3559 E ArmVmp : Match on catch block at 0xc3 in for 0xa5
02-20 21:41:30.177 3559 3559 E ArmVmp : Match on catch block at 0xc3 in for 0xa9
02-20 21:41:30.661 3559 3559 E ArmVmp : Match on catch block at 0xc3 in for 0xa5
02-20 21:41:30.678 3559 3559 E ArmVmp : Match on catch block at 0xc3 in for 0xa9
02-20 21:41:31.169 3559 3559 E ArmVmp : Match on catch block at 0xc3 in for 0xa5
02-20 21:41:31.184 3559 3559 E ArmVmp : Match on catch block at 0xc3 in for 0xa9
02-20 21:41:31.665 3559 3559 E ArmVmp : Match on catch block at 0xc3 in for 0xa5
02-20 21:41:31.682 3559 3559 E ArmVmp : Match on catch block at 0xc3 in for 0xa9
02-20 21:41:32.174 3559 3559 E ArmVmp : Match on catch block at 0xc3 in for 0xa5
02-20 21:41:32.188 3559 3559 E ArmVmp : Match on catch block at 0xc3 in for 0xa9
02-20 21:41:32.673 3559 3559 E ArmVmp : Match on catch block at 0xc3 in for 0xa5
02-20 21:41:32.690 3559 3559 E ArmVmp : Match on catch block at 0xc3 in for 0xa9
02-20 21:41:33.182 3559 3559 E ArmVmp : Match on catch block at 0xc3 in for 0xa5
02-20 21:41:33.198 3559 3559 E ArmVmp : Match on catch block at 0xc3 in for 0xa9
02-20 21:41:33.682 3559 3559 E ArmVmp : Match on catch block at 0xc3 in for 0xa5
02-20 21:41:33.698 3559 3559 E ArmVmp : Match on catch block at 0xc3 in for 0xa9
02-20 21:41:34.178 3559 3559 E ArmVmp : Match on catch block at 0xc3 in for 0xa5
02-20 21:41:34.194 3559 3559 E ArmVmp : Match on catch block at 0xc3 in for 0xa9
02-20 21:41:34.679 3559 3559 E ArmVmp : Match on catch block at 0xc3 in for 0xa5
02-20 21:41:34.696 3559 3559 E ArmVmp : Match on catch block at 0xc3 in for 0xa9
02-20 21:41:35.187 3559 3559 E ArmVmp : Match on catch block at 0xc3 in for 0xa5
02-20 21:41:35.204 3559 3559 E ArmVmp : Match on catch block at 0xc3 in for 0xa9
02-20 21:41:35.684 3559 3559 E ArmVmp : Match on catch block at 0xc3 in for 0xa5
02-20 21:41:35.701 3559 3559 E ArmVmp : Match on catch block at 0xc3 in for 0xa9
02-20 21:41:36.186 3559 3559 E ArmVmp : Match on catch block at 0xc3 in for 0xa5
02-20 21:41:36.203 3559 3559 E ArmVmp : Match on catch block at 0xc3 in for 0xa9
02-20 21:41:36.670 3559 3559 E ArmVmp : Match on catch block at 0xc3 in for 0xa5
02-20 21:41:36.679 3559 3559 E ArmVmp : Match on catch block at 0xc3 in for 0xa9
02-20 21:41:37.188 3559 3559 E ArmVmp : Match on catch block at 0xc3 in for 0xa5
02-20 21:41:37.204 3559 3559 E ArmVmp : Match on catch block at 0xc3 in for 0xa9
02-20 21:41:37.685 3559 3559 E ArmVmp : Match on catch block at 0xc3 in for 0xa5
02-20 21:41:37.701 3559 3559 E ArmVmp : Match on catch block at 0xc3 in for 0xa9
02-20 21:41:38.187 3559 3559 E ArmVmp : Match on catch block at 0xc3 in for 0xa5
02-20 21:41:38.203 3559 3559 E ArmVmp : Match on catch block at 0xc3 in for 0xa9
02-20 21:41:38.694 3559 3559 E ArmVmp : Match on catch block at 0xc3 in for 0xa5
02-20 21:41:38.711 3559 3559 E ArmVmp : Match on catch block at 0xc3 in for 0xa9
02-20 21:41:39.191 3559 3559 E ArmVmp : Match on catch block at 0xc3 in for 0xa5
02-20 21:41:39.207 3559 3559 E ArmVmp : Match on catch block at 0xc3 in for 0xa9
02-20 21:41:39.691 3559 3559 E ArmVmp : Match on catch block at 0xc3 in for 0xa5
02-20 21:41:39.708 3559 3559 E ArmVmp : Match on catch block at 0xc3 in for 0xa9
02-20 21:41:40.193 3559 3559 E ArmVmp : Match on catch block at 0xc3 in for 0xa5
02-20 21:41:40.203 3559 3559 E ArmVmp : Match on catch block at 0xc3 in for 0xa9
02-20 21:41:40.696 3559 3559 E ArmVmp : Match on catch block at 0xc3 in for 0xa5
02-20 21:41:40.712 3559 3559 E ArmVmp : Match on catch block at 0xc3 in for 0xa9
02-20 21:41:41.197 3559 3559 E ArmVmp : Match on catch block at 0xc3 in for 0xa5
02-20 21:41:41.213 3559 3559 E ArmVmp : Match on catch block at 0xc3 in for 0xa9
02-20 21:41:41.703 3559 3559 E ArmVmp : Match on catch block at 0xc3 in for 0xa5
02-20 21:41:41.719 3559 3559 E ArmVmp : Match on catch block at 0xc3 in for 0xa9
02-20 21:41:42.193 3559 3559 E ArmVmp : Match on catch block at 0xc3 in for 0xa5
02-20 21:41:42.202 3559 3559 E ArmVmp : Match on catch block at 0xc3 in for 0xa9
02-20 21:41:42.702 3559 3559 E ArmVmp : Match on catch block at 0xc3 in for 0xa5
02-20 21:41:42.719 3559 3559 E ArmVmp : Match on catch block at 0xc3 in for 0xa9
02-20 21:41:43.208 3559 3559 E ArmVmp : Match on catch block at 0xc3 in for 0xa5
02-20 21:41:43.225 3559 3559 E ArmVmp : Match on catch block at 0xc3 in for 0xa9
02-20 21:41:43.706 3559 3559 E ArmVmp : Match on catch block at 0xc3 in for 0xa5
02-20 21:41:43.722 3559 3559 E ArmVmp : Match on catch block at 0xc3 in for 0xa9
02-20 21:41:44.207 3559 3559 E ArmVmp : Match on catch block at 0xc3 in for 0xa5
02-20 21:41:44.221 3559 3559 E ArmVmp : Match on catch block at 0xc3 in for 0xa9
02-20 21:41:44.701 3559 3559 E ArmVmp : Match on catch block at 0xc3 in for 0xa5
02-20 21:41:44.717 3559 3559 E ArmVmp : Match on catch block at 0xc3 in for 0xa9
02-20 21:41:45.207 3559 3559 E ArmVmp : Match on catch block at 0xc3 in for 0xa5
02-20 21:41:45.222 3559 3559 E ArmVmp : Match on catch block at 0xc3 in for 0xa9
02-20 21:41:45.706 3559 3559 E ArmVmp : Match on catch block at 0xc3 in for 0xa5
02-20 21:41:45.718 3559 3559 E ArmVmp : Match on catch block at 0xc3 in for 0xa9
02-20 21:41:46.205 3559 3559 E ArmVmp : Match on catch block at 0xc3 in for 0xa5
02-20 21:41:46.221 3559 3559 E ArmVmp : Match on catch block at 0xc3 in for 0xa9
02-20 21:41:46.695 3559 3559 E ArmVmp : Match on catch block at 0xc3 in for 0xa5
02-20 21:41:46.704 3559 3559 E ArmVmp : Match on catch block at 0xc3 in for 0xa9
02-20 21:41:47.175 3559 3559 E ArmVmp : Match on catch block at 0xc3 in for 0xa9
02-20 21:41:47.180 3559 3559 E ArmVmp : Match on catch block at 0xc3 in for 0xa1
02-20 21:41:47.191 3559 3559 E ArmVmp : Match on catch block at 0xc3 in for 0xa5
02-20 21:41:47.196 3559 3559 E ArmVmp : Match on catch block at 0xc3 in for 0xa9
02-20 21:41:47.207 3559 3559 E ArmVmp : Match on catch block at 0xc3 in for 0xa1
02-20 21:41:47.212 3559 3559 E ArmVmp : Match on catch block at 0xc3 in for 0xa5
02-20 21:41:47.223 3559 3559 E ArmVmp : Match on catch block at 0xc3 in for 0xa9
02-20 21:41:47.228 3559 3559 E ArmVmp : Match on catch block at 0xc3 in for 0xa1
02-20 21:41:47.239 3559 3559 E ArmVmp : Match on catch block at 0xc3 in for 0xa5
02-20 21:41:47.244 3559 3559 E ArmVmp : Match on catch block at 0xc3 in for 0xa9
02-20 21:41:47.255 3559 3559 E ArmVmp : Match on catch block at 0xc3 in for 0xa1
02-20 21:41:47.261 3559 3559 E ArmVmp : Match on catch block at 0xc3 in for 0xa5
02-20 21:41:47.272 3559 3559 E ArmVmp : Match on catch block at 0xc3 in for 0xa9
02-20 21:41:47.279 3559 3559 E ArmVmp : Match on catch block at 0xc3 in for 0xa1
02-20 21:41:47.289 3559 3559 E ArmVmp : Match on catch block at 0xc3 in for 0xa1
02-20 21:41:47.294 3559 3559 E ArmVmp : Match on catch block at 0xc3 in for 0xa5
02-20 21:41:47.301 3559 3559 E ArmVmp : Match on catch block at 0xc3 in for 0xa5
02-20 21:41:47.307 3559 3559 E ArmVmp : Match on catch block at 0xc3 in for 0xa9
02-20 21:41:47.317 3559 3559 E ArmVmp : Match on catch block at 0xc3 in for 0xa9
02-20 21:41:47.321 3559 3559 E ArmVmp : Match on catch block at 0xc3 in for 0xa1
02-20 21:41:47.332 3559 3559 E ArmVmp : Match on catch block at 0xc3 in for 0xa1
02-20 21:41:47.336 3559 3559 E ArmVmp : Match on catch block at 0xc3 in for 0xa5
02-20 21:41:47.349 3559 3559 E ArmVmp : Match on catch block at 0xc3 in for 0xa5
02-20 21:41:47.354 3559 3559 E ArmVmp : Match on catch block at 0xc3 in for 0xa9
02-20 21:41:47.366 3559 3559 E ArmVmp : Match on catch block at 0xc3 in for 0xa9
02-20 21:41:47.372 3559 3559 E ArmVmp : Match on catch block at 0xc3 in for 0xa1
02-20 21:41:47.384 3559 3559 E ArmVmp : Match on catch block at 0xc3 in for 0xa1
02-20 21:41:47.390 3559 3559 E ArmVmp : Match on catch block at 0xc3 in for 0xa5
02-20 21:41:47.403 3559 3559 E ArmVmp : Match on catch block at 0xc3 in for 0xa5
02-20 21:41:47.408 3559 3559 E ArmVmp : Match on catch block at 0xc3 in for 0xa9
02-20 21:41:47.416 3559 3559 E ArmVmp : Match on catch block at 0xc3 in for 0xa9
02-20 21:41:47.422 3559 3559 E ArmVmp : Match on catch block at 0xc3 in for 0xa1
02-20 21:41:47.432 3559 3559 E ArmVmp : Match on catch block at 0xc3 in for 0xa1
02-20 21:41:47.437 3559 3559 E ArmVmp : Match on catch block at 0xc3 in for 0xa5
02-20 21:41:47.448 3559 3559 E ArmVmp : Match on catch block at 0xc3 in for 0xa5
02-20 21:41:47.453 3559 3559 E ArmVmp : Match on catch block at 0xc3 in for 0xa9
02-20 21:41:47.463 3559 3559 E ArmVmp : Match on catch block at 0xc3 in for 0xa9
02-20 21:41:47.468 3559 3559 E ArmVmp : Match on catch block at 0xc3 in for 0xa1
02-20 21:41:47.480 3559 3559 E ArmVmp : Match on catch block at 0xc3 in for 0xa1
02-20 21:41:47.487 3559 3559 E ArmVmp : Match on catch block at 0xc3 in for 0xa5
02-20 21:41:47.497 3559 3559 E ArmVmp : Match on catch block at 0xc3 in for 0xa9
02-20 21:41:47.502 3559 3559 E ArmVmp : Match on catch block at 0xc3 in for 0xa1
02-20 21:41:47.705 3559 3559 E ArmVmp : Match on catch block at 0xc3 in for 0xa9
02-20 21:41:47.711 3559 3559 E ArmVmp : Match on catch block at 0xc3 in for 0xa1
02-20 21:41:48.068 3559 3559 E ArmVmp : Match on catch block at 0xc3 in for 0xa9
02-20 21:41:48.079 3559 3559 E ArmVmp : Match on catch block at 0xc3 in for 0xa1
02-20 21:41:48.388 3559 3559 E ArmVmp : Match on catch block at 0xc3 in for 0xa9
02-20 21:41:48.407 3559 3559 E ArmVmp : Match on catch block at 0xc3 in for 0xa1
02-20 21:41:48.459 3559 3559 E ArmVmp : Match on catch block at 0xc3 in for 0xa9
02-20 21:41:48.464 3559 3559 E ArmVmp : Match on catch block at 0xc3 in for 0xa1
02-20 21:41:48.785 3559 4698 W libEGL : EGLNativeWindowType 0x7e46211010
disconnect failed
02-20 21:41:48.815 3559 3559 E ArmVmp : Match on catch block at 0xc3 in for 0xa9
02-20 21:41:48.824 3559 3559 E ArmVmp : Match on catch block at 0xc3 in for 0xa1
--------- beginning of main
02-20 21:41:50.308 5303 5303 E com.whatsapp: Not starting debugger since process
cannot load the jdwp agent.
--------- beginning of system
02-20 21:41:50.527 5303 5303 W System.err: java.lang.ClassNotFoundException:
mbmodsd.mbmodsw.ui.views.btn.BtnBK
02-20 21:41:50.528 5303 5303 W System.err: at
java.lang.Runtime.nativeLoad(Native Method)
02-20 21:41:50.528 5303 5303 W System.err: at
java.lang.Runtime.nativeLoad(Runtime.java:1131)
02-20 21:41:50.528 5303 5303 W System.err: at
java.lang.Runtime.loadLibrary0(Runtime.java:1085)
02-20 21:41:50.528 5303 5303 W System.err: at
java.lang.Runtime.loadLibrary0(Runtime.java:1008)
02-20 21:41:50.528 5303 5303 W System.err: at
java.lang.System.loadLibrary(System.java:1664)
02-20 21:41:50.528 5303 5303 W System.err: at arm.EpicVm.<clinit>(Unknown
Source:2)
02-20 21:41:50.528 5303 5303 W System.err: at
java.lang.Class.newInstance(Native Method)
02-20 21:41:50.528 5303 5303 W System.err: at
android.app.AppComponentFactory.instantiateApplication(AppComponentFactory.java:76)
02-20 21:41:50.528 5303 5303 W System.err: at
androidx.core.app.CoreComponentFactory.instantiateApplication(Unknown Source:0)
02-20 21:41:50.528 5303 5303 W System.err: at
android.app.Instrumentation.newApplication(Instrumentation.java:1158)
02-20 21:41:50.528 5303 5303 W System.err: at
android.app.LoadedApk.makeApplication(LoadedApk.java:1324)
02-20 21:41:50.528 5303 5303 W System.err: at
android.app.ActivityThread.handleBindApplication(ActivityThread.java:7543)
02-20 21:41:50.528 5303 5303 W System.err: at
android.app.ActivityThread.access$1500(ActivityThread.java:301)
02-20 21:41:50.528 5303 5303 W System.err: at
android.app.ActivityThread$H.handleMessage(ActivityThread.java:2177)
02-20 21:41:50.529 5303 5303 W System.err: at
android.os.Handler.dispatchMessage(Handler.java:106)
02-20 21:41:50.529 5303 5303 W System.err: at
android.os.Looper.loop(Looper.java:246)
02-20 21:41:50.529 5303 5303 W System.err: at
android.app.ActivityThread.main(ActivityThread.java:8653)
02-20 21:41:50.529 5303 5303 W System.err: at
java.lang.reflect.Method.invoke(Native Method)
02-20 21:41:50.529 5303 5303 W System.err: at
com.android.internal.os.RuntimeInit$MethodAndArgsCaller.run(RuntimeInit.java:602)
02-20 21:41:50.529 5303 5303 W System.err: at
com.android.internal.os.ZygoteInit.main(ZygoteInit.java:1130)
02-20 21:41:50.658 5303 5303 E CustomActivityOnCrash: IMPORTANT WARNING! You
already have an UncaughtExceptionHandler, are you sure this is correct? If you use
a custom UncaughtExceptionHandler, you must initialize it AFTER
CustomActivityOnCrash! Installing anyway, but your original handler will not be
called.
02-20 21:41:50.742 5303 5328 W LibraryVersion: Failed to get app version for
libraryName: firebase-iid
02-20 21:41:51.093 5303 5303 W com.whatsapp: Accessing hidden method
Lcom/android/org/conscrypt/OpenSSLSocketImpl;->setUseSessionTickets(Z)V (greylist-
max-q,core-platform-api, reflection, denied)
02-20 21:41:51.093 5303 5303 W com.whatsapp: Accessing hidden method
Lcom/android/org/conscrypt/AbstractConscryptSocket;->setUseSessionTickets(Z)V
(greylist-max-q, reflection, denied)
02-20 21:41:51.165 5303 5303 W linker : Warning:
"/data/data/com.whatsapp/files/decompressed/libs.spk.zst/libc++_shared.so" unused
DT entry: unknown processor-specific (type 0x70000001 arg 0x0) (ignoring)
02-20 21:41:51.385 5303 5363 W com.whatsapp: Class X.2rL failed lock verification
and will run slower.
02-20 21:41:51.385 5303 5363 W com.whatsapp: Common causes for lock verification
issues are non-optimized dex code
02-20 21:41:51.385 5303 5363 W com.whatsapp: and incorrect proguard
optimizations.
02-20 21:41:51.406 5303 5303 W com.whatsapp: Class X.0eU failed lock verification
and will run slower.
02-20 21:41:51.721 5303 5303 W com.whatsapp: Class com.whatsapp.HomeActivity
failed lock verification and will run slower.
02-20 21:41:52.096 5303 5303 E ArmVmp : Match on catch block at 0x0a in for 0xc1
02-20 21:41:52.125 5303 5303 E ArmVmp : Match on catch block at 0x0a in for
0x139
02-20 21:41:52.135 5303 5387 W com.whatsapp: Accessing hidden method
Lcom/android/org/conscrypt/ConscryptEngineSocket;->setUseSessionTickets(Z)V
(greylist-max-q,core-platform-api, reflection, denied)
02-20 21:41:52.135 5303 5387 W com.whatsapp: Accessing hidden method
Lcom/android/org/conscrypt/OpenSSLSocketImpl;->setUseSessionTickets(Z)V (greylist-
max-q,core-platform-api, reflection, denied)
02-20 21:41:52.135 5303 5387 W com.whatsapp: Accessing hidden method
Lcom/android/org/conscrypt/AbstractConscryptSocket;->setUseSessionTickets(Z)V
(greylist-max-q, reflection, denied)
02-20 21:41:52.135 5303 5387 W com.whatsapp: Accessing hidden method
Lcom/android/org/conscrypt/ConscryptEngineSocket;->setHostname(Ljava/lang/String;)V
(greylist-max-q,core-platform-api, reflection, denied)
02-20 21:41:52.135 5303 5387 W com.whatsapp: Accessing hidden method
Lcom/android/org/conscrypt/OpenSSLSocketImpl;->setHostname(Ljava/lang/String;)V
(greylist-max-q,core-platform-api, reflection, denied)
02-20 21:41:52.136 5303 5387 W com.whatsapp: Accessing hidden method
Lcom/android/org/conscrypt/AbstractConscryptSocket;->setHostname(Ljava/lang/
String;)V (greylist-max-q, reflection, denied)
02-20 21:41:52.136 5303 5387 W com.whatsapp: Accessing hidden method
Lcom/android/org/conscrypt/OpenSSLSocketImpl;->setAlpnProtocols([B)V (greylist-max-
q,core-platform-api, reflection, denied)
02-20 21:41:52.136 5303 5387 W com.whatsapp: Accessing hidden method
Lcom/android/org/conscrypt/AbstractConscryptSocket;->setAlpnProtocols([B)V
(greylist-max-q, reflection, denied)
02-20 21:41:52.207 5303 5387 W com.whatsapp: Accessing hidden method
Lcom/android/org/conscrypt/OpenSSLSocketImpl;->getAlpnSelectedProtocol()[B
(greylist-max-q,core-platform-api, reflection, denied)
02-20 21:41:52.207 5303 5387 W com.whatsapp: Accessing hidden method
Lcom/android/org/conscrypt/AbstractConscryptSocket;->getAlpnSelectedProtocol()[B
(greylist-max-q, reflection, denied)
02-20 21:41:53.190 5303 5303 E RecyclerView: No adapter attached; skipping layout
02-20 21:41:53.245 5303 5371 W Gralloc3: mapper 3.x is not supported
02-20 21:41:53.342 5303 5303 E RecyclerView: No adapter attached; skipping layout
02-20 21:41:53.384 5303 5303 E ArmVmp : Match on catch block at 0x0a in for 0xd5
02-20 21:41:53.472 5303 5371 W libEGL : EGLNativeWindowType 0x7e80ae8010
disconnect failed
02-20 21:41:53.702 5303 5424 W LOTTIE : Animation contains merge paths. Merge
paths are only supported on KitKat+ and must be manually enabled by calling
enableMergePathsForKitKatAndAbove().
02-20 21:41:54.010 5303 5303 W LOTTIE : Animation contains merge paths but they
are disabled.
02-20 21:41:58.112 5303 5371 W libEGL : EGLNativeWindowType 0x7e667c0010
disconnect failed
02-20 21:42:00.032 5303 5371 W libEGL : EGLNativeWindowType 0x7e80c32010
disconnect failed
02-20 21:42:04.354 5303 5371 W libEGL : EGLNativeWindowType 0x7e80842010
disconnect failed
--------- beginning of main
02-20 21:42:05.813 5465 5465 E com.whatsapp: Not starting debugger since process
cannot load the jdwp agent.
--------- beginning of system
02-20 21:42:06.036 5465 5465 W System.err: java.lang.ClassNotFoundException:
mbmodsd.mbmodsw.ui.views.btn.BtnBK
02-20 21:42:06.037 5465 5465 W System.err: at
java.lang.Runtime.nativeLoad(Native Method)
02-20 21:42:06.037 5465 5465 W System.err: at
java.lang.Runtime.nativeLoad(Runtime.java:1131)
02-20 21:42:06.037 5465 5465 W System.err: at
java.lang.Runtime.loadLibrary0(Runtime.java:1085)
02-20 21:42:06.037 5465 5465 W System.err: at
java.lang.Runtime.loadLibrary0(Runtime.java:1008)
02-20 21:42:06.037 5465 5465 W System.err: at
java.lang.System.loadLibrary(System.java:1664)
02-20 21:42:06.037 5465 5465 W System.err: at arm.EpicVm.<clinit>(Unknown
Source:2)
02-20 21:42:06.037 5465 5465 W System.err: at
java.lang.Class.newInstance(Native Method)
02-20 21:42:06.037 5465 5465 W System.err: at
android.app.AppComponentFactory.instantiateApplication(AppComponentFactory.java:76)
02-20 21:42:06.037 5465 5465 W System.err: at
androidx.core.app.CoreComponentFactory.instantiateApplication(Unknown Source:0)
02-20 21:42:06.037 5465 5465 W System.err: at
android.app.Instrumentation.newApplication(Instrumentation.java:1158)
02-20 21:42:06.037 5465 5465 W System.err: at
android.app.LoadedApk.makeApplication(LoadedApk.java:1324)
02-20 21:42:06.037 5465 5465 W System.err: at
android.app.ActivityThread.handleBindApplication(ActivityThread.java:7543)
02-20 21:42:06.037 5465 5465 W System.err: at
android.app.ActivityThread.access$1500(ActivityThread.java:301)
02-20 21:42:06.037 5465 5465 W System.err: at
android.app.ActivityThread$H.handleMessage(ActivityThread.java:2177)
02-20 21:42:06.037 5465 5465 W System.err: at
android.os.Handler.dispatchMessage(Handler.java:106)
02-20 21:42:06.037 5465 5465 W System.err: at
android.os.Looper.loop(Looper.java:246)
02-20 21:42:06.037 5465 5465 W System.err: at
android.app.ActivityThread.main(ActivityThread.java:8653)
02-20 21:42:06.037 5465 5465 W System.err: at
java.lang.reflect.Method.invoke(Native Method)
02-20 21:42:06.037 5465 5465 W System.err: at
com.android.internal.os.RuntimeInit$MethodAndArgsCaller.run(RuntimeInit.java:602)
02-20 21:42:06.037 5465 5465 W System.err: at
com.android.internal.os.ZygoteInit.main(ZygoteInit.java:1130)
02-20 21:42:06.227 5465 5465 E CustomActivityOnCrash: IMPORTANT WARNING! You
already have an UncaughtExceptionHandler, are you sure this is correct? If you use
a custom UncaughtExceptionHandler, you must initialize it AFTER
CustomActivityOnCrash! Installing anyway, but your original handler will not be
called.
02-20 21:42:06.783 5465 5465 W com.whatsapp: Accessing hidden method
Lcom/android/org/conscrypt/OpenSSLSocketImpl;->setUseSessionTickets(Z)V (greylist-
max-q,core-platform-api, reflection, denied)
02-20 21:42:06.784 5465 5465 W com.whatsapp: Accessing hidden method
Lcom/android/org/conscrypt/AbstractConscryptSocket;->setUseSessionTickets(Z)V
(greylist-max-q, reflection, denied)
02-20 21:42:07.011 5465 5465 W linker : Warning:
"/data/data/com.whatsapp/files/decompressed/libs.spk.zst/libc++_shared.so" unused
DT entry: unknown processor-specific (type 0x70000001 arg 0x0) (ignoring)
02-20 21:42:07.950 5465 5521 W com.whatsapp: Class X.2rL failed lock verification
and will run slower.
02-20 21:42:07.950 5465 5521 W com.whatsapp: Common causes for lock verification
issues are non-optimized dex code
02-20 21:42:07.950 5465 5521 W com.whatsapp: and incorrect proguard
optimizations.
02-20 23:58:33.070 5465 5477 W com.whatsapp: Suspending all threads took:
69.611ms
02-20 23:58:37.870 5465 5559 W com.whatsapp: Long monitor contention with owner
WhatsApp Worker #28 (8981) at void X.3GC.A01(X.31B)(:-1) waiters=0 in void
X.3fp.run() for 288ms
02-21 01:49:48.770 5465 17184 W com.whatsapp: Verification of void X.3e2.run()
took 252.479ms (15415.10 bytecodes/s) (101616B approximate peak alloc)
--------- beginning of main
02-21 04:18:34.307 19509 19509 E com.whatsapp: Not starting debugger since process
cannot load the jdwp agent.
--------- beginning of system
02-21 04:18:34.731 19509 19509 W System.err: java.lang.ClassNotFoundException:
mbmodsd.mbmodsw.ui.views.btn.BtnBK
02-21 04:18:34.757 19509 19509 W System.err: at
java.lang.Runtime.nativeLoad(Native Method)
02-21 04:18:34.758 19509 19509 W System.err: at
java.lang.Runtime.nativeLoad(Runtime.java:1131)
02-21 04:18:34.758 19509 19509 W System.err: at
java.lang.Runtime.loadLibrary0(Runtime.java:1085)
02-21 04:18:34.758 19509 19509 W System.err: at
java.lang.Runtime.loadLibrary0(Runtime.java:1008)
02-21 04:18:34.758 19509 19509 W System.err: at
java.lang.System.loadLibrary(System.java:1664)
02-21 04:18:34.758 19509 19509 W System.err: at arm.EpicVm.<clinit>(Unknown
Source:2)
02-21 04:18:34.758 19509 19509 W System.err: at
java.lang.Class.newInstance(Native Method)
02-21 04:18:34.758 19509 19509 W System.err: at
android.app.AppComponentFactory.instantiateApplication(AppComponentFactory.java:76)
02-21 04:18:34.758 19509 19509 W System.err: at
androidx.core.app.CoreComponentFactory.instantiateApplication(Unknown Source:0)
02-21 04:18:34.758 19509 19509 W System.err: at
android.app.Instrumentation.newApplication(Instrumentation.java:1158)
02-21 04:18:34.758 19509 19509 W System.err: at
android.app.LoadedApk.makeApplication(LoadedApk.java:1324)
02-21 04:18:34.760 19509 19509 W System.err: at
android.app.ActivityThread.handleBindApplication(ActivityThread.java:7543)
02-21 04:18:34.760 19509 19509 W System.err: at
android.app.ActivityThread.access$1500(ActivityThread.java:301)
02-21 04:18:34.760 19509 19509 W System.err: at
android.app.ActivityThread$H.handleMessage(ActivityThread.java:2177)
02-21 04:18:34.760 19509 19509 W System.err: at
android.os.Handler.dispatchMessage(Handler.java:106)
02-21 04:18:34.760 19509 19509 W System.err: at
android.os.Looper.loop(Looper.java:246)
02-21 04:18:34.760 19509 19509 W System.err: at
android.app.ActivityThread.main(ActivityThread.java:8653)
02-21 04:18:34.760 19509 19509 W System.err: at
java.lang.reflect.Method.invoke(Native Method)
02-21 04:18:34.760 19509 19509 W System.err: at
com.android.internal.os.RuntimeInit$MethodAndArgsCaller.run(RuntimeInit.java:602)
02-21 04:18:34.760 19509 19509 W System.err: at
com.android.internal.os.ZygoteInit.main(ZygoteInit.java:1130)
02-21 04:18:35.127 19509 19509 E CustomActivityOnCrash: IMPORTANT WARNING! You
already have an UncaughtExceptionHandler, are you sure this is correct? If you use
a custom UncaughtExceptionHandler, you must initialize it AFTER
CustomActivityOnCrash! Installing anyway, but your original handler will not be
called.
02-21 04:18:36.746 19509 19509 W com.whatsapp: Accessing hidden method
Lcom/android/org/conscrypt/OpenSSLSocketImpl;->setUseSessionTickets(Z)V (greylist-
max-q,core-platform-api, reflection, denied)
02-21 04:18:36.747 19509 19509 W com.whatsapp: Accessing hidden method
Lcom/android/org/conscrypt/AbstractConscryptSocket;->setUseSessionTickets(Z)V
(greylist-max-q, reflection, denied)
02-21 04:18:37.199 19509 19509 W com.whatsapp: Verification of void X.3gG.run()
took 346.902ms (6883.77 bytecodes/s) (73648B approximate peak alloc)
02-21 04:18:37.448 19509 19509 W linker : Warning:
"/data/data/com.whatsapp/files/decompressed/libs.spk.zst/libc++_shared.so" unused
DT entry: unknown processor-specific (type 0x70000001 arg 0x0) (ignoring)
02-21 04:18:42.086 19509 19913 W com.whatsapp: Verification of int X.2rL.A00() took
219.317ms (82.07 bytecodes/s) (1608B approximate peak alloc)
02-21 04:18:42.089 19509 19913 W com.whatsapp: Class X.2rL failed lock verification
and will run slower.
02-21 04:18:42.089 19509 19913 W com.whatsapp: Common causes for lock verification
issues are non-optimized dex code
02-21 04:18:42.089 19509 19913 W com.whatsapp: and incorrect proguard
optimizations.
02-21 04:18:50.071 19509 20216 W com.whatsapp: Long monitor contention with owner
WhatsApp Worker #2 (20133) at X.2U6 X.35t.A08()(:-1) waiters=0 in X.2U6 X.35t.A08()
for 5.817s
02-21 04:18:50.686 19509 19816 W com.whatsapp: Long monitor contention with owner
WhatsApp Worker #12 (20468) at android.database.sqlite.SQLiteConnection
android.database.sqlite.SQLiteConnectionPool.waitForConnection(java.lang.String,
int, android.os.CancellationSignal)(SQLiteConnectionPool.java:977) waiters=0 in
android.database.sqlite.SQLiteConnection
android.database.sqlite.SQLiteConnectionPool.waitForConnection(java.lang.String,
int, android.os.CancellationSignal) for 2.384s
02-21 04:18:50.995 19509 19526 W com.whatsapp: Suspending all threads took:
111.167ms
02-21 04:18:51.002 19509 19528 W System : A resource failed to call close.
02-21 04:18:51.002 19509 19528 W System : A resource failed to call close.
02-21 04:18:51.002 19509 19528 W System : A resource failed to call close.
02-21 04:18:51.002 19509 19528 W System : A resource failed to call close.
02-21 04:18:51.002 19509 19528 W System : A resource failed to call close.
02-21 04:18:51.003 19509 19528 W System : A resource failed to call close.
02-21 04:18:51.003 19509 19528 W System : A resource failed to call close.
02-21 04:18:51.003 19509 19528 W System : A resource failed to call close.
02-21 04:18:51.003 19509 19528 W System : A resource failed to call close.
02-21 04:19:05.211 19509 19528 W System : A resource failed to call close.
02-21 04:19:05.211 19509 19528 W System : A resource failed to call close.
02-21 04:19:05.212 19509 19528 W System : A resource failed to call close.
02-21 04:19:05.212 19509 19528 W System : A resource failed to call close.
02-21 04:19:05.212 19509 19528 W System : A resource failed to call close.
02-21 04:19:05.212 19509 19528 W System : A resource failed to call close.
02-21 04:19:05.212 19509 19528 W System : A resource failed to call close.
02-21 04:19:05.213 19509 19528 W System : A resource failed to call close.
02-21 04:19:05.213 19509 19528 W System : A resource failed to call close.
02-21 04:19:05.213 19509 19528 W System : A resource failed to call close.
02-21 04:19:09.161 19509 20468 W com.whatsapp: Long monitor contention with owner
WhatsApp Worker #3 (20201) at android.database.sqlite.SQLiteConnection
android.database.sqlite.SQLiteConnectionPool.waitForConnection(java.lang.String,
int, android.os.CancellationSignal)(SQLiteConnectionPool.java:977) waiters=0 in
void
android.database.sqlite.SQLiteConnectionPool.releaseConnection(android.database.sql
ite.SQLiteConnection) for 1.655s
02-21 04:19:10.255 19509 19526 W com.whatsapp: Suspending all threads took:
44.972ms
02-21 04:19:12.365 19509 19528 W System : A resource failed to call close.
02-21 04:19:12.366 19509 19528 W System : A resource failed to call close.
02-21 04:19:12.366 19509 19528 W System : A resource failed to call close.
02-21 04:19:12.369 19509 19528 W System : A resource failed to call close.
02-21 04:19:12.370 19509 19528 W System : A resource failed to call close.
02-21 04:19:12.374 19509 19528 W System : A resource failed to call close.
02-21 04:19:12.375 19509 19528 W System : A resource failed to call close.
02-21 04:19:12.375 19509 19528 W System : A resource failed to call close.
02-21 04:19:12.633 19509 19509 W com.whatsapp: Class X.0eU failed lock verification
and will run slower.
02-21 04:19:13.252 19509 19528 W System : A resource failed to call close.
02-21 04:19:13.252 19509 19528 W System : A resource failed to call close.
02-21 04:19:13.252 19509 19528 W System : A resource failed to call close.
02-21 04:19:13.252 19509 19528 W System : A resource failed to call close.
02-21 04:19:13.252 19509 19528 W System : A resource failed to call close.
02-21 04:19:13.252 19509 19528 W System : A resource failed to call close.
02-21 04:19:13.253 19509 19528 W System : A resource failed to call close.
02-21 04:19:13.253 19509 19528 W System : A resource failed to call close.
02-21 04:19:13.253 19509 19528 W System : A resource failed to call close.
02-21 04:19:13.253 19509 19528 W System : A resource failed to call close.
02-21 04:19:13.253 19509 19528 W System : A resource failed to call close.
02-21 04:19:13.253 19509 19528 W System : A resource failed to call close.
02-21 04:19:13.253 19509 19528 W System : A resource failed to call close.
02-21 04:19:13.253 19509 19528 W System : A resource failed to call close.
02-21 04:19:13.253 19509 19528 W System : A resource failed to call close.
02-21 04:19:13.253 19509 19528 W System : A resource failed to call close.
02-21 04:19:13.253 19509 19528 W System : A resource failed to call close.
02-21 04:19:13.491 19509 21658 W Gralloc3: mapper 3.x is not supported
02-21 04:19:13.765 19509 19509 W Choreographer: Already have a pending vsync event.
There should only be one at a time.
02-21 04:19:13.837 19509 19509 W com.whatsapp: Class com.whatsapp.HomeActivity
failed lock verification and will run slower.
02-21 04:19:14.528 19509 19509 E ArmVmp : Match on catch block at 0x0a in for 0xc1
02-21 04:19:14.563 19509 19509 E ArmVmp : Match on catch block at 0x0a in for
0x139
02-21 04:19:14.604 19509 21689 W com.whatsapp: Accessing hidden method
Lcom/android/org/conscrypt/ConscryptEngineSocket;->setUseSessionTickets(Z)V
(greylist-max-q,core-platform-api, reflection, denied)
02-21 04:19:14.604 19509 21689 W com.whatsapp: Accessing hidden method
Lcom/android/org/conscrypt/OpenSSLSocketImpl;->setUseSessionTickets(Z)V (greylist-
max-q,core-platform-api, reflection, denied)
02-21 04:19:14.605 19509 21689 W com.whatsapp: Accessing hidden method
Lcom/android/org/conscrypt/AbstractConscryptSocket;->setUseSessionTickets(Z)V
(greylist-max-q, reflection, denied)
02-21 04:19:14.605 19509 21689 W com.whatsapp: Accessing hidden method
Lcom/android/org/conscrypt/ConscryptEngineSocket;->setHostname(Ljava/lang/String;)V
(greylist-max-q,core-platform-api, reflection, denied)
02-21 04:19:14.606 19509 21689 W com.whatsapp: Accessing hidden method
Lcom/android/org/conscrypt/OpenSSLSocketImpl;->setHostname(Ljava/lang/String;)V
(greylist-max-q,core-platform-api, reflection, denied)
02-21 04:19:14.606 19509 21689 W com.whatsapp: Accessing hidden method
Lcom/android/org/conscrypt/AbstractConscryptSocket;->setHostname(Ljava/lang/
String;)V (greylist-max-q, reflection, denied)
02-21 04:19:14.607 19509 21689 W com.whatsapp: Accessing hidden method
Lcom/android/org/conscrypt/OpenSSLSocketImpl;->setAlpnProtocols([B)V (greylist-max-
q,core-platform-api, reflection, denied)
02-21 04:19:14.607 19509 21689 W com.whatsapp: Accessing hidden method
Lcom/android/org/conscrypt/AbstractConscryptSocket;->setAlpnProtocols([B)V
(greylist-max-q, reflection, denied)
02-21 04:19:14.676 19509 21689 W com.whatsapp: Accessing hidden method
Lcom/android/org/conscrypt/OpenSSLSocketImpl;->getAlpnSelectedProtocol()[B
(greylist-max-q,core-platform-api, reflection, denied)
02-21 04:19:14.677 19509 21689 W com.whatsapp: Accessing hidden method
Lcom/android/org/conscrypt/AbstractConscryptSocket;->getAlpnSelectedProtocol()[B
(greylist-max-q, reflection, denied)
02-21 04:19:14.879 19509 19528 W System : A resource failed to call close.
02-21 04:19:14.879 19509 19528 W System : A resource failed to call close.
02-21 04:19:14.879 19509 19528 W System : A resource failed to call close.
02-21 04:19:14.879 19509 19528 W System : A resource failed to call close.
02-21 04:19:14.879 19509 19528 W System : A resource failed to call close.
02-21 04:19:14.879 19509 19528 W System : A resource failed to call close.
02-21 04:19:14.879 19509 19528 W System : A resource failed to call close.
02-21 04:19:14.880 19509 19528 W System : A resource failed to call close.
02-21 04:19:14.880 19509 19528 W System : A resource failed to call close.
02-21 04:19:14.880 19509 19528 W System : A resource failed to call close.
02-21 04:19:14.880 19509 19528 W System : A resource failed to call close.
02-21 04:19:14.880 19509 19528 W System : A resource failed to call close.
02-21 04:19:14.880 19509 19528 W System : A resource failed to call close.
02-21 04:19:14.880 19509 19528 W System : A resource failed to call close.
02-21 04:19:14.880 19509 19528 W System : A resource failed to call close.
02-21 04:19:14.880 19509 19528 W System : A resource failed to call close.
02-21 04:19:14.880 19509 19528 W System : A resource failed to call close.
02-21 04:19:14.881 19509 19528 W System : A resource failed to call close.
02-21 04:19:14.881 19509 19528 W System : A resource failed to call close.
02-21 04:19:14.881 19509 19528 W System : A resource failed to call close.
02-21 04:19:14.881 19509 19528 W System : A resource failed to call close.
02-21 04:19:14.881 19509 19528 W System : A resource failed to call close.
02-21 04:19:14.881 19509 19528 W System : A resource failed to call close.
02-21 04:19:14.881 19509 19528 W System : A resource failed to call close.
02-21 04:19:14.881 19509 19528 W System : A resource failed to call close.
02-21 04:19:14.881 19509 19528 W System : A resource failed to call close.
02-21 04:19:14.882 19509 19528 W System : A resource failed to call close.
02-21 04:19:14.882 19509 19528 W System : A resource failed to call close.
02-21 04:19:14.883 19509 19528 W System : A resource failed to call close.
02-21 04:19:14.883 19509 19528 W System : A resource failed to call close.
02-21 04:19:14.883 19509 19528 W System : A resource failed to call close.
02-21 04:19:14.883 19509 19528 W System : A resource failed to call close.
02-21 04:19:14.883 19509 19528 W System : A resource failed to call close.
02-21 04:19:14.883 19509 19528 W System : A resource failed to call close.
02-21 04:19:14.883 19509 19528 W System : A resource failed to call close.
02-21 04:19:14.883 19509 19528 W System : A resource failed to call close.
02-21 04:19:14.883 19509 19528 W System : A resource failed to call close.
02-21 04:19:14.883 19509 19528 W System : A resource failed to call close.
02-21 04:19:14.884 19509 19528 W System : A resource failed to call close.
02-21 04:19:14.884 19509 19528 W System : A resource failed to call close.
02-21 04:19:14.884 19509 19528 W System : A resource failed to call close.
02-21 04:19:14.884 19509 19528 W System : A resource failed to call close.
02-21 04:19:14.884 19509 19528 W System : A resource failed to call close.
02-21 04:19:14.884 19509 19528 W System : A resource failed to call close.
02-21 04:19:14.884 19509 19528 W System : A resource failed to call close.
02-21 04:19:14.884 19509 19528 W System : A resource failed to call close.
02-21 04:19:14.884 19509 19528 W System : A resource failed to call close.
02-21 04:19:14.884 19509 19528 W System : A resource failed to call close.
02-21 04:19:14.884 19509 19528 W System : A resource failed to call close.
02-21 04:19:14.884 19509 19528 W System : A resource failed to call close.
02-21 04:19:14.884 19509 19528 W System : A resource failed to call close.
02-21 04:19:14.884 19509 19528 W System : A resource failed to call close.
02-21 04:19:14.885 19509 19528 W System : A resource failed to call close.
02-21 04:19:14.885 19509 19528 W System : A resource failed to call close.
02-21 04:19:14.885 19509 19528 W System : A resource failed to call close.
02-21 04:19:14.885 19509 19528 W System : A resource failed to call close.
02-21 04:19:14.885 19509 19528 W System : A resource failed to call close.
02-21 04:19:14.885 19509 19528 W System : A resource failed to call close.
02-21 04:19:14.885 19509 19528 W System : A resource failed to call close.
02-21 04:19:14.885 19509 19528 W System : A resource failed to call close.
02-21 04:19:14.885 19509 19528 W System : A resource failed to call close.
02-21 04:19:14.885 19509 19528 W System : A resource failed to call close.
02-21 04:19:14.885 19509 19528 W System : A resource failed to call close.
02-21 04:19:14.885 19509 19528 W System : A resource failed to call close.
02-21 04:19:14.885 19509 19528 W System : A resource failed to call close.
02-21 04:19:14.885 19509 19528 W System : A resource failed to call close.
02-21 04:19:14.885 19509 19528 W System : A resource failed to call close.
02-21 04:19:14.885 19509 19528 W System : A resource failed to call close.
02-21 04:19:14.885 19509 19528 W System : A resource failed to call close.
02-21 04:19:14.886 19509 19528 W System : A resource failed to call close.
02-21 04:19:14.886 19509 19528 W System : A resource failed to call close.
02-21 04:19:14.886 19509 19528 W System : A resource failed to call close.
02-21 04:19:14.886 19509 19528 W System : A resource failed to call close.
02-21 04:19:14.886 19509 19528 W System : A resource failed to call close.
02-21 04:19:14.886 19509 19528 W System : A resource failed to call close.
02-21 04:19:14.886 19509 19528 W System : A resource failed to call close.
02-21 04:19:14.886 19509 19528 W System : A resource failed to call close.
02-21 04:19:14.886 19509 19528 W System : A resource failed to call close.
02-21 04:19:14.887 19509 19528 W System : A resource failed to call close.
02-21 04:19:14.888 19509 19528 W System : A resource failed to call close.
02-21 04:19:14.888 19509 19528 W System : A resource failed to call close.
02-21 04:19:14.888 19509 19528 W System : A resource failed to call close.
02-21 04:19:14.890 19509 19528 W System : A resource failed to call close.
02-21 04:19:14.890 19509 19528 W System : A resource failed to call close.
02-21 04:19:14.895 19509 19528 W System : A resource failed to call close.
02-21 04:19:14.934 19509 21658 W libEGL : EGLNativeWindowType 0x7e741a7010
disconnect failed
02-21 04:19:15.505 19509 21704 W LOTTIE : Animation contains merge paths. Merge
paths are only supported on KitKat+ and must be manually enabled by calling
enableMergePathsForKitKatAndAbove().
02-21 04:19:16.137 19509 19509 E RecyclerView: No adapter attached; skipping layout
02-21 04:19:16.179 19509 19528 W System : A resource failed to call close.
02-21 04:19:16.181 19509 19528 W System : A resource failed to call close.
02-21 04:19:16.181 19509 19528 W System : A resource failed to call close.
02-21 04:19:16.181 19509 19528 W System : A resource failed to call close.
02-21 04:19:16.181 19509 19528 W System : A resource failed to call close.
02-21 04:19:16.181 19509 19528 W System : A resource failed to call close.
02-21 04:19:16.181 19509 19528 W System : A resource failed to call close.
02-21 04:19:16.181 19509 19528 W System : A resource failed to call close.
02-21 04:19:16.182 19509 19528 W System : A resource failed to call close.
02-21 04:19:16.251 19509 21658 W libEGL : EGLNativeWindowType 0x7e741a5010
disconnect failed
02-21 04:19:16.350 19509 19509 E RecyclerView: No adapter attached; skipping layout
02-21 04:19:16.381 19509 21658 W libEGL : EGLNativeWindowType 0x7e741a7010
disconnect failed
02-21 04:19:16.499 19509 19509 W LOTTIE : Animation contains merge paths but they
are disabled.
02-21 04:19:16.513 19509 19509 E ArmVmp : Match on catch block at 0x0a in for 0xd9
02-21 04:19:16.569 19509 21658 W libEGL : EGLNativeWindowType 0x7e74412010
disconnect failed
02-21 04:19:16.938 19509 19528 W System : A resource failed to call end.
02-21 04:19:16.938 19509 19528 W System : A resource failed to call end.
02-21 04:19:17.333 19509 21658 W libEGL : EGLNativeWindowType 0x7e59e7e010
disconnect failed
02-21 04:19:17.578 19509 19528 W System : A resource failed to call end.
02-21 04:19:17.578 19509 19528 W System : A resource failed to call end.
02-21 04:19:17.913 19509 21658 W libEGL : EGLNativeWindowType 0x7e59e7e010
disconnect failed
02-21 04:19:17.936 19509 19528 W System : A resource failed to call end.
02-21 04:19:18.438 19509 19528 W System : A resource failed to call close.
02-21 04:19:18.438 19509 19528 W System : A resource failed to call close.
02-21 04:19:18.438 19509 19528 W System : A resource failed to call close.
02-21 04:19:18.438 19509 19528 W System : A resource failed to call close.
02-21 04:19:18.438 19509 19528 W System : A resource failed to call close.
02-21 04:19:18.438 19509 19528 W System : A resource failed to call close.
02-21 04:19:18.438 19509 19528 W System : A resource failed to call close.
02-21 04:19:20.085 19509 19528 W System : A resource failed to call close.
02-21 04:19:20.085 19509 19528 W System : A resource failed to call close.
02-21 04:19:20.088 19509 19528 W System : A resource failed to call close.
02-21 04:19:20.089 19509 19528 W System : A resource failed to call close.
02-21 04:19:20.091 19509 19528 W System : A resource failed to call close.
02-21 04:19:22.144 19509 21658 W libEGL : EGLNativeWindowType 0x7e59e7c010
disconnect failed
02-21 04:19:24.843 19509 21658 W libEGL : EGLNativeWindowType 0x7e900c3010
disconnect failed
02-21 04:19:27.659 19509 21658 W libEGL : EGLNativeWindowType 0x7e744ae010
disconnect failed
02-21 04:19:36.417 19509 21658 W libEGL : EGLNativeWindowType 0x7e744ae010
disconnect failed
02-21 04:19:42.513 19509 19528 W System : A resource failed to call close.
02-21 04:19:42.514 19509 19528 W System : A resource failed to call close.
02-21 04:19:42.515 19509 19528 W System : A resource failed to call close.
02-21 04:19:42.515 19509 19528 W System : A resource failed to call close.
02-21 04:19:42.539 19509 19528 W System : A resource failed to call close.
02-21 04:19:42.540 19509 19528 W System : A resource failed to call close.
02-21 04:19:42.540 19509 19528 W System : A resource failed to call close.
02-21 04:19:42.541 19509 19528 W System : A resource failed to call close.
02-21 04:19:42.541 19509 19528 W System : A resource failed to call close.
02-21 04:19:42.541 19509 19528 W System : A resource failed to call close.
02-21 04:19:42.541 19509 19528 W System : A resource failed to call close.
02-21 04:19:42.554 19509 19528 W System : A resource failed to call close.
02-21 04:19:42.555 19509 19528 W System : A resource failed to call close.
02-21 04:19:42.555 19509 19528 W System : A resource failed to call close.
02-21 04:19:42.555 19509 19528 W System : A resource failed to call close.
02-21 04:19:42.555 19509 19528 W System : A resource failed to call close.
02-21 04:19:42.556 19509 19528 W System : A resource failed to call close.
02-21 04:19:42.556 19509 19528 W System : A resource failed to call close.
02-21 04:19:42.556 19509 19528 W System : A resource failed to call close.
02-21 04:19:42.556 19509 19528 W System : A resource failed to call close.
02-21 04:19:42.556 19509 19528 W System : A resource failed to call close.
02-21 04:19:42.556 19509 19528 W System : A resource failed to call close.
02-21 04:19:42.556 19509 19528 W System : A resource failed to call close.
02-21 04:19:42.557 19509 19528 W System : A resource failed to call close.
02-21 04:19:42.557 19509 19528 W System : A resource failed to call close.
02-21 04:19:42.557 19509 19528 W System : A resource failed to call close.
02-21 04:19:42.557 19509 19528 W System : A resource failed to call close.
02-21 04:19:42.557 19509 19528 W System : A resource failed to call close.
02-21 04:19:42.557 19509 19528 W System : A resource failed to call close.
02-21 04:19:42.557 19509 19528 W System : A resource failed to call close.
02-21 04:19:42.557 19509 19528 W System : A resource failed to call close.
02-21 04:19:42.557 19509 19528 W System : A resource failed to call close.
02-21 04:19:42.557 19509 19528 W System : A resource failed to call close.
02-21 04:19:42.567 19509 19528 W System : A resource failed to call close.
02-21 04:19:42.568 19509 19528 W System : A resource failed to call close.
02-21 04:19:42.568 19509 19528 W System : A resource failed to call close.
02-21 04:19:42.568 19509 19528 W System : A resource failed to call close.
02-21 04:19:42.568 19509 19528 W System : A resource failed to call close.
02-21 04:19:42.568 19509 19528 W System : A resource failed to call close.
02-21 04:19:42.568 19509 19528 W System : A resource failed to call close.
02-21 04:19:42.568 19509 19528 W System : A resource failed to call close.
02-21 04:19:42.568 19509 19528 W System : A resource failed to call close.
02-21 04:19:42.568 19509 19528 W System : A resource failed to call close.
02-21 04:19:42.568 19509 19528 W System : A resource failed to call close.
02-21 04:19:42.568 19509 19528 W System : A resource failed to call close.
02-21 04:19:42.568 19509 19528 W System : A resource failed to call close.
02-21 04:19:42.568 19509 19528 W System : A resource failed to call close.
02-21 04:19:42.569 19509 19528 W System : A resource failed to call close.
