02-20 20:05:56.700 3103 3445 E SQLiteDatabase: at X.35Y.A07(Unknown
Source:212)
02-20 20:05:56.700 3103 3445 E SQLiteDatabase: at X.3QF.A14(Unknown
Source:470)
02-20 20:05:56.700 3103 3445 E SQLiteDatabase: at X.3gU.run(Unknown
Source:982)
02-20 20:05:56.700 3103 3445 E SQLiteDatabase: at
android.os.Handler.handleCallback(Handler.java:938)
02-20 20:05:56.700 3103 3445 E SQLiteDatabase: at
android.os.Handler.dispatchMessage(Handler.java:99)
02-20 20:05:56.700 3103 3445 E SQLiteDatabase: at
X.0zq.dispatchMessage(Unknown Source:4)
02-20 20:05:56.700 3103 3445 E SQLiteDatabase: at
android.os.Looper.loop(Looper.java:246)
02-20 20:05:56.700 3103 3445 E SQLiteDatabase: at
android.os.HandlerThread.run(HandlerThread.java:67)
02-20 20:05:56.740 3103 3103 E ArmVmp : Match on catch block at 0xc3 in for 0xa9
02-20 20:05:56.745 3103 3103 E ArmVmp : Match on catch block at 0xc3 in for 0xa1
02-20 20:05:56.762 3103 3103 E ArmVmp : Match on catch block at 0xc3 in for 0xa1
02-20 20:05:56.768 3103 3103 E ArmVmp : Match on catch block at 0xc3 in for 0xa5
02-20 20:05:56.891 3103 3103 E ArmVmp : Match on catch block at 0xc3 in for 0xa9
02-20 20:05:56.896 3103 3103 E ArmVmp : Match on catch block at 0xc3 in for 0xa1
02-20 20:05:56.980 3103 3103 E ArmVmp : Match on catch block at 0xc3 in for 0xa5
02-20 20:05:56.985 3103 3103 E ArmVmp : Match on catch block at 0xc3 in for 0xa9
02-20 20:05:57.002 3103 3103 E ArmVmp : Match on catch block at 0xc3 in for 0xa9
02-20 20:05:57.008 3103 3103 E ArmVmp : Match on catch block at 0xc3 in for 0xa1
02-20 20:05:57.008 3103 11188 W MediaPlayer: Use of stream types is deprecated for
operations other than volume control
02-20 20:05:57.008 3103 11188 W MediaPlayer: See the documentation of
setAudioStreamType() for what to use instead with android.media.AudioAttributes to
qualify your playback use case
02-20 20:05:57.049 3103 3125 W MediaPlayerNative: info/warning (10973, 0)
02-20 20:05:57.387 3103 3103 E ArmVmp : Match on catch block at 0xc3 in for 0xa1
02-20 20:05:57.393 3103 3103 E ArmVmp : Match on catch block at 0xc3 in for 0xa5
02-20 20:05:57.560 3103 3103 E ArmVmp : Match on catch block at 0xc3 in for 0xa5
02-20 20:05:57.566 3103 3103 E ArmVmp : Match on catch block at 0xc3 in for 0xa9
02-20 20:05:57.611 3103 3103 E ArmVmp : Match on catch block at 0xc3 in for 0xa9
02-20 20:05:57.617 3103 3103 E ArmVmp : Match on catch block at 0xc3 in for 0xa1
02-20 20:05:57.634 3103 3103 E ArmVmp : Match on catch block at 0xc3 in for 0xa5
02-20 20:05:57.640 3103 3103 E ArmVmp : Match on catch block at 0xc3 in for 0xa9
02-20 20:05:57.779 3103 3103 E ArmVmp : Match on catch block at 0xc3 in for 0xa9
02-20 20:05:57.783 3103 3103 E ArmVmp : Match on catch block at 0xc3 in for 0xa1
02-20 20:05:57.792 3103 3103 E ArmVmp : Match on catch block at 0xc3 in for 0xa1
02-20 20:05:57.799 3103 3103 E ArmVmp : Match on catch block at 0xc3 in for 0xa5
02-20 20:05:57.883 3103 3103 E ArmVmp : Match on catch block at 0xc3 in for 0xa1
02-20 20:05:57.887 3103 3103 E ArmVmp : Match on catch block at 0xc3 in for 0xa5
02-20 20:05:57.907 3103 3103 E ArmVmp : Match on catch block at 0xc3 in for 0xa9
02-20 20:05:57.911 3103 3103 E ArmVmp : Match on catch block at 0xc3 in for 0xa1
02-20 20:05:58.138 3103 3103 E ArmVmp : Match on catch block at 0xc3 in for 0xa5
02-20 20:05:58.142 3103 3103 E ArmVmp : Match on catch block at 0xc3 in for 0xa9
02-20 20:05:58.481 3103 11128 W libEGL : EGLNativeWindowType 0x7e3d940010
disconnect failed
02-20 20:05:58.498 3103 3103 E ArmVmp : Match on catch block at 0xc3 in for 0xa9
02-20 20:05:58.503 3103 3103 E ArmVmp : Match on catch block at 0xc3 in for 0xa1
02-20 20:06:00.869 3103 11128 W libEGL : EGLNativeWindowType 0x7def893010
disconnect failed
02-20 20:06:02.385 3103 3103 W BottomSheetBehavior: BottomSheetBehavior now
supports multiple callbacks. `setBottomSheetCallback()` removes all existing
callbacks, including ones set internally by library authors, which may result in
unintended behavior. This may change in the future. Please use
`addBottomSheetCallback()` and `removeBottomSheetCallback()` instead to set your
own callbacks.
02-20 20:06:02.385 3103 3103 W BottomSheetBehavior: BottomSheetBehavior now
supports multiple callbacks. `setBottomSheetCallback()` removes all existing
callbacks, including ones set internally by library authors, which may result in
unintended behavior. This may change in the future. Please use
`addBottomSheetCallback()` and `removeBottomSheetCallback()` instead to set your
own callbacks.
02-20 20:06:02.456 3103 3103 W BottomSheetBehavior: BottomSheetBehavior now
supports multiple callbacks. `setBottomSheetCallback()` removes all existing
callbacks, including ones set internally by library authors, which may result in
unintended behavior. This may change in the future. Please use
`addBottomSheetCallback()` and `removeBottomSheetCallback()` instead to set your
own callbacks.
02-20 20:06:02.456 3103 3103 W BottomSheetBehavior: BottomSheetBehavior now
supports multiple callbacks. `setBottomSheetCallback()` removes all existing
callbacks, including ones set internally by library authors, which may result in
unintended behavior. This may change in the future. Please use
`addBottomSheetCallback()` and `removeBottomSheetCallback()` instead to set your
own callbacks.
02-20 20:06:02.495 3103 11128 W libEGL : EGLNativeWindowType 0x7e732a0010
disconnect failed
02-20 20:06:02.528 3103 11128 W libEGL : EGLNativeWindowType 0x7e3dbdd010
disconnect failed
02-20 20:06:03.509 3103 13787 W ACodec : [OMX.Exynos.avc.dec] setting
HDRStaticInfo failed even though codec advertises support
02-20 20:06:03.512 3103 13787 W ACodec : [OMX.Exynos.avc.dec] getting
HDRStaticInfo failed even though codec advertises support
02-20 20:06:03.576 3103 13787 W ACodec : [OMX.Exynos.avc.dec] getting
HDRStaticInfo failed even though codec advertises support
02-20 20:06:03.578 3103 13787 W AHierarchicalStateMachine: Warning message
AMessage(what = 'omxI') = {
02-20 20:06:03.578 3103 13787 W AHierarchicalStateMachine: int32_t type = 0
02-20 20:06:03.578 3103 13787 W AHierarchicalStateMachine: int32_t event = 3
02-20 20:06:03.578 3103 13787 W AHierarchicalStateMachine: int32_t data1 = 1
02-20 20:06:03.578 3103 13787 W AHierarchicalStateMachine: int32_t data2 =
117440527
02-20 20:06:03.578 3103 13787 W AHierarchicalStateMachine: } unhandled in root
state.
02-20 20:06:03.597 3103 13795 W Codec2Client: query -- param skipped: index =
1107298332.
02-20 20:06:03.597 3103 13795 W CCodec : This behavior is subject to change. It
is recommended that app developers double check whether the requested max input
size is in reasonable range.
02-20 20:06:03.602 3103 13787 W ACodec : [OMX.Exynos.avc.dec] getting
HDRStaticInfo failed even though codec advertises support
02-20 20:06:03.603 3103 13795 W Codec2Client: query -- param skipped: index =
1342179345.
02-20 20:06:03.603 3103 13795 W Codec2Client: query -- param skipped: index =
2415921170.
02-20 20:06:03.603 3103 13795 W Codec2Client: query -- param skipped: index =
1610614798.
02-20 20:06:03.605 3103 13795 E FMQ : grantorIdx must be less than 3
02-20 20:06:03.605 3103 13795 E FMQ : grantorIdx must be less than 3
02-20 20:06:03.612 3103 13795 E FMQ : grantorIdx must be less than 3
02-20 20:06:03.627 3103 11464 E FMQ : grantorIdx must be less than 3
02-20 20:06:03.730 3103 13784 W AudioTrack: getTimestamp_l(156): retrograde
timestamp time corrected, 6734897832875 < 6735045578490
02-20 20:06:05.748 3103 13795 W Codec2Client: query -- param skipped: index =
1342179345.
02-20 20:06:05.748 3103 13795 W Codec2Client: query -- param skipped: index =
2415921170.
02-20 20:06:05.748 3103 13795 W Codec2Client: query -- param skipped: index =
1610614798.
02-20 20:06:05.773 3103 11128 W libEGL : EGLNativeWindowType 0x7e732a0010
disconnect failed
02-20 20:06:05.791 3103 3103 E ViewRootImpl: sendUserActionEvent() mView
returned.
02-20 20:06:05.836 3103 3103 E ViewRootImpl: sendUserActionEvent() mView
returned.
02-20 20:06:07.033 3103 11128 W libEGL : EGLNativeWindowType 0x7e3dbdd010
disconnect failed
02-20 20:06:07.976 3103 11128 W libEGL : EGLNativeWindowType 0x7e9fee9010
disconnect failed
02-20 20:06:10.430 3103 11128 W libEGL : EGLNativeWindowType 0x7e3dbdd010
disconnect failed
02-20 20:06:12.761 3103 11128 W libEGL : EGLNativeWindowType 0x7defd55010
disconnect failed
02-20 20:06:14.526 3103 3103 E ArmVmp : Match on catch block at 0x0a in for 0xc1
02-20 20:06:14.555 3103 3103 E ArmVmp : Match on catch block at 0x0a in for
0x131
02-20 20:06:15.040 3103 3103 E RecyclerView: No adapter attached; skipping layout
02-20 20:06:15.198 3103 3103 E RecyclerView: No adapter attached; skipping layout
02-20 20:06:15.222 3103 11128 W libEGL : EGLNativeWindowType 0x7defd55010
disconnect failed
02-20 20:06:15.523 3103 3103 E ArmVmp : Match on catch block at 0x0a in for 0xd1
02-20 20:06:17.827 3103 11128 W libEGL : EGLNativeWindowType 0x7e63e7c010
disconnect failed
02-20 20:06:17.855 3103 3123 W System : A resource failed to call release.
02-20 20:06:19.207 3103 11128 W libEGL : EGLNativeWindowType 0x7dd2abb010
disconnect failed
02-20 20:06:20.373 3103 11128 W libEGL : EGLNativeWindowType 0x7e63e7c010
disconnect failed
02-20 20:06:21.432 3103 11128 W libEGL : EGLNativeWindowType 0x7e3d815010
disconnect failed
02-20 20:06:22.583 3103 11128 W libEGL : EGLNativeWindowType 0x7e8d548010
disconnect failed
02-20 20:06:23.626 3103 11128 W libEGL : EGLNativeWindowType 0x7def4d3010
disconnect failed
02-20 20:06:27.650 3103 11128 W libEGL : EGLNativeWindowType 0x7e8d548010
disconnect failed
02-20 20:06:28.852 3103 11128 W libEGL : EGLNativeWindowType 0x7dd31ac010
disconnect failed
02-20 20:06:33.212 3103 11128 W libEGL : EGLNativeWindowType 0x7e8d548010
disconnect failed
02-20 20:07:06.907 3103 3445 E SQLiteDatabase: Error inserting transferred=1
media_job_uuid=e0a45a88-3caf-432f-9f73-1c95c87ef308 transcoded=0 gif_attribution=0
first_scan_length=0 direct_path=/v/t62.7117-
24/22559005_1469617127245228_5564654595403937322_n.enc?ccb=11-4&oh=01_AdQ-
HN7noG4mNbxxMAUsNQukOExpbKfkHhBqpRHMQlMkCQ&oe=65FCAB24&_nc_sid=5e03e0
thumbnail_height_width_ratio=0.0 is_animated_sticker=0
file_hash=ZiMl/3Un3IHGoWjlGvAZ5tt5Aq+DkK+IsNRCMyUVyb8= file_path=Media/WhatsApp
Voice Notes/202408/PTT-20240220-WA0004.opus file_size=19858 partial_media_hash=null
face_x=0 face_y=0 height=0 trim_to=0 media_key_timestamp=1708477605000
message_url=https://mmg.whatsapp.net/v/t62.7117-
24/22559005_1469617127245228_5564654595403937322_n.enc?ccb=11-4&oh=01_AdQ-
HN7noG4mNbxxMAUsNQukOExpbKfkHhBqpRHMQlMkCQ&oe=65FCAB24&_nc_sid=5e03e0&mms3=true
media_caption=null trim_from=0 mime_type=audio/ogg; codecs=opus
partial_media_enc_hash=null width=0 original_file_hash=null has_streaming_sidecar=0
autotransfer_retry_enabled=1 media_upload_handle=null message_row_id=145
multicast_id=null enc_file_hash=UFLYOdAAQZ5FTrApG/6HjqtpYp2aeINw59WjP9+8bbM=
mute_video=0 page_count=0 first_scan_sidecar=null suspicious_content=0
file_length=19858 media_name=null media_duration=9 chat_row_id=100
media_key=[B@68454
02-20 20:07:06.907 3103 3445 E SQLiteDatabase:
android.database.sqlite.SQLiteConstraintException: UNIQUE constraint failed:
message_media.message_row_id (code 1555 SQLITE_CONSTRAINT_PRIMARYKEY[1555])
02-20 20:07:06.907 3103 3445 E SQLiteDatabase: at
android.database.sqlite.SQLiteConnection.nativeExecuteForLastInsertedRowId(Native
Method)
02-20 20:07:06.907 3103 3445 E SQLiteDatabase: at
android.database.sqlite.SQLiteConnection.executeForLastInsertedRowId(SQLiteConnecti
on.java:1217)
02-20 20:07:06.907 3103 3445 E SQLiteDatabase: at
android.database.sqlite.SQLiteSession.executeForLastInsertedRowId(SQLiteSession.jav
a:790)
02-20 20:07:06.907 3103 3445 E SQLiteDatabase: at
android.database.sqlite.SQLiteStatement.executeInsert(SQLiteStatement.java:88)
02-20 20:07:06.907 3103 3445 E SQLiteDatabase: at
android.database.sqlite.SQLiteDatabase.insertWithOnConflict(SQLiteDatabase.java:221
9)
02-20 20:07:06.907 3103 3445 E SQLiteDatabase: at
android.database.sqlite.SQLiteDatabase.insert(SQLiteDatabase.java:2088)
02-20 20:07:06.907 3103 3445 E SQLiteDatabase: at X.2tm.A08(Unknown
Source:6)
02-20 20:07:06.907 3103 3445 E SQLiteDatabase: at X.35Y.A07(Unknown
Source:212)
02-20 20:07:06.907 3103 3445 E SQLiteDatabase: at X.3QF.A14(Unknown
Source:470)
02-20 20:07:06.907 3103 3445 E SQLiteDatabase: at X.3gU.run(Unknown
Source:982)
02-20 20:07:06.907 3103 3445 E SQLiteDatabase: at
android.os.Handler.handleCallback(Handler.java:938)
02-20 20:07:06.907 3103 3445 E SQLiteDatabase: at
android.os.Handler.dispatchMessage(Handler.java:99)
02-20 20:07:06.907 3103 3445 E SQLiteDatabase: at
X.0zq.dispatchMessage(Unknown Source:4)
02-20 20:07:06.907 3103 3445 E SQLiteDatabase: at
android.os.Looper.loop(Looper.java:246)
02-20 20:07:06.907 3103 3445 E SQLiteDatabase: at
android.os.HandlerThread.run(HandlerThread.java:67)
02-20 20:07:19.664 3103 3103 E ArmVmp : Match on catch block at 0x0a in for 0xc1
02-20 20:07:19.673 3103 3103 E ArmVmp : Match on catch block at 0x0a in for 0xc9
02-20 20:07:20.456 3103 3103 E ArmVmp : Match on catch block at 0xc3 in for 0xb5
02-20 20:07:20.468 3103 3103 E ArmVmp : Match on catch block at 0xc3 in for 0xb5
02-20 20:07:20.475 3103 3103 E ArmVmp : Match on catch block at 0xc3 in for 0xb5
02-20 20:07:20.630 3103 3103 E ArmVmp : Match on catch block at 0xc3 in for 0xa1
02-20 20:07:20.633 3103 3103 E ArmVmp : Match on catch block at 0xc3 in for 0xa5
02-20 20:07:20.637 3103 3103 E ArmVmp : Match on catch block at 0xc3 in for 0xa5
02-20 20:07:20.882 3103 3103 E ArmVmp : Match on catch block at 0xc3 in for 0xa9
02-20 20:07:20.897 3103 3103 E ArmVmp : Match on catch block at 0xc3 in for 0xa1
02-20 20:07:20.910 3103 3103 E ArmVmp : Match on catch block at 0xc3 in for 0xa1
02-20 20:07:20.977 3103 3103 E ArmVmp : Match on catch block at 0xc3 in for 0xa1
02-20 20:07:20.988 3103 3103 E ArmVmp : Match on catch block at 0xc3 in for 0xa5
02-20 20:07:20.994 3103 3103 E ArmVmp : Match on catch block at 0xc3 in for 0xa5
02-20 20:07:21.058 3103 3103 E ArmVmp : Match on catch block at 0xc3 in for 0xa1
02-20 20:07:21.063 3103 3103 E ArmVmp : Match on catch block at 0xc3 in for 0xa5
02-20 20:07:21.067 3103 3103 E ArmVmp : Match on catch block at 0xc3 in for 0xa5
02-20 20:07:21.095 3103 11128 W libEGL : EGLNativeWindowType 0x7e3d858010
disconnect failed
02-20 20:07:21.173 3103 3103 E ArmVmp : Match on catch block at 0xc3 in for 0xa5
02-20 20:07:21.179 3103 3103 E ArmVmp : Match on catch block at 0xc3 in for 0xa9
02-20 20:07:21.184 3103 3103 E ArmVmp : Match on catch block at 0xc3 in for 0xa9
02-20 20:07:21.582 3103 3103 E ArmVmp : Match on catch block at 0xc3 in for 0xa9
02-20 20:07:21.585 3103 3103 E ArmVmp : Match on catch block at 0xc3 in for 0xa1
02-20 20:07:21.588 3103 3103 E ArmVmp : Match on catch block at 0xc3 in for 0xa1
02-20 20:07:21.773 3103 3103 E ArmVmp : Match on catch block at 0xc3 in for 0xa9
02-20 20:07:21.777 3103 3103 E ArmVmp : Match on catch block at 0xc3 in for 0xa1
02-20 20:07:21.784 3103 3103 E ArmVmp : Match on catch block at 0xc3 in for 0xa1
02-20 20:07:21.866 3103 3103 W AudioManager: Use of stream types is deprecated
for operations other than volume control
02-20 20:07:21.866 3103 3103 W AudioManager: See the documentation of
requestAudioFocus() for what to use instead with android.media.AudioAttributes to
qualify your playback use case
02-20 20:07:22.155 3103 3445 E SQLiteDatabase: Error inserting transferred=1
media_job_uuid=e0a45a88-3caf-432f-9f73-1c95c87ef308 transcoded=0 gif_attribution=0
first_scan_length=0 direct_path=/v/t62.7117-
24/22559005_1469617127245228_5564654595403937322_n.enc?ccb=11-4&oh=01_AdQ-
HN7noG4mNbxxMAUsNQukOExpbKfkHhBqpRHMQlMkCQ&oe=65FCAB24&_nc_sid=5e03e0
thumbnail_height_width_ratio=0.0 is_animated_sticker=0
file_hash=ZiMl/3Un3IHGoWjlGvAZ5tt5Aq+DkK+IsNRCMyUVyb8= file_path=Media/WhatsApp
Voice Notes/202408/PTT-20240220-WA0004.opus file_size=19858 partial_media_hash=null
face_x=0 face_y=0 height=0 trim_to=0 media_key_timestamp=1708477605000
message_url=https://mmg.whatsapp.net/v/t62.7117-
24/22559005_1469617127245228_5564654595403937322_n.enc?ccb=11-4&oh=01_AdQ-
HN7noG4mNbxxMAUsNQukOExpbKfkHhBqpRHMQlMkCQ&oe=65FCAB24&_nc_sid=5e03e0&mms3=true
media_caption=null trim_from=0 mime_type=audio/ogg; codecs=opus
partial_media_enc_hash=null width=0 original_file_hash=null has_streaming_sidecar=0
autotransfer_retry_enabled=1 media_upload_handle=null message_row_id=145
multicast_id=null enc_file_hash=UFLYOdAAQZ5FTrApG/6HjqtpYp2aeINw59WjP9+8bbM=
mute_video=0 page_count=0 first_scan_sidecar=null suspicious_content=0
file_length=19858 media_name=PTT-20240220-WA0004.opus media_duration=9
chat_row_id=100 media_key=[B@68454
02-20 20:07:22.155 3103 3445 E SQLiteDatabase:
android.database.sqlite.SQLiteConstraintException: UNIQUE constraint failed:
message_media.message_row_id (code 1555 SQLITE_CONSTRAINT_PRIMARYKEY[1555])
02-20 20:07:22.155 3103 3445 E SQLiteDatabase: at
android.database.sqlite.SQLiteConnection.nativeExecuteForLastInsertedRowId(Native
Method)
02-20 20:07:22.155 3103 3445 E SQLiteDatabase: at
android.database.sqlite.SQLiteConnection.executeForLastInsertedRowId(SQLiteConnecti
on.java:1217)
02-20 20:07:22.155 3103 3445 E SQLiteDatabase: at
android.database.sqlite.SQLiteSession.executeForLastInsertedRowId(SQLiteSession.jav
a:790)
02-20 20:07:22.155 3103 3445 E SQLiteDatabase: at
android.database.sqlite.SQLiteStatement.executeInsert(SQLiteStatement.java:88)
02-20 20:07:22.155 3103 3445 E SQLiteDatabase: at
android.database.sqlite.SQLiteDatabase.insertWithOnConflict(SQLiteDatabase.java:221
9)
02-20 20:07:22.155 3103 3445 E SQLiteDatabase: at
android.database.sqlite.SQLiteDatabase.insert(SQLiteDatabase.java:2088)
02-20 20:07:22.155 3103 3445 E SQLiteDatabase: at X.2tm.A08(Unknown
Source:6)
02-20 20:07:22.155 3103 3445 E SQLiteDatabase: at X.35Y.A07(Unknown
Source:212)
02-20 20:07:22.155 3103 3445 E SQLiteDatabase: at X.3QF.A14(Unknown
Source:470)
02-20 20:07:22.155 3103 3445 E SQLiteDatabase: at X.31e.A03(Unknown
Source:174)
02-20 20:07:22.155 3103 3445 E SQLiteDatabase: at X.3g7.run(Unknown
Source:1017)
02-20 20:07:22.155 3103 3445 E SQLiteDatabase: at
android.os.Handler.handleCallback(Handler.java:938)
02-20 20:07:22.155 3103 3445 E SQLiteDatabase: at
android.os.Handler.dispatchMessage(Handler.java:99)
02-20 20:07:22.155 3103 3445 E SQLiteDatabase: at
X.0zq.dispatchMessage(Unknown Source:4)
02-20 20:07:22.155 3103 3445 E SQLiteDatabase: at
android.os.Looper.loop(Looper.java:246)
02-20 20:07:22.155 3103 3445 E SQLiteDatabase: at
android.os.HandlerThread.run(HandlerThread.java:67)
02-20 20:07:22.413 3103 3103 E ArmVmp : Match on catch block at 0xc3 in for 0xa5
02-20 20:07:22.427 3103 3103 E ArmVmp : Match on catch block at 0xc3 in for 0xa9
02-20 20:07:22.434 3103 3103 E ArmVmp : Match on catch block at 0xc3 in for 0xa9
02-20 20:07:22.484 3103 3103 E ArmVmp : Match on catch block at 0xc3 in for 0xa5
02-20 20:07:22.495 3103 3103 E ArmVmp : Match on catch block at 0xc3 in for 0xa9
02-20 20:07:22.504 3103 3103 E ArmVmp : Match on catch block at 0xc3 in for 0xa9
02-20 20:07:22.533 3103 3103 E ArmVmp : Match on catch block at 0xc3 in for 0xa1
02-20 20:07:22.542 3103 3103 E ArmVmp : Match on catch block at 0xc3 in for 0xa5
02-20 20:07:22.549 3103 3103 E ArmVmp : Match on catch block at 0xc3 in for 0xa5
02-20 20:07:22.563 3103 3446 E SQLiteDatabase: Error inserting transferred=1
media_job_uuid=e0a45a88-3caf-432f-9f73-1c95c87ef308 transcoded=0 gif_attribution=0
first_scan_length=0 direct_path=/v/t62.7117-
24/22559005_1469617127245228_5564654595403937322_n.enc?ccb=11-4&oh=01_AdQ-
HN7noG4mNbxxMAUsNQukOExpbKfkHhBqpRHMQlMkCQ&oe=65FCAB24&_nc_sid=5e03e0
thumbnail_height_width_ratio=0.0 is_animated_sticker=0
file_hash=ZiMl/3Un3IHGoWjlGvAZ5tt5Aq+DkK+IsNRCMyUVyb8= file_path=Media/WhatsApp
Voice Notes/202408/PTT-20240220-WA0004.opus file_size=19858 partial_media_hash=null
face_x=0 face_y=0 height=0 trim_to=0 media_key_timestamp=1708477605000
message_url=https://mmg.whatsapp.net/v/t62.7117-
24/22559005_1469617127245228_5564654595403937322_n.enc?ccb=11-4&oh=01_AdQ-
HN7noG4mNbxxMAUsNQukOExpbKfkHhBqpRHMQlMkCQ&oe=65FCAB24&_nc_sid=5e03e0&mms3=true
media_caption=null trim_from=0 mime_type=audio/ogg; codecs=opus
partial_media_enc_hash=null width=0 original_file_hash=null has_streaming_sidecar=0
autotransfer_retry_enabled=1 media_upload_handle=null message_row_id=145
multicast_id=null enc_file_hash=UFLYOdAAQZ5FTrApG/6HjqtpYp2aeINw59WjP9+8bbM=
mute_video=0 page_count=0 first_scan_sidecar=null suspicious_content=0
file_length=19858 media_name=PTT-20240220-WA0004.opus media_duration=9
chat_row_id=100 media_key=[B@68454
02-20 20:07:22.563 3103 3446 E SQLiteDatabase:
android.database.sqlite.SQLiteConstraintException: UNIQUE constraint failed:
message_media.message_row_id (code 1555 SQLITE_CONSTRAINT_PRIMARYKEY[1555])
02-20 20:07:22.563 3103 3446 E SQLiteDatabase: at
android.database.sqlite.SQLiteConnection.nativeExecuteForLastInsertedRowId(Native
Method)
02-20 20:07:22.563 3103 3446 E SQLiteDatabase: at
android.database.sqlite.SQLiteConnection.executeForLastInsertedRowId(SQLiteConnecti
on.java:1217)
02-20 20:07:22.563 3103 3446 E SQLiteDatabase: at
android.database.sqlite.SQLiteSession.executeForLastInsertedRowId(SQLiteSession.jav
a:790)
02-20 20:07:22.563 3103 3446 E SQLiteDatabase: at
android.database.sqlite.SQLiteStatement.executeInsert(SQLiteStatement.java:88)
02-20 20:07:22.563 3103 3446 E SQLiteDatabase: at
android.database.sqlite.SQLiteDatabase.insertWithOnConflict(SQLiteDatabase.java:221
9)
02-20 20:07:22.563 3103 3446 E SQLiteDatabase: at
android.database.sqlite.SQLiteDatabase.insert(SQLiteDatabase.java:2088)
02-20 20:07:22.563 3103 3446 E SQLiteDatabase: at X.2tm.A08(Unknown
Source:6)
02-20 20:07:22.563 3103 3446 E SQLiteDatabase: at X.35Y.A07(Unknown
Source:212)
02-20 20:07:22.563 3103 3446 E SQLiteDatabase: at X.3QF.A14(Unknown
Source:470)
02-20 20:07:22.563 3103 3446 E SQLiteDatabase: at X.31e.A03(Unknown
Source:174)
02-20 20:07:22.563 3103 3446 E SQLiteDatabase: at X.3Uz.A07(Unknown
Source:381)
02-20 20:07:22.563 3103 3446 E SQLiteDatabase: at X.3Uz.A02(Unknown
Source:692)
02-20 20:07:22.563 3103 3446 E SQLiteDatabase: at X.3eS.run(Unknown
Source:4041)
02-20 20:07:22.563 3103 3446 E SQLiteDatabase: at
android.os.Handler.handleCallback(Handler.java:938)
02-20 20:07:22.563 3103 3446 E SQLiteDatabase: at
android.os.Handler.dispatchMessage(Handler.java:99)
02-20 20:07:22.563 3103 3446 E SQLiteDatabase: at
X.0zr.dispatchMessage(Unknown Source:4)
02-20 20:07:22.563 3103 3446 E SQLiteDatabase: at
android.os.Looper.loop(Looper.java:246)
02-20 20:07:22.563 3103 3446 E SQLiteDatabase: at
android.os.HandlerThread.run(HandlerThread.java:67)
02-20 20:07:22.791 3103 3103 E ArmVmp : Match on catch block at 0xc3 in for 0xa1
02-20 20:07:22.799 3103 3103 E ArmVmp : Match on catch block at 0xc3 in for 0xa5
02-20 20:07:22.805 3103 3103 E ArmVmp : Match on catch block at 0xc3 in for 0xa5
02-20 20:07:22.861 3103 3103 E ArmVmp : Match on catch block at 0xc3 in for 0xa9
02-20 20:07:22.868 3103 3103 E ArmVmp : Match on catch block at 0xc3 in for 0xa1
02-20 20:07:22.875 3103 3103 E ArmVmp : Match on catch block at 0xc3 in for 0xa1
02-20 20:07:22.949 3103 3103 E ArmVmp : Match on catch block at 0xc3 in for 0xa1
02-20 20:07:22.956 3103 3103 E ArmVmp : Match on catch block at 0xc3 in for 0xa5
02-20 20:07:22.962 3103 3103 E ArmVmp : Match on catch block at 0xc3 in for 0xa5
02-20 20:07:23.217 3103 3103 E ArmVmp : Match on catch block at 0xc3 in for 0xa1
02-20 20:07:23.223 3103 3103 E ArmVmp : Match on catch block at 0xc3 in for 0xa5
02-20 20:07:23.230 3103 3103 E ArmVmp : Match on catch block at 0xc3 in for 0xa5
02-20 20:07:23.257 3103 3103 E ArmVmp : Match on catch block at 0xc3 in for 0xa1
02-20 20:07:23.263 3103 3103 E ArmVmp : Match on catch block at 0xc3 in for 0xa5
02-20 20:07:23.270 3103 3103 E ArmVmp : Match on catch block at 0xc3 in for 0xa5
02-20 20:07:24.084 3103 3103 E ArmVmp : Match on catch block at 0xc3 in for 0xa9
02-20 20:07:24.087 3103 3103 E ArmVmp : Match on catch block at 0xc3 in for 0xa1
02-20 20:07:24.089 3103 3103 E ArmVmp : Match on catch block at 0xc3 in for 0xa1
02-20 20:07:24.150 3103 3103 E ArmVmp : Match on catch block at 0xc3 in for 0xa9
02-20 20:07:24.154 3103 3103 E ArmVmp : Match on catch block at 0xc3 in for 0xa1
02-20 20:07:24.157 3103 3103 E ArmVmp : Match on catch block at 0xc3 in for 0xa1
02-20 20:07:24.240 3103 3103 E ArmVmp : Match on catch block at 0xc3 in for 0xa1
02-20 20:07:24.243 3103 3103 E ArmVmp : Match on catch block at 0xc3 in for 0xa5
02-20 20:07:24.249 3103 3103 E ArmVmp : Match on catch block at 0xc3 in for 0xa5
02-20 20:07:24.318 3103 3103 E ArmVmp : Match on catch block at 0xc3 in for 0xa9
02-20 20:07:24.323 3103 3103 E ArmVmp : Match on catch block at 0xc3 in for 0xa1
02-20 20:07:24.339 3103 3103 E ArmVmp : Match on catch block at 0xc3 in for 0xa1
02-20 20:07:24.382 3103 3103 E ArmVmp : Match on catch block at 0xc3 in for 0xa5
02-20 20:07:24.389 3103 3103 E ArmVmp : Match on catch block at 0xc3 in for 0xa9
02-20 20:07:24.396 3103 3103 E ArmVmp : Match on catch block at 0xc3 in for 0xa9
02-20 20:07:24.449 3103 3103 E ArmVmp : Match on catch block at 0xc3 in for 0xa1
02-20 20:07:24.457 3103 3103 E ArmVmp : Match on catch block at 0xc3 in for 0xa5
02-20 20:07:24.462 3103 3103 E ArmVmp : Match on catch block at 0xc3 in for 0xa5
02-20 20:07:24.495 3103 3103 E ArmVmp : Match on catch block at 0xc3 in for 0xa9
02-20 20:07:24.501 3103 3103 E ArmVmp : Match on catch block at 0xc3 in for 0xa1
02-20 20:07:24.504 3103 3103 E ArmVmp : Match on catch block at 0xc3 in for 0xa1
02-20 20:07:24.558 3103 3103 E ArmVmp : Match on catch block at 0xc3 in for 0xa1
02-20 20:07:24.563 3103 3103 E ArmVmp : Match on catch block at 0xc3 in for 0xa5
02-20 20:07:24.567 3103 3103 E ArmVmp : Match on catch block at 0xc3 in for 0xa5
02-20 20:07:24.623 3103 3103 E ArmVmp : Match on catch block at 0xc3 in for 0xa9
02-20 20:07:24.628 3103 3103 E ArmVmp : Match on catch block at 0xc3 in for 0xa1
02-20 20:07:24.634 3103 3103 E ArmVmp : Match on catch block at 0xc3 in for 0xa1
02-20 20:07:24.653 3103 3103 E ArmVmp : Match on catch block at 0xc3 in for 0xa5
02-20 20:07:24.661 3103 3103 E ArmVmp : Match on catch block at 0xc3 in for 0xa9
02-20 20:07:24.682 3103 3103 E ArmVmp : Match on catch block at 0xc3 in for 0xa9
02-20 20:07:24.729 3103 3103 E ArmVmp : Match on catch block at 0xc3 in for 0xa1
02-20 20:07:24.735 3103 3103 E ArmVmp : Match on catch block at 0xc3 in for 0xa5
02-20 20:07:24.741 3103 3103 E ArmVmp : Match on catch block at 0xc3 in for 0xa5
02-20 20:07:24.765 3103 3103 E ArmVmp : Match on catch block at 0xc3 in for 0xa9
02-20 20:07:24.774 3103 3103 E ArmVmp : Match on catch block at 0xc3 in for 0xa1
02-20 20:07:24.783 3103 3103 E ArmVmp : Match on catch block at 0xc3 in for 0xa1
02-20 20:07:24.795 3103 3103 E ArmVmp : Match on catch block at 0xc3 in for 0xa9
02-20 20:07:24.802 3103 3103 E ArmVmp : Match on catch block at 0xc3 in for 0xa1
02-20 20:07:24.810 3103 3103 E ArmVmp : Match on catch block at 0xc3 in for 0xa1
02-20 20:07:24.863 3103 11128 W libEGL : EGLNativeWindowType 0x7e730e7010
disconnect failed
02-20 20:07:24.910 3103 11128 W libEGL : EGLNativeWindowType 0x7e730e7010
disconnect failed
02-20 20:07:24.921 3103 3103 E ArmVmp : Match on catch block at 0xc3 in for 0xa5
02-20 20:07:24.925 3103 3103 E ArmVmp : Match on catch block at 0xc3 in for 0xa9
02-20 20:07:24.931 3103 3103 E ArmVmp : Match on catch block at 0xc3 in for 0xa9
02-20 20:07:25.185 3103 11128 W libEGL : EGLNativeWindowType 0x7e730e7010
disconnect failed
02-20 20:07:25.247 3103 11128 W libEGL : EGLNativeWindowType 0x7e730e7010
disconnect failed
02-20 20:07:25.254 3103 3103 E ArmVmp : Match on catch block at 0xc3 in for 0xa1
02-20 20:07:25.259 3103 3103 E ArmVmp : Match on catch block at 0xc3 in for 0xa5
02-20 20:07:25.262 3103 3103 E ArmVmp : Match on catch block at 0xc3 in for 0xa5
02-20 20:07:25.278 3103 3103 E ArmVmp : Match on catch block at 0xc3 in for 0xa9
02-20 20:07:25.283 3103 3103 E ArmVmp : Match on catch block at 0xc3 in for 0xa1
02-20 20:07:25.288 3103 3103 E ArmVmp : Match on catch block at 0xc3 in for 0xa1
02-20 20:07:25.310 3103 3103 E ArmVmp : Match on catch block at 0xc3 in for 0xa5
02-20 20:07:25.314 3103 3103 E ArmVmp : Match on catch block at 0xc3 in for 0xa9
02-20 20:07:25.317 3103 3103 E ArmVmp : Match on catch block at 0xc3 in for 0xa9
02-20 20:07:25.359 3103 3103 E ArmVmp : Match on catch block at 0xc3 in for 0xa1
02-20 20:07:25.364 3103 3103 E ArmVmp : Match on catch block at 0xc3 in for 0xa5
02-20 20:07:25.368 3103 3103 E ArmVmp : Match on catch block at 0xc3 in for 0xa5
02-20 20:07:25.405 3103 3103 E ArmVmp : Match on catch block at 0xc3 in for 0xa9
02-20 20:07:25.410 3103 3103 E ArmVmp : Match on catch block at 0xc3 in for 0xa1
02-20 20:07:25.413 3103 3103 E ArmVmp : Match on catch block at 0xc3 in for 0xa1
02-20 20:07:25.455 3103 3103 E ArmVmp : Match on catch block at 0xc3 in for 0xa5
02-20 20:07:25.460 3103 3103 E ArmVmp : Match on catch block at 0xc3 in for 0xa9
02-20 20:07:25.464 3103 3103 E ArmVmp : Match on catch block at 0xc3 in for 0xa9
02-20 20:07:25.473 3103 3103 E ArmVmp : Match on catch block at 0xc3 in for 0xa5
02-20 20:07:25.477 3103 3103 E ArmVmp : Match on catch block at 0xc3 in for 0xa9
02-20 20:07:25.485 3103 3103 E ArmVmp : Match on catch block at 0xc3 in for 0xa9
02-20 20:07:25.505 3103 3103 E ArmVmp : Match on catch block at 0xc3 in for 0xa1
02-20 20:07:25.509 3103 3103 E ArmVmp : Match on catch block at 0xc3 in for 0xa5
02-20 20:07:25.515 3103 3103 E ArmVmp : Match on catch block at 0xc3 in for 0xa5
02-20 20:07:25.566 3103 3103 E ArmVmp : Match on catch block at 0xc3 in for 0xa9
02-20 20:07:25.570 3103 3103 E ArmVmp : Match on catch block at 0xc3 in for 0xa1
02-20 20:07:25.576 3103 3103 E ArmVmp : Match on catch block at 0xc3 in for 0xa1
02-20 20:07:25.616 3103 3103 E ArmVmp : Match on catch block at 0xc3 in for 0xa5
02-20 20:07:25.620 3103 3103 E ArmVmp : Match on catch block at 0xc3 in for 0xa9
02-20 20:07:25.624 3103 3103 E ArmVmp : Match on catch block at 0xc3 in for 0xa9
02-20 20:07:25.663 3103 3103 E ArmVmp : Match on catch block at 0xc3 in for 0xa1
02-20 20:07:25.672 3103 3103 E ArmVmp : Match on catch block at 0xc3 in for 0xa5
02-20 20:07:25.675 3103 3103 E ArmVmp : Match on catch block at 0xc3 in for 0xa5
02-20 20:07:25.695 3103 3103 E ArmVmp : Match on catch block at 0xc3 in for 0xa9
02-20 20:07:25.699 3103 3103 E ArmVmp : Match on catch block at 0xc3 in for 0xa1
02-20 20:07:25.702 3103 3103 E ArmVmp : Match on catch block at 0xc3 in for 0xa1
02-20 20:07:25.711 3103 3103 E ArmVmp : Match on catch block at 0xc3 in for 0xa5
02-20 20:07:25.715 3103 3103 E ArmVmp : Match on catch block at 0xc3 in for 0xa9
02-20 20:07:25.719 3103 3103 E ArmVmp : Match on catch block at 0xc3 in for 0xa9
02-20 20:07:25.727 3103 3103 E ArmVmp : Match on catch block at 0xc3 in for 0xa1
02-20 20:07:25.732 3103 3103 E ArmVmp : Match on catch block at 0xc3 in for 0xa5
02-20 20:07:25.735 3103 3103 E ArmVmp : Match on catch block at 0xc3 in for 0xa5
02-20 20:07:25.743 3103 3103 E ArmVmp : Match on catch block at 0xc3 in for 0xa9
02-20 20:07:25.748 3103 3103 E ArmVmp : Match on catch block at 0xc3 in for 0xa1
02-20 20:07:25.750 3103 3103 E ArmVmp : Match on catch block at 0xc3 in for 0xa1
02-20 20:07:25.761 3103 3103 E ArmVmp : Match on catch block at 0xc3 in for 0xa5
02-20 20:07:25.764 3103 3103 E ArmVmp : Match on catch block at 0xc3 in for 0xa9
02-20 20:07:25.767 3103 3103 E ArmVmp : Match on catch block at 0xc3 in for 0xa9
02-20 20:07:25.776 3103 3103 E ArmVmp : Match on catch block at 0xc3 in for 0xa1
02-20 20:07:25.782 3103 3103 E ArmVmp : Match on catch block at 0xc3 in for 0xa5
02-20 20:07:25.785 3103 3103 E ArmVmp : Match on catch block at 0xc3 in for 0xa5
02-20 20:07:25.800 3103 3103 E ArmVmp : Match on catch block at 0xc3 in for 0xa9
02-20 20:07:25.803 3103 3103 E ArmVmp : Match on catch block at 0xc3 in for 0xa1
02-20 20:07:25.806 3103 3103 E ArmVmp : Match on catch block at 0xc3 in for 0xa1
02-20 20:07:25.817 3103 3103 E ArmVmp : Match on catch block at 0xc3 in for 0xa5
02-20 20:07:25.821 3103 3103 E ArmVmp : Match on catch block at 0xc3 in for 0xa9
02-20 20:07:25.823 3103 3103 E ArmVmp : Match on catch block at 0xc3 in for 0xa9
02-20 20:07:25.830 3103 3103 E ArmVmp : Match on catch block at 0xc3 in for 0xa1
02-20 20:07:25.835 3103 3103 E ArmVmp : Match on catch block at 0xc3 in for 0xa5
02-20 20:07:25.837 3103 3103 E ArmVmp : Match on catch block at 0xc3 in for 0xa5
02-20 20:07:25.843 3103 3103 E ArmVmp : Match on catch block at 0xc3 in for 0xa9
02-20 20:07:25.848 3103 3103 E ArmVmp : Match on catch block at 0xc3 in for 0xa1
02-20 20:07:25.851 3103 3103 E ArmVmp : Match on catch block at 0xc3 in for 0xa1
02-20 20:07:25.857 3103 3103 E ArmVmp : Match on catch block at 0xc3 in for 0xa5
02-20 20:07:25.862 3103 3103 E ArmVmp : Match on catch block at 0xc3 in for 0xa9
02-20 20:07:25.865 3103 3103 E ArmVmp : Match on catch block at 0xc3 in for 0xa9
02-20 20:07:25.872 3103 3103 E ArmVmp : Match on catch block at 0xc3 in for 0xa1
02-20 20:07:25.875 3103 3103 E ArmVmp : Match on catch block at 0xc3 in for 0xa5
02-20 20:07:25.878 3103 3103 E ArmVmp : Match on catch block at 0xc3 in for 0xa5
02-20 20:07:25.887 3103 3103 E ArmVmp : Match on catch block at 0xc3 in for 0xa9
02-20 20:07:25.892 3103 3103 E ArmVmp : Match on catch block at 0xc3 in for 0xa1
02-20 20:07:25.895 3103 3103 E ArmVmp : Match on catch block at 0xc3 in for 0xa1
02-20 20:07:25.904 3103 3103 E ArmVmp : Match on catch block at 0xc3 in for 0xa5
02-20 20:07:25.907 3103 3103 E ArmVmp : Match on catch block at 0xc3 in for 0xa9
02-20 20:07:25.910 3103 3103 E ArmVmp : Match on catch block at 0xc3 in for 0xa9
02-20 20:07:25.920 3103 3103 E ArmVmp : Match on catch block at 0xc3 in for 0xa1
02-20 20:07:25.923 3103 3103 E ArmVmp : Match on catch block at 0xc3 in for 0xa5
02-20 20:07:25.927 3103 3103 E ArmVmp : Match on catch block at 0xc3 in for 0xa5
02-20 20:07:25.936 3103 3103 E ArmVmp : Match on catch block at 0xc3 in for 0xa9
02-20 20:07:25.940 3103 3103 E ArmVmp : Match on catch block at 0xc3 in for 0xa1
02-20 20:07:25.944 3103 3103 E ArmVmp : Match on catch block at 0xc3 in for 0xa1
02-20 20:07:25.956 3103 3103 E ArmVmp : Match on catch block at 0xc3 in for 0xa5
02-20 20:07:25.960 3103 3103 E ArmVmp : Match on catch block at 0xc3 in for 0xa9
02-20 20:07:25.963 3103 3103 E ArmVmp : Match on catch block at 0xc3 in for 0xa9
02-20 20:07:25.984 3103 3103 E ArmVmp : Match on catch block at 0xc3 in for 0xa1
02-20 20:07:26.001 3103 3103 E ArmVmp : Match on catch block at 0xc3 in for 0xa5
02-20 20:07:26.004 3103 3103 E ArmVmp : Match on catch block at 0xc3 in for 0xa5
02-20 20:07:26.032 3103 3103 E ArmVmp : Match on catch block at 0xc3 in for 0xa9
02-20 20:07:26.037 3103 3103 E ArmVmp : Match on catch block at 0xc3 in for 0xa1
02-20 20:07:26.040 3103 3103 E ArmVmp : Match on catch block at 0xc3 in for 0xa1
02-20 20:07:26.067 3103 11128 W libEGL : EGLNativeWindowType 0x7e730e7010
disconnect failed
02-20 20:07:26.082 3103 3103 E ArmVmp : Match on catch block at 0xc3 in for 0xa5
02-20 20:07:26.088 3103 3103 E ArmVmp : Match on catch block at 0xc3 in for 0xa9
02-20 20:07:26.091 3103 3103 E ArmVmp : Match on catch block at 0xc3 in for 0xa9
02-20 20:07:26.113 3103 3103 E ArmVmp : Match on catch block at 0xc3 in for 0xa9
02-20 20:07:26.117 3103 3103 E ArmVmp : Match on catch block at 0xc3 in for 0xa1
02-20 20:07:26.119 3103 3103 E ArmVmp : Match on catch block at 0xc3 in for 0xa1
02-20 20:07:26.147 3103 3103 E ArmVmp : Match on catch block at 0xc3 in for 0xa5
02-20 20:07:26.153 3103 3103 E ArmVmp : Match on catch block at 0xc3 in for 0xa9
02-20 20:07:26.156 3103 3103 E ArmVmp : Match on catch block at 0xc3 in for 0xa9
02-20 20:07:26.191 3103 3103 E ArmVmp : Match on catch block at 0xc3 in for 0xa1
02-20 20:07:26.197 3103 3103 E ArmVmp : Match on catch block at 0xc3 in for 0xa5
02-20 20:07:26.202 3103 3103 E ArmVmp : Match on catch block at 0xc3 in for 0xa5
02-20 20:07:26.246 3103 3103 E ArmVmp : Match on catch block at 0xc3 in for 0xa1
02-20 20:07:26.250 3103 3103 E ArmVmp : Match on catch block at 0xc3 in for 0xa5
02-20 20:07:26.253 3103 3103 E ArmVmp : Match on catch block at 0xc3 in for 0xa5
02-20 20:07:26.304 3103 3103 E ArmVmp : Match on catch block at 0xc3 in for 0xa9
02-20 20:07:26.308 3103 3103 E ArmVmp : Match on catch block at 0xc3 in for 0xa1
02-20 20:07:26.311 3103 3103 E ArmVmp : Match on catch block at 0xc3 in for 0xa1
02-20 20:07:26.320 3103 3103 E ArmVmp : Match on catch block at 0xc3 in for 0xa5
02-20 20:07:26.323 3103 3103 E ArmVmp : Match on catch block at 0xc3 in for 0xa9
02-20 20:07:26.326 3103 3103 E ArmVmp : Match on catch block at 0xc3 in for 0xa9
02-20 20:07:26.385 3103 3103 E ArmVmp : Match on catch block at 0xc3 in for 0xa1
02-20 20:07:26.392 3103 3103 E ArmVmp : Match on catch block at 0xc3 in for 0xa5
02-20 20:07:26.395 3103 3103 E ArmVmp : Match on catch block at 0xc3 in for 0xa5
02-20 20:07:26.432 3103 3103 E ArmVmp : Match on catch block at 0xc3 in for 0xa9
02-20 20:07:26.437 3103 3103 E ArmVmp : Match on catch block at 0xc3 in for 0xa1
02-20 20:07:26.440 3103 3103 E ArmVmp : Match on catch block at 0xc3 in for 0xa1
02-20 20:07:26.464 3103 3103 E ArmVmp : Match on catch block at 0xc3 in for 0xa1
02-20 20:07:26.471 3103 3103 E ArmVmp : Match on catch block at 0xc3 in for 0xa5
02-20 20:07:26.474 3103 3103 E ArmVmp : Match on catch block at 0xc3 in for 0xa5
02-20 20:07:26.496 3103 3103 E ArmVmp : Match on catch block at 0xc3 in for 0xa9
02-20 20:07:26.500 3103 3103 E ArmVmp : Match on catch block at 0xc3 in for 0xa1
02-20 20:07:26.504 3103 3103 E ArmVmp : Match on catch block at 0xc3 in for 0xa1
02-20 20:07:26.544 3103 3103 E ArmVmp : Match on catch block at 0xc3 in for 0xa5
02-20 20:07:26.549 3103 3103 E ArmVmp : Match on catch block at 0xc3 in for 0xa9
02-20 20:07:26.552 3103 3103 E ArmVmp : Match on catch block at 0xc3 in for 0xa9
02-20 20:07:26.592 3103 3103 E ArmVmp : Match on catch block at 0xc3 in for 0xa1
02-20 20:07:26.597 3103 3103 E ArmVmp : Match on catch block at 0xc3 in for 0xa5
02-20 20:07:26.599 3103 3103 E ArmVmp : Match on catch block at 0xc3 in for 0xa5
02-20 20:07:26.640 3103 3103 E ArmVmp : Match on catch block at 0xc3 in for 0xa5
02-20 20:07:26.643 3103 3103 E ArmVmp : Match on catch block at 0xc3 in for 0xa9
02-20 20:07:26.646 3103 3103 E ArmVmp : Match on catch block at 0xc3 in for 0xa9
02-20 20:07:26.656 3103 3103 E ArmVmp : Match on catch block at 0xc3 in for 0xa1
02-20 20:07:26.660 3103 3103 E ArmVmp : Match on catch block at 0xc3 in for 0xa5
02-20 20:07:26.668 3103 3103 E ArmVmp : Match on catch block at 0xc3 in for 0xa5
02-20 20:07:26.720 3103 3103 E ArmVmp : Match on catch block at 0xc3 in for 0xa9
02-20 20:07:26.724 3103 3103 E ArmVmp : Match on catch block at 0xc3 in for 0xa1
02-20 20:07:26.726 3103 3103 E ArmVmp : Match on catch block at 0xc3 in for 0xa1
02-20 20:07:26.768 3103 3103 E ArmVmp : Match on catch block at 0xc3 in for 0xa5
02-20 20:07:26.772 3103 3103 E ArmVmp : Match on catch block at 0xc3 in for 0xa9
02-20 20:07:26.776 3103 3103 E ArmVmp : Match on catch block at 0xc3 in for 0xa9
02-20 20:07:26.800 3103 3103 E ArmVmp : Match on catch block at 0xc3 in for 0xa1
02-20 20:07:26.804 3103 3103 E ArmVmp : Match on catch block at 0xc3 in for 0xa5
02-20 20:07:26.807 3103 3103 E ArmVmp : Match on catch block at 0xc3 in for 0xa5
02-20 20:07:26.816 3103 3103 E ArmVmp : Match on catch block at 0xc3 in for 0xa9
02-20 20:07:26.821 3103 3103 E ArmVmp : Match on catch block at 0xc3 in for 0xa1
02-20 20:07:26.823 3103 3103 E ArmVmp : Match on catch block at 0xc3 in for 0xa1
02-20 20:07:26.865 3103 3103 E ArmVmp : Match on catch block at 0xc3 in for 0xa1
02-20 20:07:26.870 3103 3103 E ArmVmp : Match on catch block at 0xc3 in for 0xa5
02-20 20:07:26.874 3103 3103 E ArmVmp : Match on catch block at 0xc3 in for 0xa5
02-20 20:07:26.897 3103 3103 E ArmVmp : Match on catch block at 0xc3 in for 0xa9
02-20 20:07:26.901 3103 3103 E ArmVmp : Match on catch block at 0xc3 in for 0xa1
02-20 20:07:26.904 3103 3103 E ArmVmp : Match on catch block at 0xc3 in for 0xa1
02-20 20:07:26.945 3103 3103 E ArmVmp : Match on catch block at 0xc3 in for 0xa5
02-20 20:07:26.948 3103 3103 E ArmVmp : Match on catch block at 0xc3 in for 0xa9
02-20 20:07:26.952 3103 3103 E ArmVmp : Match on catch block at 0xc3 in for 0xa9
02-20 20:07:26.993 3103 3103 E ArmVmp : Match on catch block at 0xc3 in for 0xa1
02-20 20:07:26.997 3103 3103 E ArmVmp : Match on catch block at 0xc3 in for 0xa5
02-20 20:07:27.000 3103 3103 E ArmVmp : Match on catch block at 0xc3 in for 0xa5
02-20 20:07:27.041 3103 3103 E ArmVmp : Match on catch block at 0xc3 in for 0xa9
02-20 20:07:27.045 3103 3103 E ArmVmp : Match on catch block at 0xc3 in for 0xa1
02-20 20:07:27.048 3103 3103 E ArmVmp : Match on catch block at 0xc3 in for 0xa1
02-20 20:07:27.105 3103 3103 E ArmVmp : Match on catch block at 0xc3 in for 0xa5
02-20 20:07:27.109 3103 3103 E ArmVmp : Match on catch block at 0xc3 in for 0xa9
02-20 20:07:27.113 3103 3103 E ArmVmp : Match on catch block at 0xc3 in for 0xa9
02-20 20:07:27.152 3103 3103 E ArmVmp : Match on catch block at 0xc3 in for 0xa1
02-20 20:07:27.156 3103 3103 E ArmVmp : Match on catch block at 0xc3 in for 0xa5
02-20 20:07:27.159 3103 3103 E ArmVmp : Match on catch block at 0xc3 in for 0xa5
02-20 20:07:27.200 3103 3103 E ArmVmp : Match on catch block at 0xc3 in for 0xa9
02-20 20:07:27.204 3103 3103 E ArmVmp : Match on catch block at 0xc3 in for 0xa1
02-20 20:07:27.206 3103 3103 E ArmVmp : Match on catch block at 0xc3 in for 0xa1
02-20 20:07:27.254 3103 3103 E ArmVmp : Match on catch block at 0xc3 in for 0xa9
02-20 20:07:27.258 3103 3103 E ArmVmp : Match on catch block at 0xc3 in for 0xa1
02-20 20:07:27.261 3103 3103 E ArmVmp : Match on catch block at 0xc3 in for 0xa1
02-20 20:07:27.298 3103 3103 E ArmVmp : Match on catch block at 0xc3 in for 0xa5
02-20 20:07:27.301 3103 3103 E ArmVmp : Match on catch block at 0xc3 in for 0xa9
02-20 20:07:27.306 3103 3103 E ArmVmp : Match on catch block at 0xc3 in for 0xa9
02-20 20:07:27.332 3103 3103 E ArmVmp : Match on catch block at 0xc3 in for 0xa5
02-20 20:07:27.336 3103 3103 E ArmVmp : Match on catch block at 0xc3 in for 0xa9
02-20 20:07:27.341 3103 3103 E ArmVmp : Match on catch block at 0xc3 in for 0xa9
02-20 20:07:27.377 3103 3103 E ArmVmp : Match on catch block at 0xc3 in for 0xa1
02-20 20:07:27.380 3103 3103 E ArmVmp : Match on catch block at 0xc3 in for 0xa5
02-20 20:07:27.388 3103 3103 E ArmVmp : Match on catch block at 0xc3 in for 0xa5
02-20 20:07:27.425 3103 3103 E ArmVmp : Match on catch block at 0xc3 in for 0xa9
02-20 20:07:27.428 3103 3103 E ArmVmp : Match on catch block at 0xc3 in for 0xa1
02-20 20:07:27.431 3103 3103 E ArmVmp : Match on catch block at 0xc3 in for 0xa1
02-20 20:07:27.473 3103 3103 E ArmVmp : Match on catch block at 0xc3 in for 0xa5
02-20 20:07:27.476 3103 3103 E ArmVmp : Match on catch block at 0xc3 in for 0xa9
02-20 20:07:27.479 3103 3103 E ArmVmp : Match on catch block at 0xc3 in for 0xa9
02-20 20:07:27.537 3103 3103 E ArmVmp : Match on catch block at 0xc3 in for 0xa5
02-20 20:07:27.541 3103 3103 E ArmVmp : Match on catch block at 0xc3 in for 0xa9
02-20 20:07:27.545 3103 3103 E ArmVmp : Match on catch block at 0xc3 in for 0xa9
02-20 20:07:27.584 3103 3103 E ArmVmp : Match on catch block at 0xc3 in for 0xa1
02-20 20:07:27.588 3103 3103 E ArmVmp : Match on catch block at 0xc3 in for 0xa5
02-20 20:07:27.590 3103 3103 E ArmVmp : Match on catch block at 0xc3 in for 0xa5
02-20 20:07:27.632 3103 3103 E ArmVmp : Match on catch block at 0xc3 in for 0xa9
02-20 20:07:27.636 3103 3103 E ArmVmp : Match on catch block at 0xc3 in for 0xa1
02-20 20:07:27.639 3103 3103 E ArmVmp : Match on catch block at 0xc3 in for 0xa1
02-20 20:07:27.680 3103 3103 E ArmVmp : Match on catch block at 0xc3 in for 0xa5
02-20 20:07:27.684 3103 3103 E ArmVmp : Match on catch block at 0xc3 in for 0xa9
02-20 20:07:27.687 3103 3103 E ArmVmp : Match on catch block at 0xc3 in for 0xa9
02-20 20:07:27.729 3103 3103 E ArmVmp : Match on catch block at 0xc3 in for 0xa1
02-20 20:07:27.733 3103 3103 E ArmVmp : Match on catch block at 0xc3 in for 0xa5
02-20 20:07:27.737 3103 3103 E ArmVmp : Match on catch block at 0xc3 in for 0xa5
02-20 20:07:27.793 3103 3103 E ArmVmp : Match on catch block at 0xc3 in for 0xa5
02-20 20:07:27.798 3103 3103 E ArmVmp : Match on catch block at 0xc3 in for 0xa9
02-20 20:07:27.801 3103 3103 E ArmVmp : Match on catch block at 0xc3 in for 0xa9
02-20 20:07:27.825 3103 3103 E ArmVmp : Match on catch block at 0xc3 in for 0xa1
02-20 20:07:27.830 3103 3103 E ArmVmp : Match on catch block at 0xc3 in for 0xa5
02-20 20:07:27.833 3103 3103 E ArmVmp : Match on catch block at 0xc3 in for 0xa5
02-20 20:07:27.858 3103 3103 E ArmVmp : Match on catch block at 0xc3 in for 0xa9
02-20 20:07:27.862 3103 3103 E ArmVmp : Match on catch block at 0xc3 in for 0xa1
02-20 20:07:27.866 3103 3103 E ArmVmp : Match on catch block at 0xc3 in for 0xa1
02-20 20:07:27.906 3103 3103 E ArmVmp : Match on catch block at 0xc3 in for 0xa5
02-20 20:07:27.911 3103 3103 E ArmVmp : Match on catch block at 0xc3 in for 0xa9
02-20 20:07:27.914 3103 3103 E ArmVmp : Match on catch block at 0xc3 in for 0xa9
02-20 20:07:27.953 3103 3103 E ArmVmp : Match on catch block at 0xc3 in for 0xa1
02-20 20:07:27.958 3103 3103 E ArmVmp : Match on catch block at 0xc3 in for 0xa5
02-20 20:07:27.961 3103 3103 E ArmVmp : Match on catch block at 0xc3 in for 0xa5
02-20 20:07:28.001 3103 3103 E ArmVmp : Match on catch block at 0xc3 in for 0xa9
02-20 20:07:28.005 3103 3103 E ArmVmp : Match on catch block at 0xc3 in for 0xa1
02-20 20:07:28.009 3103 3103 E ArmVmp : Match on catch block at 0xc3 in for 0xa1
02-20 20:07:28.033 3103 3103 E ArmVmp : Match on catch block at 0xc3 in for 0xa1
02-20 20:07:28.037 3103 3103 E ArmVmp : Match on catch block at 0xc3 in for 0xa5
02-20 20:07:28.040 3103 3103 E ArmVmp : Match on catch block at 0xc3 in for 0xa5
02-20 20:07:28.050 3103 3103 E ArmVmp : Match on catch block at 0xc3 in for 0xa9
02-20 20:07:28.055 3103 3103 E ArmVmp : Match on catch block at 0xc3 in for 0xa1
02-20 20:07:28.058 3103 3103 E ArmVmp : Match on catch block at 0xc3 in for 0xa1
02-20 20:07:28.113 3103 3103 E ArmVmp : Match on catch block at 0xc3 in for 0xa5
02-20 20:07:28.117 3103 3103 E ArmVmp : Match on catch block at 0xc3 in for 0xa9
02-20 20:07:28.120 3103 3103 E ArmVmp : Match on catch block at 0xc3 in for 0xa9
02-20 20:07:28.162 3103 3103 E ArmVmp : Match on catch block at 0xc3 in for 0xa1
02-20 20:07:28.166 3103 3103 E ArmVmp : Match on catch block at 0xc3 in for 0xa5
02-20 20:07:28.169 3103 3103 E ArmVmp : Match on catch block at 0xc3 in for 0xa5
02-20 20:07:28.209 3103 3103 E ArmVmp : Match on catch block at 0xc3 in for 0xa9
02-20 20:07:28.215 3103 3103 E ArmVmp : Match on catch block at 0xc3 in for 0xa1
02-20 20:07:28.219 3103 3103 E ArmVmp : Match on catch block at 0xc3 in for 0xa1
02-20 20:07:28.287 3103 3103 E ArmVmp : Match on catch block at 0xc3 in for 0xa9
02-20 20:07:28.290 3103 3103 E ArmVmp : Match on catch block at 0xc3 in for 0xa1
02-20 20:07:28.293 3103 3103 E ArmVmp : Match on catch block at 0xc3 in for 0xa1
02-20 20:07:28.321 3103 3103 E ArmVmp : Match on catch block at 0xc3 in for 0xa5
02-20 20:07:28.324 3103 3103 E ArmVmp : Match on catch block at 0xc3 in for 0xa9
02-20 20:07:28.327 3103 3103 E ArmVmp : Match on catch block at 0xc3 in for 0xa9
02-20 20:07:28.353 3103 3103 E ArmVmp : Match on catch block at 0xc3 in for 0xa1
02-20 20:07:28.356 3103 3103 E ArmVmp : Match on catch block at 0xc3 in for 0xa5
02-20 20:07:28.359 3103 3103 E ArmVmp : Match on catch block at 0xc3 in for 0xa5
02-20 20:07:28.402 3103 3103 E ArmVmp : Match on catch block at 0xc3 in for 0xa9
02-20 20:07:28.406 3103 3103 E ArmVmp : Match on catch block at 0xc3 in for 0xa1
02-20 20:07:28.409 3103 3103 E ArmVmp : Match on catch block at 0xc3 in for 0xa1
02-20 20:07:28.451 3103 3103 E ArmVmp : Match on catch block at 0xc3 in for 0xa5
02-20 20:07:28.455 3103 3103 E ArmVmp : Match on catch block at 0xc3 in for 0xa9
02-20 20:07:28.458 3103 3103 E ArmVmp : Match on catch block at 0xc3 in for 0xa9
02-20 20:07:28.499 3103 3103 E ArmVmp : Match on catch block at 0xc3 in for 0xa1
02-20 20:07:28.505 3103 3103 E ArmVmp : Match on catch block at 0xc3 in for 0xa5
02-20 20:07:28.509 3103 3103 E ArmVmp : Match on catch block at 0xc3 in for 0xa5
02-20 20:07:28.548 3103 3103 E ArmVmp : Match on catch block at 0xc3 in for 0xa9
02-20 20:07:28.554 3103 3103 E ArmVmp : Match on catch block at 0xc3 in for 0xa1
02-20 20:07:28.559 3103 3103 E ArmVmp : Match on catch block at 0xc3 in for 0xa1
02-20 20:07:28.596 3103 3103 E ArmVmp : Match on catch block at 0xc3 in for 0xa5
02-20 20:07:28.601 3103 3103 E ArmVmp : Match on catch block at 0xc3 in for 0xa9
02-20 20:07:28.606 3103 3103 E ArmVmp : Match on catch block at 0xc3 in for 0xa9
02-20 20:07:28.661 3103 3103 E ArmVmp : Match on catch block at 0xc3 in for 0xa1
02-20 20:07:28.667 3103 3103 E ArmVmp : Match on catch block at 0xc3 in for 0xa5
02-20 20:07:28.673 3103 3103 E ArmVmp : Match on catch block at 0xc3 in for 0xa5
02-20 20:07:28.706 3103 3103 E ArmVmp : Match on catch block at 0xc3 in for 0xa9
02-20 20:07:28.711 3103 3103 E ArmVmp : Match on catch block at 0xc3 in for 0xa1
02-20 20:07:28.717 3103 3103 E ArmVmp : Match on catch block at 0xc3 in for 0xa1
02-20 20:07:28.755 3103 3103 E ArmVmp : Match on catch block at 0xc3 in for 0xa5
02-20 20:07:28.761 3103 3103 E ArmVmp : Match on catch block at 0xc3 in for 0xa9
02-20 20:07:28.766 3103 3103 E ArmVmp : Match on catch block at 0xc3 in for 0xa9
02-20 20:07:28.805 3103 3103 E ArmVmp : Match on catch block at 0xc3 in for 0xa1
02-20 20:07:28.813 3103 3103 E ArmVmp : Match on catch block at 0xc3 in for 0xa5
02-20 20:07:28.816 3103 3103 E ArmVmp : Match on catch block at 0xc3 in for 0xa5
02-20 20:07:28.836 3103 3103 E ArmVmp : Match on catch block at 0xc3 in for 0xa5
