02-20 20:14:22.049 16291 16291 E ArmVmp : Match on catch block at 0xc3 in for 0xa5
02-20 20:14:22.059 16291 16291 E ArmVmp : Match on catch block at 0xc3 in for 0xa9
02-20 20:14:22.063 16291 16291 E ArmVmp : Match on catch block at 0xc3 in for 0xa1
02-20 20:14:22.066 16291 16291 E ArmVmp : Match on catch block at 0xc3 in for 0xa1
02-20 20:14:22.074 16291 16291 E ArmVmp : Match on catch block at 0xc3 in for 0xa5
02-20 20:14:22.080 16291 16291 E ArmVmp : Match on catch block at 0xc3 in for 0xa9
02-20 20:14:22.083 16291 16291 E ArmVmp : Match on catch block at 0xc3 in for 0xa9
02-20 20:14:22.094 16291 16291 E ArmVmp : Match on catch block at 0xc3 in for 0xa5
02-20 20:14:22.097 16291 16291 E ArmVmp : Match on catch block at 0xc3 in for 0xa9
02-20 20:14:22.100 16291 16291 E ArmVmp : Match on catch block at 0xc3 in for 0xa9
02-20 20:14:22.112 16291 16291 E ArmVmp : Match on catch block at 0xc3 in for 0xa1
02-20 20:14:22.116 16291 16291 E ArmVmp : Match on catch block at 0xc3 in for 0xa5
02-20 20:14:22.127 16291 16291 E ArmVmp : Match on catch block at 0xc3 in for 0xa5
02-20 20:14:22.136 16291 16291 E ArmVmp : Match on catch block at 0xc3 in for 0xa9
02-20 20:14:22.141 16291 16291 E ArmVmp : Match on catch block at 0xc3 in for 0xa1
02-20 20:14:22.145 16291 16291 E ArmVmp : Match on catch block at 0xc3 in for 0xa1
02-20 20:14:22.154 16291 16291 E ArmVmp : Match on catch block at 0xc3 in for 0xa5
02-20 20:14:22.158 16291 16291 E ArmVmp : Match on catch block at 0xc3 in for 0xa9
02-20 20:14:22.162 16291 16291 E ArmVmp : Match on catch block at 0xc3 in for 0xa9
02-20 20:14:22.176 16291 16291 E ArmVmp : Match on catch block at 0xc3 in for 0xa9
02-20 20:14:22.181 16291 16291 E ArmVmp : Match on catch block at 0xc3 in for 0xa1
02-20 20:14:22.184 16291 16291 E ArmVmp : Match on catch block at 0xc3 in for 0xa1
02-20 20:14:22.196 16291 16291 E ArmVmp : Match on catch block at 0xc3 in for 0xa5
02-20 20:14:22.201 16291 16291 E ArmVmp : Match on catch block at 0xc3 in for 0xa9
02-20 20:14:22.205 16291 16291 E ArmVmp : Match on catch block at 0xc3 in for 0xa9
02-20 20:14:22.214 16291 16291 E ArmVmp : Match on catch block at 0xc3 in for 0xa1
02-20 20:14:22.219 16291 16291 E ArmVmp : Match on catch block at 0xc3 in for 0xa5
02-20 20:14:22.223 16291 16291 E ArmVmp : Match on catch block at 0xc3 in for 0xa5
02-20 20:14:22.232 16291 16291 E ArmVmp : Match on catch block at 0xc3 in for 0xa9
02-20 20:14:22.237 16291 16291 E ArmVmp : Match on catch block at 0xc3 in for 0xa1
02-20 20:14:22.241 16291 16291 E ArmVmp : Match on catch block at 0xc3 in for 0xa1
02-20 20:14:22.252 16291 16291 E ArmVmp : Match on catch block at 0xc3 in for 0xa9
02-20 20:14:22.258 16291 16291 E ArmVmp : Match on catch block at 0xc3 in for 0xa1
02-20 20:14:22.262 16291 16291 E ArmVmp : Match on catch block at 0xc3 in for 0xa1
02-20 20:14:22.273 16291 16291 E ArmVmp : Match on catch block at 0xc3 in for 0xa5
02-20 20:14:22.278 16291 16291 E ArmVmp : Match on catch block at 0xc3 in for 0xa9
02-20 20:14:22.284 16291 16291 E ArmVmp : Match on catch block at 0xc3 in for 0xa9
02-20 20:14:22.294 16291 16291 E ArmVmp : Match on catch block at 0xc3 in for 0xa1
02-20 20:14:22.299 16291 16291 E ArmVmp : Match on catch block at 0xc3 in for 0xa5
02-20 20:14:22.302 16291 16291 E ArmVmp : Match on catch block at 0xc3 in for 0xa5
02-20 20:14:22.311 16291 16291 E ArmVmp : Match on catch block at 0xc3 in for 0xa9
02-20 20:14:22.316 16291 16291 E ArmVmp : Match on catch block at 0xc3 in for 0xa1
02-20 20:14:22.320 16291 16291 E ArmVmp : Match on catch block at 0xc3 in for 0xa1
02-20 20:14:22.332 16291 16291 E ArmVmp : Match on catch block at 0xc3 in for 0xa9
02-20 20:14:22.336 16291 16291 E ArmVmp : Match on catch block at 0xc3 in for 0xa1
02-20 20:14:22.340 16291 16291 E ArmVmp : Match on catch block at 0xc3 in for 0xa1
02-20 20:14:22.348 16291 16291 E ArmVmp : Match on catch block at 0xc3 in for 0xa5
02-20 20:14:22.353 16291 16291 E ArmVmp : Match on catch block at 0xc3 in for 0xa9
02-20 20:14:22.357 16291 16291 E ArmVmp : Match on catch block at 0xc3 in for 0xa9
02-20 20:14:22.367 16291 16291 E ArmVmp : Match on catch block at 0xc3 in for 0xa1
02-20 20:14:22.371 16291 16291 E ArmVmp : Match on catch block at 0xc3 in for 0xa5
02-20 20:14:22.374 16291 16291 E ArmVmp : Match on catch block at 0xc3 in for 0xa5
02-20 20:14:22.385 16291 16291 E ArmVmp : Match on catch block at 0xc3 in for 0xa9
02-20 20:14:22.391 16291 16291 E ArmVmp : Match on catch block at 0xc3 in for 0xa1
02-20 20:14:22.395 16291 16291 E ArmVmp : Match on catch block at 0xc3 in for 0xa1
02-20 20:14:22.411 16291 16291 E ArmVmp : Match on catch block at 0xc3 in for 0xa9
02-20 20:14:22.415 16291 16291 E ArmVmp : Match on catch block at 0xc3 in for 0xa1
02-20 20:14:22.419 16291 16291 E ArmVmp : Match on catch block at 0xc3 in for 0xa1
02-20 20:14:22.429 16291 16291 E ArmVmp : Match on catch block at 0xc3 in for 0xa5
02-20 20:14:22.433 16291 16291 E ArmVmp : Match on catch block at 0xc3 in for 0xa9
02-20 20:14:22.436 16291 16291 E ArmVmp : Match on catch block at 0xc3 in for 0xa9
02-20 20:14:22.446 16291 16291 E ArmVmp : Match on catch block at 0xc3 in for 0xa1
02-20 20:14:22.451 16291 16291 E ArmVmp : Match on catch block at 0xc3 in for 0xa5
02-20 20:14:22.454 16291 16291 E ArmVmp : Match on catch block at 0xc3 in for 0xa5
02-20 20:14:22.467 16291 16291 E ArmVmp : Match on catch block at 0xc3 in for 0xa1
02-20 20:14:22.471 16291 16291 E ArmVmp : Match on catch block at 0xc3 in for 0xa5
02-20 20:14:22.477 16291 16291 E ArmVmp : Match on catch block at 0xc3 in for 0xa5
02-20 20:14:22.486 16291 16291 E ArmVmp : Match on catch block at 0xc3 in for 0xa9
02-20 20:14:22.491 16291 16291 E ArmVmp : Match on catch block at 0xc3 in for 0xa1
02-20 20:14:22.494 16291 16291 E ArmVmp : Match on catch block at 0xc3 in for 0xa1
02-20 20:14:22.503 16291 16291 E ArmVmp : Match on catch block at 0xc3 in for 0xa5
02-20 20:14:22.508 16291 16291 E ArmVmp : Match on catch block at 0xc3 in for 0xa9
02-20 20:14:22.512 16291 16291 E ArmVmp : Match on catch block at 0xc3 in for 0xa9
02-20 20:14:22.520 16291 16291 E ArmVmp : Match on catch block at 0xc3 in for 0xa1
02-20 20:14:22.525 16291 16291 E ArmVmp : Match on catch block at 0xc3 in for 0xa5
02-20 20:14:22.528 16291 16291 E ArmVmp : Match on catch block at 0xc3 in for 0xa5
02-20 20:14:22.541 16291 16291 E ArmVmp : Match on catch block at 0xc3 in for 0xa1
02-20 20:14:22.545 16291 16291 E ArmVmp : Match on catch block at 0xc3 in for 0xa5
02-20 20:14:22.549 16291 16291 E ArmVmp : Match on catch block at 0xc3 in for 0xa5
02-20 20:14:22.558 16291 16291 E ArmVmp : Match on catch block at 0xc3 in for 0xa9
02-20 20:14:22.563 16291 16291 E ArmVmp : Match on catch block at 0xc3 in for 0xa1
02-20 20:14:22.568 16291 16291 E ArmVmp : Match on catch block at 0xc3 in for 0xa1
02-20 20:14:22.579 16291 16291 E ArmVmp : Match on catch block at 0xc3 in for 0xa5
02-20 20:14:22.584 16291 16291 E ArmVmp : Match on catch block at 0xc3 in for 0xa9
02-20 20:14:22.591 16291 16291 E ArmVmp : Match on catch block at 0xc3 in for 0xa9
02-20 20:14:22.602 16291 16291 E ArmVmp : Match on catch block at 0xc3 in for 0xa5
02-20 20:14:22.607 16291 16291 E ArmVmp : Match on catch block at 0xc3 in for 0xa9
02-20 20:14:22.612 16291 16291 E ArmVmp : Match on catch block at 0xc3 in for 0xa9
02-20 20:14:22.625 16291 16291 E ArmVmp : Match on catch block at 0xc3 in for 0xa1
02-20 20:14:22.630 16291 16291 E ArmVmp : Match on catch block at 0xc3 in for 0xa5
02-20 20:14:22.634 16291 16291 E ArmVmp : Match on catch block at 0xc3 in for 0xa5
02-20 20:14:22.644 16291 16291 E ArmVmp : Match on catch block at 0xc3 in for 0xa9
02-20 20:14:22.649 16291 16291 E ArmVmp : Match on catch block at 0xc3 in for 0xa1
02-20 20:14:22.653 16291 16291 E ArmVmp : Match on catch block at 0xc3 in for 0xa1
02-20 20:14:22.669 16291 16291 E ArmVmp : Match on catch block at 0xc3 in for 0xa9
02-20 20:14:22.674 16291 16291 E ArmVmp : Match on catch block at 0xc3 in for 0xa1
02-20 20:14:22.678 16291 16291 E ArmVmp : Match on catch block at 0xc3 in for 0xa1
02-20 20:14:22.686 16291 16291 E ArmVmp : Match on catch block at 0xc3 in for 0xa5
02-20 20:14:22.690 16291 16291 E ArmVmp : Match on catch block at 0xc3 in for 0xa9
02-20 20:14:22.694 16291 16291 E ArmVmp : Match on catch block at 0xc3 in for 0xa9
02-20 20:14:22.703 16291 16291 E ArmVmp : Match on catch block at 0xc3 in for 0xa1
02-20 20:14:22.708 16291 16291 E ArmVmp : Match on catch block at 0xc3 in for 0xa5
02-20 20:14:22.712 16291 16291 E ArmVmp : Match on catch block at 0xc3 in for 0xa5
02-20 20:14:22.720 16291 16291 E ArmVmp : Match on catch block at 0xc3 in for 0xa9
02-20 20:14:22.725 16291 16291 E ArmVmp : Match on catch block at 0xc3 in for 0xa1
02-20 20:14:22.729 16291 16291 E ArmVmp : Match on catch block at 0xc3 in for 0xa1
02-20 20:14:22.742 16291 16291 E ArmVmp : Match on catch block at 0xc3 in for 0xa9
02-20 20:14:22.747 16291 16291 E ArmVmp : Match on catch block at 0xc3 in for 0xa1
02-20 20:14:22.750 16291 16291 E ArmVmp : Match on catch block at 0xc3 in for 0xa1
02-20 20:14:22.758 16291 16291 E ArmVmp : Match on catch block at 0xc3 in for 0xa5
02-20 20:14:22.762 16291 16291 E ArmVmp : Match on catch block at 0xc3 in for 0xa9
02-20 20:14:22.770 16291 16291 E ArmVmp : Match on catch block at 0xc3 in for 0xa9
02-20 20:14:22.777 16291 16291 E ArmVmp : Match on catch block at 0xc3 in for 0xa1
02-20 20:14:22.784 16291 16291 E ArmVmp : Match on catch block at 0xc3 in for 0xa5
02-20 20:14:22.788 16291 16291 E ArmVmp : Match on catch block at 0xc3 in for 0xa5
02-20 20:14:22.796 16291 16291 E ArmVmp : Match on catch block at 0xc3 in for 0xa9
02-20 20:14:22.805 16291 16291 E ArmVmp : Match on catch block at 0xc3 in for 0xa1
02-20 20:14:22.808 16291 16291 E ArmVmp : Match on catch block at 0xc3 in for 0xa1
02-20 20:14:22.825 16291 16291 E ArmVmp : Match on catch block at 0xc3 in for 0xa9
02-20 20:14:22.832 16291 16291 E ArmVmp : Match on catch block at 0xc3 in for 0xa1
02-20 20:14:22.835 16291 16291 E ArmVmp : Match on catch block at 0xc3 in for 0xa1
02-20 20:14:22.843 16291 16291 E ArmVmp : Match on catch block at 0xc3 in for 0xa5
02-20 20:14:22.847 16291 16291 E ArmVmp : Match on catch block at 0xc3 in for 0xa9
02-20 20:14:22.856 16291 16291 E ArmVmp : Match on catch block at 0xc3 in for 0xa9
02-20 20:14:22.869 16291 16291 E ArmVmp : Match on catch block at 0xc3 in for 0xa1
02-20 20:14:22.877 16291 16291 E ArmVmp : Match on catch block at 0xc3 in for 0xa5
02-20 20:14:22.882 16291 16291 E ArmVmp : Match on catch block at 0xc3 in for 0xa5
02-20 20:14:22.897 16291 16291 E ArmVmp : Match on catch block at 0xc3 in for 0xa9
02-20 20:14:22.902 16291 16291 E ArmVmp : Match on catch block at 0xc3 in for 0xa1
02-20 20:14:22.909 16291 16291 E ArmVmp : Match on catch block at 0xc3 in for 0xa1
02-20 20:14:22.917 16291 16291 E ArmVmp : Match on catch block at 0xc3 in for 0xa5
02-20 20:14:22.926 16291 16291 E ArmVmp : Match on catch block at 0xc3 in for 0xa9
02-20 20:14:22.931 16291 16291 E ArmVmp : Match on catch block at 0xc3 in for 0xa9
02-20 20:14:22.940 16291 16291 E ArmVmp : Match on catch block at 0xc3 in for 0xa1
02-20 20:14:22.946 16291 16291 E ArmVmp : Match on catch block at 0xc3 in for 0xa5
02-20 20:14:22.950 16291 16291 E ArmVmp : Match on catch block at 0xc3 in for 0xa5
02-20 20:14:22.962 16291 16291 E ArmVmp : Match on catch block at 0xc3 in for 0xa9
02-20 20:14:22.968 16291 16291 E ArmVmp : Match on catch block at 0xc3 in for 0xa1
02-20 20:14:22.976 16291 16291 E ArmVmp : Match on catch block at 0xc3 in for 0xa1
02-20 20:14:22.987 16291 16291 E ArmVmp : Match on catch block at 0xc3 in for 0xa5
02-20 20:14:22.999 16291 16291 E ArmVmp : Match on catch block at 0xc3 in for 0xa9
02-20 20:14:23.003 16291 16291 E ArmVmp : Match on catch block at 0xc3 in for 0xa9
02-20 20:14:23.014 16291 16291 E ArmVmp : Match on catch block at 0xc3 in for 0xa1
02-20 20:14:23.021 16291 16291 E ArmVmp : Match on catch block at 0xc3 in for 0xa5
02-20 20:14:23.026 16291 16291 E ArmVmp : Match on catch block at 0xc3 in for 0xa5
02-20 20:14:23.039 16291 16291 E ArmVmp : Match on catch block at 0xc3 in for 0xa9
02-20 20:14:23.045 16291 16291 E ArmVmp : Match on catch block at 0xc3 in for 0xa1
02-20 20:14:23.049 16291 16291 E ArmVmp : Match on catch block at 0xc3 in for 0xa1
02-20 20:14:23.062 16291 16291 E ArmVmp : Match on catch block at 0xc3 in for 0xa5
02-20 20:14:23.067 16291 16291 E ArmVmp : Match on catch block at 0xc3 in for 0xa9
02-20 20:14:23.072 16291 16291 E ArmVmp : Match on catch block at 0xc3 in for 0xa9
02-20 20:14:23.083 16291 16291 E ArmVmp : Match on catch block at 0xc3 in for 0xa1
02-20 20:14:23.089 16291 16291 E ArmVmp : Match on catch block at 0xc3 in for 0xa5
02-20 20:14:23.093 16291 16291 E ArmVmp : Match on catch block at 0xc3 in for 0xa5
02-20 20:14:23.106 16291 16291 E ArmVmp : Match on catch block at 0xc3 in for 0xa9
02-20 20:14:23.112 16291 16291 E ArmVmp : Match on catch block at 0xc3 in for 0xa1
02-20 20:14:23.118 16291 16291 E ArmVmp : Match on catch block at 0xc3 in for 0xa1
02-20 20:14:23.128 16291 16291 E ArmVmp : Match on catch block at 0xc3 in for 0xa5
02-20 20:14:23.134 16291 16291 E ArmVmp : Match on catch block at 0xc3 in for 0xa9
02-20 20:14:23.140 16291 16291 E ArmVmp : Match on catch block at 0xc3 in for 0xa9
02-20 20:14:23.151 16291 16291 E ArmVmp : Match on catch block at 0xc3 in for 0xa1
02-20 20:14:23.165 16291 16291 E ArmVmp : Match on catch block at 0xc3 in for 0xa5
02-20 20:14:23.170 16291 16291 E ArmVmp : Match on catch block at 0xc3 in for 0xa5
02-20 20:14:23.180 16291 16291 E ArmVmp : Match on catch block at 0xc3 in for 0xa9
02-20 20:14:23.185 16291 16291 E ArmVmp : Match on catch block at 0xc3 in for 0xa1
02-20 20:14:23.190 16291 16291 E ArmVmp : Match on catch block at 0xc3 in for 0xa1
02-20 20:14:23.203 16291 16291 E ArmVmp : Match on catch block at 0xc3 in for 0xa5
02-20 20:14:23.208 16291 16291 E ArmVmp : Match on catch block at 0xc3 in for 0xa9
02-20 20:14:23.213 16291 16291 E ArmVmp : Match on catch block at 0xc3 in for 0xa9
02-20 20:14:23.223 16291 16291 E ArmVmp : Match on catch block at 0xc3 in for 0xa1
02-20 20:14:23.229 16291 16291 E ArmVmp : Match on catch block at 0xc3 in for 0xa5
02-20 20:14:23.234 16291 16291 E ArmVmp : Match on catch block at 0xc3 in for 0xa5
02-20 20:14:23.246 16291 16291 E ArmVmp : Match on catch block at 0xc3 in for 0xa9
02-20 20:14:23.252 16291 16291 E ArmVmp : Match on catch block at 0xc3 in for 0xa1
02-20 20:14:23.256 16291 16291 E ArmVmp : Match on catch block at 0xc3 in for 0xa1
02-20 20:14:23.267 16291 16291 E ArmVmp : Match on catch block at 0xc3 in for 0xa5
02-20 20:14:23.273 16291 16291 E ArmVmp : Match on catch block at 0xc3 in for 0xa9
02-20 20:14:23.278 16291 16291 E ArmVmp : Match on catch block at 0xc3 in for 0xa9
02-20 20:14:23.288 16291 16291 E ArmVmp : Match on catch block at 0xc3 in for 0xa1
02-20 20:14:23.294 16291 16291 E ArmVmp : Match on catch block at 0xc3 in for 0xa5
02-20 20:14:23.298 16291 16291 E ArmVmp : Match on catch block at 0xc3 in for 0xa5
02-20 20:14:23.309 16291 16291 E ArmVmp : Match on catch block at 0xc3 in for 0xa9
02-20 20:14:23.314 16291 16291 E ArmVmp : Match on catch block at 0xc3 in for 0xa1
02-20 20:14:23.320 16291 16291 E ArmVmp : Match on catch block at 0xc3 in for 0xa1
02-20 20:14:23.331 16291 16291 E ArmVmp : Match on catch block at 0xc3 in for 0xa5
02-20 20:14:23.336 16291 16291 E ArmVmp : Match on catch block at 0xc3 in for 0xa9
02-20 20:14:23.341 16291 16291 E ArmVmp : Match on catch block at 0xc3 in for 0xa9
02-20 20:14:23.352 16291 16291 E ArmVmp : Match on catch block at 0xc3 in for 0xa1
02-20 20:14:23.361 16291 16291 E ArmVmp : Match on catch block at 0xc3 in for 0xa5
02-20 20:14:23.365 16291 16291 E ArmVmp : Match on catch block at 0xc3 in for 0xa5
02-20 20:14:23.375 16291 16291 E ArmVmp : Match on catch block at 0xc3 in for 0xa9
02-20 20:14:23.382 16291 16291 E ArmVmp : Match on catch block at 0xc3 in for 0xa1
02-20 20:14:23.389 16291 16291 E ArmVmp : Match on catch block at 0xc3 in for 0xa1
02-20 20:14:23.399 16291 16291 E ArmVmp : Match on catch block at 0xc3 in for 0xa5
02-20 20:14:23.406 16291 16291 E ArmVmp : Match on catch block at 0xc3 in for 0xa9
02-20 20:14:23.410 16291 16291 E ArmVmp : Match on catch block at 0xc3 in for 0xa9
02-20 20:14:23.420 16291 16291 E ArmVmp : Match on catch block at 0xc3 in for 0xa1
02-20 20:14:23.429 16291 16291 E ArmVmp : Match on catch block at 0xc3 in for 0xa5
02-20 20:14:23.433 16291 16291 E ArmVmp : Match on catch block at 0xc3 in for 0xa5
02-20 20:14:23.444 16291 16291 E ArmVmp : Match on catch block at 0xc3 in for 0xa9
02-20 20:14:23.452 16291 16291 E ArmVmp : Match on catch block at 0xc3 in for 0xa1
02-20 20:14:23.457 16291 16291 E ArmVmp : Match on catch block at 0xc3 in for 0xa1
02-20 20:14:23.472 16291 16291 E ArmVmp : Match on catch block at 0xc3 in for 0xa9
02-20 20:14:23.477 16291 16291 E ArmVmp : Match on catch block at 0xc3 in for 0xa1
02-20 20:14:23.485 16291 16291 E ArmVmp : Match on catch block at 0xc3 in for 0xa1
02-20 20:14:23.495 16291 16291 E ArmVmp : Match on catch block at 0xc3 in for 0xa5
02-20 20:14:23.505 16291 16291 E ArmVmp : Match on catch block at 0xc3 in for 0xa9
02-20 20:14:23.509 16291 16291 E ArmVmp : Match on catch block at 0xc3 in for 0xa9
02-20 20:14:23.521 16291 16291 E ArmVmp : Match on catch block at 0xc3 in for 0xa1
02-20 20:14:23.527 16291 16291 E ArmVmp : Match on catch block at 0xc3 in for 0xa5
02-20 20:14:23.532 16291 16291 E ArmVmp : Match on catch block at 0xc3 in for 0xa5
02-20 20:14:23.544 16291 16291 E ArmVmp : Match on catch block at 0xc3 in for 0xa9
02-20 20:14:23.550 16291 16291 E ArmVmp : Match on catch block at 0xc3 in for 0xa1
02-20 20:14:23.556 16291 16291 E ArmVmp : Match on catch block at 0xc3 in for 0xa1
02-20 20:14:23.568 16291 16291 E ArmVmp : Match on catch block at 0xc3 in for 0xa5
02-20 20:14:23.583 16291 16291 E ArmVmp : Match on catch block at 0xc3 in for 0xa9
02-20 20:14:23.588 16291 16291 E ArmVmp : Match on catch block at 0xc3 in for 0xa9
02-20 20:14:23.598 16291 16291 E ArmVmp : Match on catch block at 0xc3 in for 0xa1
02-20 20:14:23.604 16291 16291 E ArmVmp : Match on catch block at 0xc3 in for 0xa5
02-20 20:14:23.609 16291 16291 E ArmVmp : Match on catch block at 0xc3 in for 0xa5
02-20 20:14:23.620 16291 16291 E ArmVmp : Match on catch block at 0xc3 in for 0xa9
02-20 20:14:23.628 16291 16291 E ArmVmp : Match on catch block at 0xc3 in for 0xa1
02-20 20:14:23.632 16291 16291 E ArmVmp : Match on catch block at 0xc3 in for 0xa1
02-20 20:14:23.643 16291 16291 E ArmVmp : Match on catch block at 0xc3 in for 0xa5
02-20 20:14:23.649 16291 16291 E ArmVmp : Match on catch block at 0xc3 in for 0xa9
02-20 20:14:23.654 16291 16291 E ArmVmp : Match on catch block at 0xc3 in for 0xa9
02-20 20:14:23.664 16291 16291 E ArmVmp : Match on catch block at 0xc3 in for 0xa1
02-20 20:14:23.669 16291 16291 E ArmVmp : Match on catch block at 0xc3 in for 0xa5
02-20 20:14:23.674 16291 16291 E ArmVmp : Match on catch block at 0xc3 in for 0xa5
02-20 20:14:23.684 16291 16291 E ArmVmp : Match on catch block at 0xc3 in for 0xa9
02-20 20:14:23.690 16291 16291 E ArmVmp : Match on catch block at 0xc3 in for 0xa1
02-20 20:14:23.695 16291 16291 E ArmVmp : Match on catch block at 0xc3 in for 0xa1
02-20 20:14:23.707 16291 16291 E ArmVmp : Match on catch block at 0xc3 in for 0xa5
02-20 20:14:23.720 16291 16291 E ArmVmp : Match on catch block at 0xc3 in for 0xa9
02-20 20:14:23.725 16291 16291 E ArmVmp : Match on catch block at 0xc3 in for 0xa9
02-20 20:14:23.736 16291 16291 E ArmVmp : Match on catch block at 0xc3 in for 0xa1
02-20 20:14:23.746 16291 16291 E ArmVmp : Match on catch block at 0xc3 in for 0xa5
02-20 20:14:23.750 16291 16291 E ArmVmp : Match on catch block at 0xc3 in for 0xa5
02-20 20:14:23.758 16291 16291 E ArmVmp : Match on catch block at 0xc3 in for 0xa5
02-20 20:14:23.762 16291 16291 E ArmVmp : Match on catch block at 0xc3 in for 0xa9
02-20 20:14:23.765 16291 16291 E ArmVmp : Match on catch block at 0xc3 in for 0xa9
02-20 20:14:23.772 16291 16291 E ArmVmp : Match on catch block at 0xc3 in for 0xa1
02-20 20:14:23.777 16291 16291 E ArmVmp : Match on catch block at 0xc3 in for 0xa5
02-20 20:14:23.781 16291 16291 E ArmVmp : Match on catch block at 0xc3 in for 0xa5
02-20 20:14:23.788 16291 16291 E ArmVmp : Match on catch block at 0xc3 in for 0xa9
02-20 20:14:23.792 16291 16291 E ArmVmp : Match on catch block at 0xc3 in for 0xa1
02-20 20:14:23.795 16291 16291 E ArmVmp : Match on catch block at 0xc3 in for 0xa1
02-20 20:14:23.804 16291 16291 E ArmVmp : Match on catch block at 0xc3 in for 0xa5
02-20 20:14:23.808 16291 16291 E ArmVmp : Match on catch block at 0xc3 in for 0xa9
02-20 20:14:23.813 16291 16291 E ArmVmp : Match on catch block at 0xc3 in for 0xa9
02-20 20:14:23.820 16291 16291 E ArmVmp : Match on catch block at 0xc3 in for 0xa1
02-20 20:14:23.825 16291 16291 E ArmVmp : Match on catch block at 0xc3 in for 0xa5
02-20 20:14:23.828 16291 16291 E ArmVmp : Match on catch block at 0xc3 in for 0xa5
02-20 20:14:23.837 16291 16291 E ArmVmp : Match on catch block at 0xc3 in for 0xa9
02-20 20:14:23.842 16291 16291 E ArmVmp : Match on catch block at 0xc3 in for 0xa1
02-20 20:14:23.844 16291 16291 E ArmVmp : Match on catch block at 0xc3 in for 0xa1
02-20 20:14:23.853 16291 16291 E ArmVmp : Match on catch block at 0xc3 in for 0xa9
02-20 20:14:23.857 16291 16291 E ArmVmp : Match on catch block at 0xc3 in for 0xa1
02-20 20:14:23.860 16291 16291 E ArmVmp : Match on catch block at 0xc3 in for 0xa1
02-20 20:14:23.869 16291 16291 E ArmVmp : Match on catch block at 0xc3 in for 0xa9
02-20 20:14:23.872 16291 16291 E ArmVmp : Match on catch block at 0xc3 in for 0xa1
02-20 20:14:23.875 16291 16291 E ArmVmp : Match on catch block at 0xc3 in for 0xa1
02-20 20:14:24.075 16291 16291 E ArmVmp : Match on catch block at 0xc3 in for 0xa9
02-20 20:14:24.078 16291 16291 E ArmVmp : Match on catch block at 0xc3 in for 0xa1
02-20 20:14:24.090 16291 16291 E ArmVmp : Match on catch block at 0xc3 in for 0xa1
02-20 20:14:24.102 16291 16291 E ArmVmp : Match on catch block at 0xc3 in for 0xa5
02-20 20:14:24.106 16291 16291 E ArmVmp : Match on catch block at 0xc3 in for 0xa9
02-20 20:14:24.109 16291 16291 E ArmVmp : Match on catch block at 0xc3 in for 0xa9
02-20 20:14:24.126 16291 16291 E ArmVmp : Match on catch block at 0xc3 in for 0xa5
02-20 20:14:24.129 16291 16291 E ArmVmp : Match on catch block at 0xc3 in for 0xa9
02-20 20:14:24.132 16291 16291 E ArmVmp : Match on catch block at 0xc3 in for 0xa9
02-20 20:14:24.164 16291 16291 E ArmVmp : Match on catch block at 0xc3 in for 0xa1
02-20 20:14:24.168 16291 16291 E ArmVmp : Match on catch block at 0xc3 in for 0xa5
02-20 20:14:24.178 16291 16291 E ArmVmp : Match on catch block at 0xc3 in for 0xa1
02-20 20:14:24.181 16291 16291 E ArmVmp : Match on catch block at 0xc3 in for 0xa5
02-20 20:14:24.263 16291 16291 E ArmVmp : Match on catch block at 0xc3 in for 0xa9
02-20 20:14:24.266 16291 16291 E ArmVmp : Match on catch block at 0xc3 in for 0xa1
02-20 20:14:24.310 16291 16291 E ArmVmp : Match on catch block at 0xc3 in for 0xa1
02-20 20:14:24.314 16291 16291 E ArmVmp : Match on catch block at 0xc3 in for 0xa5
02-20 20:14:24.351 16291 16291 E ArmVmp : Match on catch block at 0xc3 in for 0xa9
02-20 20:14:24.354 16291 16291 E ArmVmp : Match on catch block at 0xc3 in for 0xa1
02-20 20:14:24.361 16291 16291 E ArmVmp : Match on catch block at 0xc3 in for 0xa9
02-20 20:14:24.366 16291 16291 E ArmVmp : Match on catch block at 0xc3 in for 0xa1
02-20 20:14:24.372 16291 16291 E ArmVmp : Match on catch block at 0xc3 in for 0xa9
02-20 20:14:24.376 16291 16291 E ArmVmp : Match on catch block at 0xc3 in for 0xa1
02-20 20:14:24.383 16291 16291 E ArmVmp : Match on catch block at 0xc3 in for 0xa9
02-20 20:14:24.387 16291 16291 E ArmVmp : Match on catch block at 0xc3 in for 0xa1
02-20 20:14:24.396 16291 16291 E ArmVmp : Match on catch block at 0xc3 in for 0xa9
02-20 20:14:24.400 16291 16291 E ArmVmp : Match on catch block at 0xc3 in for 0xa1
02-20 20:14:24.412 16291 16291 E ArmVmp : Match on catch block at 0xc3 in for 0xa9
02-20 20:14:24.416 16291 16291 E ArmVmp : Match on catch block at 0xc3 in for 0xa1
02-20 20:14:24.434 16291 16291 E ArmVmp : Match on catch block at 0xc3 in for 0xa9
02-20 20:14:24.438 16291 16291 E ArmVmp : Match on catch block at 0xc3 in for 0xa1
02-20 20:14:24.466 16291 16291 E ArmVmp : Match on catch block at 0xc3 in for 0xa9
02-20 20:14:24.470 16291 16291 E ArmVmp : Match on catch block at 0xc3 in for 0xa1
02-20 20:14:24.522 16291 16291 E ArmVmp : Match on catch block at 0xc3 in for 0xa1
02-20 20:14:24.526 16291 16291 E ArmVmp : Match on catch block at 0xc3 in for 0xa5
02-20 20:14:24.616 16291 16291 E ArmVmp : Match on catch block at 0xc3 in for 0xa1
02-20 20:14:24.620 16291 16291 E ArmVmp : Match on catch block at 0xc3 in for 0xa5
02-20 20:14:24.668 16291 16291 E ArmVmp : Match on catch block at 0xc3 in for 0xa5
02-20 20:14:24.672 16291 16291 E ArmVmp : Match on catch block at 0xc3 in for 0xa9
02-20 20:14:24.717 16291 16291 E ArmVmp : Match on catch block at 0xc3 in for 0xa5
02-20 20:14:24.723 16291 16291 E ArmVmp : Match on catch block at 0xc3 in for 0xa9
02-20 20:14:24.756 16291 16291 E ArmVmp : Match on catch block at 0xc3 in for 0xa5
02-20 20:14:24.760 16291 16291 E ArmVmp : Match on catch block at 0xc3 in for 0xa9
02-20 20:14:24.782 16291 16291 E ArmVmp : Match on catch block at 0xc3 in for 0xa5
02-20 20:14:24.790 16291 16291 E ArmVmp : Match on catch block at 0xc3 in for 0xa9
02-20 20:14:24.818 16291 16291 E ArmVmp : Match on catch block at 0xc3 in for 0xa1
02-20 20:14:24.823 16291 16291 E ArmVmp : Match on catch block at 0xc3 in for 0xa5
02-20 20:14:24.861 16291 16291 E ArmVmp : Match on catch block at 0xc3 in for 0xa5
02-20 20:14:24.869 16291 16291 E ArmVmp : Match on catch block at 0xc3 in for 0xa9
02-20 20:14:24.905 16291 16291 E ArmVmp : Match on catch block at 0xc3 in for 0xa1
02-20 20:14:24.910 16291 16291 E ArmVmp : Match on catch block at 0xc3 in for 0xa5
02-20 20:14:24.933 16291 16291 E ArmVmp : Match on catch block at 0xc3 in for 0xa9
02-20 20:14:24.940 16291 16291 E ArmVmp : Match on catch block at 0xc3 in for 0xa1
02-20 20:14:24.975 16291 17362 W libEGL : EGLNativeWindowType 0x7e74ac5010
disconnect failed
02-20 20:14:24.991 16291 16291 E ArmVmp : Match on catch block at 0xc3 in for 0xa9
02-20 20:14:25.000 16291 16291 E ArmVmp : Match on catch block at 0xc3 in for 0xa1
02-20 20:14:25.081 16291 16439 E SQLiteDatabase: Error inserting transferred=1
media_job_uuid=77ffcd64-d283-4615-9a2e-323f916ffedf transcoded=0 gif_attribution=0
first_scan_length=0 direct_path=/v/t62.7117-
24/17635828_945053513885355_4616016160877607318_n.enc?ccb=11-
4&oh=01_AdR1UujrTbcQk0kZb0yIJtDmUd-Gjw196Cj-qLWNjc12Dg&oe=65FCBAFD&_nc_sid=5e03e0
thumbnail_height_width_ratio=0.0 is_animated_sticker=0
file_hash=Z8MnmZfj0SRPn/oVZ4s58T8fd1+xHVqTeqnhChWSq0U= file_path=Media/WhatsApp
Voice Notes/202408/PTT-20240220-WA0009.opus file_size=0 partial_media_hash=null
face_x=0 face_y=0 height=0 trim_to=0 media_key_timestamp=1708478063449
message_url=https://mmg.whatsapp.net/v/t62.7117-
24/17635828_945053513885355_4616016160877607318_n.enc?ccb=11-
4&oh=01_AdR1UujrTbcQk0kZb0yIJtDmUd-Gjw196Cj-
qLWNjc12Dg&oe=65FCBAFD&_nc_sid=5e03e0&mms3=true media_caption=null trim_from=0
mime_type=audio/ogg; codecs=opus partial_media_enc_hash=null width=0
original_file_hash=null has_streaming_sidecar=0 autotransfer_retry_enabled=0
media_upload_handle=null message_row_id=151 multicast_id=null
enc_file_hash=AeG97iw4l+lOeAcznm9pHsRzBzGwQSztOHRRx2qUw7o= mute_video=0
page_count=0 first_scan_sidecar=null suspicious_content=0 file_length=6994
media_name=6034b1e8c1f94d00b758188a691ff940.opus media_duration=3 chat_row_id=100
media_key=[B@3120e99
02-20 20:14:25.081 16291 16439 E SQLiteDatabase:
android.database.sqlite.SQLiteConstraintException: UNIQUE constraint failed:
message_media.message_row_id (code 1555 SQLITE_CONSTRAINT_PRIMARYKEY[1555])
02-20 20:14:25.081 16291 16439 E SQLiteDatabase: at
android.database.sqlite.SQLiteConnection.nativeExecuteForLastInsertedRowId(Native
Method)
02-20 20:14:25.081 16291 16439 E SQLiteDatabase: at
android.database.sqlite.SQLiteConnection.executeForLastInsertedRowId(SQLiteConnecti
on.java:1217)
02-20 20:14:25.081 16291 16439 E SQLiteDatabase: at
android.database.sqlite.SQLiteSession.executeForLastInsertedRowId(SQLiteSession.jav
a:790)
02-20 20:14:25.081 16291 16439 E SQLiteDatabase: at
android.database.sqlite.SQLiteStatement.executeInsert(SQLiteStatement.java:88)
02-20 20:14:25.081 16291 16439 E SQLiteDatabase: at
android.database.sqlite.SQLiteDatabase.insertWithOnConflict(SQLiteDatabase.java:221
9)
02-20 20:14:25.081 16291 16439 E SQLiteDatabase: at
android.database.sqlite.SQLiteDatabase.insert(SQLiteDatabase.java:2088)
02-20 20:14:25.081 16291 16439 E SQLiteDatabase: at X.2tm.A08(Unknown
Source:6)
02-20 20:14:25.081 16291 16439 E SQLiteDatabase: at X.35Y.A07(Unknown
Source:212)
02-20 20:14:25.081 16291 16439 E SQLiteDatabase: at X.3QF.A14(Unknown
Source:470)
02-20 20:14:25.081 16291 16439 E SQLiteDatabase: at X.3gU.run(Unknown
Source:982)
02-20 20:14:25.081 16291 16439 E SQLiteDatabase: at
android.os.Handler.handleCallback(Handler.java:938)
02-20 20:14:25.081 16291 16439 E SQLiteDatabase: at
android.os.Handler.dispatchMessage(Handler.java:99)
02-20 20:14:25.081 16291 16439 E SQLiteDatabase: at
X.0zq.dispatchMessage(Unknown Source:4)
02-20 20:14:25.081 16291 16439 E SQLiteDatabase: at
android.os.Looper.loop(Looper.java:246)
02-20 20:14:25.081 16291 16439 E SQLiteDatabase: at
android.os.HandlerThread.run(HandlerThread.java:67)
02-20 20:14:27.039 16291 17362 W libEGL : EGLNativeWindowType 0x7e36918010
disconnect failed
02-20 20:14:28.813 16291 16291 W BottomSheetBehavior: BottomSheetBehavior now
supports multiple callbacks. `setBottomSheetCallback()` removes all existing
callbacks, including ones set internally by library authors, which may result in
unintended behavior. This may change in the future. Please use
`addBottomSheetCallback()` and `removeBottomSheetCallback()` instead to set your
own callbacks.
02-20 20:14:28.813 16291 16291 W BottomSheetBehavior: BottomSheetBehavior now
supports multiple callbacks. `setBottomSheetCallback()` removes all existing
callbacks, including ones set internally by library authors, which may result in
unintended behavior. This may change in the future. Please use
`addBottomSheetCallback()` and `removeBottomSheetCallback()` instead to set your
own callbacks.
02-20 20:14:28.932 16291 16291 W BottomSheetBehavior: BottomSheetBehavior now
supports multiple callbacks. `setBottomSheetCallback()` removes all existing
callbacks, including ones set internally by library authors, which may result in
unintended behavior. This may change in the future. Please use
`addBottomSheetCallback()` and `removeBottomSheetCallback()` instead to set your
own callbacks.
02-20 20:14:28.932 16291 16291 W BottomSheetBehavior: BottomSheetBehavior now
supports multiple callbacks. `setBottomSheetCallback()` removes all existing
callbacks, including ones set internally by library authors, which may result in
unintended behavior. This may change in the future. Please use
`addBottomSheetCallback()` and `removeBottomSheetCallback()` instead to set your
own callbacks.
02-20 20:14:28.961 16291 17362 W libEGL : EGLNativeWindowType 0x7efd938010
disconnect failed
02-20 20:14:29.006 16291 17362 W libEGL : EGLNativeWindowType 0x7e33f3b010
disconnect failed
02-20 20:14:29.085 16291 18502 W AudioCapabilities: Unsupported mime audio/x-ima
02-20 20:14:29.086 16291 18502 W VideoCapabilities: Unsupported mime video/mp43
02-20 20:14:29.087 16291 18502 W VideoCapabilities: Unsupported mime video/wvc1
02-20 20:14:29.087 16291 18502 W VideoCapabilities: Unsupported mime video/x-ms-wmv
02-20 20:14:29.088 16291 18502 W AudioCapabilities: Unsupported mime audio/x-ms-wma
02-20 20:14:29.088 16291 18502 W VideoCapabilities: Unsupported mime video/x-ms-
wmv7
02-20 20:14:29.088 16291 18502 W VideoCapabilities: Unsupported mime video/x-ms-
wmv8
02-20 20:14:29.088 16291 18502 W AudioCapabilities: Unsupported mime audio/x-ima
02-20 20:14:29.089 16291 18502 W AudioCapabilities: Unsupported mime audio/mpeg-L1
02-20 20:14:29.089 16291 18502 W AudioCapabilities: Unsupported mime audio/mpeg-L2
02-20 20:14:29.089 16291 18502 W VideoCapabilities: Unsupported mime video/wvc1
02-20 20:14:29.098 16291 18502 W VideoCapabilities: Unsupported mime video/wvc1
02-20 20:14:29.100 16291 18502 W VideoCapabilities: Unsupported mime video/avc-wfd
02-20 20:14:29.103 16291 18502 W VideoCapabilities: Unrecognized profile/level 1/32
for video/mp4v-es
02-20 20:14:29.103 16291 18502 W VideoCapabilities: Unrecognized profile/level
32768/2 for video/mp4v-es
02-20 20:14:29.103 16291 18502 W VideoCapabilities: Unrecognized profile/level
32768/64 for video/mp4v-es
02-20 20:14:29.237 16291 18505 W ACodec : [OMX.Exynos.avc.dec] setting
HDRStaticInfo failed even though codec advertises support
02-20 20:14:29.241 16291 18505 W ACodec : [OMX.Exynos.avc.dec] getting
HDRStaticInfo failed even though codec advertises support
02-20 20:14:29.342 16291 18505 W Gralloc4: allocator 3.x is not supported
02-20 20:14:29.345 16291 18505 W Gralloc3: allocator 3.x is not supported
02-20 20:14:29.369 16291 18505 W ACodec : [OMX.Exynos.avc.dec] getting
HDRStaticInfo failed even though codec advertises support
02-20 20:14:29.371 16291 18505 W AHierarchicalStateMachine: Warning message
AMessage(what = 'omxI') = {
02-20 20:14:29.371 16291 18505 W AHierarchicalStateMachine: int32_t type = 0
02-20 20:14:29.371 16291 18505 W AHierarchicalStateMachine: int32_t event = 3
02-20 20:14:29.371 16291 18505 W AHierarchicalStateMachine: int32_t data1 = 1
02-20 20:14:29.371 16291 18505 W AHierarchicalStateMachine: int32_t data2 =
117440527
02-20 20:14:29.371 16291 18505 W AHierarchicalStateMachine: } unhandled in root
state.
02-20 20:14:29.417 16291 18514 W Codec2Client: query -- param skipped: index =
1107298332.
02-20 20:14:29.417 16291 18514 W CCodec : This behavior is subject to change. It
is recommended that app developers double check whether the requested max input
size is in reasonable range.
02-20 20:14:29.423 16291 18514 W Codec2Client: query -- param skipped: index =
1342179345.
02-20 20:14:29.423 16291 18514 W Codec2Client: query -- param skipped: index =
2415921170.
02-20 20:14:29.423 16291 18514 W Codec2Client: query -- param skipped: index =
1610614798.
02-20 20:14:29.430 16291 18514 E FMQ : grantorIdx must be less than 3
02-20 20:14:29.430 16291 18514 E FMQ : grantorIdx must be less than 3
02-20 20:14:29.435 16291 18514 E ion : ioctl c0044901 failed with code -1:
Invalid argument
02-20 20:14:29.438 16291 18514 E FMQ : grantorIdx must be less than 3
02-20 20:14:29.463 16291 18506 E FMQ : grantorIdx must be less than 3
02-20 20:14:29.475 16291 18505 W ACodec : [OMX.Exynos.avc.dec] getting
HDRStaticInfo failed even though codec advertises support
02-20 20:14:29.741 16291 18502 W AudioTrack: getTimestamp_l(192): retrograde
timestamp time corrected, 7116520226141 < 7116689198833
02-20 20:14:30.072 16291 18514 W Codec2Client: query -- param skipped: index =
1342179345.
02-20 20:14:30.072 16291 18514 W Codec2Client: query -- param skipped: index =
2415921170.
02-20 20:14:30.072 16291 18514 W Codec2Client: query -- param skipped: index =
1610614798.
02-20 20:14:30.093 16291 17362 W libEGL : EGLNativeWindowType 0x7efd938010
disconnect failed
02-20 20:14:30.103 16291 16291 E ViewRootImpl: sendUserActionEvent() mView
returned.
02-20 20:14:30.171 16291 16291 E ViewRootImpl: sendUserActionEvent() mView
returned.
02-20 20:14:31.288 16291 17362 W libEGL : EGLNativeWindowType 0x7e33f3b010
disconnect failed
02-20 20:14:32.391 16291 17362 W libEGL : EGLNativeWindowType 0x7e364a0010
disconnect failed
02-20 20:14:34.695 16291 17362 W libEGL : EGLNativeWindowType 0x7e35552010
disconnect failed
02-20 20:14:36.571 16291 16291 E ArmVmp : Match on catch block at 0x0a in for 0xc5
02-20 20:14:36.594 16291 16291 E ArmVmp : Match on catch block at 0x0a in for
0x131
02-20 20:14:37.063 16291 16291 E RecyclerView: No adapter attached; skipping layout
02-20 20:14:37.188 16291 17362 W libEGL : EGLNativeWindowType 0x7e33dde010
disconnect failed
02-20 20:14:37.225 16291 16291 E RecyclerView: No adapter attached; skipping layout
02-20 20:14:37.501 16291 16291 E ArmVmp : Match on catch block at 0x0a in for 0xd5
02-20 20:14:59.374 16291 17362 W libEGL : EGLNativeWindowType 0x7e33da4010
disconnect failed
02-20 20:14:59.430 16291 17362 W libEGL : EGLNativeWindowType 0x7e33da4010
disconnect failed
02-20 20:14:59.478 16291 17362 W libEGL : EGLNativeWindowType 0x7e33da4010
disconnect failed
02-20 20:14:59.528 16291 17362 W libEGL : EGLNativeWindowType 0x7e33da4010
disconnect failed
02-20 20:14:59.572 16291 17362 W libEGL : EGLNativeWindowType 0x7e33da4010
disconnect failed
02-20 20:14:59.618 16291 17362 W libEGL : EGLNativeWindowType 0x7e33da4010
disconnect failed
02-20 20:14:59.665 16291 17362 W libEGL : EGLNativeWindowType 0x7e33da4010
disconnect failed
02-20 20:15:00.619 16291 17362 W libEGL : EGLNativeWindowType 0x7e33da4010
disconnect failed
02-20 20:15:20.521 16291 17362 W libEGL : EGLNativeWindowType 0x7e33da4010
disconnect failed
02-20 20:15:20.580 16291 17362 W libEGL : EGLNativeWindowType 0x7e33da4010
disconnect failed
02-20 20:15:20.623 16291 17362 W libEGL : EGLNativeWindowType 0x7e33da4010
disconnect failed
02-20 20:15:20.670 16291 17362 W libEGL : EGLNativeWindowType 0x7e33da4010
disconnect failed
02-20 20:15:20.710 16291 17362 W libEGL : EGLNativeWindowType 0x7e33da4010
disconnect failed
02-20 20:15:20.746 16291 17362 W libEGL : EGLNativeWindowType 0x7e33da4010
disconnect failed
02-20 20:15:20.789 16291 17362 W libEGL : EGLNativeWindowType 0x7e33da4010
disconnect failed
02-20 20:15:20.825 16291 17362 W libEGL : EGLNativeWindowType 0x7e33da4010
disconnect failed
02-20 20:15:21.772 16291 17362 W libEGL : EGLNativeWindowType 0x7e33da4010
disconnect failed
02-20 20:15:27.311 16291 16439 E SQLiteDatabase: Error inserting transferred=1
media_job_uuid=50b52f55-967f-4599-9e72-840caeafe616 transcoded=0 gif_attribution=0
first_scan_length=0 direct_path=/v/t62.7117-
24/23117949_1530242437542696_5088001844746132157_n.enc?ccb=11-4&oh=01_AdTI_xYle8Fb-
uLAqWeG08jZthRMRPlJ_KKzGKYpqauOFg&oe=65FCB1F8&_nc_sid=5e03e0
thumbnail_height_width_ratio=0.0 is_animated_sticker=0
file_hash=MMIePZxzg9r9DjyR/wUj1aPTEsh2KRj4R3mDD97rp+4= file_path=Media/WhatsApp
Voice Notes/202408/PTT-20240220-WA0010.opus file_size=14875 partial_media_hash=null
face_x=0 face_y=0 height=0 trim_to=0 media_key_timestamp=1708478120000
message_url=https://mmg.whatsapp.net/v/t62.7117-
24/23117949_1530242437542696_5088001844746132157_n.enc?ccb=11-4&oh=01_AdTI_xYle8Fb-
uLAqWeG08jZthRMRPlJ_KKzGKYpqauOFg&oe=65FCB1F8&_nc_sid=5e03e0&mms3=true
media_caption=null trim_from=0 mime_type=audio/ogg; codecs=opus
partial_media_enc_hash=null width=0 original_file_hash=null has_streaming_sidecar=0
autotransfer_retry_enabled=1 media_upload_handle=null message_row_id=152
multicast_id=null enc_file_hash=vVLomSRaP7SYD74B1xN/QD3z88tTuQoRh3j9Z1rCTz8=
mute_video=0 page_count=0 first_scan_sidecar=null suspicious_content=0
file_length=14875 media_name=null media_duration=6 chat_row_id=100
media_key=[B@c421c00
02-20 20:15:27.311 16291 16439 E SQLiteDatabase:
android.database.sqlite.SQLiteConstraintException: UNIQUE constraint failed:
message_media.message_row_id (code 1555 SQLITE_CONSTRAINT_PRIMARYKEY[1555])
02-20 20:15:27.311 16291 16439 E SQLiteDatabase: at
android.database.sqlite.SQLiteConnection.nativeExecuteForLastInsertedRowId(Native
Method)
02-20 20:15:27.311 16291 16439 E SQLiteDatabase: at
android.database.sqlite.SQLiteConnection.executeForLastInsertedRowId(SQLiteConnecti
on.java:1217)
02-20 20:15:27.311 16291 16439 E SQLiteDatabase: at
android.database.sqlite.SQLiteSession.executeForLastInsertedRowId(SQLiteSession.jav
a:790)
02-20 20:15:27.311 16291 16439 E SQLiteDatabase: at
android.database.sqlite.SQLiteStatement.executeInsert(SQLiteStatement.java:88)
02-20 20:15:27.311 16291 16439 E SQLiteDatabase: at
android.database.sqlite.SQLiteDatabase.insertWithOnConflict(SQLiteDatabase.java:221
9)
02-20 20:15:27.311 16291 16439 E SQLiteDatabase: at
android.database.sqlite.SQLiteDatabase.insert(SQLiteDatabase.java:2088)
02-20 20:15:27.311 16291 16439 E SQLiteDatabase: at X.2tm.A08(Unknown
Source:6)
02-20 20:15:27.311 16291 16439 E SQLiteDatabase: at X.35Y.A07(Unknown
Source:212)
02-20 20:15:27.311 16291 16439 E SQLiteDatabase: at X.3QF.A14(Unknown
Source:470)
02-20 20:15:27.311 16291 16439 E SQLiteDatabase: at X.3gU.run(Unknown
Source:982)
02-20 20:15:27.311 16291 16439 E SQLiteDatabase: at
android.os.Handler.handleCallback(Handler.java:938)
02-20 20:15:27.311 16291 16439 E SQLiteDatabase: at
android.os.Handler.dispatchMessage(Handler.java:99)
02-20 20:15:27.311 16291 16439 E SQLiteDatabase: at
X.0zq.dispatchMessage(Unknown Source:4)
02-20 20:15:27.311 16291 16439 E SQLiteDatabase: at
android.os.Looper.loop(Looper.java:246)
02-20 20:15:27.311 16291 16439 E SQLiteDatabase: at
android.os.HandlerThread.run(HandlerThread.java:67)
02-20 20:15:52.917 16291 17362 W libEGL : EGLNativeWindowType 0x7e33ce0010
disconnect failed
02-20 20:15:58.379 16291 16305 W System : A resource failed to call release.
02-20 20:37:42.862 16291 16291 E ArmVmp : Match on catch block at 0x0a in for 0xc5
02-20 20:37:42.866 16291 16291 E ArmVmp : Match on catch block at 0x0a in for 0xc1
02-20 20:37:43.382 16291 16291 E ArmVmp : Match on catch block at 0xc3 in for 0xb9
02-20 20:37:43.387 16291 16291 E ArmVmp : Match on catch block at 0xc3 in for 0xb9
02-20 20:37:43.391 16291 16291 E ArmVmp : Match on catch block at 0xc3 in for 0xb9
02-20 20:37:43.484 16291 17362 W libEGL : EGLNativeWindowType 0x7ef9188010
disconnect failed
02-20 20:37:43.499 16291 16291 E ArmVmp : Match on catch block at 0xc3 in for 0xa5
02-20 20:37:43.505 16291 16291 E ArmVmp : Match on catch block at 0xc3 in for 0xa9
02-20 20:37:43.507 16291 16291 E ArmVmp : Match on catch block at 0xc3 in for 0xa9
02-20 20:37:43.611 16291 16291 E ArmVmp : Match on catch block at 0xc3 in for 0xa5
02-20 20:37:43.615 16291 16291 E ArmVmp : Match on catch block at 0xc3 in for 0xa9
02-20 20:37:43.618 16291 16291 E ArmVmp : Match on catch block at 0xc3 in for 0xa9
02-20 20:37:43.636 16291 16291 E ArmVmp : Match on catch block at 0xc3 in for 0xa5
02-20 20:37:43.643 16291 16291 E ArmVmp : Match on catch block at 0xc3 in for 0xa9
02-20 20:37:43.646 16291 16291 E ArmVmp : Match on catch block at 0xc3 in for 0xa9
02-20 20:37:43.661 16291 16291 E ArmVmp : Match on catch block at 0xc3 in for 0xa1
02-20 20:37:43.665 16291 16291 E ArmVmp : Match on catch block at 0xc3 in for 0xa5
02-20 20:37:43.668 16291 16291 E ArmVmp : Match on catch block at 0xc3 in for 0xa5
02-20 20:37:43.681 16291 16291 E ArmVmp : Match on catch block at 0xc3 in for 0xa9
02-20 20:37:43.684 16291 16291 E ArmVmp : Match on catch block at 0xc3 in for 0xa1
02-20 20:37:43.687 16291 16291 E ArmVmp : Match on catch block at 0xc3 in for 0xa1
02-20 20:37:43.706 16291 16291 E ArmVmp : Match on catch block at 0xc3 in for 0xa5
02-20 20:37:43.710 16291 16291 E ArmVmp : Match on catch block at 0xc3 in for 0xa9
02-20 20:37:43.712 16291 16291 E ArmVmp : Match on catch block at 0xc3 in for 0xa9
02-20 20:37:43.721 16291 16291 E ArmVmp : Match on catch block at 0xc3 in for 0xa1
02-20 20:37:43.731 16291 16291 E ArmVmp : Match on catch block at 0xc3 in for 0xa5
02-20 20:37:43.733 16291 16291 E ArmVmp : Match on catch block at 0xc3 in for 0xa5
02-20 20:37:43.738 16291 16291 E ArmVmp : Match on catch block at 0xc3 in for 0xa9
02-20 20:37:43.741 16291 16291 E ArmVmp : Match on catch block at 0xc3 in for 0xa1
02-20 20:37:43.744 16291 16291 E ArmVmp : Match on catch block at 0xc3 in for 0xa1
02-20 20:37:43.755 16291 16291 E ArmVmp : Match on catch block at 0xc3 in for 0xa5
02-20 20:37:43.758 16291 16291 E ArmVmp : Match on catch block at 0xc3 in for 0xa9
02-20 20:37:43.760 16291 16291 E ArmVmp : Match on catch block at 0xc3 in for 0xa9
02-20 20:37:43.770 16291 16291 E ArmVmp : Match on catch block at 0xc3 in for 0xa1
02-20 20:37:43.773 16291 16291 E ArmVmp : Match on catch block at 0xc3 in for 0xa5
02-20 20:37:43.776 16291 16291 E ArmVmp : Match on catch block at 0xc3 in for 0xa5
02-20 20:37:43.786 16291 16291 E ArmVmp : Match on catch block at 0xc3 in for 0xa9
02-20 20:37:43.789 16291 16291 E ArmVmp : Match on catch block at 0xc3 in for 0xa1
02-20 20:37:43.792 16291 16291 E ArmVmp : Match on catch block at 0xc3 in for 0xa1
02-20 20:37:43.802 16291 16291 E ArmVmp : Match on catch block at 0xc3 in for 0xa5
02-20 20:37:43.807 16291 16291 E ArmVmp : Match on catch block at 0xc3 in for 0xa9
02-20 20:37:43.810 16291 16291 E ArmVmp : Match on catch block at 0xc3 in for 0xa9
02-20 20:37:43.819 16291 16291 E ArmVmp : Match on catch block at 0xc3 in for 0xa1
02-20 20:37:43.822 16291 16291 E ArmVmp : Match on catch block at 0xc3 in for 0xa5
02-20 20:37:43.825 16291 16291 E ArmVmp : Match on catch block at 0xc3 in for 0xa5
02-20 20:37:43.834 16291 16291 E ArmVmp : Match on catch block at 0xc3 in for 0xa9
02-20 20:37:43.837 16291 16291 E ArmVmp : Match on catch block at 0xc3 in for 0xa1
02-20 20:37:43.840 16291 16291 E ArmVmp : Match on catch block at 0xc3 in for 0xa1
02-20 20:37:43.850 16291 16291 E ArmVmp : Match on catch block at 0xc3 in for 0xa5
02-20 20:37:43.855 16291 16291 E ArmVmp : Match on catch block at 0xc3 in for 0xa9
02-20 20:37:43.858 16291 16291 E ArmVmp : Match on catch block at 0xc3 in for 0xa9
02-20 20:37:43.866 16291 16291 E ArmVmp : Match on catch block at 0xc3 in for 0xa1
02-20 20:37:43.870 16291 16291 E ArmVmp : Match on catch block at 0xc3 in for 0xa5
02-20 20:37:43.873 16291 16291 E ArmVmp : Match on catch block at 0xc3 in for 0xa5
02-20 20:37:43.882 16291 16291 E ArmVmp : Match on catch block at 0xc3 in for 0xa1
02-20 20:37:43.888 16291 16291 E ArmVmp : Match on catch block at 0xc3 in for 0xa5
02-20 20:37:43.891 16291 16291 E ArmVmp : Match on catch block at 0xc3 in for 0xa5
02-20 20:37:43.904 16291 16291 E ArmVmp : Match on catch block at 0xc3 in for 0xa5
02-20 20:37:43.908 16291 16291 E ArmVmp : Match on catch block at 0xc3 in for 0xa9
02-20 20:37:43.910 16291 16291 E ArmVmp : Match on catch block at 0xc3 in for 0xa9
02-20 20:37:43.921 16291 16291 E ArmVmp : Match on catch block at 0xc3 in for 0xa1
02-20 20:37:43.925 16291 16291 E ArmVmp : Match on catch block at 0xc3 in for 0xa5
02-20 20:37:43.927 16291 16291 E ArmVmp : Match on catch block at 0xc3 in for 0xa5
02-20 20:37:43.946 16291 16291 E ArmVmp : Match on catch block at 0xc3 in for 0xa9
02-20 20:37:43.949 16291 16291 E ArmVmp : Match on catch block at 0xc3 in for 0xa1
02-20 20:37:43.951 16291 16291 E ArmVmp : Match on catch block at 0xc3 in for 0xa1
02-20 20:37:43.962 16291 16291 E ArmVmp : Match on catch block at 0xc3 in for 0xa5
02-20 20:37:43.966 16291 16291 E ArmVmp : Match on catch block at 0xc3 in for 0xa9
02-20 20:37:43.968 16291 16291 E ArmVmp : Match on catch block at 0xc3 in for 0xa9
02-20 20:37:43.979 16291 16291 E ArmVmp : Match on catch block at 0xc3 in for 0xa1
02-20 20:37:43.982 16291 16291 E ArmVmp : Match on catch block at 0xc3 in for 0xa5
02-20 20:37:43.985 16291 16291 E ArmVmp : Match on catch block at 0xc3 in for 0xa5
02-20 20:37:43.996 16291 16291 E ArmVmp : Match on catch block at 0xc3 in for 0xa9
02-20 20:37:44.000 16291 16291 E ArmVmp : Match on catch block at 0xc3 in for 0xa1
02-20 20:37:44.003 16291 16291 E ArmVmp : Match on catch block at 0xc3 in for 0xa1
02-20 20:37:44.009 16291 16291 E ArmVmp : Match on catch block at 0xc3 in for 0xa5
02-20 20:37:44.012 16291 16291 E ArmVmp : Match on catch block at 0xc3 in for 0xa9
02-20 20:37:44.014 16291 16291 E ArmVmp : Match on catch block at 0xc3 in for 0xa9
02-20 20:37:44.025 16291 16291 E ArmVmp : Match on catch block at 0xc3 in for 0xa1
02-20 20:37:44.028 16291 16291 E ArmVmp : Match on catch block at 0xc3 in for 0xa5
02-20 20:37:44.030 16291 16291 E ArmVmp : Match on catch block at 0xc3 in for 0xa5
02-20 20:37:44.042 16291 16291 E ArmVmp : Match on catch block at 0xc3 in for 0xa9
02-20 20:37:44.050 16291 16291 E ArmVmp : Match on catch block at 0xc3 in for 0xa1
02-20 20:37:44.055 16291 16291 E ArmVmp : Match on catch block at 0xc3 in for 0xa1
02-20 20:37:44.076 16291 16291 E ArmVmp : Match on catch block at 0xc3 in for 0xa5
02-20 20:37:44.080 16291 16291 E ArmVmp : Match on catch block at 0xc3 in for 0xa9
02-20 20:37:44.083 16291 16291 E ArmVmp : Match on catch block at 0xc3 in for 0xa9
02-20 20:37:44.092 16291 16291 E ArmVmp : Match on catch block at 0xc3 in for 0xa1
02-20 20:37:44.099 16291 16291 E ArmVmp : Match on catch block at 0xc3 in for 0xa5
02-20 20:37:44.102 16291 16291 E ArmVmp : Match on catch block at 0xc3 in for 0xa5
02-20 20:37:44.617 16291 16291 E ArmVmp : Match on catch block at 0xc3 in for 0xa9
02-20 20:37:44.633 16291 16291 E ArmVmp : Match on catch block at 0xc3 in for 0xa1
02-20 20:37:44.644 16291 16291 E ArmVmp : Match on catch block at 0xc3 in for 0xa1
02-20 20:37:44.864 16291 16291 E ArmVmp : Match on catch block at 0xc3 in for 0xa5
02-20 20:37:44.869 16291 16291 E ArmVmp : Match on catch block at 0xc3 in for 0xa9
02-20 20:37:44.872 16291 16291 E ArmVmp : Match on catch block at 0xc3 in for 0xa9
02-20 20:37:44.926 16291 16291 E ArmVmp : Match on catch block at 0xc3 in for 0xa5
02-20 20:37:44.930 16291 16291 E ArmVmp : Match on catch block at 0xc3 in for 0xa9
02-20 20:37:44.934 16291 16291 E ArmVmp : Match on catch block at 0xc3 in for 0xa9
02-20 20:37:44.995 16291 16291 E ArmVmp : Match on catch block at 0xc3 in for 0xa1
02-20 20:37:45.000 16291 16291 E ArmVmp : Match on catch block at 0xc3 in for 0xa5
02-20 20:37:45.003 16291 16291 E ArmVmp : Match on catch block at 0xc3 in for 0xa5
02-20 20:37:45.018 16291 16291 E ArmVmp : Match on catch block at 0xc3 in for 0xa1
02-20 20:37:45.023 16291 16291 E ArmVmp : Match on catch block at 0xc3 in for 0xa5
