02-20 16:19:15.425 3528 3528 E ArmVmp : Match on catch block at 0x0a in for 0xc5
02-20 16:19:15.453 3528 3528 E ArmVmp : Match on catch block at 0x0a in for
0x139
02-20 16:19:16.567 3528 3528 E RecyclerView: No adapter attached; skipping layout
02-20 16:19:16.624 3528 4157 W Gralloc3: mapper 3.x is not supported
02-20 16:19:16.734 3528 3528 E RecyclerView: No adapter attached; skipping layout
02-20 16:19:16.784 3528 3528 E ArmVmp : Match on catch block at 0x0a in for 0xd9
02-20 16:19:16.835 3528 4157 W libEGL : EGLNativeWindowType 0x7e7fc4b010
disconnect failed
02-20 16:19:16.995 3528 4298 W LOTTIE : Animation contains merge paths. Merge
paths are only supported on KitKat+ and must be manually enabled by calling
enableMergePathsForKitKatAndAbove().
02-20 16:19:17.231 3528 3528 W LOTTIE : Animation contains merge paths but they
are disabled.
02-20 16:19:20.288 3528 4427 E linker : library ""
("/apex/com.android.vndk.v30/lib64") needed or dlopened by
"/apex/com.android.vndk.v30/lib64/libRS_internal.so" is not accessible for the
namespace: [name="rs", ld_library_paths="",
default_library_paths="/apex/com.android.vndk.v30/lib64:/vendor/lib64",
permitted_paths="/odm/lib64:/vendor/lib64:/system/vendor/lib64:/data"]
02-20 16:19:20.288 3528 4427 E RenderScript: Failed loading RS driver: dlopen
failed: library "" needed or dlopened by
"/apex/com.android.vndk.v30/lib64/libRS_internal.so" is not accessible for the
namespace "rs"
02-20 16:19:20.288 3528 4427 E RenderScript: Failed to load runtime , loading
default
02-20 16:19:20.509 3528 4298 W LOTTIE : Unknown shape type rd
02-20 16:19:20.604 3528 3528 E ArmVmp : Match on catch block at 0x0a in for 0xc9
02-20 16:19:20.611 3528 3528 E ArmVmp : Match on catch block at 0x0a in for 0xc9
02-20 16:19:20.832 3528 3528 E ArmVmp : Match on catch block at 0xc3 in for 0xb1
02-20 16:19:20.836 3528 3528 E ArmVmp : Match on catch block at 0xc3 in for 0xb9
02-20 16:19:20.918 3528 3528 E ArmVmp : Match on catch block at 0xc3 in for 0xa1
02-20 16:19:20.921 3528 3528 E ArmVmp : Match on catch block at 0xc3 in for 0xa9
02-20 16:19:20.991 3528 3528 E ArmVmp : Match on catch block at 0xc3 in for 0xa5
02-20 16:19:20.995 3528 3528 E ArmVmp : Match on catch block at 0xc3 in for 0xa9
02-20 16:19:21.012 3528 3528 E ArmVmp : Match on catch block at 0xc3 in for 0xa5
02-20 16:19:21.016 3528 3528 E ArmVmp : Match on catch block at 0xc3 in for 0xa9
02-20 16:19:21.296 3528 4157 W libEGL : EGLNativeWindowType 0x7e6b56c010
disconnect failed
02-20 16:19:21.470 3528 3528 E ArmVmp : Match on catch block at 0xc3 in for 0xa9
02-20 16:19:21.473 3528 3528 E ArmVmp : Match on catch block at 0xc3 in for 0xa1
02-20 16:19:21.485 3528 3528 E ArmVmp : Match on catch block at 0xc3 in for 0xa1
02-20 16:19:21.492 3528 3528 E ArmVmp : Match on catch block at 0xc3 in for 0xa5
02-20 16:19:21.501 3528 3528 E ArmVmp : Match on catch block at 0xc3 in for 0xa5
02-20 16:19:21.504 3528 3528 E ArmVmp : Match on catch block at 0xc3 in for 0xa9
02-20 16:19:21.520 3528 3528 E ArmVmp : Match on catch block at 0xc3 in for 0xa9
02-20 16:19:21.523 3528 3528 E ArmVmp : Match on catch block at 0xc3 in for 0xa1
02-20 16:19:21.535 3528 3528 E ArmVmp : Match on catch block at 0xc3 in for 0xa1
02-20 16:19:21.538 3528 3528 E ArmVmp : Match on catch block at 0xc3 in for 0xa5
02-20 16:19:21.551 3528 3528 E ArmVmp : Match on catch block at 0xc3 in for 0xa5
02-20 16:19:21.556 3528 3528 E ArmVmp : Match on catch block at 0xc3 in for 0xa9
02-20 16:19:21.568 3528 3528 E ArmVmp : Match on catch block at 0xc3 in for 0xa9
02-20 16:19:21.572 3528 3528 E ArmVmp : Match on catch block at 0xc3 in for 0xa1
02-20 16:19:21.585 3528 3528 E ArmVmp : Match on catch block at 0xc3 in for 0xa1
02-20 16:19:21.588 3528 3528 E ArmVmp : Match on catch block at 0xc3 in for 0xa5
02-20 16:19:21.597 3528 3528 E ArmVmp : Match on catch block at 0xc3 in for 0xa5
02-20 16:19:21.601 3528 3528 E ArmVmp : Match on catch block at 0xc3 in for 0xa9
02-20 16:19:21.614 3528 3528 E ArmVmp : Match on catch block at 0xc3 in for 0xa9
02-20 16:19:21.617 3528 3528 E ArmVmp : Match on catch block at 0xc3 in for 0xa1
02-20 16:19:21.632 3528 3528 E ArmVmp : Match on catch block at 0xc3 in for 0xa9
02-20 16:19:21.637 3528 3528 E ArmVmp : Match on catch block at 0xc3 in for 0xa1
02-20 16:19:21.648 3528 3528 E ArmVmp : Match on catch block at 0xc3 in for 0xa1
02-20 16:19:21.652 3528 3528 E ArmVmp : Match on catch block at 0xc3 in for 0xa5
02-20 16:19:21.664 3528 3528 E ArmVmp : Match on catch block at 0xc3 in for 0xa5
02-20 16:19:21.668 3528 3528 E ArmVmp : Match on catch block at 0xc3 in for 0xa9
02-20 16:19:21.680 3528 3528 E ArmVmp : Match on catch block at 0xc3 in for 0xa9
02-20 16:19:21.685 3528 3528 E ArmVmp : Match on catch block at 0xc3 in for 0xa1
02-20 16:19:21.699 3528 3528 E ArmVmp : Match on catch block at 0xc3 in for 0xa9
02-20 16:19:21.702 3528 3528 E ArmVmp : Match on catch block at 0xc3 in for 0xa1
02-20 16:19:21.712 3528 3528 E ArmVmp : Match on catch block at 0xc3 in for 0xa5
02-20 16:19:21.716 3528 3528 E ArmVmp : Match on catch block at 0xc3 in for 0xa9
02-20 16:19:21.728 3528 3528 E ArmVmp : Match on catch block at 0xc3 in for 0xa9
02-20 16:19:21.734 3528 3528 E ArmVmp : Match on catch block at 0xc3 in for 0xa1
02-20 16:19:21.817 3528 3528 E ArmVmp : Match on catch block at 0xc3 in for 0xa9
02-20 16:19:21.820 3528 3528 E ArmVmp : Match on catch block at 0xc3 in for 0xa1
02-20 16:19:21.928 3528 3528 E ArmVmp : Match on catch block at 0xc3 in for 0xa1
02-20 16:19:21.931 3528 3528 E ArmVmp : Match on catch block at 0xc3 in for 0xa5
02-20 16:19:21.952 3528 3528 E ArmVmp : Match on catch block at 0xc3 in for 0xa5
02-20 16:19:21.955 3528 3528 E ArmVmp : Match on catch block at 0xc3 in for 0xa9
02-20 16:19:21.990 3528 4157 W libEGL : EGLNativeWindowType 0x7e6b56c010
disconnect failed
02-20 16:19:22.754 3528 4157 W libEGL : EGLNativeWindowType 0x7e2be20010
disconnect failed
02-20 16:19:22.977 3528 4157 W libEGL : EGLNativeWindowType 0x7e6b56c010
disconnect failed
02-20 16:19:23.432 3528 3528 E ArmVmp : Match on catch block at 0xc3 in for 0xa9
02-20 16:19:23.446 3528 3528 E ArmVmp : Match on catch block at 0xc3 in for 0xa1
02-20 16:19:23.467 3528 3528 E ArmVmp : Match on catch block at 0xc3 in for 0xa1
02-20 16:19:23.480 3528 3528 E ArmVmp : Match on catch block at 0xc3 in for 0xa5
02-20 16:19:23.492 3528 3528 E ArmVmp : Match on catch block at 0xc3 in for 0xa5
02-20 16:19:23.507 3528 3528 E ArmVmp : Match on catch block at 0xc3 in for 0xa9
02-20 16:19:23.521 3528 3528 E ArmVmp : Match on catch block at 0xc3 in for 0xa9
02-20 16:19:23.527 3528 3528 E ArmVmp : Match on catch block at 0xc3 in for 0xa1
02-20 16:19:23.539 3528 3528 E ArmVmp : Match on catch block at 0xc3 in for 0xa1
02-20 16:19:23.545 3528 3528 E ArmVmp : Match on catch block at 0xc3 in for 0xa5
02-20 16:19:23.558 3528 3528 E ArmVmp : Match on catch block at 0xc3 in for 0xa5
02-20 16:19:23.565 3528 3528 E ArmVmp : Match on catch block at 0xc3 in for 0xa9
02-20 16:19:23.576 3528 3528 E ArmVmp : Match on catch block at 0xc3 in for 0xa9
02-20 16:19:23.587 3528 3528 E ArmVmp : Match on catch block at 0xc3 in for 0xa1
02-20 16:19:23.602 3528 3528 E ArmVmp : Match on catch block at 0xc3 in for 0xa1
02-20 16:19:23.608 3528 3528 E ArmVmp : Match on catch block at 0xc3 in for 0xa5
02-20 16:19:23.618 3528 3528 E ArmVmp : Match on catch block at 0xc3 in for 0xa5
02-20 16:19:23.625 3528 3528 E ArmVmp : Match on catch block at 0xc3 in for 0xa9
02-20 16:19:23.634 3528 3528 E ArmVmp : Match on catch block at 0xc3 in for 0xa9
02-20 16:19:23.643 3528 3528 E ArmVmp : Match on catch block at 0xc3 in for 0xa1
02-20 16:19:23.653 3528 3528 E ArmVmp : Match on catch block at 0xc3 in for 0xa1
02-20 16:19:23.660 3528 3528 E ArmVmp : Match on catch block at 0xc3 in for 0xa5
02-20 16:19:23.672 3528 3528 E ArmVmp : Match on catch block at 0xc3 in for 0xa1
02-20 16:19:23.676 3528 3528 E ArmVmp : Match on catch block at 0xc3 in for 0xa5
02-20 16:19:23.801 3528 4157 W libEGL : EGLNativeWindowType 0x7e2be20010
disconnect failed
02-20 16:19:23.938 3528 3528 E ArmVmp : Match on catch block at 0xc3 in for 0xa1
02-20 16:19:23.942 3528 3528 E ArmVmp : Match on catch block at 0xc3 in for 0xa5
02-20 16:19:24.831 3528 4157 W libEGL : EGLNativeWindowType 0x7e2be20010
disconnect failed
02-20 16:19:24.925 3528 3528 E ArmVmp : Match on catch block at 0xc3 in for 0xa5
02-20 16:19:24.928 3528 3528 E ArmVmp : Match on catch block at 0xc3 in for 0xa9
02-20 16:19:25.023 3528 4487 E ActivityThread: Failed to find provider info for
androidx.car.app.connection
02-20 16:19:25.036 3528 3528 W CarApp.Conn: Null response from content provider
when checking connection to the car, treating as disconnected
02-20 16:19:25.259 3528 3528 W SoundPool: Use of stream types is deprecated for
operations other than volume control
02-20 16:19:25.259 3528 3528 W SoundPool: See the documentation of SoundPool()
for what to use instead with android.media.AudioAttributes to qualify your playback
use case
02-20 16:19:25.701 3528 3528 E ArmVmp : Match on catch block at 0xc3 in for 0xa5
02-20 16:19:25.707 3528 3528 E ArmVmp : Match on catch block at 0xc3 in for 0xa9
02-20 16:19:26.205 3528 3528 E ArmVmp : Match on catch block at 0xc3 in for 0xa9
02-20 16:19:26.208 3528 3528 E ArmVmp : Match on catch block at 0xc3 in for 0xa1
02-20 16:19:26.364 3528 3528 W BottomSheetBehavior: BottomSheetBehavior now
supports multiple callbacks. `setBottomSheetCallback()` removes all existing
callbacks, including ones set internally by library authors, which may result in
unintended behavior. This may change in the future. Please use
`addBottomSheetCallback()` and `removeBottomSheetCallback()` instead to set your
own callbacks.
02-20 16:19:26.634 3528 4157 W libEGL : EGLNativeWindowType 0x7e52749010
disconnect failed
02-20 16:19:26.644 3528 3528 E ArmVmp : Match on catch block at 0xc3 in for 0xa5
02-20 16:19:26.647 3528 3528 E ArmVmp : Match on catch block at 0xc3 in for 0xa9
02-20 16:19:27.300 3528 3528 E ArmVmp : Match on catch block at 0xc3 in for 0xa9
02-20 16:19:27.303 3528 3528 E ArmVmp : Match on catch block at 0xc3 in for 0xa1
02-20 16:19:27.316 3528 3528 E ArmVmp : Match on catch block at 0xc3 in for 0xa1
02-20 16:19:27.319 3528 3528 E ArmVmp : Match on catch block at 0xc3 in for 0xa5
02-20 16:19:27.332 3528 3528 E ArmVmp : Match on catch block at 0xc3 in for 0xa5
02-20 16:19:27.335 3528 3528 E ArmVmp : Match on catch block at 0xc3 in for 0xa9
02-20 16:19:27.347 3528 3528 E ArmVmp : Match on catch block at 0xc3 in for 0xa9
02-20 16:19:27.351 3528 3528 E ArmVmp : Match on catch block at 0xc3 in for 0xa1
02-20 16:19:27.364 3528 3528 E ArmVmp : Match on catch block at 0xc3 in for 0xa1
02-20 16:19:27.367 3528 3528 E ArmVmp : Match on catch block at 0xc3 in for 0xa5
02-20 16:19:27.380 3528 3528 E ArmVmp : Match on catch block at 0xc3 in for 0xa5
02-20 16:19:27.383 3528 3528 E ArmVmp : Match on catch block at 0xc3 in for 0xa9
02-20 16:19:27.396 3528 3528 E ArmVmp : Match on catch block at 0xc3 in for 0xa9
02-20 16:19:27.399 3528 3528 E ArmVmp : Match on catch block at 0xc3 in for 0xa1
02-20 16:19:27.412 3528 3528 E ArmVmp : Match on catch block at 0xc3 in for 0xa1
02-20 16:19:27.415 3528 3528 E ArmVmp : Match on catch block at 0xc3 in for 0xa5
02-20 16:19:27.428 3528 3528 E ArmVmp : Match on catch block at 0xc3 in for 0xa5
02-20 16:19:27.431 3528 3528 E ArmVmp : Match on catch block at 0xc3 in for 0xa9
02-20 16:19:27.444 3528 3528 E ArmVmp : Match on catch block at 0xc3 in for 0xa9
02-20 16:19:27.447 3528 3528 E ArmVmp : Match on catch block at 0xc3 in for 0xa1
02-20 16:19:27.460 3528 3528 E ArmVmp : Match on catch block at 0xc3 in for 0xa1
02-20 16:19:27.464 3528 3528 E ArmVmp : Match on catch block at 0xc3 in for 0xa5
02-20 16:19:27.476 3528 3528 E ArmVmp : Match on catch block at 0xc3 in for 0xa5
02-20 16:19:27.479 3528 3528 E ArmVmp : Match on catch block at 0xc3 in for 0xa9
02-20 16:19:27.492 3528 3528 E ArmVmp : Match on catch block at 0xc3 in for 0xa9
02-20 16:19:27.496 3528 3528 E ArmVmp : Match on catch block at 0xc3 in for 0xa1
02-20 16:19:27.508 3528 3528 E ArmVmp : Match on catch block at 0xc3 in for 0xa1
02-20 16:19:27.512 3528 3528 E ArmVmp : Match on catch block at 0xc3 in for 0xa5
02-20 16:19:27.524 3528 3528 E ArmVmp : Match on catch block at 0xc3 in for 0xa5
02-20 16:19:27.528 3528 3528 E ArmVmp : Match on catch block at 0xc3 in for 0xa9
02-20 16:19:27.540 3528 3528 E ArmVmp : Match on catch block at 0xc3 in for 0xa9
02-20 16:19:27.544 3528 3528 E ArmVmp : Match on catch block at 0xc3 in for 0xa1
02-20 16:19:27.556 3528 3528 E ArmVmp : Match on catch block at 0xc3 in for 0xa1
02-20 16:19:27.559 3528 3528 E ArmVmp : Match on catch block at 0xc3 in for 0xa5
02-20 16:19:27.707 3528 3528 E ArmVmp : Match on catch block at 0xc3 in for 0xa5
02-20 16:19:27.713 3528 3528 E ArmVmp : Match on catch block at 0xc3 in for 0xa9
02-20 16:19:32.936 3528 4185 W com.whatsapp: Accessing hidden method
Lcom/android/org/conscrypt/ConscryptEngineSocket;->setUseSessionTickets(Z)V
(greylist-max-q,core-platform-api, reflection, denied)
02-20 16:19:32.936 3528 4185 W com.whatsapp: Accessing hidden method
Lcom/android/org/conscrypt/OpenSSLSocketImpl;->setUseSessionTickets(Z)V (greylist-
max-q,core-platform-api, reflection, denied)
02-20 16:19:32.936 3528 4185 W com.whatsapp: Accessing hidden method
Lcom/android/org/conscrypt/AbstractConscryptSocket;->setUseSessionTickets(Z)V
(greylist-max-q, reflection, denied)
02-20 16:19:32.937 3528 4185 W com.whatsapp: Accessing hidden method
Lcom/android/org/conscrypt/ConscryptEngineSocket;->setHostname(Ljava/lang/String;)V
(greylist-max-q,core-platform-api, reflection, denied)
02-20 16:19:32.938 3528 4185 W com.whatsapp: Accessing hidden method
Lcom/android/org/conscrypt/OpenSSLSocketImpl;->setHostname(Ljava/lang/String;)V
(greylist-max-q,core-platform-api, reflection, denied)
02-20 16:19:32.938 3528 4185 W com.whatsapp: Accessing hidden method
Lcom/android/org/conscrypt/AbstractConscryptSocket;->setHostname(Ljava/lang/
String;)V (greylist-max-q, reflection, denied)
02-20 16:19:32.938 3528 4185 W com.whatsapp: Accessing hidden method
Lcom/android/org/conscrypt/OpenSSLSocketImpl;->setAlpnProtocols([B)V (greylist-max-
q,core-platform-api, reflection, denied)
02-20 16:19:32.938 3528 4185 W com.whatsapp: Accessing hidden method
Lcom/android/org/conscrypt/AbstractConscryptSocket;->setAlpnProtocols([B)V
(greylist-max-q, reflection, denied)
02-20 16:19:35.157 3528 4185 W com.whatsapp: Accessing hidden method
Lcom/android/org/conscrypt/OpenSSLSocketImpl;->getAlpnSelectedProtocol()[B
(greylist-max-q,core-platform-api, reflection, denied)
02-20 16:19:35.157 3528 4185 W com.whatsapp: Accessing hidden method
Lcom/android/org/conscrypt/AbstractConscryptSocket;->getAlpnSelectedProtocol()[B
(greylist-max-q, reflection, denied)
02-20 16:19:35.748 3528 3528 E ArmVmp : Match on catch block at 0xc3 in for 0xa5
02-20 16:19:35.756 3528 3528 E ArmVmp : Match on catch block at 0xc3 in for 0xa9
02-20 16:19:35.894 3528 3528 E ArmVmp : Match on catch block at 0x0a in for 0xc5
02-20 16:19:35.898 3528 3528 E ArmVmp : Match on catch block at 0x0a in for 0xc1
02-20 16:19:36.037 3528 3528 E ArmVmp : Match on catch block at 0xc3 in for 0xa5
02-20 16:19:36.041 3528 3528 E ArmVmp : Match on catch block at 0xc3 in for 0xa9
02-20 16:19:36.108 3528 3528 E ArmVmp : Match on catch block at 0xc3 in for 0xa1
02-20 16:19:36.112 3528 3528 E ArmVmp : Match on catch block at 0xc3 in for 0xa5
02-20 16:19:36.130 3528 3528 E ArmVmp : Match on catch block at 0xc3 in for 0xa5
02-20 16:19:36.133 3528 3528 E ArmVmp : Match on catch block at 0xc3 in for 0xa9
02-20 16:19:36.197 3528 3528 E ArmVmp : Match on catch block at 0xc3 in for 0xa1
02-20 16:19:36.201 3528 3528 E ArmVmp : Match on catch block at 0xc3 in for 0xa5
02-20 16:19:36.427 3528 4157 W libEGL : EGLNativeWindowType 0x7e6b212010
disconnect failed
02-20 16:19:36.444 3528 4157 W libEGL : EGLNativeWindowType 0x7e5259a010
disconnect failed
02-20 16:19:36.666 3528 3528 E ArmVmp : Match on catch block at 0xc3 in for 0xa9
02-20 16:19:36.672 3528 3528 E ArmVmp : Match on catch block at 0xc3 in for 0xa1
02-20 16:19:36.794 3528 3528 E ArmVmp : Match on catch block at 0xc3 in for 0xa1
02-20 16:19:36.800 3528 3528 E ArmVmp : Match on catch block at 0xc3 in for 0xa5
02-20 16:19:36.810 3528 3528 E ArmVmp : Match on catch block at 0xc3 in for 0xa5
02-20 16:19:36.816 3528 3528 E ArmVmp : Match on catch block at 0xc3 in for 0xa9
02-20 16:19:36.828 3528 3528 E ArmVmp : Match on catch block at 0xc3 in for 0xa9
02-20 16:19:36.833 3528 3528 E ArmVmp : Match on catch block at 0xc3 in for 0xa1
02-20 16:19:36.849 3528 3528 E ArmVmp : Match on catch block at 0xc3 in for 0xa1
02-20 16:19:36.854 3528 3528 E ArmVmp : Match on catch block at 0xc3 in for 0xa5
02-20 16:19:36.878 3528 3528 E ArmVmp : Match on catch block at 0xc3 in for 0xa5
02-20 16:19:36.885 3528 3528 E ArmVmp : Match on catch block at 0xc3 in for 0xa9
02-20 16:19:36.909 3528 3528 E ArmVmp : Match on catch block at 0xc3 in for 0xa9
02-20 16:19:36.915 3528 3528 E ArmVmp : Match on catch block at 0xc3 in for 0xa1
02-20 16:19:36.940 3528 3528 E ArmVmp : Match on catch block at 0xc3 in for 0xa1
02-20 16:19:36.946 3528 3528 E ArmVmp : Match on catch block at 0xc3 in for 0xa5
02-20 16:19:36.955 3528 3528 E ArmVmp : Match on catch block at 0xc3 in for 0xa5
02-20 16:19:36.961 3528 3528 E ArmVmp : Match on catch block at 0xc3 in for 0xa9
02-20 16:19:36.971 3528 3528 E ArmVmp : Match on catch block at 0xc3 in for 0xa9
02-20 16:19:36.976 3528 3528 E ArmVmp : Match on catch block at 0xc3 in for 0xa1
02-20 16:19:36.988 3528 3528 E ArmVmp : Match on catch block at 0xc3 in for 0xa1
02-20 16:19:36.992 3528 3528 E ArmVmp : Match on catch block at 0xc3 in for 0xa5
02-20 16:19:37.003 3528 3528 E ArmVmp : Match on catch block at 0xc3 in for 0xa5
02-20 16:19:37.009 3528 3528 E ArmVmp : Match on catch block at 0xc3 in for 0xa9
02-20 16:19:37.019 3528 3528 E ArmVmp : Match on catch block at 0xc3 in for 0xa9
02-20 16:19:37.024 3528 3528 E ArmVmp : Match on catch block at 0xc3 in for 0xa1
02-20 16:19:37.038 3528 3528 E ArmVmp : Match on catch block at 0xc3 in for 0xa1
02-20 16:19:37.043 3528 3528 E ArmVmp : Match on catch block at 0xc3 in for 0xa5
02-20 16:19:37.052 3528 3528 E ArmVmp : Match on catch block at 0xc3 in for 0xa5
02-20 16:19:37.057 3528 3528 E ArmVmp : Match on catch block at 0xc3 in for 0xa9
02-20 16:19:37.067 3528 3528 E ArmVmp : Match on catch block at 0xc3 in for 0xa9
02-20 16:19:37.072 3528 3528 E ArmVmp : Match on catch block at 0xc3 in for 0xa1
02-20 16:19:37.084 3528 3528 E ArmVmp : Match on catch block at 0xc3 in for 0xa1
02-20 16:19:37.091 3528 3528 E ArmVmp : Match on catch block at 0xc3 in for 0xa5
02-20 16:19:37.099 3528 3528 E ArmVmp : Match on catch block at 0xc3 in for 0xa5
02-20 16:19:37.104 3528 3528 E ArmVmp : Match on catch block at 0xc3 in for 0xa9
02-20 16:19:37.163 3528 3528 E ArmVmp : Match on catch block at 0xc3 in for 0xa9
02-20 16:19:37.168 3528 3528 E ArmVmp : Match on catch block at 0xc3 in for 0xa1
02-20 16:19:37.662 3528 3528 E ArmVmp : Match on catch block at 0xc3 in for 0xa1
02-20 16:19:37.667 3528 3528 E ArmVmp : Match on catch block at 0xc3 in for 0xa5
02-20 16:19:37.678 3528 3528 E ArmVmp : Match on catch block at 0xc3 in for 0xa5
02-20 16:19:37.683 3528 3528 E ArmVmp : Match on catch block at 0xc3 in for 0xa9
02-20 16:19:37.694 3528 3528 E ArmVmp : Match on catch block at 0xc3 in for 0xa9
02-20 16:19:37.699 3528 3528 E ArmVmp : Match on catch block at 0xc3 in for 0xa1
02-20 16:19:37.710 3528 3528 E ArmVmp : Match on catch block at 0xc3 in for 0xa1
02-20 16:19:37.715 3528 3528 E ArmVmp : Match on catch block at 0xc3 in for 0xa5
02-20 16:19:37.726 3528 3528 E ArmVmp : Match on catch block at 0xc3 in for 0xa5
02-20 16:19:37.731 3528 3528 E ArmVmp : Match on catch block at 0xc3 in for 0xa9
02-20 16:19:37.741 3528 3528 E ArmVmp : Match on catch block at 0xc3 in for 0xa9
02-20 16:19:37.747 3528 3528 E ArmVmp : Match on catch block at 0xc3 in for 0xa1
02-20 16:19:37.757 3528 3528 E ArmVmp : Match on catch block at 0xc3 in for 0xa1
02-20 16:19:37.766 3528 3528 E ArmVmp : Match on catch block at 0xc3 in for 0xa5
02-20 16:19:37.775 3528 3528 E ArmVmp : Match on catch block at 0xc3 in for 0xa5
02-20 16:19:37.785 3528 3528 E ArmVmp : Match on catch block at 0xc3 in for 0xa9
02-20 16:19:37.802 3528 3528 E ArmVmp : Match on catch block at 0xc3 in for 0xa9
02-20 16:19:37.808 3528 3528 E ArmVmp : Match on catch block at 0xc3 in for 0xa1
02-20 16:19:37.820 3528 3528 E ArmVmp : Match on catch block at 0xc3 in for 0xa1
02-20 16:19:37.826 3528 3528 E ArmVmp : Match on catch block at 0xc3 in for 0xa5
02-20 16:19:37.835 3528 3528 E ArmVmp : Match on catch block at 0xc3 in for 0xa5
02-20 16:19:37.840 3528 3528 E ArmVmp : Match on catch block at 0xc3 in for 0xa9
02-20 16:19:37.854 3528 3528 E ArmVmp : Match on catch block at 0xc3 in for 0xa9
02-20 16:19:37.860 3528 3528 E ArmVmp : Match on catch block at 0xc3 in for 0xa1
02-20 16:19:37.870 3528 3528 E ArmVmp : Match on catch block at 0xc3 in for 0xa1
02-20 16:19:37.877 3528 3528 E ArmVmp : Match on catch block at 0xc3 in for 0xa5
02-20 16:19:37.887 3528 3528 E ArmVmp : Match on catch block at 0xc3 in for 0xa5
02-20 16:19:37.893 3528 3528 E ArmVmp : Match on catch block at 0xc3 in for 0xa9
02-20 16:19:37.902 3528 3528 E ArmVmp : Match on catch block at 0xc3 in for 0xa9
02-20 16:19:37.907 3528 3528 E ArmVmp : Match on catch block at 0xc3 in for 0xa1
02-20 16:19:37.917 3528 3528 E ArmVmp : Match on catch block at 0xc3 in for 0xa1
02-20 16:19:37.922 3528 3528 E ArmVmp : Match on catch block at 0xc3 in for 0xa5
02-20 16:19:38.187 3528 3528 E ArmVmp : Match on catch block at 0xc3 in for 0xa5
02-20 16:19:38.191 3528 3528 E ArmVmp : Match on catch block at 0xc3 in for 0xa9
02-20 16:19:38.649 3528 3528 E ArmVmp : Match on catch block at 0xc3 in for 0xa9
02-20 16:19:38.659 3528 3528 E ArmVmp : Match on catch block at 0xc3 in for 0xa1
02-20 16:19:39.090 3528 4157 W libEGL : EGLNativeWindowType 0x7ef82d7010
disconnect failed
02-20 16:19:39.107 3528 3528 E ArmVmp : Match on catch block at 0xc3 in for 0xa1
02-20 16:19:39.116 3528 3528 E ArmVmp : Match on catch block at 0xc3 in for 0xa5
02-20 16:21:21.787 3528 4487 E ActivityThread: Failed to find provider info for
androidx.car.app.connection
02-20 16:21:21.801 3528 3528 W CarApp.Conn: Null response from content provider
when checking connection to the car, treating as disconnected
02-20 16:21:27.612 3528 3528 E ArmVmp : Match on catch block at 0x0a in for 0xc1
02-20 16:21:27.615 3528 3528 E ArmVmp : Match on catch block at 0x0a in for 0xc9
02-20 16:21:27.804 3528 3528 E ArmVmp : Match on catch block at 0xc3 in for 0xb1
02-20 16:21:27.807 3528 3528 E ArmVmp : Match on catch block at 0xc3 in for 0xb1
02-20 16:21:27.812 3528 3528 E ArmVmp : Match on catch block at 0xc3 in for 0xb1
02-20 16:21:27.893 3528 3528 E ArmVmp : Match on catch block at 0xc3 in for 0xa5
02-20 16:21:27.896 3528 3528 E ArmVmp : Match on catch block at 0xc3 in for 0xa9
02-20 16:21:27.899 3528 3528 E ArmVmp : Match on catch block at 0xc3 in for 0xa9
02-20 16:21:27.919 3528 3528 E ArmVmp : Match on catch block at 0xc3 in for 0xa9
02-20 16:21:27.922 3528 3528 E ArmVmp : Match on catch block at 0xc3 in for 0xa1
02-20 16:21:27.925 3528 3528 E ArmVmp : Match on catch block at 0xc3 in for 0xa1
02-20 16:21:27.951 3528 4190 E ArmVmp : Match on catch block at 0x48 in for 0x81
02-20 16:21:27.962 3528 4190 W System.err: java.net.ConnectException: Failed to
connect to translate.googleapis.com/142.251.132.74:443
02-20 16:21:27.962 3528 4190 W System.err:
02-20 16:21:27.965 3528 4190 W System.err: at
com.android.okhttp.internal.io.RealConnection.connectSocket(RealConnection.java:139
3)
02-20 16:21:27.966 3528 4190 W System.err:
02-20 16:21:27.967 3528 4190 W System.err: at
com.android.okhttp.internal.io.RealConnection.connect(RealConnection.java:1343)
02-20 16:21:27.967 3528 4190 W System.err:
02-20 16:21:27.968 3528 4190 W System.err: at
com.android.okhttp.internal.http.StreamAllocation.findConnection(StreamAllocation.j
ava:221)
02-20 16:21:27.968 3528 4190 W System.err:
02-20 16:21:27.969 3528 4190 W System.err: at
com.android.okhttp.internal.http.StreamAllocation.findHealthyConnection(StreamAlloc
ation.java:144)
02-20 16:21:27.972 3528 4190 W System.err:
02-20 16:21:27.974 3528 3528 E ArmVmp : Match on catch block at 0xc3 in for 0xa5
02-20 16:21:27.976 3528 4190 W System.err: at
com.android.okhttp.internal.http.StreamAllocation.newStream(StreamAllocation.java:1
06)
02-20 16:21:27.977 3528 4190 W System.err:
02-20 16:21:27.977 3528 3528 E ArmVmp : Match on catch block at 0xc3 in for 0xa9
02-20 16:21:27.979 3528 4190 W System.err: at
com.android.okhttp.internal.http.HttpEngine.connect(HttpEngine.java:400)
02-20 16:21:27.979 3528 4190 W System.err:
02-20 16:21:27.980 3528 4190 W System.err: at
com.android.okhttp.internal.http.HttpEngine.sendRequest(HttpEngine.java:333)
02-20 16:21:27.980 3528 3528 E ArmVmp : Match on catch block at 0xc3 in for 0xa9
02-20 16:21:27.980 3528 4190 W System.err:
02-20 16:21:27.981 3528 4190 W System.err: at
com.android.okhttp.internal.huc.HttpURLConnectionImpl.execute(HttpURLConnectionImpl
.java:465)
02-20 16:21:27.982 3528 4190 W System.err:
02-20 16:21:27.983 3528 4190 W System.err: at
com.android.okhttp.internal.huc.HttpURLConnectionImpl.connect(HttpURLConnectionImpl
.java:131)
02-20 16:21:27.983 3528 4190 W System.err:
02-20 16:21:27.984 3528 4190 W System.err: at
com.android.okhttp.internal.huc.DelegatingHttpsURLConnection.connect(DelegatingHttp
sURLConnection.java:90)
02-20 16:21:27.984 3528 4190 W System.err:
02-20 16:21:27.988 3528 4190 W System.err: at
com.android.okhttp.internal.huc.HttpsURLConnectionImpl.connect(HttpsURLConnectionIm
pl.java:30)
02-20 16:21:27.988 3528 4190 W System.err:
02-20 16:21:27.993 3528 4190 W System.err: at
mbmodsd.mbmodsw.home.MBTranslator.translate(Native Method)
02-20 16:21:27.994 3528 4190 W System.err:
02-20 16:21:27.995 3528 4190 W System.err: at
mbmodsd.mbmodsw.home.MBTranslator$Async.doInBackground(Native Method)
02-20 16:21:27.996 3528 4190 W System.err:
02-20 16:21:27.997 3528 4190 W System.err: at
mbmodsd.mbmodsw.home.MBTranslator$Async.doInBackground(Native Method)
02-20 16:21:27.997 3528 4190 W System.err:
02-20 16:21:27.998 3528 4190 W System.err: at
android.os.AsyncTask$3.call(AsyncTask.java:394)
02-20 16:21:27.998 3528 4190 W System.err:
02-20 16:21:27.999 3528 4190 W System.err: at
java.util.concurrent.FutureTask.run(FutureTask.java:266)
02-20 16:21:27.999 3528 4190 W System.err:
02-20 16:21:28.000 3528 4190 W System.err: at
android.os.AsyncTask$SerialExecutor$1.run(AsyncTask.java:305)
02-20 16:21:28.000 3528 4190 W System.err:
02-20 16:21:28.004 3528 4190 W System.err: at
java.util.concurrent.ThreadPoolExecutor.runWorker(ThreadPoolExecutor.java:1167)
02-20 16:21:28.005 3528 4190 W System.err:
02-20 16:21:28.005 3528 4190 W System.err: at
java.util.concurrent.ThreadPoolExecutor$Worker.run(ThreadPoolExecutor.java:641)
02-20 16:21:28.005 3528 4190 W System.err:
02-20 16:21:28.005 3528 4190 W System.err: at
java.lang.Thread.run(Thread.java:923)
02-20 16:21:28.006 3528 4190 W System.err:
02-20 16:21:28.451 3528 3528 E ArmVmp : Match on catch block at 0xc3 in for 0xa1
02-20 16:21:28.454 3528 3528 E ArmVmp : Match on catch block at 0xc3 in for 0xa5
02-20 16:21:28.456 3528 3528 E ArmVmp : Match on catch block at 0xc3 in for 0xa5
02-20 16:21:28.483 3528 3528 E ArmVmp : Match on catch block at 0xc3 in for 0xa9
02-20 16:21:28.486 3528 3528 E ArmVmp : Match on catch block at 0xc3 in for 0xa1
02-20 16:21:28.488 3528 3528 E ArmVmp : Match on catch block at 0xc3 in for 0xa1
02-20 16:21:28.499 3528 3528 E ArmVmp : Match on catch block at 0xc3 in for 0xa5
02-20 16:21:28.501 3528 3528 E ArmVmp : Match on catch block at 0xc3 in for 0xa9
02-20 16:21:28.504 3528 3528 E ArmVmp : Match on catch block at 0xc3 in for 0xa9
02-20 16:21:28.518 3528 3528 E ArmVmp : Match on catch block at 0xc3 in for 0xa1
02-20 16:21:28.521 3528 3528 E ArmVmp : Match on catch block at 0xc3 in for 0xa5
02-20 16:21:28.523 3528 3528 E ArmVmp : Match on catch block at 0xc3 in for 0xa5
02-20 16:21:28.532 3528 3528 E ArmVmp : Match on catch block at 0xc3 in for 0xa9
02-20 16:21:28.535 3528 3528 E ArmVmp : Match on catch block at 0xc3 in for 0xa1
02-20 16:21:28.537 3528 3528 E ArmVmp : Match on catch block at 0xc3 in for 0xa1
02-20 16:21:28.549 3528 3528 E ArmVmp : Match on catch block at 0xc3 in for 0xa5
02-20 16:21:28.551 3528 3528 E ArmVmp : Match on catch block at 0xc3 in for 0xa9
02-20 16:21:28.553 3528 3528 E ArmVmp : Match on catch block at 0xc3 in for 0xa9
02-20 16:21:28.565 3528 3528 E ArmVmp : Match on catch block at 0xc3 in for 0xa1
02-20 16:21:28.568 3528 3528 E ArmVmp : Match on catch block at 0xc3 in for 0xa5
02-20 16:21:28.570 3528 3528 E ArmVmp : Match on catch block at 0xc3 in for 0xa5
02-20 16:21:28.582 3528 3528 E ArmVmp : Match on catch block at 0xc3 in for 0xa9
02-20 16:21:28.584 3528 3528 E ArmVmp : Match on catch block at 0xc3 in for 0xa1
02-20 16:21:28.586 3528 3528 E ArmVmp : Match on catch block at 0xc3 in for 0xa1
02-20 16:21:28.595 3528 3528 E ArmVmp : Match on catch block at 0xc3 in for 0xa5
02-20 16:21:28.598 3528 3528 E ArmVmp : Match on catch block at 0xc3 in for 0xa9
02-20 16:21:28.600 3528 3528 E ArmVmp : Match on catch block at 0xc3 in for 0xa9
02-20 16:21:28.611 3528 3528 E ArmVmp : Match on catch block at 0xc3 in for 0xa1
02-20 16:21:28.614 3528 3528 E ArmVmp : Match on catch block at 0xc3 in for 0xa5
02-20 16:21:28.616 3528 3528 E ArmVmp : Match on catch block at 0xc3 in for 0xa5
02-20 16:21:28.628 3528 3528 E ArmVmp : Match on catch block at 0xc3 in for 0xa9
02-20 16:21:28.630 3528 3528 E ArmVmp : Match on catch block at 0xc3 in for 0xa1
02-20 16:21:28.632 3528 3528 E ArmVmp : Match on catch block at 0xc3 in for 0xa1
02-20 16:21:28.644 3528 3528 E ArmVmp : Match on catch block at 0xc3 in for 0xa5
02-20 16:21:28.647 3528 3528 E ArmVmp : Match on catch block at 0xc3 in for 0xa9
02-20 16:21:28.649 3528 3528 E ArmVmp : Match on catch block at 0xc3 in for 0xa9
02-20 16:21:28.661 3528 3528 E ArmVmp : Match on catch block at 0xc3 in for 0xa1
02-20 16:21:28.663 3528 3528 E ArmVmp : Match on catch block at 0xc3 in for 0xa5
02-20 16:21:28.665 3528 3528 E ArmVmp : Match on catch block at 0xc3 in for 0xa5
02-20 16:21:28.677 3528 3528 E ArmVmp : Match on catch block at 0xc3 in for 0xa9
02-20 16:21:28.679 3528 3528 E ArmVmp : Match on catch block at 0xc3 in for 0xa1
02-20 16:21:28.681 3528 3528 E ArmVmp : Match on catch block at 0xc3 in for 0xa1
02-20 16:21:28.692 3528 3528 E ArmVmp : Match on catch block at 0xc3 in for 0xa5
02-20 16:21:28.695 3528 3528 E ArmVmp : Match on catch block at 0xc3 in for 0xa9
02-20 16:21:28.697 3528 3528 E ArmVmp : Match on catch block at 0xc3 in for 0xa9
02-20 16:21:28.709 3528 3528 E ArmVmp : Match on catch block at 0xc3 in for 0xa1
02-20 16:21:28.711 3528 3528 E ArmVmp : Match on catch block at 0xc3 in for 0xa5
02-20 16:21:28.713 3528 3528 E ArmVmp : Match on catch block at 0xc3 in for 0xa5
02-20 16:21:28.725 3528 3528 E ArmVmp : Match on catch block at 0xc3 in for 0xa9
02-20 16:21:28.727 3528 3528 E ArmVmp : Match on catch block at 0xc3 in for 0xa1
02-20 16:21:28.729 3528 3528 E ArmVmp : Match on catch block at 0xc3 in for 0xa1
02-20 16:21:28.740 3528 3528 E ArmVmp : Match on catch block at 0xc3 in for 0xa5
02-20 16:21:28.743 3528 3528 E ArmVmp : Match on catch block at 0xc3 in for 0xa9
02-20 16:21:28.745 3528 3528 E ArmVmp : Match on catch block at 0xc3 in for 0xa9
02-20 16:21:28.756 3528 3528 E ArmVmp : Match on catch block at 0xc3 in for 0xa1
02-20 16:21:28.759 3528 3528 E ArmVmp : Match on catch block at 0xc3 in for 0xa5
02-20 16:21:28.761 3528 3528 E ArmVmp : Match on catch block at 0xc3 in for 0xa5
02-20 16:21:28.772 3528 3528 E ArmVmp : Match on catch block at 0xc3 in for 0xa9
02-20 16:21:28.775 3528 3528 E ArmVmp : Match on catch block at 0xc3 in for 0xa1
02-20 16:21:28.777 3528 3528 E ArmVmp : Match on catch block at 0xc3 in for 0xa1
02-20 16:21:28.788 3528 3528 E ArmVmp : Match on catch block at 0xc3 in for 0xa5
02-20 16:21:28.791 3528 3528 E ArmVmp : Match on catch block at 0xc3 in for 0xa9
02-20 16:21:28.793 3528 3528 E ArmVmp : Match on catch block at 0xc3 in for 0xa9
02-20 16:21:28.949 3528 3528 E ArmVmp : Match on catch block at 0xc3 in for 0xa1
02-20 16:21:28.952 3528 3528 E ArmVmp : Match on catch block at 0xc3 in for 0xa5
02-20 16:21:28.955 3528 3528 E ArmVmp : Match on catch block at 0xc3 in for 0xa5
02-20 16:21:29.461 3528 3528 E ArmVmp : Match on catch block at 0xc3 in for 0xa9
02-20 16:21:29.467 3528 3528 E ArmVmp : Match on catch block at 0xc3 in for 0xa1
02-20 16:21:29.473 3528 3528 E ArmVmp : Match on catch block at 0xc3 in for 0xa1
02-20 16:21:29.509 3528 3528 E ArmVmp : Match on catch block at 0xc3 in for 0xa5
02-20 16:21:29.514 3528 3528 E ArmVmp : Match on catch block at 0xc3 in for 0xa9
02-20 16:21:29.518 3528 3528 E ArmVmp : Match on catch block at 0xc3 in for 0xa9
02-20 16:21:29.526 3528 3528 E ArmVmp : Match on catch block at 0xc3 in for 0xa1
02-20 16:21:29.532 3528 3528 E ArmVmp : Match on catch block at 0xc3 in for 0xa5
02-20 16:21:29.536 3528 3528 E ArmVmp : Match on catch block at 0xc3 in for 0xa5
02-20 16:21:29.544 3528 3528 E ArmVmp : Match on catch block at 0xc3 in for 0xa9
02-20 16:21:29.550 3528 3528 E ArmVmp : Match on catch block at 0xc3 in for 0xa1
02-20 16:21:29.554 3528 3528 E ArmVmp : Match on catch block at 0xc3 in for 0xa1
02-20 16:21:29.563 3528 3528 E ArmVmp : Match on catch block at 0xc3 in for 0xa5
02-20 16:21:29.568 3528 3528 E ArmVmp : Match on catch block at 0xc3 in for 0xa9
02-20 16:21:29.572 3528 3528 E ArmVmp : Match on catch block at 0xc3 in for 0xa9
02-20 16:21:29.581 3528 3528 E ArmVmp : Match on catch block at 0xc3 in for 0xa1
02-20 16:21:29.587 3528 3528 E ArmVmp : Match on catch block at 0xc3 in for 0xa5
02-20 16:21:29.592 3528 3528 E ArmVmp : Match on catch block at 0xc3 in for 0xa5
02-20 16:21:29.601 3528 3528 E ArmVmp : Match on catch block at 0xc3 in for 0xa9
02-20 16:21:29.609 3528 3528 E ArmVmp : Match on catch block at 0xc3 in for 0xa1
02-20 16:21:29.613 3528 3528 E ArmVmp : Match on catch block at 0xc3 in for 0xa1
02-20 16:21:29.625 3528 3528 E ArmVmp : Match on catch block at 0xc3 in for 0xa5
02-20 16:21:29.630 3528 3528 E ArmVmp : Match on catch block at 0xc3 in for 0xa9
02-20 16:21:29.634 3528 3528 E ArmVmp : Match on catch block at 0xc3 in for 0xa9
02-20 16:21:29.645 3528 3528 E ArmVmp : Match on catch block at 0xc3 in for 0xa1
02-20 16:21:29.651 3528 3528 E ArmVmp : Match on catch block at 0xc3 in for 0xa5
02-20 16:21:29.656 3528 3528 E ArmVmp : Match on catch block at 0xc3 in for 0xa5
02-20 16:21:29.672 3528 3528 E ArmVmp : Match on catch block at 0xc3 in for 0xa9
02-20 16:21:29.678 3528 3528 E ArmVmp : Match on catch block at 0xc3 in for 0xa1
02-20 16:21:29.683 3528 3528 E ArmVmp : Match on catch block at 0xc3 in for 0xa1
02-20 16:21:29.692 3528 3528 E ArmVmp : Match on catch block at 0xc3 in for 0xa5
02-20 16:21:29.698 3528 3528 E ArmVmp : Match on catch block at 0xc3 in for 0xa9
02-20 16:21:29.702 3528 3528 E ArmVmp : Match on catch block at 0xc3 in for 0xa9
02-20 16:21:29.711 3528 3528 E ArmVmp : Match on catch block at 0xc3 in for 0xa1
02-20 16:21:29.719 3528 3528 E ArmVmp : Match on catch block at 0xc3 in for 0xa5
02-20 16:21:29.724 3528 3528 E ArmVmp : Match on catch block at 0xc3 in for 0xa5
02-20 16:21:29.736 3528 3528 E ArmVmp : Match on catch block at 0xc3 in for 0xa9
02-20 16:21:29.741 3528 3528 E ArmVmp : Match on catch block at 0xc3 in for 0xa1
02-20 16:21:29.746 3528 3528 E ArmVmp : Match on catch block at 0xc3 in for 0xa1
02-20 16:21:29.755 3528 3528 E ArmVmp : Match on catch block at 0xc3 in for 0xa5
02-20 16:21:29.760 3528 3528 E ArmVmp : Match on catch block at 0xc3 in for 0xa9
02-20 16:21:29.765 3528 3528 E ArmVmp : Match on catch block at 0xc3 in for 0xa9
02-20 16:21:29.774 3528 3528 E ArmVmp : Match on catch block at 0xc3 in for 0xa1
02-20 16:21:29.779 3528 3528 E ArmVmp : Match on catch block at 0xc3 in for 0xa5
02-20 16:21:29.786 3528 3528 E ArmVmp : Match on catch block at 0xc3 in for 0xa5
02-20 16:21:29.967 3528 3528 E ArmVmp : Match on catch block at 0xc3 in for 0xa9
02-20 16:21:29.980 3528 3528 E ArmVmp : Match on catch block at 0xc3 in for 0xa1
02-20 16:21:29.990 3528 3528 E ArmVmp : Match on catch block at 0xc3 in for 0xa1
02-20 16:21:30.462 3528 3528 E ArmVmp : Match on catch block at 0xc3 in for 0xa5
02-20 16:21:30.478 3528 3528 E ArmVmp : Match on catch block at 0xc3 in for 0xa9
02-20 16:21:30.487 3528 3528 E ArmVmp : Match on catch block at 0xc3 in for 0xa9
02-20 16:21:30.957 3528 3528 E ArmVmp : Match on catch block at 0xc3 in for 0xa9
02-20 16:21:30.971 3528 3528 E ArmVmp : Match on catch block at 0xc3 in for 0xa1
02-20 16:21:30.987 3528 3528 E ArmVmp : Match on catch block at 0xc3 in for 0xa1
02-20 16:21:31.470 3528 3528 E ArmVmp : Match on catch block at 0xc3 in for 0xa5
02-20 16:21:31.481 3528 3528 E ArmVmp : Match on catch block at 0xc3 in for 0xa9
02-20 16:21:31.490 3528 3528 E ArmVmp : Match on catch block at 0xc3 in for 0xa9
02-20 16:21:31.966 3528 3528 E ArmVmp : Match on catch block at 0xc3 in for 0xa1
02-20 16:21:31.979 3528 3528 E ArmVmp : Match on catch block at 0xc3 in for 0xa5
02-20 16:21:31.990 3528 3528 E ArmVmp : Match on catch block at 0xc3 in for 0xa5
02-20 16:21:32.465 3528 3528 E ArmVmp : Match on catch block at 0xc3 in for 0xa9
02-20 16:21:32.478 3528 3528 E ArmVmp : Match on catch block at 0xc3 in for 0xa1
02-20 16:21:32.491 3528 3528 E ArmVmp : Match on catch block at 0xc3 in for 0xa1
02-20 16:21:32.975 3528 3528 E ArmVmp : Match on catch block at 0xc3 in for 0xa5
02-20 16:21:32.989 3528 3528 E ArmVmp : Match on catch block at 0xc3 in for 0xa9
02-20 16:21:33.000 3528 3528 E ArmVmp : Match on catch block at 0xc3 in for 0xa9
02-20 16:21:33.472 3528 3528 E ArmVmp : Match on catch block at 0xc3 in for 0xa1
02-20 16:21:33.483 3528 3528 E ArmVmp : Match on catch block at 0xc3 in for 0xa5
02-20 16:21:33.494 3528 3528 E ArmVmp : Match on catch block at 0xc3 in for 0xa5
02-20 16:21:33.963 3528 3528 E ArmVmp : Match on catch block at 0xc3 in for 0xa9
02-20 16:21:33.971 3528 3528 E ArmVmp : Match on catch block at 0xc3 in for 0xa1
02-20 16:21:33.977 3528 3528 E ArmVmp : Match on catch block at 0xc3 in for 0xa1
02-20 16:21:34.481 3528 3528 E ArmVmp : Match on catch block at 0xc3 in for 0xa5
02-20 16:21:34.492 3528 3528 E ArmVmp : Match on catch block at 0xc3 in for 0xa9
02-20 16:21:34.499 3528 3528 E ArmVmp : Match on catch block at 0xc3 in for 0xa9
02-20 16:21:34.976 3528 3528 E ArmVmp : Match on catch block at 0xc3 in for 0xa1
02-20 16:21:34.994 3528 3528 E ArmVmp : Match on catch block at 0xc3 in for 0xa5
02-20 16:21:35.001 3528 3528 E ArmVmp : Match on catch block at 0xc3 in for 0xa5
02-20 16:21:35.173 3528 3528 E ArmVmp : Match on catch block at 0xc3 in for 0xa9
02-20 16:21:35.177 3528 3528 E ArmVmp : Match on catch block at 0xc3 in for 0xa1
02-20 16:21:35.194 3528 3528 E ArmVmp : Match on catch block at 0xc3 in for 0xa1
02-20 16:21:35.203 3528 3528 E ArmVmp : Match on catch block at 0xc3 in for 0xa5
02-20 16:21:35.214 3528 3528 E ArmVmp : Match on catch block at 0xc3 in for 0xa9
02-20 16:21:35.217 3528 3528 E ArmVmp : Match on catch block at 0xc3 in for 0xa9
02-20 16:21:35.473 3528 3528 E ArmVmp : Match on catch block at 0xc3 in for 0xa9
02-20 16:21:35.479 3528 3528 E ArmVmp : Match on catch block at 0xc3 in for 0xa1
02-20 16:21:35.485 3528 3528 E ArmVmp : Match on catch block at 0xc3 in for 0xa1
02-20 16:21:35.523 3528 3528 E ArmVmp : Match on catch block at 0xc3 in for 0xa5
02-20 16:21:35.523 3528 4157 W libEGL : EGLNativeWindowType 0x7ef82ba010
disconnect failed
02-20 16:21:35.528 3528 3528 E ArmVmp : Match on catch block at 0xc3 in for 0xa9
02-20 16:21:35.535 3528 3528 E ArmVmp : Match on catch block at 0xc3 in for 0xa9
02-20 16:21:36.017 3528 3528 E ArmVmp : Match on catch block at 0xc3 in for 0xa1
02-20 16:21:36.030 3528 3528 E ArmVmp : Match on catch block at 0xc3 in for 0xa5
02-20 16:21:36.041 3528 3528 E ArmVmp : Match on catch block at 0xc3 in for 0xa5
02-20 16:21:36.427 3528 3528 E ArmVmp : Match on catch block at 0xc3 in for 0xa5
02-20 16:21:36.432 3528 3528 E ArmVmp : Match on catch block at 0xc3 in for 0xa9
02-20 16:21:36.434 3528 3528 E ArmVmp : Match on catch block at 0xc3 in for 0xa9
02-20 16:21:36.457 3528 3528 E ArmVmp : Match on catch block at 0xc3 in for 0xa9
02-20 16:21:36.464 3528 3528 E ArmVmp : Match on catch block at 0xc3 in for 0xa1
02-20 16:21:36.467 3528 3528 E ArmVmp : Match on catch block at 0xc3 in for 0xa1
02-20 16:21:36.474 3528 3528 E ArmVmp : Match on catch block at 0xc3 in for 0xa5
02-20 16:21:36.478 3528 3528 E ArmVmp : Match on catch block at 0xc3 in for 0xa9
02-20 16:21:36.481 3528 3528 E ArmVmp : Match on catch block at 0xc3 in for 0xa9
02-20 16:21:36.490 3528 3528 E ArmVmp : Match on catch block at 0xc3 in for 0xa1
02-20 16:21:36.493 3528 3528 E ArmVmp : Match on catch block at 0xc3 in for 0xa5
02-20 16:21:36.497 3528 3528 E ArmVmp : Match on catch block at 0xc3 in for 0xa5
02-20 16:21:36.507 3528 3528 E ArmVmp : Match on catch block at 0xc3 in for 0xa9
02-20 16:21:36.512 3528 3528 E ArmVmp : Match on catch block at 0xc3 in for 0xa1
02-20 16:21:36.515 3528 3528 E ArmVmp : Match on catch block at 0xc3 in for 0xa1
02-20 16:21:36.523 3528 3528 E ArmVmp : Match on catch block at 0xc3 in for 0xa5
02-20 16:21:36.526 3528 3528 E ArmVmp : Match on catch block at 0xc3 in for 0xa9
02-20 16:21:36.529 3528 3528 E ArmVmp : Match on catch block at 0xc3 in for 0xa9
02-20 16:21:36.542 3528 3528 E ArmVmp : Match on catch block at 0xc3 in for 0xa1
02-20 16:21:36.545 3528 3528 E ArmVmp : Match on catch block at 0xc3 in for 0xa5
02-20 16:21:36.548 3528 3528 E ArmVmp : Match on catch block at 0xc3 in for 0xa5
02-20 16:21:36.556 3528 3528 E ArmVmp : Match on catch block at 0xc3 in for 0xa9
02-20 16:21:36.559 3528 3528 E ArmVmp : Match on catch block at 0xc3 in for 0xa1
02-20 16:21:36.562 3528 3528 E ArmVmp : Match on catch block at 0xc3 in for 0xa1
02-20 16:21:36.571 3528 3528 E ArmVmp : Match on catch block at 0xc3 in for 0xa5
02-20 16:21:36.574 3528 3528 E ArmVmp : Match on catch block at 0xc3 in for 0xa9
02-20 16:21:36.577 3528 3528 E ArmVmp : Match on catch block at 0xc3 in for 0xa9
02-20 16:21:36.587 3528 3528 E ArmVmp : Match on catch block at 0xc3 in for 0xa1
02-20 16:21:36.591 3528 3528 E ArmVmp : Match on catch block at 0xc3 in for 0xa5
02-20 16:21:36.594 3528 3528 E ArmVmp : Match on catch block at 0xc3 in for 0xa5
02-20 16:21:36.603 3528 3528 E ArmVmp : Match on catch block at 0xc3 in for 0xa9
02-20 16:21:36.607 3528 3528 E ArmVmp : Match on catch block at 0xc3 in for 0xa1
02-20 16:21:36.610 3528 3528 E ArmVmp : Match on catch block at 0xc3 in for 0xa1
02-20 16:21:36.619 3528 3528 E ArmVmp : Match on catch block at 0xc3 in for 0xa5
02-20 16:21:36.623 3528 3528 E ArmVmp : Match on catch block at 0xc3 in for 0xa9
02-20 16:21:36.626 3528 3528 E ArmVmp : Match on catch block at 0xc3 in for 0xa9
02-20 16:21:36.965 3528 3528 E ArmVmp : Match on catch block at 0xc3 in for 0xa1
02-20 16:21:36.979 3528 3528 E ArmVmp : Match on catch block at 0xc3 in for 0xa5
02-20 16:21:36.989 3528 3528 E ArmVmp : Match on catch block at 0xc3 in for 0xa5
02-20 16:21:37.043 3528 3528 E ArmVmp : Match on catch block at 0xc3 in for 0xa9
02-20 16:21:37.055 3528 3528 E ArmVmp : Match on catch block at 0xc3 in for 0xa1
02-20 16:21:37.065 3528 3528 E ArmVmp : Match on catch block at 0xc3 in for 0xa1
02-20 16:21:37.081 3528 3528 E ArmVmp : Match on catch block at 0xc3 in for 0xa5
02-20 16:21:37.093 3528 3528 E ArmVmp : Match on catch block at 0xc3 in for 0xa9
02-20 16:21:37.097 3528 3528 E ArmVmp : Match on catch block at 0xc3 in for 0xa9
02-20 16:21:37.107 3528 3528 E ArmVmp : Match on catch block at 0xc3 in for 0xa1
02-20 16:21:37.113 3528 3528 E ArmVmp : Match on catch block at 0xc3 in for 0xa5
02-20 16:21:37.118 3528 3528 E ArmVmp : Match on catch block at 0xc3 in for 0xa5
02-20 16:21:37.135 3528 3528 E ArmVmp : Match on catch block at 0xc3 in for 0xa9
02-20 16:21:37.141 3528 3528 E ArmVmp : Match on catch block at 0xc3 in for 0xa1
02-20 16:21:37.145 3528 3528 E ArmVmp : Match on catch block at 0xc3 in for 0xa1
02-20 16:21:37.154 3528 3528 E ArmVmp : Match on catch block at 0xc3 in for 0xa5
02-20 16:21:37.161 3528 3528 E ArmVmp : Match on catch block at 0xc3 in for 0xa9
02-20 16:21:37.168 3528 3528 E ArmVmp : Match on catch block at 0xc3 in for 0xa9
02-20 16:21:37.178 3528 3528 E ArmVmp : Match on catch block at 0xc3 in for 0xa1
02-20 16:21:37.184 3528 3528 E ArmVmp : Match on catch block at 0xc3 in for 0xa5
02-20 16:21:37.189 3528 3528 E ArmVmp : Match on catch block at 0xc3 in for 0xa5
02-20 16:21:37.198 3528 3528 E ArmVmp : Match on catch block at 0xc3 in for 0xa9
02-20 16:21:37.204 3528 3528 E ArmVmp : Match on catch block at 0xc3 in for 0xa1
02-20 16:21:37.208 3528 3528 E ArmVmp : Match on catch block at 0xc3 in for 0xa1
02-20 16:21:37.219 3528 3528 E ArmVmp : Match on catch block at 0xc3 in for 0xa5
02-20 16:21:37.225 3528 3528 E ArmVmp : Match on catch block at 0xc3 in for 0xa9
02-20 16:21:37.230 3528 3528 E ArmVmp : Match on catch block at 0xc3 in for 0xa9
02-20 16:21:37.247 3528 3528 E ArmVmp : Match on catch block at 0xc3 in for 0xa1
02-20 16:21:37.252 3528 3528 E ArmVmp : Match on catch block at 0xc3 in for 0xa5
02-20 16:21:37.256 3528 3528 E ArmVmp : Match on catch block at 0xc3 in for 0xa5
02-20 16:21:37.265 3528 3528 E ArmVmp : Match on catch block at 0xc3 in for 0xa9
02-20 16:21:37.270 3528 3528 E ArmVmp : Match on catch block at 0xc3 in for 0xa1
02-20 16:21:37.274 3528 3528 E ArmVmp : Match on catch block at 0xc3 in for 0xa1
02-20 16:21:37.284 3528 3528 E ArmVmp : Match on catch block at 0xc3 in for 0xa5
02-20 16:21:37.289 3528 3528 E ArmVmp : Match on catch block at 0xc3 in for 0xa9
02-20 16:21:37.294 3528 3528 E ArmVmp : Match on catch block at 0xc3 in for 0xa9
02-20 16:21:37.301 3528 3528 E ArmVmp : Match on catch block at 0xc3 in for 0xa1
02-20 16:21:37.306 3528 3528 E ArmVmp : Match on catch block at 0xc3 in for 0xa5
02-20 16:21:37.310 3528 3528 E ArmVmp : Match on catch block at 0xc3 in for 0xa5
02-20 16:21:37.460 3528 3528 E ArmVmp : Match on catch block at 0xc3 in for 0xa9
02-20 16:21:37.473 3528 3528 E ArmVmp : Match on catch block at 0xc3 in for 0xa1
02-20 16:21:37.482 3528 3528 E ArmVmp : Match on catch block at 0xc3 in for 0xa1
02-20 16:21:37.566 3528 3528 E ArmVmp : Match on catch block at 0xc3 in for 0xa5
02-20 16:21:37.570 3528 3528 E ArmVmp : Match on catch block at 0xc3 in for 0xa9
02-20 16:21:37.572 3528 3528 E ArmVmp : Match on catch block at 0xc3 in for 0xa9
02-20 16:21:38.083 3528 3528 E ArmVmp : Match on catch block at 0xc3 in for 0xa1
02-20 16:21:38.100 3528 3528 E ArmVmp : Match on catch block at 0xc3 in for 0xa5
02-20 16:21:38.111 3528 3528 E ArmVmp : Match on catch block at 0xc3 in for 0xa5
02-20 16:21:38.446 3528 3528 E ArmVmp : Match on catch block at 0xc3 in for 0xa9
02-20 16:21:38.450 3528 3528 E ArmVmp : Match on catch block at 0xc3 in for 0xa1
02-20 16:21:38.453 3528 3528 E ArmVmp : Match on catch block at 0xc3 in for 0xa1
02-20 16:21:38.964 3528 3528 E ArmVmp : Match on catch block at 0xc3 in for 0xa5
02-20 16:21:38.977 3528 3528 E ArmVmp : Match on catch block at 0xc3 in for 0xa9
02-20 16:21:38.982 3528 3528 E ArmVmp : Match on catch block at 0xc3 in for 0xa9
02-20 16:21:39.060 3528 3528 E SpannableStringBuilder: SPAN_EXCLUSIVE_EXCLUSIVE
spans cannot have a zero length
02-20 16:21:39.070 3528 3528 E ArmVmp : Match on catch block at 0xc3 in for 0xa1
02-20 16:21:39.074 3528 3528 E ArmVmp : Match on catch block at 0xc3 in for 0xa5
02-20 16:21:39.078 3528 3528 E ArmVmp : Match on catch block at 0xc3 in for 0xa5
02-20 16:21:39.590 3528 3528 E ArmVmp : Match on catch block at 0xc3 in for 0xa9
02-20 16:21:39.602 3528 3528 E ArmVmp : Match on catch block at 0xc3 in for 0xa1
02-20 16:21:39.607 3528 3528 E ArmVmp : Match on catch block at 0xc3 in for 0xa1
02-20 16:21:39.903 3528 3528 E ArmVmp : Match on catch block at 0xc3 in for 0xa5
02-20 16:21:39.907 3528 3528 E ArmVmp : Match on catch block at 0xc3 in for 0xa9
02-20 16:21:39.911 3528 3528 E ArmVmp : Match on catch block at 0xc3 in for 0xa9
02-20 16:21:40.405 3528 3528 E ArmVmp : Match on catch block at 0xc3 in for 0xa1
02-20 16:21:40.417 3528 3528 E ArmVmp : Match on catch block at 0xc3 in for 0xa5
02-20 16:21:40.427 3528 3528 E ArmVmp : Match on catch block at 0xc3 in for 0xa5
02-20 16:21:40.918 3528 3528 E ArmVmp : Match on catch block at 0xc3 in for 0xa9
02-20 16:21:40.936 3528 3528 E ArmVmp : Match on catch block at 0xc3 in for 0xa1
02-20 16:21:40.945 3528 3528 E ArmVmp : Match on catch block at 0xc3 in for 0xa1
02-20 16:21:41.342 3528 3528 E ArmVmp : Match on catch block at 0xc3 in for 0xa5
02-20 16:21:41.346 3528 3528 E ArmVmp : Match on catch block at 0xc3 in for 0xa9
02-20 16:21:41.349 3528 3528 E ArmVmp : Match on catch block at 0xc3 in for 0xa9
02-20 16:21:41.364 3528 3528 E ArmVmp : Match on catch block at 0xc3 in for 0xa1
02-20 16:21:41.367 3528 3528 E ArmVmp : Match on catch block at 0xc3 in for 0xa5
02-20 16:21:41.369 3528 3528 E ArmVmp : Match on catch block at 0xc3 in for 0xa5
02-20 16:21:41.875 3528 3528 E ArmVmp : Match on catch block at 0xc3 in for 0xa9
02-20 16:21:41.883 3528 3528 E ArmVmp : Match on catch block at 0xc3 in for 0xa1
02-20 16:21:41.889 3528 3528 E ArmVmp : Match on catch block at 0xc3 in for 0xa1
02-20 16:21:42.378 3528 3528 E ArmVmp : Match on catch block at 0xc3 in for 0xa5
02-20 16:21:42.393 3528 3528 E ArmVmp : Match on catch block at 0xc3 in for 0xa9
02-20 16:21:42.407 3528 3528 E ArmVmp : Match on catch block at 0xc3 in for 0xa9
02-20 16:21:42.867 3528 3528 E ArmVmp : Match on catch block at 0xc3 in for 0xa1
02-20 16:21:42.873 3528 3528 E ArmVmp : Match on catch block at 0xc3 in for 0xa5
