callbacks, including ones set internally by library authors, which may result in
unintended behavior. This may change in the future. Please use
`addBottomSheetCallback()` and `removeBottomSheetCallback()` instead to set your
own callbacks.
02-20 21:40:46.960 3559 3559 W BottomSheetBehavior: BottomSheetBehavior now
supports multiple callbacks. `setBottomSheetCallback()` removes all existing
callbacks, including ones set internally by library authors, which may result in
unintended behavior. This may change in the future. Please use
`addBottomSheetCallback()` and `removeBottomSheetCallback()` instead to set your
own callbacks.
02-20 21:40:47.061 3559 3559 W BottomSheetBehavior: BottomSheetBehavior now
supports multiple callbacks. `setBottomSheetCallback()` removes all existing
callbacks, including ones set internally by library authors, which may result in
unintended behavior. This may change in the future. Please use
`addBottomSheetCallback()` and `removeBottomSheetCallback()` instead to set your
own callbacks.
02-20 21:40:47.061 3559 3559 W BottomSheetBehavior: BottomSheetBehavior now
supports multiple callbacks. `setBottomSheetCallback()` removes all existing
callbacks, including ones set internally by library authors, which may result in
unintended behavior. This may change in the future. Please use
`addBottomSheetCallback()` and `removeBottomSheetCallback()` instead to set your
own callbacks.
02-20 21:40:47.090 3559 4698 W libEGL : EGLNativeWindowType 0x7e7202e010
disconnect failed
02-20 21:40:47.124 3559 4698 W libEGL : EGLNativeWindowType 0x7e612bd010
disconnect failed
02-20 21:40:47.222 3559 4976 W ACodec : [OMX.Exynos.avc.dec] setting
HDRStaticInfo failed even though codec advertises support
02-20 21:40:47.224 3559 4976 W ACodec : [OMX.Exynos.avc.dec] getting
HDRStaticInfo failed even though codec advertises support
02-20 21:40:47.283 3559 4976 W ACodec : [OMX.Exynos.avc.dec] getting
HDRStaticInfo failed even though codec advertises support
02-20 21:40:47.284 3559 4976 W AHierarchicalStateMachine: Warning message
AMessage(what = 'omxI') = {
02-20 21:40:47.284 3559 4976 W AHierarchicalStateMachine: int32_t type = 0
02-20 21:40:47.284 3559 4976 W AHierarchicalStateMachine: int32_t event = 3
02-20 21:40:47.284 3559 4976 W AHierarchicalStateMachine: int32_t data1 = 1
02-20 21:40:47.284 3559 4976 W AHierarchicalStateMachine: int32_t data2 =
117440527
02-20 21:40:47.284 3559 4976 W AHierarchicalStateMachine: } unhandled in root
state.
02-20 21:40:47.294 3559 4985 W Codec2Client: query -- param skipped: index =
1107298332.
02-20 21:40:47.294 3559 4985 W CCodec : This behavior is subject to change. It
is recommended that app developers double check whether the requested max input
size is in reasonable range.
02-20 21:40:47.299 3559 4985 W Codec2Client: query -- param skipped: index =
1342179345.
02-20 21:40:47.299 3559 4985 W Codec2Client: query -- param skipped: index =
2415921170.
02-20 21:40:47.299 3559 4985 W Codec2Client: query -- param skipped: index =
1610614798.
02-20 21:40:47.300 3559 4985 E FMQ : grantorIdx must be less than 3
02-20 21:40:47.300 3559 4985 E FMQ : grantorIdx must be less than 3
02-20 21:40:47.307 3559 4976 W ACodec : [OMX.Exynos.avc.dec] getting
HDRStaticInfo failed even though codec advertises support
02-20 21:40:47.312 3559 4985 E FMQ : grantorIdx must be less than 3
02-20 21:40:47.329 3559 4772 E FMQ : grantorIdx must be less than 3
02-20 21:40:49.779 3559 4985 W Codec2Client: query -- param skipped: index =
1342179345.
02-20 21:40:49.779 3559 4985 W Codec2Client: query -- param skipped: index =
2415921170.
02-20 21:40:49.779 3559 4985 W Codec2Client: query -- param skipped: index =
1610614798.
02-20 21:40:49.794 3559 4698 W libEGL : EGLNativeWindowType 0x7e7202e010
disconnect failed
02-20 21:40:49.832 3559 3559 E ViewRootImpl: sendUserActionEvent() mView
returned.
02-20 21:40:49.850 3559 3559 E ViewRootImpl: sendUserActionEvent() mView
returned.
02-20 21:40:51.352 3559 4698 W libEGL : EGLNativeWindowType 0x7e612bd010
disconnect failed
02-20 21:40:52.296 3559 4698 W libEGL : EGLNativeWindowType 0x7e645b3010
disconnect failed
02-20 21:40:54.488 3559 4698 W libEGL : EGLNativeWindowType 0x7e613ac010
disconnect failed
02-20 21:40:56.422 3559 5033 E linker : library ""
("/apex/com.android.vndk.v30/lib64") needed or dlopened by
"/apex/com.android.vndk.v30/lib64/libRS_internal.so" is not accessible for the
namespace: [name="rs", ld_library_paths="",
default_library_paths="/apex/com.android.vndk.v30/lib64:/vendor/lib64",
permitted_paths="/odm/lib64:/vendor/lib64:/system/vendor/lib64:/data"]
02-20 21:40:56.422 3559 5033 E RenderScript: Failed loading RS driver: dlopen
failed: library "" needed or dlopened by
"/apex/com.android.vndk.v30/lib64/libRS_internal.so" is not accessible for the
namespace "rs"
02-20 21:40:56.422 3559 5033 E RenderScript: Failed to load runtime , loading
default
02-20 21:40:56.621 3559 4741 W LOTTIE : Unknown shape type rd
02-20 21:40:56.711 3559 3559 E ArmVmp : Match on catch block at 0x0a in for 0xc9
02-20 21:40:56.717 3559 3559 E ArmVmp : Match on catch block at 0x0a in for 0xc9
02-20 21:40:57.345 3559 3559 E ArmVmp : Match on catch block at 0xc3 in for 0xb5
02-20 21:40:57.385 3559 3559 E ArmVmp : Match on catch block at 0xc3 in for 0xb1
02-20 21:40:57.389 3559 3559 E ArmVmp : Match on catch block at 0xc3 in for 0xb1
02-20 21:40:57.495 3559 3559 E ArmVmp : Match on catch block at 0xc3 in for 0xa5
02-20 21:40:57.500 3559 3559 E ArmVmp : Match on catch block at 0xc3 in for 0xa1
02-20 21:40:57.502 3559 3559 E ArmVmp : Match on catch block at 0xc3 in for 0xa1
02-20 21:40:57.597 3559 3559 E ArmVmp : Match on catch block at 0xc3 in for 0xa9
02-20 21:40:57.603 3559 3559 E ArmVmp : Match on catch block at 0xc3 in for 0xa1
02-20 21:40:57.606 3559 3559 E ArmVmp : Match on catch block at 0xc3 in for 0xa1
02-20 21:40:57.620 3559 3559 E ArmVmp : Match on catch block at 0xc3 in for 0xa5
02-20 21:40:57.627 3559 3559 E ArmVmp : Match on catch block at 0xc3 in for 0xa9
02-20 21:40:57.630 3559 3559 E ArmVmp : Match on catch block at 0xc3 in for 0xa9
02-20 21:40:57.662 3559 3559 E ArmVmp : Match on catch block at 0xc3 in for 0xa5
02-20 21:40:57.668 3559 3559 E ArmVmp : Match on catch block at 0xc3 in for 0xa9
02-20 21:40:57.670 3559 3559 E ArmVmp : Match on catch block at 0xc3 in for 0xa9
02-20 21:40:57.683 3559 3559 E ArmVmp : Match on catch block at 0xc3 in for 0xa1
02-20 21:40:57.689 3559 3559 E ArmVmp : Match on catch block at 0xc3 in for 0xa5
02-20 21:40:57.692 3559 3559 E ArmVmp : Match on catch block at 0xc3 in for 0xa5
02-20 21:40:57.699 3559 3559 E ArmVmp : Match on catch block at 0xc3 in for 0xa9
02-20 21:40:57.704 3559 3559 E ArmVmp : Match on catch block at 0xc3 in for 0xa1
02-20 21:40:57.707 3559 3559 E ArmVmp : Match on catch block at 0xc3 in for 0xa1
02-20 21:40:57.723 3559 3559 E ArmVmp : Match on catch block at 0xc3 in for 0xa5
02-20 21:40:57.728 3559 3559 E ArmVmp : Match on catch block at 0xc3 in for 0xa9
02-20 21:40:57.732 3559 3559 E ArmVmp : Match on catch block at 0xc3 in for 0xa9
02-20 21:40:57.738 3559 3559 E ArmVmp : Match on catch block at 0xc3 in for 0xa1
02-20 21:40:57.742 3559 3559 E ArmVmp : Match on catch block at 0xc3 in for 0xa5
02-20 21:40:57.747 3559 3559 E ArmVmp : Match on catch block at 0xc3 in for 0xa5
02-20 21:40:57.755 3559 3559 E ArmVmp : Match on catch block at 0xc3 in for 0xa9
02-20 21:40:57.760 3559 3559 E ArmVmp : Match on catch block at 0xc3 in for 0xa1
02-20 21:40:57.762 3559 3559 E ArmVmp : Match on catch block at 0xc3 in for 0xa1
02-20 21:40:57.771 3559 3559 E ArmVmp : Match on catch block at 0xc3 in for 0xa5
02-20 21:40:57.775 3559 3559 E ArmVmp : Match on catch block at 0xc3 in for 0xa9
02-20 21:40:57.779 3559 3559 E ArmVmp : Match on catch block at 0xc3 in for 0xa9
02-20 21:40:57.787 3559 3559 E ArmVmp : Match on catch block at 0xc3 in for 0xa1
02-20 21:40:57.792 3559 3559 E ArmVmp : Match on catch block at 0xc3 in for 0xa5
02-20 21:40:57.795 3559 3559 E ArmVmp : Match on catch block at 0xc3 in for 0xa5
02-20 21:40:57.803 3559 3559 E ArmVmp : Match on catch block at 0xc3 in for 0xa9
02-20 21:40:57.808 3559 3559 E ArmVmp : Match on catch block at 0xc3 in for 0xa1
02-20 21:40:57.811 3559 3559 E ArmVmp : Match on catch block at 0xc3 in for 0xa1
02-20 21:40:57.818 3559 3559 E ArmVmp : Match on catch block at 0xc3 in for 0xa5
02-20 21:40:57.823 3559 3559 E ArmVmp : Match on catch block at 0xc3 in for 0xa9
02-20 21:40:57.826 3559 3559 E ArmVmp : Match on catch block at 0xc3 in for 0xa9
02-20 21:40:57.834 3559 3559 E ArmVmp : Match on catch block at 0xc3 in for 0xa1
02-20 21:40:57.839 3559 3559 E ArmVmp : Match on catch block at 0xc3 in for 0xa5
02-20 21:40:57.842 3559 3559 E ArmVmp : Match on catch block at 0xc3 in for 0xa5
02-20 21:40:57.850 3559 3559 E ArmVmp : Match on catch block at 0xc3 in for 0xa9
02-20 21:40:57.862 3559 3559 E ArmVmp : Match on catch block at 0xc3 in for 0xa1
02-20 21:40:57.865 3559 3559 E ArmVmp : Match on catch block at 0xc3 in for 0xa1
02-20 21:40:57.883 3559 3559 E ArmVmp : Match on catch block at 0xc3 in for 0xa9
02-20 21:40:57.887 3559 3559 E ArmVmp : Match on catch block at 0xc3 in for 0xa1
02-20 21:40:57.889 3559 3559 E ArmVmp : Match on catch block at 0xc3 in for 0xa1
02-20 21:40:57.897 3559 4698 W libEGL : EGLNativeWindowType 0x7e60e58010
disconnect failed
02-20 21:40:57.920 3559 3559 E ArmVmp : Match on catch block at 0xc3 in for 0xa5
02-20 21:40:57.924 3559 3559 E ArmVmp : Match on catch block at 0xc3 in for 0xa9
02-20 21:40:57.927 3559 3559 E ArmVmp : Match on catch block at 0xc3 in for 0xa9
02-20 21:40:57.932 3559 3559 E ArmVmp : Match on catch block at 0xc3 in for 0xa1
02-20 21:40:57.936 3559 3559 E ArmVmp : Match on catch block at 0xc3 in for 0xa5
02-20 21:40:57.939 3559 3559 E ArmVmp : Match on catch block at 0xc3 in for 0xa5
02-20 21:40:57.945 3559 3559 W Choreographer: Frame time is 0.011508 ms in the
future! Check that graphics HAL is generating vsync timestamps using the correct
timebase.
02-20 21:40:57.947 3559 3559 E ArmVmp : Match on catch block at 0xc3 in for 0xa9
02-20 21:40:57.951 3559 3559 E ArmVmp : Match on catch block at 0xc3 in for 0xa1
02-20 21:40:57.953 3559 3559 E ArmVmp : Match on catch block at 0xc3 in for 0xa1
02-20 21:40:57.963 3559 3559 E ArmVmp : Match on catch block at 0xc3 in for 0xa5
02-20 21:40:57.967 3559 3559 E ArmVmp : Match on catch block at 0xc3 in for 0xa9
02-20 21:40:57.969 3559 3559 E ArmVmp : Match on catch block at 0xc3 in for 0xa9
02-20 21:40:58.060 3559 3559 E ArmVmp : Match on catch block at 0xc3 in for 0xa1
02-20 21:40:58.063 3559 3559 E ArmVmp : Match on catch block at 0xc3 in for 0xa5
02-20 21:40:58.066 3559 3559 E ArmVmp : Match on catch block at 0xc3 in for 0xa5
02-20 21:40:58.567 3559 3559 E ArmVmp : Match on catch block at 0xc3 in for 0xa5
02-20 21:40:58.582 3559 3559 E ArmVmp : Match on catch block at 0xc3 in for 0xa9
02-20 21:40:58.588 3559 3559 E ArmVmp : Match on catch block at 0xc3 in for 0xa9
02-20 21:40:59.076 3559 3559 E ArmVmp : Match on catch block at 0xc3 in for 0xa1
02-20 21:40:59.093 3559 3559 E ArmVmp : Match on catch block at 0xc3 in for 0xa5
02-20 21:40:59.103 3559 3559 E ArmVmp : Match on catch block at 0xc3 in for 0xa5
02-20 21:40:59.188 3559 3559 E ArmVmp : Match on catch block at 0xc3 in for 0xa9
02-20 21:40:59.206 3559 3559 E ArmVmp : Match on catch block at 0xc3 in for 0xa1
02-20 21:40:59.218 3559 3559 E ArmVmp : Match on catch block at 0xc3 in for 0xa1
02-20 21:40:59.230 3559 3559 E ArmVmp : Match on catch block at 0xc3 in for 0xa5
02-20 21:40:59.239 3559 3559 E ArmVmp : Match on catch block at 0xc3 in for 0xa9
02-20 21:40:59.247 3559 3559 E ArmVmp : Match on catch block at 0xc3 in for 0xa9
02-20 21:40:59.260 3559 3559 E ArmVmp : Match on catch block at 0xc3 in for 0xa1
02-20 21:40:59.269 3559 3559 E ArmVmp : Match on catch block at 0xc3 in for 0xa5
02-20 21:40:59.275 3559 3559 E ArmVmp : Match on catch block at 0xc3 in for 0xa5
02-20 21:40:59.290 3559 3559 E ArmVmp : Match on catch block at 0xc3 in for 0xa9
02-20 21:40:59.300 3559 3559 E ArmVmp : Match on catch block at 0xc3 in for 0xa1
02-20 21:40:59.305 3559 3559 E ArmVmp : Match on catch block at 0xc3 in for 0xa1
02-20 21:40:59.317 3559 3559 E ArmVmp : Match on catch block at 0xc3 in for 0xa5
02-20 21:40:59.326 3559 3559 E ArmVmp : Match on catch block at 0xc3 in for 0xa9
02-20 21:40:59.331 3559 3559 E ArmVmp : Match on catch block at 0xc3 in for 0xa9
02-20 21:40:59.344 3559 3559 E ArmVmp : Match on catch block at 0xc3 in for 0xa1
02-20 21:40:59.356 3559 3559 E ArmVmp : Match on catch block at 0xc3 in for 0xa5
02-20 21:40:59.361 3559 3559 E ArmVmp : Match on catch block at 0xc3 in for 0xa5
02-20 21:40:59.373 3559 3559 E ArmVmp : Match on catch block at 0xc3 in for 0xa9
02-20 21:40:59.381 3559 3559 E ArmVmp : Match on catch block at 0xc3 in for 0xa1
02-20 21:40:59.386 3559 3559 E ArmVmp : Match on catch block at 0xc3 in for 0xa1
02-20 21:40:59.397 3559 3559 E ArmVmp : Match on catch block at 0xc3 in for 0xa5
02-20 21:40:59.408 3559 3559 E ArmVmp : Match on catch block at 0xc3 in for 0xa9
02-20 21:40:59.413 3559 3559 E ArmVmp : Match on catch block at 0xc3 in for 0xa9
02-20 21:40:59.423 3559 3559 E ArmVmp : Match on catch block at 0xc3 in for 0xa1
02-20 21:40:59.432 3559 3559 E ArmVmp : Match on catch block at 0xc3 in for 0xa5
02-20 21:40:59.437 3559 3559 E ArmVmp : Match on catch block at 0xc3 in for 0xa5
02-20 21:40:59.576 3559 3559 E ArmVmp : Match on catch block at 0xc3 in for 0xa9
02-20 21:40:59.593 3559 3559 E ArmVmp : Match on catch block at 0xc3 in for 0xa1
02-20 21:40:59.604 3559 3559 E ArmVmp : Match on catch block at 0xc3 in for 0xa1
02-20 21:41:00.114 3559 3559 E ArmVmp : Match on catch block at 0xc3 in for 0xa9
02-20 21:41:00.123 3559 3559 E ArmVmp : Match on catch block at 0xc3 in for 0xa1
02-20 21:41:00.133 3559 3559 E ArmVmp : Match on catch block at 0xc3 in for 0xa1
02-20 21:41:00.623 3559 3559 E ArmVmp : Match on catch block at 0xc3 in for 0xa5
02-20 21:41:00.631 3559 3559 E ArmVmp : Match on catch block at 0xc3 in for 0xa9
02-20 21:41:00.636 3559 3559 E ArmVmp : Match on catch block at 0xc3 in for 0xa9
02-20 21:41:01.138 3559 3559 E ArmVmp : Match on catch block at 0xc3 in for 0xa1
02-20 21:41:01.156 3559 3559 E ArmVmp : Match on catch block at 0xc3 in for 0xa5
02-20 21:41:01.167 3559 3559 E ArmVmp : Match on catch block at 0xc3 in for 0xa5
02-20 21:41:01.638 3559 3559 E ArmVmp : Match on catch block at 0xc3 in for 0xa9
02-20 21:41:01.654 3559 3559 E ArmVmp : Match on catch block at 0xc3 in for 0xa1
02-20 21:41:01.664 3559 3559 E ArmVmp : Match on catch block at 0xc3 in for 0xa1
02-20 21:41:02.135 3559 3559 E ArmVmp : Match on catch block at 0xc3 in for 0xa5
02-20 21:41:02.152 3559 3559 E ArmVmp : Match on catch block at 0xc3 in for 0xa9
02-20 21:41:02.163 3559 3559 E ArmVmp : Match on catch block at 0xc3 in for 0xa9
02-20 21:41:02.638 3559 3559 E ArmVmp : Match on catch block at 0xc3 in for 0xa1
02-20 21:41:02.655 3559 3559 E ArmVmp : Match on catch block at 0xc3 in for 0xa5
02-20 21:41:02.664 3559 3559 E ArmVmp : Match on catch block at 0xc3 in for 0xa5
02-20 21:41:03.144 3559 3559 E ArmVmp : Match on catch block at 0xc3 in for 0xa9
02-20 21:41:03.161 3559 3559 E ArmVmp : Match on catch block at 0xc3 in for 0xa1
02-20 21:41:03.173 3559 3559 E ArmVmp : Match on catch block at 0xc3 in for 0xa1
02-20 21:41:03.640 3559 3559 E ArmVmp : Match on catch block at 0xc3 in for 0xa5
02-20 21:41:03.658 3559 3559 E ArmVmp : Match on catch block at 0xc3 in for 0xa9
02-20 21:41:03.672 3559 3559 E ArmVmp : Match on catch block at 0xc3 in for 0xa9
02-20 21:41:04.132 3559 3559 E ArmVmp : Match on catch block at 0xc3 in for 0xa1
02-20 21:41:04.140 3559 3559 E ArmVmp : Match on catch block at 0xc3 in for 0xa5
02-20 21:41:04.144 3559 3559 E ArmVmp : Match on catch block at 0xc3 in for 0xa5
02-20 21:41:04.626 3559 3559 E ArmVmp : Match on catch block at 0xc3 in for 0xa9
02-20 21:41:04.631 3559 3559 E ArmVmp : Match on catch block at 0xc3 in for 0xa1
02-20 21:41:04.635 3559 3559 E ArmVmp : Match on catch block at 0xc3 in for 0xa1
02-20 21:41:05.140 3559 3559 E ArmVmp : Match on catch block at 0xc3 in for 0xa5
02-20 21:41:05.150 3559 3559 E ArmVmp : Match on catch block at 0xc3 in for 0xa9
02-20 21:41:05.162 3559 3559 E ArmVmp : Match on catch block at 0xc3 in for 0xa9
02-20 21:41:05.640 3559 3559 E ArmVmp : Match on catch block at 0xc3 in for 0xa1
02-20 21:41:05.658 3559 3559 E ArmVmp : Match on catch block at 0xc3 in for 0xa5
02-20 21:41:05.667 3559 3559 E ArmVmp : Match on catch block at 0xc3 in for 0xa5
02-20 21:41:06.138 3559 3559 E ArmVmp : Match on catch block at 0xc3 in for 0xa9
02-20 21:41:06.155 3559 3559 E ArmVmp : Match on catch block at 0xc3 in for 0xa1
02-20 21:41:06.166 3559 3559 E ArmVmp : Match on catch block at 0xc3 in for 0xa1
02-20 21:41:06.651 3559 3559 E ArmVmp : Match on catch block at 0xc3 in for 0xa5
02-20 21:41:06.669 3559 3559 E ArmVmp : Match on catch block at 0xc3 in for 0xa9
02-20 21:41:06.679 3559 3559 E ArmVmp : Match on catch block at 0xc3 in for 0xa9
02-20 21:41:07.146 3559 3559 E ArmVmp : Match on catch block at 0xc3 in for 0xa1
02-20 21:41:07.165 3559 3559 E ArmVmp : Match on catch block at 0xc3 in for 0xa5
02-20 21:41:07.176 3559 3559 E ArmVmp : Match on catch block at 0xc3 in for 0xa5
02-20 21:41:07.648 3559 3559 E ArmVmp : Match on catch block at 0xc3 in for 0xa9
02-20 21:41:07.667 3559 3559 E ArmVmp : Match on catch block at 0xc3 in for 0xa1
02-20 21:41:07.679 3559 3559 E ArmVmp : Match on catch block at 0xc3 in for 0xa1
02-20 21:41:08.150 3559 3559 E ArmVmp : Match on catch block at 0xc3 in for 0xa5
02-20 21:41:08.158 3559 3559 E ArmVmp : Match on catch block at 0xc3 in for 0xa9
02-20 21:41:08.163 3559 3559 E ArmVmp : Match on catch block at 0xc3 in for 0xa9
02-20 21:41:08.650 3559 3559 E ArmVmp : Match on catch block at 0xc3 in for 0xa1
02-20 21:41:08.656 3559 3559 E ArmVmp : Match on catch block at 0xc3 in for 0xa5
02-20 21:41:08.660 3559 3559 E ArmVmp : Match on catch block at 0xc3 in for 0xa5
02-20 21:41:08.797 3559 3559 E ArmVmp : Match on catch block at 0xc3 in for 0xa1
02-20 21:41:08.802 3559 3559 E ArmVmp : Match on catch block at 0xc3 in for 0xa5
02-20 21:41:08.806 3559 3559 E ArmVmp : Match on catch block at 0xc3 in for 0xa5
02-20 21:41:08.816 3559 3559 E ArmVmp : Match on catch block at 0xc3 in for 0xa9
02-20 21:41:08.830 3559 3559 E ArmVmp : Match on catch block at 0xc3 in for 0xa1
02-20 21:41:08.833 3559 3559 E ArmVmp : Match on catch block at 0xc3 in for 0xa1
02-20 21:41:09.032 3559 3559 E ArmVmp : Match on catch block at 0xc3 in for 0xa9
02-20 21:41:09.040 3559 3559 E ArmVmp : Match on catch block at 0xc3 in for 0xa1
02-20 21:41:09.049 3559 3559 E ArmVmp : Match on catch block at 0xc3 in for 0xa1
02-20 21:41:09.096 3559 3559 E ArmVmp : Match on catch block at 0xc3 in for 0xa5
02-20 21:41:09.101 3559 4698 W libEGL : EGLNativeWindowType 0x7e46211010
disconnect failed
02-20 21:41:09.106 3559 3559 E ArmVmp : Match on catch block at 0xc3 in for 0xa9
02-20 21:41:09.116 3559 3559 E ArmVmp : Match on catch block at 0xc3 in for 0xa9
02-20 21:41:09.159 3559 3559 E ArmVmp : Match on catch block at 0xc3 in for 0xa1
02-20 21:41:09.167 3559 3559 E ArmVmp : Match on catch block at 0xc3 in for 0xa5
02-20 21:41:09.172 3559 3559 E ArmVmp : Match on catch block at 0xc3 in for 0xa5
02-20 21:41:09.663 3559 3559 E ArmVmp : Match on catch block at 0xc3 in for 0xa9
02-20 21:41:09.680 3559 3559 E ArmVmp : Match on catch block at 0xc3 in for 0xa1
02-20 21:41:09.690 3559 3559 E ArmVmp : Match on catch block at 0xc3 in for 0xa1
02-20 21:41:09.962 3559 3559 E ArmVmp : Match on catch block at 0xc3 in for 0xa1
02-20 21:41:09.968 3559 3559 E ArmVmp : Match on catch block at 0xc3 in for 0xa5
02-20 21:41:09.971 3559 3559 E ArmVmp : Match on catch block at 0xc3 in for 0xa5
02-20 21:41:09.999 3559 3559 E ArmVmp : Match on catch block at 0xc3 in for 0xa5
02-20 21:41:10.003 3559 3559 E ArmVmp : Match on catch block at 0xc3 in for 0xa9
02-20 21:41:10.007 3559 3559 E ArmVmp : Match on catch block at 0xc3 in for 0xa9
02-20 21:41:10.021 3559 3559 E ArmVmp : Match on catch block at 0xc3 in for 0xa1
02-20 21:41:10.025 3559 3559 E ArmVmp : Match on catch block at 0xc3 in for 0xa5
02-20 21:41:10.029 3559 3559 E ArmVmp : Match on catch block at 0xc3 in for 0xa5
02-20 21:41:10.038 3559 3559 E ArmVmp : Match on catch block at 0xc3 in for 0xa9
02-20 21:41:10.043 3559 3559 E ArmVmp : Match on catch block at 0xc3 in for 0xa1
02-20 21:41:10.045 3559 3559 E ArmVmp : Match on catch block at 0xc3 in for 0xa1
02-20 21:41:10.054 3559 3559 E ArmVmp : Match on catch block at 0xc3 in for 0xa5
02-20 21:41:10.059 3559 3559 E ArmVmp : Match on catch block at 0xc3 in for 0xa9
02-20 21:41:10.062 3559 3559 E ArmVmp : Match on catch block at 0xc3 in for 0xa9
02-20 21:41:10.074 3559 3559 E ArmVmp : Match on catch block at 0xc3 in for 0xa1
02-20 21:41:10.077 3559 3559 E ArmVmp : Match on catch block at 0xc3 in for 0xa5
02-20 21:41:10.080 3559 3559 E ArmVmp : Match on catch block at 0xc3 in for 0xa5
02-20 21:41:10.086 3559 3559 E ArmVmp : Match on catch block at 0xc3 in for 0xa9
02-20 21:41:10.090 3559 3559 E ArmVmp : Match on catch block at 0xc3 in for 0xa1
02-20 21:41:10.093 3559 3559 E ArmVmp : Match on catch block at 0xc3 in for 0xa1
02-20 21:41:10.102 3559 3559 E ArmVmp : Match on catch block at 0xc3 in for 0xa5
02-20 21:41:10.106 3559 3559 E ArmVmp : Match on catch block at 0xc3 in for 0xa9
02-20 21:41:10.109 3559 3559 E ArmVmp : Match on catch block at 0xc3 in for 0xa9
02-20 21:41:10.118 3559 3559 E ArmVmp : Match on catch block at 0xc3 in for 0xa1
02-20 21:41:10.123 3559 3559 E ArmVmp : Match on catch block at 0xc3 in for 0xa5
02-20 21:41:10.126 3559 3559 E ArmVmp : Match on catch block at 0xc3 in for 0xa5
02-20 21:41:10.135 3559 3559 E ArmVmp : Match on catch block at 0xc3 in for 0xa9
02-20 21:41:10.144 3559 3559 E ArmVmp : Match on catch block at 0xc3 in for 0xa1
02-20 21:41:10.147 3559 3559 E ArmVmp : Match on catch block at 0xc3 in for 0xa1
02-20 21:41:10.167 3559 3559 E ArmVmp : Match on catch block at 0xc3 in for 0xa5
02-20 21:41:10.171 3559 3559 E ArmVmp : Match on catch block at 0xc3 in for 0xa9
02-20 21:41:10.174 3559 3559 E ArmVmp : Match on catch block at 0xc3 in for 0xa9
02-20 21:41:10.199 3559 3559 E ArmVmp : Match on catch block at 0xc3 in for 0xa1
02-20 21:41:10.204 3559 3559 E ArmVmp : Match on catch block at 0xc3 in for 0xa5
02-20 21:41:10.207 3559 3559 E ArmVmp : Match on catch block at 0xc3 in for 0xa5
02-20 21:41:10.310 3559 3559 E ArmVmp : Match on catch block at 0xc3 in for 0xa9
02-20 21:41:10.314 3559 3559 E ArmVmp : Match on catch block at 0xc3 in for 0xa1
02-20 21:41:10.318 3559 3559 E ArmVmp : Match on catch block at 0xc3 in for 0xa1
02-20 21:41:10.501 3559 3559 E ArmVmp : Match on catch block at 0xc3 in for 0xa5
02-20 21:41:10.505 3559 3559 E ArmVmp : Match on catch block at 0xc3 in for 0xa9
02-20 21:41:10.509 3559 3559 E ArmVmp : Match on catch block at 0xc3 in for 0xa9
02-20 21:41:10.598 3559 3559 E ArmVmp : Match on catch block at 0xc3 in for 0xa1
02-20 21:41:10.602 3559 3559 E ArmVmp : Match on catch block at 0xc3 in for 0xa5
02-20 21:41:10.605 3559 3559 E ArmVmp : Match on catch block at 0xc3 in for 0xa5
02-20 21:41:10.613 3559 3559 E ArmVmp : Match on catch block at 0xc3 in for 0xa9
02-20 21:41:10.619 3559 3559 E ArmVmp : Match on catch block at 0xc3 in for 0xa1
02-20 21:41:10.621 3559 3559 E ArmVmp : Match on catch block at 0xc3 in for 0xa1
02-20 21:41:10.630 3559 3559 E ArmVmp : Match on catch block at 0xc3 in for 0xa5
02-20 21:41:10.636 3559 3559 E ArmVmp : Match on catch block at 0xc3 in for 0xa9
02-20 21:41:10.639 3559 3559 E ArmVmp : Match on catch block at 0xc3 in for 0xa9
02-20 21:41:10.649 3559 3559 E ArmVmp : Match on catch block at 0xc3 in for 0xa1
02-20 21:41:10.654 3559 3559 E ArmVmp : Match on catch block at 0xc3 in for 0xa5
02-20 21:41:10.656 3559 3559 E ArmVmp : Match on catch block at 0xc3 in for 0xa5
02-20 21:41:10.664 3559 3559 E ArmVmp : Match on catch block at 0xc3 in for 0xa9
02-20 21:41:10.669 3559 3559 E ArmVmp : Match on catch block at 0xc3 in for 0xa1
02-20 21:41:10.671 3559 3559 E ArmVmp : Match on catch block at 0xc3 in for 0xa1
02-20 21:41:10.678 3559 3559 E ArmVmp : Match on catch block at 0xc3 in for 0xa5
02-20 21:41:10.683 3559 3559 E ArmVmp : Match on catch block at 0xc3 in for 0xa9
02-20 21:41:10.688 3559 3559 E ArmVmp : Match on catch block at 0xc3 in for 0xa9
02-20 21:41:10.695 3559 3559 E ArmVmp : Match on catch block at 0xc3 in for 0xa1
02-20 21:41:10.701 3559 3559 E ArmVmp : Match on catch block at 0xc3 in for 0xa5
02-20 21:41:10.704 3559 3559 E ArmVmp : Match on catch block at 0xc3 in for 0xa5
02-20 21:41:10.713 3559 3559 E ArmVmp : Match on catch block at 0xc3 in for 0xa9
02-20 21:41:10.719 3559 3559 E ArmVmp : Match on catch block at 0xc3 in for 0xa1
02-20 21:41:10.721 3559 3559 E ArmVmp : Match on catch block at 0xc3 in for 0xa1
02-20 21:41:10.726 3559 3559 E ArmVmp : Match on catch block at 0xc3 in for 0xa5
02-20 21:41:10.730 3559 3559 E ArmVmp : Match on catch block at 0xc3 in for 0xa9
02-20 21:41:10.733 3559 3559 E ArmVmp : Match on catch block at 0xc3 in for 0xa9
02-20 21:41:10.742 3559 3559 E ArmVmp : Match on catch block at 0xc3 in for 0xa1
02-20 21:41:10.747 3559 3559 E ArmVmp : Match on catch block at 0xc3 in for 0xa5
02-20 21:41:10.749 3559 3559 E ArmVmp : Match on catch block at 0xc3 in for 0xa5
02-20 21:41:10.759 3559 3559 E ArmVmp : Match on catch block at 0xc3 in for 0xa9
02-20 21:41:10.763 3559 3559 E ArmVmp : Match on catch block at 0xc3 in for 0xa1
02-20 21:41:10.765 3559 3559 E ArmVmp : Match on catch block at 0xc3 in for 0xa1
02-20 21:41:10.775 3559 3559 E ArmVmp : Match on catch block at 0xc3 in for 0xa5
02-20 21:41:10.781 3559 3559 E ArmVmp : Match on catch block at 0xc3 in for 0xa9
02-20 21:41:10.784 3559 3559 E ArmVmp : Match on catch block at 0xc3 in for 0xa9
02-20 21:41:10.797 3559 3559 E ArmVmp : Match on catch block at 0xc3 in for 0xa1
02-20 21:41:10.802 3559 3559 E ArmVmp : Match on catch block at 0xc3 in for 0xa5
02-20 21:41:10.804 3559 3559 E ArmVmp : Match on catch block at 0xc3 in for 0xa5
02-20 21:41:10.809 3559 3559 E ArmVmp : Match on catch block at 0xc3 in for 0xa9
02-20 21:41:10.815 3559 3559 E ArmVmp : Match on catch block at 0xc3 in for 0xa1
02-20 21:41:10.817 3559 3559 E ArmVmp : Match on catch block at 0xc3 in for 0xa1
02-20 21:41:10.823 3559 3559 E ArmVmp : Match on catch block at 0xc3 in for 0xa5
02-20 21:41:10.827 3559 3559 E ArmVmp : Match on catch block at 0xc3 in for 0xa9
02-20 21:41:10.830 3559 3559 E ArmVmp : Match on catch block at 0xc3 in for 0xa9
02-20 21:41:10.840 3559 3559 E ArmVmp : Match on catch block at 0xc3 in for 0xa1
02-20 21:41:10.844 3559 3559 E ArmVmp : Match on catch block at 0xc3 in for 0xa5
02-20 21:41:10.847 3559 3559 E ArmVmp : Match on catch block at 0xc3 in for 0xa5
02-20 21:41:10.985 3559 3559 E ArmVmp : Match on catch block at 0xc3 in for 0xa9
02-20 21:41:10.989 3559 3559 E ArmVmp : Match on catch block at 0xc3 in for 0xa1
02-20 21:41:10.992 3559 3559 E ArmVmp : Match on catch block at 0xc3 in for 0xa1
02-20 21:41:11.095 3559 3559 E ArmVmp : Match on catch block at 0xc3 in for 0xa5
02-20 21:41:11.101 3559 3559 E ArmVmp : Match on catch block at 0xc3 in for 0xa9
02-20 21:41:11.108 3559 3559 E ArmVmp : Match on catch block at 0xc3 in for 0xa9
02-20 21:41:11.127 3559 3559 E ArmVmp : Match on catch block at 0xc3 in for 0xa1
02-20 21:41:11.132 3559 3559 E ArmVmp : Match on catch block at 0xc3 in for 0xa5
02-20 21:41:11.135 3559 3559 E ArmVmp : Match on catch block at 0xc3 in for 0xa5
02-20 21:41:11.223 3559 3559 E ArmVmp : Match on catch block at 0xc3 in for 0xa9
02-20 21:41:11.227 3559 3559 E ArmVmp : Match on catch block at 0xc3 in for 0xa1
02-20 21:41:11.230 3559 3559 E ArmVmp : Match on catch block at 0xc3 in for 0xa1
02-20 21:41:11.351 3559 3559 E ArmVmp : Match on catch block at 0xc3 in for 0xa5
02-20 21:41:11.356 3559 3559 E ArmVmp : Match on catch block at 0xc3 in for 0xa9
02-20 21:41:11.358 3559 3559 E ArmVmp : Match on catch block at 0xc3 in for 0xa9
02-20 21:41:11.736 3559 3559 E ArmVmp : Match on catch block at 0xc3 in for 0xa1
02-20 21:41:11.743 3559 3559 E ArmVmp : Match on catch block at 0xc3 in for 0xa5
02-20 21:41:11.747 3559 3559 E ArmVmp : Match on catch block at 0xc3 in for 0xa5
02-20 21:41:11.928 3559 3559 E ArmVmp : Match on catch block at 0xc3 in for 0xa9
02-20 21:41:11.934 3559 3559 E ArmVmp : Match on catch block at 0xc3 in for 0xa1
02-20 21:41:11.937 3559 3559 E ArmVmp : Match on catch block at 0xc3 in for 0xa1
02-20 21:41:12.088 3559 3559 E ArmVmp : Match on catch block at 0xc3 in for 0xa5
02-20 21:41:12.093 3559 3559 E ArmVmp : Match on catch block at 0xc3 in for 0xa9
02-20 21:41:12.096 3559 3559 E ArmVmp : Match on catch block at 0xc3 in for 0xa9
02-20 21:41:12.120 3559 3559 E ArmVmp : Match on catch block at 0xc3 in for 0xa1
02-20 21:41:12.126 3559 3559 E ArmVmp : Match on catch block at 0xc3 in for 0xa5
02-20 21:41:12.128 3559 3559 E ArmVmp : Match on catch block at 0xc3 in for 0xa5
02-20 21:41:12.167 3559 3559 E ArmVmp : Match on catch block at 0xc3 in for 0xa9
02-20 21:41:12.171 3559 3559 E ArmVmp : Match on catch block at 0xc3 in for 0xa1
02-20 21:41:12.173 3559 3559 E ArmVmp : Match on catch block at 0xc3 in for 0xa1
02-20 21:41:12.453 3559 3559 E ArmVmp : Match on catch block at 0xc3 in for 0xa5
02-20 21:41:12.457 3559 3559 E ArmVmp : Match on catch block at 0xc3 in for 0xa9
02-20 21:41:12.460 3559 3559 E ArmVmp : Match on catch block at 0xc3 in for 0xa9
02-20 21:41:12.468 3559 3559 E ArmVmp : Match on catch block at 0xc3 in for 0xa1
02-20 21:41:12.474 3559 3559 E ArmVmp : Match on catch block at 0xc3 in for 0xa5
02-20 21:41:12.479 3559 3559 E ArmVmp : Match on catch block at 0xc3 in for 0xa5
02-20 21:41:12.488 3559 3559 E ArmVmp : Match on catch block at 0xc3 in for 0xa5
02-20 21:41:12.491 3559 3559 E ArmVmp : Match on catch block at 0xc3 in for 0xa9
02-20 21:41:12.494 3559 3559 E ArmVmp : Match on catch block at 0xc3 in for 0xa9
02-20 21:41:12.633 3559 3559 E ArmVmp : Match on catch block at 0xc3 in for 0xa5
02-20 21:41:12.639 3559 3559 E ArmVmp : Match on catch block at 0xc3 in for 0xa9
02-20 21:41:12.642 3559 3559 E ArmVmp : Match on catch block at 0xc3 in for 0xa9
02-20 21:41:12.842 3559 3559 E ArmVmp : Match on catch block at 0xc3 in for 0xa5
02-20 21:41:12.847 3559 3559 E ArmVmp : Match on catch block at 0xc3 in for 0xa9
02-20 21:41:12.850 3559 3559 E ArmVmp : Match on catch block at 0xc3 in for 0xa9
02-20 21:41:13.065 3559 3559 E ArmVmp : Match on catch block at 0xc3 in for 0xa9
02-20 21:41:13.072 3559 3559 E ArmVmp : Match on catch block at 0xc3 in for 0xa1
02-20 21:41:13.079 3559 3559 E ArmVmp : Match on catch block at 0xc3 in for 0xa1
02-20 21:41:13.097 3559 3559 E ArmVmp : Match on catch block at 0xc3 in for 0xa1
02-20 21:41:13.103 3559 3559 E ArmVmp : Match on catch block at 0xc3 in for 0xa5
02-20 21:41:13.105 3559 3559 E ArmVmp : Match on catch block at 0xc3 in for 0xa5
02-20 21:41:13.305 3559 3559 E ArmVmp : Match on catch block at 0xc3 in for 0xa9
02-20 21:41:13.309 3559 3559 E ArmVmp : Match on catch block at 0xc3 in for 0xa1
02-20 21:41:13.312 3559 3559 E ArmVmp : Match on catch block at 0xc3 in for 0xa1
02-20 21:41:13.482 3559 3559 E ArmVmp : Match on catch block at 0xc3 in for 0xa5
02-20 21:41:13.486 3559 3559 E ArmVmp : Match on catch block at 0xc3 in for 0xa9
02-20 21:41:13.489 3559 3559 E ArmVmp : Match on catch block at 0xc3 in for 0xa9
02-20 21:41:13.754 3559 3559 E ArmVmp : Match on catch block at 0xc3 in for 0xa1
02-20 21:41:13.760 3559 3559 E ArmVmp : Match on catch block at 0xc3 in for 0xa5
02-20 21:41:13.764 3559 3559 E ArmVmp : Match on catch block at 0xc3 in for 0xa5
02-20 21:41:13.898 3559 3559 E ArmVmp : Match on catch block at 0xc3 in for 0xa9
02-20 21:41:13.902 3559 3559 E ArmVmp : Match on catch block at 0xc3 in for 0xa1
02-20 21:41:13.906 3559 3559 E ArmVmp : Match on catch block at 0xc3 in for 0xa1
02-20 21:41:14.027 3559 3559 E ArmVmp : Match on catch block at 0xc3 in for 0xa5
02-20 21:41:14.032 3559 3559 E ArmVmp : Match on catch block at 0xc3 in for 0xa9
02-20 21:41:14.035 3559 3559 E ArmVmp : Match on catch block at 0xc3 in for 0xa9
02-20 21:41:14.059 3559 3559 E ArmVmp : Match on catch block at 0xc3 in for 0xa1
02-20 21:41:14.063 3559 3559 E ArmVmp : Match on catch block at 0xc3 in for 0xa5
02-20 21:41:14.066 3559 3559 E ArmVmp : Match on catch block at 0xc3 in for 0xa5
02-20 21:41:14.075 3559 3559 E ArmVmp : Match on catch block at 0xc3 in for 0xa9
02-20 21:41:14.080 3559 3559 E ArmVmp : Match on catch block at 0xc3 in for 0xa1
02-20 21:41:14.085 3559 3559 E ArmVmp : Match on catch block at 0xc3 in for 0xa1
02-20 21:41:14.094 3559 3559 E ArmVmp : Match on catch block at 0xc3 in for 0xa5
02-20 21:41:14.100 3559 3559 E ArmVmp : Match on catch block at 0xc3 in for 0xa9
02-20 21:41:14.103 3559 3559 E ArmVmp : Match on catch block at 0xc3 in for 0xa9
02-20 21:41:14.109 3559 3559 E ArmVmp : Match on catch block at 0xc3 in for 0xa1
02-20 21:41:14.116 3559 3559 E ArmVmp : Match on catch block at 0xc3 in for 0xa5
02-20 21:41:14.119 3559 3559 E ArmVmp : Match on catch block at 0xc3 in for 0xa5
02-20 21:41:14.125 3559 3559 E ArmVmp : Match on catch block at 0xc3 in for 0xa9
02-20 21:41:14.131 3559 3559 E ArmVmp : Match on catch block at 0xc3 in for 0xa1
02-20 21:41:14.134 3559 3559 E ArmVmp : Match on catch block at 0xc3 in for 0xa1
02-20 21:41:14.146 3559 3559 E ArmVmp : Match on catch block at 0xc3 in for 0xa5
02-20 21:41:14.156 3559 3559 E ArmVmp : Match on catch block at 0xc3 in for 0xa9
02-20 21:41:14.164 3559 3559 E ArmVmp : Match on catch block at 0xc3 in for 0xa9
02-20 21:41:14.178 3559 3559 E ArmVmp : Match on catch block at 0xc3 in for 0xa1
02-20 21:41:14.185 3559 3559 E ArmVmp : Match on catch block at 0xc3 in for 0xa5
02-20 21:41:14.189 3559 3559 E ArmVmp : Match on catch block at 0xc3 in for 0xa5
02-20 21:41:14.199 3559 3559 E ArmVmp : Match on catch block at 0xc3 in for 0xa9
02-20 21:41:14.210 3559 3559 E ArmVmp : Match on catch block at 0xc3 in for 0xa1
02-20 21:41:14.214 3559 3559 E ArmVmp : Match on catch block at 0xc3 in for 0xa1
02-20 21:41:14.224 3559 3559 E ArmVmp : Match on catch block at 0xc3 in for 0xa5
02-20 21:41:14.232 3559 3559 E ArmVmp : Match on catch block at 0xc3 in for 0xa9
02-20 21:41:14.237 3559 3559 E ArmVmp : Match on catch block at 0xc3 in for 0xa9
02-20 21:41:14.247 3559 3559 E ArmVmp : Match on catch block at 0xc3 in for 0xa1
02-20 21:41:14.257 3559 3559 E ArmVmp : Match on catch block at 0xc3 in for 0xa5
02-20 21:41:14.260 3559 3559 E ArmVmp : Match on catch block at 0xc3 in for 0xa5
02-20 21:41:14.270 3559 3559 E ArmVmp : Match on catch block at 0xc3 in for 0xa9
02-20 21:41:14.277 3559 3559 E ArmVmp : Match on catch block at 0xc3 in for 0xa1
02-20 21:41:14.282 3559 3559 E ArmVmp : Match on catch block at 0xc3 in for 0xa1
02-20 21:41:14.293 3559 3559 E ArmVmp : Match on catch block at 0xc3 in for 0xa5
02-20 21:41:14.301 3559 3559 E ArmVmp : Match on catch block at 0xc3 in for 0xa9
02-20 21:41:14.305 3559 3559 E ArmVmp : Match on catch block at 0xc3 in for 0xa9
02-20 21:41:14.317 3559 3559 E ArmVmp : Match on catch block at 0xc3 in for 0xa1
02-20 21:41:14.324 3559 3559 E ArmVmp : Match on catch block at 0xc3 in for 0xa5
02-20 21:41:14.329 3559 3559 E ArmVmp : Match on catch block at 0xc3 in for 0xa5
02-20 21:41:14.524 3559 3559 E ArmVmp : Match on catch block at 0xc3 in for 0xa9
02-20 21:41:14.529 3559 3559 E ArmVmp : Match on catch block at 0xc3 in for 0xa1
02-20 21:41:14.533 3559 3559 E ArmVmp : Match on catch block at 0xc3 in for 0xa1
02-20 21:41:14.606 3559 3559 E ArmVmp : Match on catch block at 0xc3 in for 0xa5
02-20 21:41:14.612 3559 3559 E ArmVmp : Match on catch block at 0xc3 in for 0xa9
02-20 21:41:14.616 3559 3559 E ArmVmp : Match on catch block at 0xc3 in for 0xa9
02-20 21:41:14.859 3559 3559 E ArmVmp : Match on catch block at 0xc3 in for 0xa1
02-20 21:41:14.864 3559 3559 E ArmVmp : Match on catch block at 0xc3 in for 0xa5
02-20 21:41:14.868 3559 3559 E ArmVmp : Match on catch block at 0xc3 in for 0xa5
02-20 21:41:15.006 3559 3559 E ArmVmp : Match on catch block at 0xc3 in for 0xa9
02-20 21:41:15.011 3559 3559 E ArmVmp : Match on catch block at 0xc3 in for 0xa1
02-20 21:41:15.015 3559 3559 E ArmVmp : Match on catch block at 0xc3 in for 0xa1
02-20 21:41:15.263 3559 3559 E ArmVmp : Match on catch block at 0xc3 in for 0xa5
02-20 21:41:15.268 3559 3559 E ArmVmp : Match on catch block at 0xc3 in for 0xa9
02-20 21:41:15.271 3559 3559 E ArmVmp : Match on catch block at 0xc3 in for 0xa9
02-20 21:41:15.468 3559 3559 E ArmVmp : Match on catch block at 0xc3 in for 0xa1
02-20 21:41:15.473 3559 3559 E ArmVmp : Match on catch block at 0xc3 in for 0xa5
02-20 21:41:15.477 3559 3559 E ArmVmp : Match on catch block at 0xc3 in for 0xa5
02-20 21:41:15.659 3559 3559 E ArmVmp : Match on catch block at 0xc3 in for 0xa9
02-20 21:41:15.664 3559 3559 E ArmVmp : Match on catch block at 0xc3 in for 0xa1
02-20 21:41:15.667 3559 3559 E ArmVmp : Match on catch block at 0xc3 in for 0xa1
02-20 21:41:15.804 3559 3559 E ArmVmp : Match on catch block at 0xc3 in for 0xa5
02-20 21:41:15.809 3559 3559 E ArmVmp : Match on catch block at 0xc3 in for 0xa9
02-20 21:41:15.812 3559 3559 E ArmVmp : Match on catch block at 0xc3 in for 0xa9
02-20 21:41:16.301 3559 3559 E ArmVmp : Match on catch block at 0xc3 in for 0xa1
02-20 21:41:16.307 3559 3559 E ArmVmp : Match on catch block at 0xc3 in for 0xa5
02-20 21:41:16.311 3559 3559 E ArmVmp : Match on catch block at 0xc3 in for 0xa5
02-20 21:41:16.383 3559 3559 E ArmVmp : Match on catch block at 0xc3 in for 0xa9
02-20 21:41:16.389 3559 3559 E ArmVmp : Match on catch block at 0xc3 in for 0xa1
02-20 21:41:16.397 3559 3559 E ArmVmp : Match on catch block at 0xc3 in for 0xa1
02-20 21:41:16.670 3559 3559 E ArmVmp : Match on catch block at 0xc3 in for 0xa9
02-20 21:41:16.676 3559 3559 E ArmVmp : Match on catch block at 0xc3 in for 0xa1
02-20 21:41:16.680 3559 3559 E ArmVmp : Match on catch block at 0xc3 in for 0xa1
02-20 21:41:16.690 3559 3559 E ArmVmp : Match on catch block at 0xc3 in for 0xa5
02-20 21:41:16.695 3559 3559 E ArmVmp : Match on catch block at 0xc3 in for 0xa9
02-20 21:41:16.698 3559 3559 E ArmVmp : Match on catch block at 0xc3 in for 0xa9
02-20 21:41:16.735 3559 3559 E ArmVmp : Match on catch block at 0xc3 in for 0xa1
02-20 21:41:16.738 3559 3559 E ArmVmp : Match on catch block at 0xc3 in for 0xa5
02-20 21:41:16.741 3559 3559 E ArmVmp : Match on catch block at 0xc3 in for 0xa5
02-20 21:41:16.892 3559 3559 E ArmVmp : Match on catch block at 0xc3 in for 0xa9
02-20 21:41:16.898 3559 3559 E ArmVmp : Match on catch block at 0xc3 in for 0xa1
02-20 21:41:16.901 3559 3559 E ArmVmp : Match on catch block at 0xc3 in for 0xa1
02-20 21:41:16.908 3559 3559 E ArmVmp : Match on catch block at 0xc3 in for 0xa5
02-20 21:41:16.914 3559 3559 E ArmVmp : Match on catch block at 0xc3 in for 0xa9
02-20 21:41:16.918 3559 3559 E ArmVmp : Match on catch block at 0xc3 in for 0xa9
02-20 21:41:17.053 3559 3559 E ArmVmp : Match on catch block at 0xc3 in for 0xa1
02-20 21:41:17.060 3559 3559 E ArmVmp : Match on catch block at 0xc3 in for 0xa5
02-20 21:41:17.062 3559 3559 E ArmVmp : Match on catch block at 0xc3 in for 0xa5
02-20 21:41:17.262 3559 3559 E ArmVmp : Match on catch block at 0xc3 in for 0xa9
02-20 21:41:17.268 3559 3559 E ArmVmp : Match on catch block at 0xc3 in for 0xa1
02-20 21:41:17.272 3559 3559 E ArmVmp : Match on catch block at 0xc3 in for 0xa1
02-20 21:41:17.783 3559 3559 E ArmVmp : Match on catch block at 0xc3 in for 0xa5
02-20 21:41:17.800 3559 3559 E ArmVmp : Match on catch block at 0xc3 in for 0xa9
02-20 21:41:17.808 3559 3559 E ArmVmp : Match on catch block at 0xc3 in for 0xa9
02-20 21:41:18.255 3559 3559 E ArmVmp : Match on catch block at 0xc3 in for 0xa1
02-20 21:41:18.260 3559 3559 E ArmVmp : Match on catch block at 0xc3 in for 0xa5
02-20 21:41:18.263 3559 3559 E ArmVmp : Match on catch block at 0xc3 in for 0xa5
02-20 21:41:18.272 3559 3559 E ArmVmp : Match on catch block at 0xc3 in for 0xa9
02-20 21:41:18.277 3559 3559 E ArmVmp : Match on catch block at 0xc3 in for 0xa1
02-20 21:41:18.279 3559 3559 E ArmVmp : Match on catch block at 0xc3 in for 0xa1
02-20 21:41:18.288 3559 3559 E ArmVmp : Match on catch block at 0xc3 in for 0xa5
02-20 21:41:18.295 3559 3559 E ArmVmp : Match on catch block at 0xc3 in for 0xa9
02-20 21:41:18.299 3559 3559 E ArmVmp : Match on catch block at 0xc3 in for 0xa9
02-20 21:41:18.311 3559 3559 E ArmVmp : Match on catch block at 0xc3 in for 0xa1
02-20 21:41:18.317 3559 3559 E ArmVmp : Match on catch block at 0xc3 in for 0xa5
02-20 21:41:18.322 3559 3559 E ArmVmp : Match on catch block at 0xc3 in for 0xa5
02-20 21:41:18.335 3559 3559 E ArmVmp : Match on catch block at 0xc3 in for 0xa9
02-20 21:41:18.346 3559 3559 E ArmVmp : Match on catch block at 0xc3 in for 0xa1
02-20 21:41:18.348 3559 3559 E ArmVmp : Match on catch block at 0xc3 in for 0xa1
02-20 21:41:18.363 3559 3559 E ArmVmp : Match on catch block at 0xc3 in for 0xa5
02-20 21:41:18.367 3559 3559 E ArmVmp : Match on catch block at 0xc3 in for 0xa9
02-20 21:41:18.372 3559 3559 E ArmVmp : Match on catch block at 0xc3 in for 0xa9
02-20 21:41:18.383 3559 3559 E ArmVmp : Match on catch block at 0xc3 in for 0xa1
02-20 21:41:18.388 3559 3559 E ArmVmp : Match on catch block at 0xc3 in for 0xa5
02-20 21:41:18.390 3559 3559 E ArmVmp : Match on catch block at 0xc3 in for 0xa5
02-20 21:41:18.399 3559 3559 E ArmVmp : Match on catch block at 0xc3 in for 0xa9
02-20 21:41:18.404 3559 3559 E ArmVmp : Match on catch block at 0xc3 in for 0xa1
02-20 21:41:18.407 3559 3559 E ArmVmp : Match on catch block at 0xc3 in for 0xa1
02-20 21:41:18.415 3559 3559 E ArmVmp : Match on catch block at 0xc3 in for 0xa5
02-20 21:41:18.420 3559 3559 E ArmVmp : Match on catch block at 0xc3 in for 0xa9
02-20 21:41:18.423 3559 3559 E ArmVmp : Match on catch block at 0xc3 in for 0xa9
02-20 21:41:18.431 3559 3559 E ArmVmp : Match on catch block at 0xc3 in for 0xa1
02-20 21:41:18.441 3559 3559 E ArmVmp : Match on catch block at 0xc3 in for 0xa5
02-20 21:41:18.444 3559 3559 E ArmVmp : Match on catch block at 0xc3 in for 0xa5
02-20 21:41:18.452 3559 3559 E ArmVmp : Match on catch block at 0xc3 in for 0xa9
02-20 21:41:18.458 3559 3559 E ArmVmp : Match on catch block at 0xc3 in for 0xa1
02-20 21:41:18.462 3559 3559 E ArmVmp : Match on catch block at 0xc3 in for 0xa1
02-20 21:41:18.472 3559 3559 E ArmVmp : Match on catch block at 0xc3 in for 0xa5
02-20 21:41:18.480 3559 3559 E ArmVmp : Match on catch block at 0xc3 in for 0xa9
02-20 21:41:18.483 3559 3559 E ArmVmp : Match on catch block at 0xc3 in for 0xa9
02-20 21:41:18.496 3559 3559 E ArmVmp : Match on catch block at 0xc3 in for 0xa1
02-20 21:41:18.502 3559 3559 E ArmVmp : Match on catch block at 0xc3 in for 0xa5
02-20 21:41:18.506 3559 3559 E ArmVmp : Match on catch block at 0xc3 in for 0xa5
02-20 21:41:18.514 3559 3559 E ArmVmp : Match on catch block at 0xc3 in for 0xa9
02-20 21:41:18.521 3559 3559 E ArmVmp : Match on catch block at 0xc3 in for 0xa1
02-20 21:41:18.525 3559 3559 E ArmVmp : Match on catch block at 0xc3 in for 0xa1
02-20 21:41:18.875 3559 3559 E ArmVmp : Match on catch block at 0xc3 in for 0xa5
02-20 21:41:18.892 3559 3559 E ArmVmp : Match on catch block at 0xc3 in for 0xa9
02-20 21:41:18.903 3559 3559 E ArmVmp : Match on catch block at 0xc3 in for 0xa9
02-20 21:41:19.384 3559 3559 E ArmVmp : Match on catch block at 0xc3 in for 0xa1
02-20 21:41:19.400 3559 3559 E ArmVmp : Match on catch block at 0xc3 in for 0xa5
02-20 21:41:19.405 3559 3559 E ArmVmp : Match on catch block at 0xc3 in for 0xa5
02-20 21:41:19.520 3559 3559 E ArmVmp : Match on catch block at 0xc3 in for 0xa9
02-20 21:41:19.527 3559 3559 E ArmVmp : Match on catch block at 0xc3 in for 0xa1
02-20 21:41:19.530 3559 3559 E ArmVmp : Match on catch block at 0xc3 in for 0xa1
02-20 21:41:19.666 3559 3559 E ArmVmp : Match on catch block at 0xc3 in for 0xa5
02-20 21:41:19.671 3559 3559 E ArmVmp : Match on catch block at 0xc3 in for 0xa9
02-20 21:41:19.675 3559 3559 E ArmVmp : Match on catch block at 0xc3 in for 0xa9
02-20 21:41:19.920 3559 3559 E ArmVmp : Match on catch block at 0xc3 in for 0xa1
02-20 21:41:19.925 3559 3559 E ArmVmp : Match on catch block at 0xc3 in for 0xa5
02-20 21:41:19.930 3559 3559 E ArmVmp : Match on catch block at 0xc3 in for 0xa5
02-20 21:41:20.038 3559 3559 E ArmVmp : Match on catch block at 0xc3 in for 0xa5
02-20 21:41:20.044 3559 3559 E ArmVmp : Match on catch block at 0xc3 in for 0xa9
02-20 21:41:20.047 3559 3559 E ArmVmp : Match on catch block at 0xc3 in for 0xa9
02-20 21:41:20.538 3559 3559 E ArmVmp : Match on catch block at 0xc3 in for 0xa1
02-20 21:41:20.555 3559 3559 E ArmVmp : Match on catch block at 0xc3 in for 0xa5
02-20 21:41:20.566 3559 3559 E ArmVmp : Match on catch block at 0xc3 in for 0xa5
02-20 21:41:20.804 3559 3559 E ArmVmp : Match on catch block at 0xc3 in for 0xa9
02-20 21:41:20.809 3559 3559 E ArmVmp : Match on catch block at 0xc3 in for 0xa1
02-20 21:41:20.812 3559 3559 E ArmVmp : Match on catch block at 0xc3 in for 0xa1
02-20 21:41:21.314 3559 3559 E ArmVmp : Match on catch block at 0xc3 in for 0xa5
02-20 21:41:21.319 3559 3559 E ArmVmp : Match on catch block at 0xc3 in for 0xa9
02-20 21:41:21.322 3559 3559 E ArmVmp : Match on catch block at 0xc3 in for 0xa9
02-20 21:41:21.346 3559 3559 E ArmVmp : Match on catch block at 0xc3 in for 0xa1
02-20 21:41:21.353 3559 3559 E ArmVmp : Match on catch block at 0xc3 in for 0xa5
02-20 21:41:21.360 3559 3559 E ArmVmp : Match on catch block at 0xc3 in for 0xa5
02-20 21:41:21.383 3559 3559 E ArmVmp : Match on catch block at 0xc3 in for 0xa9
02-20 21:41:21.388 3559 3559 E ArmVmp : Match on catch block at 0xc3 in for 0xa1
02-20 21:41:21.391 3559 3559 E ArmVmp : Match on catch block at 0xc3 in for 0xa1
02-20 21:41:21.570 3559 3559 E ArmVmp : Match on catch block at 0xc3 in for 0xa5
02-20 21:41:21.575 3559 3559 E ArmVmp : Match on catch block at 0xc3 in for 0xa9
02-20 21:41:21.578 3559 3559 E ArmVmp : Match on catch block at 0xc3 in for 0xa9
02-20 21:41:22.082 3559 3559 E ArmVmp : Match on catch block at 0xc3 in for 0xa1
02-20 21:41:22.087 3559 3559 E ArmVmp : Match on catch block at 0xc3 in for 0xa5
02-20 21:41:22.091 3559 3559 E ArmVmp : Match on catch block at 0xc3 in for 0xa5
02-20 21:41:22.148 3559 3559 E ArmVmp : Match on catch block at 0xc3 in for 0xa9
02-20 21:41:22.154 3559 3559 E ArmVmp : Match on catch block at 0xc3 in for 0xa1
02-20 21:41:22.157 3559 3559 E ArmVmp : Match on catch block at 0xc3 in for 0xa1
02-20 21:41:22.177 3559 3559 E ArmVmp : Match on catch block at 0xc3 in for 0xa5
02-20 21:41:22.184 3559 3559 E ArmVmp : Match on catch block at 0xc3 in for 0xa9
02-20 21:41:22.187 3559 3559 E ArmVmp : Match on catch block at 0xc3 in for 0xa9
02-20 21:41:22.337 3559 3559 E ArmVmp : Match on catch block at 0xc3 in for 0xa1
02-20 21:41:22.344 3559 3559 E ArmVmp : Match on catch block at 0xc3 in for 0xa5
02-20 21:41:22.351 3559 3559 E ArmVmp : Match on catch block at 0xc3 in for 0xa5
02-20 21:41:22.595 3559 3559 E ArmVmp : Match on catch block at 0xc3 in for 0xa9
02-20 21:41:22.601 3559 3559 E ArmVmp : Match on catch block at 0xc3 in for 0xa1
02-20 21:41:22.610 3559 3559 E ArmVmp : Match on catch block at 0xc3 in for 0xa1
02-20 21:41:22.853 3559 3559 E ArmVmp : Match on catch block at 0xc3 in for 0xa5
02-20 21:41:22.859 3559 3559 E ArmVmp : Match on catch block at 0xc3 in for 0xa9
02-20 21:41:22.862 3559 3559 E ArmVmp : Match on catch block at 0xc3 in for 0xa9
02-20 21:41:23.058 3559 3559 E ArmVmp : Match on catch block at 0xc3 in for 0xa1
02-20 21:41:23.064 3559 3559 E ArmVmp : Match on catch block at 0xc3 in for 0xa5
02-20 21:41:23.073 3559 3559 E ArmVmp : Match on catch block at 0xc3 in for 0xa5
02-20 21:41:23.571 3559 3559 E ArmVmp : Match on catch block at 0xc3 in for 0xa5
02-20 21:41:23.576 3559 3559 E ArmVmp : Match on catch block at 0xc3 in for 0xa9
02-20 21:41:23.579 3559 3559 E ArmVmp : Match on catch block at 0xc3 in for 0xa9
02-20 21:41:24.071 3559 3559 E ArmVmp : Match on catch block at 0xc3 in for 0xa5
02-20 21:41:24.082 3559 3559 E ArmVmp : Match on catch block at 0xc3 in for 0xa9
02-20 21:41:24.090 3559 3559 E ArmVmp : Match on catch block at 0xc3 in for 0xa9
02-20 21:41:24.564 3559 3559 E ArmVmp : Match on catch block at 0xc3 in for 0xa9
02-20 21:41:24.569 3559 3559 E ArmVmp : Match on catch block at 0xc3 in for 0xa1
02-20 21:41:24.572 3559 3559 E ArmVmp : Match on catch block at 0xc3 in for 0xa1
02-20 21:41:24.596 3559 3559 E ArmVmp : Match on catch block at 0xc3 in for 0xa9
02-20 21:41:24.600 3559 3559 E ArmVmp : Match on catch block at 0xc3 in for 0xa1
02-20 21:41:24.604 3559 3559 E ArmVmp : Match on catch block at 0xc3 in for 0xa1
02-20 21:41:24.662 3559 3559 E ArmVmp : Match on catch block at 0xc3 in for 0xa1
02-20 21:41:24.666 3559 3559 E ArmVmp : Match on catch block at 0xc3 in for 0xa5
02-20 21:41:24.669 3559 3559 E ArmVmp : Match on catch block at 0xc3 in for 0xa5
02-20 21:41:24.677 3559 3559 W IInputConnectionWrapper: getExtractedText on
inactive InputConnection
02-20 21:41:24.696 3559 3559 E ArmVmp : Match on catch block at 0xc3 in for 0xa9
02-20 21:41:24.702 3559 3559 E ArmVmp : Match on catch block at 0xc3 in for 0xa1
02-20 21:41:24.712 3559 3559 E ArmVmp : Match on catch block at 0xc3 in for 0xa9
02-20 21:41:24.717 3559 3559 E ArmVmp : Match on catch block at 0xc3 in for 0xa1
02-20 21:41:24.724 3559 3559 E ArmVmp : Match on catch block at 0xc3 in for 0xa9
02-20 21:41:24.729 3559 3559 E ArmVmp : Match on catch block at 0xc3 in for 0xa1
02-20 21:41:24.740 3559 3559 E ArmVmp : Match on catch block at 0xc3 in for 0xa9
02-20 21:41:24.746 3559 3559 E ArmVmp : Match on catch block at 0xc3 in for 0xa1
02-20 21:41:24.756 3559 3559 E ArmVmp : Match on catch block at 0xc3 in for 0xa9
02-20 21:41:24.760 3559 3559 E ArmVmp : Match on catch block at 0xc3 in for 0xa1
02-20 21:41:24.821 3559 3559 E ArmVmp : Match on catch block at 0xc3 in for 0xa5
