02-20 16:16:17.550 1496 1496 E ArmVmp : Match on catch block at 0xc3 in for 0xa5
02-20 16:16:17.564 1496 1496 E ArmVmp : Match on catch block at 0xc3 in for 0xa1
02-20 16:16:17.566 1496 1512 W System : A resource failed to call destroy.
02-20 16:16:17.566 1496 1512 W System : A resource failed to call destroy.
02-20 16:16:17.567 1496 1512 W System : A resource failed to call destroy.
02-20 16:16:17.568 1496 1512 W System : A resource failed to call release.
02-20 16:16:17.568 1496 1512 W System : A resource failed to call release.
02-20 16:16:17.569 1496 1512 W System : A resource failed to call release.
02-20 16:16:17.569 1496 1496 E ArmVmp : Match on catch block at 0xc3 in for 0xa5
02-20 16:16:17.571 1496 1496 E ArmVmp : Match on catch block at 0xc3 in for 0xa9
02-20 16:16:17.573 1496 1496 E ArmVmp : Match on catch block at 0xc3 in for 0xa1
02-20 16:16:17.577 1496 1496 E ArmVmp : Match on catch block at 0xc3 in for 0xa5
02-20 16:16:17.582 1496 1496 E ArmVmp : Match on catch block at 0xc3 in for 0xa9
02-20 16:16:17.584 1496 1496 E ArmVmp : Match on catch block at 0xc3 in for 0xa1
02-20 16:16:17.593 1496 1496 E ArmVmp : Match on catch block at 0xc3 in for 0xa9
02-20 16:16:17.598 1496 1496 E ArmVmp : Match on catch block at 0xc3 in for 0xa1
02-20 16:16:17.600 1496 1496 E ArmVmp : Match on catch block at 0xc3 in for 0xa5
02-20 16:16:17.602 1496 1496 E ArmVmp : Match on catch block at 0xc3 in for 0xa9
02-20 16:16:17.603 1496 1496 E ArmVmp : Match on catch block at 0xc3 in for 0xa1
02-20 16:16:17.605 1496 1496 E ArmVmp : Match on catch block at 0xc3 in for 0xa5
02-20 16:16:17.606 1496 1496 E ArmVmp : Match on catch block at 0xc3 in for 0xa9
02-20 16:16:17.900 1496 1673 W libEGL : EGLNativeWindowType 0x7e63920010
disconnect failed
02-20 16:16:18.296 1496 1496 E ArmVmp : Match on catch block at 0xc3 in for 0xa1
02-20 16:16:18.302 1496 1496 E ArmVmp : Match on catch block at 0xc3 in for 0xa5
02-20 16:16:18.305 1496 1496 E ArmVmp : Match on catch block at 0xc3 in for 0xa9
02-20 16:16:18.307 1496 1496 E ArmVmp : Match on catch block at 0xc3 in for 0xa1
02-20 16:16:18.309 1496 1496 E ArmVmp : Match on catch block at 0xc3 in for 0xa5
02-20 16:16:18.311 1496 1496 E ArmVmp : Match on catch block at 0xc3 in for 0xa9
02-20 16:16:18.316 1496 1496 E ArmVmp : Match on catch block at 0xc3 in for 0xa1
02-20 16:16:18.339 1496 1496 E ArmVmp : Match on catch block at 0xc3 in for 0xa5
02-20 16:16:18.344 1496 1496 E ArmVmp : Match on catch block at 0xc3 in for 0xa9
02-20 16:16:18.349 1496 1496 E ArmVmp : Match on catch block at 0xc3 in for 0xa1
02-20 16:16:18.352 1496 1496 E ArmVmp : Match on catch block at 0xc3 in for 0xa5
02-20 16:16:18.355 1496 1496 E ArmVmp : Match on catch block at 0xc3 in for 0xa9
02-20 16:16:18.358 1496 1496 E ArmVmp : Match on catch block at 0xc3 in for 0xa1
02-20 16:16:18.360 1496 1496 E ArmVmp : Match on catch block at 0xc3 in for 0xa5
02-20 16:16:18.379 1496 1496 E ArmVmp : Match on catch block at 0xc3 in for 0xa9
02-20 16:16:18.385 1496 1496 E ArmVmp : Match on catch block at 0xc3 in for 0xa1
02-20 16:16:18.387 1496 1496 E ArmVmp : Match on catch block at 0xc3 in for 0xa5
02-20 16:16:18.389 1496 1496 E ArmVmp : Match on catch block at 0xc3 in for 0xa9
02-20 16:16:18.390 1496 1496 E ArmVmp : Match on catch block at 0xc3 in for 0xa1
02-20 16:16:18.392 1496 1496 E ArmVmp : Match on catch block at 0xc3 in for 0xa5
02-20 16:16:18.394 1496 1496 E ArmVmp : Match on catch block at 0xc3 in for 0xa9
02-20 16:16:18.414 1496 1496 E ArmVmp : Match on catch block at 0xc3 in for 0xa1
02-20 16:16:18.418 1496 1496 E ArmVmp : Match on catch block at 0xc3 in for 0xa5
02-20 16:16:18.420 1496 1496 E ArmVmp : Match on catch block at 0xc3 in for 0xa9
02-20 16:16:18.421 1496 1496 E ArmVmp : Match on catch block at 0xc3 in for 0xa1
02-20 16:16:18.423 1496 1496 E ArmVmp : Match on catch block at 0xc3 in for 0xa5
02-20 16:16:18.425 1496 1496 E ArmVmp : Match on catch block at 0xc3 in for 0xa9
02-20 16:16:18.427 1496 1496 E ArmVmp : Match on catch block at 0xc3 in for 0xa1
02-20 16:16:18.446 1496 1496 E ArmVmp : Match on catch block at 0xc3 in for 0xa5
02-20 16:16:18.450 1496 1496 E ArmVmp : Match on catch block at 0xc3 in for 0xa9
02-20 16:16:18.452 1496 1496 E ArmVmp : Match on catch block at 0xc3 in for 0xa1
02-20 16:16:18.454 1496 1496 E ArmVmp : Match on catch block at 0xc3 in for 0xa5
02-20 16:16:18.457 1496 1496 E ArmVmp : Match on catch block at 0xc3 in for 0xa9
02-20 16:16:18.460 1496 1496 E ArmVmp : Match on catch block at 0xc3 in for 0xa1
02-20 16:16:18.462 1496 1496 E ArmVmp : Match on catch block at 0xc3 in for 0xa5
02-20 16:16:18.480 1496 1496 E ArmVmp : Match on catch block at 0xc3 in for 0xa9
02-20 16:16:18.485 1496 1496 E ArmVmp : Match on catch block at 0xc3 in for 0xa1
02-20 16:16:18.486 1496 1496 E ArmVmp : Match on catch block at 0xc3 in for 0xa5
02-20 16:16:18.491 1496 1496 E ArmVmp : Match on catch block at 0xc3 in for 0xa9
02-20 16:16:18.493 1496 1496 E ArmVmp : Match on catch block at 0xc3 in for 0xa1
02-20 16:16:18.495 1496 1496 E ArmVmp : Match on catch block at 0xc3 in for 0xa5
02-20 16:16:18.497 1496 1496 E ArmVmp : Match on catch block at 0xc3 in for 0xa9
02-20 16:16:18.517 1496 1496 E ArmVmp : Match on catch block at 0xc3 in for 0xa5
02-20 16:16:18.526 1496 1496 E ArmVmp : Match on catch block at 0xc3 in for 0xa9
02-20 16:16:18.528 1496 1496 E ArmVmp : Match on catch block at 0xc3 in for 0xa1
02-20 16:16:18.530 1496 1496 E ArmVmp : Match on catch block at 0xc3 in for 0xa5
02-20 16:16:18.532 1496 1496 E ArmVmp : Match on catch block at 0xc3 in for 0xa9
02-20 16:16:18.534 1496 1496 E ArmVmp : Match on catch block at 0xc3 in for 0xa1
02-20 16:16:18.536 1496 1496 E ArmVmp : Match on catch block at 0xc3 in for 0xa5
02-20 16:16:18.554 1496 1496 E ArmVmp : Match on catch block at 0xc3 in for 0xa9
02-20 16:16:18.559 1496 1496 E ArmVmp : Match on catch block at 0xc3 in for 0xa1
02-20 16:16:18.561 1496 1496 E ArmVmp : Match on catch block at 0xc3 in for 0xa5
02-20 16:16:18.562 1496 1496 E ArmVmp : Match on catch block at 0xc3 in for 0xa9
02-20 16:16:18.564 1496 1496 E ArmVmp : Match on catch block at 0xc3 in for 0xa1
02-20 16:16:18.566 1496 1496 E ArmVmp : Match on catch block at 0xc3 in for 0xa5
02-20 16:16:18.568 1496 1496 E ArmVmp : Match on catch block at 0xc3 in for 0xa9
02-20 16:16:18.586 1496 1496 E ArmVmp : Match on catch block at 0xc3 in for 0xa5
02-20 16:16:18.590 1496 1496 E ArmVmp : Match on catch block at 0xc3 in for 0xa9
02-20 16:16:18.592 1496 1496 E ArmVmp : Match on catch block at 0xc3 in for 0xa1
02-20 16:16:18.595 1496 1496 E ArmVmp : Match on catch block at 0xc3 in for 0xa5
02-20 16:16:18.596 1496 1496 E ArmVmp : Match on catch block at 0xc3 in for 0xa9
02-20 16:16:18.598 1496 1496 E ArmVmp : Match on catch block at 0xc3 in for 0xa1
02-20 16:16:18.600 1496 1496 E ArmVmp : Match on catch block at 0xc3 in for 0xa5
02-20 16:16:18.606 1496 1496 E ArmVmp : Match on catch block at 0xc3 in for 0xa1
02-20 16:16:18.610 1496 1496 E ArmVmp : Match on catch block at 0xc3 in for 0xa5
02-20 16:16:18.612 1496 1496 E ArmVmp : Match on catch block at 0xc3 in for 0xa9
02-20 16:16:18.613 1496 1496 E ArmVmp : Match on catch block at 0xc3 in for 0xa1
02-20 16:16:18.615 1496 1496 E ArmVmp : Match on catch block at 0xc3 in for 0xa5
02-20 16:16:18.617 1496 1496 E ArmVmp : Match on catch block at 0xc3 in for 0xa9
02-20 16:16:18.619 1496 1496 E ArmVmp : Match on catch block at 0xc3 in for 0xa1
02-20 16:16:18.625 1496 1496 E ArmVmp : Match on catch block at 0xc3 in for 0xa9
02-20 16:16:18.641 1496 1496 E ArmVmp : Match on catch block at 0xc3 in for 0xa1
02-20 16:16:18.643 1496 1496 E ArmVmp : Match on catch block at 0xc3 in for 0xa5
02-20 16:16:18.646 1496 1496 E ArmVmp : Match on catch block at 0xc3 in for 0xa9
02-20 16:16:18.648 1496 1496 E ArmVmp : Match on catch block at 0xc3 in for 0xa1
02-20 16:16:18.650 1496 1496 E ArmVmp : Match on catch block at 0xc3 in for 0xa5
02-20 16:16:18.653 1496 1496 E ArmVmp : Match on catch block at 0xc3 in for 0xa9
02-20 16:16:18.735 1496 1496 E ArmVmp : Match on catch block at 0xc3 in for 0xa5
02-20 16:16:18.739 1496 1496 E ArmVmp : Match on catch block at 0xc3 in for 0xa9
02-20 16:16:18.741 1496 1496 E ArmVmp : Match on catch block at 0xc3 in for 0xa1
02-20 16:16:18.742 1496 1496 E ArmVmp : Match on catch block at 0xc3 in for 0xa5
02-20 16:16:18.744 1496 1496 E ArmVmp : Match on catch block at 0xc3 in for 0xa9
02-20 16:16:18.745 1496 1496 E ArmVmp : Match on catch block at 0xc3 in for 0xa1
02-20 16:16:18.747 1496 1496 E ArmVmp : Match on catch block at 0xc3 in for 0xa5
02-20 16:16:18.753 1496 1496 E ArmVmp : Match on catch block at 0xc3 in for 0xa1
02-20 16:16:18.757 1496 1496 E ArmVmp : Match on catch block at 0xc3 in for 0xa5
02-20 16:16:18.759 1496 1496 E ArmVmp : Match on catch block at 0xc3 in for 0xa9
02-20 16:16:18.760 1496 1496 E ArmVmp : Match on catch block at 0xc3 in for 0xa1
02-20 16:16:18.762 1496 1496 E ArmVmp : Match on catch block at 0xc3 in for 0xa5
02-20 16:16:18.763 1496 1496 E ArmVmp : Match on catch block at 0xc3 in for 0xa9
02-20 16:16:18.764 1496 1496 E ArmVmp : Match on catch block at 0xc3 in for 0xa1
02-20 16:16:18.770 1496 1496 E ArmVmp : Match on catch block at 0xc3 in for 0xa9
02-20 16:16:18.774 1496 1496 E ArmVmp : Match on catch block at 0xc3 in for 0xa1
02-20 16:16:18.775 1496 1496 E ArmVmp : Match on catch block at 0xc3 in for 0xa5
02-20 16:16:18.778 1496 1496 E ArmVmp : Match on catch block at 0xc3 in for 0xa9
02-20 16:16:18.779 1496 1496 E ArmVmp : Match on catch block at 0xc3 in for 0xa1
02-20 16:16:18.781 1496 1496 E ArmVmp : Match on catch block at 0xc3 in for 0xa5
02-20 16:16:18.783 1496 1496 E ArmVmp : Match on catch block at 0xc3 in for 0xa9
02-20 16:16:18.794 1496 1496 E ArmVmp : Match on catch block at 0xc3 in for 0xa5
02-20 16:16:18.798 1496 1496 E ArmVmp : Match on catch block at 0xc3 in for 0xa9
02-20 16:16:18.800 1496 1496 E ArmVmp : Match on catch block at 0xc3 in for 0xa1
02-20 16:16:18.802 1496 1496 E ArmVmp : Match on catch block at 0xc3 in for 0xa5
02-20 16:16:18.803 1496 1496 E ArmVmp : Match on catch block at 0xc3 in for 0xa9
02-20 16:16:18.805 1496 1496 E ArmVmp : Match on catch block at 0xc3 in for 0xa1
02-20 16:16:18.807 1496 1496 E ArmVmp : Match on catch block at 0xc3 in for 0xa5
02-20 16:16:18.813 1496 1496 E ArmVmp : Match on catch block at 0xc3 in for 0xa1
02-20 16:16:18.817 1496 1496 E ArmVmp : Match on catch block at 0xc3 in for 0xa5
02-20 16:16:18.818 1496 1496 E ArmVmp : Match on catch block at 0xc3 in for 0xa9
02-20 16:16:18.820 1496 1496 E ArmVmp : Match on catch block at 0xc3 in for 0xa1
02-20 16:16:18.821 1496 1496 E ArmVmp : Match on catch block at 0xc3 in for 0xa5
02-20 16:16:18.823 1496 1496 E ArmVmp : Match on catch block at 0xc3 in for 0xa9
02-20 16:16:18.824 1496 1496 E ArmVmp : Match on catch block at 0xc3 in for 0xa1
02-20 16:16:18.830 1496 1496 E ArmVmp : Match on catch block at 0xc3 in for 0xa9
02-20 16:16:18.834 1496 1496 E ArmVmp : Match on catch block at 0xc3 in for 0xa1
02-20 16:16:18.836 1496 1496 E ArmVmp : Match on catch block at 0xc3 in for 0xa5
02-20 16:16:18.837 1496 1496 E ArmVmp : Match on catch block at 0xc3 in for 0xa9
02-20 16:16:18.839 1496 1496 E ArmVmp : Match on catch block at 0xc3 in for 0xa1
02-20 16:16:18.840 1496 1496 E ArmVmp : Match on catch block at 0xc3 in for 0xa5
02-20 16:16:18.842 1496 1496 E ArmVmp : Match on catch block at 0xc3 in for 0xa9
02-20 16:16:18.847 1496 1496 E ArmVmp : Match on catch block at 0xc3 in for 0xa5
02-20 16:16:18.851 1496 1496 E ArmVmp : Match on catch block at 0xc3 in for 0xa9
02-20 16:16:18.853 1496 1496 E ArmVmp : Match on catch block at 0xc3 in for 0xa1
02-20 16:16:18.855 1496 1496 E ArmVmp : Match on catch block at 0xc3 in for 0xa5
02-20 16:16:18.856 1496 1496 E ArmVmp : Match on catch block at 0xc3 in for 0xa9
02-20 16:16:18.858 1496 1496 E ArmVmp : Match on catch block at 0xc3 in for 0xa1
02-20 16:16:18.859 1496 1496 E ArmVmp : Match on catch block at 0xc3 in for 0xa5
02-20 16:16:18.865 1496 1496 E ArmVmp : Match on catch block at 0xc3 in for 0xa1
02-20 16:16:18.870 1496 1496 E ArmVmp : Match on catch block at 0xc3 in for 0xa5
02-20 16:16:18.871 1496 1496 E ArmVmp : Match on catch block at 0xc3 in for 0xa9
02-20 16:16:18.873 1496 1496 E ArmVmp : Match on catch block at 0xc3 in for 0xa1
02-20 16:16:18.875 1496 1496 E ArmVmp : Match on catch block at 0xc3 in for 0xa5
02-20 16:16:18.877 1496 1496 E ArmVmp : Match on catch block at 0xc3 in for 0xa9
02-20 16:16:18.878 1496 1496 E ArmVmp : Match on catch block at 0xc3 in for 0xa1
02-20 16:16:18.883 1496 1496 E ArmVmp : Match on catch block at 0xc3 in for 0xa9
02-20 16:16:18.887 1496 1496 E ArmVmp : Match on catch block at 0xc3 in for 0xa1
02-20 16:16:18.889 1496 1496 E ArmVmp : Match on catch block at 0xc3 in for 0xa5
02-20 16:16:18.891 1496 1496 E ArmVmp : Match on catch block at 0xc3 in for 0xa9
02-20 16:16:18.893 1496 1496 E ArmVmp : Match on catch block at 0xc3 in for 0xa1
02-20 16:16:18.894 1496 1496 E ArmVmp : Match on catch block at 0xc3 in for 0xa5
02-20 16:16:18.896 1496 1496 E ArmVmp : Match on catch block at 0xc3 in for 0xa9
02-20 16:16:18.901 1496 1496 E ArmVmp : Match on catch block at 0xc3 in for 0xa5
02-20 16:16:18.905 1496 1496 E ArmVmp : Match on catch block at 0xc3 in for 0xa9
02-20 16:16:18.907 1496 1496 E ArmVmp : Match on catch block at 0xc3 in for 0xa1
02-20 16:16:18.909 1496 1496 E ArmVmp : Match on catch block at 0xc3 in for 0xa5
02-20 16:16:18.910 1496 1496 E ArmVmp : Match on catch block at 0xc3 in for 0xa9
02-20 16:16:18.912 1496 1496 E ArmVmp : Match on catch block at 0xc3 in for 0xa1
02-20 16:16:18.913 1496 1496 E ArmVmp : Match on catch block at 0xc3 in for 0xa5
02-20 16:16:18.918 1496 1496 E ArmVmp : Match on catch block at 0xc3 in for 0xa1
02-20 16:16:18.924 1496 1496 E ArmVmp : Match on catch block at 0xc3 in for 0xa5
02-20 16:16:18.926 1496 1496 E ArmVmp : Match on catch block at 0xc3 in for 0xa9
02-20 16:16:18.927 1496 1496 E ArmVmp : Match on catch block at 0xc3 in for 0xa1
02-20 16:16:18.929 1496 1496 E ArmVmp : Match on catch block at 0xc3 in for 0xa5
02-20 16:16:18.931 1496 1496 E ArmVmp : Match on catch block at 0xc3 in for 0xa9
02-20 16:16:18.932 1496 1496 E ArmVmp : Match on catch block at 0xc3 in for 0xa1
02-20 16:16:18.937 1496 1496 E ArmVmp : Match on catch block at 0xc3 in for 0xa9
02-20 16:16:18.944 1496 1496 E ArmVmp : Match on catch block at 0xc3 in for 0xa1
02-20 16:16:18.945 1496 1496 E ArmVmp : Match on catch block at 0xc3 in for 0xa5
02-20 16:16:18.947 1496 1496 E ArmVmp : Match on catch block at 0xc3 in for 0xa9
02-20 16:16:18.948 1496 1496 E ArmVmp : Match on catch block at 0xc3 in for 0xa1
02-20 16:16:18.950 1496 1496 E ArmVmp : Match on catch block at 0xc3 in for 0xa5
02-20 16:16:18.951 1496 1496 E ArmVmp : Match on catch block at 0xc3 in for 0xa9
02-20 16:16:18.957 1496 1496 E ArmVmp : Match on catch block at 0xc3 in for 0xa5
02-20 16:16:18.963 1496 1496 E ArmVmp : Match on catch block at 0xc3 in for 0xa9
02-20 16:16:18.965 1496 1496 E ArmVmp : Match on catch block at 0xc3 in for 0xa1
02-20 16:16:18.967 1496 1496 E ArmVmp : Match on catch block at 0xc3 in for 0xa5
02-20 16:16:18.968 1496 1496 E ArmVmp : Match on catch block at 0xc3 in for 0xa9
02-20 16:16:18.970 1496 1496 E ArmVmp : Match on catch block at 0xc3 in for 0xa1
02-20 16:16:18.972 1496 1496 E ArmVmp : Match on catch block at 0xc3 in for 0xa5
02-20 16:16:18.980 1496 1496 E ArmVmp : Match on catch block at 0xc3 in for 0xa1
02-20 16:16:18.984 1496 1496 E ArmVmp : Match on catch block at 0xc3 in for 0xa5
02-20 16:16:18.987 1496 1496 E ArmVmp : Match on catch block at 0xc3 in for 0xa9
02-20 16:16:18.989 1496 1496 E ArmVmp : Match on catch block at 0xc3 in for 0xa1
02-20 16:16:18.991 1496 1496 E ArmVmp : Match on catch block at 0xc3 in for 0xa5
02-20 16:16:18.993 1496 1496 E ArmVmp : Match on catch block at 0xc3 in for 0xa9
02-20 16:16:18.994 1496 1496 E ArmVmp : Match on catch block at 0xc3 in for 0xa1
02-20 16:16:19.000 1496 1496 E ArmVmp : Match on catch block at 0xc3 in for 0xa9
02-20 16:16:19.007 1496 1496 E ArmVmp : Match on catch block at 0xc3 in for 0xa1
02-20 16:16:19.009 1496 1496 E ArmVmp : Match on catch block at 0xc3 in for 0xa5
02-20 16:16:19.010 1496 1496 E ArmVmp : Match on catch block at 0xc3 in for 0xa9
02-20 16:16:19.012 1496 1496 E ArmVmp : Match on catch block at 0xc3 in for 0xa1
02-20 16:16:19.013 1496 1496 E ArmVmp : Match on catch block at 0xc3 in for 0xa5
02-20 16:16:19.015 1496 1496 E ArmVmp : Match on catch block at 0xc3 in for 0xa9
02-20 16:16:19.020 1496 1496 E ArmVmp : Match on catch block at 0xc3 in for 0xa5
02-20 16:16:19.023 1496 1496 E ArmVmp : Match on catch block at 0xc3 in for 0xa9
02-20 16:16:19.025 1496 1496 E ArmVmp : Match on catch block at 0xc3 in for 0xa1
02-20 16:16:19.027 1496 1496 E ArmVmp : Match on catch block at 0xc3 in for 0xa5
02-20 16:16:19.028 1496 1496 E ArmVmp : Match on catch block at 0xc3 in for 0xa9
02-20 16:16:19.030 1496 1496 E ArmVmp : Match on catch block at 0xc3 in for 0xa1
02-20 16:16:19.031 1496 1496 E ArmVmp : Match on catch block at 0xc3 in for 0xa5
02-20 16:16:19.036 1496 1496 E ArmVmp : Match on catch block at 0xc3 in for 0xa1
02-20 16:16:19.041 1496 1496 E ArmVmp : Match on catch block at 0xc3 in for 0xa5
02-20 16:16:19.043 1496 1496 E ArmVmp : Match on catch block at 0xc3 in for 0xa9
02-20 16:16:19.044 1496 1496 E ArmVmp : Match on catch block at 0xc3 in for 0xa1
02-20 16:16:19.046 1496 1496 E ArmVmp : Match on catch block at 0xc3 in for 0xa5
02-20 16:16:19.047 1496 1496 E ArmVmp : Match on catch block at 0xc3 in for 0xa9
02-20 16:16:19.049 1496 1496 E ArmVmp : Match on catch block at 0xc3 in for 0xa1
02-20 16:16:19.054 1496 1496 E ArmVmp : Match on catch block at 0xc3 in for 0xa9
02-20 16:16:19.058 1496 1496 E ArmVmp : Match on catch block at 0xc3 in for 0xa1
02-20 16:16:19.060 1496 1496 E ArmVmp : Match on catch block at 0xc3 in for 0xa5
02-20 16:16:19.062 1496 1496 E ArmVmp : Match on catch block at 0xc3 in for 0xa9
02-20 16:16:19.063 1496 1496 E ArmVmp : Match on catch block at 0xc3 in for 0xa1
02-20 16:16:19.064 1496 1496 E ArmVmp : Match on catch block at 0xc3 in for 0xa5
02-20 16:16:19.066 1496 1496 E ArmVmp : Match on catch block at 0xc3 in for 0xa9
02-20 16:16:19.071 1496 1496 E ArmVmp : Match on catch block at 0xc3 in for 0xa5
02-20 16:16:19.075 1496 1496 E ArmVmp : Match on catch block at 0xc3 in for 0xa9
02-20 16:16:19.077 1496 1496 E ArmVmp : Match on catch block at 0xc3 in for 0xa1
02-20 16:16:19.078 1496 1496 E ArmVmp : Match on catch block at 0xc3 in for 0xa5
02-20 16:16:19.080 1496 1496 E ArmVmp : Match on catch block at 0xc3 in for 0xa9
02-20 16:16:19.081 1496 1496 E ArmVmp : Match on catch block at 0xc3 in for 0xa1
02-20 16:16:19.083 1496 1496 E ArmVmp : Match on catch block at 0xc3 in for 0xa5
02-20 16:16:19.087 1496 1496 E ArmVmp : Match on catch block at 0xc3 in for 0xa1
02-20 16:16:19.092 1496 1496 E ArmVmp : Match on catch block at 0xc3 in for 0xa5
02-20 16:16:19.094 1496 1496 E ArmVmp : Match on catch block at 0xc3 in for 0xa9
02-20 16:16:19.095 1496 1496 E ArmVmp : Match on catch block at 0xc3 in for 0xa1
02-20 16:16:19.097 1496 1496 E ArmVmp : Match on catch block at 0xc3 in for 0xa5
02-20 16:16:19.100 1496 1496 E ArmVmp : Match on catch block at 0xc3 in for 0xa9
02-20 16:16:19.102 1496 1496 E ArmVmp : Match on catch block at 0xc3 in for 0xa1
02-20 16:16:19.107 1496 1496 E ArmVmp : Match on catch block at 0xc3 in for 0xa9
02-20 16:16:19.111 1496 1496 E ArmVmp : Match on catch block at 0xc3 in for 0xa1
02-20 16:16:19.112 1496 1496 E ArmVmp : Match on catch block at 0xc3 in for 0xa5
02-20 16:16:19.114 1496 1496 E ArmVmp : Match on catch block at 0xc3 in for 0xa9
02-20 16:16:19.116 1496 1496 E ArmVmp : Match on catch block at 0xc3 in for 0xa1
02-20 16:16:19.117 1496 1496 E ArmVmp : Match on catch block at 0xc3 in for 0xa5
02-20 16:16:19.119 1496 1496 E ArmVmp : Match on catch block at 0xc3 in for 0xa9
02-20 16:16:19.124 1496 1496 E ArmVmp : Match on catch block at 0xc3 in for 0xa5
02-20 16:16:19.128 1496 1496 E ArmVmp : Match on catch block at 0xc3 in for 0xa9
02-20 16:16:19.130 1496 1496 E ArmVmp : Match on catch block at 0xc3 in for 0xa1
02-20 16:16:19.132 1496 1496 E ArmVmp : Match on catch block at 0xc3 in for 0xa5
02-20 16:16:19.133 1496 1496 E ArmVmp : Match on catch block at 0xc3 in for 0xa9
02-20 16:16:19.134 1496 1496 E ArmVmp : Match on catch block at 0xc3 in for 0xa1
02-20 16:16:19.136 1496 1496 E ArmVmp : Match on catch block at 0xc3 in for 0xa5
02-20 16:16:19.141 1496 1496 E ArmVmp : Match on catch block at 0xc3 in for 0xa1
02-20 16:16:19.145 1496 1496 E ArmVmp : Match on catch block at 0xc3 in for 0xa5
02-20 16:16:19.147 1496 1496 E ArmVmp : Match on catch block at 0xc3 in for 0xa9
02-20 16:16:19.149 1496 1496 E ArmVmp : Match on catch block at 0xc3 in for 0xa1
02-20 16:16:19.150 1496 1496 E ArmVmp : Match on catch block at 0xc3 in for 0xa5
02-20 16:16:19.152 1496 1496 E ArmVmp : Match on catch block at 0xc3 in for 0xa9
02-20 16:16:19.153 1496 1496 E ArmVmp : Match on catch block at 0xc3 in for 0xa1
02-20 16:16:19.158 1496 1496 E ArmVmp : Match on catch block at 0xc3 in for 0xa9
02-20 16:16:19.163 1496 1496 E ArmVmp : Match on catch block at 0xc3 in for 0xa1
02-20 16:16:19.165 1496 1496 E ArmVmp : Match on catch block at 0xc3 in for 0xa5
02-20 16:16:19.166 1496 1496 E ArmVmp : Match on catch block at 0xc3 in for 0xa9
02-20 16:16:19.168 1496 1496 E ArmVmp : Match on catch block at 0xc3 in for 0xa1
02-20 16:16:19.169 1496 1496 E ArmVmp : Match on catch block at 0xc3 in for 0xa5
02-20 16:16:19.170 1496 1496 E ArmVmp : Match on catch block at 0xc3 in for 0xa9
02-20 16:16:19.175 1496 1496 E ArmVmp : Match on catch block at 0xc3 in for 0xa5
02-20 16:16:19.181 1496 1496 E ArmVmp : Match on catch block at 0xc3 in for 0xa9
02-20 16:16:19.183 1496 1496 E ArmVmp : Match on catch block at 0xc3 in for 0xa1
02-20 16:16:19.184 1496 1496 E ArmVmp : Match on catch block at 0xc3 in for 0xa5
02-20 16:16:19.186 1496 1496 E ArmVmp : Match on catch block at 0xc3 in for 0xa9
02-20 16:16:19.187 1496 1496 E ArmVmp : Match on catch block at 0xc3 in for 0xa1
02-20 16:16:19.189 1496 1496 E ArmVmp : Match on catch block at 0xc3 in for 0xa5
02-20 16:16:19.194 1496 1496 E ArmVmp : Match on catch block at 0xc3 in for 0xa1
02-20 16:16:19.198 1496 1496 E ArmVmp : Match on catch block at 0xc3 in for 0xa5
02-20 16:16:19.199 1496 1496 E ArmVmp : Match on catch block at 0xc3 in for 0xa9
02-20 16:16:19.201 1496 1496 E ArmVmp : Match on catch block at 0xc3 in for 0xa1
02-20 16:16:19.202 1496 1496 E ArmVmp : Match on catch block at 0xc3 in for 0xa5
02-20 16:16:19.204 1496 1496 E ArmVmp : Match on catch block at 0xc3 in for 0xa9
02-20 16:16:19.205 1496 1496 E ArmVmp : Match on catch block at 0xc3 in for 0xa1
02-20 16:16:19.210 1496 1496 E ArmVmp : Match on catch block at 0xc3 in for 0xa9
02-20 16:16:19.215 1496 1496 E ArmVmp : Match on catch block at 0xc3 in for 0xa1
02-20 16:16:19.217 1496 1496 E ArmVmp : Match on catch block at 0xc3 in for 0xa5
02-20 16:16:19.218 1496 1496 E ArmVmp : Match on catch block at 0xc3 in for 0xa9
02-20 16:16:19.220 1496 1496 E ArmVmp : Match on catch block at 0xc3 in for 0xa1
02-20 16:16:19.221 1496 1496 E ArmVmp : Match on catch block at 0xc3 in for 0xa5
02-20 16:16:19.223 1496 1496 E ArmVmp : Match on catch block at 0xc3 in for 0xa9
02-20 16:16:19.228 1496 1496 E ArmVmp : Match on catch block at 0xc3 in for 0xa5
02-20 16:16:19.232 1496 1496 E ArmVmp : Match on catch block at 0xc3 in for 0xa9
02-20 16:16:19.234 1496 1496 E ArmVmp : Match on catch block at 0xc3 in for 0xa1
02-20 16:16:19.235 1496 1496 E ArmVmp : Match on catch block at 0xc3 in for 0xa5
02-20 16:16:19.237 1496 1496 E ArmVmp : Match on catch block at 0xc3 in for 0xa9
02-20 16:16:19.238 1496 1496 E ArmVmp : Match on catch block at 0xc3 in for 0xa1
02-20 16:16:19.240 1496 1496 E ArmVmp : Match on catch block at 0xc3 in for 0xa5
02-20 16:16:19.245 1496 1496 E ArmVmp : Match on catch block at 0xc3 in for 0xa1
02-20 16:16:19.249 1496 1496 E ArmVmp : Match on catch block at 0xc3 in for 0xa5
02-20 16:16:19.251 1496 1496 E ArmVmp : Match on catch block at 0xc3 in for 0xa9
02-20 16:16:19.252 1496 1496 E ArmVmp : Match on catch block at 0xc3 in for 0xa1
02-20 16:16:19.254 1496 1496 E ArmVmp : Match on catch block at 0xc3 in for 0xa5
02-20 16:16:19.255 1496 1496 E ArmVmp : Match on catch block at 0xc3 in for 0xa9
02-20 16:16:19.257 1496 1496 E ArmVmp : Match on catch block at 0xc3 in for 0xa1
02-20 16:16:19.262 1496 1496 E ArmVmp : Match on catch block at 0xc3 in for 0xa9
02-20 16:16:19.266 1496 1496 E ArmVmp : Match on catch block at 0xc3 in for 0xa1
02-20 16:16:19.268 1496 1496 E ArmVmp : Match on catch block at 0xc3 in for 0xa5
02-20 16:16:19.269 1496 1496 E ArmVmp : Match on catch block at 0xc3 in for 0xa9
02-20 16:16:19.271 1496 1496 E ArmVmp : Match on catch block at 0xc3 in for 0xa1
02-20 16:16:19.272 1496 1496 E ArmVmp : Match on catch block at 0xc3 in for 0xa5
02-20 16:16:19.274 1496 1496 E ArmVmp : Match on catch block at 0xc3 in for 0xa9
02-20 16:16:19.279 1496 1496 E ArmVmp : Match on catch block at 0xc3 in for 0xa5
02-20 16:16:19.283 1496 1496 E ArmVmp : Match on catch block at 0xc3 in for 0xa9
02-20 16:16:19.285 1496 1496 E ArmVmp : Match on catch block at 0xc3 in for 0xa1
02-20 16:16:19.286 1496 1496 E ArmVmp : Match on catch block at 0xc3 in for 0xa5
02-20 16:16:19.288 1496 1496 E ArmVmp : Match on catch block at 0xc3 in for 0xa9
02-20 16:16:19.289 1496 1496 E ArmVmp : Match on catch block at 0xc3 in for 0xa1
02-20 16:16:19.291 1496 1496 E ArmVmp : Match on catch block at 0xc3 in for 0xa5
02-20 16:16:19.296 1496 1496 E ArmVmp : Match on catch block at 0xc3 in for 0xa1
02-20 16:16:19.301 1496 1496 E ArmVmp : Match on catch block at 0xc3 in for 0xa5
02-20 16:16:19.303 1496 1496 E ArmVmp : Match on catch block at 0xc3 in for 0xa9
02-20 16:16:19.304 1496 1496 E ArmVmp : Match on catch block at 0xc3 in for 0xa1
02-20 16:16:19.306 1496 1496 E ArmVmp : Match on catch block at 0xc3 in for 0xa5
02-20 16:16:19.307 1496 1496 E ArmVmp : Match on catch block at 0xc3 in for 0xa9
02-20 16:16:19.309 1496 1496 E ArmVmp : Match on catch block at 0xc3 in for 0xa1
02-20 16:16:19.314 1496 1496 E ArmVmp : Match on catch block at 0xc3 in for 0xa9
02-20 16:16:19.318 1496 1496 E ArmVmp : Match on catch block at 0xc3 in for 0xa1
02-20 16:16:19.319 1496 1496 E ArmVmp : Match on catch block at 0xc3 in for 0xa5
02-20 16:16:19.321 1496 1496 E ArmVmp : Match on catch block at 0xc3 in for 0xa9
02-20 16:16:19.323 1496 1496 E ArmVmp : Match on catch block at 0xc3 in for 0xa1
02-20 16:16:19.324 1496 1496 E ArmVmp : Match on catch block at 0xc3 in for 0xa5
02-20 16:16:19.326 1496 1496 E ArmVmp : Match on catch block at 0xc3 in for 0xa9
02-20 16:16:19.331 1496 1496 E ArmVmp : Match on catch block at 0xc3 in for 0xa5
02-20 16:16:19.335 1496 1496 E ArmVmp : Match on catch block at 0xc3 in for 0xa9
02-20 16:16:19.336 1496 1496 E ArmVmp : Match on catch block at 0xc3 in for 0xa1
02-20 16:16:19.338 1496 1496 E ArmVmp : Match on catch block at 0xc3 in for 0xa5
02-20 16:16:19.339 1496 1496 E ArmVmp : Match on catch block at 0xc3 in for 0xa9
02-20 16:16:19.341 1496 1496 E ArmVmp : Match on catch block at 0xc3 in for 0xa1
02-20 16:16:19.342 1496 1496 E ArmVmp : Match on catch block at 0xc3 in for 0xa5
02-20 16:16:19.347 1496 1496 E ArmVmp : Match on catch block at 0xc3 in for 0xa1
02-20 16:16:19.351 1496 1496 E ArmVmp : Match on catch block at 0xc3 in for 0xa5
02-20 16:16:19.353 1496 1496 E ArmVmp : Match on catch block at 0xc3 in for 0xa9
02-20 16:16:19.354 1496 1496 E ArmVmp : Match on catch block at 0xc3 in for 0xa1
02-20 16:16:19.356 1496 1496 E ArmVmp : Match on catch block at 0xc3 in for 0xa5
02-20 16:16:19.357 1496 1496 E ArmVmp : Match on catch block at 0xc3 in for 0xa9
02-20 16:16:19.359 1496 1496 E ArmVmp : Match on catch block at 0xc3 in for 0xa1
02-20 16:16:19.364 1496 1496 E ArmVmp : Match on catch block at 0xc3 in for 0xa9
02-20 16:16:19.367 1496 1496 E ArmVmp : Match on catch block at 0xc3 in for 0xa1
02-20 16:16:19.369 1496 1496 E ArmVmp : Match on catch block at 0xc3 in for 0xa5
02-20 16:16:19.371 1496 1496 E ArmVmp : Match on catch block at 0xc3 in for 0xa9
02-20 16:16:19.373 1496 1496 E ArmVmp : Match on catch block at 0xc3 in for 0xa1
02-20 16:16:19.374 1496 1496 E ArmVmp : Match on catch block at 0xc3 in for 0xa5
02-20 16:16:19.376 1496 1496 E ArmVmp : Match on catch block at 0xc3 in for 0xa9
02-20 16:16:19.381 1496 1496 E ArmVmp : Match on catch block at 0xc3 in for 0xa5
02-20 16:16:19.385 1496 1496 E ArmVmp : Match on catch block at 0xc3 in for 0xa9
02-20 16:16:19.386 1496 1496 E ArmVmp : Match on catch block at 0xc3 in for 0xa1
02-20 16:16:19.388 1496 1496 E ArmVmp : Match on catch block at 0xc3 in for 0xa5
02-20 16:16:19.389 1496 1496 E ArmVmp : Match on catch block at 0xc3 in for 0xa9
02-20 16:16:19.391 1496 1496 E ArmVmp : Match on catch block at 0xc3 in for 0xa1
02-20 16:16:19.392 1496 1496 E ArmVmp : Match on catch block at 0xc3 in for 0xa5
02-20 16:16:19.397 1496 1496 E ArmVmp : Match on catch block at 0xc3 in for 0xa1
02-20 16:16:19.402 1496 1496 E ArmVmp : Match on catch block at 0xc3 in for 0xa5
02-20 16:16:19.403 1496 1496 E ArmVmp : Match on catch block at 0xc3 in for 0xa9
02-20 16:16:19.405 1496 1496 E ArmVmp : Match on catch block at 0xc3 in for 0xa1
02-20 16:16:19.406 1496 1496 E ArmVmp : Match on catch block at 0xc3 in for 0xa5
02-20 16:16:19.407 1496 1496 E ArmVmp : Match on catch block at 0xc3 in for 0xa9
02-20 16:16:19.409 1496 1496 E ArmVmp : Match on catch block at 0xc3 in for 0xa1
02-20 16:16:19.413 1496 1496 E ArmVmp : Match on catch block at 0xc3 in for 0xa9
02-20 16:16:19.417 1496 1496 E ArmVmp : Match on catch block at 0xc3 in for 0xa1
02-20 16:16:19.419 1496 1496 E ArmVmp : Match on catch block at 0xc3 in for 0xa5
02-20 16:16:19.421 1496 1496 E ArmVmp : Match on catch block at 0xc3 in for 0xa9
02-20 16:16:19.422 1496 1496 E ArmVmp : Match on catch block at 0xc3 in for 0xa1
02-20 16:16:19.424 1496 1496 E ArmVmp : Match on catch block at 0xc3 in for 0xa5
02-20 16:16:19.425 1496 1496 E ArmVmp : Match on catch block at 0xc3 in for 0xa9
02-20 16:16:19.430 1496 1496 E ArmVmp : Match on catch block at 0xc3 in for 0xa5
02-20 16:16:19.435 1496 1496 E ArmVmp : Match on catch block at 0xc3 in for 0xa9
02-20 16:16:19.437 1496 1496 E ArmVmp : Match on catch block at 0xc3 in for 0xa1
02-20 16:16:19.438 1496 1496 E ArmVmp : Match on catch block at 0xc3 in for 0xa5
02-20 16:16:19.440 1496 1496 E ArmVmp : Match on catch block at 0xc3 in for 0xa9
02-20 16:16:19.441 1496 1496 E ArmVmp : Match on catch block at 0xc3 in for 0xa1
02-20 16:16:19.443 1496 1496 E ArmVmp : Match on catch block at 0xc3 in for 0xa5
02-20 16:16:19.447 1496 1496 E ArmVmp : Match on catch block at 0xc3 in for 0xa1
02-20 16:16:19.453 1496 1496 E ArmVmp : Match on catch block at 0xc3 in for 0xa5
02-20 16:16:19.455 1496 1496 E ArmVmp : Match on catch block at 0xc3 in for 0xa9
02-20 16:16:19.456 1496 1496 E ArmVmp : Match on catch block at 0xc3 in for 0xa1
02-20 16:16:19.458 1496 1496 E ArmVmp : Match on catch block at 0xc3 in for 0xa5
02-20 16:16:19.459 1496 1496 E ArmVmp : Match on catch block at 0xc3 in for 0xa9
02-20 16:16:19.461 1496 1496 E ArmVmp : Match on catch block at 0xc3 in for 0xa1
02-20 16:16:19.465 1496 1496 E ArmVmp : Match on catch block at 0xc3 in for 0xa9
02-20 16:16:19.471 1496 1496 E ArmVmp : Match on catch block at 0xc3 in for 0xa1
02-20 16:16:19.472 1496 1496 E ArmVmp : Match on catch block at 0xc3 in for 0xa5
02-20 16:16:19.474 1496 1496 E ArmVmp : Match on catch block at 0xc3 in for 0xa9
02-20 16:16:19.475 1496 1496 E ArmVmp : Match on catch block at 0xc3 in for 0xa1
02-20 16:16:19.477 1496 1496 E ArmVmp : Match on catch block at 0xc3 in for 0xa5
02-20 16:16:19.478 1496 1496 E ArmVmp : Match on catch block at 0xc3 in for 0xa9
02-20 16:16:19.483 1496 1496 E ArmVmp : Match on catch block at 0xc3 in for 0xa5
02-20 16:16:19.490 1496 1496 E ArmVmp : Match on catch block at 0xc3 in for 0xa9
02-20 16:16:19.491 1496 1496 E ArmVmp : Match on catch block at 0xc3 in for 0xa1
02-20 16:16:19.493 1496 1496 E ArmVmp : Match on catch block at 0xc3 in for 0xa5
02-20 16:16:19.494 1496 1496 E ArmVmp : Match on catch block at 0xc3 in for 0xa9
02-20 16:16:19.496 1496 1496 E ArmVmp : Match on catch block at 0xc3 in for 0xa1
02-20 16:16:19.497 1496 1496 E ArmVmp : Match on catch block at 0xc3 in for 0xa5
02-20 16:16:19.504 1496 1496 E ArmVmp : Match on catch block at 0xc3 in for 0xa1
02-20 16:16:19.510 1496 1496 E ArmVmp : Match on catch block at 0xc3 in for 0xa5
02-20 16:16:19.512 1496 1496 E ArmVmp : Match on catch block at 0xc3 in for 0xa9
02-20 16:16:19.514 1496 1496 E ArmVmp : Match on catch block at 0xc3 in for 0xa1
02-20 16:16:19.517 1496 1496 E ArmVmp : Match on catch block at 0xc3 in for 0xa5
02-20 16:16:19.518 1496 1496 E ArmVmp : Match on catch block at 0xc3 in for 0xa9
02-20 16:16:19.520 1496 1496 E ArmVmp : Match on catch block at 0xc3 in for 0xa1
02-20 16:16:19.525 1496 1496 E ArmVmp : Match on catch block at 0xc3 in for 0xa9
02-20 16:16:19.534 1496 1496 E ArmVmp : Match on catch block at 0xc3 in for 0xa1
02-20 16:16:19.535 1496 1496 E ArmVmp : Match on catch block at 0xc3 in for 0xa5
02-20 16:16:19.537 1496 1496 E ArmVmp : Match on catch block at 0xc3 in for 0xa9
02-20 16:16:19.539 1496 1496 E ArmVmp : Match on catch block at 0xc3 in for 0xa1
02-20 16:16:19.540 1496 1496 E ArmVmp : Match on catch block at 0xc3 in for 0xa5
02-20 16:16:19.542 1496 1496 E ArmVmp : Match on catch block at 0xc3 in for 0xa9
02-20 16:16:19.552 1496 1496 E ArmVmp : Match on catch block at 0xc3 in for 0xa5
02-20 16:16:19.556 1496 1496 E ArmVmp : Match on catch block at 0xc3 in for 0xa9
02-20 16:16:19.558 1496 1496 E ArmVmp : Match on catch block at 0xc3 in for 0xa1
02-20 16:16:19.560 1496 1496 E ArmVmp : Match on catch block at 0xc3 in for 0xa5
02-20 16:16:19.563 1496 1496 E ArmVmp : Match on catch block at 0xc3 in for 0xa9
02-20 16:16:19.564 1496 1496 E ArmVmp : Match on catch block at 0xc3 in for 0xa1
02-20 16:16:19.566 1496 1496 E ArmVmp : Match on catch block at 0xc3 in for 0xa5
02-20 16:16:19.574 1496 1496 E ArmVmp : Match on catch block at 0xc3 in for 0xa1
02-20 16:16:19.579 1496 1496 E ArmVmp : Match on catch block at 0xc3 in for 0xa5
02-20 16:16:19.582 1496 1496 E ArmVmp : Match on catch block at 0xc3 in for 0xa9
02-20 16:16:19.584 1496 1496 E ArmVmp : Match on catch block at 0xc3 in for 0xa1
02-20 16:16:19.586 1496 1496 E ArmVmp : Match on catch block at 0xc3 in for 0xa5
02-20 16:16:19.588 1496 1496 E ArmVmp : Match on catch block at 0xc3 in for 0xa9
02-20 16:16:19.590 1496 1496 E ArmVmp : Match on catch block at 0xc3 in for 0xa1
02-20 16:16:19.599 1496 1496 E ArmVmp : Match on catch block at 0xc3 in for 0xa9
02-20 16:16:19.604 1496 1496 E ArmVmp : Match on catch block at 0xc3 in for 0xa1
02-20 16:16:19.606 1496 1496 E ArmVmp : Match on catch block at 0xc3 in for 0xa5
02-20 16:16:19.608 1496 1496 E ArmVmp : Match on catch block at 0xc3 in for 0xa9
02-20 16:16:19.610 1496 1496 E ArmVmp : Match on catch block at 0xc3 in for 0xa1
02-20 16:16:19.612 1496 1496 E ArmVmp : Match on catch block at 0xc3 in for 0xa5
02-20 16:16:19.614 1496 1496 E ArmVmp : Match on catch block at 0xc3 in for 0xa9
02-20 16:16:19.622 1496 1496 E ArmVmp : Match on catch block at 0xc3 in for 0xa5
02-20 16:16:19.627 1496 1496 E ArmVmp : Match on catch block at 0xc3 in for 0xa9
02-20 16:16:19.630 1496 1496 E ArmVmp : Match on catch block at 0xc3 in for 0xa1
02-20 16:16:19.633 1496 1496 E ArmVmp : Match on catch block at 0xc3 in for 0xa5
02-20 16:16:19.635 1496 1496 E ArmVmp : Match on catch block at 0xc3 in for 0xa9
02-20 16:16:19.637 1496 1496 E ArmVmp : Match on catch block at 0xc3 in for 0xa1
02-20 16:16:19.639 1496 1496 E ArmVmp : Match on catch block at 0xc3 in for 0xa5
02-20 16:16:26.357 1496 1689 W com.whatsapp: Accessing hidden method
Lcom/android/org/conscrypt/ConscryptEngineSocket;->setUseSessionTickets(Z)V
(greylist-max-q,core-platform-api, reflection, denied)
02-20 16:16:26.357 1496 1689 W com.whatsapp: Accessing hidden method
Lcom/android/org/conscrypt/OpenSSLSocketImpl;->setUseSessionTickets(Z)V (greylist-
max-q,core-platform-api, reflection, denied)
02-20 16:16:26.357 1496 1689 W com.whatsapp: Accessing hidden method
Lcom/android/org/conscrypt/AbstractConscryptSocket;->setUseSessionTickets(Z)V
(greylist-max-q, reflection, denied)
02-20 16:16:26.358 1496 1689 W com.whatsapp: Accessing hidden method
Lcom/android/org/conscrypt/ConscryptEngineSocket;->setHostname(Ljava/lang/String;)V
(greylist-max-q,core-platform-api, reflection, denied)
02-20 16:16:26.358 1496 1689 W com.whatsapp: Accessing hidden method
Lcom/android/org/conscrypt/OpenSSLSocketImpl;->setHostname(Ljava/lang/String;)V
(greylist-max-q,core-platform-api, reflection, denied)
02-20 16:16:26.358 1496 1689 W com.whatsapp: Accessing hidden method
Lcom/android/org/conscrypt/AbstractConscryptSocket;->setHostname(Ljava/lang/
String;)V (greylist-max-q, reflection, denied)
02-20 16:16:26.358 1496 1689 W com.whatsapp: Accessing hidden method
Lcom/android/org/conscrypt/OpenSSLSocketImpl;->setAlpnProtocols([B)V (greylist-max-
q,core-platform-api, reflection, denied)
02-20 16:16:26.358 1496 1689 W com.whatsapp: Accessing hidden method
Lcom/android/org/conscrypt/AbstractConscryptSocket;->setAlpnProtocols([B)V
(greylist-max-q, reflection, denied)
02-20 16:16:26.652 1496 1673 W libEGL : EGLNativeWindowType 0x7e65af5010
disconnect failed
02-20 16:16:50.009 1496 1496 E ArmVmp : Match on catch block at 0x0a in for 0xd9
02-20 16:16:50.030 1496 1496 E ArmVmp : Match on catch block at 0xc3 in for 0xa9
02-20 16:16:50.039 1496 1496 E ArmVmp : Match on catch block at 0xc3 in for 0xa1
02-20 16:16:50.041 1496 1496 E ArmVmp : Match on catch block at 0xc3 in for 0xa5
02-20 16:16:50.050 1496 1496 E ArmVmp : Match on catch block at 0xc3 in for 0xa9
02-20 16:16:50.056 1496 1496 E ArmVmp : Match on catch block at 0xc3 in for 0xa1
02-20 16:16:50.059 1496 1496 E ArmVmp : Match on catch block at 0xc3 in for 0xa5
02-20 16:16:50.061 1496 1496 E ArmVmp : Match on catch block at 0xc3 in for 0xa9
02-20 16:16:50.173 1496 1496 E ArmVmp : Match on catch block at 0xc3 in for 0xa9
02-20 16:16:50.201 1496 1496 E ArmVmp : Match on catch block at 0xc3 in for 0xa1
02-20 16:16:50.212 1496 1496 E ArmVmp : Match on catch block at 0xc3 in for 0xa5
02-20 16:16:50.219 1496 1496 E ArmVmp : Match on catch block at 0xc3 in for 0xa9
02-20 16:16:50.245 1496 1496 E ArmVmp : Match on catch block at 0xc3 in for 0xa1
02-20 16:16:50.264 1496 1496 E ArmVmp : Match on catch block at 0xc3 in for 0xa5
02-20 16:16:50.272 1496 1496 E ArmVmp : Match on catch block at 0xc3 in for 0xa9
02-20 16:16:50.301 1496 1496 E ArmVmp : Match on catch block at 0xc3 in for 0xa5
02-20 16:16:50.309 1496 1673 W libEGL : EGLNativeWindowType 0x7ef90c8010
disconnect failed
02-20 16:16:50.311 1496 1496 E ArmVmp : Match on catch block at 0xc3 in for 0xa9
02-20 16:16:50.316 1496 1496 E ArmVmp : Match on catch block at 0xc3 in for 0xa1
02-20 16:16:50.319 1496 1496 E ArmVmp : Match on catch block at 0xc3 in for 0xa5
02-20 16:16:50.321 1496 1496 E ArmVmp : Match on catch block at 0xc3 in for 0xa9
02-20 16:16:50.351 1496 1496 E ArmVmp : Match on catch block at 0xc3 in for 0xa1
02-20 16:16:50.358 1496 1496 E ArmVmp : Match on catch block at 0xc3 in for 0xa5
02-20 16:16:50.399 1496 1496 E ArmVmp : Match on catch block at 0xc3 in for 0xa1
02-20 16:16:50.409 1496 1496 E ArmVmp : Match on catch block at 0xc3 in for 0xa5
02-20 16:16:50.414 1496 1496 E ArmVmp : Match on catch block at 0xc3 in for 0xa9
02-20 16:16:50.419 1496 1496 E ArmVmp : Match on catch block at 0xc3 in for 0xa1
02-20 16:16:50.423 1496 1496 E ArmVmp : Match on catch block at 0xc3 in for 0xa5
02-20 16:16:50.430 1496 1496 E ArmVmp : Match on catch block at 0xc3 in for 0xa9
02-20 16:16:50.432 1496 1496 E ArmVmp : Match on catch block at 0xc3 in for 0xa1
02-20 16:16:50.444 1496 1496 E ArmVmp : Match on catch block at 0xc3 in for 0xa9
02-20 16:16:50.471 1496 1496 E ArmVmp : Match on catch block at 0xc3 in for 0xa1
02-20 16:16:50.473 1496 1496 E ArmVmp : Match on catch block at 0xc3 in for 0xa5
02-20 16:16:50.476 1496 1496 E ArmVmp : Match on catch block at 0xc3 in for 0xa9
02-20 16:16:50.489 1496 1496 E ArmVmp : Match on catch block at 0xc3 in for 0xa1
02-20 16:16:50.492 1496 1496 E ArmVmp : Match on catch block at 0xc3 in for 0xa5
02-20 16:16:50.496 1496 1496 E ArmVmp : Match on catch block at 0xc3 in for 0xa9
02-20 16:16:50.510 1496 1496 E ArmVmp : Match on catch block at 0xc3 in for 0xa5
02-20 16:16:50.517 1496 1496 E ArmVmp : Match on catch block at 0xc3 in for 0xa9
02-20 16:16:50.521 1496 1496 E ArmVmp : Match on catch block at 0xc3 in for 0xa1
02-20 16:16:50.525 1496 1496 E ArmVmp : Match on catch block at 0xc3 in for 0xa5
02-20 16:16:50.528 1496 1496 E ArmVmp : Match on catch block at 0xc3 in for 0xa9
02-20 16:16:50.530 1496 1496 E ArmVmp : Match on catch block at 0xc3 in for 0xa1
02-20 16:16:50.542 1496 1496 E ArmVmp : Match on catch block at 0xc3 in for 0xa5
02-20 16:16:50.554 1496 1496 E ArmVmp : Match on catch block at 0xc3 in for 0xa1
02-20 16:16:50.565 1496 1496 E ArmVmp : Match on catch block at 0xc3 in for 0xa5
02-20 16:16:50.568 1496 1496 E ArmVmp : Match on catch block at 0xc3 in for 0xa9
02-20 16:16:50.571 1496 1496 E ArmVmp : Match on catch block at 0xc3 in for 0xa1
02-20 16:16:50.573 1496 1496 E ArmVmp : Match on catch block at 0xc3 in for 0xa5
02-20 16:16:50.575 1496 1496 E ArmVmp : Match on catch block at 0xc3 in for 0xa9
02-20 16:16:50.580 1496 1496 E ArmVmp : Match on catch block at 0xc3 in for 0xa1
02-20 16:16:50.587 1496 1496 E ArmVmp : Match on catch block at 0xc3 in for 0xa9
02-20 16:16:50.590 1496 1496 E ArmVmp : Match on catch block at 0xc3 in for 0xa1
02-20 16:16:50.592 1496 1496 E ArmVmp : Match on catch block at 0xc3 in for 0xa5
02-20 16:16:50.594 1496 1496 E ArmVmp : Match on catch block at 0xc3 in for 0xa9
02-20 16:16:50.598 1496 1496 E ArmVmp : Match on catch block at 0xc3 in for 0xa1
02-20 16:16:50.600 1496 1496 E ArmVmp : Match on catch block at 0xc3 in for 0xa5
02-20 16:16:50.603 1496 1496 E ArmVmp : Match on catch block at 0xc3 in for 0xa9
02-20 16:16:50.609 1496 1496 E ArmVmp : Match on catch block at 0xc3 in for 0xa5
02-20 16:16:50.614 1496 1496 E ArmVmp : Match on catch block at 0xc3 in for 0xa9
02-20 16:16:50.617 1496 1496 E ArmVmp : Match on catch block at 0xc3 in for 0xa1
02-20 16:16:50.621 1496 1496 E ArmVmp : Match on catch block at 0xc3 in for 0xa5
02-20 16:16:50.626 1496 1496 E ArmVmp : Match on catch block at 0xc3 in for 0xa9
02-20 16:16:50.628 1496 1496 E ArmVmp : Match on catch block at 0xc3 in for 0xa1
02-20 16:16:50.630 1496 1496 E ArmVmp : Match on catch block at 0xc3 in for 0xa5
02-20 16:16:50.637 1496 1496 E ArmVmp : Match on catch block at 0xc3 in for 0xa1
02-20 16:16:50.642 1496 1496 E ArmVmp : Match on catch block at 0xc3 in for 0xa5
02-20 16:16:50.644 1496 1496 E ArmVmp : Match on catch block at 0xc3 in for 0xa9
02-20 16:16:50.646 1496 1496 E ArmVmp : Match on catch block at 0xc3 in for 0xa1
02-20 16:16:50.648 1496 1496 E ArmVmp : Match on catch block at 0xc3 in for 0xa5
02-20 16:16:50.650 1496 1496 E ArmVmp : Match on catch block at 0xc3 in for 0xa9
02-20 16:16:50.652 1496 1496 E ArmVmp : Match on catch block at 0xc3 in for 0xa1
02-20 16:16:50.658 1496 1496 E ArmVmp : Match on catch block at 0xc3 in for 0xa9
02-20 16:16:50.663 1496 1496 E ArmVmp : Match on catch block at 0xc3 in for 0xa1
02-20 16:16:50.667 1496 1496 E ArmVmp : Match on catch block at 0xc3 in for 0xa5
02-20 16:16:50.670 1496 1496 E ArmVmp : Match on catch block at 0xc3 in for 0xa9
02-20 16:16:50.673 1496 1496 E ArmVmp : Match on catch block at 0xc3 in for 0xa1
02-20 16:16:50.675 1496 1496 E ArmVmp : Match on catch block at 0xc3 in for 0xa5
02-20 16:16:50.678 1496 1496 E ArmVmp : Match on catch block at 0xc3 in for 0xa9
02-20 16:16:51.466 1496 1689 W com.whatsapp: Accessing hidden method
Lcom/android/org/conscrypt/ConscryptEngineSocket;->setUseSessionTickets(Z)V
(greylist-max-q,core-platform-api, reflection, denied)
02-20 16:16:51.466 1496 1689 W com.whatsapp: Accessing hidden method
Lcom/android/org/conscrypt/OpenSSLSocketImpl;->setUseSessionTickets(Z)V (greylist-
max-q,core-platform-api, reflection, denied)
02-20 16:16:51.466 1496 1689 W com.whatsapp: Accessing hidden method
Lcom/android/org/conscrypt/AbstractConscryptSocket;->setUseSessionTickets(Z)V
(greylist-max-q, reflection, denied)
02-20 16:16:51.467 1496 1689 W com.whatsapp: Accessing hidden method
Lcom/android/org/conscrypt/ConscryptEngineSocket;->setHostname(Ljava/lang/String;)V
(greylist-max-q,core-platform-api, reflection, denied)
02-20 16:16:51.467 1496 1689 W com.whatsapp: Accessing hidden method
Lcom/android/org/conscrypt/OpenSSLSocketImpl;->setHostname(Ljava/lang/String;)V
(greylist-max-q,core-platform-api, reflection, denied)
02-20 16:16:51.467 1496 1689 W com.whatsapp: Accessing hidden method
Lcom/android/org/conscrypt/AbstractConscryptSocket;->setHostname(Ljava/lang/
String;)V (greylist-max-q, reflection, denied)
02-20 16:16:51.468 1496 1689 W com.whatsapp: Accessing hidden method
Lcom/android/org/conscrypt/OpenSSLSocketImpl;->setAlpnProtocols([B)V (greylist-max-
q,core-platform-api, reflection, denied)
02-20 16:16:51.469 1496 1689 W com.whatsapp: Accessing hidden method
Lcom/android/org/conscrypt/AbstractConscryptSocket;->setAlpnProtocols([B)V
(greylist-max-q, reflection, denied)
02-20 16:16:51.936 1496 1673 W libEGL : EGLNativeWindowType 0x7ef90c8010
disconnect failed
02-20 16:16:51.955 1496 1496 E ArmVmp : Match on catch block at 0xc3 in for 0xa5
02-20 16:16:51.976 1496 1496 E ArmVmp : Match on catch block at 0xc3 in for 0xa9
02-20 16:16:51.982 1496 1496 E ArmVmp : Match on catch block at 0xc3 in for 0xa1
02-20 16:16:51.986 1496 1496 E ArmVmp : Match on catch block at 0xc3 in for 0xa5
02-20 16:16:51.993 1496 1496 E ArmVmp : Match on catch block at 0xc3 in for 0xa9
02-20 16:16:51.998 1496 1496 E ArmVmp : Match on catch block at 0xc3 in for 0xa1
02-20 16:16:52.003 1496 1496 E ArmVmp : Match on catch block at 0xc3 in for 0xa5
--------- beginning of main
02-20 16:19:13.650 3528 3528 E com.whatsapp: Not starting debugger since process
cannot load the jdwp agent.
--------- beginning of system
02-20 16:19:13.863 3528 3528 W System.err: java.lang.ClassNotFoundException:
mbmodsd.mbmodsw.ui.views.btn.BtnBK
02-20 16:19:13.865 3528 3528 W System.err: at
java.lang.Runtime.nativeLoad(Native Method)
02-20 16:19:13.866 3528 3528 W System.err: at
java.lang.Runtime.nativeLoad(Runtime.java:1131)
02-20 16:19:13.866 3528 3528 W System.err: at
java.lang.Runtime.loadLibrary0(Runtime.java:1085)
02-20 16:19:13.866 3528 3528 W System.err: at
java.lang.Runtime.loadLibrary0(Runtime.java:1008)
02-20 16:19:13.866 3528 3528 W System.err: at
java.lang.System.loadLibrary(System.java:1664)
02-20 16:19:13.866 3528 3528 W System.err: at arm.EpicVm.<clinit>(Unknown
Source:2)
02-20 16:19:13.866 3528 3528 W System.err: at
java.lang.Class.newInstance(Native Method)
02-20 16:19:13.866 3528 3528 W System.err: at
android.app.AppComponentFactory.instantiateApplication(AppComponentFactory.java:76)
02-20 16:19:13.866 3528 3528 W System.err: at
androidx.core.app.CoreComponentFactory.instantiateApplication(Unknown Source:0)
02-20 16:19:13.866 3528 3528 W System.err: at
android.app.Instrumentation.newApplication(Instrumentation.java:1158)
02-20 16:19:13.866 3528 3528 W System.err: at
android.app.LoadedApk.makeApplication(LoadedApk.java:1324)
02-20 16:19:13.866 3528 3528 W System.err: at
android.app.ActivityThread.handleBindApplication(ActivityThread.java:7543)
02-20 16:19:13.866 3528 3528 W System.err: at
android.app.ActivityThread.access$1500(ActivityThread.java:301)
02-20 16:19:13.866 3528 3528 W System.err: at
android.app.ActivityThread$H.handleMessage(ActivityThread.java:2177)
02-20 16:19:13.866 3528 3528 W System.err: at
android.os.Handler.dispatchMessage(Handler.java:106)
02-20 16:19:13.866 3528 3528 W System.err: at
android.os.Looper.loop(Looper.java:246)
02-20 16:19:13.866 3528 3528 W System.err: at
android.app.ActivityThread.main(ActivityThread.java:8653)
02-20 16:19:13.866 3528 3528 W System.err: at
java.lang.reflect.Method.invoke(Native Method)
02-20 16:19:13.866 3528 3528 W System.err: at
com.android.internal.os.RuntimeInit$MethodAndArgsCaller.run(RuntimeInit.java:602)
02-20 16:19:13.866 3528 3528 W System.err: at
com.android.internal.os.ZygoteInit.main(ZygoteInit.java:1130)
02-20 16:19:13.939 3528 3528 E CustomActivityOnCrash: IMPORTANT WARNING! You
already have an UncaughtExceptionHandler, are you sure this is correct? If you use
a custom UncaughtExceptionHandler, you must initialize it AFTER
CustomActivityOnCrash! Installing anyway, but your original handler will not be
called.
02-20 16:19:14.058 3528 4009 W LibraryVersion: Failed to get app version for
libraryName: firebase-iid
02-20 16:19:14.331 3528 3528 W com.whatsapp: Accessing hidden method
Lcom/android/org/conscrypt/OpenSSLSocketImpl;->setUseSessionTickets(Z)V (greylist-
max-q,core-platform-api, reflection, denied)
02-20 16:19:14.331 3528 3528 W com.whatsapp: Accessing hidden method
Lcom/android/org/conscrypt/AbstractConscryptSocket;->setUseSessionTickets(Z)V
(greylist-max-q, reflection, denied)
02-20 16:19:14.414 3528 3528 W linker : Warning:
"/data/data/com.whatsapp/files/decompressed/libs.spk.zst/libc++_shared.so" unused
DT entry: unknown processor-specific (type 0x70000001 arg 0x0) (ignoring)
02-20 16:19:14.612 3528 4111 W com.whatsapp: Class X.2rL failed lock verification
and will run slower.
02-20 16:19:14.612 3528 4111 W com.whatsapp: Common causes for lock verification
issues are non-optimized dex code
02-20 16:19:14.612 3528 4111 W com.whatsapp: and incorrect proguard
optimizations.
02-20 16:19:14.623 3528 3528 W com.whatsapp: Class X.0eU failed lock verification
and will run slower.
02-20 16:19:14.985 3528 3528 W com.whatsapp: Class com.whatsapp.HomeActivity
failed lock verification and will run slower.
