02-20 20:37:45.027 16291 16291 E ArmVmp : Match on catch block at 0xc3 in for 0xa5
02-20 20:37:45.118 16291 16291 E ArmVmp : Match on catch block at 0xc3 in for 0xa5
02-20 20:37:45.121 16291 16291 E ArmVmp : Match on catch block at 0xc3 in for 0xa9
02-20 20:37:45.124 16291 16291 E ArmVmp : Match on catch block at 0xc3 in for 0xa9
02-20 20:37:45.139 16291 16291 E ArmVmp : Match on catch block at 0xc3 in for 0xa9
02-20 20:37:45.142 16291 16291 E ArmVmp : Match on catch block at 0xc3 in for 0xa1
02-20 20:37:45.144 16291 16291 E ArmVmp : Match on catch block at 0xc3 in for 0xa1
02-20 20:37:45.151 16291 16291 E ArmVmp : Match on catch block at 0xc3 in for 0xa5
02-20 20:37:45.155 16291 16291 E ArmVmp : Match on catch block at 0xc3 in for 0xa9
02-20 20:37:45.158 16291 16291 E ArmVmp : Match on catch block at 0xc3 in for 0xa9
02-20 20:37:45.185 16291 16291 E ArmVmp : Match on catch block at 0xc3 in for 0xa1
02-20 20:37:45.188 16291 16291 E ArmVmp : Match on catch block at 0xc3 in for 0xa5
02-20 20:37:45.191 16291 16291 E ArmVmp : Match on catch block at 0xc3 in for 0xa5
02-20 20:37:45.407 16291 16291 E ArmVmp : Match on catch block at 0xc3 in for 0xa9
02-20 20:37:45.412 16291 16291 E ArmVmp : Match on catch block at 0xc3 in for 0xa1
02-20 20:37:45.418 16291 16291 E ArmVmp : Match on catch block at 0xc3 in for 0xa1
02-20 20:37:45.465 16291 16291 E ArmVmp : Match on catch block at 0xc3 in for 0xa1
02-20 20:37:45.469 16291 16291 E ArmVmp : Match on catch block at 0xc3 in for 0xa5
02-20 20:37:45.471 16291 16291 E ArmVmp : Match on catch block at 0xc3 in for 0xa5
02-20 20:37:45.501 16291 17362 W libEGL : EGLNativeWindowType 0x7e3687e010
disconnect failed
02-20 20:37:46.093 16291 17362 W libEGL : EGLNativeWindowType 0x7e3687e010
disconnect failed
02-20 20:37:46.111 16291 16291 W InputEventReceiver: Attempted to finish an input
event but the input event receiver has already been disposed.
02-20 20:37:46.184 16291 16291 E ArmVmp : Match on catch block at 0xc3 in for 0xa5
02-20 20:37:46.189 16291 16291 E ArmVmp : Match on catch block at 0xc3 in for 0xa9
02-20 20:37:46.193 16291 16291 E ArmVmp : Match on catch block at 0xc3 in for 0xa9
02-20 20:37:46.254 16291 16291 E ArmVmp : Match on catch block at 0xc3 in for 0xa9
02-20 20:37:46.258 16291 16291 E ArmVmp : Match on catch block at 0xc3 in for 0xa1
02-20 20:37:46.262 16291 16291 E ArmVmp : Match on catch block at 0xc3 in for 0xa1
02-20 20:37:46.270 16291 16291 E ArmVmp : Match on catch block at 0xc3 in for 0xa5
02-20 20:37:46.274 16291 16291 E ArmVmp : Match on catch block at 0xc3 in for 0xa9
02-20 20:37:46.277 16291 16291 E ArmVmp : Match on catch block at 0xc3 in for 0xa9
02-20 20:37:46.315 16291 16291 E ArmVmp : Match on catch block at 0xc3 in for 0xa1
02-20 20:37:46.320 16291 16291 E ArmVmp : Match on catch block at 0xc3 in for 0xa5
02-20 20:37:46.324 16291 16291 E ArmVmp : Match on catch block at 0xc3 in for 0xa5
02-20 20:37:46.333 16291 16291 E ArmVmp : Match on catch block at 0xc3 in for 0xa9
02-20 20:37:46.339 16291 16291 E ArmVmp : Match on catch block at 0xc3 in for 0xa1
02-20 20:37:46.345 16291 16291 E ArmVmp : Match on catch block at 0xc3 in for 0xa1
02-20 20:37:46.363 16291 16291 E ArmVmp : Match on catch block at 0xc3 in for 0xa5
02-20 20:37:46.367 16291 16291 E ArmVmp : Match on catch block at 0xc3 in for 0xa9
02-20 20:37:46.370 16291 16291 E ArmVmp : Match on catch block at 0xc3 in for 0xa9
02-20 20:37:46.376 16291 16291 E ArmVmp : Match on catch block at 0xc3 in for 0xa1
02-20 20:37:46.380 16291 16291 E ArmVmp : Match on catch block at 0xc3 in for 0xa5
02-20 20:37:46.384 16291 16291 E ArmVmp : Match on catch block at 0xc3 in for 0xa5
02-20 20:37:46.389 16291 16291 E ArmVmp : Match on catch block at 0xc3 in for 0xa9
02-20 20:37:46.393 16291 16291 E ArmVmp : Match on catch block at 0xc3 in for 0xa1
02-20 20:37:46.399 16291 16291 E ArmVmp : Match on catch block at 0xc3 in for 0xa1
02-20 20:37:46.405 16291 16291 E ArmVmp : Match on catch block at 0xc3 in for 0xa5
02-20 20:37:46.412 16291 16291 E ArmVmp : Match on catch block at 0xc3 in for 0xa9
02-20 20:37:46.415 16291 16291 E ArmVmp : Match on catch block at 0xc3 in for 0xa9
02-20 20:37:46.421 16291 16291 E ArmVmp : Match on catch block at 0xc3 in for 0xa1
02-20 20:37:46.424 16291 16291 E ArmVmp : Match on catch block at 0xc3 in for 0xa5
02-20 20:37:46.427 16291 16291 E ArmVmp : Match on catch block at 0xc3 in for 0xa5
02-20 20:37:46.434 16291 16291 E ArmVmp : Match on catch block at 0xc3 in for 0xa9
02-20 20:37:46.437 16291 16291 E ArmVmp : Match on catch block at 0xc3 in for 0xa1
02-20 20:37:46.440 16291 16291 E ArmVmp : Match on catch block at 0xc3 in for 0xa1
02-20 20:37:46.445 16291 16291 E ArmVmp : Match on catch block at 0xc3 in for 0xa5
02-20 20:37:46.449 16291 16291 E ArmVmp : Match on catch block at 0xc3 in for 0xa9
02-20 20:37:46.451 16291 16291 E ArmVmp : Match on catch block at 0xc3 in for 0xa9
02-20 20:37:46.461 16291 16291 E ArmVmp : Match on catch block at 0xc3 in for 0xa1
02-20 20:37:46.464 16291 16291 E ArmVmp : Match on catch block at 0xc3 in for 0xa5
02-20 20:37:46.467 16291 16291 E ArmVmp : Match on catch block at 0xc3 in for 0xa5
02-20 20:37:46.477 16291 16291 E ArmVmp : Match on catch block at 0xc3 in for 0xa9
02-20 20:37:46.480 16291 16291 E ArmVmp : Match on catch block at 0xc3 in for 0xa1
02-20 20:37:46.483 16291 16291 E ArmVmp : Match on catch block at 0xc3 in for 0xa1
02-20 20:37:46.493 16291 16291 E ArmVmp : Match on catch block at 0xc3 in for 0xa5
02-20 20:37:46.496 16291 16291 E ArmVmp : Match on catch block at 0xc3 in for 0xa9
02-20 20:37:46.499 16291 16291 E ArmVmp : Match on catch block at 0xc3 in for 0xa9
02-20 20:37:46.509 16291 16291 E ArmVmp : Match on catch block at 0xc3 in for 0xa1
02-20 20:37:46.513 16291 16291 E ArmVmp : Match on catch block at 0xc3 in for 0xa5
02-20 20:37:46.515 16291 16291 E ArmVmp : Match on catch block at 0xc3 in for 0xa5
02-20 20:37:46.525 16291 16291 E ArmVmp : Match on catch block at 0xc3 in for 0xa9
02-20 20:37:46.529 16291 16291 E ArmVmp : Match on catch block at 0xc3 in for 0xa1
02-20 20:37:46.531 16291 16291 E ArmVmp : Match on catch block at 0xc3 in for 0xa1
02-20 20:37:46.541 16291 16291 E ArmVmp : Match on catch block at 0xc3 in for 0xa5
02-20 20:37:46.545 16291 16291 E ArmVmp : Match on catch block at 0xc3 in for 0xa9
02-20 20:37:46.548 16291 16291 E ArmVmp : Match on catch block at 0xc3 in for 0xa9
02-20 20:37:46.577 16291 16291 E ArmVmp : Match on catch block at 0xc3 in for 0xa9
02-20 20:37:46.580 16291 16291 E ArmVmp : Match on catch block at 0xc3 in for 0xa1
02-20 20:37:46.583 16291 16291 E ArmVmp : Match on catch block at 0xc3 in for 0xa1
02-20 20:37:46.589 16291 16291 E ArmVmp : Match on catch block at 0xc3 in for 0xa5
02-20 20:37:46.593 16291 16291 E ArmVmp : Match on catch block at 0xc3 in for 0xa9
02-20 20:37:46.596 16291 16291 E ArmVmp : Match on catch block at 0xc3 in for 0xa9
02-20 20:37:46.654 16291 16291 E ArmVmp : Match on catch block at 0xc3 in for 0xa1
02-20 20:37:46.660 16291 16291 E ArmVmp : Match on catch block at 0xc3 in for 0xa5
02-20 20:37:46.664 16291 16291 E ArmVmp : Match on catch block at 0xc3 in for 0xa5
02-20 20:37:47.154 16291 16291 E ArmVmp : Match on catch block at 0xc3 in for 0xa9
02-20 20:37:47.161 16291 16291 E ArmVmp : Match on catch block at 0xc3 in for 0xa1
02-20 20:37:47.167 16291 16291 E ArmVmp : Match on catch block at 0xc3 in for 0xa1
02-20 20:37:47.657 16291 16291 E ArmVmp : Match on catch block at 0xc3 in for 0xa5
02-20 20:37:47.672 16291 16291 E ArmVmp : Match on catch block at 0xc3 in for 0xa9
02-20 20:37:47.679 16291 16291 E ArmVmp : Match on catch block at 0xc3 in for 0xa9
02-20 20:37:48.159 16291 16291 E ArmVmp : Match on catch block at 0xc3 in for 0xa1
02-20 20:37:48.166 16291 16291 E ArmVmp : Match on catch block at 0xc3 in for 0xa5
02-20 20:37:48.172 16291 16291 E ArmVmp : Match on catch block at 0xc3 in for 0xa5
02-20 20:37:48.192 16291 16291 E ArmVmp : Match on catch block at 0xc3 in for 0xa9
02-20 20:37:48.201 16291 16291 E ArmVmp : Match on catch block at 0xc3 in for 0xa1
02-20 20:37:48.206 16291 16291 E ArmVmp : Match on catch block at 0xc3 in for 0xa1
02-20 20:37:48.217 16291 16291 E ArmVmp : Match on catch block at 0xc3 in for 0xa5
02-20 20:37:48.225 16291 16291 E ArmVmp : Match on catch block at 0xc3 in for 0xa9
02-20 20:37:48.230 16291 16291 E ArmVmp : Match on catch block at 0xc3 in for 0xa9
02-20 20:37:48.243 16291 16291 E ArmVmp : Match on catch block at 0xc3 in for 0xa1
02-20 20:37:48.248 16291 16291 E ArmVmp : Match on catch block at 0xc3 in for 0xa5
02-20 20:37:48.252 16291 16291 E ArmVmp : Match on catch block at 0xc3 in for 0xa5
02-20 20:37:48.260 16291 16291 E ArmVmp : Match on catch block at 0xc3 in for 0xa9
02-20 20:37:48.265 16291 16291 E ArmVmp : Match on catch block at 0xc3 in for 0xa1
02-20 20:37:48.268 16291 16291 E ArmVmp : Match on catch block at 0xc3 in for 0xa1
02-20 20:37:48.277 16291 16291 E ArmVmp : Match on catch block at 0xc3 in for 0xa5
02-20 20:37:48.282 16291 16291 E ArmVmp : Match on catch block at 0xc3 in for 0xa9
02-20 20:37:48.288 16291 16291 E ArmVmp : Match on catch block at 0xc3 in for 0xa9
02-20 20:37:48.299 16291 16291 E ArmVmp : Match on catch block at 0xc3 in for 0xa9
02-20 20:37:48.305 16291 16291 E ArmVmp : Match on catch block at 0xc3 in for 0xa1
02-20 20:37:48.308 16291 16291 E ArmVmp : Match on catch block at 0xc3 in for 0xa1
02-20 20:37:48.324 16291 16291 W AudioManager: Use of stream types is deprecated
for operations other than volume control
02-20 20:37:48.324 16291 16291 W AudioManager: See the documentation of
requestAudioFocus() for what to use instead with android.media.AudioAttributes to
qualify your playback use case
02-20 20:37:48.354 16291 16439 E SQLiteDatabase: Error inserting transferred=1
media_job_uuid=50b52f55-967f-4599-9e72-840caeafe616 transcoded=0 gif_attribution=0
first_scan_length=0 direct_path=/v/t62.7117-
24/23117949_1530242437542696_5088001844746132157_n.enc?ccb=11-4&oh=01_AdTI_xYle8Fb-
uLAqWeG08jZthRMRPlJ_KKzGKYpqauOFg&oe=65FCB1F8&_nc_sid=5e03e0
thumbnail_height_width_ratio=0.0 is_animated_sticker=0
file_hash=MMIePZxzg9r9DjyR/wUj1aPTEsh2KRj4R3mDD97rp+4= file_path=Media/WhatsApp
Voice Notes/202408/PTT-20240220-WA0010.opus file_size=14875 partial_media_hash=null
face_x=0 face_y=0 height=0 trim_to=0 media_key_timestamp=1708478120000
message_url=https://mmg.whatsapp.net/v/t62.7117-
24/23117949_1530242437542696_5088001844746132157_n.enc?ccb=11-4&oh=01_AdTI_xYle8Fb-
uLAqWeG08jZthRMRPlJ_KKzGKYpqauOFg&oe=65FCB1F8&_nc_sid=5e03e0&mms3=true
media_caption=null trim_from=0 mime_type=audio/ogg; codecs=opus
partial_media_enc_hash=null width=0 original_file_hash=null has_streaming_sidecar=0
autotransfer_retry_enabled=1 media_upload_handle=null message_row_id=152
multicast_id=null enc_file_hash=vVLomSRaP7SYD74B1xN/QD3z88tTuQoRh3j9Z1rCTz8=
mute_video=0 page_count=0 first_scan_sidecar=null suspicious_content=0
file_length=14875 media_name=PTT-20240220-WA0010.opus media_duration=6
chat_row_id=100 media_key=[B@c421c00
02-20 20:37:48.354 16291 16439 E SQLiteDatabase:
android.database.sqlite.SQLiteConstraintException: UNIQUE constraint failed:
message_media.message_row_id (code 1555 SQLITE_CONSTRAINT_PRIMARYKEY[1555])
02-20 20:37:48.354 16291 16439 E SQLiteDatabase: at
android.database.sqlite.SQLiteConnection.nativeExecuteForLastInsertedRowId(Native
Method)
02-20 20:37:48.354 16291 16439 E SQLiteDatabase: at
android.database.sqlite.SQLiteConnection.executeForLastInsertedRowId(SQLiteConnecti
on.java:1217)
02-20 20:37:48.354 16291 16439 E SQLiteDatabase: at
android.database.sqlite.SQLiteSession.executeForLastInsertedRowId(SQLiteSession.jav
a:790)
02-20 20:37:48.354 16291 16439 E SQLiteDatabase: at
android.database.sqlite.SQLiteStatement.executeInsert(SQLiteStatement.java:88)
02-20 20:37:48.354 16291 16439 E SQLiteDatabase: at
android.database.sqlite.SQLiteDatabase.insertWithOnConflict(SQLiteDatabase.java:221
9)
02-20 20:37:48.354 16291 16439 E SQLiteDatabase: at
android.database.sqlite.SQLiteDatabase.insert(SQLiteDatabase.java:2088)
02-20 20:37:48.354 16291 16439 E SQLiteDatabase: at X.2tm.A08(Unknown
Source:6)
02-20 20:37:48.354 16291 16439 E SQLiteDatabase: at X.35Y.A07(Unknown
Source:212)
02-20 20:37:48.354 16291 16439 E SQLiteDatabase: at X.3QF.A14(Unknown
Source:470)
02-20 20:37:48.354 16291 16439 E SQLiteDatabase: at X.31e.A03(Unknown
Source:174)
02-20 20:37:48.354 16291 16439 E SQLiteDatabase: at X.3g7.run(Unknown
Source:1017)
02-20 20:37:48.354 16291 16439 E SQLiteDatabase: at
android.os.Handler.handleCallback(Handler.java:938)
02-20 20:37:48.354 16291 16439 E SQLiteDatabase: at
android.os.Handler.dispatchMessage(Handler.java:99)
02-20 20:37:48.354 16291 16439 E SQLiteDatabase: at
X.0zq.dispatchMessage(Unknown Source:4)
02-20 20:37:48.354 16291 16439 E SQLiteDatabase: at
android.os.Looper.loop(Looper.java:246)
02-20 20:37:48.354 16291 16439 E SQLiteDatabase: at
android.os.HandlerThread.run(HandlerThread.java:67)
02-20 20:37:48.444 16291 16305 W System : A resource failed to call release.
02-20 20:37:48.444 16291 16305 W System : A resource failed to call release.
02-20 20:37:48.445 16291 16305 W System : A resource failed to call release.
02-20 20:37:48.479 16291 16291 E ArmVmp : Match on catch block at 0xc3 in for 0xa5
02-20 20:37:48.482 16291 16291 E ArmVmp : Match on catch block at 0xc3 in for 0xa9
02-20 20:37:48.485 16291 16291 E ArmVmp : Match on catch block at 0xc3 in for 0xa9
02-20 20:37:48.518 16291 16440 E SQLiteDatabase: Error inserting transferred=1
media_job_uuid=50b52f55-967f-4599-9e72-840caeafe616 transcoded=0 gif_attribution=0
first_scan_length=0 direct_path=/v/t62.7117-
24/23117949_1530242437542696_5088001844746132157_n.enc?ccb=11-4&oh=01_AdTI_xYle8Fb-
uLAqWeG08jZthRMRPlJ_KKzGKYpqauOFg&oe=65FCB1F8&_nc_sid=5e03e0
thumbnail_height_width_ratio=0.0 is_animated_sticker=0
file_hash=MMIePZxzg9r9DjyR/wUj1aPTEsh2KRj4R3mDD97rp+4= file_path=Media/WhatsApp
Voice Notes/202408/PTT-20240220-WA0010.opus file_size=14875 partial_media_hash=null
face_x=0 face_y=0 height=0 trim_to=0 media_key_timestamp=1708478120000
message_url=https://mmg.whatsapp.net/v/t62.7117-
24/23117949_1530242437542696_5088001844746132157_n.enc?ccb=11-4&oh=01_AdTI_xYle8Fb-
uLAqWeG08jZthRMRPlJ_KKzGKYpqauOFg&oe=65FCB1F8&_nc_sid=5e03e0&mms3=true
media_caption=null trim_from=0 mime_type=audio/ogg; codecs=opus
partial_media_enc_hash=null width=0 original_file_hash=null has_streaming_sidecar=0
autotransfer_retry_enabled=1 media_upload_handle=null message_row_id=152
multicast_id=null enc_file_hash=vVLomSRaP7SYD74B1xN/QD3z88tTuQoRh3j9Z1rCTz8=
mute_video=0 page_count=0 first_scan_sidecar=null suspicious_content=0
file_length=14875 media_name=PTT-20240220-WA0010.opus media_duration=6
chat_row_id=100 media_key=[B@c421c00
02-20 20:37:48.518 16291 16440 E SQLiteDatabase:
android.database.sqlite.SQLiteConstraintException: UNIQUE constraint failed:
message_media.message_row_id (code 1555 SQLITE_CONSTRAINT_PRIMARYKEY[1555])
02-20 20:37:48.518 16291 16440 E SQLiteDatabase: at
android.database.sqlite.SQLiteConnection.nativeExecuteForLastInsertedRowId(Native
Method)
02-20 20:37:48.518 16291 16440 E SQLiteDatabase: at
android.database.sqlite.SQLiteConnection.executeForLastInsertedRowId(SQLiteConnecti
on.java:1217)
02-20 20:37:48.518 16291 16440 E SQLiteDatabase: at
android.database.sqlite.SQLiteSession.executeForLastInsertedRowId(SQLiteSession.jav
a:790)
02-20 20:37:48.518 16291 16440 E SQLiteDatabase: at
android.database.sqlite.SQLiteStatement.executeInsert(SQLiteStatement.java:88)
02-20 20:37:48.518 16291 16440 E SQLiteDatabase: at
android.database.sqlite.SQLiteDatabase.insertWithOnConflict(SQLiteDatabase.java:221
9)
02-20 20:37:48.518 16291 16440 E SQLiteDatabase: at
android.database.sqlite.SQLiteDatabase.insert(SQLiteDatabase.java:2088)
02-20 20:37:48.518 16291 16440 E SQLiteDatabase: at X.2tm.A08(Unknown
Source:6)
02-20 20:37:48.518 16291 16440 E SQLiteDatabase: at X.35Y.A07(Unknown
Source:212)
02-20 20:37:48.518 16291 16440 E SQLiteDatabase: at X.3QF.A14(Unknown
Source:470)
02-20 20:37:48.518 16291 16440 E SQLiteDatabase: at X.31e.A03(Unknown
Source:174)
02-20 20:37:48.518 16291 16440 E SQLiteDatabase: at X.3Uz.A07(Unknown
Source:381)
02-20 20:37:48.518 16291 16440 E SQLiteDatabase: at X.3Uz.A02(Unknown
Source:692)
02-20 20:37:48.518 16291 16440 E SQLiteDatabase: at X.3eS.run(Unknown
Source:4041)
02-20 20:37:48.518 16291 16440 E SQLiteDatabase: at
android.os.Handler.handleCallback(Handler.java:938)
02-20 20:37:48.518 16291 16440 E SQLiteDatabase: at
android.os.Handler.dispatchMessage(Handler.java:99)
02-20 20:37:48.518 16291 16440 E SQLiteDatabase: at
X.0zr.dispatchMessage(Unknown Source:4)
02-20 20:37:48.518 16291 16440 E SQLiteDatabase: at
android.os.Looper.loop(Looper.java:246)
02-20 20:37:48.518 16291 16440 E SQLiteDatabase: at
android.os.HandlerThread.run(HandlerThread.java:67)
02-20 20:37:48.530 16291 16291 E ArmVmp : Match on catch block at 0xc3 in for 0xa1
02-20 20:37:48.533 16291 16291 E ArmVmp : Match on catch block at 0xc3 in for 0xa5
02-20 20:37:48.535 16291 16291 E ArmVmp : Match on catch block at 0xc3 in for 0xa5
02-20 20:37:48.561 16291 16291 E ArmVmp : Match on catch block at 0xc3 in for 0xa5
02-20 20:37:48.565 16291 16291 E ArmVmp : Match on catch block at 0xc3 in for 0xa9
02-20 20:37:48.567 16291 16291 E ArmVmp : Match on catch block at 0xc3 in for 0xa9
02-20 20:37:48.584 16291 16291 E ArmVmp : Match on catch block at 0xc3 in for 0xa1
02-20 20:37:48.594 16291 16291 E ArmVmp : Match on catch block at 0xc3 in for 0xa5
02-20 20:37:48.597 16291 16291 E ArmVmp : Match on catch block at 0xc3 in for 0xa5
02-20 20:37:48.612 16291 16291 E ArmVmp : Match on catch block at 0xc3 in for 0xa9
02-20 20:37:48.616 16291 16291 E ArmVmp : Match on catch block at 0xc3 in for 0xa1
02-20 20:37:48.619 16291 16291 E ArmVmp : Match on catch block at 0xc3 in for 0xa1
02-20 20:37:48.626 16291 16291 E ArmVmp : Match on catch block at 0xc3 in for 0xa5
02-20 20:37:48.630 16291 16291 E ArmVmp : Match on catch block at 0xc3 in for 0xa9
02-20 20:37:48.633 16291 16291 E ArmVmp : Match on catch block at 0xc3 in for 0xa9
02-20 20:37:48.639 16291 16291 E ArmVmp : Match on catch block at 0xc3 in for 0xa1
02-20 20:37:48.650 16291 16291 E ArmVmp : Match on catch block at 0xc3 in for 0xa5
02-20 20:37:48.653 16291 16291 E ArmVmp : Match on catch block at 0xc3 in for 0xa5
02-20 20:37:48.660 16291 16291 E ArmVmp : Match on catch block at 0xc3 in for 0xa9
02-20 20:37:48.664 16291 16291 E ArmVmp : Match on catch block at 0xc3 in for 0xa1
02-20 20:37:48.667 16291 16291 E ArmVmp : Match on catch block at 0xc3 in for 0xa1
02-20 20:37:48.677 16291 16291 E ArmVmp : Match on catch block at 0xc3 in for 0xa5
02-20 20:37:48.682 16291 16291 E ArmVmp : Match on catch block at 0xc3 in for 0xa9
02-20 20:37:48.685 16291 16291 E ArmVmp : Match on catch block at 0xc3 in for 0xa9
02-20 20:37:48.694 16291 16291 E ArmVmp : Match on catch block at 0xc3 in for 0xa1
02-20 20:37:48.698 16291 16291 E ArmVmp : Match on catch block at 0xc3 in for 0xa5
02-20 20:37:48.701 16291 16291 E ArmVmp : Match on catch block at 0xc3 in for 0xa5
02-20 20:37:48.708 16291 16291 E ArmVmp : Match on catch block at 0xc3 in for 0xa9
02-20 20:37:48.713 16291 16291 E ArmVmp : Match on catch block at 0xc3 in for 0xa1
02-20 20:37:48.716 16291 16291 E ArmVmp : Match on catch block at 0xc3 in for 0xa1
02-20 20:37:48.723 16291 16291 E ArmVmp : Match on catch block at 0xc3 in for 0xa5
02-20 20:37:48.728 16291 16291 E ArmVmp : Match on catch block at 0xc3 in for 0xa9
02-20 20:37:48.731 16291 16291 E ArmVmp : Match on catch block at 0xc3 in for 0xa9
02-20 20:37:48.738 16291 16291 E ArmVmp : Match on catch block at 0xc3 in for 0xa1
02-20 20:37:48.743 16291 16291 E ArmVmp : Match on catch block at 0xc3 in for 0xa5
02-20 20:37:48.745 16291 16291 E ArmVmp : Match on catch block at 0xc3 in for 0xa5
02-20 20:37:48.753 16291 16291 E ArmVmp : Match on catch block at 0xc3 in for 0xa9
02-20 20:37:48.757 16291 16291 E ArmVmp : Match on catch block at 0xc3 in for 0xa1
02-20 20:37:48.760 16291 16291 E ArmVmp : Match on catch block at 0xc3 in for 0xa1
02-20 20:37:48.767 16291 16291 E ArmVmp : Match on catch block at 0xc3 in for 0xa5
02-20 20:37:48.772 16291 16291 E ArmVmp : Match on catch block at 0xc3 in for 0xa9
02-20 20:37:48.775 16291 16291 E ArmVmp : Match on catch block at 0xc3 in for 0xa9
02-20 20:37:48.783 16291 16291 E ArmVmp : Match on catch block at 0xc3 in for 0xa1
02-20 20:37:48.787 16291 16291 E ArmVmp : Match on catch block at 0xc3 in for 0xa5
02-20 20:37:48.790 16291 16291 E ArmVmp : Match on catch block at 0xc3 in for 0xa5
02-20 20:37:48.799 16291 16291 E ArmVmp : Match on catch block at 0xc3 in for 0xa9
02-20 20:37:48.803 16291 16291 E ArmVmp : Match on catch block at 0xc3 in for 0xa1
02-20 20:37:48.806 16291 16291 E ArmVmp : Match on catch block at 0xc3 in for 0xa1
02-20 20:37:48.863 16291 16291 E ArmVmp : Match on catch block at 0xc3 in for 0xa1
02-20 20:37:48.867 16291 16291 E ArmVmp : Match on catch block at 0xc3 in for 0xa5
02-20 20:37:48.873 16291 16291 E ArmVmp : Match on catch block at 0xc3 in for 0xa5
02-20 20:37:48.912 16291 16291 E ArmVmp : Match on catch block at 0xc3 in for 0xa9
02-20 20:37:48.918 16291 16291 E ArmVmp : Match on catch block at 0xc3 in for 0xa1
02-20 20:37:48.922 16291 16291 E ArmVmp : Match on catch block at 0xc3 in for 0xa1
02-20 20:37:48.961 16291 16291 E ArmVmp : Match on catch block at 0xc3 in for 0xa5
02-20 20:37:48.969 16291 16291 E ArmVmp : Match on catch block at 0xc3 in for 0xa9
02-20 20:37:48.974 16291 16291 E ArmVmp : Match on catch block at 0xc3 in for 0xa9
02-20 20:37:49.008 16291 16291 E ArmVmp : Match on catch block at 0xc3 in for 0xa1
02-20 20:37:49.015 16291 16291 E ArmVmp : Match on catch block at 0xc3 in for 0xa5
02-20 20:37:49.019 16291 16291 E ArmVmp : Match on catch block at 0xc3 in for 0xa5
02-20 20:37:49.056 16291 16291 E ArmVmp : Match on catch block at 0xc3 in for 0xa9
02-20 20:37:49.062 16291 16291 E ArmVmp : Match on catch block at 0xc3 in for 0xa1
02-20 20:37:49.066 16291 16291 E ArmVmp : Match on catch block at 0xc3 in for 0xa1
02-20 20:37:49.120 16291 16291 E ArmVmp : Match on catch block at 0xc3 in for 0xa5
02-20 20:37:49.125 16291 16291 E ArmVmp : Match on catch block at 0xc3 in for 0xa9
02-20 20:37:49.129 16291 16291 E ArmVmp : Match on catch block at 0xc3 in for 0xa9
02-20 20:37:49.171 16291 16291 E ArmVmp : Match on catch block at 0xc3 in for 0xa1
02-20 20:37:49.179 16291 16291 E ArmVmp : Match on catch block at 0xc3 in for 0xa5
02-20 20:37:49.186 16291 16291 E ArmVmp : Match on catch block at 0xc3 in for 0xa5
02-20 20:37:49.200 16291 16291 E ArmVmp : Match on catch block at 0xc3 in for 0xa9
02-20 20:37:49.208 16291 16291 E ArmVmp : Match on catch block at 0xc3 in for 0xa1
02-20 20:37:49.213 16291 16291 E ArmVmp : Match on catch block at 0xc3 in for 0xa1
02-20 20:37:49.234 16291 16291 E ArmVmp : Match on catch block at 0xc3 in for 0xa5
02-20 20:37:49.241 16291 16291 E ArmVmp : Match on catch block at 0xc3 in for 0xa9
02-20 20:37:49.247 16291 16291 E ArmVmp : Match on catch block at 0xc3 in for 0xa9
02-20 20:37:49.281 16291 16291 E ArmVmp : Match on catch block at 0xc3 in for 0xa1
02-20 20:37:49.288 16291 16291 E ArmVmp : Match on catch block at 0xc3 in for 0xa5
02-20 20:37:49.293 16291 16291 E ArmVmp : Match on catch block at 0xc3 in for 0xa5
02-20 20:37:49.344 16291 16291 E ArmVmp : Match on catch block at 0xc3 in for 0xa9
02-20 20:37:49.350 16291 16291 E ArmVmp : Match on catch block at 0xc3 in for 0xa1
02-20 20:37:49.356 16291 16291 E ArmVmp : Match on catch block at 0xc3 in for 0xa1
02-20 20:37:49.394 16291 16291 E ArmVmp : Match on catch block at 0xc3 in for 0xa5
02-20 20:37:49.401 16291 16291 E ArmVmp : Match on catch block at 0xc3 in for 0xa9
02-20 20:37:49.406 16291 16291 E ArmVmp : Match on catch block at 0xc3 in for 0xa9
02-20 20:37:49.441 16291 16291 E ArmVmp : Match on catch block at 0xc3 in for 0xa1
02-20 20:37:49.449 16291 16291 E ArmVmp : Match on catch block at 0xc3 in for 0xa5
02-20 20:37:49.454 16291 16291 E ArmVmp : Match on catch block at 0xc3 in for 0xa5
02-20 20:37:49.489 16291 16291 E ArmVmp : Match on catch block at 0xc3 in for 0xa9
02-20 20:37:49.496 16291 16291 E ArmVmp : Match on catch block at 0xc3 in for 0xa1
02-20 20:37:49.501 16291 16291 E ArmVmp : Match on catch block at 0xc3 in for 0xa1
02-20 20:37:49.551 16291 16291 E ArmVmp : Match on catch block at 0xc3 in for 0xa9
02-20 20:37:49.559 16291 16291 E ArmVmp : Match on catch block at 0xc3 in for 0xa1
02-20 20:37:49.564 16291 16291 E ArmVmp : Match on catch block at 0xc3 in for 0xa1
02-20 20:37:49.603 16291 16291 E ArmVmp : Match on catch block at 0xc3 in for 0xa5
02-20 20:37:49.611 16291 16291 E ArmVmp : Match on catch block at 0xc3 in for 0xa9
02-20 20:37:49.618 16291 16291 E ArmVmp : Match on catch block at 0xc3 in for 0xa9
02-20 20:37:49.668 16291 16291 E ArmVmp : Match on catch block at 0xc3 in for 0xa1
02-20 20:37:49.679 16291 16291 E ArmVmp : Match on catch block at 0xc3 in for 0xa5
02-20 20:37:49.685 16291 16291 E ArmVmp : Match on catch block at 0xc3 in for 0xa5
02-20 20:37:49.719 16291 16291 E ArmVmp : Match on catch block at 0xc3 in for 0xa9
02-20 20:37:49.728 16291 16291 E ArmVmp : Match on catch block at 0xc3 in for 0xa1
02-20 20:37:49.734 16291 16291 E ArmVmp : Match on catch block at 0xc3 in for 0xa1
02-20 20:37:49.763 16291 16291 E ArmVmp : Match on catch block at 0xc3 in for 0xa5
02-20 20:37:49.770 16291 16291 E ArmVmp : Match on catch block at 0xc3 in for 0xa9
02-20 20:37:49.775 16291 16291 E ArmVmp : Match on catch block at 0xc3 in for 0xa9
02-20 20:37:49.810 16291 16291 E ArmVmp : Match on catch block at 0xc3 in for 0xa1
02-20 20:37:49.817 16291 16291 E ArmVmp : Match on catch block at 0xc3 in for 0xa5
02-20 20:37:49.822 16291 16291 E ArmVmp : Match on catch block at 0xc3 in for 0xa5
02-20 20:37:49.858 16291 16291 E ArmVmp : Match on catch block at 0xc3 in for 0xa9
02-20 20:37:49.866 16291 16291 E ArmVmp : Match on catch block at 0xc3 in for 0xa1
02-20 20:37:49.870 16291 16291 E ArmVmp : Match on catch block at 0xc3 in for 0xa1
02-20 20:37:49.905 16291 16291 E ArmVmp : Match on catch block at 0xc3 in for 0xa5
02-20 20:37:49.912 16291 16291 E ArmVmp : Match on catch block at 0xc3 in for 0xa9
02-20 20:37:49.916 16291 16291 E ArmVmp : Match on catch block at 0xc3 in for 0xa9
02-20 20:37:49.955 16291 16291 E ArmVmp : Match on catch block at 0xc3 in for 0xa1
02-20 20:37:49.965 16291 16291 E ArmVmp : Match on catch block at 0xc3 in for 0xa5
02-20 20:37:49.971 16291 16291 E ArmVmp : Match on catch block at 0xc3 in for 0xa5
02-20 20:37:50.018 16291 16291 E ArmVmp : Match on catch block at 0xc3 in for 0xa9
02-20 20:37:50.026 16291 16291 E ArmVmp : Match on catch block at 0xc3 in for 0xa1
02-20 20:37:50.032 16291 16291 E ArmVmp : Match on catch block at 0xc3 in for 0xa1
02-20 20:37:50.067 16291 16291 E ArmVmp : Match on catch block at 0xc3 in for 0xa5
02-20 20:37:50.075 16291 16291 E ArmVmp : Match on catch block at 0xc3 in for 0xa9
02-20 20:37:50.081 16291 16291 E ArmVmp : Match on catch block at 0xc3 in for 0xa9
02-20 20:37:50.114 16291 16291 E ArmVmp : Match on catch block at 0xc3 in for 0xa1
02-20 20:37:50.123 16291 16291 E ArmVmp : Match on catch block at 0xc3 in for 0xa5
02-20 20:37:50.128 16291 16291 E ArmVmp : Match on catch block at 0xc3 in for 0xa5
02-20 20:37:50.162 16291 16291 E ArmVmp : Match on catch block at 0xc3 in for 0xa9
02-20 20:37:50.170 16291 16291 E ArmVmp : Match on catch block at 0xc3 in for 0xa1
02-20 20:37:50.175 16291 16291 E ArmVmp : Match on catch block at 0xc3 in for 0xa1
02-20 20:37:50.187 16291 16291 E ArmVmp : Match on catch block at 0xc3 in for 0xa5
02-20 20:37:50.195 16291 16291 E ArmVmp : Match on catch block at 0xc3 in for 0xa9
02-20 20:37:50.201 16291 16291 E ArmVmp : Match on catch block at 0xc3 in for 0xa9
02-20 20:37:50.214 16291 16291 E ArmVmp : Match on catch block at 0xc3 in for 0xa1
02-20 20:37:50.221 16291 16291 E ArmVmp : Match on catch block at 0xc3 in for 0xa5
02-20 20:37:50.227 16291 16291 E ArmVmp : Match on catch block at 0xc3 in for 0xa5
02-20 20:37:50.237 16291 16291 E ArmVmp : Match on catch block at 0xc3 in for 0xa9
02-20 20:37:50.246 16291 16291 E ArmVmp : Match on catch block at 0xc3 in for 0xa1
02-20 20:37:50.251 16291 16291 E ArmVmp : Match on catch block at 0xc3 in for 0xa1
02-20 20:37:50.263 16291 16291 E ArmVmp : Match on catch block at 0xc3 in for 0xa5
02-20 20:37:50.271 16291 16291 E ArmVmp : Match on catch block at 0xc3 in for 0xa9
02-20 20:37:50.276 16291 16291 E ArmVmp : Match on catch block at 0xc3 in for 0xa9
02-20 20:37:50.289 16291 16291 E ArmVmp : Match on catch block at 0xc3 in for 0xa1
02-20 20:37:50.297 16291 16291 E ArmVmp : Match on catch block at 0xc3 in for 0xa5
02-20 20:37:50.301 16291 16291 E ArmVmp : Match on catch block at 0xc3 in for 0xa5
02-20 20:37:50.311 16291 16291 E ArmVmp : Match on catch block at 0xc3 in for 0xa9
02-20 20:37:50.317 16291 16291 E ArmVmp : Match on catch block at 0xc3 in for 0xa1
02-20 20:37:50.321 16291 16291 E ArmVmp : Match on catch block at 0xc3 in for 0xa1
02-20 20:37:50.332 16291 16291 E ArmVmp : Match on catch block at 0xc3 in for 0xa5
02-20 20:37:50.341 16291 16291 E ArmVmp : Match on catch block at 0xc3 in for 0xa9
02-20 20:37:50.346 16291 16291 E ArmVmp : Match on catch block at 0xc3 in for 0xa9
02-20 20:37:50.357 16291 16291 E ArmVmp : Match on catch block at 0xc3 in for 0xa1
02-20 20:37:50.364 16291 16291 E ArmVmp : Match on catch block at 0xc3 in for 0xa5
02-20 20:37:50.370 16291 16291 E ArmVmp : Match on catch block at 0xc3 in for 0xa5
02-20 20:37:50.379 16291 16291 E ArmVmp : Match on catch block at 0xc3 in for 0xa9
02-20 20:37:50.386 16291 16291 E ArmVmp : Match on catch block at 0xc3 in for 0xa1
02-20 20:37:50.391 16291 16291 E ArmVmp : Match on catch block at 0xc3 in for 0xa1
02-20 20:37:50.404 16291 16291 E ArmVmp : Match on catch block at 0xc3 in for 0xa5
02-20 20:37:50.411 16291 16291 E ArmVmp : Match on catch block at 0xc3 in for 0xa9
02-20 20:37:50.415 16291 16291 E ArmVmp : Match on catch block at 0xc3 in for 0xa9
02-20 20:37:50.468 16291 16291 E ArmVmp : Match on catch block at 0xc3 in for 0xa1
02-20 20:37:50.476 16291 16291 E ArmVmp : Match on catch block at 0xc3 in for 0xa5
02-20 20:37:50.483 16291 16291 E ArmVmp : Match on catch block at 0xc3 in for 0xa5
02-20 20:37:50.515 16291 16291 E ArmVmp : Match on catch block at 0xc3 in for 0xa9
02-20 20:37:50.523 16291 16291 E ArmVmp : Match on catch block at 0xc3 in for 0xa1
02-20 20:37:50.528 16291 16291 E ArmVmp : Match on catch block at 0xc3 in for 0xa1
02-20 20:37:50.571 16291 16291 E ArmVmp : Match on catch block at 0xc3 in for 0xa9
02-20 20:37:50.579 16291 16291 E ArmVmp : Match on catch block at 0xc3 in for 0xa1
02-20 20:37:50.584 16291 16291 E ArmVmp : Match on catch block at 0xc3 in for 0xa1
02-20 20:37:50.626 16291 16291 E ArmVmp : Match on catch block at 0xc3 in for 0xa5
02-20 20:37:50.634 16291 16291 E ArmVmp : Match on catch block at 0xc3 in for 0xa9
02-20 20:37:50.641 16291 16291 E ArmVmp : Match on catch block at 0xc3 in for 0xa9
02-20 20:37:50.684 16291 16291 E ArmVmp : Match on catch block at 0xc3 in for 0xa1
02-20 20:37:50.693 16291 16291 E ArmVmp : Match on catch block at 0xc3 in for 0xa5
02-20 20:37:50.698 16291 16291 E ArmVmp : Match on catch block at 0xc3 in for 0xa5
02-20 20:37:50.739 16291 16291 E ArmVmp : Match on catch block at 0xc3 in for 0xa9
02-20 20:37:50.746 16291 16291 E ArmVmp : Match on catch block at 0xc3 in for 0xa1
02-20 20:37:50.752 16291 16291 E ArmVmp : Match on catch block at 0xc3 in for 0xa1
02-20 20:37:50.771 16291 16291 E ArmVmp : Match on catch block at 0xc3 in for 0xa5
02-20 20:37:50.779 16291 16291 E ArmVmp : Match on catch block at 0xc3 in for 0xa9
02-20 20:37:50.787 16291 16291 E ArmVmp : Match on catch block at 0xc3 in for 0xa9
02-20 20:37:50.803 16291 16291 E ArmVmp : Match on catch block at 0xc3 in for 0xa1
02-20 20:37:50.810 16291 16291 E ArmVmp : Match on catch block at 0xc3 in for 0xa5
02-20 20:37:50.817 16291 16291 E ArmVmp : Match on catch block at 0xc3 in for 0xa5
02-20 20:37:50.867 16291 16291 E ArmVmp : Match on catch block at 0xc3 in for 0xa9
02-20 20:37:50.873 16291 16291 E ArmVmp : Match on catch block at 0xc3 in for 0xa1
02-20 20:37:50.878 16291 16291 E ArmVmp : Match on catch block at 0xc3 in for 0xa1
02-20 20:37:50.914 16291 16291 E ArmVmp : Match on catch block at 0xc3 in for 0xa5
02-20 20:37:50.920 16291 16291 E ArmVmp : Match on catch block at 0xc3 in for 0xa9
02-20 20:37:50.924 16291 16291 E ArmVmp : Match on catch block at 0xc3 in for 0xa9
02-20 20:37:50.964 16291 16291 E ArmVmp : Match on catch block at 0xc3 in for 0xa1
02-20 20:37:50.973 16291 16291 E ArmVmp : Match on catch block at 0xc3 in for 0xa5
02-20 20:37:50.979 16291 16291 E ArmVmp : Match on catch block at 0xc3 in for 0xa5
02-20 20:37:51.012 16291 16291 E ArmVmp : Match on catch block at 0xc3 in for 0xa9
02-20 20:37:51.022 16291 16291 E ArmVmp : Match on catch block at 0xc3 in for 0xa1
02-20 20:37:51.029 16291 16291 E ArmVmp : Match on catch block at 0xc3 in for 0xa1
02-20 20:37:51.076 16291 16291 E ArmVmp : Match on catch block at 0xc3 in for 0xa5
02-20 20:37:51.087 16291 16291 E ArmVmp : Match on catch block at 0xc3 in for 0xa9
02-20 20:37:51.095 16291 16291 E ArmVmp : Match on catch block at 0xc3 in for 0xa9
02-20 20:37:51.123 16291 16291 E ArmVmp : Match on catch block at 0xc3 in for 0xa1
02-20 20:37:51.131 16291 16291 E ArmVmp : Match on catch block at 0xc3 in for 0xa5
02-20 20:37:51.135 16291 16291 E ArmVmp : Match on catch block at 0xc3 in for 0xa5
02-20 20:37:51.170 16291 16291 E ArmVmp : Match on catch block at 0xc3 in for 0xa9
02-20 20:37:51.176 16291 16291 E ArmVmp : Match on catch block at 0xc3 in for 0xa1
02-20 20:37:51.181 16291 16291 E ArmVmp : Match on catch block at 0xc3 in for 0xa1
02-20 20:37:51.219 16291 16291 E ArmVmp : Match on catch block at 0xc3 in for 0xa5
02-20 20:37:51.226 16291 16291 E ArmVmp : Match on catch block at 0xc3 in for 0xa9
02-20 20:37:51.231 16291 16291 E ArmVmp : Match on catch block at 0xc3 in for 0xa9
02-20 20:37:51.266 16291 16291 E ArmVmp : Match on catch block at 0xc3 in for 0xa1
02-20 20:37:51.273 16291 16291 E ArmVmp : Match on catch block at 0xc3 in for 0xa5
02-20 20:37:51.277 16291 16291 E ArmVmp : Match on catch block at 0xc3 in for 0xa5
02-20 20:37:51.301 16291 16291 E ArmVmp : Match on catch block at 0xc3 in for 0xa9
02-20 20:37:51.308 16291 16291 E ArmVmp : Match on catch block at 0xc3 in for 0xa1
02-20 20:37:51.312 16291 16291 E ArmVmp : Match on catch block at 0xc3 in for 0xa1
02-20 20:37:51.346 16291 16291 E ArmVmp : Match on catch block at 0xc3 in for 0xa5
02-20 20:37:51.353 16291 16291 E ArmVmp : Match on catch block at 0xc3 in for 0xa9
02-20 20:37:51.357 16291 16291 E ArmVmp : Match on catch block at 0xc3 in for 0xa9
02-20 20:37:51.395 16291 16291 E ArmVmp : Match on catch block at 0xc3 in for 0xa1
02-20 20:37:51.402 16291 16291 E ArmVmp : Match on catch block at 0xc3 in for 0xa5
02-20 20:37:51.407 16291 16291 E ArmVmp : Match on catch block at 0xc3 in for 0xa5
02-20 20:37:51.459 16291 16291 E ArmVmp : Match on catch block at 0xc3 in for 0xa9
02-20 20:37:51.466 16291 16291 E ArmVmp : Match on catch block at 0xc3 in for 0xa1
02-20 20:37:51.472 16291 16291 E ArmVmp : Match on catch block at 0xc3 in for 0xa1
02-20 20:37:51.510 16291 16291 E ArmVmp : Match on catch block at 0xc3 in for 0xa5
02-20 20:37:51.518 16291 16291 E ArmVmp : Match on catch block at 0xc3 in for 0xa9
02-20 20:37:51.525 16291 16291 E ArmVmp : Match on catch block at 0xc3 in for 0xa9
02-20 20:37:51.557 16291 16291 E ArmVmp : Match on catch block at 0xc3 in for 0xa1
02-20 20:37:51.569 16291 16291 E ArmVmp : Match on catch block at 0xc3 in for 0xa5
02-20 20:37:51.577 16291 16291 E ArmVmp : Match on catch block at 0xc3 in for 0xa5
02-20 20:37:51.621 16291 16291 E ArmVmp : Match on catch block at 0xc3 in for 0xa1
02-20 20:37:51.632 16291 16291 E ArmVmp : Match on catch block at 0xc3 in for 0xa5
02-20 20:37:51.637 16291 16291 E ArmVmp : Match on catch block at 0xc3 in for 0xa5
02-20 20:37:51.684 16291 16291 E ArmVmp : Match on catch block at 0xc3 in for 0xa9
02-20 20:37:51.691 16291 16291 E ArmVmp : Match on catch block at 0xc3 in for 0xa1
02-20 20:37:51.696 16291 16291 E ArmVmp : Match on catch block at 0xc3 in for 0xa1
02-20 20:37:51.732 16291 16291 E ArmVmp : Match on catch block at 0xc3 in for 0xa5
02-20 20:37:51.740 16291 16291 E ArmVmp : Match on catch block at 0xc3 in for 0xa9
02-20 20:37:51.745 16291 16291 E ArmVmp : Match on catch block at 0xc3 in for 0xa9
02-20 20:37:51.781 16291 16291 E ArmVmp : Match on catch block at 0xc3 in for 0xa1
02-20 20:37:51.789 16291 16291 E ArmVmp : Match on catch block at 0xc3 in for 0xa5
02-20 20:37:51.795 16291 16291 E ArmVmp : Match on catch block at 0xc3 in for 0xa5
02-20 20:37:51.813 16291 16291 E ArmVmp : Match on catch block at 0xc3 in for 0xa9
02-20 20:37:51.822 16291 16291 E ArmVmp : Match on catch block at 0xc3 in for 0xa1
02-20 20:37:51.832 16291 16291 E ArmVmp : Match on catch block at 0xc3 in for 0xa1
02-20 20:37:51.860 16291 16291 E ArmVmp : Match on catch block at 0xc3 in for 0xa5
02-20 20:37:51.869 16291 16291 E ArmVmp : Match on catch block at 0xc3 in for 0xa9
02-20 20:37:51.877 16291 16291 E ArmVmp : Match on catch block at 0xc3 in for 0xa9
02-20 20:37:51.924 16291 16291 E ArmVmp : Match on catch block at 0xc3 in for 0xa1
02-20 20:37:51.930 16291 16291 E ArmVmp : Match on catch block at 0xc3 in for 0xa5
02-20 20:37:51.934 16291 16291 E ArmVmp : Match on catch block at 0xc3 in for 0xa5
02-20 20:37:51.971 16291 16291 E ArmVmp : Match on catch block at 0xc3 in for 0xa9
02-20 20:37:51.979 16291 16291 E ArmVmp : Match on catch block at 0xc3 in for 0xa1
02-20 20:37:51.983 16291 16291 E ArmVmp : Match on catch block at 0xc3 in for 0xa1
02-20 20:37:52.020 16291 16291 E ArmVmp : Match on catch block at 0xc3 in for 0xa5
02-20 20:37:52.027 16291 16291 E ArmVmp : Match on catch block at 0xc3 in for 0xa9
02-20 20:37:52.032 16291 16291 E ArmVmp : Match on catch block at 0xc3 in for 0xa9
02-20 20:37:52.067 16291 16291 E ArmVmp : Match on catch block at 0xc3 in for 0xa1
02-20 20:37:52.075 16291 16291 E ArmVmp : Match on catch block at 0xc3 in for 0xa5
02-20 20:37:52.080 16291 16291 E ArmVmp : Match on catch block at 0xc3 in for 0xa5
02-20 20:37:52.130 16291 16291 E ArmVmp : Match on catch block at 0xc3 in for 0xa9
02-20 20:37:52.134 16291 16291 E ArmVmp : Match on catch block at 0xc3 in for 0xa1
02-20 20:37:52.138 16291 16291 E ArmVmp : Match on catch block at 0xc3 in for 0xa1
02-20 20:37:52.177 16291 16291 E ArmVmp : Match on catch block at 0xc3 in for 0xa5
02-20 20:37:52.181 16291 16291 E ArmVmp : Match on catch block at 0xc3 in for 0xa9
02-20 20:37:52.184 16291 16291 E ArmVmp : Match on catch block at 0xc3 in for 0xa9
02-20 20:37:52.210 16291 16291 E ArmVmp : Match on catch block at 0xc3 in for 0xa9
02-20 20:37:52.215 16291 16291 E ArmVmp : Match on catch block at 0xc3 in for 0xa1
02-20 20:37:52.218 16291 16291 E ArmVmp : Match on catch block at 0xc3 in for 0xa1
02-20 20:37:52.270 16291 16291 E ArmVmp : Match on catch block at 0xc3 in for 0xa1
02-20 20:37:52.276 16291 16291 E ArmVmp : Match on catch block at 0xc3 in for 0xa5
02-20 20:37:52.279 16291 16291 E ArmVmp : Match on catch block at 0xc3 in for 0xa5
02-20 20:37:52.287 16291 16291 E ArmVmp : Match on catch block at 0xc3 in for 0xa9
02-20 20:37:52.292 16291 16291 E ArmVmp : Match on catch block at 0xc3 in for 0xa1
02-20 20:37:52.295 16291 16291 E ArmVmp : Match on catch block at 0xc3 in for 0xa1
02-20 20:37:52.810 16291 16291 E ArmVmp : Match on catch block at 0xc3 in for 0xa5
02-20 20:37:52.825 16291 16291 E ArmVmp : Match on catch block at 0xc3 in for 0xa9
02-20 20:37:52.837 16291 16291 E ArmVmp : Match on catch block at 0xc3 in for 0xa9
02-20 20:37:53.300 16291 16291 E ArmVmp : Match on catch block at 0xc3 in for 0xa1
02-20 20:37:53.305 16291 16291 E ArmVmp : Match on catch block at 0xc3 in for 0xa5
02-20 20:37:53.310 16291 16291 E ArmVmp : Match on catch block at 0xc3 in for 0xa5
02-20 20:37:53.352 16291 16291 E ArmVmp : Match on catch block at 0xc3 in for 0xa9
02-20 20:37:53.357 16291 16291 E ArmVmp : Match on catch block at 0xc3 in for 0xa1
02-20 20:37:53.360 16291 16291 E ArmVmp : Match on catch block at 0xc3 in for 0xa1
02-20 20:37:53.369 16291 16291 E ArmVmp : Match on catch block at 0xc3 in for 0xa5
02-20 20:37:53.374 16291 16291 E ArmVmp : Match on catch block at 0xc3 in for 0xa9
02-20 20:37:53.378 16291 16291 E ArmVmp : Match on catch block at 0xc3 in for 0xa9
02-20 20:37:53.419 16291 16291 E ArmVmp : Match on catch block at 0xc3 in for 0xa5
02-20 20:37:53.423 16291 16291 E ArmVmp : Match on catch block at 0xc3 in for 0xa9
02-20 20:37:53.425 16291 16291 E ArmVmp : Match on catch block at 0xc3 in for 0xa9
02-20 20:37:53.569 16291 16291 E ArmVmp : Match on catch block at 0xc3 in for 0xa1
02-20 20:37:53.574 16291 16291 E ArmVmp : Match on catch block at 0xc3 in for 0xa5
02-20 20:37:53.578 16291 16291 E ArmVmp : Match on catch block at 0xc3 in for 0xa5
02-20 20:37:53.864 16291 17362 W libEGL : EGLNativeWindowType 0x7e8c060010
disconnect failed
02-20 20:37:53.873 16291 16291 E ArmVmp : Match on catch block at 0xc3 in for 0xa1
02-20 20:37:53.878 16291 16291 E ArmVmp : Match on catch block at 0xc3 in for 0xa5
02-20 20:37:53.880 16291 16291 E ArmVmp : Match on catch block at 0xc3 in for 0xa5
02-20 20:37:55.175 16291 17362 W libEGL : EGLNativeWindowType 0x7e8c267010
disconnect failed
02-20 20:37:57.142 16291 17362 W libEGL : EGLNativeWindowType 0x7e8c262010
disconnect failed
02-20 20:37:58.036 16291 16291 E ArmVmp : Match on catch block at 0x0a in for 0xc1
02-20 20:37:58.040 16291 16291 E ArmVmp : Match on catch block at 0x0a in for 0xc9
02-20 20:37:58.518 16291 16291 E ArmVmp : Match on catch block at 0xc3 in for 0xb9
02-20 20:37:58.521 16291 16291 E ArmVmp : Match on catch block at 0xc3 in for 0xb9
02-20 20:37:58.620 16291 16291 E ArmVmp : Match on catch block at 0xc3 in for 0xa9
02-20 20:37:58.624 16291 16291 E ArmVmp : Match on catch block at 0xc3 in for 0xa1
02-20 20:37:58.658 16291 16291 E ArmVmp : Match on catch block at 0xc3 in for 0xa9
02-20 20:37:58.661 16291 16291 E ArmVmp : Match on catch block at 0xc3 in for 0xa1
02-20 20:37:58.725 16291 16291 E ArmVmp : Match on catch block at 0xc3 in for 0xa5
02-20 20:37:58.729 16291 16291 E ArmVmp : Match on catch block at 0xc3 in for 0xa9
02-20 20:37:58.928 16291 16291 E ArmVmp : Match on catch block at 0xc3 in for 0xa9
02-20 20:37:58.932 16291 16291 E ArmVmp : Match on catch block at 0xc3 in for 0xa1
02-20 20:37:58.952 16291 16291 E ArmVmp : Match on catch block at 0xc3 in for 0xa1
02-20 20:37:58.955 16291 16291 E ArmVmp : Match on catch block at 0xc3 in for 0xa5
02-20 20:37:58.968 16291 16291 E ArmVmp : Match on catch block at 0xc3 in for 0xa5
02-20 20:37:58.972 16291 16291 E ArmVmp : Match on catch block at 0xc3 in for 0xa9
02-20 20:37:58.985 16291 16291 E ArmVmp : Match on catch block at 0xc3 in for 0xa9
02-20 20:37:58.991 16291 16291 E ArmVmp : Match on catch block at 0xc3 in for 0xa1
02-20 20:37:59.001 16291 16291 E ArmVmp : Match on catch block at 0xc3 in for 0xa1
02-20 20:37:59.006 16291 16291 E ArmVmp : Match on catch block at 0xc3 in for 0xa5
02-20 20:37:59.014 16291 17362 W libEGL : EGLNativeWindowType 0x7e33978010
disconnect failed
02-20 20:37:59.027 16291 16291 E ArmVmp : Match on catch block at 0xc3 in for 0xa5
02-20 20:37:59.030 16291 16291 E ArmVmp : Match on catch block at 0xc3 in for 0xa9
02-20 20:37:59.051 16291 16291 E ArmVmp : Match on catch block at 0xc3 in for 0xa9
02-20 20:37:59.054 16291 16291 E ArmVmp : Match on catch block at 0xc3 in for 0xa1
02-20 20:37:59.064 16291 16291 E ArmVmp : Match on catch block at 0xc3 in for 0xa1
02-20 20:37:59.067 16291 16291 E ArmVmp : Match on catch block at 0xc3 in for 0xa5
02-20 20:37:59.080 16291 16291 E ArmVmp : Match on catch block at 0xc3 in for 0xa5
02-20 20:37:59.083 16291 16291 E ArmVmp : Match on catch block at 0xc3 in for 0xa9
02-20 20:37:59.097 16291 16291 E ArmVmp : Match on catch block at 0xc3 in for 0xa9
02-20 20:37:59.100 16291 16291 E ArmVmp : Match on catch block at 0xc3 in for 0xa1
02-20 20:37:59.113 16291 16291 E ArmVmp : Match on catch block at 0xc3 in for 0xa1
02-20 20:37:59.116 16291 16291 E ArmVmp : Match on catch block at 0xc3 in for 0xa5
02-20 20:37:59.129 16291 16291 E ArmVmp : Match on catch block at 0xc3 in for 0xa5
02-20 20:37:59.132 16291 16291 E ArmVmp : Match on catch block at 0xc3 in for 0xa9
02-20 20:37:59.148 16291 16291 E ArmVmp : Match on catch block at 0xc3 in for 0xa5
02-20 20:37:59.152 16291 16291 E ArmVmp : Match on catch block at 0xc3 in for 0xa9
02-20 20:37:59.161 16291 16291 E ArmVmp : Match on catch block at 0xc3 in for 0xa9
02-20 20:37:59.164 16291 16291 E ArmVmp : Match on catch block at 0xc3 in for 0xa1
02-20 20:37:59.177 16291 16291 E ArmVmp : Match on catch block at 0xc3 in for 0xa1
02-20 20:37:59.181 16291 16291 E ArmVmp : Match on catch block at 0xc3 in for 0xa5
02-20 20:37:59.193 16291 16291 E ArmVmp : Match on catch block at 0xc3 in for 0xa5
02-20 20:37:59.197 16291 16291 E ArmVmp : Match on catch block at 0xc3 in for 0xa9
02-20 20:37:59.214 16291 16291 E ArmVmp : Match on catch block at 0xc3 in for 0xa1
02-20 20:37:59.218 16291 16291 E ArmVmp : Match on catch block at 0xc3 in for 0xa5
02-20 20:37:59.225 16291 16291 E ArmVmp : Match on catch block at 0xc3 in for 0xa9
02-20 20:37:59.231 16291 16291 E ArmVmp : Match on catch block at 0xc3 in for 0xa1
02-20 20:37:59.263 16291 16291 E ArmVmp : Match on catch block at 0xc3 in for 0xa9
02-20 20:37:59.266 16291 16291 E ArmVmp : Match on catch block at 0xc3 in for 0xa1
02-20 20:37:59.273 16291 16291 E ArmVmp : Match on catch block at 0xc3 in for 0xa1
02-20 20:37:59.277 16291 16291 E ArmVmp : Match on catch block at 0xc3 in for 0xa5
02-20 20:37:59.438 16291 16291 E ArmVmp : Match on catch block at 0xc3 in for 0xa1
02-20 20:37:59.442 16291 16291 E ArmVmp : Match on catch block at 0xc3 in for 0xa5
02-20 20:37:59.463 16291 17362 W libEGL : EGLNativeWindowType 0x7e8c26b010
disconnect failed
02-20 20:37:59.463 16291 16291 E ArmVmp : Match on catch block at 0xc3 in for 0xa5
02-20 20:37:59.467 16291 16291 E ArmVmp : Match on catch block at 0xc3 in for 0xa9
02-20 20:37:59.722 16291 16291 E ArmVmp : Match on catch block at 0xc3 in for 0xa9
02-20 20:37:59.728 16291 16291 E ArmVmp : Match on catch block at 0xc3 in for 0xa1
02-20 20:38:00.240 16291 16291 E ArmVmp : Match on catch block at 0xc3 in for 0xa1
02-20 20:38:00.246 16291 16291 E ArmVmp : Match on catch block at 0xc3 in for 0xa5
02-20 20:38:00.376 16291 16291 E ArmVmp : Match on catch block at 0xc3 in for 0xa9
02-20 20:38:00.390 16291 16291 E ArmVmp : Match on catch block at 0xc3 in for 0xa1
02-20 20:38:00.424 16291 16291 E ArmVmp : Match on catch block at 0xc3 in for 0xa9
02-20 20:38:00.428 16291 16291 E ArmVmp : Match on catch block at 0xc3 in for 0xa1
02-20 20:38:00.448 16291 16291 E ArmVmp : Match on catch block at 0xc3 in for 0xa1
02-20 20:38:00.451 16291 16291 E ArmVmp : Match on catch block at 0xc3 in for 0xa5
02-20 20:38:00.457 16291 16291 E ArmVmp : Match on catch block at 0xc3 in for 0xa5
02-20 20:38:00.469 16291 16291 E ArmVmp : Match on catch block at 0xc3 in for 0xa9
02-20 20:38:00.475 16291 16291 E ArmVmp : Match on catch block at 0xc3 in for 0xa9
02-20 20:38:00.485 16291 16291 E ArmVmp : Match on catch block at 0xc3 in for 0xa1
02-20 20:38:00.495 16291 16291 E ArmVmp : Match on catch block at 0xc3 in for 0xa1
02-20 20:38:00.498 16291 16291 E ArmVmp : Match on catch block at 0xc3 in for 0xa5
02-20 20:38:00.505 16291 16291 E ArmVmp : Match on catch block at 0xc3 in for 0xa5
02-20 20:38:00.511 16291 16291 E ArmVmp : Match on catch block at 0xc3 in for 0xa9
02-20 20:38:00.522 16291 16291 E ArmVmp : Match on catch block at 0xc3 in for 0xa9
02-20 20:38:00.528 16291 16291 E ArmVmp : Match on catch block at 0xc3 in for 0xa1
02-20 20:38:00.541 16291 16291 E ArmVmp : Match on catch block at 0xc3 in for 0xa1
02-20 20:38:00.545 16291 16291 E ArmVmp : Match on catch block at 0xc3 in for 0xa5
02-20 20:38:00.555 16291 16291 E ArmVmp : Match on catch block at 0xc3 in for 0xa5
02-20 20:38:00.560 16291 16291 E ArmVmp : Match on catch block at 0xc3 in for 0xa9
02-20 20:38:00.568 16291 16291 E ArmVmp : Match on catch block at 0xc3 in for 0xa9
02-20 20:38:00.572 16291 16291 E ArmVmp : Match on catch block at 0xc3 in for 0xa1
02-20 20:38:00.777 16291 16291 E ArmVmp : Match on catch block at 0xc3 in for 0xa1
02-20 20:38:00.781 16291 16291 E ArmVmp : Match on catch block at 0xc3 in for 0xa5
02-20 20:38:00.890 16291 16291 E ArmVmp : Match on catch block at 0xc3 in for 0xa5
02-20 20:38:00.896 16291 16291 E ArmVmp : Match on catch block at 0xc3 in for 0xa9
02-20 20:38:01.033 16291 16291 E ArmVmp : Match on catch block at 0xc3 in for 0xa9
02-20 20:38:01.037 16291 16291 E ArmVmp : Match on catch block at 0xc3 in for 0xa1
02-20 20:38:01.051 16291 16291 E ArmVmp : Match on catch block at 0xc3 in for 0xa1
02-20 20:38:01.057 16291 16291 E ArmVmp : Match on catch block at 0xc3 in for 0xa5
02-20 20:38:01.067 16291 16291 E ArmVmp : Match on catch block at 0xc3 in for 0xa5
02-20 20:38:01.076 16291 16291 E ArmVmp : Match on catch block at 0xc3 in for 0xa9
02-20 20:38:01.093 16291 16291 E ArmVmp : Match on catch block at 0xc3 in for 0xa5
02-20 20:38:01.102 16291 16291 E ArmVmp : Match on catch block at 0xc3 in for 0xa9
02-20 20:38:01.119 16291 16291 E ArmVmp : Match on catch block at 0xc3 in for 0xa9
02-20 20:38:01.124 16291 16291 E ArmVmp : Match on catch block at 0xc3 in for 0xa1
02-20 20:38:01.133 16291 16291 E ArmVmp : Match on catch block at 0xc3 in for 0xa1
02-20 20:38:01.140 16291 16291 E ArmVmp : Match on catch block at 0xc3 in for 0xa5
02-20 20:38:01.153 16291 16291 E ArmVmp : Match on catch block at 0xc3 in for 0xa5
02-20 20:38:01.159 16291 16291 E ArmVmp : Match on catch block at 0xc3 in for 0xa9
02-20 20:38:01.167 16291 16291 E ArmVmp : Match on catch block at 0xc3 in for 0xa9
