02-20 16:24:22.317 3528 3528 E ArmVmp : Match on catch block at 0xc3 in for 0xa5
02-20 16:24:22.322 3528 3528 E ArmVmp : Match on catch block at 0xc3 in for 0xa9
02-20 16:24:22.333 3528 3528 E ArmVmp : Match on catch block at 0xc3 in for 0xa5
02-20 16:24:22.338 3528 3528 E ArmVmp : Match on catch block at 0xc3 in for 0xa9
02-20 16:24:22.348 3528 3528 E ArmVmp : Match on catch block at 0xc3 in for 0xa5
02-20 16:24:22.353 3528 3528 E ArmVmp : Match on catch block at 0xc3 in for 0xa9
02-20 16:24:22.364 3528 3528 E ArmVmp : Match on catch block at 0xc3 in for 0xa5
02-20 16:24:22.368 3528 3528 E ArmVmp : Match on catch block at 0xc3 in for 0xa9
02-20 16:24:22.378 3528 3528 E ArmVmp : Match on catch block at 0xc3 in for 0xa5
02-20 16:24:22.382 3528 3528 E ArmVmp : Match on catch block at 0xc3 in for 0xa9
02-20 16:24:22.395 3528 3528 E ArmVmp : Match on catch block at 0xc3 in for 0xa5
02-20 16:24:22.398 3528 3528 E ArmVmp : Match on catch block at 0xc3 in for 0xa9
02-20 16:24:22.412 3528 3528 E ArmVmp : Match on catch block at 0xc3 in for 0xa5
02-20 16:24:22.416 3528 3528 E ArmVmp : Match on catch block at 0xc3 in for 0xa9
02-20 16:24:22.429 3528 3528 E ArmVmp : Match on catch block at 0xc3 in for 0xa5
02-20 16:24:22.437 3528 3528 E ArmVmp : Match on catch block at 0xc3 in for 0xa9
02-20 16:24:22.443 3528 3528 E ArmVmp : Match on catch block at 0xc3 in for 0xa5
02-20 16:24:22.449 3528 3528 E ArmVmp : Match on catch block at 0xc3 in for 0xa9
02-20 16:24:22.462 3528 3528 E ArmVmp : Match on catch block at 0xc3 in for 0xa5
02-20 16:24:22.466 3528 3528 E ArmVmp : Match on catch block at 0xc3 in for 0xa9
02-20 16:24:22.494 3528 3528 E ArmVmp : Match on catch block at 0xc3 in for 0xa9
02-20 16:24:22.499 3528 3528 E ArmVmp : Match on catch block at 0xc3 in for 0xa1
02-20 16:24:22.521 3528 3528 E ArmVmp : Match on catch block at 0xc3 in for 0xa5
02-20 16:24:22.527 3528 3528 E ArmVmp : Match on catch block at 0xc3 in for 0xa9
02-20 16:24:22.539 3528 3528 E ArmVmp : Match on catch block at 0xc3 in for 0xa5
02-20 16:24:22.545 3528 3528 E ArmVmp : Match on catch block at 0xc3 in for 0xa9
02-20 16:24:22.555 3528 3528 E ArmVmp : Match on catch block at 0xc3 in for 0xa5
02-20 16:24:22.558 3528 3528 E ArmVmp : Match on catch block at 0xc3 in for 0xa9
02-20 16:24:22.571 3528 3528 E ArmVmp : Match on catch block at 0xc3 in for 0xa5
02-20 16:24:22.574 3528 3528 E ArmVmp : Match on catch block at 0xc3 in for 0xa9
02-20 16:24:22.586 3528 3528 E ArmVmp : Match on catch block at 0xc3 in for 0xa5
02-20 16:24:22.591 3528 3528 E ArmVmp : Match on catch block at 0xc3 in for 0xa9
02-20 16:24:22.609 3528 3528 E ArmVmp : Match on catch block at 0xc3 in for 0xa5
02-20 16:24:22.611 3528 3528 E ArmVmp : Match on catch block at 0xc3 in for 0xa9
02-20 16:24:22.619 3528 3528 E ArmVmp : Match on catch block at 0xc3 in for 0xa5
02-20 16:24:22.628 3528 3528 E ArmVmp : Match on catch block at 0xc3 in for 0xa9
02-20 16:24:22.640 3528 3528 E ArmVmp : Match on catch block at 0xc3 in for 0xa5
02-20 16:24:22.643 3528 3528 E ArmVmp : Match on catch block at 0xc3 in for 0xa9
02-20 16:24:22.651 3528 3528 E ArmVmp : Match on catch block at 0xc3 in for 0xa5
02-20 16:24:22.654 3528 3528 E ArmVmp : Match on catch block at 0xc3 in for 0xa9
02-20 16:24:22.672 3528 3528 E ArmVmp : Match on catch block at 0xc3 in for 0xa5
02-20 16:24:22.675 3528 3528 E ArmVmp : Match on catch block at 0xc3 in for 0xa9
02-20 16:24:22.828 3528 3528 E ArmVmp : Match on catch block at 0xc3 in for 0xa5
02-20 16:24:22.833 3528 3528 E ArmVmp : Match on catch block at 0xc3 in for 0xa9
02-20 16:24:23.346 3528 3528 E ArmVmp : Match on catch block at 0xc3 in for 0xa1
02-20 16:24:23.360 3528 3528 E ArmVmp : Match on catch block at 0xc3 in for 0xa5
02-20 16:24:23.844 3528 3528 E ArmVmp : Match on catch block at 0xc3 in for 0xa1
02-20 16:24:23.857 3528 3528 E ArmVmp : Match on catch block at 0xc3 in for 0xa5
02-20 16:24:24.338 3528 3528 E ArmVmp : Match on catch block at 0xc3 in for 0xa1
02-20 16:24:24.352 3528 3528 E ArmVmp : Match on catch block at 0xc3 in for 0xa5
02-20 16:24:24.587 3528 3528 E ArmVmp : Match on catch block at 0xc3 in for 0xa1
02-20 16:24:24.591 3528 3528 E ArmVmp : Match on catch block at 0xc3 in for 0xa5
02-20 16:24:24.624 3528 3528 E ArmVmp : Match on catch block at 0xc3 in for 0xa5
02-20 16:24:24.627 3528 3528 E ArmVmp : Match on catch block at 0xc3 in for 0xa9
02-20 16:24:24.635 3528 3528 W IInputConnectionWrapper: getExtractedText on
inactive InputConnection
02-20 16:24:24.650 3528 3528 E ArmVmp : Match on catch block at 0xc3 in for 0xa5
02-20 16:24:24.653 3528 3528 E ArmVmp : Match on catch block at 0xc3 in for 0xa9
02-20 16:24:24.660 3528 3528 E ArmVmp : Match on catch block at 0xc3 in for 0xa5
02-20 16:24:24.663 3528 3528 E ArmVmp : Match on catch block at 0xc3 in for 0xa9
02-20 16:24:24.694 3528 3528 E ArmVmp : Match on catch block at 0xc3 in for 0xa5
02-20 16:24:24.697 3528 3528 E ArmVmp : Match on catch block at 0xc3 in for 0xa9
02-20 16:24:24.727 3528 3528 E ArmVmp : Match on catch block at 0xc3 in for 0xa9
02-20 16:24:24.732 3528 3528 E ArmVmp : Match on catch block at 0xc3 in for 0xa1
02-20 16:24:24.744 3528 3528 E ArmVmp : Match on catch block at 0xc3 in for 0xa1
02-20 16:24:24.748 3528 3528 E ArmVmp : Match on catch block at 0xc3 in for 0xa5
02-20 16:24:24.764 3528 3528 E ArmVmp : Match on catch block at 0xc3 in for 0xa1
02-20 16:24:24.768 3528 3528 E ArmVmp : Match on catch block at 0xc3 in for 0xa5
02-20 16:24:24.779 3528 3528 E ArmVmp : Match on catch block at 0xc3 in for 0xa1
02-20 16:24:24.785 3528 3528 E ArmVmp : Match on catch block at 0xc3 in for 0xa5
02-20 16:24:24.797 3528 3528 E ArmVmp : Match on catch block at 0xc3 in for 0xa1
02-20 16:24:24.803 3528 3528 E ArmVmp : Match on catch block at 0xc3 in for 0xa5
02-20 16:24:24.813 3528 3528 E ArmVmp : Match on catch block at 0xc3 in for 0xa1
02-20 16:24:24.819 3528 3528 E ArmVmp : Match on catch block at 0xc3 in for 0xa5
02-20 16:24:24.830 3528 3528 E ArmVmp : Match on catch block at 0xc3 in for 0xa1
02-20 16:24:24.836 3528 3528 E ArmVmp : Match on catch block at 0xc3 in for 0xa5
02-20 16:24:24.846 3528 3528 E ArmVmp : Match on catch block at 0xc3 in for 0xa1
02-20 16:24:24.851 3528 3528 E ArmVmp : Match on catch block at 0xc3 in for 0xa5
02-20 16:24:25.031 3528 3528 E ArmVmp : Match on catch block at 0xc3 in for 0xa1
02-20 16:24:25.038 3528 3528 E ArmVmp : Match on catch block at 0xc3 in for 0xa5
02-20 16:24:25.052 3528 5292 W MediaPlayer: Use of stream types is deprecated for
operations other than volume control
02-20 16:24:25.053 3528 5292 W MediaPlayer: See the documentation of
setAudioStreamType() for what to use instead with android.media.AudioAttributes to
qualify your playback use case
02-20 16:24:25.053 3528 3528 E ArmVmp : Match on catch block at 0xc3 in for 0xa1
02-20 16:24:25.063 3528 3528 E ArmVmp : Match on catch block at 0xc3 in for 0xa5
02-20 16:24:25.086 3528 4697 W MediaPlayerNative: info/warning (10973, 0)
02-20 16:24:25.118 3528 3528 E ArmVmp : Match on catch block at 0xc3 in for 0xa1
02-20 16:24:25.124 3528 3528 E ArmVmp : Match on catch block at 0xc3 in for 0xa5
02-20 16:24:25.381 3528 3528 E ArmVmp : Match on catch block at 0xc3 in for 0xa9
02-20 16:24:25.386 3528 3528 E ArmVmp : Match on catch block at 0xc3 in for 0xa1
02-20 16:24:25.402 3528 3528 E ArmVmp : Match on catch block at 0xc3 in for 0xa1
02-20 16:24:25.406 3528 3528 E ArmVmp : Match on catch block at 0xc3 in for 0xa5
02-20 16:24:25.427 3528 3528 E ArmVmp : Match on catch block at 0xc3 in for 0xa5
02-20 16:24:25.430 3528 3528 E ArmVmp : Match on catch block at 0xc3 in for 0xa9
02-20 16:24:25.455 3528 3528 E ArmVmp : Match on catch block at 0xc3 in for 0xa1
02-20 16:24:25.461 3528 3528 E ArmVmp : Match on catch block at 0xc3 in for 0xa5
02-20 16:24:25.475 3528 3528 E ArmVmp : Match on catch block at 0xc3 in for 0xa1
02-20 16:24:25.478 3528 3528 E ArmVmp : Match on catch block at 0xc3 in for 0xa5
02-20 16:24:25.638 3528 3528 E ArmVmp : Match on catch block at 0xc3 in for 0xa1
02-20 16:24:25.642 3528 3528 E ArmVmp : Match on catch block at 0xc3 in for 0xa5
02-20 16:24:25.791 3528 3528 E ArmVmp : Match on catch block at 0xc3 in for 0xa9
02-20 16:24:25.793 3528 3528 E ArmVmp : Match on catch block at 0xc3 in for 0xa1
02-20 16:24:25.804 3528 3528 E ArmVmp : Match on catch block at 0xc3 in for 0xa1
02-20 16:24:25.806 3528 3528 E ArmVmp : Match on catch block at 0xc3 in for 0xa5
02-20 16:24:25.937 3528 4157 W libEGL : EGLNativeWindowType 0x7e52613010
disconnect failed
02-20 16:24:25.955 3528 3528 E ArmVmp : Match on catch block at 0xc3 in for 0xa5
02-20 16:24:25.961 3528 3528 E ArmVmp : Match on catch block at 0xc3 in for 0xa9
02-20 16:24:26.835 3528 3528 W IInputConnectionWrapper: getTextBeforeCursor on
inactive InputConnection
02-20 16:24:26.837 3528 3528 W IInputConnectionWrapper: getTextAfterCursor on
inactive InputConnection
02-20 16:24:26.850 3528 3528 W IInputConnectionWrapper: getTextBeforeCursor on
inactive InputConnection
02-20 16:24:27.368 3528 4157 W libEGL : EGLNativeWindowType 0x7e09c74010
disconnect failed
02-20 16:24:32.672 3528 3974 W System : A resource failed to call release.
02-20 16:24:43.089 3528 3528 E ArmVmp : Match on catch block at 0x0a in for 0xc5
02-20 16:24:43.092 3528 3528 E ArmVmp : Match on catch block at 0x0a in for 0xc1
02-20 16:24:43.385 3528 3528 E ArmVmp : Match on catch block at 0xc3 in for 0xb9
02-20 16:24:43.389 3528 3528 E ArmVmp : Match on catch block at 0xc3 in for 0xb9
02-20 16:24:43.393 3528 3528 E ArmVmp : Match on catch block at 0xc3 in for 0xb9
02-20 16:24:43.454 3528 3528 E ArmVmp : Match on catch block at 0xc3 in for 0xa5
02-20 16:24:43.458 3528 3528 E ArmVmp : Match on catch block at 0xc3 in for 0xa9
02-20 16:24:43.460 3528 3528 E ArmVmp : Match on catch block at 0xc3 in for 0xa9
02-20 16:24:43.499 3528 3528 E ArmVmp : Match on catch block at 0xc3 in for 0xa9
02-20 16:24:43.506 3528 3528 E ArmVmp : Match on catch block at 0xc3 in for 0xa1
02-20 16:24:43.509 3528 3528 E ArmVmp : Match on catch block at 0xc3 in for 0xa1
02-20 16:24:43.580 3528 3528 E ArmVmp : Match on catch block at 0xc3 in for 0xa1
02-20 16:24:43.585 3528 3528 E ArmVmp : Match on catch block at 0xc3 in for 0xa5
02-20 16:24:43.588 3528 3528 E ArmVmp : Match on catch block at 0xc3 in for 0xa5
02-20 16:24:43.597 3528 3528 W IInputConnectionWrapper: getTextBeforeCursor on
inactive InputConnection
02-20 16:24:43.609 3528 3528 W IInputConnectionWrapper: getTextAfterCursor on
inactive InputConnection
02-20 16:24:43.842 3528 4157 W libEGL : EGLNativeWindowType 0x7e52110010
disconnect failed
02-20 16:24:43.884 3528 3528 E ArmVmp : Match on catch block at 0xc3 in for 0xa1
02-20 16:24:43.888 3528 3528 E ArmVmp : Match on catch block at 0xc3 in for 0xa5
02-20 16:24:43.928 3528 3528 E ArmVmp : Match on catch block at 0xc3 in for 0xa1
02-20 16:24:43.928 3528 4157 W libEGL : EGLNativeWindowType 0x7e7404f010
disconnect failed
02-20 16:24:43.932 3528 3528 E ArmVmp : Match on catch block at 0xc3 in for 0xa5
02-20 16:24:43.956 3528 3528 E ArmVmp : Match on catch block at 0xc3 in for 0xa9
02-20 16:24:43.960 3528 3528 E ArmVmp : Match on catch block at 0xc3 in for 0xa1
02-20 16:24:43.968 3528 3528 E ArmVmp : Match on catch block at 0xc3 in for 0xa9
02-20 16:24:43.972 3528 3528 E ArmVmp : Match on catch block at 0xc3 in for 0xa1
02-20 16:24:43.984 3528 3528 E ArmVmp : Match on catch block at 0xc3 in for 0xa9
02-20 16:24:43.989 3528 3528 E ArmVmp : Match on catch block at 0xc3 in for 0xa1
02-20 16:24:44.000 3528 3528 E ArmVmp : Match on catch block at 0xc3 in for 0xa9
02-20 16:24:44.005 3528 3528 E ArmVmp : Match on catch block at 0xc3 in for 0xa1
02-20 16:24:44.016 3528 3528 E ArmVmp : Match on catch block at 0xc3 in for 0xa9
02-20 16:24:44.021 3528 3528 E ArmVmp : Match on catch block at 0xc3 in for 0xa1
02-20 16:24:44.042 3528 3528 E ArmVmp : Match on catch block at 0xc3 in for 0xa9
02-20 16:24:44.046 3528 3528 E ArmVmp : Match on catch block at 0xc3 in for 0xa1
02-20 16:24:44.066 3528 3528 E ArmVmp : Match on catch block at 0xc3 in for 0xa9
02-20 16:24:44.070 3528 3528 E ArmVmp : Match on catch block at 0xc3 in for 0xa1
02-20 16:24:44.082 3528 3528 E ArmVmp : Match on catch block at 0xc3 in for 0xa9
02-20 16:24:44.086 3528 3528 E ArmVmp : Match on catch block at 0xc3 in for 0xa1
02-20 16:24:44.099 3528 3528 E ArmVmp : Match on catch block at 0xc3 in for 0xa9
02-20 16:24:44.103 3528 3528 E ArmVmp : Match on catch block at 0xc3 in for 0xa1
02-20 16:24:44.112 3528 3528 E ArmVmp : Match on catch block at 0xc3 in for 0xa9
02-20 16:24:44.119 3528 3528 E ArmVmp : Match on catch block at 0xc3 in for 0xa1
02-20 16:24:44.128 3528 3528 E ArmVmp : Match on catch block at 0xc3 in for 0xa9
02-20 16:24:44.133 3528 3528 E ArmVmp : Match on catch block at 0xc3 in for 0xa1
02-20 16:24:44.144 3528 3528 E ArmVmp : Match on catch block at 0xc3 in for 0xa9
02-20 16:24:44.148 3528 3528 E ArmVmp : Match on catch block at 0xc3 in for 0xa1
02-20 16:24:44.160 3528 3528 E ArmVmp : Match on catch block at 0xc3 in for 0xa9
02-20 16:24:44.163 3528 3528 E ArmVmp : Match on catch block at 0xc3 in for 0xa1
02-20 16:24:44.176 3528 3528 E ArmVmp : Match on catch block at 0xc3 in for 0xa9
02-20 16:24:44.180 3528 3528 E ArmVmp : Match on catch block at 0xc3 in for 0xa1
02-20 16:24:44.192 3528 3528 E ArmVmp : Match on catch block at 0xc3 in for 0xa9
02-20 16:24:44.196 3528 3528 E ArmVmp : Match on catch block at 0xc3 in for 0xa1
02-20 16:24:44.219 3528 3528 E ArmVmp : Match on catch block at 0xc3 in for 0xa1
02-20 16:24:44.223 3528 3528 E ArmVmp : Match on catch block at 0xc3 in for 0xa5
02-20 16:24:44.233 3528 3528 E ArmVmp : Match on catch block at 0xc3 in for 0xa1
02-20 16:24:44.235 3528 5292 W MediaPlayer: Use of stream types is deprecated for
operations other than volume control
02-20 16:24:44.235 3528 5292 W MediaPlayer: See the documentation of
setAudioStreamType() for what to use instead with android.media.AudioAttributes to
qualify your playback use case
02-20 16:24:44.237 3528 3528 E ArmVmp : Match on catch block at 0xc3 in for 0xa5
02-20 16:24:44.256 3528 3528 E ArmVmp : Match on catch block at 0xc3 in for 0xa1
02-20 16:24:44.261 3528 3528 E ArmVmp : Match on catch block at 0xc3 in for 0xa5
02-20 16:24:44.272 3528 3528 E ArmVmp : Match on catch block at 0xc3 in for 0xa1
02-20 16:24:44.276 3528 3528 E ArmVmp : Match on catch block at 0xc3 in for 0xa5
02-20 16:24:44.280 3528 4695 W MediaPlayerNative: info/warning (10973, 0)
02-20 16:24:44.289 3528 3528 E ArmVmp : Match on catch block at 0xc3 in for 0xa1
02-20 16:24:44.295 3528 3528 E ArmVmp : Match on catch block at 0xc3 in for 0xa5
02-20 16:24:44.307 3528 3528 E ArmVmp : Match on catch block at 0xc3 in for 0xa1
02-20 16:24:44.312 3528 3528 E ArmVmp : Match on catch block at 0xc3 in for 0xa5
02-20 16:24:44.323 3528 3528 E ArmVmp : Match on catch block at 0xc3 in for 0xa1
02-20 16:24:44.329 3528 3528 E ArmVmp : Match on catch block at 0xc3 in for 0xa5
02-20 16:24:44.339 3528 3528 E ArmVmp : Match on catch block at 0xc3 in for 0xa1
02-20 16:24:44.346 3528 3528 E ArmVmp : Match on catch block at 0xc3 in for 0xa5
02-20 16:24:44.354 3528 3528 E ArmVmp : Match on catch block at 0xc3 in for 0xa1
02-20 16:24:44.361 3528 3528 E ArmVmp : Match on catch block at 0xc3 in for 0xa5
02-20 16:24:44.562 3528 3528 E ArmVmp : Match on catch block at 0xc3 in for 0xa9
02-20 16:24:44.570 3528 3528 E ArmVmp : Match on catch block at 0xc3 in for 0xa1
02-20 16:24:45.076 3528 3528 E ArmVmp : Match on catch block at 0xc3 in for 0xa9
02-20 16:24:45.085 3528 3528 E ArmVmp : Match on catch block at 0xc3 in for 0xa1
02-20 16:24:45.578 3528 3528 E ArmVmp : Match on catch block at 0xc3 in for 0xa9
02-20 16:24:45.594 3528 3528 E ArmVmp : Match on catch block at 0xc3 in for 0xa1
02-20 16:24:45.816 3528 3528 E ArmVmp : Match on catch block at 0xc3 in for 0xa9
02-20 16:24:45.824 3528 3528 E ArmVmp : Match on catch block at 0xc3 in for 0xa1
02-20 16:24:45.842 3528 3528 E ArmVmp : Match on catch block at 0xc3 in for 0xa5
02-20 16:24:45.851 3528 3528 E ArmVmp : Match on catch block at 0xc3 in for 0xa9
02-20 16:24:45.861 3528 3528 E ArmVmp : Match on catch block at 0xc3 in for 0xa5
02-20 16:24:45.866 3528 3528 E ArmVmp : Match on catch block at 0xc3 in for 0xa9
02-20 16:24:45.877 3528 3528 E ArmVmp : Match on catch block at 0xc3 in for 0xa5
02-20 16:24:45.881 3528 3528 E ArmVmp : Match on catch block at 0xc3 in for 0xa9
02-20 16:24:45.897 3528 3528 E ArmVmp : Match on catch block at 0xc3 in for 0xa5
02-20 16:24:45.901 3528 3528 E ArmVmp : Match on catch block at 0xc3 in for 0xa9
02-20 16:24:45.910 3528 3528 E ArmVmp : Match on catch block at 0xc3 in for 0xa5
02-20 16:24:45.915 3528 3528 E ArmVmp : Match on catch block at 0xc3 in for 0xa9
02-20 16:24:45.926 3528 3528 E ArmVmp : Match on catch block at 0xc3 in for 0xa9
02-20 16:24:45.930 3528 3528 E ArmVmp : Match on catch block at 0xc3 in for 0xa1
02-20 16:24:45.947 3528 3528 E ArmVmp : Match on catch block at 0xc3 in for 0xa5
02-20 16:24:45.951 3528 3528 E ArmVmp : Match on catch block at 0xc3 in for 0xa9
02-20 16:24:45.960 3528 3528 E ArmVmp : Match on catch block at 0xc3 in for 0xa9
02-20 16:24:45.965 3528 3528 E ArmVmp : Match on catch block at 0xc3 in for 0xa1
02-20 16:24:45.975 3528 3528 E ArmVmp : Match on catch block at 0xc3 in for 0xa5
02-20 16:24:45.980 3528 3528 E ArmVmp : Match on catch block at 0xc3 in for 0xa9
02-20 16:24:45.984 3528 3528 E ArmVmp : Match on catch block at 0xc3 in for 0xb5
02-20 16:24:46.001 3528 3528 E ArmVmp : Match on catch block at 0xc3 in for 0xa1
02-20 16:24:46.005 3528 3528 E ArmVmp : Match on catch block at 0xc3 in for 0xa5
02-20 16:24:46.008 3528 3528 E ArmVmp : Match on catch block at 0xc3 in for 0xa5
02-20 16:24:46.018 3528 3528 E ArmVmp : Match on catch block at 0xc3 in for 0xa9
02-20 16:24:46.023 3528 3528 E ArmVmp : Match on catch block at 0xc3 in for 0xa1
02-20 16:24:46.025 3528 3528 E ArmVmp : Match on catch block at 0xc3 in for 0xa1
02-20 16:24:46.032 3528 3528 E ArmVmp : Match on catch block at 0xc3 in for 0xa5
02-20 16:24:46.038 3528 3528 E ArmVmp : Match on catch block at 0xc3 in for 0xa9
02-20 16:24:46.040 3528 3528 E ArmVmp : Match on catch block at 0xc3 in for 0xa9
02-20 16:24:46.052 3528 3528 E ArmVmp : Match on catch block at 0xc3 in for 0xa1
02-20 16:24:46.057 3528 3528 E ArmVmp : Match on catch block at 0xc3 in for 0xa5
02-20 16:24:46.060 3528 3528 E ArmVmp : Match on catch block at 0xc3 in for 0xa5
02-20 16:24:46.068 3528 3528 E ArmVmp : Match on catch block at 0xc3 in for 0xa9
02-20 16:24:46.072 3528 3528 E ArmVmp : Match on catch block at 0xc3 in for 0xa1
02-20 16:24:46.074 3528 3528 E ArmVmp : Match on catch block at 0xc3 in for 0xa1
02-20 16:24:46.084 3528 3528 E ArmVmp : Match on catch block at 0xc3 in for 0xa5
02-20 16:24:46.089 3528 3528 E ArmVmp : Match on catch block at 0xc3 in for 0xa9
02-20 16:24:46.091 3528 3528 E ArmVmp : Match on catch block at 0xc3 in for 0xa9
02-20 16:24:46.100 3528 3528 E ArmVmp : Match on catch block at 0xc3 in for 0xa1
02-20 16:24:46.104 3528 3528 E ArmVmp : Match on catch block at 0xc3 in for 0xa5
02-20 16:24:46.107 3528 3528 E ArmVmp : Match on catch block at 0xc3 in for 0xa5
02-20 16:24:46.116 3528 3528 E ArmVmp : Match on catch block at 0xc3 in for 0xa9
02-20 16:24:46.122 3528 3528 E ArmVmp : Match on catch block at 0xc3 in for 0xa1
02-20 16:24:46.126 3528 3528 E ArmVmp : Match on catch block at 0xc3 in for 0xa1
02-20 16:24:46.143 3528 3528 E ArmVmp : Match on catch block at 0xc3 in for 0xa1
02-20 16:24:46.147 3528 3528 E ArmVmp : Match on catch block at 0xc3 in for 0xa5
02-20 16:24:46.149 3528 3528 E ArmVmp : Match on catch block at 0xc3 in for 0xa5
02-20 16:24:46.583 3528 3528 E ArmVmp : Match on catch block at 0xc3 in for 0xa9
02-20 16:24:46.588 3528 3528 E ArmVmp : Match on catch block at 0xc3 in for 0xa1
02-20 16:24:46.592 3528 3528 E ArmVmp : Match on catch block at 0xc3 in for 0xa1
02-20 16:24:47.083 3528 3528 E ArmVmp : Match on catch block at 0xc3 in for 0xa5
02-20 16:24:47.088 3528 3528 E ArmVmp : Match on catch block at 0xc3 in for 0xa9
02-20 16:24:47.093 3528 3528 E ArmVmp : Match on catch block at 0xc3 in for 0xa9
02-20 16:24:47.572 3528 3528 E ArmVmp : Match on catch block at 0xc3 in for 0xa1
02-20 16:24:47.579 3528 3528 E ArmVmp : Match on catch block at 0xc3 in for 0xa5
02-20 16:24:47.582 3528 3528 E ArmVmp : Match on catch block at 0xc3 in for 0xa5
02-20 16:24:47.604 3528 3528 E ArmVmp : Match on catch block at 0xc3 in for 0xa9
02-20 16:24:47.609 3528 3528 E ArmVmp : Match on catch block at 0xc3 in for 0xa1
02-20 16:24:47.613 3528 3528 E ArmVmp : Match on catch block at 0xc3 in for 0xa1
02-20 16:24:47.620 3528 3528 E ArmVmp : Match on catch block at 0xc3 in for 0xa5
02-20 16:24:47.626 3528 3528 E ArmVmp : Match on catch block at 0xc3 in for 0xa9
02-20 16:24:47.630 3528 3528 E ArmVmp : Match on catch block at 0xc3 in for 0xa9
02-20 16:24:47.636 3528 3528 E ArmVmp : Match on catch block at 0xc3 in for 0xa1
02-20 16:24:47.642 3528 3528 E ArmVmp : Match on catch block at 0xc3 in for 0xa5
02-20 16:24:47.646 3528 3528 E ArmVmp : Match on catch block at 0xc3 in for 0xa5
02-20 16:24:47.653 3528 3528 E ArmVmp : Match on catch block at 0xc3 in for 0xa9
02-20 16:24:47.659 3528 3528 E ArmVmp : Match on catch block at 0xc3 in for 0xa1
02-20 16:24:47.662 3528 3528 E ArmVmp : Match on catch block at 0xc3 in for 0xa1
02-20 16:24:47.669 3528 3528 E ArmVmp : Match on catch block at 0xc3 in for 0xa5
02-20 16:24:47.676 3528 3528 E ArmVmp : Match on catch block at 0xc3 in for 0xa9
02-20 16:24:47.679 3528 3528 E ArmVmp : Match on catch block at 0xc3 in for 0xa9
02-20 16:24:47.686 3528 3528 E ArmVmp : Match on catch block at 0xc3 in for 0xa1
02-20 16:24:47.692 3528 3528 E ArmVmp : Match on catch block at 0xc3 in for 0xa5
02-20 16:24:47.696 3528 3528 E ArmVmp : Match on catch block at 0xc3 in for 0xa5
02-20 16:24:47.702 3528 3528 E ArmVmp : Match on catch block at 0xc3 in for 0xa9
02-20 16:24:47.708 3528 3528 E ArmVmp : Match on catch block at 0xc3 in for 0xa1
02-20 16:24:47.712 3528 3528 E ArmVmp : Match on catch block at 0xc3 in for 0xa1
02-20 16:24:47.718 3528 3528 E ArmVmp : Match on catch block at 0xc3 in for 0xa5
02-20 16:24:47.725 3528 3528 E ArmVmp : Match on catch block at 0xc3 in for 0xa9
02-20 16:24:47.729 3528 3528 E ArmVmp : Match on catch block at 0xc3 in for 0xa9
02-20 16:24:47.735 3528 3528 E ArmVmp : Match on catch block at 0xc3 in for 0xa1
02-20 16:24:47.741 3528 3528 E ArmVmp : Match on catch block at 0xc3 in for 0xa5
02-20 16:24:47.745 3528 3528 E ArmVmp : Match on catch block at 0xc3 in for 0xa5
02-20 16:24:47.755 3528 3528 E ArmVmp : Match on catch block at 0xc3 in for 0xa9
02-20 16:24:47.760 3528 3528 E ArmVmp : Match on catch block at 0xc3 in for 0xa1
02-20 16:24:47.763 3528 3528 E ArmVmp : Match on catch block at 0xc3 in for 0xa1
02-20 16:24:47.773 3528 3528 E ArmVmp : Match on catch block at 0xc3 in for 0xa5
02-20 16:24:47.778 3528 3528 E ArmVmp : Match on catch block at 0xc3 in for 0xa9
02-20 16:24:47.782 3528 3528 E ArmVmp : Match on catch block at 0xc3 in for 0xa9
02-20 16:24:47.789 3528 3528 E ArmVmp : Match on catch block at 0xc3 in for 0xa1
02-20 16:24:47.794 3528 3528 E ArmVmp : Match on catch block at 0xc3 in for 0xa5
02-20 16:24:47.800 3528 3528 E ArmVmp : Match on catch block at 0xc3 in for 0xa5
02-20 16:24:47.813 3528 3528 E ArmVmp : Match on catch block at 0xc3 in for 0xa9
02-20 16:24:47.819 3528 3528 E ArmVmp : Match on catch block at 0xc3 in for 0xa1
02-20 16:24:47.822 3528 3528 E ArmVmp : Match on catch block at 0xc3 in for 0xa1
02-20 16:24:47.829 3528 3528 E ArmVmp : Match on catch block at 0xc3 in for 0xa5
02-20 16:24:47.835 3528 3528 E ArmVmp : Match on catch block at 0xc3 in for 0xa9
02-20 16:24:47.838 3528 3528 E ArmVmp : Match on catch block at 0xc3 in for 0xa9
02-20 16:24:47.846 3528 3528 E ArmVmp : Match on catch block at 0xc3 in for 0xa1
02-20 16:24:47.851 3528 3528 E ArmVmp : Match on catch block at 0xc3 in for 0xa5
02-20 16:24:47.855 3528 3528 E ArmVmp : Match on catch block at 0xc3 in for 0xa5
02-20 16:24:48.077 3528 3528 E ArmVmp : Match on catch block at 0xc3 in for 0xa9
02-20 16:24:48.090 3528 3528 E ArmVmp : Match on catch block at 0xc3 in for 0xa1
02-20 16:24:48.094 3528 3528 E ArmVmp : Match on catch block at 0xc3 in for 0xa1
02-20 16:24:48.212 3528 3528 E ArmVmp : Match on catch block at 0xc3 in for 0xa9
02-20 16:24:48.220 3528 3528 E ArmVmp : Match on catch block at 0xc3 in for 0xa1
02-20 16:24:48.234 3528 3528 E ArmVmp : Match on catch block at 0xc3 in for 0xa1
02-20 16:24:48.258 3528 3528 E ArmVmp : Match on catch block at 0xc3 in for 0xa1
02-20 16:24:48.264 3528 3528 E ArmVmp : Match on catch block at 0xc3 in for 0xa5
02-20 16:24:48.266 3528 3528 E ArmVmp : Match on catch block at 0xc3 in for 0xa5
02-20 16:24:48.275 3528 3528 E ArmVmp : Match on catch block at 0xc3 in for 0xa9
02-20 16:24:48.279 3528 3528 E ArmVmp : Match on catch block at 0xc3 in for 0xa1
02-20 16:24:48.282 3528 3528 E ArmVmp : Match on catch block at 0xc3 in for 0xa1
02-20 16:24:48.291 3528 3528 E ArmVmp : Match on catch block at 0xc3 in for 0xa5
02-20 16:24:48.296 3528 3528 E ArmVmp : Match on catch block at 0xc3 in for 0xa9
02-20 16:24:48.299 3528 3528 E ArmVmp : Match on catch block at 0xc3 in for 0xa9
02-20 16:24:48.308 3528 3528 E ArmVmp : Match on catch block at 0xc3 in for 0xa1
02-20 16:24:48.313 3528 3528 E ArmVmp : Match on catch block at 0xc3 in for 0xa5
02-20 16:24:48.315 3528 3528 E ArmVmp : Match on catch block at 0xc3 in for 0xa5
02-20 16:24:48.327 3528 3528 E ArmVmp : Match on catch block at 0xc3 in for 0xa9
02-20 16:24:48.331 3528 3528 E ArmVmp : Match on catch block at 0xc3 in for 0xa1
02-20 16:24:48.334 3528 3528 E ArmVmp : Match on catch block at 0xc3 in for 0xa1
02-20 16:24:48.341 3528 3528 E ArmVmp : Match on catch block at 0xc3 in for 0xa5
02-20 16:24:48.349 3528 3528 E ArmVmp : Match on catch block at 0xc3 in for 0xa9
02-20 16:24:48.351 3528 3528 E ArmVmp : Match on catch block at 0xc3 in for 0xa9
02-20 16:24:48.359 3528 3528 E ArmVmp : Match on catch block at 0xc3 in for 0xa1
02-20 16:24:48.362 3528 3528 E ArmVmp : Match on catch block at 0xc3 in for 0xa5
02-20 16:24:48.365 3528 3528 E ArmVmp : Match on catch block at 0xc3 in for 0xa5
02-20 16:24:48.375 3528 3528 E ArmVmp : Match on catch block at 0xc3 in for 0xa9
02-20 16:24:48.379 3528 3528 E ArmVmp : Match on catch block at 0xc3 in for 0xa1
02-20 16:24:48.381 3528 3528 E ArmVmp : Match on catch block at 0xc3 in for 0xa1
02-20 16:24:48.390 3528 3528 E ArmVmp : Match on catch block at 0xc3 in for 0xa5
02-20 16:24:48.394 3528 3528 E ArmVmp : Match on catch block at 0xc3 in for 0xa9
02-20 16:24:48.396 3528 3528 E ArmVmp : Match on catch block at 0xc3 in for 0xa9
02-20 16:24:48.405 3528 3528 E ArmVmp : Match on catch block at 0xc3 in for 0xa1
02-20 16:24:48.409 3528 3528 E ArmVmp : Match on catch block at 0xc3 in for 0xa5
02-20 16:24:48.411 3528 3528 E ArmVmp : Match on catch block at 0xc3 in for 0xa5
02-20 16:24:48.581 3528 3528 E ArmVmp : Match on catch block at 0xc3 in for 0xa9
02-20 16:24:48.586 3528 3528 E ArmVmp : Match on catch block at 0xc3 in for 0xa1
02-20 16:24:48.589 3528 3528 E ArmVmp : Match on catch block at 0xc3 in for 0xa1
02-20 16:24:48.756 3528 3528 E ArmVmp : Match on catch block at 0xc3 in for 0xa5
02-20 16:24:48.761 3528 3528 E ArmVmp : Match on catch block at 0xc3 in for 0xa9
02-20 16:24:48.764 3528 3528 E ArmVmp : Match on catch block at 0xc3 in for 0xa9
02-20 16:24:48.868 3528 3528 E ArmVmp : Match on catch block at 0xc3 in for 0xa1
02-20 16:24:48.873 3528 3528 E ArmVmp : Match on catch block at 0xc3 in for 0xa5
02-20 16:24:48.877 3528 3528 E ArmVmp : Match on catch block at 0xc3 in for 0xa5
02-20 16:24:48.996 3528 3528 E ArmVmp : Match on catch block at 0xc3 in for 0xa9
02-20 16:24:49.001 3528 3528 E ArmVmp : Match on catch block at 0xc3 in for 0xa1
02-20 16:24:49.004 3528 3528 E ArmVmp : Match on catch block at 0xc3 in for 0xa1
02-20 16:24:49.028 3528 3528 E ArmVmp : Match on catch block at 0xc3 in for 0xa5
02-20 16:24:49.033 3528 3528 E ArmVmp : Match on catch block at 0xc3 in for 0xa9
02-20 16:24:49.036 3528 3528 E ArmVmp : Match on catch block at 0xc3 in for 0xa9
02-20 16:24:49.109 3528 3528 E ArmVmp : Match on catch block at 0xc3 in for 0xa1
02-20 16:24:49.113 3528 3528 E ArmVmp : Match on catch block at 0xc3 in for 0xa5
02-20 16:24:49.116 3528 3528 E ArmVmp : Match on catch block at 0xc3 in for 0xa5
02-20 16:24:49.349 3528 3528 E ArmVmp : Match on catch block at 0xc3 in for 0xa9
02-20 16:24:49.354 3528 3528 E ArmVmp : Match on catch block at 0xc3 in for 0xa1
02-20 16:24:49.357 3528 3528 E ArmVmp : Match on catch block at 0xc3 in for 0xa1
02-20 16:24:49.783 3528 3528 E ArmVmp : Match on catch block at 0xc3 in for 0xa5
02-20 16:24:49.789 3528 3528 E ArmVmp : Match on catch block at 0xc3 in for 0xa9
02-20 16:24:49.792 3528 3528 E ArmVmp : Match on catch block at 0xc3 in for 0xa9
02-20 16:24:49.973 3528 3528 E ArmVmp : Match on catch block at 0xc3 in for 0xa1
02-20 16:24:49.977 3528 3528 E ArmVmp : Match on catch block at 0xc3 in for 0xa5
02-20 16:24:49.980 3528 3528 E ArmVmp : Match on catch block at 0xc3 in for 0xa5
02-20 16:24:50.166 3528 3528 E ArmVmp : Match on catch block at 0xc3 in for 0xa9
02-20 16:24:50.171 3528 3528 E ArmVmp : Match on catch block at 0xc3 in for 0xa1
02-20 16:24:50.173 3528 3528 E ArmVmp : Match on catch block at 0xc3 in for 0xa1
02-20 16:24:50.617 3528 3528 E ArmVmp : Match on catch block at 0xc3 in for 0xa5
02-20 16:24:50.623 3528 3528 E ArmVmp : Match on catch block at 0xc3 in for 0xa9
02-20 16:24:50.626 3528 3528 E ArmVmp : Match on catch block at 0xc3 in for 0xa9
02-20 16:24:51.003 3528 3528 E ArmVmp : Match on catch block at 0xc3 in for 0xa1
02-20 16:24:51.012 3528 3528 E ArmVmp : Match on catch block at 0xc3 in for 0xa5
02-20 16:24:51.018 3528 3528 E ArmVmp : Match on catch block at 0xc3 in for 0xa5
02-20 16:24:51.048 3528 3528 E ArmVmp : Match on catch block at 0xc3 in for 0xa9
02-20 16:24:51.058 3528 3528 E ArmVmp : Match on catch block at 0xc3 in for 0xa1
02-20 16:24:51.063 3528 3528 E ArmVmp : Match on catch block at 0xc3 in for 0xa1
02-20 16:24:51.553 3528 3528 E ArmVmp : Match on catch block at 0xc3 in for 0xa5
02-20 16:24:51.560 3528 3528 E ArmVmp : Match on catch block at 0xc3 in for 0xa9
02-20 16:24:51.565 3528 3528 E ArmVmp : Match on catch block at 0xc3 in for 0xa9
02-20 16:24:51.640 3528 3528 E ArmVmp : Match on catch block at 0xc3 in for 0xa1
02-20 16:24:51.646 3528 3528 E ArmVmp : Match on catch block at 0xc3 in for 0xa5
02-20 16:24:51.650 3528 3528 E ArmVmp : Match on catch block at 0xc3 in for 0xa5
02-20 16:24:51.976 3528 3528 E ArmVmp : Match on catch block at 0xc3 in for 0xa9
02-20 16:24:51.985 3528 3528 E ArmVmp : Match on catch block at 0xc3 in for 0xa1
02-20 16:24:51.991 3528 3528 E ArmVmp : Match on catch block at 0xc3 in for 0xa1
02-20 16:24:52.280 3528 3528 E ArmVmp : Match on catch block at 0xc3 in for 0xa5
02-20 16:24:52.285 3528 3528 E ArmVmp : Match on catch block at 0xc3 in for 0xa9
02-20 16:24:52.289 3528 3528 E ArmVmp : Match on catch block at 0xc3 in for 0xa9
02-20 16:24:52.473 3528 3528 E ArmVmp : Match on catch block at 0xc3 in for 0xa1
02-20 16:24:52.478 3528 3528 E ArmVmp : Match on catch block at 0xc3 in for 0xa5
02-20 16:24:52.485 3528 3528 E ArmVmp : Match on catch block at 0xc3 in for 0xa5
02-20 16:24:52.696 3528 3528 E ArmVmp : Match on catch block at 0xc3 in for 0xa9
02-20 16:24:52.702 3528 3528 E ArmVmp : Match on catch block at 0xc3 in for 0xa1
02-20 16:24:52.706 3528 3528 E ArmVmp : Match on catch block at 0xc3 in for 0xa1
02-20 16:24:53.217 3528 3528 E ArmVmp : Match on catch block at 0xc3 in for 0xa5
02-20 16:24:53.238 3528 3528 E ArmVmp : Match on catch block at 0xc3 in for 0xa9
02-20 16:24:53.243 3528 3528 E ArmVmp : Match on catch block at 0xc3 in for 0xa9
02-20 16:24:53.385 3528 3528 E ArmVmp : Match on catch block at 0xc3 in for 0xa1
02-20 16:24:53.391 3528 3528 E ArmVmp : Match on catch block at 0xc3 in for 0xa5
02-20 16:24:53.399 3528 3528 E ArmVmp : Match on catch block at 0xc3 in for 0xa5
02-20 16:24:53.577 3528 3528 E ArmVmp : Match on catch block at 0xc3 in for 0xa9
02-20 16:24:53.582 3528 3528 E ArmVmp : Match on catch block at 0xc3 in for 0xa1
02-20 16:24:53.585 3528 3528 E ArmVmp : Match on catch block at 0xc3 in for 0xa1
02-20 16:24:53.914 3528 3528 E ArmVmp : Match on catch block at 0xc3 in for 0xa5
02-20 16:24:53.919 3528 3528 E ArmVmp : Match on catch block at 0xc3 in for 0xa9
02-20 16:24:53.922 3528 3528 E ArmVmp : Match on catch block at 0xc3 in for 0xa9
02-20 16:24:54.428 3528 3528 E ArmVmp : Match on catch block at 0xc3 in for 0xa1
02-20 16:24:54.434 3528 3528 E ArmVmp : Match on catch block at 0xc3 in for 0xa5
02-20 16:24:54.437 3528 3528 E ArmVmp : Match on catch block at 0xc3 in for 0xa5
02-20 16:24:54.934 3528 3528 E ArmVmp : Match on catch block at 0xc3 in for 0xa9
02-20 16:24:54.953 3528 3528 E ArmVmp : Match on catch block at 0xc3 in for 0xa1
02-20 16:24:54.964 3528 3528 E ArmVmp : Match on catch block at 0xc3 in for 0xa1
02-20 16:24:55.431 3528 3528 E ArmVmp : Match on catch block at 0xc3 in for 0xa5
02-20 16:24:55.446 3528 3528 E ArmVmp : Match on catch block at 0xc3 in for 0xa9
02-20 16:24:55.452 3528 3528 E ArmVmp : Match on catch block at 0xc3 in for 0xa9
02-20 16:24:55.941 3528 3528 E ArmVmp : Match on catch block at 0xc3 in for 0xa1
02-20 16:24:55.960 3528 3528 E ArmVmp : Match on catch block at 0xc3 in for 0xa5
02-20 16:24:55.973 3528 3528 E ArmVmp : Match on catch block at 0xc3 in for 0xa5
02-20 16:24:56.158 3528 3528 E ArmVmp : Match on catch block at 0xc3 in for 0xa9
02-20 16:24:56.163 3528 3528 E ArmVmp : Match on catch block at 0xc3 in for 0xa1
02-20 16:24:56.167 3528 3528 E ArmVmp : Match on catch block at 0xc3 in for 0xa1
02-20 16:24:56.678 3528 3528 E ArmVmp : Match on catch block at 0xc3 in for 0xa5
02-20 16:24:56.690 3528 3528 E ArmVmp : Match on catch block at 0xc3 in for 0xa9
02-20 16:24:56.697 3528 3528 E ArmVmp : Match on catch block at 0xc3 in for 0xa9
02-20 16:24:56.892 3528 3528 E ArmVmp : Match on catch block at 0xc3 in for 0xa1
02-20 16:24:56.897 3528 3528 E ArmVmp : Match on catch block at 0xc3 in for 0xa5
02-20 16:24:56.901 3528 3528 E ArmVmp : Match on catch block at 0xc3 in for 0xa5
02-20 16:24:56.943 3528 3528 E ArmVmp : Match on catch block at 0xc3 in for 0xa1
02-20 16:24:56.948 3528 3528 E ArmVmp : Match on catch block at 0xc3 in for 0xa5
02-20 16:24:56.951 3528 3528 E ArmVmp : Match on catch block at 0xc3 in for 0xa5
02-20 16:24:56.961 3528 3528 W IInputConnectionWrapper: getExtractedText on
inactive InputConnection
02-20 16:24:56.989 3528 3528 E ArmVmp : Match on catch block at 0xc3 in for 0xa9
02-20 16:24:56.993 3528 3528 E ArmVmp : Match on catch block at 0xc3 in for 0xa1
02-20 16:24:57.011 3528 3528 E ArmVmp : Match on catch block at 0xc3 in for 0xa5
02-20 16:24:57.017 3528 3528 E ArmVmp : Match on catch block at 0xc3 in for 0xa9
02-20 16:24:57.053 3528 3528 E ArmVmp : Match on catch block at 0xc3 in for 0xa9
02-20 16:24:57.057 3528 3528 E ArmVmp : Match on catch block at 0xc3 in for 0xa1
02-20 16:24:57.080 3528 3528 E ArmVmp : Match on catch block at 0xc3 in for 0xa9
02-20 16:24:57.083 3528 3528 E ArmVmp : Match on catch block at 0xc3 in for 0xa1
02-20 16:24:57.091 3528 3528 E ArmVmp : Match on catch block at 0xc3 in for 0xa9
02-20 16:24:57.095 3528 3528 E ArmVmp : Match on catch block at 0xc3 in for 0xa1
02-20 16:24:57.101 3528 3528 E ArmVmp : Match on catch block at 0xc3 in for 0xa9
02-20 16:24:57.105 3528 3528 E ArmVmp : Match on catch block at 0xc3 in for 0xa1
02-20 16:24:57.115 3528 3528 E ArmVmp : Match on catch block at 0xc3 in for 0xa9
02-20 16:24:57.120 3528 3528 E ArmVmp : Match on catch block at 0xc3 in for 0xa1
02-20 16:24:57.133 3528 3528 E ArmVmp : Match on catch block at 0xc3 in for 0xa9
02-20 16:24:57.139 3528 3528 E ArmVmp : Match on catch block at 0xc3 in for 0xa1
02-20 16:24:57.149 3528 3528 E ArmVmp : Match on catch block at 0xc3 in for 0xa9
02-20 16:24:57.155 3528 3528 E ArmVmp : Match on catch block at 0xc3 in for 0xa1
02-20 16:24:57.165 3528 3528 E ArmVmp : Match on catch block at 0xc3 in for 0xa9
02-20 16:24:57.171 3528 3528 E ArmVmp : Match on catch block at 0xc3 in for 0xa1
02-20 16:24:57.437 3528 3528 E ArmVmp : Match on catch block at 0xc3 in for 0xa5
02-20 16:24:57.444 3528 3528 E ArmVmp : Match on catch block at 0xc3 in for 0xa9
02-20 16:24:57.577 3528 3528 E ArmVmp : Match on catch block at 0xc3 in for 0xa5
02-20 16:24:57.584 3528 3528 E ArmVmp : Match on catch block at 0xc3 in for 0xa9
02-20 16:24:57.598 3528 3528 E ArmVmp : Match on catch block at 0xc3 in for 0xa5
02-20 16:24:57.602 3528 3528 E ArmVmp : Match on catch block at 0xc3 in for 0xa9
02-20 16:24:57.616 3528 3528 E ArmVmp : Match on catch block at 0xc3 in for 0xa9
02-20 16:24:57.620 3528 3528 E ArmVmp : Match on catch block at 0xc3 in for 0xa1
02-20 16:24:57.628 3528 3528 E ArmVmp : Match on catch block at 0xc3 in for 0xa9
02-20 16:24:57.632 3528 3528 E ArmVmp : Match on catch block at 0xc3 in for 0xa1
02-20 16:24:57.706 3528 3528 E ArmVmp : Match on catch block at 0xc3 in for 0xa1
02-20 16:24:57.714 3528 3528 E ArmVmp : Match on catch block at 0xc3 in for 0xa5
02-20 16:24:57.850 3528 3528 E ArmVmp : Match on catch block at 0xc3 in for 0xa9
02-20 16:24:57.854 3528 3528 E ArmVmp : Match on catch block at 0xc3 in for 0xa1
02-20 16:24:58.195 3528 4157 W libEGL : EGLNativeWindowType 0x7e7404f010
disconnect failed
02-20 16:24:58.211 3528 3528 E ArmVmp : Match on catch block at 0xc3 in for 0xa9
02-20 16:24:58.219 3528 3528 E ArmVmp : Match on catch block at 0xc3 in for 0xa1
02-20 16:24:59.022 3528 3528 W IInputConnectionWrapper: getTextBeforeCursor on
inactive InputConnection
02-20 16:24:59.035 3528 3528 W IInputConnectionWrapper: getTextAfterCursor on
inactive InputConnection
02-20 16:24:59.069 3528 3528 W IInputConnectionWrapper: getTextBeforeCursor on
inactive InputConnection
02-20 16:24:59.543 3528 4157 W libEGL : EGLNativeWindowType 0x7e09d66010
disconnect failed
02-20 16:25:29.665 3528 4157 W libEGL : EGLNativeWindowType 0x7e906d9010
disconnect failed
02-20 16:34:40.017 3528 3528 E ArmVmp : Match on catch block at 0x0a in for 0xc1
02-20 16:34:40.021 3528 3528 E ArmVmp : Match on catch block at 0x0a in for 0xc9
02-20 16:34:40.155 3528 3528 E ArmVmp : Match on catch block at 0xc3 in for 0xb9
02-20 16:34:40.158 3528 3528 E ArmVmp : Match on catch block at 0xc3 in for 0xb9
02-20 16:34:40.205 3528 3528 E ArmVmp : Match on catch block at 0xc3 in for 0xa9
02-20 16:34:40.207 3528 3528 E ArmVmp : Match on catch block at 0xc3 in for 0xa1
02-20 16:34:40.254 3528 3528 E ArmVmp : Match on catch block at 0xc3 in for 0xa5
02-20 16:34:40.257 3528 3528 E ArmVmp : Match on catch block at 0xc3 in for 0xa9
02-20 16:34:40.313 3528 3528 E ArmVmp : Match on catch block at 0xc3 in for 0xa5
02-20 16:34:40.317 3528 3528 E ArmVmp : Match on catch block at 0xc3 in for 0xa9
02-20 16:34:40.331 3528 3528 E ArmVmp : Match on catch block at 0xc3 in for 0xa9
02-20 16:34:40.335 3528 3528 E ArmVmp : Match on catch block at 0xc3 in for 0xa1
02-20 16:34:40.339 3528 3528 W IInputConnectionWrapper: getTextBeforeCursor on
inactive InputConnection
02-20 16:34:40.347 3528 3528 E ArmVmp : Match on catch block at 0xc3 in for 0xa1
02-20 16:34:40.350 3528 3528 E ArmVmp : Match on catch block at 0xc3 in for 0xa5
02-20 16:34:40.353 3528 3528 W IInputConnectionWrapper: getTextAfterCursor on
inactive InputConnection
02-20 16:34:40.628 3528 4157 W libEGL : EGLNativeWindowType 0x7e906d9010
disconnect failed
02-20 16:34:40.655 3528 3528 E ArmVmp : Match on catch block at 0xc3 in for 0xa5
02-20 16:34:40.658 3528 3528 E ArmVmp : Match on catch block at 0xc3 in for 0xa9
02-20 16:34:40.680 3528 3528 E ArmVmp : Match on catch block at 0xc3 in for 0xa9
02-20 16:34:40.681 3528 4157 W libEGL : EGLNativeWindowType 0x7e7404b010
disconnect failed
02-20 16:34:40.683 3528 3528 E ArmVmp : Match on catch block at 0xc3 in for 0xa1
02-20 16:34:40.785 3528 3528 E ArmVmp : Match on catch block at 0xc3 in for 0xa1
02-20 16:34:40.789 3528 3528 E ArmVmp : Match on catch block at 0xc3 in for 0xa5
02-20 16:34:40.866 3528 3528 E ArmVmp : Match on catch block at 0xc3 in for 0xa5
02-20 16:34:40.870 3528 3528 E ArmVmp : Match on catch block at 0xc3 in for 0xa9
02-20 16:34:40.882 3528 3528 E ArmVmp : Match on catch block at 0xc3 in for 0xa9
02-20 16:34:40.884 3528 3528 E ArmVmp : Match on catch block at 0xc3 in for 0xa1
02-20 16:34:40.898 3528 3528 E ArmVmp : Match on catch block at 0xc3 in for 0xa1
02-20 16:34:40.900 3528 3528 E ArmVmp : Match on catch block at 0xc3 in for 0xa5
02-20 16:34:40.914 3528 3528 E ArmVmp : Match on catch block at 0xc3 in for 0xa5
02-20 16:34:40.916 3528 3528 E ArmVmp : Match on catch block at 0xc3 in for 0xa9
02-20 16:34:40.930 3528 3528 E ArmVmp : Match on catch block at 0xc3 in for 0xa9
02-20 16:34:40.933 3528 3528 E ArmVmp : Match on catch block at 0xc3 in for 0xa1
02-20 16:34:40.946 3528 3528 E ArmVmp : Match on catch block at 0xc3 in for 0xa1
02-20 16:34:40.948 3528 3528 E ArmVmp : Match on catch block at 0xc3 in for 0xa5
02-20 16:34:40.962 3528 3528 E ArmVmp : Match on catch block at 0xc3 in for 0xa5
02-20 16:34:40.964 3528 3528 E ArmVmp : Match on catch block at 0xc3 in for 0xa9
02-20 16:34:40.978 3528 3528 E ArmVmp : Match on catch block at 0xc3 in for 0xa9
02-20 16:34:40.981 3528 3528 E ArmVmp : Match on catch block at 0xc3 in for 0xa1
02-20 16:34:40.994 3528 3528 E ArmVmp : Match on catch block at 0xc3 in for 0xa1
02-20 16:34:40.997 3528 3528 E ArmVmp : Match on catch block at 0xc3 in for 0xa5
02-20 16:34:41.010 3528 3528 E ArmVmp : Match on catch block at 0xc3 in for 0xa5
02-20 16:34:41.013 3528 3528 E ArmVmp : Match on catch block at 0xc3 in for 0xa9
02-20 16:34:41.026 3528 3528 E ArmVmp : Match on catch block at 0xc3 in for 0xa9
02-20 16:34:41.029 3528 3528 E ArmVmp : Match on catch block at 0xc3 in for 0xa1
02-20 16:34:41.042 3528 3528 E ArmVmp : Match on catch block at 0xc3 in for 0xa1
02-20 16:34:41.045 3528 3528 E ArmVmp : Match on catch block at 0xc3 in for 0xa5
02-20 16:34:41.058 3528 3528 E ArmVmp : Match on catch block at 0xc3 in for 0xa5
02-20 16:34:41.062 3528 3528 E ArmVmp : Match on catch block at 0xc3 in for 0xa9
02-20 16:34:41.074 3528 3528 E ArmVmp : Match on catch block at 0xc3 in for 0xa9
02-20 16:34:41.078 3528 3528 E ArmVmp : Match on catch block at 0xc3 in for 0xa1
02-20 16:34:41.090 3528 3528 E ArmVmp : Match on catch block at 0xc3 in for 0xa1
02-20 16:34:41.094 3528 3528 E ArmVmp : Match on catch block at 0xc3 in for 0xa5
02-20 16:34:41.106 3528 3528 E ArmVmp : Match on catch block at 0xc3 in for 0xa5
02-20 16:34:41.111 3528 3528 E ArmVmp : Match on catch block at 0xc3 in for 0xa9
02-20 16:34:41.122 3528 3528 E ArmVmp : Match on catch block at 0xc3 in for 0xa9
02-20 16:34:41.127 3528 3528 E ArmVmp : Match on catch block at 0xc3 in for 0xa1
02-20 16:34:41.144 3528 3528 E ArmVmp : Match on catch block at 0xc3 in for 0xa1
02-20 16:34:41.150 3528 3528 E ArmVmp : Match on catch block at 0xc3 in for 0xa5
02-20 16:34:41.171 3528 3528 E ArmVmp : Match on catch block at 0xc3 in for 0xa5
02-20 16:34:41.178 3528 3528 E ArmVmp : Match on catch block at 0xc3 in for 0xa9
02-20 16:34:41.188 3528 3528 E ArmVmp : Match on catch block at 0xc3 in for 0xa9
02-20 16:34:41.194 3528 3528 E ArmVmp : Match on catch block at 0xc3 in for 0xa1
02-20 16:34:41.289 3528 3528 E ArmVmp : Match on catch block at 0xc3 in for 0xa1
02-20 16:34:41.298 3528 3528 E ArmVmp : Match on catch block at 0xc3 in for 0xa5
02-20 16:34:41.792 3528 3528 E ArmVmp : Match on catch block at 0xc3 in for 0xa5
02-20 16:34:41.806 3528 3528 E ArmVmp : Match on catch block at 0xc3 in for 0xa9
02-20 16:34:42.259 3528 3528 E ArmVmp : Match on catch block at 0xc3 in for 0xa5
02-20 16:34:42.263 3528 3528 E ArmVmp : Match on catch block at 0xc3 in for 0xa9
02-20 16:34:42.274 3528 3528 E ArmVmp : Match on catch block at 0xc3 in for 0xa9
02-20 16:34:42.278 3528 3528 E ArmVmp : Match on catch block at 0xc3 in for 0xa1
02-20 16:34:42.290 3528 3528 E ArmVmp : Match on catch block at 0xc3 in for 0xa1
02-20 16:34:42.294 3528 3528 E ArmVmp : Match on catch block at 0xc3 in for 0xa5
02-20 16:34:42.308 3528 3528 E ArmVmp : Match on catch block at 0xc3 in for 0xa9
02-20 16:34:42.311 3528 3528 E ArmVmp : Match on catch block at 0xc3 in for 0xa1
02-20 16:34:42.324 3528 3528 E ArmVmp : Match on catch block at 0xc3 in for 0xa1
02-20 16:34:42.328 3528 3528 E ArmVmp : Match on catch block at 0xc3 in for 0xa5
02-20 16:34:42.402 3528 3528 E ArmVmp : Match on catch block at 0xc3 in for 0xa1
02-20 16:34:42.407 3528 3528 E ArmVmp : Match on catch block at 0xc3 in for 0xa5
02-20 16:34:42.501 3528 3528 E ArmVmp : Match on catch block at 0xc3 in for 0xa5
02-20 16:34:42.505 3528 3528 E ArmVmp : Match on catch block at 0xc3 in for 0xa9
02-20 16:34:42.523 3528 3528 E ArmVmp : Match on catch block at 0xc3 in for 0xa9
02-20 16:34:42.527 3528 3528 E ArmVmp : Match on catch block at 0xc3 in for 0xa1
02-20 16:34:42.558 3528 4157 W libEGL : EGLNativeWindowType 0x7e906d9010
disconnect failed
02-20 16:34:43.633 3528 4157 W libEGL : EGLNativeWindowType 0x7e90752010
disconnect failed
02-20 16:34:43.848 3528 4157 W libEGL : EGLNativeWindowType 0x7e906d9010
disconnect failed
02-20 16:34:44.014 3528 3528 E ArmVmp : Match on catch block at 0xc3 in for 0xa1
02-20 16:34:44.030 3528 3528 E ArmVmp : Match on catch block at 0xc3 in for 0xa5
02-20 16:34:44.056 3528 3528 E ArmVmp : Match on catch block at 0xc3 in for 0xa5
02-20 16:34:44.071 3528 3528 E ArmVmp : Match on catch block at 0xc3 in for 0xa9
02-20 16:34:44.087 3528 3528 E ArmVmp : Match on catch block at 0xc3 in for 0xa9
02-20 16:34:44.095 3528 3528 E ArmVmp : Match on catch block at 0xc3 in for 0xa1
02-20 16:34:44.109 3528 3528 E ArmVmp : Match on catch block at 0xc3 in for 0xa1
02-20 16:34:44.119 3528 3528 E ArmVmp : Match on catch block at 0xc3 in for 0xa5
02-20 16:34:44.138 3528 3528 E ArmVmp : Match on catch block at 0xc3 in for 0xa5
02-20 16:34:44.149 3528 3528 E ArmVmp : Match on catch block at 0xc3 in for 0xa9
02-20 16:34:44.168 3528 3528 E ArmVmp : Match on catch block at 0xc3 in for 0xa9
02-20 16:34:44.174 3528 3528 E ArmVmp : Match on catch block at 0xc3 in for 0xa1
02-20 16:34:44.189 3528 3528 E ArmVmp : Match on catch block at 0xc3 in for 0xa1
02-20 16:34:44.197 3528 3528 E ArmVmp : Match on catch block at 0xc3 in for 0xa5
02-20 16:34:44.214 3528 3528 E ArmVmp : Match on catch block at 0xc3 in for 0xa5
02-20 16:34:44.220 3528 3528 E ArmVmp : Match on catch block at 0xc3 in for 0xa9
02-20 16:34:44.230 3528 3528 E ArmVmp : Match on catch block at 0xc3 in for 0xa9
02-20 16:34:44.240 3528 3528 E ArmVmp : Match on catch block at 0xc3 in for 0xa1
02-20 16:34:44.256 3528 3528 E ArmVmp : Match on catch block at 0xc3 in for 0xa1
02-20 16:34:44.267 3528 3528 E ArmVmp : Match on catch block at 0xc3 in for 0xa5
02-20 16:34:46.136 3528 4157 W libEGL : EGLNativeWindowType 0x7e90752010
disconnect failed
02-20 16:34:46.394 3528 3528 E ArmVmp : Match on catch block at 0xc3 in for 0xa1
02-20 16:34:46.400 3528 3528 E ArmVmp : Match on catch block at 0xc3 in for 0xa5
02-20 16:34:52.344 3528 4157 W libEGL : EGLNativeWindowType 0x7e90752010
disconnect failed
02-20 16:34:52.432 3528 3528 E ArmVmp : Match on catch block at 0xc3 in for 0xa9
02-20 16:34:52.436 3528 3528 E ArmVmp : Match on catch block at 0xc3 in for 0xa1
02-20 16:34:52.922 3528 3528 E ArmVmp : Match on catch block at 0xc3 in for 0xa1
02-20 16:34:52.927 3528 3528 E ArmVmp : Match on catch block at 0xc3 in for 0xa5
02-20 16:34:53.418 3528 3528 E ArmVmp : Match on catch block at 0xc3 in for 0xa5
02-20 16:34:53.422 3528 3528 E ArmVmp : Match on catch block at 0xc3 in for 0xa9
02-20 16:34:53.488 3528 3528 E ArmVmp : Match on catch block at 0xc3 in for 0xa9
02-20 16:34:53.491 3528 3528 E ArmVmp : Match on catch block at 0xc3 in for 0xa1
02-20 16:34:53.499 3528 3528 E ArmVmp : Match on catch block at 0xc3 in for 0xa1
02-20 16:34:53.502 3528 3528 E ArmVmp : Match on catch block at 0xc3 in for 0xa5
02-20 16:34:53.917 3528 3528 E ArmVmp : Match on catch block at 0xc3 in for 0xa5
02-20 16:34:53.926 3528 3528 E ArmVmp : Match on catch block at 0xc3 in for 0xa9
02-20 16:34:53.965 3528 3528 E ArmVmp : Match on catch block at 0xc3 in for 0xa9
02-20 16:34:53.969 3528 3528 E ArmVmp : Match on catch block at 0xc3 in for 0xa1
02-20 16:34:53.978 3528 3528 E ArmVmp : Match on catch block at 0xc3 in for 0xa1
02-20 16:34:53.981 3528 3528 E ArmVmp : Match on catch block at 0xc3 in for 0xa5
02-20 16:34:54.029 3528 3528 E ArmVmp : Match on catch block at 0xc3 in for 0xa9
02-20 16:34:54.033 3528 3528 E ArmVmp : Match on catch block at 0xc3 in for 0xa1
02-20 16:34:54.164 3528 3528 E ArmVmp : Match on catch block at 0xc3 in for 0xa5
02-20 16:34:54.167 3528 3528 E ArmVmp : Match on catch block at 0xc3 in for 0xa9
02-20 16:34:54.461 3528 4157 W libEGL : EGLNativeWindowType 0x7e7404b010
disconnect failed
02-20 16:34:54.471 3528 3528 E ArmVmp : Match on catch block at 0xc3 in for 0xa1
02-20 16:34:54.474 3528 3528 E ArmVmp : Match on catch block at 0xc3 in for 0xa5
02-20 16:34:56.618 3528 4157 W libEGL : EGLNativeWindowType 0x7e90752010
disconnect failed
02-20 16:34:56.947 3528 3528 E ArmVmp : Match on catch block at 0x0a in for 0xc9
02-20 16:34:56.975 3528 3528 E ArmVmp : Match on catch block at 0x0a in for
0x139
02-20 16:34:57.049 3528 7518 W com.whatsapp: Accessing hidden method
Lcom/android/org/conscrypt/ConscryptEngineSocket;->setUseSessionTickets(Z)V
(greylist-max-q,core-platform-api, reflection, denied)
02-20 16:34:57.049 3528 7518 W com.whatsapp: Accessing hidden method
Lcom/android/org/conscrypt/OpenSSLSocketImpl;->setUseSessionTickets(Z)V (greylist-
max-q,core-platform-api, reflection, denied)
02-20 16:34:57.049 3528 7518 W com.whatsapp: Accessing hidden method
Lcom/android/org/conscrypt/AbstractConscryptSocket;->setUseSessionTickets(Z)V
(greylist-max-q, reflection, denied)
02-20 16:34:57.050 3528 7518 W com.whatsapp: Accessing hidden method
