future! Check that graphics HAL is generating vsync timestamps using the correct
timebase.
02-20 16:23:30.910 3528 3528 E ArmVmp : Match on catch block at 0xc3 in for 0xa9
02-20 16:23:30.914 3528 3528 E ArmVmp : Match on catch block at 0xc3 in for 0xa1
02-20 16:23:30.927 3528 3528 E ArmVmp : Match on catch block at 0xc3 in for 0xa9
02-20 16:23:30.935 3528 3528 E ArmVmp : Match on catch block at 0xc3 in for 0xa1
02-20 16:23:30.942 3528 3528 E ArmVmp : Match on catch block at 0xc3 in for 0xa9
02-20 16:23:30.952 3528 3528 E ArmVmp : Match on catch block at 0xc3 in for 0xa1
02-20 16:23:30.962 3528 3528 E ArmVmp : Match on catch block at 0xc3 in for 0xa9
02-20 16:23:30.968 3528 3528 E ArmVmp : Match on catch block at 0xc3 in for 0xa1
02-20 16:23:30.975 3528 3528 E ArmVmp : Match on catch block at 0xc3 in for 0xa9
02-20 16:23:30.980 3528 3528 E ArmVmp : Match on catch block at 0xc3 in for 0xa1
02-20 16:23:30.991 3528 3528 E ArmVmp : Match on catch block at 0xc3 in for 0xa9
02-20 16:23:30.995 3528 3528 E ArmVmp : Match on catch block at 0xc3 in for 0xa1
02-20 16:23:31.007 3528 3528 E ArmVmp : Match on catch block at 0xc3 in for 0xa9
02-20 16:23:31.011 3528 3528 E ArmVmp : Match on catch block at 0xc3 in for 0xa1
02-20 16:23:31.023 3528 3528 E ArmVmp : Match on catch block at 0xc3 in for 0xa9
02-20 16:23:31.028 3528 3528 E ArmVmp : Match on catch block at 0xc3 in for 0xa1
02-20 16:23:31.364 3528 3528 E ArmVmp : Match on catch block at 0xc3 in for 0xa9
02-20 16:23:31.373 3528 3528 E ArmVmp : Match on catch block at 0xc3 in for 0xa1
02-20 16:23:31.479 3528 3528 E SpannableStringBuilder: SPAN_EXCLUSIVE_EXCLUSIVE
spans cannot have a zero length
02-20 16:23:31.493 3528 3528 E ArmVmp : Match on catch block at 0xc3 in for 0xa1
02-20 16:23:31.503 3528 3528 E ArmVmp : Match on catch block at 0xc3 in for 0xa5
02-20 16:23:31.520 3528 3528 E ArmVmp : Match on catch block at 0xc3 in for 0xa1
02-20 16:23:31.529 3528 3528 E ArmVmp : Match on catch block at 0xc3 in for 0xa5
02-20 16:23:31.536 3528 3528 E ArmVmp : Match on catch block at 0xc3 in for 0xa1
02-20 16:23:31.541 3528 3528 E ArmVmp : Match on catch block at 0xc3 in for 0xa5
02-20 16:23:31.551 3528 3528 E ArmVmp : Match on catch block at 0xc3 in for 0xa1
02-20 16:23:31.557 3528 3528 E ArmVmp : Match on catch block at 0xc3 in for 0xa5
02-20 16:23:31.568 3528 3528 E ArmVmp : Match on catch block at 0xc3 in for 0xa1
02-20 16:23:31.573 3528 3528 E ArmVmp : Match on catch block at 0xc3 in for 0xa5
02-20 16:23:31.583 3528 3528 E ArmVmp : Match on catch block at 0xc3 in for 0xa1
02-20 16:23:31.588 3528 3528 E ArmVmp : Match on catch block at 0xc3 in for 0xa5
02-20 16:23:31.599 3528 3528 E ArmVmp : Match on catch block at 0xc3 in for 0xa1
02-20 16:23:31.604 3528 3528 E ArmVmp : Match on catch block at 0xc3 in for 0xa5
02-20 16:23:31.615 3528 3528 E ArmVmp : Match on catch block at 0xc3 in for 0xa1
02-20 16:23:31.619 3528 3528 E ArmVmp : Match on catch block at 0xc3 in for 0xa5
02-20 16:23:31.631 3528 3528 E ArmVmp : Match on catch block at 0xc3 in for 0xa1
02-20 16:23:31.635 3528 3528 E ArmVmp : Match on catch block at 0xc3 in for 0xa5
02-20 16:23:31.648 3528 3528 E ArmVmp : Match on catch block at 0xc3 in for 0xa1
02-20 16:23:31.655 3528 3528 E ArmVmp : Match on catch block at 0xc3 in for 0xa5
02-20 16:23:31.665 3528 3528 E ArmVmp : Match on catch block at 0xc3 in for 0xa1
02-20 16:23:31.672 3528 3528 E ArmVmp : Match on catch block at 0xc3 in for 0xa5
02-20 16:23:31.682 3528 3528 E ArmVmp : Match on catch block at 0xc3 in for 0xa1
02-20 16:23:31.690 3528 3528 E ArmVmp : Match on catch block at 0xc3 in for 0xa5
02-20 16:23:31.701 3528 3528 E ArmVmp : Match on catch block at 0xc3 in for 0xa1
02-20 16:23:31.708 3528 3528 E ArmVmp : Match on catch block at 0xc3 in for 0xa5
02-20 16:23:31.720 3528 3528 E ArmVmp : Match on catch block at 0xc3 in for 0xa1
02-20 16:23:31.727 3528 3528 E ArmVmp : Match on catch block at 0xc3 in for 0xa5
02-20 16:23:31.745 3528 3528 E ArmVmp : Match on catch block at 0xc3 in for 0xa1
02-20 16:23:31.755 3528 3528 E ArmVmp : Match on catch block at 0xc3 in for 0xa5
02-20 16:23:31.763 3528 3528 E ArmVmp : Match on catch block at 0xc3 in for 0xa1
02-20 16:23:31.772 3528 3528 E ArmVmp : Match on catch block at 0xc3 in for 0xa5
02-20 16:23:31.777 3528 3528 E ArmVmp : Match on catch block at 0xc3 in for 0xa1
02-20 16:23:31.781 3528 3528 E ArmVmp : Match on catch block at 0xc3 in for 0xa5
02-20 16:23:31.792 3528 3528 E ArmVmp : Match on catch block at 0xc3 in for 0xa1
02-20 16:23:31.796 3528 3528 E ArmVmp : Match on catch block at 0xc3 in for 0xa5
02-20 16:23:31.808 3528 3528 E ArmVmp : Match on catch block at 0xc3 in for 0xa1
02-20 16:23:31.812 3528 3528 E ArmVmp : Match on catch block at 0xc3 in for 0xa5
02-20 16:23:31.824 3528 3528 E ArmVmp : Match on catch block at 0xc3 in for 0xa1
02-20 16:23:31.829 3528 3528 E ArmVmp : Match on catch block at 0xc3 in for 0xa5
02-20 16:23:31.841 3528 3528 E ArmVmp : Match on catch block at 0xc3 in for 0xa1
02-20 16:23:31.845 3528 3528 E ArmVmp : Match on catch block at 0xc3 in for 0xa5
02-20 16:23:31.861 3528 3528 E ArmVmp : Match on catch block at 0xc3 in for 0xa5
02-20 16:23:31.865 3528 3528 E ArmVmp : Match on catch block at 0xc3 in for 0xa9
02-20 16:23:31.883 3528 3528 E ArmVmp : Match on catch block at 0xc3 in for 0xa1
02-20 16:23:31.887 3528 3528 E ArmVmp : Match on catch block at 0xc3 in for 0xa5
02-20 16:23:31.904 3528 3528 E ArmVmp : Match on catch block at 0xc3 in for 0xa1
02-20 16:23:31.913 3528 3528 E ArmVmp : Match on catch block at 0xc3 in for 0xa5
02-20 16:23:31.920 3528 3528 E ArmVmp : Match on catch block at 0xc3 in for 0xa1
02-20 16:23:31.925 3528 3528 E ArmVmp : Match on catch block at 0xc3 in for 0xa5
02-20 16:23:31.936 3528 3528 E ArmVmp : Match on catch block at 0xc3 in for 0xa1
02-20 16:23:31.943 3528 3528 E ArmVmp : Match on catch block at 0xc3 in for 0xa5
02-20 16:23:31.952 3528 3528 E ArmVmp : Match on catch block at 0xc3 in for 0xa1
02-20 16:23:31.960 3528 3528 E ArmVmp : Match on catch block at 0xc3 in for 0xa5
02-20 16:23:31.967 3528 3528 E ArmVmp : Match on catch block at 0xc3 in for 0xa1
02-20 16:23:31.971 3528 3528 E ArmVmp : Match on catch block at 0xc3 in for 0xa5
02-20 16:23:31.986 3528 3528 E ArmVmp : Match on catch block at 0xc3 in for 0xa1
02-20 16:23:31.990 3528 3528 E ArmVmp : Match on catch block at 0xc3 in for 0xa5
02-20 16:23:32.000 3528 3528 E ArmVmp : Match on catch block at 0xc3 in for 0xa1
02-20 16:23:32.004 3528 3528 E ArmVmp : Match on catch block at 0xc3 in for 0xa5
02-20 16:23:32.016 3528 3528 E ArmVmp : Match on catch block at 0xc3 in for 0xa1
02-20 16:23:32.023 3528 3528 E ArmVmp : Match on catch block at 0xc3 in for 0xa5
02-20 16:23:32.031 3528 3528 E ArmVmp : Match on catch block at 0xc3 in for 0xa1
02-20 16:23:32.039 3528 3528 E ArmVmp : Match on catch block at 0xc3 in for 0xa5
02-20 16:23:32.047 3528 3528 E ArmVmp : Match on catch block at 0xc3 in for 0xa1
02-20 16:23:32.053 3528 3528 E ArmVmp : Match on catch block at 0xc3 in for 0xa5
02-20 16:23:32.063 3528 3528 E ArmVmp : Match on catch block at 0xc3 in for 0xa1
02-20 16:23:32.071 3528 3528 E ArmVmp : Match on catch block at 0xc3 in for 0xa5
02-20 16:23:32.561 3528 3528 E ArmVmp : Match on catch block at 0xc3 in for 0xa1
02-20 16:23:32.566 3528 3528 E ArmVmp : Match on catch block at 0xc3 in for 0xa5
02-20 16:23:32.730 3528 3528 E ArmVmp : Match on catch block at 0xc3 in for 0xa9
02-20 16:23:32.737 3528 3528 E ArmVmp : Match on catch block at 0xc3 in for 0xa1
02-20 16:23:32.751 3528 5292 W MediaPlayer: Use of stream types is deprecated for
operations other than volume control
02-20 16:23:32.751 3528 5292 W MediaPlayer: See the documentation of
setAudioStreamType() for what to use instead with android.media.AudioAttributes to
qualify your playback use case
02-20 16:23:32.751 3528 3528 E ArmVmp : Match on catch block at 0xc3 in for 0xa9
02-20 16:23:32.760 3528 3528 E ArmVmp : Match on catch block at 0xc3 in for 0xa1
02-20 16:23:32.785 3528 3978 W MediaPlayerNative: info/warning (10973, 0)
02-20 16:23:33.034 3528 3528 E ArmVmp : Match on catch block at 0xc3 in for 0xa1
02-20 16:23:33.042 3528 3528 E ArmVmp : Match on catch block at 0xc3 in for 0xa5
02-20 16:23:33.070 3528 3528 E ArmVmp : Match on catch block at 0xc3 in for 0xa9
02-20 16:23:33.078 3528 3528 E ArmVmp : Match on catch block at 0xc3 in for 0xa1
02-20 16:23:33.103 3528 3528 E ArmVmp : Match on catch block at 0xc3 in for 0xa9
02-20 16:23:33.109 3528 3528 E ArmVmp : Match on catch block at 0xc3 in for 0xa1
02-20 16:23:33.426 3528 3528 E ArmVmp : Match on catch block at 0xc3 in for 0xa5
02-20 16:23:33.431 3528 3528 E ArmVmp : Match on catch block at 0xc3 in for 0xa9
02-20 16:23:33.874 3528 3528 E ArmVmp : Match on catch block at 0xc3 in for 0xa5
02-20 16:23:33.878 3528 3528 E ArmVmp : Match on catch block at 0xc3 in for 0xa9
02-20 16:23:33.910 3528 3528 E ArmVmp : Match on catch block at 0xc3 in for 0xa9
02-20 16:23:33.915 3528 3528 E ArmVmp : Match on catch block at 0xc3 in for 0xa1
02-20 16:23:33.939 3528 3528 E ArmVmp : Match on catch block at 0xc3 in for 0xa5
02-20 16:23:33.944 3528 3528 E ArmVmp : Match on catch block at 0xc3 in for 0xa9
02-20 16:23:33.951 3528 3528 E ArmVmp : Match on catch block at 0xc3 in for 0xa5
02-20 16:23:33.955 3528 3528 E ArmVmp : Match on catch block at 0xc3 in for 0xa9
02-20 16:23:34.018 3528 3528 E ArmVmp : Match on catch block at 0xc3 in for 0xa5
02-20 16:23:34.023 3528 3528 E ArmVmp : Match on catch block at 0xc3 in for 0xa9
02-20 16:23:34.043 3528 3528 E ArmVmp : Match on catch block at 0xc3 in for 0xa9
02-20 16:23:34.047 3528 3528 E ArmVmp : Match on catch block at 0xc3 in for 0xa1
02-20 16:23:34.062 3528 3528 E ArmVmp : Match on catch block at 0xc3 in for 0xa9
02-20 16:23:34.068 3528 3528 E ArmVmp : Match on catch block at 0xc3 in for 0xa1
02-20 16:23:34.075 3528 3528 E ArmVmp : Match on catch block at 0xc3 in for 0xa9
02-20 16:23:34.080 3528 3528 E ArmVmp : Match on catch block at 0xc3 in for 0xa1
02-20 16:23:34.097 3528 3528 E ArmVmp : Match on catch block at 0xc3 in for 0xa9
02-20 16:23:34.101 3528 3528 E ArmVmp : Match on catch block at 0xc3 in for 0xa1
02-20 16:23:34.335 3528 3528 E ArmVmp : Match on catch block at 0xc3 in for 0xa5
02-20 16:23:34.343 3528 3528 E ArmVmp : Match on catch block at 0xc3 in for 0xa9
02-20 16:23:34.358 3528 5292 W MediaPlayer: Use of stream types is deprecated for
operations other than volume control
02-20 16:23:34.358 3528 5292 W MediaPlayer: See the documentation of
setAudioStreamType() for what to use instead with android.media.AudioAttributes to
qualify your playback use case
02-20 16:23:34.360 3528 3528 E ArmVmp : Match on catch block at 0xc3 in for 0xa5
02-20 16:23:34.369 3528 3528 E ArmVmp : Match on catch block at 0xc3 in for 0xa9
02-20 16:23:34.392 3528 4697 W MediaPlayerNative: info/warning (10973, 0)
02-20 16:23:34.406 3528 3528 E ArmVmp : Match on catch block at 0xc3 in for 0xa5
02-20 16:23:34.413 3528 3528 E ArmVmp : Match on catch block at 0xc3 in for 0xa9
02-20 16:23:34.521 3528 3528 E ArmVmp : Match on catch block at 0xc3 in for 0xa5
02-20 16:23:34.526 3528 3528 E ArmVmp : Match on catch block at 0xc3 in for 0xa9
02-20 16:23:34.548 3528 3528 E ArmVmp : Match on catch block at 0xc3 in for 0xa5
02-20 16:23:34.553 3528 3528 E ArmVmp : Match on catch block at 0xc3 in for 0xa9
02-20 16:23:34.570 3528 3528 E ArmVmp : Match on catch block at 0xc3 in for 0xa5
02-20 16:23:34.573 3528 3528 E ArmVmp : Match on catch block at 0xc3 in for 0xa9
02-20 16:23:34.607 3528 3528 E ArmVmp : Match on catch block at 0xc3 in for 0xa9
02-20 16:23:34.610 3528 3528 E ArmVmp : Match on catch block at 0xc3 in for 0xa1
02-20 16:23:34.621 3528 3528 E ArmVmp : Match on catch block at 0xc3 in for 0xa9
02-20 16:23:34.624 3528 3528 E ArmVmp : Match on catch block at 0xc3 in for 0xa1
02-20 16:23:34.691 3528 3528 E ArmVmp : Match on catch block at 0xc3 in for 0xa1
02-20 16:23:34.695 3528 3528 E ArmVmp : Match on catch block at 0xc3 in for 0xa5
02-20 16:23:34.775 3528 3528 E ArmVmp : Match on catch block at 0xc3 in for 0xa5
02-20 16:23:34.778 3528 3528 E ArmVmp : Match on catch block at 0xc3 in for 0xa9
02-20 16:23:34.912 3528 3528 E ArmVmp : Match on catch block at 0xc3 in for 0xa1
02-20 16:23:34.915 3528 3528 E ArmVmp : Match on catch block at 0xc3 in for 0xa5
02-20 16:23:35.256 3528 4157 W libEGL : EGLNativeWindowType 0x7e5208a010
disconnect failed
02-20 16:23:35.272 3528 3528 E ArmVmp : Match on catch block at 0xc3 in for 0xa1
02-20 16:23:35.276 3528 3528 E ArmVmp : Match on catch block at 0xc3 in for 0xa5
02-20 16:23:41.286 3528 4157 W libEGL : EGLNativeWindowType 0x7e2bf6b010
disconnect failed
02-20 16:23:41.318 3528 4157 W libEGL : EGLNativeWindowType 0x7e2bf6b010
disconnect failed
02-20 16:23:41.350 3528 4157 W libEGL : EGLNativeWindowType 0x7e2bf6b010
disconnect failed
02-20 16:23:41.374 3528 4157 W libEGL : EGLNativeWindowType 0x7e2bf6b010
disconnect failed
02-20 16:23:41.395 3528 4157 W libEGL : EGLNativeWindowType 0x7e2bf6b010
disconnect failed
02-20 16:23:41.418 3528 4157 W libEGL : EGLNativeWindowType 0x7e2bf6b010
disconnect failed
02-20 16:23:41.441 3528 4157 W libEGL : EGLNativeWindowType 0x7e2bf6b010
disconnect failed
02-20 16:23:41.487 3528 3528 E ArmVmp : Match on catch block at 0x0a in for
0x175
02-20 16:23:41.527 3528 4157 W libEGL : EGLNativeWindowType 0x7e2bf6b010
disconnect failed
02-20 16:23:41.684 3528 4157 W libEGL : EGLNativeWindowType 0x7e2bf6b010
disconnect failed
02-20 16:23:41.845 3528 4157 W libEGL : EGLNativeWindowType 0x7e51db3010
disconnect failed
02-20 16:23:42.006 3528 3528 W IInputConnectionWrapper: getTextBeforeCursor on
inactive InputConnection
02-20 16:23:42.061 3528 3528 W IInputConnectionWrapper: getTextAfterCursor on
inactive InputConnection
02-20 16:23:42.550 3528 4157 W libEGL : EGLNativeWindowType 0x7e2bf6b010
disconnect failed
02-20 16:23:43.518 3528 4157 W libEGL : EGLNativeWindowType 0x7e51db3010
disconnect failed
02-20 16:23:44.447 3528 4157 W libEGL : EGLNativeWindowType 0x7e0a967010
disconnect failed
02-20 16:23:44.566 3528 4157 W libEGL : EGLNativeWindowType 0x7e2bf6b010
disconnect failed
02-20 16:23:48.314 3528 4190 E ArmVmp : Match on catch block at 0x48 in for 0x99
02-20 16:23:48.315 3528 4190 W System.err: java.net.ConnectException: Failed to
connect to translate.googleapis.com/142.251.132.74:443
02-20 16:23:48.315 3528 4190 W System.err:
02-20 16:23:48.315 3528 4190 W System.err: at
com.android.okhttp.internal.io.RealConnection.connectSocket(RealConnection.java:139
3)
02-20 16:23:48.315 3528 4190 W System.err:
02-20 16:23:48.315 3528 4190 W System.err: at
com.android.okhttp.internal.io.RealConnection.connect(RealConnection.java:1343)
02-20 16:23:48.315 3528 4190 W System.err:
02-20 16:23:48.316 3528 4190 W System.err: at
com.android.okhttp.internal.http.StreamAllocation.findConnection(StreamAllocation.j
ava:221)
02-20 16:23:48.316 3528 4190 W System.err:
02-20 16:23:48.316 3528 4190 W System.err: at
com.android.okhttp.internal.http.StreamAllocation.findHealthyConnection(StreamAlloc
ation.java:144)
02-20 16:23:48.316 3528 4190 W System.err:
02-20 16:23:48.316 3528 4190 W System.err: at
com.android.okhttp.internal.http.StreamAllocation.newStream(StreamAllocation.java:1
06)
02-20 16:23:48.316 3528 4190 W System.err:
02-20 16:23:48.317 3528 4190 W System.err: at
com.android.okhttp.internal.http.HttpEngine.connect(HttpEngine.java:400)
02-20 16:23:48.317 3528 4190 W System.err:
02-20 16:23:48.317 3528 4190 W System.err: at
com.android.okhttp.internal.http.HttpEngine.sendRequest(HttpEngine.java:333)
02-20 16:23:48.317 3528 4190 W System.err:
02-20 16:23:48.317 3528 4190 W System.err: at
com.android.okhttp.internal.huc.HttpURLConnectionImpl.execute(HttpURLConnectionImpl
.java:465)
02-20 16:23:48.317 3528 4190 W System.err:
02-20 16:23:48.317 3528 4190 W System.err: at
com.android.okhttp.internal.huc.HttpURLConnectionImpl.connect(HttpURLConnectionImpl
.java:131)
02-20 16:23:48.317 3528 4190 W System.err:
02-20 16:23:48.318 3528 4190 W System.err: at
com.android.okhttp.internal.huc.DelegatingHttpsURLConnection.connect(DelegatingHttp
sURLConnection.java:90)
02-20 16:23:48.318 3528 4190 W System.err:
02-20 16:23:48.318 3528 4190 W System.err: at
com.android.okhttp.internal.huc.HttpsURLConnectionImpl.connect(HttpsURLConnectionIm
pl.java:30)
02-20 16:23:48.318 3528 4190 W System.err:
02-20 16:23:48.318 3528 4190 W System.err: at
mbmodsd.mbmodsw.home.MBTranslator.translate(Native Method)
02-20 16:23:48.318 3528 4190 W System.err:
02-20 16:23:48.319 3528 4190 W System.err: at
mbmodsd.mbmodsw.home.MBTranslator$Async.doInBackground(Native Method)
02-20 16:23:48.319 3528 4190 W System.err:
02-20 16:23:48.319 3528 4190 W System.err: at
mbmodsd.mbmodsw.home.MBTranslator$Async.doInBackground(Native Method)
02-20 16:23:48.319 3528 4190 W System.err:
02-20 16:23:48.319 3528 4190 W System.err: at
android.os.AsyncTask$3.call(AsyncTask.java:394)
02-20 16:23:48.319 3528 4190 W System.err:
02-20 16:23:48.319 3528 4190 W System.err: at
java.util.concurrent.FutureTask.run(FutureTask.java:266)
02-20 16:23:48.319 3528 4190 W System.err:
02-20 16:23:48.320 3528 4190 W System.err: at
android.os.AsyncTask$SerialExecutor$1.run(AsyncTask.java:305)
02-20 16:23:48.320 3528 4190 W System.err:
02-20 16:23:48.320 3528 4190 W System.err: at
java.util.concurrent.ThreadPoolExecutor.runWorker(ThreadPoolExecutor.java:1167)
02-20 16:23:48.320 3528 4190 W System.err:
02-20 16:23:48.320 3528 4190 W System.err: at
java.util.concurrent.ThreadPoolExecutor$Worker.run(ThreadPoolExecutor.java:641)
02-20 16:23:48.320 3528 4190 W System.err:
02-20 16:23:48.320 3528 4190 W System.err: at
java.lang.Thread.run(Thread.java:923)
02-20 16:23:48.321 3528 4190 W System.err:
02-20 16:23:54.887 3528 4157 W libEGL : EGLNativeWindowType 0x7e09e9e010
disconnect failed
02-20 16:23:54.911 3528 4157 W libEGL : EGLNativeWindowType 0x7e09e9e010
disconnect failed
02-20 16:23:54.942 3528 4157 W libEGL : EGLNativeWindowType 0x7e09e9e010
disconnect failed
02-20 16:23:54.981 3528 4157 W libEGL : EGLNativeWindowType 0x7e09e9e010
disconnect failed
02-20 16:23:55.030 3528 4157 W libEGL : EGLNativeWindowType 0x7e09e9e010
disconnect failed
02-20 16:23:55.142 3528 4157 W libEGL : EGLNativeWindowType 0x7e09e9e010
disconnect failed
02-20 16:23:55.253 3528 4157 W libEGL : EGLNativeWindowType 0x7e09e9e010
disconnect failed
02-20 16:23:56.156 3528 4157 W libEGL : EGLNativeWindowType 0x7e09e9e010
disconnect failed
02-20 16:23:57.311 3528 4157 W libEGL : EGLNativeWindowType 0x7e09e9e010
disconnect failed
02-20 16:23:57.360 3528 4157 W libEGL : EGLNativeWindowType 0x7e09e9e010
disconnect failed
02-20 16:23:57.405 3528 4157 W libEGL : EGLNativeWindowType 0x7e09e9e010
disconnect failed
02-20 16:23:57.451 3528 4157 W libEGL : EGLNativeWindowType 0x7e09e9e010
disconnect failed
02-20 16:23:57.493 3528 4157 W libEGL : EGLNativeWindowType 0x7e09e9e010
disconnect failed
02-20 16:23:57.527 3528 4157 W libEGL : EGLNativeWindowType 0x7e09e9e010
disconnect failed
02-20 16:23:57.557 3528 4157 W libEGL : EGLNativeWindowType 0x7e09e9e010
disconnect failed
02-20 16:23:57.586 3528 4157 W libEGL : EGLNativeWindowType 0x7e09e9e010
disconnect failed
02-20 16:23:57.616 3528 4157 W libEGL : EGLNativeWindowType 0x7e09e9e010
disconnect failed
02-20 16:23:58.584 3528 4157 W libEGL : EGLNativeWindowType 0x7e09e9e010
disconnect failed
02-20 16:24:00.330 3528 4157 W libEGL : EGLNativeWindowType 0x7e0b4ee010
disconnect failed
02-20 16:24:00.370 3528 3528 E ViewRootImpl: sendUserActionEvent() mView
returned.
02-20 16:24:02.859 3528 3528 E ArmVmp : Match on catch block at 0x0a in for 0xc5
02-20 16:24:02.863 3528 3528 E ArmVmp : Match on catch block at 0x0a in for 0xc1
02-20 16:24:02.945 3528 3528 E ArmVmp : Match on catch block at 0xc3 in for 0xb9
02-20 16:24:02.948 3528 3528 E ArmVmp : Match on catch block at 0xc3 in for 0xb9
02-20 16:24:03.002 3528 3528 E ArmVmp : Match on catch block at 0xc3 in for 0xa9
02-20 16:24:03.005 3528 3528 E ArmVmp : Match on catch block at 0xc3 in for 0xa1
02-20 16:24:03.062 3528 3528 E ArmVmp : Match on catch block at 0xc3 in for 0xa5
02-20 16:24:03.065 3528 3528 E ArmVmp : Match on catch block at 0xc3 in for 0xa9
02-20 16:24:03.077 3528 4157 W libEGL : EGLNativeWindowType 0x7e09e9e010
disconnect failed
02-20 16:24:03.089 3528 3528 E ArmVmp : Match on catch block at 0xc3 in for 0xa9
02-20 16:24:03.092 3528 3528 E ArmVmp : Match on catch block at 0xc3 in for 0xa1
02-20 16:24:03.102 3528 3528 E ArmVmp : Match on catch block at 0xc3 in for 0xa1
02-20 16:24:03.104 3528 3528 E ArmVmp : Match on catch block at 0xc3 in for 0xa5
02-20 16:24:03.117 3528 3528 E ArmVmp : Match on catch block at 0xc3 in for 0xa5
02-20 16:24:03.120 3528 3528 E ArmVmp : Match on catch block at 0xc3 in for 0xa9
02-20 16:24:03.391 3528 3528 E ArmVmp : Match on catch block at 0xc3 in for 0xa9
02-20 16:24:03.394 3528 3528 E ArmVmp : Match on catch block at 0xc3 in for 0xa1
02-20 16:24:03.412 3528 4157 W libEGL : EGLNativeWindowType 0x7e521eb010
disconnect failed
02-20 16:24:03.420 3528 3528 E ArmVmp : Match on catch block at 0xc3 in for 0xa1
02-20 16:24:03.425 3528 3528 E ArmVmp : Match on catch block at 0xc3 in for 0xa5
02-20 16:24:03.438 3528 3528 E ArmVmp : Match on catch block at 0xc3 in for 0xa1
02-20 16:24:03.440 3528 3528 E ArmVmp : Match on catch block at 0xc3 in for 0xa5
02-20 16:24:03.452 3528 3528 E ArmVmp : Match on catch block at 0xc3 in for 0xa5
02-20 16:24:03.455 3528 3528 E ArmVmp : Match on catch block at 0xc3 in for 0xa9
02-20 16:24:03.468 3528 3528 E ArmVmp : Match on catch block at 0xc3 in for 0xa9
02-20 16:24:03.471 3528 3528 E ArmVmp : Match on catch block at 0xc3 in for 0xa1
02-20 16:24:03.484 3528 3528 E ArmVmp : Match on catch block at 0xc3 in for 0xa1
02-20 16:24:03.487 3528 3528 E ArmVmp : Match on catch block at 0xc3 in for 0xa5
02-20 16:24:03.500 3528 3528 E ArmVmp : Match on catch block at 0xc3 in for 0xa5
02-20 16:24:03.503 3528 3528 E ArmVmp : Match on catch block at 0xc3 in for 0xa9
02-20 16:24:03.517 3528 3528 E ArmVmp : Match on catch block at 0xc3 in for 0xa9
02-20 16:24:03.520 3528 3528 E ArmVmp : Match on catch block at 0xc3 in for 0xa1
02-20 16:24:03.533 3528 3528 E ArmVmp : Match on catch block at 0xc3 in for 0xa1
02-20 16:24:03.536 3528 3528 E ArmVmp : Match on catch block at 0xc3 in for 0xa5
02-20 16:24:03.549 3528 3528 E ArmVmp : Match on catch block at 0xc3 in for 0xa5
02-20 16:24:03.552 3528 3528 E ArmVmp : Match on catch block at 0xc3 in for 0xa9
02-20 16:24:03.565 3528 3528 E ArmVmp : Match on catch block at 0xc3 in for 0xa9
02-20 16:24:03.568 3528 3528 E ArmVmp : Match on catch block at 0xc3 in for 0xa1
02-20 16:24:03.581 3528 3528 E ArmVmp : Match on catch block at 0xc3 in for 0xa1
02-20 16:24:03.584 3528 3528 E ArmVmp : Match on catch block at 0xc3 in for 0xa5
02-20 16:24:03.598 3528 3528 E ArmVmp : Match on catch block at 0xc3 in for 0xa5
02-20 16:24:03.600 3528 3528 E ArmVmp : Match on catch block at 0xc3 in for 0xa9
02-20 16:24:03.614 3528 3528 E ArmVmp : Match on catch block at 0xc3 in for 0xa9
02-20 16:24:03.617 3528 3528 E ArmVmp : Match on catch block at 0xc3 in for 0xa1
02-20 16:24:03.630 3528 3528 E ArmVmp : Match on catch block at 0xc3 in for 0xa1
02-20 16:24:03.633 3528 3528 E ArmVmp : Match on catch block at 0xc3 in for 0xa5
02-20 16:24:03.646 3528 3528 E ArmVmp : Match on catch block at 0xc3 in for 0xa5
02-20 16:24:03.648 3528 3528 E ArmVmp : Match on catch block at 0xc3 in for 0xa9
02-20 16:24:03.662 3528 3528 E ArmVmp : Match on catch block at 0xc3 in for 0xa9
02-20 16:24:03.665 3528 3528 E ArmVmp : Match on catch block at 0xc3 in for 0xa1
02-20 16:24:03.678 3528 3528 E ArmVmp : Match on catch block at 0xc3 in for 0xa1
02-20 16:24:03.681 3528 3528 E ArmVmp : Match on catch block at 0xc3 in for 0xa5
02-20 16:24:03.712 3528 3528 E ArmVmp : Match on catch block at 0xc3 in for 0xa9
02-20 16:24:03.716 3528 3528 E ArmVmp : Match on catch block at 0xc3 in for 0xa1
02-20 16:24:03.726 3528 3528 E ArmVmp : Match on catch block at 0xc3 in for 0xa9
02-20 16:24:03.729 3528 3528 E ArmVmp : Match on catch block at 0xc3 in for 0xa1
02-20 16:24:03.742 3528 3528 E ArmVmp : Match on catch block at 0xc3 in for 0xa1
02-20 16:24:03.745 3528 3528 E ArmVmp : Match on catch block at 0xc3 in for 0xa5
02-20 16:24:03.758 3528 3528 E ArmVmp : Match on catch block at 0xc3 in for 0xa5
02-20 16:24:03.761 3528 3528 E ArmVmp : Match on catch block at 0xc3 in for 0xa9
02-20 16:24:03.774 3528 3528 E ArmVmp : Match on catch block at 0xc3 in for 0xa9
02-20 16:24:03.778 3528 3528 E ArmVmp : Match on catch block at 0xc3 in for 0xa1
02-20 16:24:03.790 3528 3528 E ArmVmp : Match on catch block at 0xc3 in for 0xa1
02-20 16:24:03.793 3528 3528 E ArmVmp : Match on catch block at 0xc3 in for 0xa5
02-20 16:24:03.806 3528 3528 E ArmVmp : Match on catch block at 0xc3 in for 0xa5
02-20 16:24:03.810 3528 3528 E ArmVmp : Match on catch block at 0xc3 in for 0xa9
02-20 16:24:03.822 3528 3528 E ArmVmp : Match on catch block at 0xc3 in for 0xa1
02-20 16:24:03.825 3528 3528 E ArmVmp : Match on catch block at 0xc3 in for 0xa5
02-20 16:24:03.838 3528 3528 E ArmVmp : Match on catch block at 0xc3 in for 0xa5
02-20 16:24:03.841 3528 3528 E ArmVmp : Match on catch block at 0xc3 in for 0xa9
02-20 16:24:03.854 3528 3528 E ArmVmp : Match on catch block at 0xc3 in for 0xa9
02-20 16:24:03.857 3528 3528 E ArmVmp : Match on catch block at 0xc3 in for 0xa1
02-20 16:24:03.870 3528 3528 E ArmVmp : Match on catch block at 0xc3 in for 0xa1
02-20 16:24:03.873 3528 3528 E ArmVmp : Match on catch block at 0xc3 in for 0xa5
02-20 16:24:03.886 3528 3528 E ArmVmp : Match on catch block at 0xc3 in for 0xa5
02-20 16:24:03.889 3528 3528 E ArmVmp : Match on catch block at 0xc3 in for 0xa9
02-20 16:24:03.902 3528 3528 E ArmVmp : Match on catch block at 0xc3 in for 0xa9
02-20 16:24:03.905 3528 3528 E ArmVmp : Match on catch block at 0xc3 in for 0xa1
02-20 16:24:03.918 3528 3528 E ArmVmp : Match on catch block at 0xc3 in for 0xa1
02-20 16:24:03.921 3528 3528 E ArmVmp : Match on catch block at 0xc3 in for 0xa5
02-20 16:24:03.934 3528 3528 E ArmVmp : Match on catch block at 0xc3 in for 0xa5
02-20 16:24:03.937 3528 3528 E ArmVmp : Match on catch block at 0xc3 in for 0xa9
02-20 16:24:03.950 3528 3528 E ArmVmp : Match on catch block at 0xc3 in for 0xa9
02-20 16:24:03.953 3528 3528 E ArmVmp : Match on catch block at 0xc3 in for 0xa1
02-20 16:24:03.966 3528 3528 E ArmVmp : Match on catch block at 0xc3 in for 0xa1
02-20 16:24:03.969 3528 3528 E ArmVmp : Match on catch block at 0xc3 in for 0xa5
02-20 16:24:03.982 3528 3528 E ArmVmp : Match on catch block at 0xc3 in for 0xa5
02-20 16:24:03.985 3528 3528 E ArmVmp : Match on catch block at 0xc3 in for 0xa9
02-20 16:24:03.998 3528 3528 E ArmVmp : Match on catch block at 0xc3 in for 0xa9
02-20 16:24:04.001 3528 3528 E ArmVmp : Match on catch block at 0xc3 in for 0xa1
02-20 16:24:04.014 3528 3528 E ArmVmp : Match on catch block at 0xc3 in for 0xa1
02-20 16:24:04.017 3528 3528 E ArmVmp : Match on catch block at 0xc3 in for 0xa5
02-20 16:24:04.030 3528 3528 E ArmVmp : Match on catch block at 0xc3 in for 0xa5
02-20 16:24:04.033 3528 3528 E ArmVmp : Match on catch block at 0xc3 in for 0xa9
02-20 16:24:04.046 3528 3528 E ArmVmp : Match on catch block at 0xc3 in for 0xa9
02-20 16:24:04.049 3528 3528 E ArmVmp : Match on catch block at 0xc3 in for 0xa1
02-20 16:24:04.562 3528 3528 E ArmVmp : Match on catch block at 0xc3 in for 0xa5
02-20 16:24:04.571 3528 3528 E ArmVmp : Match on catch block at 0xc3 in for 0xa9
02-20 16:24:05.061 3528 3528 E ArmVmp : Match on catch block at 0xc3 in for 0xa9
02-20 16:24:05.074 3528 3528 E ArmVmp : Match on catch block at 0xc3 in for 0xa1
02-20 16:24:05.201 3528 4157 W libEGL : EGLNativeWindowType 0x7e09e9e010
disconnect failed
02-20 16:24:05.245 3528 4157 W libEGL : EGLNativeWindowType 0x7e09e9e010
disconnect failed
02-20 16:24:05.289 3528 4157 W libEGL : EGLNativeWindowType 0x7e09e9e010
disconnect failed
02-20 16:24:05.338 3528 4157 W libEGL : EGLNativeWindowType 0x7e09e9e010
disconnect failed
02-20 16:24:05.379 3528 4157 W libEGL : EGLNativeWindowType 0x7e09e9e010
disconnect failed
02-20 16:24:05.388 3528 3528 E ArmVmp : Match on catch block at 0xc3 in for 0xa1
02-20 16:24:05.401 3528 3528 E ArmVmp : Match on catch block at 0xc3 in for 0xa5
02-20 16:24:05.445 3528 4157 W libEGL : EGLNativeWindowType 0x7e09e9e010
disconnect failed
02-20 16:24:05.453 3528 3528 E ArmVmp : Match on catch block at 0xc3 in for 0xa5
02-20 16:24:05.461 3528 3528 E ArmVmp : Match on catch block at 0xc3 in for 0xa9
02-20 16:24:05.501 3528 4157 W libEGL : EGLNativeWindowType 0x7e09e9e010
disconnect failed
02-20 16:24:05.510 3528 3528 E ArmVmp : Match on catch block at 0xc3 in for 0xa9
02-20 16:24:05.519 3528 3528 E ArmVmp : Match on catch block at 0xc3 in for 0xa1
02-20 16:24:05.539 3528 3528 E ArmVmp : Match on catch block at 0xc3 in for 0xa1
02-20 16:24:05.546 3528 3528 E ArmVmp : Match on catch block at 0xc3 in for 0xa5
02-20 16:24:05.558 3528 3528 E ArmVmp : Match on catch block at 0xc3 in for 0xa5
02-20 16:24:05.565 3528 3528 E ArmVmp : Match on catch block at 0xc3 in for 0xa9
02-20 16:24:05.589 3528 3528 E ArmVmp : Match on catch block at 0xc3 in for 0xa9
02-20 16:24:05.595 3528 3528 E ArmVmp : Match on catch block at 0xc3 in for 0xa1
02-20 16:24:05.606 3528 3528 E ArmVmp : Match on catch block at 0xc3 in for 0xa1
02-20 16:24:05.612 3528 3528 E ArmVmp : Match on catch block at 0xc3 in for 0xa5
02-20 16:24:05.842 3528 3528 E ArmVmp : Match on catch block at 0xc3 in for 0xa1
02-20 16:24:05.845 3528 3528 E ArmVmp : Match on catch block at 0xc3 in for 0xa5
02-20 16:24:05.854 3528 3528 E ArmVmp : Match on catch block at 0xc3 in for 0xa5
02-20 16:24:05.861 3528 3528 E ArmVmp : Match on catch block at 0xc3 in for 0xa9
02-20 16:24:05.972 3528 3528 E ArmVmp : Match on catch block at 0xc3 in for 0xa9
02-20 16:24:05.976 3528 3528 E ArmVmp : Match on catch block at 0xc3 in for 0xa1
02-20 16:24:06.006 3528 3528 E ArmVmp : Match on catch block at 0xc3 in for 0xa1
02-20 16:24:06.008 3528 4157 W libEGL : EGLNativeWindowType 0x7e0b9f9010
disconnect failed
02-20 16:24:06.011 3528 3528 E ArmVmp : Match on catch block at 0xc3 in for 0xa5
02-20 16:24:06.063 3528 3528 E ArmVmp : Match on catch block at 0xc3 in for 0xa5
02-20 16:24:06.068 3528 3528 E ArmVmp : Match on catch block at 0xc3 in for 0xa9
02-20 16:24:06.402 3528 4157 W libEGL : EGLNativeWindowType 0x7e09e9e010
disconnect failed
02-20 16:24:06.568 3528 3528 E ArmVmp : Match on catch block at 0xc3 in for 0xa9
02-20 16:24:06.579 3528 3528 E ArmVmp : Match on catch block at 0xc3 in for 0xa1
02-20 16:24:06.887 3528 3528 E ArmVmp : Match on catch block at 0xc3 in for 0xa5
02-20 16:24:06.890 3528 3528 E ArmVmp : Match on catch block at 0xc3 in for 0xa9
02-20 16:24:06.922 3528 3528 E ArmVmp : Match on catch block at 0xc3 in for 0xa5
02-20 16:24:06.925 3528 3528 E ArmVmp : Match on catch block at 0xc3 in for 0xa9
02-20 16:24:06.943 3528 3528 E ArmVmp : Match on catch block at 0xc3 in for 0xa9
02-20 16:24:06.949 3528 3528 E ArmVmp : Match on catch block at 0xc3 in for 0xa1
02-20 16:24:06.959 3528 3528 E ArmVmp : Match on catch block at 0xc3 in for 0xa1
02-20 16:24:06.964 3528 3528 E ArmVmp : Match on catch block at 0xc3 in for 0xa5
02-20 16:24:06.978 3528 3528 E ArmVmp : Match on catch block at 0xc3 in for 0xa5
02-20 16:24:06.982 3528 3528 E ArmVmp : Match on catch block at 0xc3 in for 0xa9
02-20 16:24:06.991 3528 3528 E ArmVmp : Match on catch block at 0xc3 in for 0xa9
02-20 16:24:06.996 3528 3528 E ArmVmp : Match on catch block at 0xc3 in for 0xa1
02-20 16:24:07.024 3528 3528 E ArmVmp : Match on catch block at 0xc3 in for 0xa1
02-20 16:24:07.027 3528 3528 E ArmVmp : Match on catch block at 0xc3 in for 0xa5
02-20 16:24:07.039 3528 3528 E ArmVmp : Match on catch block at 0xc3 in for 0xa5
02-20 16:24:07.042 3528 3528 E ArmVmp : Match on catch block at 0xc3 in for 0xa9
02-20 16:24:07.055 3528 3528 E ArmVmp : Match on catch block at 0xc3 in for 0xa9
02-20 16:24:07.060 3528 3528 E ArmVmp : Match on catch block at 0xc3 in for 0xa1
02-20 16:24:07.071 3528 3528 E ArmVmp : Match on catch block at 0xc3 in for 0xa1
02-20 16:24:07.074 3528 3528 E ArmVmp : Match on catch block at 0xc3 in for 0xa5
02-20 16:24:07.103 3528 3528 E ArmVmp : Match on catch block at 0xc3 in for 0xa5
02-20 16:24:07.107 3528 3528 E ArmVmp : Match on catch block at 0xc3 in for 0xa9
02-20 16:24:07.120 3528 3528 E ArmVmp : Match on catch block at 0xc3 in for 0xa9
02-20 16:24:07.123 3528 3528 E ArmVmp : Match on catch block at 0xc3 in for 0xa1
02-20 16:24:07.217 3528 3528 E ArmVmp : Match on catch block at 0xc3 in for 0xa1
02-20 16:24:07.220 3528 3528 E ArmVmp : Match on catch block at 0xc3 in for 0xa5
02-20 16:24:07.232 3528 3528 E ArmVmp : Match on catch block at 0xc3 in for 0xa5
02-20 16:24:07.236 3528 3528 E ArmVmp : Match on catch block at 0xc3 in for 0xa9
02-20 16:24:07.343 3528 3528 E ArmVmp : Match on catch block at 0xc3 in for 0xa9
02-20 16:24:07.347 3528 3528 E ArmVmp : Match on catch block at 0xc3 in for 0xa1
02-20 16:24:07.392 3528 3528 E ArmVmp : Match on catch block at 0xc3 in for 0xa5
02-20 16:24:07.395 3528 3528 E ArmVmp : Match on catch block at 0xc3 in for 0xa9
02-20 16:24:07.415 3528 3528 E ArmVmp : Match on catch block at 0xc3 in for 0xa5
02-20 16:24:07.419 3528 3528 E ArmVmp : Match on catch block at 0xc3 in for 0xa9
02-20 16:24:07.427 3528 3528 E ArmVmp : Match on catch block at 0xc3 in for 0xa9
02-20 16:24:07.431 3528 3528 E ArmVmp : Match on catch block at 0xc3 in for 0xa1
02-20 16:24:07.505 3528 3528 E ArmVmp : Match on catch block at 0xc3 in for 0xa1
02-20 16:24:07.508 3528 3528 E ArmVmp : Match on catch block at 0xc3 in for 0xa5
02-20 16:24:08.009 3528 3528 E ArmVmp : Match on catch block at 0xc3 in for 0xa9
02-20 16:24:08.022 3528 3528 E ArmVmp : Match on catch block at 0xc3 in for 0xa1
02-20 16:24:08.322 3528 3528 E ArmVmp : Match on catch block at 0xc3 in for 0xa1
02-20 16:24:08.327 3528 3528 E ArmVmp : Match on catch block at 0xc3 in for 0xa5
02-20 16:24:08.528 3528 3528 E ArmVmp : Match on catch block at 0xc3 in for 0xa5
02-20 16:24:08.531 3528 3528 E ArmVmp : Match on catch block at 0xc3 in for 0xa9
02-20 16:24:09.011 3528 3528 E ArmVmp : Match on catch block at 0xc3 in for 0xa9
02-20 16:24:09.017 3528 3528 E ArmVmp : Match on catch block at 0xc3 in for 0xa1
02-20 16:24:09.027 3528 3528 E ArmVmp : Match on catch block at 0xc3 in for 0xa1
02-20 16:24:09.032 3528 3528 E ArmVmp : Match on catch block at 0xc3 in for 0xa5
02-20 16:24:09.043 3528 3528 E ArmVmp : Match on catch block at 0xc3 in for 0xa5
02-20 16:24:09.055 3528 3528 E ArmVmp : Match on catch block at 0xc3 in for 0xa9
02-20 16:24:09.065 3528 3528 E ArmVmp : Match on catch block at 0xc3 in for 0xa9
02-20 16:24:09.071 3528 3528 E ArmVmp : Match on catch block at 0xc3 in for 0xa1
02-20 16:24:09.079 3528 3528 E ArmVmp : Match on catch block at 0xc3 in for 0xa1
02-20 16:24:09.085 3528 3528 E ArmVmp : Match on catch block at 0xc3 in for 0xa5
02-20 16:24:09.093 3528 3528 E ArmVmp : Match on catch block at 0xc3 in for 0xa5
02-20 16:24:09.098 3528 3528 E ArmVmp : Match on catch block at 0xc3 in for 0xa9
02-20 16:24:09.107 3528 3528 E ArmVmp : Match on catch block at 0xc3 in for 0xa9
02-20 16:24:09.112 3528 3528 E ArmVmp : Match on catch block at 0xc3 in for 0xa1
02-20 16:24:09.125 3528 3528 E ArmVmp : Match on catch block at 0xc3 in for 0xa1
02-20 16:24:09.130 3528 3528 E ArmVmp : Match on catch block at 0xc3 in for 0xa5
02-20 16:24:09.141 3528 3528 E ArmVmp : Match on catch block at 0xc3 in for 0xa5
02-20 16:24:09.145 3528 3528 E ArmVmp : Match on catch block at 0xc3 in for 0xa9
02-20 16:24:09.155 3528 3528 E ArmVmp : Match on catch block at 0xc3 in for 0xa9
02-20 16:24:09.160 3528 3528 E ArmVmp : Match on catch block at 0xc3 in for 0xa1
02-20 16:24:09.173 3528 3528 E ArmVmp : Match on catch block at 0xc3 in for 0xa1
02-20 16:24:09.177 3528 3528 E ArmVmp : Match on catch block at 0xc3 in for 0xa5
02-20 16:24:09.187 3528 3528 E ArmVmp : Match on catch block at 0xc3 in for 0xa5
02-20 16:24:09.192 3528 3528 E ArmVmp : Match on catch block at 0xc3 in for 0xa9
02-20 16:24:09.205 3528 3528 E ArmVmp : Match on catch block at 0xc3 in for 0xa9
02-20 16:24:09.210 3528 3528 E ArmVmp : Match on catch block at 0xc3 in for 0xa1
02-20 16:24:09.219 3528 3528 E ArmVmp : Match on catch block at 0xc3 in for 0xa1
02-20 16:24:09.224 3528 3528 E ArmVmp : Match on catch block at 0xc3 in for 0xa5
02-20 16:24:09.235 3528 3528 E ArmVmp : Match on catch block at 0xc3 in for 0xa5
02-20 16:24:09.240 3528 3528 E ArmVmp : Match on catch block at 0xc3 in for 0xa9
02-20 16:24:09.251 3528 3528 E ArmVmp : Match on catch block at 0xc3 in for 0xa9
02-20 16:24:09.256 3528 3528 E ArmVmp : Match on catch block at 0xc3 in for 0xa1
02-20 16:24:09.267 3528 3528 E ArmVmp : Match on catch block at 0xc3 in for 0xa1
02-20 16:24:09.271 3528 3528 E ArmVmp : Match on catch block at 0xc3 in for 0xa5
02-20 16:24:09.556 3528 3528 E ArmVmp : Match on catch block at 0xc3 in for 0xa5
02-20 16:24:09.562 3528 3528 E ArmVmp : Match on catch block at 0xc3 in for 0xa9
02-20 16:24:10.053 3528 3528 E ArmVmp : Match on catch block at 0xc3 in for 0xa9
02-20 16:24:10.058 3528 3528 E ArmVmp : Match on catch block at 0xc3 in for 0xa1
02-20 16:24:10.530 3528 3528 E ArmVmp : Match on catch block at 0xc3 in for 0xa1
02-20 16:24:10.534 3528 3528 E ArmVmp : Match on catch block at 0xc3 in for 0xa5
02-20 16:24:10.723 3528 3528 E ArmVmp : Match on catch block at 0xc3 in for 0xa5
02-20 16:24:10.727 3528 3528 E ArmVmp : Match on catch block at 0xc3 in for 0xa9
02-20 16:24:10.866 3528 3528 E ArmVmp : Match on catch block at 0xc3 in for 0xa9
02-20 16:24:10.871 3528 3528 E ArmVmp : Match on catch block at 0xc3 in for 0xa1
02-20 16:24:11.060 3528 3528 E ArmVmp : Match on catch block at 0xc3 in for 0xa1
02-20 16:24:11.064 3528 3528 E ArmVmp : Match on catch block at 0xc3 in for 0xa5
02-20 16:24:11.434 3528 3528 E ArmVmp : Match on catch block at 0xc3 in for 0xa5
02-20 16:24:11.438 3528 3528 E ArmVmp : Match on catch block at 0xc3 in for 0xa9
02-20 16:24:11.941 3528 3528 E ArmVmp : Match on catch block at 0xc3 in for 0xa9
02-20 16:24:11.947 3528 3528 E ArmVmp : Match on catch block at 0xc3 in for 0xa1
02-20 16:24:12.389 3528 3528 E ArmVmp : Match on catch block at 0xc3 in for 0xa1
02-20 16:24:12.398 3528 3528 E ArmVmp : Match on catch block at 0xc3 in for 0xa5
02-20 16:24:12.726 3528 3528 E ArmVmp : Match on catch block at 0xc3 in for 0xa5
02-20 16:24:12.731 3528 3528 E ArmVmp : Match on catch block at 0xc3 in for 0xa9
02-20 16:24:13.248 3528 3528 E ArmVmp : Match on catch block at 0xc3 in for 0xa9
02-20 16:24:13.263 3528 3528 E ArmVmp : Match on catch block at 0xc3 in for 0xa1
02-20 16:24:13.737 3528 3528 E ArmVmp : Match on catch block at 0xc3 in for 0xa1
02-20 16:24:13.747 3528 3528 E ArmVmp : Match on catch block at 0xc3 in for 0xa5
02-20 16:24:14.253 3528 3528 E ArmVmp : Match on catch block at 0xc3 in for 0xa5
02-20 16:24:14.267 3528 3528 E ArmVmp : Match on catch block at 0xc3 in for 0xa9
02-20 16:24:14.750 3528 3528 E ArmVmp : Match on catch block at 0xc3 in for 0xa9
02-20 16:24:14.763 3528 3528 E ArmVmp : Match on catch block at 0xc3 in for 0xa1
02-20 16:24:15.045 3528 3528 E ArmVmp : Match on catch block at 0xc3 in for 0xa1
02-20 16:24:15.049 3528 3528 E ArmVmp : Match on catch block at 0xc3 in for 0xa5
02-20 16:24:15.087 3528 3528 E ArmVmp : Match on catch block at 0xc3 in for 0xa9
02-20 16:24:15.089 3528 3528 E ArmVmp : Match on catch block at 0xc3 in for 0xa1
02-20 16:24:15.098 3528 3528 W IInputConnectionWrapper: getExtractedText on
inactive InputConnection
02-20 16:24:15.140 3528 3528 E ArmVmp : Match on catch block at 0xc3 in for 0xa1
02-20 16:24:15.144 3528 3528 E ArmVmp : Match on catch block at 0xc3 in for 0xa5
02-20 16:24:15.160 3528 3528 E ArmVmp : Match on catch block at 0xc3 in for 0xa9
02-20 16:24:15.163 3528 3528 E ArmVmp : Match on catch block at 0xc3 in for 0xa1
02-20 16:24:15.183 3528 3528 E ArmVmp : Match on catch block at 0xc3 in for 0xa5
02-20 16:24:15.186 3528 3528 E ArmVmp : Match on catch block at 0xc3 in for 0xa9
02-20 16:24:15.195 3528 3528 E ArmVmp : Match on catch block at 0xc3 in for 0xa9
02-20 16:24:15.203 3528 3528 E ArmVmp : Match on catch block at 0xc3 in for 0xa1
02-20 16:24:15.222 3528 3528 E ArmVmp : Match on catch block at 0xc3 in for 0xa1
02-20 16:24:15.225 3528 3528 E ArmVmp : Match on catch block at 0xc3 in for 0xa5
02-20 16:24:15.238 3528 3528 E ArmVmp : Match on catch block at 0xc3 in for 0xa5
02-20 16:24:15.242 3528 3528 E ArmVmp : Match on catch block at 0xc3 in for 0xa9
02-20 16:24:15.254 3528 3528 E ArmVmp : Match on catch block at 0xc3 in for 0xa9
02-20 16:24:15.261 3528 3528 E ArmVmp : Match on catch block at 0xc3 in for 0xa1
02-20 16:24:15.271 3528 3528 E ArmVmp : Match on catch block at 0xc3 in for 0xa1
02-20 16:24:15.278 3528 3528 E ArmVmp : Match on catch block at 0xc3 in for 0xa5
02-20 16:24:15.594 3528 3528 E ArmVmp : Match on catch block at 0xc3 in for 0xa5
02-20 16:24:15.605 3528 3528 E ArmVmp : Match on catch block at 0xc3 in for 0xa9
02-20 16:24:16.092 3528 3528 E ArmVmp : Match on catch block at 0xc3 in for 0xa9
02-20 16:24:16.111 3528 3528 E ArmVmp : Match on catch block at 0xc3 in for 0xa1
02-20 16:24:16.489 3528 3528 E ArmVmp : Match on catch block at 0xc3 in for 0xa1
02-20 16:24:16.495 3528 3528 E ArmVmp : Match on catch block at 0xc3 in for 0xa5
02-20 16:24:16.778 3528 3528 E ArmVmp : Match on catch block at 0xc3 in for 0xa5
02-20 16:24:16.793 3528 3528 E ArmVmp : Match on catch block at 0xc3 in for 0xa9
02-20 16:24:16.807 3528 3528 E ArmVmp : Match on catch block at 0xc3 in for 0xa9
02-20 16:24:16.813 3528 3528 E ArmVmp : Match on catch block at 0xc3 in for 0xa1
02-20 16:24:16.823 3528 3528 E ArmVmp : Match on catch block at 0xc3 in for 0xa1
02-20 16:24:16.831 3528 3528 E ArmVmp : Match on catch block at 0xc3 in for 0xa5
02-20 16:24:16.838 3528 3528 E ArmVmp : Match on catch block at 0xc3 in for 0xa5
02-20 16:24:16.845 3528 3528 E ArmVmp : Match on catch block at 0xc3 in for 0xa9
02-20 16:24:16.854 3528 3528 E ArmVmp : Match on catch block at 0xc3 in for 0xa9
02-20 16:24:16.857 3528 3528 E ArmVmp : Match on catch block at 0xc3 in for 0xa1
02-20 16:24:16.874 3528 3528 E ArmVmp : Match on catch block at 0xc3 in for 0xa1
02-20 16:24:16.878 3528 3528 E ArmVmp : Match on catch block at 0xc3 in for 0xa5
02-20 16:24:16.891 3528 3528 E ArmVmp : Match on catch block at 0xc3 in for 0xa5
02-20 16:24:16.898 3528 3528 E ArmVmp : Match on catch block at 0xc3 in for 0xa9
02-20 16:24:16.909 3528 3528 E ArmVmp : Match on catch block at 0xc3 in for 0xa9
02-20 16:24:16.913 3528 3528 E ArmVmp : Match on catch block at 0xc3 in for 0xa1
02-20 16:24:16.932 3528 3528 E ArmVmp : Match on catch block at 0xc3 in for 0xa5
02-20 16:24:16.936 3528 3528 E ArmVmp : Match on catch block at 0xc3 in for 0xa9
02-20 16:24:16.943 3528 3528 E ArmVmp : Match on catch block at 0xc3 in for 0xa9
02-20 16:24:16.946 3528 5292 W MediaPlayer: Use of stream types is deprecated for
operations other than volume control
02-20 16:24:16.946 3528 5292 W MediaPlayer: See the documentation of
setAudioStreamType() for what to use instead with android.media.AudioAttributes to
qualify your playback use case
02-20 16:24:16.948 3528 3528 E ArmVmp : Match on catch block at 0xc3 in for 0xa1
02-20 16:24:16.978 3528 5718 W MediaPlayerNative: info/warning (10973, 0)
02-20 16:24:17.635 3528 3528 E ArmVmp : Match on catch block at 0xc3 in for 0xa9
02-20 16:24:17.638 3528 3528 E ArmVmp : Match on catch block at 0xc3 in for 0xa1
02-20 16:24:18.089 3528 3528 E ArmVmp : Match on catch block at 0xc3 in for 0xa1
02-20 16:24:18.093 3528 3528 E ArmVmp : Match on catch block at 0xc3 in for 0xa5
02-20 16:24:18.138 3528 3528 E ArmVmp : Match on catch block at 0xc3 in for 0xa1
02-20 16:24:18.141 3528 3528 E ArmVmp : Match on catch block at 0xc3 in for 0xa5
02-20 16:24:18.406 3528 3528 E ArmVmp : Match on catch block at 0xc3 in for 0xa9
02-20 16:24:18.409 3528 3528 E ArmVmp : Match on catch block at 0xc3 in for 0xa1
02-20 16:24:18.559 3528 3528 E ArmVmp : Match on catch block at 0xc3 in for 0xa1
02-20 16:24:18.562 3528 3528 E ArmVmp : Match on catch block at 0xc3 in for 0xa5
02-20 16:24:18.593 3528 3528 E ArmVmp : Match on catch block at 0xc3 in for 0xa5
02-20 16:24:18.596 3528 3528 E ArmVmp : Match on catch block at 0xc3 in for 0xa9
02-20 16:24:18.745 3528 4157 W libEGL : EGLNativeWindowType 0x7e0b9f9010
disconnect failed
02-20 16:24:18.757 3528 3528 E ArmVmp : Match on catch block at 0xc3 in for 0xa9
02-20 16:24:18.761 3528 3528 E ArmVmp : Match on catch block at 0xc3 in for 0xa1
02-20 16:24:19.910 3528 3528 E ArmVmp : Match on catch block at 0x0a in for 0xc1
02-20 16:24:19.913 3528 3528 E ArmVmp : Match on catch block at 0x0a in for 0xc9
02-20 16:24:20.196 3528 3528 E ArmVmp : Match on catch block at 0xc3 in for 0xb9
02-20 16:24:20.199 3528 3528 E ArmVmp : Match on catch block at 0xc3 in for 0xb9
02-20 16:24:20.203 3528 3528 E ArmVmp : Match on catch block at 0xc3 in for 0xb9
02-20 16:24:20.266 3528 3528 E ArmVmp : Match on catch block at 0xc3 in for 0xa1
02-20 16:24:20.269 3528 3528 E ArmVmp : Match on catch block at 0xc3 in for 0xa5
02-20 16:24:20.271 3528 3528 E ArmVmp : Match on catch block at 0xc3 in for 0xa5
02-20 16:24:20.313 3528 3528 E ArmVmp : Match on catch block at 0xc3 in for 0xa9
02-20 16:24:20.317 3528 3528 E ArmVmp : Match on catch block at 0xc3 in for 0xa1
02-20 16:24:20.320 3528 3528 E ArmVmp : Match on catch block at 0xc3 in for 0xa1
02-20 16:24:20.389 3528 3528 E ArmVmp : Match on catch block at 0xc3 in for 0xa1
02-20 16:24:20.392 3528 3528 E ArmVmp : Match on catch block at 0xc3 in for 0xa5
02-20 16:24:20.395 3528 3528 E ArmVmp : Match on catch block at 0xc3 in for 0xa5
02-20 16:24:20.409 3528 3528 W IInputConnectionWrapper: getTextBeforeCursor on
inactive InputConnection
02-20 16:24:20.430 3528 3528 W IInputConnectionWrapper: getTextAfterCursor on
inactive InputConnection
02-20 16:24:20.678 3528 4157 W libEGL : EGLNativeWindowType 0x7e51760010
disconnect failed
02-20 16:24:20.718 3528 3528 E ArmVmp : Match on catch block at 0xc3 in for 0xa9
02-20 16:24:20.721 3528 3528 E ArmVmp : Match on catch block at 0xc3 in for 0xa1
02-20 16:24:20.747 3528 3528 E ArmVmp : Match on catch block at 0xc3 in for 0xa9
02-20 16:24:20.751 3528 3528 E ArmVmp : Match on catch block at 0xc3 in for 0xa1
02-20 16:24:20.751 3528 4157 W libEGL : EGLNativeWindowType 0x7e52613010
disconnect failed
02-20 16:24:20.768 3528 3528 E ArmVmp : Match on catch block at 0xc3 in for 0xa9
02-20 16:24:20.771 3528 3528 E ArmVmp : Match on catch block at 0xc3 in for 0xa1
02-20 16:24:20.777 3528 3528 E ArmVmp : Match on catch block at 0xc3 in for 0xa9
02-20 16:24:20.783 3528 3528 E ArmVmp : Match on catch block at 0xc3 in for 0xa1
02-20 16:24:20.792 3528 3528 E ArmVmp : Match on catch block at 0xc3 in for 0xa9
02-20 16:24:20.804 3528 3528 E ArmVmp : Match on catch block at 0xc3 in for 0xa1
02-20 16:24:20.824 3528 3528 E ArmVmp : Match on catch block at 0xc3 in for 0xa9
02-20 16:24:20.828 3528 3528 E ArmVmp : Match on catch block at 0xc3 in for 0xa1
02-20 16:24:20.857 3528 3528 E ArmVmp : Match on catch block at 0xc3 in for 0xa9
02-20 16:24:20.861 3528 3528 E ArmVmp : Match on catch block at 0xc3 in for 0xa1
02-20 16:24:20.874 3528 3528 E ArmVmp : Match on catch block at 0xc3 in for 0xa9
02-20 16:24:20.879 3528 3528 E ArmVmp : Match on catch block at 0xc3 in for 0xa1
02-20 16:24:20.890 3528 3528 E ArmVmp : Match on catch block at 0xc3 in for 0xa9
02-20 16:24:20.893 3528 3528 E ArmVmp : Match on catch block at 0xc3 in for 0xa1
02-20 16:24:20.906 3528 3528 E ArmVmp : Match on catch block at 0xc3 in for 0xa9
02-20 16:24:20.911 3528 3528 E ArmVmp : Match on catch block at 0xc3 in for 0xa1
02-20 16:24:20.922 3528 3528 E ArmVmp : Match on catch block at 0xc3 in for 0xa9
02-20 16:24:20.925 3528 3528 E ArmVmp : Match on catch block at 0xc3 in for 0xa1
02-20 16:24:20.939 3528 3528 E ArmVmp : Match on catch block at 0xc3 in for 0xa9
02-20 16:24:20.942 3528 3528 E ArmVmp : Match on catch block at 0xc3 in for 0xa1
02-20 16:24:20.952 3528 3528 E ArmVmp : Match on catch block at 0xc3 in for 0xa9
02-20 16:24:20.955 3528 3528 E ArmVmp : Match on catch block at 0xc3 in for 0xa1
02-20 16:24:20.968 3528 3528 E ArmVmp : Match on catch block at 0xc3 in for 0xa9
02-20 16:24:20.971 3528 3528 E ArmVmp : Match on catch block at 0xc3 in for 0xa1
02-20 16:24:20.985 3528 3528 E ArmVmp : Match on catch block at 0xc3 in for 0xa9
02-20 16:24:20.988 3528 3528 E ArmVmp : Match on catch block at 0xc3 in for 0xa1
02-20 16:24:21.001 3528 3528 E ArmVmp : Match on catch block at 0xc3 in for 0xa9
02-20 16:24:21.003 3528 3528 E ArmVmp : Match on catch block at 0xc3 in for 0xa1
02-20 16:24:21.017 3528 3528 E ArmVmp : Match on catch block at 0xc3 in for 0xa9
02-20 16:24:21.020 3528 3528 E ArmVmp : Match on catch block at 0xc3 in for 0xa1
02-20 16:24:21.034 3528 3528 E ArmVmp : Match on catch block at 0xc3 in for 0xa9
02-20 16:24:21.036 3528 3528 E ArmVmp : Match on catch block at 0xc3 in for 0xa1
02-20 16:24:21.050 3528 3528 E ArmVmp : Match on catch block at 0xc3 in for 0xa9
02-20 16:24:21.053 3528 3528 E ArmVmp : Match on catch block at 0xc3 in for 0xa1
02-20 16:24:21.066 3528 3528 E ArmVmp : Match on catch block at 0xc3 in for 0xa9
02-20 16:24:21.069 3528 3528 E ArmVmp : Match on catch block at 0xc3 in for 0xa1
02-20 16:24:21.082 3528 3528 E ArmVmp : Match on catch block at 0xc3 in for 0xa9
02-20 16:24:21.085 3528 3528 E ArmVmp : Match on catch block at 0xc3 in for 0xa1
02-20 16:24:21.391 3528 3528 E ArmVmp : Match on catch block at 0xc3 in for 0xa9
02-20 16:24:21.399 3528 3528 E ArmVmp : Match on catch block at 0xc3 in for 0xa1
02-20 16:24:21.895 3528 3528 E ArmVmp : Match on catch block at 0xc3 in for 0xa5
02-20 16:24:21.906 3528 3528 E ArmVmp : Match on catch block at 0xc3 in for 0xa9
02-20 16:24:22.304 3528 3528 E ArmVmp : Match on catch block at 0xc3 in for 0xa5
02-20 16:24:22.310 3528 3528 E ArmVmp : Match on catch block at 0xc3 in for 0xa9
