01-12 15:35:09.148 1671 1671 W View : requestLayout() improperly called by
com.mbwhatsapp.WaImageView{ee27ef VFED..C.. ......ID 0,0-144,144 #7f0b0b0d
app:id/gallery_btn} during layout: running second layout pass
01-12 15:35:09.148 1671 1671 W View : requestLayout() improperly called by
com.mbwhatsapp.WaImageView{76c02fc VF.D..C.. ......ID 0,0-144,144 #7f0b0a9c
app:id/flash_btn} during layout: running second layout pass
01-12 15:35:09.148 1671 1671 W View : requestLayout() improperly called by
com.mbwhatsapp.WaImageView{cce3d85 VFED..C.. ......ID 0,0-144,144 #7f0b057f
app:id/close_camera_btn} during layout: running second layout pass
01-12 15:35:09.148 1671 1671 W View : requestLayout() improperly called by
X.4Ki{46ce7da V.ED..... ......ID 0,6-1080,150} during layout: running second layout
pass
01-12 15:35:09.154 1671 1671 W View : requestLayout() improperly called by
com.mbwhatsapp.WaImageView{1e719d0 VF.D..CL. ......ID 444,1396-636,1588 #7f0b1814
app:id/shutter} during layout: running second layout pass
01-12 15:35:09.155 1671 1671 W View : requestLayout() improperly called by
com.mbwhatsapp.CircularProgressBar{238dc9 V.ED..... ......ID 444,1396-636,1588
#7f0b14fc app:id/recording_progress} during layout: running second layout pass
01-12 15:35:09.155 1671 1671 W View : requestLayout() improperly called by
com.mbwhatsapp.WaImageView{6ccccce VF.D..C.. ......ID 912,1420-1056,1564 #7f0b1976
app:id/switch_camera_btn} during layout: running second layout pass
01-12 15:35:09.155 1671 1671 W View : requestLayout() improperly called by
com.mbwhatsapp.WaImageView{ee27ef VFED..C.. ......ID 24,1420-168,1564 #7f0b0b0d
app:id/gallery_btn} during layout: running second layout pass
01-12 15:35:09.155 1671 1671 W View : requestLayout() improperly called by
com.mbwhatsapp.WaImageView{76c02fc VF.D..C.. ......ID 912,24-1056,168 #7f0b0a9c
app:id/flash_btn} during layout: running second layout pass
01-12 15:35:09.155 1671 1671 W View : requestLayout() improperly called by
com.mbwhatsapp.WaImageView{cce3d85 VFED..C.. ......ID 24,24-168,168 #7f0b057f
app:id/close_camera_btn} during layout: running second layout pass
01-12 15:35:09.451 1671 1671 W InputMethodManager: startInputReason = 1
01-12 15:35:09.516 1671 1671 W image-loader-ca: type=1400 audit(0.0:1629911):
avc: granted { create } for name=".thumbdata4--1967290299_11"
scontext=u:r:untrusted_app:s0:c223,c256,c512,c768
tcontext=u:object_r:sdcardfs:s0:c223,c256,c512,c768 tclass=file
01-12 15:35:09.545 1671 1754 W libEGL : EGLNativeWindowType 0x71c6661010
disconnect failed
01-12 15:35:09.652 1671 1671 W image-loader-ca: type=1400 audit(0.0:1629912):
avc: granted { create } for name=".thumbdata4--1967290299_11"
scontext=u:r:untrusted_app:s0:c223,c256,c512,c768
tcontext=u:object_r:sdcardfs:s0:c223,c256,c512,c768 tclass=file
01-12 15:35:09.728 1671 1671 W image-loader-me: type=1400 audit(0.0:1629913):
avc: granted { create } for name=".thumbdata4--1967290299_11"
scontext=u:r:untrusted_app:s0:c223,c256,c512,c768
tcontext=u:object_r:sdcardfs:s0:c223,c256,c512,c768 tclass=file
01-12 15:35:10.010 1671 1681 E : [ZeroHung]zrhung_get_config: Get config
failed for wp[0x0008]
01-12 15:35:10.701 1671 1671 W InputMethodManager: startInputReason = 1
01-12 15:35:10.745 1671 1918 W libEGL : EGLNativeWindowType 0x719eafb010
disconnect failed
01-12 15:35:10.975 1671 1754 W libEGL : EGLNativeWindowType 0x71712b7010
disconnect failed
01-12 15:35:11.681 1671 1671 E ArmVmp : Match on catch block at 0x0a in for
0x175
01-12 15:35:11.701 1671 1983 W HiTouch_HiTouchSensor: depended package hiTouch
does n't exist!
01-12 15:35:12.100 1671 1671 W InputMethodManager: startInputReason = 1
01-12 15:35:13.116 1671 1754 W libEGL : EGLNativeWindowType 0x7196708010
disconnect failed
01-12 15:35:13.144 1671 1671 W InputEventReceiver: Attempted to finish an input
event but the input event receiver has already been disposed.
01-12 15:35:13.145 1671 1671 W ViewRootImpl[HomeActivity]: Dropping event due to
root view being removed: MotionEvent { action=ACTION_MOVE, actionButton=0, id[0]=0,
x[0]=738.0, y[0]=1017.0, toolType[0]=TOOL_TYPE_FINGER, buttonState=0, metaState=0,
flags=0x0, edgeFlags=0x0, pointerCount=1, historySize=0, eventTime=348636065,
downTime=348636057, deviceId=6, source=0x1002 }
01-12 15:35:13.145 1671 1671 W InputEventReceiver: Attempted to finish an input
event but the input event receiver has already been disposed.
01-12 15:35:13.163 1671 1671 W InputMethodManager: startInputReason = 1
01-12 15:35:14.211 1671 1671 W View : requestLayout() improperly called by
androidx.appcompat.view.menu.ActionMenuItemView{d61752e VFED..C.. ......ID 0,0-
144,0 #7f0b0f8a app:id/menuitem_search} during layout: running second layout pass
01-12 15:35:14.212 1671 1671 W View : requestLayout() improperly called by
androidx.appcompat.widget.ActionMenuView{1d5d863 V.E...... ......ID 711,375-
1131,375} during layout: running second layout pass
01-12 15:35:14.253 1671 1671 W View : requestLayout() improperly called by
DecorView@adf11d8[HomeActivity] during second layout pass: posting in next frame
01-12 15:35:14.434 1671 1671 W com.mbwhatsapp: Accessing hidden method
Landroid/view/View;->setTransitionVisibility(I)V (dark greylist, linking)
01-12 15:35:14.456 1671 1671 W StaticLayout: maxLineHeight should not be -1.
maxLines:1 lineCount:1
01-12 15:35:14.458 1671 1671 W StaticLayout: maxLineHeight should not be -1.
maxLines:1 lineCount:1
01-12 15:35:14.790 1671 1671 W View : requestLayout() improperly called by
androidx.appcompat.view.menu.ActionMenuItemView{d61752e VFED..C.. ......ID 0,0-
144,0 #7f0b0f8a app:id/menuitem_search} during layout: running second layout pass
01-12 15:35:14.790 1671 1671 W View : requestLayout() improperly called by
androidx.appcompat.widget.ActionMenuView{1d5d863 V.E...... ......ID 831,375-
1131,375} during layout: running second layout pass
01-12 15:35:14.830 1671 1671 W View : requestLayout() improperly called by
DecorView@adf11d8[HomeActivity] during second layout pass: posting in next frame
01-12 15:35:15.021 1671 1671 W StaticLayout: maxLineHeight should not be -1.
maxLines:1 lineCount:1
01-12 15:35:15.083 1671 1671 W StaticLayout: maxLineHeight should not be -1.
maxLines:1 lineCount:1
01-12 15:35:15.084 1671 1671 W StaticLayout: maxLineHeight should not be -1.
maxLines:1 lineCount:1
01-12 15:35:15.793 1671 1671 W View : requestLayout() improperly called by
androidx.appcompat.view.menu.ActionMenuItemView{d61752e VFED..C.. ......ID 0,0-
144,0 #7f0b0f8a app:id/menuitem_search} during layout: running second layout pass
01-12 15:35:15.793 1671 1671 W View : requestLayout() improperly called by
androidx.appcompat.widget.ActionMenuView{1d5d863 V.E...... ......ID 711,375-
1131,375} during layout: running second layout pass
01-12 15:35:15.831 1671 1671 W View : requestLayout() improperly called by
DecorView@adf11d8[HomeActivity] during second layout pass: posting in next frame
01-12 15:35:16.089 1671 1671 W StaticLayout: maxLineHeight should not be -1.
maxLines:1 lineCount:1
01-12 15:35:16.092 1671 1671 W StaticLayout: maxLineHeight should not be -1.
maxLines:1 lineCount:1
01-12 15:35:16.768 1671 1671 W View : requestLayout() improperly called by
androidx.appcompat.view.menu.ActionMenuItemView{d61752e VF.D..C.. ......ID 0,0-
144,0 #7f0b0f8a app:id/menuitem_search} during layout: running second layout pass
01-12 15:35:16.768 1671 1671 W View : requestLayout() improperly called by
androidx.appcompat.widget.ActionMenuView{1d5d863 V.E...... ......ID 831,375-
1131,375} during layout: running second layout pass
01-12 15:35:16.807 1671 1671 W View : requestLayout() improperly called by
DecorView@adf11d8[HomeActivity] during second layout pass: posting in next frame
01-12 15:35:17.046 1671 1671 W StaticLayout: maxLineHeight should not be -1.
maxLines:1 lineCount:1
01-12 15:35:17.047 1671 1671 W StaticLayout: maxLineHeight should not be -1.
maxLines:1 lineCount:1
01-12 15:35:17.048 1671 1671 W StaticLayout: maxLineHeight should not be -1.
maxLines:1 lineCount:1
01-12 15:35:17.048 1671 1671 W StaticLayout: maxLineHeight should not be -1.
maxLines:1 lineCount:1
01-12 15:35:17.694 1671 1671 W View : requestLayout() improperly called by
androidx.appcompat.view.menu.ActionMenuItemView{d61752e VFED..C.. ......ID 291,0-
435,0 #7f0b0f8a app:id/menuitem_search} during layout: running second layout pass
01-12 15:35:17.694 1671 1671 W View : requestLayout() improperly called by
androidx.appcompat.widget.ActionMenuView{1d5d863 V.E...... ......ID 420,375-
1131,375} during layout: running second layout pass
01-12 15:35:17.744 1671 1671 W View : requestLayout() improperly called by
DecorView@adf11d8[HomeActivity] during second layout pass: posting in next frame
01-12 15:35:17.955 1671 1671 W StaticLayout: maxLineHeight should not be -1.
maxLines:1 lineCount:1
01-12 15:35:17.956 1671 1671 W StaticLayout: maxLineHeight should not be -1.
maxLines:1 lineCount:1
01-12 15:35:21.568 1671 1671 E ArmVmp : Match on catch block at 0x0a in for
0x175
01-12 15:35:21.599 1671 2237 W HiTouch_HiTouchSensor: depended package hiTouch
does n't exist!
01-12 15:35:21.904 1671 1671 W InputMethodManager: startInputReason = 1
01-12 15:35:23.079 1671 1754 W libEGL : EGLNativeWindowType 0x71c6615010
disconnect failed
01-12 15:35:23.150 1671 1671 W InputMethodManager: startInputReason = 1
01-12 15:35:23.170 1671 1671 W ActivityThread: handleWindowVisibility: no
activity for token android.os.BinderProxy@7257cd5
01-12 15:35:23.311 1671 2285 W HiTouch_HiTouchSensor: depended package hiTouch
does n't exist!
01-12 15:35:23.333 1671 1671 W StaticLayout: maxLineHeight should not be -1.
maxLines:1 lineCount:1
01-12 15:35:23.361 1671 1671 W InputMethodManager: startInputReason = 1
01-12 15:35:23.371 1671 1671 W View : requestLayout() improperly called by
androidx.appcompat.view.menu.ActionMenuItemView{8ab9cd9 VFED..C.. ......ID 0,12-
144,156 #7f0b0f8a app:id/menuitem_search} during layout: running second layout pass
01-12 15:35:23.371 1671 1671 W View : requestLayout() improperly called by
androidx.appcompat.widget.ActionMenuView{3b2169e V.E...... ......ID 816,0-1080,168}
during layout: running second layout pass
01-12 15:35:23.476 1671 1681 E : [ZeroHung]zrhung_get_config: Get config
failed for wp[0x0008]
01-12 15:35:23.604 1671 1754 W libEGL : EGLNativeWindowType 0x71c6660010
disconnect failed
01-12 15:35:25.014 1671 1671 W ActivityThread: handleWindowVisibility: no
activity for token android.os.BinderProxy@2884193
01-12 15:35:25.272 1671 2290 W LOTTIE : Unknown shape type rd
01-12 15:35:25.332 1671 1671 E ArmVmp : Match on catch block at 0x0a in for 0xc5
01-12 15:35:25.335 1671 1671 E ArmVmp : Match on catch block at 0x0a in for 0xc9
01-12 15:35:25.377 1671 2296 W HiTouch_HiTouchSensor: depended package hiTouch
does n't exist!
01-12 15:35:25.439 1671 1671 E ArmVmp : Match on catch block at 0xc3 in for 0xb1
01-12 15:35:25.479 1671 1671 E ArmVmp : Match on catch block at 0xc3 in for 0xb1
01-12 15:35:25.491 1671 1671 E ArmVmp : Match on catch block at 0xc3 in for 0xa1
01-12 15:35:25.494 1671 1671 E ArmVmp : Match on catch block at 0xc3 in for 0xa5
01-12 15:35:25.542 1671 1671 E ArmVmp : Match on catch block at 0xc3 in for 0xa9
01-12 15:35:25.547 1671 1671 E ArmVmp : Match on catch block at 0xc3 in for 0xa1
01-12 15:35:25.584 1671 1671 E ArmVmp : Match on catch block at 0xc3 in for 0xa1
01-12 15:35:25.589 1671 1671 E ArmVmp : Match on catch block at 0xc3 in for 0xa5
01-12 15:35:25.597 1671 1671 W InputMethodManager: startInputReason = 1
01-12 15:35:25.613 1671 1671 E ArmVmp : Match on catch block at 0xc3 in for 0xa9
01-12 15:35:25.617 1671 1671 E ArmVmp : Match on catch block at 0xc3 in for 0xa1
01-12 15:35:25.625 1671 1754 W libEGL : EGLNativeWindowType 0x71c6660010
disconnect failed
01-12 15:35:25.631 1671 1671 E ArmVmp : Match on catch block at 0xc3 in for 0xa1
01-12 15:35:25.634 1671 1671 E ArmVmp : Match on catch block at 0xc3 in for 0xa5
01-12 15:35:25.643 1671 1671 E ArmVmp : Match on catch block at 0xc3 in for 0xa5
01-12 15:35:25.648 1671 1671 E ArmVmp : Match on catch block at 0xc3 in for 0xa9
01-12 15:35:25.660 1671 1671 E ArmVmp : Match on catch block at 0xc3 in for 0xa9
01-12 15:35:25.666 1671 1671 E ArmVmp : Match on catch block at 0xc3 in for 0xa1
01-12 15:35:25.676 1671 1671 E ArmVmp : Match on catch block at 0xc3 in for 0xa1
01-12 15:35:25.679 1671 1671 E ArmVmp : Match on catch block at 0xc3 in for 0xa5
01-12 15:35:25.761 1671 1754 W libEGL : EGLNativeWindowType 0x718a1f3010
disconnect failed
01-12 15:35:25.829 1671 1671 E ArmVmp : Match on catch block at 0xc3 in for 0xa5
01-12 15:35:25.843 1671 1671 E ArmVmp : Match on catch block at 0xc3 in for 0xa9
01-12 15:35:25.856 1671 1671 E SpannableStringBuilder: SPAN_EXCLUSIVE_EXCLUSIVE
spans cannot have a zero length
01-12 15:35:25.859 1671 1671 E ArmVmp : Match on catch block at 0xc3 in for 0xa9
01-12 15:35:25.867 1671 1671 E ArmVmp : Match on catch block at 0xc3 in for 0xa1
01-12 15:35:26.116 1671 1671 E ArmVmp : Match on catch block at 0xc3 in for 0xa9
01-12 15:35:26.135 1671 1671 E ArmVmp : Match on catch block at 0xc3 in for 0xa1
01-12 15:35:26.152 1671 1671 E SpannableStringBuilder: SPAN_EXCLUSIVE_EXCLUSIVE
spans cannot have a zero length
01-12 15:35:26.159 1671 1671 E ArmVmp : Match on catch block at 0xc3 in for 0xa1
01-12 15:35:26.171 1671 1671 E ArmVmp : Match on catch block at 0xc3 in for 0xa5
01-12 15:35:26.276 1671 1671 E ArmVmp : Match on catch block at 0xc3 in for 0xa5
01-12 15:35:26.312 1671 1671 E ArmVmp : Match on catch block at 0xc3 in for 0xa9
01-12 15:35:26.349 1671 1671 E ArmVmp : Match on catch block at 0xc3 in for 0xa5
01-12 15:35:26.359 1671 1671 E ArmVmp : Match on catch block at 0xc3 in for 0xa9
01-12 15:35:26.378 1671 1671 E ArmVmp : Match on catch block at 0xc3 in for 0xa9
01-12 15:35:26.386 1671 1671 E ArmVmp : Match on catch block at 0xc3 in for 0xa1
01-12 15:35:26.406 1671 1671 E ArmVmp : Match on catch block at 0xc3 in for 0xa1
01-12 15:35:26.417 1671 1671 E ArmVmp : Match on catch block at 0xc3 in for 0xa5
01-12 15:35:26.439 1671 1671 E ArmVmp : Match on catch block at 0xc3 in for 0xa5
01-12 15:35:26.449 1671 1671 E ArmVmp : Match on catch block at 0xc3 in for 0xa9
01-12 15:35:26.473 1671 1671 E ArmVmp : Match on catch block at 0xc3 in for 0xa9
01-12 15:35:26.483 1671 1671 E ArmVmp : Match on catch block at 0xc3 in for 0xa1
01-12 15:35:26.508 1671 1671 E ArmVmp : Match on catch block at 0xc3 in for 0xa1
01-12 15:35:26.518 1671 1671 E ArmVmp : Match on catch block at 0xc3 in for 0xa5
01-12 15:35:26.670 1671 1671 E ArmVmp : Match on catch block at 0xc3 in for 0xa5
01-12 15:35:26.683 1671 1671 E ArmVmp : Match on catch block at 0xc3 in for 0xa9
01-12 15:35:27.166 1671 1671 E ArmVmp : Match on catch block at 0xc3 in for 0xa9
01-12 15:35:27.180 1671 1671 E ArmVmp : Match on catch block at 0xc3 in for 0xa1
01-12 15:35:27.663 1671 1671 E ArmVmp : Match on catch block at 0xc3 in for 0xa1
01-12 15:35:27.680 1671 1671 E ArmVmp : Match on catch block at 0xc3 in for 0xa5
01-12 15:35:27.809 1671 1671 E ArmVmp : Match on catch block at 0xc3 in for 0xa5
01-12 15:35:27.825 1671 1671 E ArmVmp : Match on catch block at 0xc3 in for 0xa9
01-12 15:35:27.844 1671 1671 E ArmVmp : Match on catch block at 0xc3 in for 0xa9
01-12 15:35:27.858 1671 1671 E ArmVmp : Match on catch block at 0xc3 in for 0xa1
01-12 15:35:27.878 1671 1671 E ArmVmp : Match on catch block at 0xc3 in for 0xa1
01-12 15:35:27.890 1671 1671 E ArmVmp : Match on catch block at 0xc3 in for 0xa5
01-12 15:35:27.907 1671 1671 E ArmVmp : Match on catch block at 0xc3 in for 0xa5
01-12 15:35:27.919 1671 1671 E ArmVmp : Match on catch block at 0xc3 in for 0xa9
01-12 15:35:27.935 1671 1671 E ArmVmp : Match on catch block at 0xc3 in for 0xa9
01-12 15:35:27.948 1671 1671 E ArmVmp : Match on catch block at 0xc3 in for 0xa1
01-12 15:35:27.964 1671 1671 E ArmVmp : Match on catch block at 0xc3 in for 0xa1
01-12 15:35:27.977 1671 1671 E ArmVmp : Match on catch block at 0xc3 in for 0xa5
01-12 15:35:27.991 1671 1671 E ArmVmp : Match on catch block at 0xc3 in for 0xa5
01-12 15:35:28.002 1671 1671 E ArmVmp : Match on catch block at 0xc3 in for 0xa9
01-12 15:35:28.020 1671 1671 E ArmVmp : Match on catch block at 0xc3 in for 0xa9
01-12 15:35:28.031 1671 1671 E ArmVmp : Match on catch block at 0xc3 in for 0xa1
01-12 15:35:28.045 1671 1671 E ArmVmp : Match on catch block at 0xc3 in for 0xa1
01-12 15:35:28.056 1671 1671 E ArmVmp : Match on catch block at 0xc3 in for 0xa5
01-12 15:35:28.073 1671 1671 E ArmVmp : Match on catch block at 0xc3 in for 0xa5
01-12 15:35:28.082 1671 1671 E ArmVmp : Match on catch block at 0xc3 in for 0xa9
01-12 15:35:28.171 1671 1671 E ArmVmp : Match on catch block at 0xc3 in for 0xa9
01-12 15:35:28.185 1671 1671 E ArmVmp : Match on catch block at 0xc3 in for 0xa1
01-12 15:35:28.667 1671 1671 E ArmVmp : Match on catch block at 0xc3 in for 0xa9
01-12 15:35:28.676 1671 1671 E ArmVmp : Match on catch block at 0xc3 in for 0xa1
01-12 15:35:29.182 1671 1671 E ArmVmp : Match on catch block at 0xc3 in for 0xa1
01-12 15:35:29.202 1671 1671 E ArmVmp : Match on catch block at 0xc3 in for 0xa5
01-12 15:35:29.429 1671 1671 E ArmVmp : Match on catch block at 0xc3 in for 0xa9
01-12 15:35:29.437 1671 1671 E ArmVmp : Match on catch block at 0xc3 in for 0xa1
01-12 15:35:29.644 1671 1671 W ViewPager: Requested offscreen page limit 0 too
small; defaulting to 1
01-12 15:35:29.683 1671 1671 E ArmVmp : Match on catch block at 0xc3 in for 0xa1
01-12 15:35:29.695 1671 1671 E ArmVmp : Match on catch block at 0xc3 in for 0xa5
01-12 15:35:29.752 1671 1671 E ArmVmp : Match on catch block at 0xc3 in for 0xa1
01-12 15:35:29.766 1671 1671 E ArmVmp : Match on catch block at 0xc3 in for 0xa5
01-12 15:35:29.801 1671 1671 E ArmVmp : Match on catch block at 0xc3 in for 0xa5
01-12 15:35:29.813 1671 1671 E ArmVmp : Match on catch block at 0xc3 in for 0xa9
01-12 15:35:29.908 1671 1671 E RecyclerView: No layout manager attached; skipping
layout
01-12 15:35:29.910 1671 1671 E ArmVmp : Match on catch block at 0xc3 in for 0xa1
01-12 15:35:29.921 1671 1671 E ArmVmp : Match on catch block at 0xc3 in for 0xa5
01-12 15:35:29.951 1671 1671 E ArmVmp : Match on catch block at 0xc3 in for 0xa5
01-12 15:35:29.959 1671 1671 E ArmVmp : Match on catch block at 0xc3 in for 0xa9
01-12 15:35:30.175 1671 1671 E RecyclerView: No layout manager attached; skipping
layout
01-12 15:35:30.179 1671 1671 E ArmVmp : Match on catch block at 0xc3 in for 0xa9
01-12 15:35:30.189 1671 1671 E ArmVmp : Match on catch block at 0xc3 in for 0xa1
01-12 15:35:30.266 1671 1671 E RecyclerView: No layout manager attached; skipping
layout
01-12 15:35:30.276 1671 1671 E ArmVmp : Match on catch block at 0xc3 in for 0xa9
01-12 15:35:30.288 1671 1671 E ArmVmp : Match on catch block at 0xc3 in for 0xa1
01-12 15:35:30.311 1671 1671 E ArmVmp : Match on catch block at 0xc3 in for 0xa1
01-12 15:35:30.321 1671 1681 E : [ZeroHung]zrhung_get_config: Get config
failed for wp[0x0008]
01-12 15:35:30.322 1671 1671 E ArmVmp : Match on catch block at 0xc3 in for 0xa5
01-12 15:35:30.517 1671 1671 E ArmVmp : Match on catch block at 0xc3 in for 0xa5
01-12 15:35:30.526 1671 1671 E ArmVmp : Match on catch block at 0xc3 in for 0xa9
01-12 15:35:30.552 1671 1671 E ArmVmp : Match on catch block at 0xc3 in for 0xa9
01-12 15:35:30.559 1671 1671 E ArmVmp : Match on catch block at 0xc3 in for 0xa1
01-12 15:35:30.580 1671 1671 E ArmVmp : Match on catch block at 0xc3 in for 0xa1
01-12 15:35:30.588 1671 1671 E ArmVmp : Match on catch block at 0xc3 in for 0xa5
01-12 15:35:30.598 1671 1671 E ArmVmp : Match on catch block at 0xc3 in for 0xa5
01-12 15:35:30.606 1671 1671 E ArmVmp : Match on catch block at 0xc3 in for 0xa9
01-12 15:35:30.650 1671 1671 E ArmVmp : Match on catch block at 0xc3 in for 0xa9
01-12 15:35:30.661 1671 1671 E ArmVmp : Match on catch block at 0xc3 in for 0xa1
01-12 15:35:30.767 1671 1671 E ArmVmp : Match on catch block at 0xc3 in for 0xa1
01-12 15:35:30.780 1671 1671 E ArmVmp : Match on catch block at 0xc3 in for 0xa5
01-12 15:35:30.814 1671 1671 E ArmVmp : Match on catch block at 0xc3 in for 0xa5
01-12 15:35:30.826 1671 1671 E ArmVmp : Match on catch block at 0xc3 in for 0xa9
01-12 15:35:31.147 1671 1671 E ArmVmp : Match on catch block at 0xc3 in for 0xa1
01-12 15:35:31.158 1671 1671 E ArmVmp : Match on catch block at 0xc3 in for 0xa5
01-12 15:35:31.261 1671 1671 E ArmVmp : Match on catch block at 0xc3 in for 0xa9
01-12 15:35:31.275 1671 1671 E ArmVmp : Match on catch block at 0xc3 in for 0xa1
01-12 15:35:31.295 1671 2308 W HiTouch_HiTouchSensor: depended package hiTouch
does n't exist!
01-12 15:35:31.442 1671 1671 E ArmVmp : Match on catch block at 0xc3 in for 0xa9
01-12 15:35:31.453 1671 1671 E ArmVmp : Match on catch block at 0xc3 in for 0xa1
01-12 15:35:31.698 1671 1671 W InputMethodManager: startInputReason = 1
01-12 15:35:31.787 1671 1671 E ArmVmp : Match on catch block at 0xc3 in for 0xa5
01-12 15:35:31.799 1671 1671 E ArmVmp : Match on catch block at 0xc3 in for 0xa9
01-12 15:35:31.867 1671 1671 E ArmVmp : Match on catch block at 0xc3 in for 0xa5
01-12 15:35:31.876 1671 1671 E ArmVmp : Match on catch block at 0xc3 in for 0xa9
01-12 15:35:31.972 1671 1671 E ArmVmp : Match on catch block at 0xc3 in for 0xa9
01-12 15:35:31.983 1671 1671 E ArmVmp : Match on catch block at 0xc3 in for 0xa1
01-12 15:35:32.066 1671 1671 E ArmVmp : Match on catch block at 0xc3 in for 0xa9
01-12 15:35:32.076 1671 1671 E ArmVmp : Match on catch block at 0xc3 in for 0xa1
01-12 15:35:32.120 1671 1671 E ArmVmp : Match on catch block at 0xc3 in for 0xa1
01-12 15:35:32.129 1671 1671 E ArmVmp : Match on catch block at 0xc3 in for 0xa5
01-12 15:35:32.217 1671 1671 E ArmVmp : Match on catch block at 0xc3 in for 0xa1
01-12 15:35:32.227 1671 1671 E ArmVmp : Match on catch block at 0xc3 in for 0xa5
01-12 15:35:32.265 1671 1671 E ArmVmp : Match on catch block at 0xc3 in for 0xa5
01-12 15:35:32.273 1671 1671 E ArmVmp : Match on catch block at 0xc3 in for 0xa9
01-12 15:35:32.346 1671 1671 E ArmVmp : Match on catch block at 0xc3 in for 0xa5
01-12 15:35:32.356 1671 1671 E ArmVmp : Match on catch block at 0xc3 in for 0xa9
01-12 15:35:33.819 1671 1671 W InputMethodManager: startInputReason = 4
01-12 15:35:34.126 1671 1671 E ArmVmp : Match on catch block at 0xc3 in for 0xa1
01-12 15:35:34.134 1671 1671 E ArmVmp : Match on catch block at 0xc3 in for 0xa5
01-12 15:35:34.182 1671 1671 E ArmVmp : Match on catch block at 0xc3 in for 0xa1
01-12 15:35:34.193 1671 1671 E ArmVmp : Match on catch block at 0xc3 in for 0xa5
01-12 15:35:35.634 1671 1671 E ArmVmp : Match on catch block at 0xc3 in for 0xa1
01-12 15:35:35.645 1671 1671 E ArmVmp : Match on catch block at 0xc3 in for 0xa5
01-12 15:35:35.689 1671 1671 E ArmVmp : Match on catch block at 0xc3 in for 0xa5
01-12 15:35:35.701 1671 1671 E ArmVmp : Match on catch block at 0xc3 in for 0xa9
01-12 15:35:35.784 1671 1671 E ArmVmp : Match on catch block at 0xc3 in for 0xa5
01-12 15:35:35.793 1671 1671 E ArmVmp : Match on catch block at 0xc3 in for 0xa9
01-12 15:35:35.837 1671 1671 E ArmVmp : Match on catch block at 0xc3 in for 0xa9
01-12 15:35:35.847 1671 1671 E ArmVmp : Match on catch block at 0xc3 in for 0xa1
01-12 15:35:35.945 1671 1671 E ArmVmp : Match on catch block at 0xc3 in for 0xa9
01-12 15:35:35.955 1671 1671 E ArmVmp : Match on catch block at 0xc3 in for 0xa1
01-12 15:35:46.199 1671 1671 E ArmVmp : Match on catch block at 0xc3 in for 0xa5
01-12 15:35:46.208 1671 1671 E ArmVmp : Match on catch block at 0xc3 in for 0xa9
01-12 15:35:46.277 1671 1671 E ArmVmp : Match on catch block at 0xc3 in for 0xa5
01-12 15:35:46.287 1671 1671 E ArmVmp : Match on catch block at 0xc3 in for 0xa9
01-12 15:35:46.393 1671 1671 E ArmVmp : Match on catch block at 0xc3 in for 0xa1
01-12 15:35:46.401 1671 1671 E ArmVmp : Match on catch block at 0xc3 in for 0xa5
01-12 15:35:47.627 1671 1754 W libEGL : EGLNativeWindowType 0x71c9bdf010
disconnect failed
01-12 15:35:47.683 1671 1671 W InputMethodManager: startInputReason = 1
01-12 15:35:47.712 1671 1671 E ArmVmp : Match on catch block at 0xc3 in for 0xa9
01-12 15:35:47.724 1671 1671 E ArmVmp : Match on catch block at 0xc3 in for 0xa1
01-12 15:35:47.750 1671 1671 E ArmVmp : Match on catch block at 0xc3 in for 0xa1
01-12 15:35:47.768 1671 1671 E ArmVmp : Match on catch block at 0xc3 in for 0xa5
01-12 15:35:47.786 1671 1671 E ArmVmp : Match on catch block at 0xc3 in for 0xa5
01-12 15:35:47.805 1671 1671 E ArmVmp : Match on catch block at 0xc3 in for 0xa9
01-12 15:35:47.830 1671 1671 E ArmVmp : Match on catch block at 0xc3 in for 0xa9
01-12 15:35:47.846 1671 1671 E ArmVmp : Match on catch block at 0xc3 in for 0xa1
01-12 15:35:47.862 1671 1671 E ArmVmp : Match on catch block at 0xc3 in for 0xa1
01-12 15:35:47.874 1671 1671 E ArmVmp : Match on catch block at 0xc3 in for 0xa5
01-12 15:35:47.888 1671 1671 E SpannableStringBuilder: SPAN_EXCLUSIVE_EXCLUSIVE
spans cannot have a zero length
01-12 15:35:47.892 1671 1671 E ArmVmp : Match on catch block at 0xc3 in for 0xa5
01-12 15:35:47.903 1671 1671 E ArmVmp : Match on catch block at 0xc3 in for 0xa9
01-12 15:35:47.930 1671 1671 E ArmVmp : Match on catch block at 0xc3 in for 0xa9
01-12 15:35:47.938 1671 1671 E ArmVmp : Match on catch block at 0xc3 in for 0xa1
01-12 15:35:47.963 1671 1671 E ArmVmp : Match on catch block at 0xc3 in for 0xa1
01-12 15:35:47.972 1671 1671 E ArmVmp : Match on catch block at 0xc3 in for 0xa5
01-12 15:35:48.196 1671 1671 E ArmVmp : Match on catch block at 0xc3 in for 0xa9
01-12 15:35:48.206 1671 1671 E ArmVmp : Match on catch block at 0xc3 in for 0xa1
01-12 15:35:48.260 1671 1671 E ArmVmp : Match on catch block at 0xc3 in for 0xa1
01-12 15:35:48.269 1671 1671 E ArmVmp : Match on catch block at 0xc3 in for 0xa5
01-12 15:35:48.306 1671 1671 E ArmVmp : Match on catch block at 0xc3 in for 0xa5
01-12 15:35:48.314 1671 1671 E ArmVmp : Match on catch block at 0xc3 in for 0xa9
01-12 15:35:48.355 1671 1671 E ArmVmp : Match on catch block at 0xc3 in for 0xa9
01-12 15:35:48.366 1671 1671 E ArmVmp : Match on catch block at 0xc3 in for 0xa1
01-12 15:35:48.394 1671 1671 E ArmVmp : Match on catch block at 0xc3 in for 0xa1
01-12 15:35:48.403 1671 1671 E ArmVmp : Match on catch block at 0xc3 in for 0xa5
01-12 15:35:48.426 1671 1671 E ArmVmp : Match on catch block at 0xc3 in for 0xa5
01-12 15:35:48.435 1671 1671 E ArmVmp : Match on catch block at 0xc3 in for 0xa9
01-12 15:35:48.471 1671 1671 E ArmVmp : Match on catch block at 0xc3 in for 0xa9
01-12 15:35:48.483 1671 1671 E ArmVmp : Match on catch block at 0xc3 in for 0xa1
01-12 15:35:48.509 1671 1671 E ArmVmp : Match on catch block at 0xc3 in for 0xa1
01-12 15:35:48.515 1671 1671 E ArmVmp : Match on catch block at 0xc3 in for 0xa5
01-12 15:35:48.538 1671 1671 E ArmVmp : Match on catch block at 0xc3 in for 0xa5
01-12 15:35:48.546 1671 1671 E ArmVmp : Match on catch block at 0xc3 in for 0xa9
01-12 15:35:48.586 1671 1671 E ArmVmp : Match on catch block at 0xc3 in for 0xa1
01-12 15:35:48.597 1671 1671 E ArmVmp : Match on catch block at 0xc3 in for 0xa5
01-12 15:35:48.620 1671 1671 E ArmVmp : Match on catch block at 0xc3 in for 0xa5
01-12 15:35:48.629 1671 1671 E ArmVmp : Match on catch block at 0xc3 in for 0xa9
01-12 15:35:48.685 1671 1671 E ArmVmp : Match on catch block at 0xc3 in for 0xa9
01-12 15:35:48.695 1671 1671 E ArmVmp : Match on catch block at 0xc3 in for 0xa1
01-12 15:35:49.038 1671 1671 W InputMethodManager: startInputReason = 1
01-12 15:35:49.068 1671 1671 E ArmVmp : Match on catch block at 0xc3 in for 0xa9
01-12 15:35:49.073 1671 1671 E ArmVmp : Match on catch block at 0xc3 in for 0xa1
01-12 15:35:49.081 1671 1671 W StaticLayout: maxLineHeight should not be -1.
maxLines:1 lineCount:1
01-12 15:35:49.101 1671 1671 W StaticLayout: maxLineHeight should not be -1.
maxLines:1 lineCount:1
01-12 15:35:49.119 1671 1671 W StaticLayout: maxLineHeight should not be -1.
maxLines:1 lineCount:1
01-12 15:35:49.312 1671 1754 W libEGL : EGLNativeWindowType 0x71ca2b3010
disconnect failed
01-12 15:35:49.318 1671 1671 E ArmVmp : Match on catch block at 0xc3 in for 0xa5
01-12 15:35:49.323 1671 1671 E ArmVmp : Match on catch block at 0xc3 in for 0xa9
01-12 15:35:51.820 1671 1671 E ArmVmp : Match on catch block at 0x0a in for
0x171
01-12 15:35:51.853 1671 2347 W HiTouch_HiTouchSensor: depended package hiTouch
does n't exist!
01-12 15:35:52.158 1671 1671 W InputMethodManager: startInputReason = 1
01-12 15:35:52.879 1671 1754 W libEGL : EGLNativeWindowType 0x71966a0010
disconnect failed
01-12 15:35:52.939 1671 1671 W InputMethodManager: startInputReason = 1
01-12 15:35:52.958 1671 1671 W ActivityThread: handleWindowVisibility: no
activity for token android.os.BinderProxy@f3d1005
01-12 15:35:53.049 1671 2349 W HiTouch_HiTouchSensor: depended package hiTouch
does n't exist!
01-12 15:35:53.068 1671 1671 W StaticLayout: maxLineHeight should not be -1.
maxLines:1 lineCount:1
01-12 15:35:53.093 1671 1671 W View : requestLayout() improperly called by
androidx.appcompat.view.menu.ActionMenuItemView{37c94c2 VFED..C.. ......ID 0,12-
144,156 #7f0b0f8a app:id/menuitem_search} during layout: running second layout pass
01-12 15:35:53.093 1671 1671 W View : requestLayout() improperly called by
androidx.appcompat.widget.ActionMenuView{16aa2d3 V.E...... ......ID 816,0-1080,168}
during layout: running second layout pass
01-12 15:35:53.095 1671 1671 W InputMethodManager: startInputReason = 1
01-12 15:35:53.321 1671 1754 W libEGL : EGLNativeWindowType 0x71697f6010
disconnect failed
01-12 15:35:54.167 1671 1671 W ActivityThread: handleWindowVisibility: no
activity for token android.os.BinderProxy@4a92fea
01-12 15:35:54.281 1671 1671 E ArmVmp : Match on catch block at 0x0a in for 0xc1
01-12 15:35:54.283 1671 1671 E ArmVmp : Match on catch block at 0x0a in for 0xc9
01-12 15:35:54.311 1671 2351 W HiTouch_HiTouchSensor: depended package hiTouch
does n't exist!
01-12 15:35:54.372 1671 1671 E ArmVmp : Match on catch block at 0xc3 in for 0xb5
01-12 15:35:54.411 1671 1671 E ArmVmp : Match on catch block at 0xc3 in for 0xb5
01-12 15:35:54.421 1671 1671 E ArmVmp : Match on catch block at 0xc3 in for 0xa9
01-12 15:35:54.424 1671 1671 E ArmVmp : Match on catch block at 0xc3 in for 0xa1
01-12 15:35:54.466 1671 1671 E ArmVmp : Match on catch block at 0xc3 in for 0xa9
01-12 15:35:54.470 1671 1671 E ArmVmp : Match on catch block at 0xc3 in for 0xa1
01-12 15:35:54.477 1671 1671 W InputMethodManager: startInputReason = 1
01-12 15:35:54.491 1671 1671 E ArmVmp : Match on catch block at 0xc3 in for 0xa5
01-12 15:35:54.494 1671 1671 E ArmVmp : Match on catch block at 0xc3 in for 0xa9
01-12 15:35:54.505 1671 1754 W libEGL : EGLNativeWindowType 0x71c689b010
disconnect failed
01-12 15:35:54.511 1671 1671 E ArmVmp : Match on catch block at 0xc3 in for 0xa9
01-12 15:35:54.515 1671 1671 E ArmVmp : Match on catch block at 0xc3 in for 0xa1
01-12 15:35:54.522 1671 1671 E ArmVmp : Match on catch block at 0xc3 in for 0xa1
01-12 15:35:54.525 1671 1671 E ArmVmp : Match on catch block at 0xc3 in for 0xa5
01-12 15:35:54.538 1671 1671 E ArmVmp : Match on catch block at 0xc3 in for 0xa5
01-12 15:35:54.542 1671 1671 E ArmVmp : Match on catch block at 0xc3 in for 0xa9
01-12 15:35:54.555 1671 1671 E ArmVmp : Match on catch block at 0xc3 in for 0xa9
01-12 15:35:54.559 1671 1671 E ArmVmp : Match on catch block at 0xc3 in for 0xa1
01-12 15:35:54.562 1671 1671 E SpannableStringBuilder: SPAN_EXCLUSIVE_EXCLUSIVE
spans cannot have a zero length
01-12 15:35:54.571 1671 1671 E ArmVmp : Match on catch block at 0xc3 in for 0xa1
01-12 15:35:54.574 1671 1671 E ArmVmp : Match on catch block at 0xc3 in for 0xa5
01-12 15:35:54.588 1671 1671 E ArmVmp : Match on catch block at 0xc3 in for 0xa5
01-12 15:35:54.590 1671 1671 E ArmVmp : Match on catch block at 0xc3 in for 0xa9
01-12 15:35:54.604 1671 1671 E ArmVmp : Match on catch block at 0xc3 in for 0xa9
01-12 15:35:54.607 1671 1671 E ArmVmp : Match on catch block at 0xc3 in for 0xa1
01-12 15:35:54.687 1671 1754 W libEGL : EGLNativeWindowType 0x7171ba5010
disconnect failed
01-12 15:35:54.940 1671 1671 E ArmVmp : Match on catch block at 0xc3 in for 0xa5
01-12 15:35:54.951 1671 1671 E ArmVmp : Match on catch block at 0xc3 in for 0xa9
01-12 15:35:54.969 1671 1671 E ArmVmp : Match on catch block at 0xc3 in for 0xa9
01-12 15:35:54.986 1671 1671 E ArmVmp : Match on catch block at 0xc3 in for 0xa1
01-12 15:35:55.008 1671 1671 E ArmVmp : Match on catch block at 0xc3 in for 0xa1
01-12 15:35:55.019 1671 1671 E ArmVmp : Match on catch block at 0xc3 in for 0xa5
01-12 15:35:55.041 1671 1671 E ArmVmp : Match on catch block at 0xc3 in for 0xa5
01-12 15:35:55.049 1671 1671 E ArmVmp : Match on catch block at 0xc3 in for 0xa9
01-12 15:35:55.142 1671 1681 E : [ZeroHung]zrhung_get_config: Get config
failed for wp[0x0008]
01-12 15:35:55.294 1671 1671 E ArmVmp : Match on catch block at 0xc3 in for 0xa9
01-12 15:35:55.304 1671 1671 E ArmVmp : Match on catch block at 0xc3 in for 0xa1
01-12 15:35:55.344 1671 1671 E ArmVmp : Match on catch block at 0xc3 in for 0xa1
01-12 15:35:55.356 1671 1671 E ArmVmp : Match on catch block at 0xc3 in for 0xa5
01-12 15:35:55.370 1671 1671 E ArmVmp : Match on catch block at 0xc3 in for 0xa5
01-12 15:35:55.380 1671 1671 E ArmVmp : Match on catch block at 0xc3 in for 0xa9
01-12 15:35:55.407 1671 1671 E ArmVmp : Match on catch block at 0xc3 in for 0xa9
01-12 15:35:55.421 1671 1671 E ArmVmp : Match on catch block at 0xc3 in for 0xa1
01-12 15:35:55.445 1671 1671 E ArmVmp : Match on catch block at 0xc3 in for 0xa5
01-12 15:35:55.457 1671 1671 E ArmVmp : Match on catch block at 0xc3 in for 0xa9
01-12 15:35:55.483 1671 1671 E ArmVmp : Match on catch block at 0xc3 in for 0xa9
01-12 15:35:55.493 1671 1671 E ArmVmp : Match on catch block at 0xc3 in for 0xa1
01-12 15:35:55.514 1671 1671 E ArmVmp : Match on catch block at 0xc3 in for 0xa1
01-12 15:35:55.524 1671 1671 E ArmVmp : Match on catch block at 0xc3 in for 0xa5
01-12 15:35:55.542 1671 1671 E ArmVmp : Match on catch block at 0xc3 in for 0xa5
01-12 15:35:55.552 1671 1671 E ArmVmp : Match on catch block at 0xc3 in for 0xa9
01-12 15:35:55.577 1671 1671 E ArmVmp : Match on catch block at 0xc3 in for 0xa9
01-12 15:35:55.588 1671 1671 E ArmVmp : Match on catch block at 0xc3 in for 0xa1
01-12 15:35:55.612 1671 1671 E ArmVmp : Match on catch block at 0xc3 in for 0xa1
01-12 15:35:55.625 1671 1671 E ArmVmp : Match on catch block at 0xc3 in for 0xa5
01-12 15:35:55.651 1671 1671 E ArmVmp : Match on catch block at 0xc3 in for 0xa5
01-12 15:35:55.659 1671 1671 E ArmVmp : Match on catch block at 0xc3 in for 0xa9
01-12 15:35:56.096 1671 1671 E ArmVmp : Match on catch block at 0xc3 in for 0xa9
01-12 15:35:56.118 1671 1671 E ArmVmp : Match on catch block at 0xc3 in for 0xa1
01-12 15:35:56.133 1671 1671 E ArmVmp : Match on catch block at 0xc3 in for 0xa1
01-12 15:35:56.151 1671 1671 E ArmVmp : Match on catch block at 0xc3 in for 0xa5
01-12 15:35:56.166 1671 1671 E ArmVmp : Match on catch block at 0xc3 in for 0xa5
01-12 15:35:56.176 1671 1671 E ArmVmp : Match on catch block at 0xc3 in for 0xa9
01-12 15:35:56.191 1671 1671 E ArmVmp : Match on catch block at 0xc3 in for 0xa9
01-12 15:35:56.199 1671 1671 E ArmVmp : Match on catch block at 0xc3 in for 0xa1
01-12 15:35:56.214 1671 1671 E ArmVmp : Match on catch block at 0xc3 in for 0xa1
01-12 15:35:56.223 1671 1671 E ArmVmp : Match on catch block at 0xc3 in for 0xa5
01-12 15:35:56.240 1671 1671 E ArmVmp : Match on catch block at 0xc3 in for 0xa5
01-12 15:35:56.250 1671 1671 E ArmVmp : Match on catch block at 0xc3 in for 0xa9
01-12 15:35:56.266 1671 1671 E ArmVmp : Match on catch block at 0xc3 in for 0xa9
01-12 15:35:56.280 1671 1671 E ArmVmp : Match on catch block at 0xc3 in for 0xa1
01-12 15:35:56.295 1671 1671 E ArmVmp : Match on catch block at 0xc3 in for 0xa1
01-12 15:35:56.307 1671 1671 E ArmVmp : Match on catch block at 0xc3 in for 0xa5
01-12 15:35:56.323 1671 1671 E ArmVmp : Match on catch block at 0xc3 in for 0xa5
01-12 15:35:56.331 1671 1671 E ArmVmp : Match on catch block at 0xc3 in for 0xa9
01-12 15:35:56.347 1671 1671 E ArmVmp : Match on catch block at 0xc3 in for 0xa9
01-12 15:35:56.358 1671 1671 E ArmVmp : Match on catch block at 0xc3 in for 0xa1
01-12 15:36:06.396 1671 1671 E ArmVmp : Match on catch block at 0xc3 in for 0xa5
01-12 15:36:06.409 1671 1671 E ArmVmp : Match on catch block at 0xc3 in for 0xa9
01-12 15:36:06.630 1671 1754 W libEGL : EGLNativeWindowType 0x71bb2bc010
disconnect failed
01-12 15:36:06.881 1671 1671 E ArmVmp : Match on catch block at 0xc3 in for 0xa9
01-12 15:36:06.897 1671 1671 E ArmVmp : Match on catch block at 0xc3 in for 0xa1
01-12 15:36:07.389 1671 1671 E ArmVmp : Match on catch block at 0xc3 in for 0xa1
01-12 15:36:07.400 1671 1671 E ArmVmp : Match on catch block at 0xc3 in for 0xa5
01-12 15:36:07.888 1671 1671 E ArmVmp : Match on catch block at 0xc3 in for 0xa9
01-12 15:36:07.904 1671 1671 E ArmVmp : Match on catch block at 0xc3 in for 0xa1
01-12 15:36:08.395 1671 1671 E ArmVmp : Match on catch block at 0xc3 in for 0xa1
01-12 15:36:08.405 1671 1671 E ArmVmp : Match on catch block at 0xc3 in for 0xa5
01-12 15:36:08.910 1671 1671 E ArmVmp : Match on catch block at 0xc3 in for 0xa9
01-12 15:36:08.922 1671 1671 E ArmVmp : Match on catch block at 0xc3 in for 0xa1
01-12 15:36:08.962 1671 1671 E ArmVmp : Match on catch block at 0xc3 in for 0xa5
01-12 15:36:08.973 1671 1671 E ArmVmp : Match on catch block at 0xc3 in for 0xa9
01-12 15:36:08.985 1671 1671 E SpannableStringBuilder: SPAN_EXCLUSIVE_EXCLUSIVE
spans cannot have a zero length
01-12 15:36:08.993 1671 1671 E ArmVmp : Match on catch block at 0xc3 in for 0xa9
01-12 15:36:09.018 1671 1671 E ArmVmp : Match on catch block at 0xc3 in for 0xa1
01-12 15:36:09.037 1671 1671 E SpannableStringBuilder: SPAN_EXCLUSIVE_EXCLUSIVE
spans cannot have a zero length
01-12 15:36:09.144 1671 1671 E ArmVmp : Match on catch block at 0xc3 in for 0xa1
01-12 15:36:09.159 1671 1671 E ArmVmp : Match on catch block at 0xc3 in for 0xa5
01-12 15:36:09.188 1671 1671 E ArmVmp : Match on catch block at 0xc3 in for 0xa1
01-12 15:36:09.213 1671 1671 E ArmVmp : Match on catch block at 0xc3 in for 0xa5
01-12 15:36:09.385 1671 1671 E ArmVmp : Match on catch block at 0xc3 in for 0xa5
01-12 15:36:09.402 1671 1671 E ArmVmp : Match on catch block at 0xc3 in for 0xa9
01-12 15:36:09.776 1671 1671 E ArmVmp : Match on catch block at 0xc3 in for 0xa9
01-12 15:36:09.791 1671 1671 E ArmVmp : Match on catch block at 0xc3 in for 0xa1
01-12 15:36:09.825 1671 1671 E ArmVmp : Match on catch block at 0xc3 in for 0xa1
01-12 15:36:09.838 1671 1671 E ArmVmp : Match on catch block at 0xc3 in for 0xa5
01-12 15:36:09.878 1671 1671 E ArmVmp : Match on catch block at 0xc3 in for 0xa9
01-12 15:36:09.896 1671 1671 E ArmVmp : Match on catch block at 0xc3 in for 0xa1
01-12 15:36:09.917 1671 1671 E ArmVmp : Match on catch block at 0xc3 in for 0xa1
01-12 15:36:09.930 1671 1671 E ArmVmp : Match on catch block at 0xc3 in for 0xa5
01-12 15:36:09.959 1671 1671 E ArmVmp : Match on catch block at 0xc3 in for 0xa5
01-12 15:36:09.972 1671 1671 E ArmVmp : Match on catch block at 0xc3 in for 0xa9
01-12 15:36:09.999 1671 1671 E ArmVmp : Match on catch block at 0xc3 in for 0xa1
01-12 15:36:10.009 1671 1671 E ArmVmp : Match on catch block at 0xc3 in for 0xa5
01-12 15:36:10.028 1671 1671 E ArmVmp : Match on catch block at 0xc3 in for 0xa5
01-12 15:36:10.038 1671 1671 E ArmVmp : Match on catch block at 0xc3 in for 0xa9
01-12 15:36:10.094 1671 1671 E ArmVmp : Match on catch block at 0xc3 in for 0xa1
01-12 15:36:10.104 1671 1671 E ArmVmp : Match on catch block at 0xc3 in for 0xa5
01-12 15:36:10.143 1671 1671 E ArmVmp : Match on catch block at 0xc3 in for 0xa9
01-12 15:36:10.163 1671 1671 E ArmVmp : Match on catch block at 0xc3 in for 0xa1
01-12 15:36:10.276 1671 1671 E ArmVmp : Match on catch block at 0xc3 in for 0xa5
01-12 15:36:10.287 1671 1671 E ArmVmp : Match on catch block at 0xc3 in for 0xa9
01-12 15:36:10.460 1671 1671 E ArmVmp : Match on catch block at 0xc3 in for 0xa1
01-12 15:36:10.470 1671 1671 E ArmVmp : Match on catch block at 0xc3 in for 0xa5
01-12 15:36:10.494 1671 1671 W InputMethodManager: startInputReason = 3
01-12 15:36:10.537 1671 1671 E ArmVmp : Match on catch block at 0xc3 in for 0xa9
01-12 15:36:10.549 1671 1671 E ArmVmp : Match on catch block at 0xc3 in for 0xa1
01-12 15:36:10.578 1671 1671 W IInputConnectionWrapper: getExtractedText on
inactive InputConnection
01-12 15:36:10.696 1671 1671 E ArmVmp : Match on catch block at 0xc3 in for 0xa1
01-12 15:36:10.712 1671 1671 E ArmVmp : Match on catch block at 0xc3 in for 0xa5
01-12 15:36:10.729 1671 1671 W IInputConnectionWrapper: getTextBeforeCursor on
inactive InputConnection
01-12 15:36:10.742 1671 1671 E ArmVmp : Match on catch block at 0xc3 in for 0xa5
01-12 15:36:10.749 1671 1671 E ArmVmp : Match on catch block at 0xc3 in for 0xa9
01-12 15:36:10.816 1671 1671 E ArmVmp : Match on catch block at 0xc3 in for 0xa5
01-12 15:36:10.827 1671 1671 E ArmVmp : Match on catch block at 0xc3 in for 0xa9
01-12 15:36:10.840 1671 1671 W IInputConnectionWrapper: getExtractedText on
inactive InputConnection
01-12 15:36:10.851 1671 1671 E ArmVmp : Match on catch block at 0xc3 in for 0xa9
01-12 15:36:10.860 1671 1671 E ArmVmp : Match on catch block at 0xc3 in for 0xa1
01-12 15:36:10.907 1671 1671 E ArmVmp : Match on catch block at 0xc3 in for 0xa1
01-12 15:36:10.918 1671 1671 E ArmVmp : Match on catch block at 0xc3 in for 0xa5
01-12 15:36:10.933 1671 1671 W IInputConnectionWrapper: getTextBeforeCursor on
inactive InputConnection
01-12 15:36:10.949 1671 1671 E ArmVmp : Match on catch block at 0xc3 in for 0xa1
01-12 15:36:10.960 1671 1671 E ArmVmp : Match on catch block at 0xc3 in for 0xa5
01-12 15:36:11.005 1671 1671 E ArmVmp : Match on catch block at 0xc3 in for 0xa1
01-12 15:36:11.014 1671 1671 E ArmVmp : Match on catch block at 0xc3 in for 0xa5
01-12 15:36:11.026 1671 1671 E SpannableStringBuilder: SPAN_EXCLUSIVE_EXCLUSIVE
spans cannot have a zero length
01-12 15:36:11.032 1671 1671 E ArmVmp : Match on catch block at 0xc3 in for 0xa5
01-12 15:36:11.051 1671 1671 E ArmVmp : Match on catch block at 0xc3 in for 0xa9
01-12 15:36:11.062 1671 1671 E SpannableStringBuilder: SPAN_EXCLUSIVE_EXCLUSIVE
spans cannot have a zero length
01-12 15:36:11.457 1671 1671 E ArmVmp : Match on catch block at 0xc3 in for 0xa9
01-12 15:36:11.478 1671 1671 E ArmVmp : Match on catch block at 0xc3 in for 0xa1
01-12 15:36:11.504 1671 1671 E ArmVmp : Match on catch block at 0xc3 in for 0xa1
01-12 15:36:11.521 1671 1671 E ArmVmp : Match on catch block at 0xc3 in for 0xa5
01-12 15:36:11.546 1671 1671 E ArmVmp : Match on catch block at 0xc3 in for 0xa5
01-12 15:36:11.569 1671 1671 E ArmVmp : Match on catch block at 0xc3 in for 0xa9
01-12 15:36:11.595 1671 1671 E ArmVmp : Match on catch block at 0xc3 in for 0xa9
01-12 15:36:11.614 1671 1671 E ArmVmp : Match on catch block at 0xc3 in for 0xa1
01-12 15:36:11.653 1671 1671 E ArmVmp : Match on catch block at 0xc3 in for 0xa5
01-12 15:36:11.667 1671 1671 E ArmVmp : Match on catch block at 0xc3 in for 0xa9
01-12 15:36:11.694 1671 1671 E ArmVmp : Match on catch block at 0xc3 in for 0xa9
01-12 15:36:11.711 1671 1671 E ArmVmp : Match on catch block at 0xc3 in for 0xa1
01-12 15:36:11.736 1671 1671 E ArmVmp : Match on catch block at 0xc3 in for 0xa5
01-12 15:36:11.748 1671 1671 E ArmVmp : Match on catch block at 0xc3 in for 0xa9
01-12 15:36:11.791 1671 1671 E ArmVmp : Match on catch block at 0xc3 in for 0xa1
01-12 15:36:11.804 1671 1671 E ArmVmp : Match on catch block at 0xc3 in for 0xa5
01-12 15:36:11.943 1671 1671 E ArmVmp : Match on catch block at 0xc3 in for 0xa9
01-12 15:36:11.967 1671 1671 E ArmVmp : Match on catch block at 0xc3 in for 0xa1
01-12 15:36:12.008 1671 1671 E ArmVmp : Match on catch block at 0xc3 in for 0xa5
01-12 15:36:12.019 1671 1671 E ArmVmp : Match on catch block at 0xc3 in for 0xa9
01-12 15:36:12.305 1671 1671 E ArmVmp : Match on catch block at 0xc3 in for 0xa1
01-12 15:36:12.317 1671 1671 E ArmVmp : Match on catch block at 0xc3 in for 0xa5
01-12 15:36:12.338 1671 1671 W InputMethodManager: startInputReason = 3
01-12 15:36:12.387 1671 1671 E ArmVmp : Match on catch block at 0xc3 in for 0xa9
01-12 15:36:12.401 1671 1671 E ArmVmp : Match on catch block at 0xc3 in for 0xa1
01-12 15:36:12.423 1671 1671 W IInputConnectionWrapper: getExtractedText on
inactive InputConnection
01-12 15:36:12.462 1671 1671 E ArmVmp : Match on catch block at 0xc3 in for 0xa5
01-12 15:36:12.473 1671 1671 E ArmVmp : Match on catch block at 0xc3 in for 0xa9
01-12 15:36:12.489 1671 1671 W IInputConnectionWrapper: getTextBeforeCursor on
inactive InputConnection
01-12 15:36:12.493 1671 1671 E ArmVmp : Match on catch block at 0xc3 in for 0xa9
01-12 15:36:12.508 1671 1671 E ArmVmp : Match on catch block at 0xc3 in for 0xa1
01-12 15:36:12.531 1671 1671 W IInputConnectionWrapper: getExtractedText on
inactive InputConnection
01-12 15:36:12.541 1671 1671 E ArmVmp : Match on catch block at 0xc3 in for 0xa1
01-12 15:36:12.554 1671 1671 E ArmVmp : Match on catch block at 0xc3 in for 0xa5
01-12 15:36:12.602 1671 1671 E ArmVmp : Match on catch block at 0xc3 in for 0xa5
01-12 15:36:12.614 1671 1671 E ArmVmp : Match on catch block at 0xc3 in for 0xa9
01-12 15:36:12.628 1671 1671 W IInputConnectionWrapper: getTextBeforeCursor on
inactive InputConnection
01-12 15:36:12.634 1671 1671 E ArmVmp : Match on catch block at 0xc3 in for 0xa9
01-12 15:36:12.646 1671 1671 E ArmVmp : Match on catch block at 0xc3 in for 0xa1
01-12 15:36:12.664 1671 1671 E SpannableStringBuilder: SPAN_EXCLUSIVE_EXCLUSIVE
spans cannot have a zero length
01-12 15:36:12.670 1671 1671 E SpannableStringBuilder: SPAN_EXCLUSIVE_EXCLUSIVE
spans cannot have a zero length
01-12 15:36:12.864 1671 1671 E ArmVmp : Match on catch block at 0xc3 in for 0xa1
01-12 15:36:12.882 1671 1671 E ArmVmp : Match on catch block at 0xc3 in for 0xa5
01-12 15:36:13.162 1671 1671 E ArmVmp : Match on catch block at 0xc3 in for 0xa1
01-12 15:36:13.174 1671 1671 E ArmVmp : Match on catch block at 0xc3 in for 0xa5
01-12 15:36:13.213 1671 1671 E ArmVmp : Match on catch block at 0xc3 in for 0xa1
01-12 15:36:13.227 1671 1671 E ArmVmp : Match on catch block at 0xc3 in for 0xa5
01-12 15:36:13.359 1671 1671 E ArmVmp : Match on catch block at 0xc3 in for 0xa5
01-12 15:36:13.370 1671 1671 E ArmVmp : Match on catch block at 0xc3 in for 0xa9
01-12 15:36:13.853 1671 1671 E ArmVmp : Match on catch block at 0xc3 in for 0xa9
01-12 15:36:13.862 1671 1671 E ArmVmp : Match on catch block at 0xc3 in for 0xa1
01-12 15:36:14.206 1671 1671 E ArmVmp : Match on catch block at 0xc3 in for 0xa1
01-12 15:36:14.218 1671 1671 E ArmVmp : Match on catch block at 0xc3 in for 0xa5
01-12 15:36:14.368 1671 1671 E ArmVmp : Match on catch block at 0xc3 in for 0xa5
01-12 15:36:14.380 1671 1671 E ArmVmp : Match on catch block at 0xc3 in for 0xa9
01-12 15:36:14.799 1671 1671 E ArmVmp : Match on catch block at 0xc3 in for 0xa9
01-12 15:36:14.812 1671 1671 E ArmVmp : Match on catch block at 0xc3 in for 0xa1
01-12 15:36:14.881 1671 1671 E ArmVmp : Match on catch block at 0xc3 in for 0xa5
01-12 15:36:14.890 1671 1671 E ArmVmp : Match on catch block at 0xc3 in for 0xa9
01-12 15:36:14.933 1671 1671 E ArmVmp : Match on catch block at 0xc3 in for 0xa5
01-12 15:36:14.941 1671 1671 E ArmVmp : Match on catch block at 0xc3 in for 0xa9
01-12 15:36:15.053 1671 1671 E ArmVmp : Match on catch block at 0xc3 in for 0xa1
01-12 15:36:15.066 1671 1671 E ArmVmp : Match on catch block at 0xc3 in for 0xa5
01-12 15:36:15.096 1671 1671 E ArmVmp : Match on catch block at 0xc3 in for 0xa9
01-12 15:36:15.110 1671 1671 E ArmVmp : Match on catch block at 0xc3 in for 0xa1
01-12 15:36:15.150 1671 1671 E ArmVmp : Match on catch block at 0xc3 in for 0xa5
01-12 15:36:15.160 1671 1671 E ArmVmp : Match on catch block at 0xc3 in for 0xa9
01-12 15:36:15.178 1671 1671 E ArmVmp : Match on catch block at 0xc3 in for 0xa1
01-12 15:36:15.187 1671 1671 E ArmVmp : Match on catch block at 0xc3 in for 0xa5
01-12 15:36:15.216 1671 1671 E ArmVmp : Match on catch block at 0xc3 in for 0xa9
01-12 15:36:15.223 1671 1671 E ArmVmp : Match on catch block at 0xc3 in for 0xa1
01-12 15:36:15.256 1671 1671 E ArmVmp : Match on catch block at 0xc3 in for 0xa1
01-12 15:36:15.269 1671 1671 E ArmVmp : Match on catch block at 0xc3 in for 0xa5
01-12 15:36:15.316 1671 1671 E ArmVmp : Match on catch block at 0xc3 in for 0xa9
01-12 15:36:15.329 1671 1671 E ArmVmp : Match on catch block at 0xc3 in for 0xa1
01-12 15:36:15.378 1671 1671 E ArmVmp : Match on catch block at 0xc3 in for 0xa5
01-12 15:36:15.387 1671 1671 E ArmVmp : Match on catch block at 0xc3 in for 0xa9
01-12 15:36:15.411 1671 1671 E ArmVmp : Match on catch block at 0xc3 in for 0xa1
01-12 15:36:15.420 1671 1671 E ArmVmp : Match on catch block at 0xc3 in for 0xa5
01-12 15:36:15.447 1671 1671 E ArmVmp : Match on catch block at 0xc3 in for 0xa9
01-12 15:36:15.458 1671 1671 E ArmVmp : Match on catch block at 0xc3 in for 0xa1
01-12 15:36:15.473 1671 1671 E ArmVmp : Match on catch block at 0xc3 in for 0xa5
01-12 15:36:15.482 1671 1671 E ArmVmp : Match on catch block at 0xc3 in for 0xa9
01-12 15:36:15.524 1671 1671 E ArmVmp : Match on catch block at 0xc3 in for 0xa5
01-12 15:36:15.533 1671 1671 E ArmVmp : Match on catch block at 0xc3 in for 0xa9
01-12 15:36:15.985 1671 1671 E ArmVmp : Match on catch block at 0xc3 in for 0xa9
01-12 15:36:16.004 1671 1671 E ArmVmp : Match on catch block at 0xc3 in for 0xa1
01-12 15:36:16.348 1671 1754 W libEGL : EGLNativeWindowType 0x7169415010
disconnect failed
01-12 15:36:16.373 1671 1671 W InputEventReceiver: Attempted to finish an input
event but the input event receiver has already been disposed.
01-12 15:36:16.463 1671 1671 E ArmVmp : Match on catch block at 0xc3 in for 0xa1
01-12 15:36:16.473 1671 1671 E ArmVmp : Match on catch block at 0xc3 in for 0xa5
01-12 15:36:16.492 1671 1671 E ArmVmp : Match on catch block at 0xc3 in for 0xa9
01-12 15:36:16.514 1671 1671 E ArmVmp : Match on catch block at 0xc3 in for 0xa1
01-12 15:36:16.908 1671 1671 E ArmVmp : Match on catch block at 0xc3 in for 0xa9
