01-12 15:36:16.925 1671 1671 E ArmVmp : Match on catch block at 0xc3 in for 0xa1
01-12 15:36:16.948 1671 1671 E ArmVmp : Match on catch block at 0xc3 in for 0xa1
01-12 15:36:16.966 1671 1671 E ArmVmp : Match on catch block at 0xc3 in for 0xa5
01-12 15:36:16.993 1671 1671 E ArmVmp : Match on catch block at 0xc3 in for 0xa9
01-12 15:36:17.007 1671 1671 E ArmVmp : Match on catch block at 0xc3 in for 0xa1
01-12 15:36:17.027 1671 1671 E ArmVmp : Match on catch block at 0xc3 in for 0xa1
01-12 15:36:17.038 1671 1671 E ArmVmp : Match on catch block at 0xc3 in for 0xa5
01-12 15:36:17.059 1671 1671 E ArmVmp : Match on catch block at 0xc3 in for 0xa5
01-12 15:36:17.069 1671 1671 E ArmVmp : Match on catch block at 0xc3 in for 0xa9
01-12 15:36:17.354 1671 1671 E ArmVmp : Match on catch block at 0xc3 in for 0xa9
01-12 15:36:17.364 1671 1671 E ArmVmp : Match on catch block at 0xc3 in for 0xa1
01-12 15:36:17.386 1671 1671 E ArmVmp : Match on catch block at 0xc3 in for 0xa1
01-12 15:36:17.396 1671 1671 E ArmVmp : Match on catch block at 0xc3 in for 0xa5
01-12 15:36:17.531 1671 1671 E ArmVmp : Match on catch block at 0xc3 in for 0xa5
01-12 15:36:17.542 1671 1671 E ArmVmp : Match on catch block at 0xc3 in for 0xa9
01-12 15:36:17.566 1671 1671 E ArmVmp : Match on catch block at 0xc3 in for 0xa1
01-12 15:36:17.577 1671 1671 E ArmVmp : Match on catch block at 0xc3 in for 0xa5
01-12 15:36:17.596 1671 1671 E ArmVmp : Match on catch block at 0xc3 in for 0xa5
01-12 15:36:17.611 1671 1671 E ArmVmp : Match on catch block at 0xc3 in for 0xa9
01-12 15:36:17.636 1671 1671 E ArmVmp : Match on catch block at 0xc3 in for 0xa9
01-12 15:36:17.650 1671 1671 E ArmVmp : Match on catch block at 0xc3 in for 0xa1
01-12 15:36:17.671 1671 1671 E ArmVmp : Match on catch block at 0xc3 in for 0xa1
01-12 15:36:17.680 1671 1671 E ArmVmp : Match on catch block at 0xc3 in for 0xa5
01-12 15:36:17.727 1671 1671 E ArmVmp : Match on catch block at 0xc3 in for 0xa5
01-12 15:36:17.733 1671 1671 E ArmVmp : Match on catch block at 0xc3 in for 0xa9
01-12 15:36:17.752 1671 1671 E ArmVmp : Match on catch block at 0xc3 in for 0xa9
01-12 15:36:17.758 1671 1671 E ArmVmp : Match on catch block at 0xc3 in for 0xa1
01-12 15:36:17.765 1671 1671 W ActivityThread: handleWindowVisibility: no
activity for token android.os.BinderProxy@68ba3eb
01-12 15:36:17.829 1671 2373 W HiTouch_HiTouchSensor: depended package hiTouch
does n't exist!
01-12 15:36:17.843 1671 1671 E ArmVmp : Match on catch block at 0xc3 in for 0xa9
01-12 15:36:17.848 1671 1671 E ArmVmp : Match on catch block at 0xc3 in for 0xa1
01-12 15:36:17.869 1671 1671 E ArmVmp : Match on catch block at 0xc3 in for 0xa5
01-12 15:36:17.874 1671 1671 E ArmVmp : Match on catch block at 0xc3 in for 0xa9
01-12 15:36:17.894 1671 1671 W View : requestLayout() improperly called by
androidx.appcompat.view.menu.ActionMenuItemView{967ac06 VFED..C.. ......ID 0,12-
144,156 #7f0b0721 app:id/create_new_group_icon} during layout: running second
layout pass
01-12 15:36:17.894 1671 1671 W View : requestLayout() improperly called by
androidx.appcompat.widget.ActionMenuView{a3242c7 V.E...... ......ID 936,0-1080,168}
during layout: running second layout pass
01-12 15:36:17.901 1671 1671 E ArmVmp : Match on catch block at 0xc3 in for 0xa1
01-12 15:36:17.906 1671 1671 E ArmVmp : Match on catch block at 0xc3 in for 0xa5
01-12 15:36:17.911 1671 1671 W InputMethodManager: startInputReason = 1
01-12 15:36:17.920 1671 1671 W View : requestLayout() improperly called by
androidx.appcompat.view.menu.ActionMenuItemView{967ac06 VFED..C.. ......ID 0,12-
144,156 #7f0b0721 app:id/create_new_group_icon} during layout: running second
layout pass
01-12 15:36:17.920 1671 1671 W View : requestLayout() improperly called by
androidx.appcompat.view.menu.ActionMenuItemView{4a940f4 VFED..C.. ......ID 144,12-
288,156 #7f0b0f8a app:id/menuitem_search} during layout: running second layout pass
01-12 15:36:17.920 1671 1671 W View : requestLayout() improperly called by
androidx.appcompat.widget.ActionMenuView{a3242c7 V.E...... ......ID 792,0-1080,168}
during layout: running second layout pass
01-12 15:36:17.922 1671 1671 E ArmVmp : Match on catch block at 0xc3 in for 0xa9
01-12 15:36:17.925 1671 1671 E ArmVmp : Match on catch block at 0xc3 in for 0xa1
01-12 15:36:17.934 1671 1671 E ArmVmp : Match on catch block at 0xc3 in for 0xa1
01-12 15:36:17.939 1671 1671 E ArmVmp : Match on catch block at 0xc3 in for 0xa5
01-12 15:36:18.025 1671 1671 W StaticLayout: maxLineHeight should not be -1.
maxLines:1 lineCount:1
01-12 15:36:18.123 1671 1671 W StaticLayout: maxLineHeight should not be -1.
maxLines:1 lineCount:1
01-12 15:36:18.139 1671 1754 W libEGL : EGLNativeWindowType 0x71c677d010
disconnect failed
01-12 15:36:18.155 1671 1671 W StaticLayout: maxLineHeight should not be -1.
maxLines:1 lineCount:1
01-12 15:36:18.156 1671 1671 W StaticLayout: maxLineHeight should not be -1.
maxLines:1 lineCount:1
01-12 15:36:19.215 1671 1671 W StaticLayout: maxLineHeight should not be -1.
maxLines:1 lineCount:1
01-12 15:36:19.236 1671 1671 W StaticLayout: maxLineHeight should not be -1.
maxLines:1 lineCount:1
01-12 15:36:19.933 1671 1671 E ArmVmp : Match on catch block at 0x0a in for 0xc9
01-12 15:36:19.942 1671 1671 E ArmVmp : Match on catch block at 0x0a in for 0xc5
01-12 15:36:19.997 1671 1671 E ArmVmp : Match on catch block at 0xc3 in for 0xa9
01-12 15:36:20.003 1671 1671 E ArmVmp : Match on catch block at 0xc3 in for 0xa1
01-12 15:36:20.020 1671 1671 E ArmVmp : Match on catch block at 0xc3 in for 0xa9
01-12 15:36:20.024 1671 1671 E ArmVmp : Match on catch block at 0xc3 in for 0xa1
01-12 15:36:20.049 1671 1671 W InputMethodManager: startInputReason = 1
01-12 15:36:20.067 1671 1671 E ArmVmp : Match on catch block at 0xc3 in for 0xa5
01-12 15:36:20.072 1671 1671 E ArmVmp : Match on catch block at 0xc3 in for 0xa9
01-12 15:36:20.116 1671 1671 E ArmVmp : Match on catch block at 0xc3 in for 0xa9
01-12 15:36:20.120 1671 1671 E ArmVmp : Match on catch block at 0xc3 in for 0xa1
01-12 15:36:20.134 1671 1671 E ArmVmp : Match on catch block at 0xc3 in for 0xa1
01-12 15:36:20.138 1671 1671 E ArmVmp : Match on catch block at 0xc3 in for 0xa5
01-12 15:36:20.170 1671 1671 E ArmVmp : Match on catch block at 0xc3 in for 0xa1
01-12 15:36:20.176 1671 1671 E ArmVmp : Match on catch block at 0xc3 in for 0xa5
01-12 15:36:20.185 1671 1671 E SpannableStringBuilder: SPAN_EXCLUSIVE_EXCLUSIVE
spans cannot have a zero length
01-12 15:36:20.192 1671 1671 E ArmVmp : Match on catch block at 0xc3 in for 0xa5
01-12 15:36:20.196 1671 1671 E ArmVmp : Match on catch block at 0xc3 in for 0xa9
01-12 15:36:20.205 1671 1671 E ArmVmp : Match on catch block at 0xc3 in for 0xa9
01-12 15:36:20.209 1671 1671 E ArmVmp : Match on catch block at 0xc3 in for 0xa1
01-12 15:36:20.217 1671 1671 E ArmVmp : Match on catch block at 0xc3 in for 0xa1
01-12 15:36:20.221 1671 1671 E ArmVmp : Match on catch block at 0xc3 in for 0xa5
01-12 15:36:20.233 1671 1671 E ArmVmp : Match on catch block at 0xc3 in for 0xa5
01-12 15:36:20.239 1671 1671 E ArmVmp : Match on catch block at 0xc3 in for 0xa9
01-12 15:36:20.250 1671 1671 E ArmVmp : Match on catch block at 0xc3 in for 0xa9
01-12 15:36:20.254 1671 1671 E ArmVmp : Match on catch block at 0xc3 in for 0xa1
01-12 15:36:20.266 1671 1671 E ArmVmp : Match on catch block at 0xc3 in for 0xa1
01-12 15:36:20.270 1671 1671 E ArmVmp : Match on catch block at 0xc3 in for 0xa5
01-12 15:36:20.282 1671 1754 W libEGL : EGLNativeWindowType 0x71c9aad010
disconnect failed
01-12 15:36:20.287 1671 1671 E ArmVmp : Match on catch block at 0xc3 in for 0xa5
01-12 15:36:20.291 1671 1671 E ArmVmp : Match on catch block at 0xc3 in for 0xa9
01-12 15:36:20.299 1671 1671 E ArmVmp : Match on catch block at 0xc3 in for 0xa9
01-12 15:36:20.304 1671 1671 E ArmVmp : Match on catch block at 0xc3 in for 0xa1
01-12 15:36:20.316 1671 1671 E ArmVmp : Match on catch block at 0xc3 in for 0xa1
01-12 15:36:20.322 1671 1671 E ArmVmp : Match on catch block at 0xc3 in for 0xa5
01-12 15:36:20.569 1671 1671 E ArmVmp : Match on catch block at 0xc3 in for 0xa1
01-12 15:36:20.586 1671 1671 E ArmVmp : Match on catch block at 0xc3 in for 0xa5
01-12 15:36:20.846 1671 1671 E ArmVmp : Match on catch block at 0xc3 in for 0xa9
01-12 15:36:20.850 1671 1671 E ArmVmp : Match on catch block at 0xc3 in for 0xa1
01-12 15:36:20.909 1671 1671 E ArmVmp : Match on catch block at 0xc3 in for 0xa1
01-12 15:36:20.914 1671 1671 E ArmVmp : Match on catch block at 0xc3 in for 0xa5
01-12 15:36:20.947 1671 1671 W InputMethodManager: startInputReason = 1
01-12 15:36:20.955 1671 1671 E ArmVmp : Match on catch block at 0xc3 in for 0xa1
01-12 15:36:20.958 1671 1671 E ArmVmp : Match on catch block at 0xc3 in for 0xa5
01-12 15:36:20.976 1671 1671 E ArmVmp : Match on catch block at 0xc3 in for 0xa1
01-12 15:36:20.979 1671 1671 E ArmVmp : Match on catch block at 0xc3 in for 0xa5
01-12 15:36:20.987 1671 1671 W StaticLayout: maxLineHeight should not be -1.
maxLines:1 lineCount:1
01-12 15:36:20.993 1671 1671 E ArmVmp : Match on catch block at 0xc3 in for 0xa5
01-12 15:36:20.998 1671 1671 E ArmVmp : Match on catch block at 0xc3 in for 0xa9
01-12 15:36:21.009 1671 1671 E ArmVmp : Match on catch block at 0xc3 in for 0xa1
01-12 15:36:21.019 1671 1671 E ArmVmp : Match on catch block at 0xc3 in for 0xa5
01-12 15:36:21.029 1671 1671 W StaticLayout: maxLineHeight should not be -1.
maxLines:1 lineCount:1
01-12 15:36:21.036 1671 1671 E ArmVmp : Match on catch block at 0xc3 in for 0xa5
01-12 15:36:21.040 1671 1671 E ArmVmp : Match on catch block at 0xc3 in for 0xa9
01-12 15:36:21.058 1671 1671 E ArmVmp : Match on catch block at 0xc3 in for 0xa9
01-12 15:36:21.062 1671 1671 E ArmVmp : Match on catch block at 0xc3 in for 0xa1
01-12 15:36:21.075 1671 1671 E ArmVmp : Match on catch block at 0xc3 in for 0xa1
01-12 15:36:21.080 1671 1671 E ArmVmp : Match on catch block at 0xc3 in for 0xa5
01-12 15:36:21.091 1671 1671 E ArmVmp : Match on catch block at 0xc3 in for 0xa5
01-12 15:36:21.097 1671 1671 E ArmVmp : Match on catch block at 0xc3 in for 0xa9
01-12 15:36:21.108 1671 1671 E ArmVmp : Match on catch block at 0xc3 in for 0xa9
01-12 15:36:21.113 1671 1671 E ArmVmp : Match on catch block at 0xc3 in for 0xa1
01-12 15:36:21.124 1671 1671 E ArmVmp : Match on catch block at 0xc3 in for 0xa1
01-12 15:36:21.130 1671 1671 E ArmVmp : Match on catch block at 0xc3 in for 0xa5
01-12 15:36:21.176 1671 1754 W libEGL : EGLNativeWindowType 0x7169420010
disconnect failed
01-12 15:36:21.182 1671 1671 E ArmVmp : Match on catch block at 0xc3 in for 0xa5
01-12 15:36:21.188 1671 1671 E ArmVmp : Match on catch block at 0xc3 in for 0xa9
01-12 15:36:21.754 1671 1671 W ActivityThread: handleWindowVisibility: no
activity for token android.os.BinderProxy@2f093aa
01-12 15:36:21.864 1671 1671 E ArmVmp : Match on catch block at 0x0a in for 0xc9
01-12 15:36:21.866 1671 1671 E ArmVmp : Match on catch block at 0x0a in for 0xc5
01-12 15:36:21.870 1671 1681 E : [ZeroHung]zrhung_get_config: Get config
failed for wp[0x0008]
01-12 15:36:21.902 1671 2379 W HiTouch_HiTouchSensor: depended package hiTouch
does n't exist!
01-12 15:36:22.012 1671 1679 W System : A resource failed to call close.
01-12 15:36:22.026 1671 1671 E ArmVmp : Match on catch block at 0xc3 in for 0xb5
01-12 15:36:22.066 1671 1671 E ArmVmp : Match on catch block at 0xc3 in for 0xb5
01-12 15:36:22.076 1671 1671 E ArmVmp : Match on catch block at 0xc3 in for 0xa1
01-12 15:36:22.079 1671 1671 E ArmVmp : Match on catch block at 0xc3 in for 0xa5
01-12 15:36:22.122 1671 1671 E ArmVmp : Match on catch block at 0xc3 in for 0xa1
01-12 15:36:22.125 1671 1671 E ArmVmp : Match on catch block at 0xc3 in for 0xa5
01-12 15:36:22.148 1671 1671 E ArmVmp : Match on catch block at 0xc3 in for 0xa5
01-12 15:36:22.153 1671 1671 E ArmVmp : Match on catch block at 0xc3 in for 0xa9
01-12 15:36:22.179 1671 1671 E ArmVmp : Match on catch block at 0xc3 in for 0xa1
01-12 15:36:22.182 1671 1671 E ArmVmp : Match on catch block at 0xc3 in for 0xa5
01-12 15:36:22.191 1671 1671 W InputMethodManager: startInputReason = 1
01-12 15:36:22.201 1671 1671 E ArmVmp : Match on catch block at 0xc3 in for 0xa5
01-12 15:36:22.205 1671 1671 E ArmVmp : Match on catch block at 0xc3 in for 0xa9
01-12 15:36:22.218 1671 1671 E ArmVmp : Match on catch block at 0xc3 in for 0xa1
01-12 15:36:22.221 1671 1671 E ArmVmp : Match on catch block at 0xc3 in for 0xa5
01-12 15:36:22.229 1671 1671 E ArmVmp : Match on catch block at 0xc3 in for 0xa1
01-12 15:36:22.232 1671 1671 E ArmVmp : Match on catch block at 0xc3 in for 0xa5
01-12 15:36:22.246 1671 1671 E ArmVmp : Match on catch block at 0xc3 in for 0xa5
01-12 15:36:22.252 1671 1671 E ArmVmp : Match on catch block at 0xc3 in for 0xa9
01-12 15:36:22.256 1671 1671 E SpannableStringBuilder: SPAN_EXCLUSIVE_EXCLUSIVE
spans cannot have a zero length
01-12 15:36:22.262 1671 1671 E ArmVmp : Match on catch block at 0xc3 in for 0xa9
01-12 15:36:22.266 1671 1671 E ArmVmp : Match on catch block at 0xc3 in for 0xa1
01-12 15:36:22.354 1671 1754 W libEGL : EGLNativeWindowType 0x716e71c010
disconnect failed
01-12 15:36:22.714 1671 1671 E ArmVmp : Match on catch block at 0xc3 in for 0xa5
01-12 15:36:22.729 1671 1671 E ArmVmp : Match on catch block at 0xc3 in for 0xa9
01-12 15:36:22.747 1671 1671 E ArmVmp : Match on catch block at 0xc3 in for 0xa1
01-12 15:36:22.757 1671 1671 E ArmVmp : Match on catch block at 0xc3 in for 0xa5
01-12 15:36:22.780 1671 1671 E ArmVmp : Match on catch block at 0xc3 in for 0xa9
01-12 15:36:22.790 1671 1671 E ArmVmp : Match on catch block at 0xc3 in for 0xa1
01-12 15:36:22.811 1671 1671 E ArmVmp : Match on catch block at 0xc3 in for 0xa5
01-12 15:36:22.822 1671 1671 E ArmVmp : Match on catch block at 0xc3 in for 0xa9
01-12 15:36:22.846 1671 1671 E ArmVmp : Match on catch block at 0xc3 in for 0xa1
01-12 15:36:22.857 1671 1671 E ArmVmp : Match on catch block at 0xc3 in for 0xa5
01-12 15:36:22.883 1671 1671 E ArmVmp : Match on catch block at 0xc3 in for 0xa9
01-12 15:36:22.895 1671 1671 E ArmVmp : Match on catch block at 0xc3 in for 0xa1
01-12 15:36:22.914 1671 1671 E ArmVmp : Match on catch block at 0xc3 in for 0xa5
01-12 15:36:22.926 1671 1671 E ArmVmp : Match on catch block at 0xc3 in for 0xa9
01-12 15:36:22.947 1671 1671 E ArmVmp : Match on catch block at 0xc3 in for 0xa1
01-12 15:36:22.960 1671 1671 E ArmVmp : Match on catch block at 0xc3 in for 0xa5
01-12 15:36:22.980 1671 1671 E ArmVmp : Match on catch block at 0xc3 in for 0xa9
01-12 15:36:22.991 1671 1671 E ArmVmp : Match on catch block at 0xc3 in for 0xa1
01-12 15:36:23.011 1671 1671 E ArmVmp : Match on catch block at 0xc3 in for 0xa5
01-12 15:36:23.021 1671 1671 E ArmVmp : Match on catch block at 0xc3 in for 0xa9
01-12 15:36:23.042 1671 1671 E ArmVmp : Match on catch block at 0xc3 in for 0xa1
01-12 15:36:23.051 1671 1671 E ArmVmp : Match on catch block at 0xc3 in for 0xa5
01-12 15:36:23.071 1671 1671 E ArmVmp : Match on catch block at 0xc3 in for 0xa9
01-12 15:36:23.082 1671 1671 E ArmVmp : Match on catch block at 0xc3 in for 0xa1
01-12 15:36:23.272 1671 1671 E ArmVmp : Match on catch block at 0xc3 in for 0xa1
01-12 15:36:23.283 1671 1671 E ArmVmp : Match on catch block at 0xc3 in for 0xa5
01-12 15:36:23.330 1671 1671 E ArmVmp : Match on catch block at 0xc3 in for 0xa5
01-12 15:36:23.343 1671 1671 E ArmVmp : Match on catch block at 0xc3 in for 0xa9
01-12 15:36:23.427 1671 1671 E ArmVmp : Match on catch block at 0xc3 in for 0xa1
01-12 15:36:23.441 1671 1671 E ArmVmp : Match on catch block at 0xc3 in for 0xa5
01-12 15:36:23.495 1671 1671 E ArmVmp : Match on catch block at 0xc3 in for 0xa9
01-12 15:36:23.505 1671 1671 E ArmVmp : Match on catch block at 0xc3 in for 0xa1
01-12 15:36:23.533 1671 1671 E ArmVmp : Match on catch block at 0xc3 in for 0xa5
01-12 15:36:23.547 1671 1671 E ArmVmp : Match on catch block at 0xc3 in for 0xa9
01-12 15:36:23.573 1671 1671 E ArmVmp : Match on catch block at 0xc3 in for 0xa1
01-12 15:36:23.585 1671 1671 E ArmVmp : Match on catch block at 0xc3 in for 0xa5
01-12 15:36:23.605 1671 1671 E ArmVmp : Match on catch block at 0xc3 in for 0xa9
01-12 15:36:23.615 1671 1671 E ArmVmp : Match on catch block at 0xc3 in for 0xa1
01-12 15:36:23.644 1671 1671 E ArmVmp : Match on catch block at 0xc3 in for 0xa1
01-12 15:36:23.656 1671 1671 E ArmVmp : Match on catch block at 0xc3 in for 0xa5
01-12 15:36:23.710 1671 1671 E ArmVmp : Match on catch block at 0xc3 in for 0xa9
01-12 15:36:23.726 1671 1671 E ArmVmp : Match on catch block at 0xc3 in for 0xa1
01-12 15:36:23.754 1671 1671 E ArmVmp : Match on catch block at 0xc3 in for 0xa5
01-12 15:36:23.765 1671 1671 E ArmVmp : Match on catch block at 0xc3 in for 0xa9
01-12 15:36:23.791 1671 1671 E ArmVmp : Match on catch block at 0xc3 in for 0xa1
01-12 15:36:23.802 1671 1671 E ArmVmp : Match on catch block at 0xc3 in for 0xa5
01-12 15:36:23.832 1671 1671 E ArmVmp : Match on catch block at 0xc3 in for 0xa9
01-12 15:36:23.842 1671 1671 E ArmVmp : Match on catch block at 0xc3 in for 0xa1
01-12 15:36:23.858 1671 1671 E ArmVmp : Match on catch block at 0xc3 in for 0xa9
01-12 15:36:23.869 1671 1671 E ArmVmp : Match on catch block at 0xc3 in for 0xa1
01-12 15:36:23.939 1671 1754 W libEGL : EGLNativeWindowType 0x7169476010
disconnect failed
01-12 15:36:24.048 1671 1671 W ViewPager: Requested offscreen page limit 0 too
small; defaulting to 1
01-12 15:36:24.075 1671 1671 E ArmVmp : Match on catch block at 0xc3 in for 0xa5
01-12 15:36:24.089 1671 1671 E ArmVmp : Match on catch block at 0xc3 in for 0xa9
01-12 15:36:24.257 1671 1671 E RecyclerView: No layout manager attached; skipping
layout
01-12 15:36:24.260 1671 1671 E ArmVmp : Match on catch block at 0xc3 in for 0xa1
01-12 15:36:24.270 1671 1671 E ArmVmp : Match on catch block at 0xc3 in for 0xa5
01-12 15:36:24.342 1671 1671 E RecyclerView: No layout manager attached; skipping
layout
01-12 15:36:24.345 1671 1671 E ArmVmp : Match on catch block at 0xc3 in for 0xa5
01-12 15:36:24.356 1671 1671 E ArmVmp : Match on catch block at 0xc3 in for 0xa9
01-12 15:36:24.378 1671 1671 E ArmVmp : Match on catch block at 0xc3 in for 0xa9
01-12 15:36:24.389 1671 1671 E ArmVmp : Match on catch block at 0xc3 in for 0xa1
01-12 15:36:24.517 1671 1671 E ArmVmp : Match on catch block at 0xc3 in for 0xa1
01-12 15:36:24.528 1671 1671 E ArmVmp : Match on catch block at 0xc3 in for 0xa5
01-12 15:36:24.587 1671 1671 E ArmVmp : Match on catch block at 0xc3 in for 0xa5
01-12 15:36:24.604 1671 1671 E ArmVmp : Match on catch block at 0xc3 in for 0xa9
01-12 15:36:24.633 1671 1671 E ArmVmp : Match on catch block at 0xc3 in for 0xa9
01-12 15:36:24.647 1671 1671 E ArmVmp : Match on catch block at 0xc3 in for 0xa1
01-12 15:36:24.673 1671 1671 E ArmVmp : Match on catch block at 0xc3 in for 0xa1
01-12 15:36:24.685 1671 1671 E ArmVmp : Match on catch block at 0xc3 in for 0xa5
01-12 15:36:24.742 1671 1671 E ArmVmp : Match on catch block at 0xc3 in for 0xa5
01-12 15:36:24.755 1671 1671 E ArmVmp : Match on catch block at 0xc3 in for 0xa9
01-12 15:36:24.821 1671 1671 E ArmVmp : Match on catch block at 0xc3 in for 0xa9
01-12 15:36:24.832 1671 1671 E ArmVmp : Match on catch block at 0xc3 in for 0xa1
01-12 15:36:24.869 1671 1671 E ArmVmp : Match on catch block at 0xc3 in for 0xa1
01-12 15:36:24.880 1671 1671 E ArmVmp : Match on catch block at 0xc3 in for 0xa5
01-12 15:36:25.404 1671 1671 E ArmVmp : Match on catch block at 0xc3 in for 0xa5
01-12 15:36:25.418 1671 1671 E ArmVmp : Match on catch block at 0xc3 in for 0xa9
01-12 15:36:25.571 1671 1671 E ArmVmp : Match on catch block at 0xc3 in for 0xa5
01-12 15:36:25.585 1671 1671 E ArmVmp : Match on catch block at 0xc3 in for 0xa9
01-12 15:36:25.608 1671 2381 W HiTouch_HiTouchSensor: depended package hiTouch
does n't exist!
01-12 15:36:25.720 1671 1671 E ArmVmp : Match on catch block at 0xc3 in for 0xa5
01-12 15:36:25.733 1671 1671 E ArmVmp : Match on catch block at 0xc3 in for 0xa9
01-12 15:36:25.979 1671 1671 E ArmVmp : Match on catch block at 0xc3 in for 0xa1
01-12 15:36:25.994 1671 1671 E ArmVmp : Match on catch block at 0xc3 in for 0xa5
01-12 15:36:26.056 1671 1671 W InputMethodManager: startInputReason = 1
01-12 15:36:26.115 1671 1671 E ArmVmp : Match on catch block at 0xc3 in for 0xa5
01-12 15:36:26.127 1671 1671 E ArmVmp : Match on catch block at 0xc3 in for 0xa9
01-12 15:36:26.224 1671 1671 E ArmVmp : Match on catch block at 0xc3 in for 0xa5
01-12 15:36:26.239 1671 1671 E ArmVmp : Match on catch block at 0xc3 in for 0xa9
01-12 15:36:26.283 1671 1671 E ArmVmp : Match on catch block at 0xc3 in for 0xa9
01-12 15:36:26.303 1671 1671 E ArmVmp : Match on catch block at 0xc3 in for 0xa1
01-12 15:36:26.386 1671 1671 E ArmVmp : Match on catch block at 0xc3 in for 0xa9
01-12 15:36:26.402 1671 1671 E ArmVmp : Match on catch block at 0xc3 in for 0xa1
01-12 15:36:26.443 1671 1671 E ArmVmp : Match on catch block at 0xc3 in for 0xa1
01-12 15:36:26.457 1671 1671 E ArmVmp : Match on catch block at 0xc3 in for 0xa5
01-12 15:36:26.520 1671 1671 E ArmVmp : Match on catch block at 0xc3 in for 0xa1
01-12 15:36:26.533 1671 1671 E ArmVmp : Match on catch block at 0xc3 in for 0xa5
01-12 15:36:26.703 1671 1671 W InputMethodManager: startInputReason = 4
01-12 15:36:27.219 1671 1671 E ArmVmp : Match on catch block at 0xc3 in for 0xa9
01-12 15:36:27.242 1671 1671 E ArmVmp : Match on catch block at 0xc3 in for 0xa1
01-12 15:36:27.319 1671 1671 E ArmVmp : Match on catch block at 0xc3 in for 0xa9
01-12 15:36:27.336 1671 1671 E ArmVmp : Match on catch block at 0xc3 in for 0xa1
01-12 15:36:27.700 1671 1754 W libEGL : EGLNativeWindowType 0x7168b5b010
disconnect failed
01-12 15:36:28.633 1671 1671 E ArmVmp : Match on catch block at 0xc3 in for 0xa5
01-12 15:36:28.645 1671 1671 E ArmVmp : Match on catch block at 0xc3 in for 0xa9
01-12 15:36:28.690 1671 1671 E ArmVmp : Match on catch block at 0xc3 in for 0xa9
01-12 15:36:28.703 1671 1671 E ArmVmp : Match on catch block at 0xc3 in for 0xa1
01-12 15:36:28.790 1671 1671 E ArmVmp : Match on catch block at 0xc3 in for 0xa9
01-12 15:36:28.809 1671 1671 E ArmVmp : Match on catch block at 0xc3 in for 0xa1
01-12 15:36:28.854 1671 1671 E ArmVmp : Match on catch block at 0xc3 in for 0xa1
01-12 15:36:28.872 1671 1671 E ArmVmp : Match on catch block at 0xc3 in for 0xa5
01-12 15:36:28.946 1671 1671 E ArmVmp : Match on catch block at 0xc3 in for 0xa1
01-12 15:36:28.958 1671 1671 E ArmVmp : Match on catch block at 0xc3 in for 0xa5
01-12 15:36:29.675 1671 1754 W libEGL : EGLNativeWindowType 0x71c69f8010
disconnect failed
01-12 15:36:29.856 1671 1671 E ArmVmp : Match on catch block at 0xc3 in for 0xa1
01-12 15:36:29.875 1671 1671 E ArmVmp : Match on catch block at 0xc3 in for 0xa5
01-12 15:36:29.920 1671 1671 W InputMethodManager: startInputReason = 1
01-12 15:36:29.942 1671 1671 E ArmVmp : Match on catch block at 0xc3 in for 0xa1
01-12 15:36:29.959 1671 1671 E ArmVmp : Match on catch block at 0xc3 in for 0xa5
01-12 15:36:30.018 1671 1671 E ArmVmp : Match on catch block at 0xc3 in for 0xa5
01-12 15:36:30.031 1671 1671 E ArmVmp : Match on catch block at 0xc3 in for 0xa9
01-12 15:36:30.101 1671 1671 W InputMethodManager: startInputReason = 3
01-12 15:36:30.134 1671 1671 W InputMethodManager: startInputReason = 3
01-12 15:36:30.182 1671 1671 E ArmVmp : Match on catch block at 0xc3 in for 0xa1
01-12 15:36:30.194 1671 1671 E ArmVmp : Match on catch block at 0xc3 in for 0xa5
01-12 15:36:30.254 1671 1671 W IInputConnectionWrapper: getExtractedText on
inactive InputConnection
01-12 15:36:30.332 1671 1671 E ArmVmp : Match on catch block at 0xc3 in for 0xa5
01-12 15:36:30.348 1671 1671 E ArmVmp : Match on catch block at 0xc3 in for 0xa9
01-12 15:36:30.441 1671 1671 E ArmVmp : Match on catch block at 0xc3 in for 0xa5
01-12 15:36:30.456 1671 1671 E ArmVmp : Match on catch block at 0xc3 in for 0xa9
01-12 15:36:30.484 1671 1671 W InputMethodManager: startInputReason = 3
01-12 15:36:30.511 1671 1671 W InputMethodManager: startInputReason = 3
01-12 15:36:30.569 1671 1671 E ArmVmp : Match on catch block at 0xc3 in for 0xa1
01-12 15:36:30.585 1671 1671 E ArmVmp : Match on catch block at 0xc3 in for 0xa5
01-12 15:36:30.608 1671 1671 W IInputConnectionWrapper: getTextBeforeCursor on
inactive InputConnection
01-12 15:36:30.620 1671 1671 E ArmVmp : Match on catch block at 0xc3 in for 0xa5
01-12 15:36:30.632 1671 1671 E ArmVmp : Match on catch block at 0xc3 in for 0xa9
01-12 15:36:30.707 1671 1671 E ArmVmp : Match on catch block at 0xc3 in for 0xa9
01-12 15:36:30.721 1671 1671 E ArmVmp : Match on catch block at 0xc3 in for 0xa1
01-12 15:36:30.749 1671 1671 W InputMethodManager: startInputReason = 3
01-12 15:36:30.763 1671 1671 W InputMethodManager: startInputReason = 3
01-12 15:36:30.779 1671 1671 E ArmVmp : Match on catch block at 0xc3 in for 0xa5
01-12 15:36:30.790 1671 1671 E ArmVmp : Match on catch block at 0xc3 in for 0xa9
01-12 15:36:30.829 1671 1671 E ArmVmp : Match on catch block at 0xc3 in for 0xa9
01-12 15:36:30.842 1671 1671 E ArmVmp : Match on catch block at 0xc3 in for 0xa1
01-12 15:36:30.861 1671 1671 W IInputConnectionWrapper: getExtractedText on
inactive InputConnection
01-12 15:36:30.887 1671 1671 E ArmVmp : Match on catch block at 0xc3 in for 0xa1
01-12 15:36:30.899 1671 1671 E ArmVmp : Match on catch block at 0xc3 in for 0xa5
01-12 15:36:30.974 1671 1671 E ArmVmp : Match on catch block at 0xc3 in for 0xa1
01-12 15:36:30.986 1671 1671 E ArmVmp : Match on catch block at 0xc3 in for 0xa5
01-12 15:36:31.013 1671 1671 W InputMethodManager: startInputReason = 3
01-12 15:36:31.045 1671 1671 W InputMethodManager: startInputReason = 3
01-12 15:36:31.104 1671 1671 E ArmVmp : Match on catch block at 0xc3 in for 0xa9
01-12 15:36:31.117 1671 1671 E ArmVmp : Match on catch block at 0xc3 in for 0xa1
01-12 15:36:31.164 1671 1671 E ArmVmp : Match on catch block at 0xc3 in for 0xa9
01-12 15:36:31.177 1671 1671 E ArmVmp : Match on catch block at 0xc3 in for 0xa1
01-12 15:36:31.190 1671 1671 W IInputConnectionWrapper: getTextBeforeCursor on
inactive InputConnection
01-12 15:36:31.236 1671 1671 E ArmVmp : Match on catch block at 0xc3 in for 0xa1
01-12 15:36:31.253 1671 1671 E ArmVmp : Match on catch block at 0xc3 in for 0xa5
01-12 15:36:31.280 1671 1671 E ArmVmp : Match on catch block at 0xc3 in for 0xa1
01-12 15:36:31.295 1671 1671 E ArmVmp : Match on catch block at 0xc3 in for 0xa5
01-12 15:36:31.360 1671 1671 E ArmVmp : Match on catch block at 0xc3 in for 0xa9
01-12 15:36:31.377 1671 1671 E ArmVmp : Match on catch block at 0xc3 in for 0xa1
01-12 15:36:31.406 1671 1671 W InputMethodManager: startInputReason = 3
01-12 15:36:31.437 1671 1671 W InputMethodManager: startInputReason = 3
01-12 15:36:31.467 1671 1671 E ArmVmp : Match on catch block at 0xc3 in for 0xa5
01-12 15:36:31.479 1671 1671 E ArmVmp : Match on catch block at 0xc3 in for 0xa9
01-12 15:36:31.520 1671 1671 E ArmVmp : Match on catch block at 0xc3 in for 0xa5
01-12 15:36:31.532 1671 1671 E ArmVmp : Match on catch block at 0xc3 in for 0xa9
01-12 15:36:31.632 1671 1671 E ArmVmp : Match on catch block at 0xc3 in for 0xa9
01-12 15:36:31.645 1671 1671 E ArmVmp : Match on catch block at 0xc3 in for 0xa1
01-12 15:36:31.671 1671 1671 W IInputConnectionWrapper: getExtractedText on
inactive InputConnection
01-12 15:36:31.718 1671 1671 E ArmVmp : Match on catch block at 0xc3 in for 0xa1
01-12 15:36:31.734 1671 1671 E ArmVmp : Match on catch block at 0xc3 in for 0xa5
01-12 15:36:31.756 1671 1671 W InputMethodManager: startInputReason = 3
01-12 15:36:31.781 1671 1671 W InputMethodManager: startInputReason = 3
01-12 15:36:31.803 1671 1671 E ArmVmp : Match on catch block at 0xc3 in for 0xa9
01-12 15:36:31.815 1671 1671 E ArmVmp : Match on catch block at 0xc3 in for 0xa1
01-12 15:36:31.847 1671 1671 E ArmVmp : Match on catch block at 0xc3 in for 0xa5
01-12 15:36:31.856 1671 1671 E ArmVmp : Match on catch block at 0xc3 in for 0xa9
01-12 15:36:31.866 1671 1671 W IInputConnectionWrapper: getTextBeforeCursor on
inactive InputConnection
01-12 15:36:31.868 1671 1671 W InputMethodManager: startInputReason = 3
01-12 15:36:31.878 1671 1671 W InputMethodManager: startInputReason = 3
01-12 15:36:31.898 1671 1671 E ArmVmp : Match on catch block at 0xc3 in for 0xa1
01-12 15:36:31.911 1671 1671 E ArmVmp : Match on catch block at 0xc3 in for 0xa5
01-12 15:36:31.960 1671 1671 E ArmVmp : Match on catch block at 0xc3 in for 0xa9
01-12 15:36:31.971 1671 1671 E ArmVmp : Match on catch block at 0xc3 in for 0xa1
01-12 15:36:32.014 1671 1671 E ArmVmp : Match on catch block at 0xc3 in for 0xa1
01-12 15:36:32.027 1671 1671 E ArmVmp : Match on catch block at 0xc3 in for 0xa5
01-12 15:36:32.051 1671 1671 E ArmVmp : Match on catch block at 0xc3 in for 0xa9
01-12 15:36:32.061 1671 1671 E ArmVmp : Match on catch block at 0xc3 in for 0xa1
01-12 15:36:32.078 1671 1671 W IInputConnectionWrapper: getExtractedText on
inactive InputConnection
01-12 15:36:32.083 1671 1671 W InputMethodManager: startInputReason = 3
01-12 15:36:32.110 1671 1671 W InputMethodManager: startInputReason = 3
01-12 15:36:32.127 1671 1671 E ArmVmp : Match on catch block at 0xc3 in for 0xa5
01-12 15:36:32.142 1671 1671 E ArmVmp : Match on catch block at 0xc3 in for 0xa9
01-12 15:36:32.189 1671 1671 E ArmVmp : Match on catch block at 0xc3 in for 0xa9
01-12 15:36:32.201 1671 1671 E ArmVmp : Match on catch block at 0xc3 in for 0xa1
01-12 15:36:32.224 1671 1671 W IInputConnectionWrapper: getTextBeforeCursor on
inactive InputConnection
01-12 15:36:32.226 1671 1671 W InputMethodManager: startInputReason = 3
01-12 15:36:32.237 1671 1671 W InputMethodManager: startInputReason = 3
01-12 15:36:32.263 1671 1671 E ArmVmp : Match on catch block at 0xc3 in for 0xa9
01-12 15:36:32.283 1671 1671 E ArmVmp : Match on catch block at 0xc3 in for 0xa1
01-12 15:36:32.311 1671 1671 E ArmVmp : Match on catch block at 0xc3 in for 0xa9
01-12 15:36:32.325 1671 1671 E ArmVmp : Match on catch block at 0xc3 in for 0xa1
01-12 15:36:32.361 1671 1671 E ArmVmp : Match on catch block at 0xc3 in for 0xa9
01-12 15:36:32.374 1671 1671 E ArmVmp : Match on catch block at 0xc3 in for 0xa1
01-12 15:36:32.411 1671 1671 E ArmVmp : Match on catch block at 0xc3 in for 0xa1
01-12 15:36:32.426 1671 1671 E ArmVmp : Match on catch block at 0xc3 in for 0xa5
01-12 15:36:32.447 1671 1671 W IInputConnectionWrapper: getExtractedText on
inactive InputConnection
01-12 15:36:32.455 1671 1671 E ArmVmp : Match on catch block at 0xc3 in for 0xa1
01-12 15:36:32.466 1671 1671 E ArmVmp : Match on catch block at 0xc3 in for 0xa5
01-12 15:36:32.507 1671 1671 E ArmVmp : Match on catch block at 0xc3 in for 0xa5
01-12 15:36:32.519 1671 1671 E ArmVmp : Match on catch block at 0xc3 in for 0xa9
01-12 15:36:32.536 1671 1671 W IInputConnectionWrapper: getTextBeforeCursor on
inactive InputConnection
01-12 15:36:32.557 1671 1671 E ArmVmp : Match on catch block at 0xc3 in for 0xa1
01-12 15:36:32.569 1671 1671 E ArmVmp : Match on catch block at 0xc3 in for 0xa5
01-12 15:36:32.607 1671 1671 E ArmVmp : Match on catch block at 0xc3 in for 0xa1
01-12 15:36:32.621 1671 1671 E ArmVmp : Match on catch block at 0xc3 in for 0xa5
01-12 15:36:32.644 1671 1671 W IInputConnectionWrapper: getExtractedText on
inactive InputConnection
01-12 15:36:32.676 1671 1671 E ArmVmp : Match on catch block at 0xc3 in for 0xa5
01-12 15:36:32.695 1671 1671 E ArmVmp : Match on catch block at 0xc3 in for 0xa9
01-12 15:36:32.745 1671 1671 E ArmVmp : Match on catch block at 0xc3 in for 0xa5
01-12 15:36:32.758 1671 1671 E ArmVmp : Match on catch block at 0xc3 in for 0xa9
01-12 15:36:32.771 1671 1671 W IInputConnectionWrapper: getTextBeforeCursor on
inactive InputConnection
01-12 15:36:32.797 1671 1671 E ArmVmp : Match on catch block at 0xc3 in for 0xa9
01-12 15:36:32.815 1671 1671 E ArmVmp : Match on catch block at 0xc3 in for 0xa1
01-12 15:36:32.850 1671 1671 E ArmVmp : Match on catch block at 0xc3 in for 0xa9
01-12 15:36:32.862 1671 1671 E ArmVmp : Match on catch block at 0xc3 in for 0xa1
01-12 15:36:32.877 1671 1671 W IInputConnectionWrapper: getExtractedText on
inactive InputConnection
01-12 15:36:32.881 1671 1671 W IInputConnectionWrapper: getTextBeforeCursor on
inactive InputConnection
01-12 15:36:32.885 1671 1671 W IInputConnectionWrapper: getExtractedText on
inactive InputConnection
01-12 15:36:32.888 1671 1671 W IInputConnectionWrapper: getTextBeforeCursor on
inactive InputConnection
01-12 15:36:32.900 1671 1671 W IInputConnectionWrapper: getExtractedText on
inactive InputConnection
01-12 15:36:32.901 1671 1671 W IInputConnectionWrapper: getTextBeforeCursor on
inactive InputConnection
01-12 15:36:32.923 1671 1671 W IInputConnectionWrapper: getExtractedText on
inactive InputConnection
01-12 15:36:32.926 1671 1671 W IInputConnectionWrapper: getTextBeforeCursor on
inactive InputConnection
01-12 15:36:32.937 1671 1671 W IInputConnectionWrapper: getExtractedText on
inactive InputConnection
01-12 15:36:32.938 1671 1671 W IInputConnectionWrapper: getTextBeforeCursor on
inactive InputConnection
01-12 15:36:32.950 1671 1671 W IInputConnectionWrapper: getExtractedText on
inactive InputConnection
01-12 15:36:32.951 1671 1671 W IInputConnectionWrapper: getTextBeforeCursor on
inactive InputConnection
01-12 15:36:32.970 1671 1671 W IInputConnectionWrapper: getExtractedText on
inactive InputConnection
01-12 15:36:32.972 1671 1671 W IInputConnectionWrapper: getTextBeforeCursor on
inactive InputConnection
01-12 15:36:33.041 1671 1671 W IInputConnectionWrapper: getExtractedText on
inactive InputConnection
01-12 15:36:33.042 1671 1671 W IInputConnectionWrapper: getTextBeforeCursor on
inactive InputConnection
01-12 15:36:33.057 1671 1671 W IInputConnectionWrapper: getExtractedText on
inactive InputConnection
01-12 15:36:33.058 1671 1671 W IInputConnectionWrapper: getTextBeforeCursor on
inactive InputConnection
01-12 15:36:33.077 1671 1671 W IInputConnectionWrapper: getExtractedText on
inactive InputConnection
01-12 15:36:33.078 1671 1671 W IInputConnectionWrapper: getTextBeforeCursor on
inactive InputConnection
01-12 15:36:33.101 1671 1671 W IInputConnectionWrapper: getExtractedText on
inactive InputConnection
01-12 15:36:33.103 1671 1671 W IInputConnectionWrapper: getTextBeforeCursor on
inactive InputConnection
01-12 15:36:33.120 1671 1671 W IInputConnectionWrapper: getExtractedText on
inactive InputConnection
01-12 15:36:33.122 1671 1671 W IInputConnectionWrapper: getTextBeforeCursor on
inactive InputConnection
01-12 15:36:33.134 1671 1671 W IInputConnectionWrapper: getExtractedText on
inactive InputConnection
01-12 15:36:33.136 1671 1671 W IInputConnectionWrapper: getTextBeforeCursor on
inactive InputConnection
01-12 15:36:33.151 1671 1671 W IInputConnectionWrapper: getExtractedText on
inactive InputConnection
01-12 15:36:33.152 1671 1671 W IInputConnectionWrapper: getTextBeforeCursor on
inactive InputConnection
01-12 15:36:33.167 1671 1671 W IInputConnectionWrapper: getExtractedText on
inactive InputConnection
01-12 15:36:33.169 1671 1671 W IInputConnectionWrapper: getTextBeforeCursor on
inactive InputConnection
01-12 15:36:33.183 1671 1671 W IInputConnectionWrapper: getExtractedText on
inactive InputConnection
01-12 15:36:33.185 1671 1671 W IInputConnectionWrapper: getTextBeforeCursor on
inactive InputConnection
01-12 15:36:33.205 1671 1671 E SpannableStringBuilder: SPAN_EXCLUSIVE_EXCLUSIVE
spans cannot have a zero length
01-12 15:36:33.256 1671 1754 W libEGL : EGLNativeWindowType 0x71b1fce010
disconnect failed
01-12 15:36:33.493 1671 1671 E ArmVmp : Match on catch block at 0xc3 in for 0xa1
01-12 15:36:33.500 1671 1671 E ArmVmp : Match on catch block at 0xc3 in for 0xa5
01-12 15:36:33.539 1671 1671 E ArmVmp : Match on catch block at 0xc3 in for 0xa1
01-12 15:36:33.554 1671 1671 E ArmVmp : Match on catch block at 0xc3 in for 0xa5
01-12 15:36:33.591 1671 1671 E ArmVmp : Match on catch block at 0xc3 in for 0xa9
01-12 15:36:33.597 1671 1671 E ArmVmp : Match on catch block at 0xc3 in for 0xa1
01-12 15:36:33.652 1671 1671 W InputMethodManager: startInputReason = 1
01-12 15:36:33.671 1671 1671 W StaticLayout: maxLineHeight should not be -1.
maxLines:1 lineCount:1
01-12 15:36:33.697 1671 1671 W StaticLayout: maxLineHeight should not be -1.
maxLines:1 lineCount:1
01-12 15:36:33.878 1671 1754 W libEGL : EGLNativeWindowType 0x7171280010
disconnect failed
01-12 15:36:33.883 1671 1671 E ArmVmp : Match on catch block at 0xc3 in for 0xa9
01-12 15:36:33.890 1671 1671 E ArmVmp : Match on catch block at 0xc3 in for 0xa1
01-12 15:36:34.535 1671 1671 W ActivityThread: handleWindowVisibility: no
activity for token android.os.BinderProxy@36a80cf
01-12 15:36:34.646 1671 1681 E : [ZeroHung]zrhung_get_config: Get config
failed for wp[0x0008]
01-12 15:36:34.664 1671 1671 E ArmVmp : Match on catch block at 0x0a in for 0xc9
01-12 15:36:34.667 1671 1671 E ArmVmp : Match on catch block at 0x0a in for 0xc5
01-12 15:36:34.700 1671 2396 W HiTouch_HiTouchSensor: depended package hiTouch
does n't exist!
01-12 15:36:34.776 1671 1681 E : [ZeroHung]zrhung_get_config: Get config
failed for wp[0x0008]
01-12 15:36:34.911 1671 1671 E ArmVmp : Match on catch block at 0xc3 in for 0xb5
01-12 15:36:34.955 1671 1671 E ArmVmp : Match on catch block at 0xc3 in for 0xb5
01-12 15:36:34.969 1671 1671 E ArmVmp : Match on catch block at 0xc3 in for 0xa5
01-12 15:36:34.973 1671 1671 E ArmVmp : Match on catch block at 0xc3 in for 0xa9
01-12 15:36:35.020 1671 1671 E ArmVmp : Match on catch block at 0xc3 in for 0xa5
01-12 15:36:35.023 1671 1671 E ArmVmp : Match on catch block at 0xc3 in for 0xa9
01-12 15:36:35.045 1671 1671 E ArmVmp : Match on catch block at 0xc3 in for 0xa1
01-12 15:36:35.049 1671 1671 E ArmVmp : Match on catch block at 0xc3 in for 0xa5
01-12 15:36:35.074 1671 1671 E ArmVmp : Match on catch block at 0xc3 in for 0xa5
01-12 15:36:35.077 1671 1671 E ArmVmp : Match on catch block at 0xc3 in for 0xa9
01-12 15:36:35.087 1671 1671 W InputMethodManager: startInputReason = 1
01-12 15:36:35.111 1671 1671 E ArmVmp : Match on catch block at 0xc3 in for 0xa1
01-12 15:36:35.123 1671 1671 E ArmVmp : Match on catch block at 0xc3 in for 0xa5
01-12 15:36:35.148 1671 1671 E ArmVmp : Match on catch block at 0xc3 in for 0xa1
01-12 15:36:35.160 1671 1671 E ArmVmp : Match on catch block at 0xc3 in for 0xa5
01-12 15:36:35.199 1671 1671 E ArmVmp : Match on catch block at 0xc3 in for 0xa5
01-12 15:36:35.208 1671 1671 E ArmVmp : Match on catch block at 0xc3 in for 0xa9
01-12 15:36:35.225 1671 1671 E SpannableStringBuilder: SPAN_EXCLUSIVE_EXCLUSIVE
spans cannot have a zero length
01-12 15:36:35.230 1671 1671 E ArmVmp : Match on catch block at 0xc3 in for 0xa9
01-12 15:36:35.251 1671 1671 E ArmVmp : Match on catch block at 0xc3 in for 0xa1
01-12 15:36:35.293 1671 1754 W libEGL : EGLNativeWindowType 0x716b83a010
disconnect failed
01-12 15:36:35.494 1671 1671 E ArmVmp : Match on catch block at 0xc3 in for 0xa1
01-12 15:36:35.505 1671 1671 E ArmVmp : Match on catch block at 0xc3 in for 0xa5
01-12 15:36:35.527 1671 1671 E ArmVmp : Match on catch block at 0xc3 in for 0xa5
01-12 15:36:35.539 1671 1671 E ArmVmp : Match on catch block at 0xc3 in for 0xa9
01-12 15:36:35.560 1671 1671 E ArmVmp : Match on catch block at 0xc3 in for 0xa9
01-12 15:36:35.571 1671 1671 E ArmVmp : Match on catch block at 0xc3 in for 0xa1
01-12 15:36:35.593 1671 1671 E ArmVmp : Match on catch block at 0xc3 in for 0xa1
01-12 15:36:35.606 1671 1671 E ArmVmp : Match on catch block at 0xc3 in for 0xa5
01-12 15:36:35.636 1671 1671 E ArmVmp : Match on catch block at 0xc3 in for 0xa5
01-12 15:36:35.651 1671 1671 E ArmVmp : Match on catch block at 0xc3 in for 0xa9
01-12 15:36:35.679 1671 1671 E ArmVmp : Match on catch block at 0xc3 in for 0xa9
01-12 15:36:35.695 1671 1671 E ArmVmp : Match on catch block at 0xc3 in for 0xa1
01-12 15:36:35.715 1671 1671 E ArmVmp : Match on catch block at 0xc3 in for 0xa1
01-12 15:36:35.728 1671 1671 E ArmVmp : Match on catch block at 0xc3 in for 0xa5
01-12 15:36:35.771 1671 1671 E ArmVmp : Match on catch block at 0xc3 in for 0xa9
01-12 15:36:35.786 1671 1671 E ArmVmp : Match on catch block at 0xc3 in for 0xa1
01-12 15:36:35.850 1671 1671 E ArmVmp : Match on catch block at 0xc3 in for 0xa1
01-12 15:36:35.868 1671 1671 E ArmVmp : Match on catch block at 0xc3 in for 0xa5
01-12 15:36:35.959 1671 1671 E ArmVmp : Match on catch block at 0xc3 in for 0xa9
01-12 15:36:35.963 1671 1671 E ArmVmp : Match on catch block at 0xc3 in for 0xa1
01-12 15:36:35.972 1671 1671 W InputMethodManager: startInputReason = 1
01-12 15:36:35.989 1671 1671 W StaticLayout: maxLineHeight should not be -1.
maxLines:1 lineCount:1
01-12 15:36:36.013 1671 1671 W StaticLayout: maxLineHeight should not be -1.
maxLines:1 lineCount:1
01-12 15:36:36.209 1671 1754 W libEGL : EGLNativeWindowType 0x716b2ff010
disconnect failed
01-12 15:36:36.214 1671 1671 E ArmVmp : Match on catch block at 0xc3 in for 0xa9
01-12 15:36:36.221 1671 1671 E ArmVmp : Match on catch block at 0xc3 in for 0xa1
01-12 15:36:40.816 1671 1671 W ActivityThread: handleWindowVisibility: no
activity for token android.os.BinderProxy@1769e27
01-12 15:36:40.885 1671 2408 W HiTouch_HiTouchSensor: depended package hiTouch
does n't exist!
01-12 15:36:40.948 1671 1671 W InputMethodManager: startInputReason = 1
01-12 15:36:41.185 1671 1754 W libEGL : EGLNativeWindowType 0x7168bd5010
disconnect failed
01-12 15:36:41.419 1671 1671 W ActivityThread: handleWindowVisibility: no
activity for token android.os.BinderProxy@537d19b
01-12 15:36:41.531 1671 1671 E ArmVmp : Match on catch block at 0x0a in for 0xc5
01-12 15:36:41.534 1671 1671 E ArmVmp : Match on catch block at 0x0a in for 0xc1
01-12 15:36:41.558 1671 2410 W HiTouch_HiTouchSensor: depended package hiTouch
does n't exist!
01-12 15:36:41.721 1671 1671 E ArmVmp : Match on catch block at 0xc3 in for 0xb9
01-12 15:36:41.762 1671 1671 E ArmVmp : Match on catch block at 0xc3 in for 0xb9
01-12 15:36:41.772 1671 1671 E ArmVmp : Match on catch block at 0xc3 in for 0xa9
01-12 15:36:41.775 1671 1671 E ArmVmp : Match on catch block at 0xc3 in for 0xa1
01-12 15:36:41.813 1671 1671 E ArmVmp : Match on catch block at 0xc3 in for 0xa1
01-12 15:36:41.818 1671 1671 E ArmVmp : Match on catch block at 0xc3 in for 0xa5
01-12 15:36:41.826 1671 1671 W InputMethodManager: startInputReason = 1
01-12 15:36:41.842 1671 1671 E ArmVmp : Match on catch block at 0xc3 in for 0xa5
01-12 15:36:41.847 1671 1671 E ArmVmp : Match on catch block at 0xc3 in for 0xa9
01-12 15:36:41.858 1671 1671 E ArmVmp : Match on catch block at 0xc3 in for 0xa1
01-12 15:36:41.862 1671 1671 E ArmVmp : Match on catch block at 0xc3 in for 0xa5
01-12 15:36:41.867 1671 1671 E ArmVmp : Match on catch block at 0xc3 in for 0xa5
01-12 15:36:41.871 1671 1671 E ArmVmp : Match on catch block at 0xc3 in for 0xa9
01-12 15:36:41.875 1671 1671 E ArmVmp : Match on catch block at 0xc3 in for 0xa9
01-12 15:36:41.879 1671 1671 E ArmVmp : Match on catch block at 0xc3 in for 0xa1
01-12 15:36:41.890 1671 1671 E ArmVmp : Match on catch block at 0xc3 in for 0xa1
01-12 15:36:41.895 1671 1671 E ArmVmp : Match on catch block at 0xc3 in for 0xa5
01-12 15:36:41.899 1671 1671 E SpannableStringBuilder: SPAN_EXCLUSIVE_EXCLUSIVE
spans cannot have a zero length
01-12 15:36:41.907 1671 1671 E ArmVmp : Match on catch block at 0xc3 in for 0xa5
01-12 15:36:41.912 1671 1671 E ArmVmp : Match on catch block at 0xc3 in for 0xa9
01-12 15:36:41.923 1671 1671 E ArmVmp : Match on catch block at 0xc3 in for 0xa9
01-12 15:36:41.930 1671 1671 E ArmVmp : Match on catch block at 0xc3 in for 0xa1
01-12 15:36:41.940 1671 1671 E ArmVmp : Match on catch block at 0xc3 in for 0xa1
01-12 15:36:41.946 1671 1671 E ArmVmp : Match on catch block at 0xc3 in for 0xa5
01-12 15:36:41.958 1671 1671 E ArmVmp : Match on catch block at 0xc3 in for 0xa5
01-12 15:36:41.966 1671 1671 E ArmVmp : Match on catch block at 0xc3 in for 0xa9
01-12 15:36:42.026 1671 1754 W libEGL : EGLNativeWindowType 0x716b3ab010
disconnect failed
01-12 15:36:42.338 1671 1671 E ArmVmp : Match on catch block at 0xc3 in for 0xa9
01-12 15:36:42.351 1671 1671 E ArmVmp : Match on catch block at 0xc3 in for 0xa1
01-12 15:36:42.371 1671 1671 E ArmVmp : Match on catch block at 0xc3 in for 0xa1
01-12 15:36:42.382 1671 1671 E ArmVmp : Match on catch block at 0xc3 in for 0xa5
01-12 15:36:42.407 1671 1671 E ArmVmp : Match on catch block at 0xc3 in for 0xa5
01-12 15:36:42.418 1671 1671 E ArmVmp : Match on catch block at 0xc3 in for 0xa9
01-12 15:36:42.438 1671 1671 E ArmVmp : Match on catch block at 0xc3 in for 0xa9
01-12 15:36:42.448 1671 1671 E ArmVmp : Match on catch block at 0xc3 in for 0xa1
01-12 15:36:42.471 1671 1671 E ArmVmp : Match on catch block at 0xc3 in for 0xa1
01-12 15:36:42.483 1671 1671 E ArmVmp : Match on catch block at 0xc3 in for 0xa5
01-12 15:36:42.504 1671 1671 E ArmVmp : Match on catch block at 0xc3 in for 0xa5
01-12 15:36:42.515 1671 1671 E ArmVmp : Match on catch block at 0xc3 in for 0xa9
01-12 15:36:42.540 1671 1671 E ArmVmp : Match on catch block at 0xc3 in for 0xa9
01-12 15:36:42.551 1671 1671 E ArmVmp : Match on catch block at 0xc3 in for 0xa1
01-12 15:36:42.571 1671 1671 E ArmVmp : Match on catch block at 0xc3 in for 0xa1
01-12 15:36:42.581 1671 1671 E ArmVmp : Match on catch block at 0xc3 in for 0xa5
01-12 15:36:42.603 1671 1671 E ArmVmp : Match on catch block at 0xc3 in for 0xa5
01-12 15:36:42.613 1671 1671 E ArmVmp : Match on catch block at 0xc3 in for 0xa9
01-12 15:36:42.638 1671 1671 E ArmVmp : Match on catch block at 0xc3 in for 0xa9
01-12 15:36:42.649 1671 1671 E ArmVmp : Match on catch block at 0xc3 in for 0xa1
01-12 15:36:42.669 1671 1671 E ArmVmp : Match on catch block at 0xc3 in for 0xa1
01-12 15:36:42.679 1671 1671 E ArmVmp : Match on catch block at 0xc3 in for 0xa5
01-12 15:36:42.702 1671 1671 E ArmVmp : Match on catch block at 0xc3 in for 0xa5
01-12 15:36:42.714 1671 1671 E ArmVmp : Match on catch block at 0xc3 in for 0xa9
01-12 15:36:42.834 1671 1671 E ArmVmp : Match on catch block at 0xc3 in for 0xa9
01-12 15:36:42.846 1671 1671 E ArmVmp : Match on catch block at 0xc3 in for 0xa1
01-12 15:36:43.379 1671 1671 E ArmVmp : Match on catch block at 0xc3 in for 0xa1
01-12 15:36:43.387 1671 1671 E ArmVmp : Match on catch block at 0xc3 in for 0xa5
01-12 15:36:43.409 1671 1671 W InputMethodManager: startInputReason = 1
01-12 15:36:43.441 1671 1671 E ArmVmp : Match on catch block at 0xc3 in for 0xa5
01-12 15:36:43.447 1671 1671 E ArmVmp : Match on catch block at 0xc3 in for 0xa9
01-12 15:36:43.458 1671 1671 E ArmVmp : Match on catch block at 0xc3 in for 0xa9
01-12 15:36:43.463 1671 1671 E ArmVmp : Match on catch block at 0xc3 in for 0xa1
01-12 15:36:43.474 1671 1671 E ArmVmp : Match on catch block at 0xc3 in for 0xa1
01-12 15:36:43.480 1671 1671 E ArmVmp : Match on catch block at 0xc3 in for 0xa5
01-12 15:36:43.491 1671 1671 E ArmVmp : Match on catch block at 0xc3 in for 0xa5
01-12 15:36:43.498 1671 1671 E ArmVmp : Match on catch block at 0xc3 in for 0xa9
01-12 15:36:43.508 1671 1671 E ArmVmp : Match on catch block at 0xc3 in for 0xa9
01-12 15:36:43.514 1671 1671 E ArmVmp : Match on catch block at 0xc3 in for 0xa1
01-12 15:36:43.525 1671 1671 E ArmVmp : Match on catch block at 0xc3 in for 0xa1
01-12 15:36:43.533 1671 1671 E ArmVmp : Match on catch block at 0xc3 in for 0xa5
01-12 15:36:43.541 1671 1671 E ArmVmp : Match on catch block at 0xc3 in for 0xa5
01-12 15:36:43.548 1671 1671 E ArmVmp : Match on catch block at 0xc3 in for 0xa9
01-12 15:36:43.557 1671 1671 E ArmVmp : Match on catch block at 0xc3 in for 0xa9
01-12 15:36:43.564 1671 1671 E ArmVmp : Match on catch block at 0xc3 in for 0xa1
01-12 15:36:43.573 1671 1671 E ArmVmp : Match on catch block at 0xc3 in for 0xa1
01-12 15:36:43.580 1671 1671 E ArmVmp : Match on catch block at 0xc3 in for 0xa5
01-12 15:36:43.590 1671 1671 E ArmVmp : Match on catch block at 0xc3 in for 0xa5
01-12 15:36:43.597 1671 1671 E ArmVmp : Match on catch block at 0xc3 in for 0xa9
01-12 15:36:43.606 1671 1671 E ArmVmp : Match on catch block at 0xc3 in for 0xa9
01-12 15:36:43.613 1671 1671 E ArmVmp : Match on catch block at 0xc3 in for 0xa1
01-12 15:36:43.623 1671 1671 E ArmVmp : Match on catch block at 0xc3 in for 0xa1
01-12 15:36:43.629 1671 1671 E ArmVmp : Match on catch block at 0xc3 in for 0xa5
01-12 15:36:43.640 1671 1671 E ArmVmp : Match on catch block at 0xc3 in for 0xa5
01-12 15:36:43.647 1671 1671 E ArmVmp : Match on catch block at 0xc3 in for 0xa9
01-12 15:36:43.658 1671 1754 W libEGL : EGLNativeWindowType 0x71c6973010
disconnect failed
01-12 15:36:43.665 1671 1671 E ArmVmp : Match on catch block at 0xc3 in for 0xa9
01-12 15:36:43.669 1671 1671 E ArmVmp : Match on catch block at 0xc3 in for 0xa1
01-12 15:36:46.320 1671 1671 W InputMethodManager: startInputReason = 1
01-12 15:36:46.348 1671 1671 W StaticLayout: maxLineHeight should not be -1.
maxLines:1 lineCount:1
01-12 15:36:46.381 1671 1671 W StaticLayout: maxLineHeight should not be -1.
maxLines:1 lineCount:1
01-12 15:36:46.545 1671 1754 W libEGL : EGLNativeWindowType 0x716e731010
disconnect failed
01-12 15:36:49.446 1671 2415 W HiTouch_HiTouchSensor: depended package hiTouch
does n't exist!
01-12 15:36:51.744 1671 1754 W libEGL : EGLNativeWindowType 0x7165b81010
disconnect failed
01-12 15:36:51.776 1671 1671 W InputEventReceiver: Attempted to finish an input
event but the input event receiver has already been disposed.
01-12 15:36:51.776 1671 1671 W ViewRootImpl[HomeActivity]: Dropping event due to
root view being removed: MotionEvent { action=ACTION_MOVE, actionButton=0, id[0]=0,
x[0]=659.0, y[0]=908.0, toolType[0]=TOOL_TYPE_FINGER, buttonState=0, metaState=0,
flags=0x1, edgeFlags=0x0, pointerCount=1, historySize=0, eventTime=348734692,
downTime=348734684, deviceId=6, source=0x1002 }
01-12 15:36:51.777 1671 1671 W InputEventReceiver: Attempted to finish an input
event but the input event receiver has already been disposed.
01-12 15:36:52.853 1671 1754 W libEGL : EGLNativeWindowType 0x716e772010
disconnect failed
01-12 15:36:53.363 1671 2426 W HiTouch_HiTouchSensor: depended package hiTouch
does n't exist!
01-12 15:36:53.421 1671 1754 W libEGL : EGLNativeWindowType 0x7168b44010
disconnect failed
