01-12 14:59:59.039 24912 24912 W View : requestLayout() improperly called by
DecorView@a759066[HomeActivity] during second layout pass: posting in next frame
01-12 14:59:59.114 24912 24912 E ArmVmp : Match on catch block at 0x5b in for 0x85
01-12 14:59:59.148 24912 24912 W InputMethodManager: startInputReason = 1
01-12 14:59:59.160 24912 24912 W StaticLayout: maxLineHeight should not be -1.
maxLines:1 lineCount:1
01-12 14:59:59.161 24912 24912 W StaticLayout: maxLineHeight should not be -1.
maxLines:1 lineCount:1
01-12 15:00:01.512 24912 24912 W View : requestLayout() improperly called by
androidx.appcompat.view.menu.ActionMenuItemView{4626683 VFED..C.. ......ID 0,0-
144,0 #7f0b0f8a app:id/menuitem_search} during layout: running second layout pass
01-12 15:00:01.512 24912 24912 W View : requestLayout() improperly called by
androidx.appcompat.widget.ActionMenuView{f2afc18 V.E...... ......ID 711,375-
1131,375} during layout: running second layout pass
01-12 15:00:01.571 24912 24912 W View : requestLayout() improperly called by
DecorView@a759066[HomeActivity] during second layout pass: posting in next frame
01-12 15:00:01.744 24912 24912 W com.mbwhatsapp: Accessing hidden method
Landroid/view/View;->setTransitionVisibility(I)V (dark greylist, linking)
01-12 15:00:01.762 24912 24912 W StaticLayout: maxLineHeight should not be -1.
maxLines:1 lineCount:1
01-12 15:00:01.765 24912 24912 W StaticLayout: maxLineHeight should not be -1.
maxLines:1 lineCount:1
01-12 15:00:02.145 24912 24912 W View : requestLayout() improperly called by
androidx.appcompat.view.menu.ActionMenuItemView{4626683 VFED..C.. ......ID 0,0-
144,0 #7f0b0f8a app:id/menuitem_search} during layout: running second layout pass
01-12 15:00:02.145 24912 24912 W View : requestLayout() improperly called by
androidx.appcompat.widget.ActionMenuView{f2afc18 V.E...... ......ID 831,375-
1131,375} during layout: running second layout pass
01-12 15:00:02.230 24912 24912 W View : requestLayout() improperly called by
DecorView@a759066[HomeActivity] during second layout pass: posting in next frame
01-12 15:00:02.424 24912 24912 W StaticLayout: maxLineHeight should not be -1.
maxLines:1 lineCount:1
01-12 15:00:02.484 24912 24912 W StaticLayout: maxLineHeight should not be -1.
maxLines:1 lineCount:1
01-12 15:00:02.485 24912 24912 W StaticLayout: maxLineHeight should not be -1.
maxLines:1 lineCount:1
01-12 15:00:03.227 24912 24912 W View : requestLayout() improperly called by
androidx.appcompat.view.menu.ActionMenuItemView{4626683 VFED..C.. ......ID 291,0-
435,0 #7f0b0f8a app:id/menuitem_search} during layout: running second layout pass
01-12 15:00:03.228 24912 24912 W View : requestLayout() improperly called by
androidx.appcompat.widget.ActionMenuView{f2afc18 V.E...... ......ID 420,375-
1131,375} during layout: running second layout pass
01-12 15:00:03.278 24912 24912 W View : requestLayout() improperly called by
DecorView@a759066[HomeActivity] during second layout pass: posting in next frame
01-12 15:00:03.371 24912 24912 W StaticLayout: maxLineHeight should not be -1.
maxLines:1 lineCount:1
01-12 15:00:03.379 24912 24912 W StaticLayout: maxLineHeight should not be -1.
maxLines:1 lineCount:1
01-12 15:00:06.496 24912 24912 E ArmVmp : Match on catch block at 0x0a in for 0xe5
01-12 15:00:06.518 24912 24912 E ArmVmp : Match on catch block at 0x0a in for 0xd5
01-12 15:00:06.524 24912 25993 W HiTouch_HiTouchSensor: depended package hiTouch
does n't exist!
01-12 15:00:06.614 24912 24912 W InputMethodManager: startInputReason = 1
01-12 15:00:06.928 24912 24993 W libEGL : EGLNativeWindowType 0x7194ec5010
disconnect failed
01-12 15:00:06.959 24912 24912 W InputEventReceiver: Attempted to finish an input
event but the input event receiver has already been disposed.
01-12 15:00:06.960 24912 24912 W ViewRootImpl[HomeActivity]: Dropping event due to
root view being removed: MotionEvent { action=ACTION_MOVE, actionButton=0, id[0]=0,
x[0]=85.0, y[0]=-592.0, toolType[0]=TOOL_TYPE_FINGER, buttonState=0, metaState=0,
flags=0x0, edgeFlags=0x0, pointerCount=1, historySize=4, eventTime=346529880,
downTime=346529840, deviceId=6, source=0x1002 }
01-12 15:00:06.960 24912 24912 W InputEventReceiver: Attempted to finish an input
event but the input event receiver has already been disposed.
01-12 15:00:06.971 24912 24912 W InputMethodManager: startInputReason = 1
01-12 15:00:07.860 24912 24912 E ArmVmp : Match on catch block at 0x0a in for 0xe5
01-12 15:00:07.880 24912 24912 E ArmVmp : Match on catch block at 0x0a in for 0xd1
01-12 15:00:07.886 24912 25994 W HiTouch_HiTouchSensor: depended package hiTouch
does n't exist!
01-12 15:00:07.963 24912 24912 W InputMethodManager: startInputReason = 1
01-12 15:00:12.305 24912 24993 W libEGL : EGLNativeWindowType 0x71bef2f010
disconnect failed
01-12 15:00:12.400 24912 25997 W HiTouch_HiTouchSensor: depended package hiTouch
does n't exist!
01-12 15:00:12.453 24912 24912 W InputMethodManager: startInputReason = 1
01-12 15:00:13.544 24912 24993 W libEGL : EGLNativeWindowType 0x7180f60010
disconnect failed
01-12 15:00:13.572 24912 24912 W InputEventReceiver: Attempted to finish an input
event but the input event receiver has already been disposed.
01-12 15:00:13.572 24912 24912 W ViewRootImpl[HomeActivity]: Dropping event due to
root view being removed: MotionEvent { action=ACTION_MOVE, actionButton=0, id[0]=0,
x[0]=163.0, y[0]=-58.0, toolType[0]=TOOL_TYPE_FINGER, buttonState=0, metaState=0,
flags=0x0, edgeFlags=0x0, pointerCount=1, historySize=1, eventTime=346536496,
downTime=346536481, deviceId=6, source=0x1002 }
01-12 15:00:13.572 24912 24912 W InputEventReceiver: Attempted to finish an input
event but the input event receiver has already been disposed.
01-12 15:00:15.817 24912 24912 E ArmVmp : Match on catch block at 0x0a in for 0xe1
01-12 15:00:15.838 24912 24912 E ArmVmp : Match on catch block at 0x0a in for 0xd9
01-12 15:00:15.844 24912 26001 W HiTouch_HiTouchSensor: depended package hiTouch
does n't exist!
01-12 15:00:15.970 24912 24912 W InputMethodManager: startInputReason = 1
01-12 15:00:16.232 24912 24993 W libEGL : EGLNativeWindowType 0x7189854010
disconnect failed
01-12 15:00:16.260 24912 24912 W InputEventReceiver: Attempted to finish an input
event but the input event receiver has already been disposed.
01-12 15:00:16.261 24912 24912 W ViewRootImpl[HomeActivity]: Dropping event due to
root view being removed: MotionEvent { action=ACTION_MOVE, actionButton=0, id[0]=0,
x[0]=79.0, y[0]=-621.0, toolType[0]=TOOL_TYPE_FINGER, buttonState=0, metaState=0,
flags=0x0, edgeFlags=0x0, pointerCount=1, historySize=3, eventTime=346539185,
downTime=346539152, deviceId=6, source=0x1002 }
01-12 15:00:16.261 24912 24912 W InputEventReceiver: Attempted to finish an input
event but the input event receiver has already been disposed.
01-12 15:00:16.271 24912 24912 W InputMethodManager: startInputReason = 1
01-12 15:00:17.978 24912 24912 E ArmVmp : Match on catch block at 0x0a in for 0xe1
01-12 15:00:18.000 24912 24912 E ArmVmp : Match on catch block at 0x0a in for 0xd5
01-12 15:00:18.007 24912 26005 W HiTouch_HiTouchSensor: depended package hiTouch
does n't exist!
01-12 15:00:18.071 24912 24912 W InputMethodManager: startInputReason = 1
01-12 15:00:25.801 24912 24993 W libEGL : EGLNativeWindowType 0x71afaa0010
disconnect failed
01-12 15:00:25.901 24912 24912 E ArmVmp : Match on catch block at 0x0a in for
0x139
01-12 15:00:25.922 24912 26011 W HiTouch_HiTouchSensor: depended package hiTouch
does n't exist!
01-12 15:00:25.968 24912 24912 W InputMethodManager: startInputReason = 1
01-12 15:00:26.076 24912 24912 W InputMethodManager: startInputReason = 1
01-12 15:00:27.395 26022 26022 E com.mbwhatsapp: Not starting debugger since
process cannot load the jdwp agent.
01-12 15:00:27.459 26022 26022 W System.err: java.lang.ClassNotFoundException:
mbmodsd.mbmodsw.ui.views.btn.BtnBK
01-12 15:00:27.459 26022 26022 W System.err: at
java.lang.VMClassLoader.findLoadedClass(Native Method)
01-12 15:00:27.459 26022 26022 W System.err: at
java.lang.ClassLoader.findLoadedClass(ClassLoader.java:738)
01-12 15:00:27.459 26022 26022 W System.err: at
java.lang.ClassLoader.loadClass(ClassLoader.java:363)
01-12 15:00:27.459 26022 26022 W System.err: at
java.lang.ClassLoader.loadClass(ClassLoader.java:312)
01-12 15:00:27.459 26022 26022 W System.err: at
java.lang.Runtime.nativeLoad(Native Method)
01-12 15:00:27.459 26022 26022 W System.err: at
java.lang.Runtime.loadLibrary0(Runtime.java:1014)
01-12 15:00:27.459 26022 26022 W System.err: at
java.lang.System.loadLibrary(System.java:1672)
01-12 15:00:27.459 26022 26022 W System.err: at arm.EpicVm.<clinit>(Unknown
Source:2)
01-12 15:00:27.459 26022 26022 W System.err: at
java.lang.Class.newInstance(Native Method)
01-12 15:00:27.459 26022 26022 W System.err: at
android.app.AppComponentFactory.instantiateApplication(AppComponentFactory.java:50)
01-12 15:00:27.459 26022 26022 W System.err: at
androidx.core.app.CoreComponentFactory.instantiateApplication(Unknown Source:0)
01-12 15:00:27.459 26022 26022 W System.err: at
android.app.Instrumentation.newApplication(Instrumentation.java:1127)
01-12 15:00:27.459 26022 26022 W System.err: at
android.app.LoadedApk.makeApplication(LoadedApk.java:1175)
01-12 15:00:27.459 26022 26022 W System.err: at
android.app.ActivityThread.handleBindApplication(ActivityThread.java:6688)
01-12 15:00:27.459 26022 26022 W System.err: at
android.app.ActivityThread.access$2000(ActivityThread.java:273)
01-12 15:00:27.459 26022 26022 W System.err: at
android.app.ActivityThread$H.handleMessage(ActivityThread.java:2020)
01-12 15:00:27.459 26022 26022 W System.err: at
android.os.Handler.dispatchMessage(Handler.java:112)
01-12 15:00:27.459 26022 26022 W System.err: at
android.os.Looper.loop(Looper.java:216)
01-12 15:00:27.459 26022 26022 W System.err: at
android.app.ActivityThread.main(ActivityThread.java:7625)
01-12 15:00:27.459 26022 26022 W System.err: at
java.lang.reflect.Method.invoke(Native Method)
01-12 15:00:27.459 26022 26022 W System.err: at
com.android.internal.os.RuntimeInit$MethodAndArgsCaller.run(RuntimeInit.java:524)
01-12 15:00:27.459 26022 26022 W System.err: at
com.android.internal.os.ZygoteInit.main(ZygoteInit.java:987)
01-12 15:00:27.459 26022 26022 W System.err: Caused by:
java.lang.NoClassDefFoundError: Failed resolution of:
Lcom/mbwhatsapp/components/Button;
01-12 15:00:27.459 26022 26022 W System.err: ... 18 more
01-12 15:00:27.459 26022 26022 W System.err: Caused by:
java.lang.ClassNotFoundException: Didn't find class
"com.mbwhatsapp.components.Button" on path: DexPathList[[zip file
"/system/framework/org.apache.http.legacy.boot.jar", zip file
"/data/app/com.mbwhatsapp-VY7ChigobaqCIxu7uQ4Gbg==/base.apk"],nativeLibraryDirector
ies=[/data/app/com.mbwhatsapp-VY7ChigobaqCIxu7uQ4Gbg==/lib/arm64,
/data/app/com.mbwhatsapp-VY7ChigobaqCIxu7uQ4Gbg==/base.apk!/lib/arm64-v8a,
/system/lib64, /product/lib64]]
01-12 15:00:27.459 26022 26022 W System.err: at
dalvik.system.BaseDexClassLoader.findClass(BaseDexClassLoader.java:134)
01-12 15:00:27.459 26022 26022 W System.err: at
java.lang.ClassLoader.loadClass(ClassLoader.java:379)
01-12 15:00:27.459 26022 26022 W System.err: at
java.lang.ClassLoader.loadClass(ClassLoader.java:312)
01-12 15:00:27.459 26022 26022 W System.err: ... 18 more
01-12 15:00:27.466 26022 26022 E CustomActivityOnCrash: IMPORTANT WARNING! You
already have an UncaughtExceptionHandler, are you sure this is correct? If you use
a custom UncaughtExceptionHandler, you must initialize it AFTER
CustomActivityOnCrash! Installing anyway, but your original handler will not be
called.
01-12 15:00:27.472 26022 26048 E AwareLog: AtomicFileUtils: readFileLines file not
exist: android.util.AtomicFile@14cb34e
01-12 15:00:27.473 26022 26048 E AwareLog: AtomicFileUtils: readFileLines file not
exist: android.util.AtomicFile@b451014
01-12 15:00:27.501 26022 26050 W LibraryVersion: Failed to get app version for
libraryName: firebase-iid
01-12 15:00:27.507 26022 26036 E : [ZeroHung]zrhung_get_config: Get config
failed for wp[0x0008]
01-12 15:00:27.572 26022 26036 E : [ZeroHung]zrhung_get_config: Get config
failed for wp[0x0008]
01-12 15:00:27.630 26086 26086 E com.mbwhatsapp: Not starting debugger since
process cannot load the jdwp agent.
01-12 15:00:27.681 26086 26086 W System.err: java.lang.ClassNotFoundException:
mbmodsd.mbmodsw.ui.views.btn.BtnBK
01-12 15:00:27.681 26086 26086 W System.err: at
java.lang.VMClassLoader.findLoadedClass(Native Method)
01-12 15:00:27.681 26086 26086 W System.err: at
java.lang.ClassLoader.findLoadedClass(ClassLoader.java:738)
01-12 15:00:27.681 26086 26086 W System.err: at
java.lang.ClassLoader.loadClass(ClassLoader.java:363)
01-12 15:00:27.681 26086 26086 W System.err: at
java.lang.ClassLoader.loadClass(ClassLoader.java:312)
01-12 15:00:27.681 26086 26086 W System.err: at
java.lang.Runtime.nativeLoad(Native Method)
01-12 15:00:27.681 26086 26086 W System.err: at
java.lang.Runtime.loadLibrary0(Runtime.java:1014)
01-12 15:00:27.681 26086 26086 W System.err: at
java.lang.System.loadLibrary(System.java:1672)
01-12 15:00:27.681 26086 26086 W System.err: at arm.EpicVm.<clinit>(Unknown
Source:2)
01-12 15:00:27.681 26086 26086 W System.err: at
java.lang.Class.newInstance(Native Method)
01-12 15:00:27.681 26086 26086 W System.err: at
android.app.AppComponentFactory.instantiateApplication(AppComponentFactory.java:50)
01-12 15:00:27.681 26086 26086 W System.err: at
androidx.core.app.CoreComponentFactory.instantiateApplication(Unknown Source:0)
01-12 15:00:27.681 26086 26086 W System.err: at
android.app.Instrumentation.newApplication(Instrumentation.java:1127)
01-12 15:00:27.681 26086 26086 W System.err: at
android.app.LoadedApk.makeApplication(LoadedApk.java:1175)
01-12 15:00:27.681 26086 26086 W System.err: at
android.app.ActivityThread.handleBindApplication(ActivityThread.java:6688)
01-12 15:00:27.681 26086 26086 W System.err: at
android.app.ActivityThread.access$2000(ActivityThread.java:273)
01-12 15:00:27.681 26086 26086 W System.err: at
android.app.ActivityThread$H.handleMessage(ActivityThread.java:2020)
01-12 15:00:27.681 26086 26086 W System.err: at
android.os.Handler.dispatchMessage(Handler.java:112)
01-12 15:00:27.681 26086 26086 W System.err: at
android.os.Looper.loop(Looper.java:216)
01-12 15:00:27.681 26086 26086 W System.err: at
android.app.ActivityThread.main(ActivityThread.java:7625)
01-12 15:00:27.681 26086 26086 W System.err: at
java.lang.reflect.Method.invoke(Native Method)
01-12 15:00:27.681 26086 26086 W System.err: at
com.android.internal.os.RuntimeInit$MethodAndArgsCaller.run(RuntimeInit.java:524)
01-12 15:00:27.681 26086 26086 W System.err: at
com.android.internal.os.ZygoteInit.main(ZygoteInit.java:987)
01-12 15:00:27.681 26086 26086 W System.err: Caused by:
java.lang.NoClassDefFoundError: Failed resolution of:
Lcom/mbwhatsapp/components/Button;
01-12 15:00:27.681 26086 26086 W System.err: ... 18 more
01-12 15:00:27.681 26086 26086 W System.err: Caused by:
java.lang.ClassNotFoundException: Didn't find class
"com.mbwhatsapp.components.Button" on path: DexPathList[[zip file
"/system/framework/org.apache.http.legacy.boot.jar", zip file
"/data/app/com.mbwhatsapp-VY7ChigobaqCIxu7uQ4Gbg==/base.apk"],nativeLibraryDirector
ies=[/data/app/com.mbwhatsapp-VY7ChigobaqCIxu7uQ4Gbg==/lib/arm64,
/data/app/com.mbwhatsapp-VY7ChigobaqCIxu7uQ4Gbg==/base.apk!/lib/arm64-v8a,
/system/lib64, /product/lib64]]
01-12 15:00:27.681 26086 26086 W System.err: at
dalvik.system.BaseDexClassLoader.findClass(BaseDexClassLoader.java:134)
01-12 15:00:27.681 26086 26086 W System.err: at
java.lang.ClassLoader.loadClass(ClassLoader.java:379)
01-12 15:00:27.681 26086 26086 W System.err: at
java.lang.ClassLoader.loadClass(ClassLoader.java:312)
01-12 15:00:27.681 26086 26086 W System.err: ... 18 more
01-12 15:00:27.687 26086 26086 E CustomActivityOnCrash: IMPORTANT WARNING! You
already have an UncaughtExceptionHandler, are you sure this is correct? If you use
a custom UncaughtExceptionHandler, you must initialize it AFTER
CustomActivityOnCrash! Installing anyway, but your original handler will not be
called.
01-12 15:00:27.694 26086 26127 E AwareLog: AtomicFileUtils: readFileLines file not
exist: android.util.AtomicFile@14cb34e
01-12 15:00:27.694 26086 26127 E AwareLog: AtomicFileUtils: readFileLines file not
exist: android.util.AtomicFile@89e4c6f
01-12 15:00:27.716 26086 26141 W LibraryVersion: Failed to get app version for
libraryName: firebase-iid
01-12 15:00:27.734 26086 26105 E : [ZeroHung]zrhung_get_config: Get config
failed for wp[0x0008]
01-12 15:00:27.793 26086 26086 W linker : Warning:
"/data/data/com.mbwhatsapp/files/decompressed/libs.spk.zst/libc++_shared.so" unused
DT entry: unknown processor-specific (type 0x70000001 arg 0x0) (ignoring)
01-12 15:00:27.818 26086 26105 E : [ZeroHung]zrhung_get_config: Get config
failed for wp[0x0008]
01-12 15:00:27.855 26086 26110 E MemoryLeakMonitorManager: MemoryLeakMonitor.jar is
not exist!
01-12 15:00:27.857 26086 26211 E : [ZeroHung]zrhung_get_config: Get config
failed for wp[0x0102]
01-12 15:00:27.857 26086 26211 W ZrHung.AppEyeUiProbe: Failed to get config from
zrhung
01-12 15:00:27.864 26086 26205 W com.mbwhatsapp: Class X.2rL failed lock
verification and will run slower.
01-12 15:00:27.864 26086 26205 W com.mbwhatsapp: Common causes for lock
verification issues are non-optimized dex code
01-12 15:00:27.864 26086 26205 W com.mbwhatsapp: and incorrect proguard
optimizations.
01-12 15:00:27.864 26086 26086 W com.mbwhatsapp: Class X.0eU failed lock
verification and will run slower.
01-12 15:00:27.872 26086 26086 W com.mbwhatsapp: Accessing hidden method
Landroid/content/res/Resources$Theme;->rebase()V (dark greylist, reflection)
01-12 15:00:27.902 26086 26105 E : [ZeroHung]zrhung_get_config: Get config
failed for wp[0x0008]
01-12 15:00:27.975 26086 26086 W ActivityThread: handleWindowVisibility: no
activity for token android.os.BinderProxy@4f0f50c
01-12 15:00:28.005 26086 26086 W com.mbwhatsapp: Class com.mbwhatsapp.HomeActivity
failed lock verification and will run slower.
01-12 15:00:28.138 26086 26105 E : [ZeroHung]zrhung_get_config: Get config
failed for wp[0x0008]
01-12 15:00:28.229 26086 26086 E ArmVmp : Match on catch block at 0x0a in for 0xc1
01-12 15:00:28.242 26086 26086 E ArmVmp : Match on catch block at 0x0a in for
0x131
01-12 15:00:28.369 26086 26256 W HiTouch_HiTouchSensor: depended package hiTouch
does n't exist!
01-12 15:00:28.449 26086 26105 E : [ZeroHung]zrhung_get_config: Get config
failed for wp[0x0008]
01-12 15:00:28.531 26086 26086 W StaticLayout: maxLineHeight should not be -1.
maxLines:1 lineCount:1
01-12 15:00:28.546 26086 26086 W StaticLayout: maxLineHeight should not be -1.
maxLines:1 lineCount:1
01-12 15:00:28.566 26086 26086 W StaticLayout: maxLineHeight should not be -1.
maxLines:1 lineCount:1
01-12 15:00:28.566 26086 26086 W StaticLayout: maxLineHeight should not be -1.
maxLines:1 lineCount:1
01-12 15:00:28.781 26086 26086 E RecyclerView: No adapter attached; skipping layout
01-12 15:00:28.794 26086 26086 E ArmVmp : Match on catch block at 0x0a in for 0xd1
01-12 15:00:28.836 26086 26086 E RecyclerView: No adapter attached; skipping layout
01-12 15:00:28.837 26086 26086 W View : requestLayout() improperly called by
androidx.appcompat.view.menu.ActionMenuItemView{34ef5d VFED..C.. ......ID 291,0-
435,0 #7f0b0f8a app:id/menuitem_search} during layout: running second layout pass
01-12 15:00:28.837 26086 26086 W View : requestLayout() improperly called by
androidx.appcompat.widget.ActionMenuView{66670d2 V.E...... ......ID 420,375-
1131,375} during layout: running second layout pass
01-12 15:00:28.901 26086 26105 E : [ZeroHung]zrhung_get_config: Get config
failed for wp[0x0008]
01-12 15:00:28.981 26086 26086 W View : requestLayout() improperly called by
DecorView@7159906[HomeActivity] during second layout pass: posting in next frame
01-12 15:00:29.035 26086 26086 W InputMethodManager: startInputReason = 1
01-12 15:00:29.048 26086 26332 W LOTTIE : Animation contains merge paths. Merge
paths are only supported on KitKat+ and must be manually enabled by calling
enableMergePathsForKitKatAndAbove().
01-12 15:00:29.129 26086 26086 W InputMethodManager: startInputReason = 5
01-12 15:00:29.166 26086 26086 E ArmVmp : Match on catch block at 0x5b in for 0x89
01-12 15:00:29.187 26086 26086 W LOTTIE : Animation contains merge paths but they
are disabled.
01-12 15:00:31.648 26086 26086 W ActivityThread: handleWindowVisibility: no
activity for token android.os.BinderProxy@8e10c0a
01-12 15:00:31.773 26086 26105 E : [ZeroHung]zrhung_get_config: Get config
failed for wp[0x0008]
01-12 15:00:32.018 26086 26450 W LOTTIE : Unknown shape type rd
01-12 15:00:32.178 26086 26086 E ArmVmp : Match on catch block at 0x0a in for 0xc5
01-12 15:00:32.192 26086 26086 E ArmVmp : Match on catch block at 0x0a in for 0xc5
01-12 15:00:32.250 26086 26459 W HiTouch_HiTouchSensor: depended package hiTouch
does n't exist!
01-12 15:00:32.365 26086 26086 E ArmVmp : Match on catch block at 0xc3 in for 0xb9
01-12 15:00:32.405 26086 26086 E ArmVmp : Match on catch block at 0xc3 in for 0xb5
01-12 15:00:32.417 26086 26086 E ArmVmp : Match on catch block at 0xc3 in for 0xa5
01-12 15:00:32.420 26086 26086 E ArmVmp : Match on catch block at 0xc3 in for 0xa1
01-12 15:00:32.455 26086 26086 E ArmVmp : Match on catch block at 0xc3 in for 0xa9
01-12 15:00:32.459 26086 26086 E ArmVmp : Match on catch block at 0xc3 in for 0xa1
01-12 15:00:32.480 26086 26086 E ArmVmp : Match on catch block at 0xc3 in for 0xa9
01-12 15:00:32.483 26086 26086 E ArmVmp : Match on catch block at 0xc3 in for 0xa1
01-12 15:00:32.512 26086 26086 E ArmVmp : Match on catch block at 0xc3 in for 0xa5
01-12 15:00:32.516 26086 26086 E ArmVmp : Match on catch block at 0xc3 in for 0xa9
01-12 15:00:32.527 26086 26086 W InputMethodManager: startInputReason = 1
01-12 15:00:32.545 26086 26086 E ArmVmp : Match on catch block at 0xc3 in for 0xa1
01-12 15:00:32.551 26086 26086 E ArmVmp : Match on catch block at 0xc3 in for 0xa5
01-12 15:00:32.561 26086 26086 E ArmVmp : Match on catch block at 0xc3 in for 0xa1
01-12 15:00:32.565 26086 26086 E ArmVmp : Match on catch block at 0xc3 in for 0xa5
01-12 15:00:32.571 26086 26086 E ArmVmp : Match on catch block at 0xc3 in for 0xa5
01-12 15:00:32.574 26086 26086 E ArmVmp : Match on catch block at 0xc3 in for 0xa9
01-12 15:00:32.587 26086 26086 E ArmVmp : Match on catch block at 0xc3 in for 0xa9
01-12 15:00:32.593 26086 26086 E ArmVmp : Match on catch block at 0xc3 in for 0xa1
01-12 15:00:32.604 26086 26086 E ArmVmp : Match on catch block at 0xc3 in for 0xa1
01-12 15:00:32.609 26086 26086 E ArmVmp : Match on catch block at 0xc3 in for 0xa5
01-12 15:00:32.614 26086 26086 E SpannableStringBuilder: SPAN_EXCLUSIVE_EXCLUSIVE
spans cannot have a zero length
01-12 15:00:32.677 26086 26245 W libEGL : EGLNativeWindowType 0x71c7a80010
disconnect failed
01-12 15:00:33.038 26086 26086 E ArmVmp : Match on catch block at 0xc3 in for 0xa5
01-12 15:00:33.059 26086 26086 E ArmVmp : Match on catch block at 0xc3 in for 0xa9
01-12 15:00:33.088 26086 26086 E ArmVmp : Match on catch block at 0xc3 in for 0xa9
01-12 15:00:33.109 26086 26086 E ArmVmp : Match on catch block at 0xc3 in for 0xa1
01-12 15:00:33.144 26086 26086 E ArmVmp : Match on catch block at 0xc3 in for 0xa5
01-12 15:00:33.162 26086 26086 E ArmVmp : Match on catch block at 0xc3 in for 0xa9
01-12 15:00:33.189 26086 26086 E ArmVmp : Match on catch block at 0xc3 in for 0xa9
01-12 15:00:33.207 26086 26086 E ArmVmp : Match on catch block at 0xc3 in for 0xa1
01-12 15:00:33.233 26086 26086 E ArmVmp : Match on catch block at 0xc3 in for 0xa1
01-12 15:00:33.249 26086 26086 E ArmVmp : Match on catch block at 0xc3 in for 0xa5
01-12 15:00:33.282 26086 26086 E ArmVmp : Match on catch block at 0xc3 in for 0xa5
01-12 15:00:33.301 26086 26086 E ArmVmp : Match on catch block at 0xc3 in for 0xa9
01-12 15:00:33.319 26086 26086 E ArmVmp : Match on catch block at 0xc3 in for 0xa9
01-12 15:00:33.329 26086 26086 E ArmVmp : Match on catch block at 0xc3 in for 0xa1
01-12 15:00:33.348 26086 26086 E ArmVmp : Match on catch block at 0xc3 in for 0xa1
01-12 15:00:33.358 26086 26086 E ArmVmp : Match on catch block at 0xc3 in for 0xa5
01-12 15:00:33.382 26086 26086 E ArmVmp : Match on catch block at 0xc3 in for 0xa5
01-12 15:00:33.399 26086 26086 E ArmVmp : Match on catch block at 0xc3 in for 0xa9
01-12 15:00:33.431 26086 26086 E ArmVmp : Match on catch block at 0xc3 in for 0xa9
01-12 15:00:33.449 26086 26086 E ArmVmp : Match on catch block at 0xc3 in for 0xa1
01-12 15:00:33.546 26086 26086 E ArmVmp : Match on catch block at 0xc3 in for 0xa1
01-12 15:00:33.565 26086 26086 E ArmVmp : Match on catch block at 0xc3 in for 0xa5
01-12 15:00:33.742 26086 26086 E ArmVmp : Match on catch block at 0xc3 in for 0xa1
01-12 15:00:33.768 26086 26086 E ArmVmp : Match on catch block at 0xc3 in for 0xa5
01-12 15:00:33.798 26086 26086 E SpannableStringBuilder: SPAN_EXCLUSIVE_EXCLUSIVE
spans cannot have a zero length
01-12 15:00:33.805 26086 26086 E ArmVmp : Match on catch block at 0xc3 in for 0xa5
01-12 15:00:33.834 26086 26086 E ArmVmp : Match on catch block at 0xc3 in for 0xa9
01-12 15:00:33.901 26086 26086 E ArmVmp : Match on catch block at 0xc3 in for 0xa9
01-12 15:00:33.919 26086 26086 E ArmVmp : Match on catch block at 0xc3 in for 0xa1
01-12 15:00:33.950 26086 26086 E ArmVmp : Match on catch block at 0xc3 in for 0xa9
01-12 15:00:33.961 26086 26086 E ArmVmp : Match on catch block at 0xc3 in for 0xa1
01-12 15:00:34.041 26086 26086 E ArmVmp : Match on catch block at 0xc3 in for 0xa1
01-12 15:00:34.053 26086 26086 E ArmVmp : Match on catch block at 0xc3 in for 0xa5
01-12 15:00:34.557 26086 26086 E ArmVmp : Match on catch block at 0xc3 in for 0xa5
01-12 15:00:34.584 26086 26086 E ArmVmp : Match on catch block at 0xc3 in for 0xa9
01-12 15:00:34.754 26086 26086 E ArmVmp : Match on catch block at 0xc3 in for 0xa5
01-12 15:00:34.770 26086 26086 E ArmVmp : Match on catch block at 0xc3 in for 0xa9
01-12 15:00:34.800 26086 26086 E ArmVmp : Match on catch block at 0xc3 in for 0xa9
01-12 15:00:34.820 26086 26086 E ArmVmp : Match on catch block at 0xc3 in for 0xa1
01-12 15:00:34.849 26086 26086 E ArmVmp : Match on catch block at 0xc3 in for 0xa1
01-12 15:00:34.860 26086 26086 E ArmVmp : Match on catch block at 0xc3 in for 0xa5
01-12 15:00:34.892 26086 26086 E ArmVmp : Match on catch block at 0xc3 in for 0xa5
01-12 15:00:34.911 26086 26086 E ArmVmp : Match on catch block at 0xc3 in for 0xa9
01-12 15:00:34.932 26086 26086 E ArmVmp : Match on catch block at 0xc3 in for 0xa9
01-12 15:00:34.943 26086 26086 E ArmVmp : Match on catch block at 0xc3 in for 0xa1
01-12 15:00:34.965 26086 26086 E ArmVmp : Match on catch block at 0xc3 in for 0xa1
01-12 15:00:34.975 26086 26086 E ArmVmp : Match on catch block at 0xc3 in for 0xa5
01-12 15:00:34.998 26086 26086 E ArmVmp : Match on catch block at 0xc3 in for 0xa5
01-12 15:00:35.020 26086 26086 E ArmVmp : Match on catch block at 0xc3 in for 0xa9
01-12 15:00:35.218 26086 26086 E ArmVmp : Match on catch block at 0xc3 in for 0xa1
01-12 15:00:35.239 26086 26086 E ArmVmp : Match on catch block at 0xc3 in for 0xa5
01-12 15:00:35.267 26086 26086 E ArmVmp : Match on catch block at 0xc3 in for 0xa5
01-12 15:00:35.285 26086 26086 E ArmVmp : Match on catch block at 0xc3 in for 0xa9
01-12 15:00:35.335 26086 26086 E ArmVmp : Match on catch block at 0xc3 in for 0xa5
01-12 15:00:35.352 26086 26086 E ArmVmp : Match on catch block at 0xc3 in for 0xa9
01-12 15:00:35.377 26086 26086 W InputMethodManager: startInputReason = 3
01-12 15:00:35.427 26086 26086 E ArmVmp : Match on catch block at 0xc3 in for 0xa1
01-12 15:00:35.442 26086 26086 E ArmVmp : Match on catch block at 0xc3 in for 0xa5
01-12 15:00:35.481 26086 26086 E ArmVmp : Match on catch block at 0xc3 in for 0xa5
01-12 15:00:35.491 26086 26086 E ArmVmp : Match on catch block at 0xc3 in for 0xa9
01-12 15:00:35.507 26086 26086 W IInputConnectionWrapper: getExtractedText on
inactive InputConnection
01-12 15:00:35.552 26086 26086 E ArmVmp : Match on catch block at 0xc3 in for 0xa9
01-12 15:00:35.576 26086 26086 E ArmVmp : Match on catch block at 0xc3 in for 0xa1
01-12 15:00:35.593 26086 26086 W IInputConnectionWrapper: getTextBeforeCursor on
inactive InputConnection
01-12 15:00:35.602 26086 26086 E ArmVmp : Match on catch block at 0xc3 in for 0xa5
01-12 15:00:35.610 26086 26086 E ArmVmp : Match on catch block at 0xc3 in for 0xa9
01-12 15:00:35.667 26086 26086 E ArmVmp : Match on catch block at 0xc3 in for 0xa5
01-12 15:00:35.679 26086 26086 E ArmVmp : Match on catch block at 0xc3 in for 0xa9
01-12 15:00:35.716 26086 26086 E ArmVmp : Match on catch block at 0xc3 in for 0xa9
01-12 15:00:35.732 26086 26086 E ArmVmp : Match on catch block at 0xc3 in for 0xa1
01-12 15:00:35.773 26086 26086 E ArmVmp : Match on catch block at 0xc3 in for 0xa9
01-12 15:00:35.788 26086 26086 E ArmVmp : Match on catch block at 0xc3 in for 0xa1
01-12 15:00:35.802 26086 26086 E SpannableStringBuilder: SPAN_EXCLUSIVE_EXCLUSIVE
spans cannot have a zero length
01-12 15:00:35.825 26086 26086 E SpannableStringBuilder: SPAN_EXCLUSIVE_EXCLUSIVE
spans cannot have a zero length
01-12 15:00:35.906 26086 26086 E ArmVmp : Match on catch block at 0xc3 in for 0xa1
01-12 15:00:35.926 26086 26086 E ArmVmp : Match on catch block at 0xc3 in for 0xa5
01-12 15:00:36.453 26086 26086 E ArmVmp : Match on catch block at 0xc3 in for 0xa5
01-12 15:00:36.468 26086 26086 E ArmVmp : Match on catch block at 0xc3 in for 0xa9
01-12 15:00:36.536 26086 26086 E ArmVmp : Match on catch block at 0xc3 in for 0xa1
01-12 15:00:36.549 26086 26086 E ArmVmp : Match on catch block at 0xc3 in for 0xa5
01-12 15:00:37.161 26086 26086 E ArmVmp : Match on catch block at 0xc3 in for 0xa5
01-12 15:00:37.186 26086 26086 E ArmVmp : Match on catch block at 0xc3 in for 0xa9
01-12 15:00:37.296 26086 26086 E ArmVmp : Match on catch block at 0xc3 in for 0xa1
01-12 15:00:37.317 26086 26086 E ArmVmp : Match on catch block at 0xc3 in for 0xa5
01-12 15:00:37.436 26086 26086 E ArmVmp : Match on catch block at 0xc3 in for 0xa5
01-12 15:00:37.457 26086 26086 E ArmVmp : Match on catch block at 0xc3 in for 0xa9
01-12 15:00:37.520 26086 26086 E ArmVmp : Match on catch block at 0xc3 in for 0xa9
01-12 15:00:37.541 26086 26086 E ArmVmp : Match on catch block at 0xc3 in for 0xa1
01-12 15:00:37.567 26086 26086 E ArmVmp : Match on catch block at 0xc3 in for 0xa1
01-12 15:00:37.585 26086 26086 E ArmVmp : Match on catch block at 0xc3 in for 0xa5
01-12 15:00:37.608 26086 26086 E ArmVmp : Match on catch block at 0xc3 in for 0xa5
01-12 15:00:37.631 26086 26086 E ArmVmp : Match on catch block at 0xc3 in for 0xa9
01-12 15:00:37.661 26086 26086 E ArmVmp : Match on catch block at 0xc3 in for 0xa9
01-12 15:00:37.677 26086 26086 E ArmVmp : Match on catch block at 0xc3 in for 0xa1
01-12 15:00:37.738 26086 26086 E ArmVmp : Match on catch block at 0xc3 in for 0xa1
01-12 15:00:37.758 26086 26086 E ArmVmp : Match on catch block at 0xc3 in for 0xa5
01-12 15:00:38.231 26086 26086 E ArmVmp : Match on catch block at 0xc3 in for 0xa5
01-12 15:00:38.253 26086 26086 E ArmVmp : Match on catch block at 0xc3 in for 0xa9
01-12 15:00:38.631 26086 26245 W libEGL : EGLNativeWindowType 0x71bb014010
disconnect failed
01-12 15:00:38.655 26086 26086 W InputEventReceiver: Attempted to finish an input
event but the input event receiver has already been disposed.
01-12 15:00:38.667 26086 26086 E ArmVmp : Match on catch block at 0xc3 in for 0xa1
01-12 15:00:38.691 26086 26086 E ArmVmp : Match on catch block at 0xc3 in for 0xa5
01-12 15:00:38.723 26086 26086 E ArmVmp : Match on catch block at 0xc3 in for 0xa5
01-12 15:00:38.744 26086 26086 E ArmVmp : Match on catch block at 0xc3 in for 0xa9
01-12 15:00:38.789 26086 26086 E ArmVmp : Match on catch block at 0xc3 in for 0xa9
01-12 15:00:38.808 26086 26086 E ArmVmp : Match on catch block at 0xc3 in for 0xa1
01-12 15:00:38.848 26086 26086 E ArmVmp : Match on catch block at 0xc3 in for 0xa1
01-12 15:00:38.884 26086 26086 E ArmVmp : Match on catch block at 0xc3 in for 0xa5
01-12 15:00:39.017 26086 26105 E : [ZeroHung]zrhung_get_config: Get config
failed for wp[0x0008]
01-12 15:00:39.433 26086 26086 E ArmVmp : Match on catch block at 0xc3 in for 0xa5
01-12 15:00:39.455 26086 26086 E ArmVmp : Match on catch block at 0xc3 in for 0xa9
01-12 15:00:39.569 26086 26086 E ArmVmp : Match on catch block at 0xc3 in for 0xa9
01-12 15:00:39.583 26086 26086 E ArmVmp : Match on catch block at 0xc3 in for 0xa1
01-12 15:00:39.684 26086 26086 E ArmVmp : Match on catch block at 0xc3 in for 0xa5
01-12 15:00:39.703 26086 26086 E ArmVmp : Match on catch block at 0xc3 in for 0xa9
01-12 15:00:41.715 26086 26086 E ArmVmp : Match on catch block at 0xc3 in for 0xa9
01-12 15:00:41.721 26086 26086 E ArmVmp : Match on catch block at 0xc3 in for 0xa1
01-12 15:00:41.754 26086 26086 E ArmVmp : Match on catch block at 0xc3 in for 0xa1
01-12 15:00:41.760 26086 26086 E ArmVmp : Match on catch block at 0xc3 in for 0xa5
01-12 15:00:41.772 26086 26086 W ActivityThread: handleWindowVisibility: no
activity for token android.os.BinderProxy@230daa2
01-12 15:00:41.843 26086 26086 E ArmVmp : Match on catch block at 0xc3 in for 0xa5
01-12 15:00:41.849 26086 26086 E ArmVmp : Match on catch block at 0xc3 in for 0xa9
01-12 15:00:41.854 26086 26470 W HiTouch_HiTouchSensor: depended package hiTouch
does n't exist!
01-12 15:00:41.900 26086 26086 E ArmVmp : Match on catch block at 0xc3 in for 0xa9
01-12 15:00:41.904 26086 26086 E ArmVmp : Match on catch block at 0xc3 in for 0xa1
01-12 15:00:41.911 26086 26086 W InputMethodManager: startInputReason = 1
01-12 15:00:41.933 26086 26086 E ArmVmp : Match on catch block at 0xc3 in for 0xa1
01-12 15:00:41.939 26086 26086 E ArmVmp : Match on catch block at 0xc3 in for 0xa5
01-12 15:00:41.945 26086 26086 E ArmVmp : Match on catch block at 0xc3 in for 0xa5
01-12 15:00:41.951 26086 26086 E ArmVmp : Match on catch block at 0xc3 in for 0xa9
01-12 15:00:41.958 26086 26086 E ArmVmp : Match on catch block at 0xc3 in for 0xa9
01-12 15:00:41.963 26086 26086 E ArmVmp : Match on catch block at 0xc3 in for 0xa1
01-12 15:00:41.974 26086 26086 E ArmVmp : Match on catch block at 0xc3 in for 0xa1
01-12 15:00:41.978 26086 26086 E ArmVmp : Match on catch block at 0xc3 in for 0xa5
01-12 15:00:42.015 26086 26086 E ArmVmp : Match on catch block at 0xc3 in for 0xa1
01-12 15:00:42.019 26086 26086 E ArmVmp : Match on catch block at 0xc3 in for 0xa5
01-12 15:00:42.068 26086 26245 W libEGL : EGLNativeWindowType 0x718de29010
disconnect failed
01-12 15:00:42.074 26086 26086 E ArmVmp : Match on catch block at 0xc3 in for 0xa1
01-12 15:00:42.079 26086 26086 E ArmVmp : Match on catch block at 0xc3 in for 0xa5
01-12 15:00:42.086 26086 26086 E ArmVmp : Match on catch block at 0xc3 in for 0xa5
01-12 15:00:42.090 26086 26086 E ArmVmp : Match on catch block at 0xc3 in for 0xa9
01-12 15:00:42.106 26086 26086 E ArmVmp : Match on catch block at 0xc3 in for 0xa9
01-12 15:00:42.111 26086 26086 E ArmVmp : Match on catch block at 0xc3 in for 0xa1
01-12 15:00:42.123 26086 26086 E ArmVmp : Match on catch block at 0xc3 in for 0xa1
01-12 15:00:42.127 26086 26086 E ArmVmp : Match on catch block at 0xc3 in for 0xa5
01-12 15:00:42.140 26086 26086 E ArmVmp : Match on catch block at 0xc3 in for 0xa5
01-12 15:00:42.144 26086 26086 E ArmVmp : Match on catch block at 0xc3 in for 0xa9
01-12 15:00:43.615 26086 26086 E ArmVmp : Match on catch block at 0xc3 in for 0xa9
01-12 15:00:43.639 26086 26086 E ArmVmp : Match on catch block at 0xc3 in for 0xa1
01-12 15:00:43.677 26086 26086 E ArmVmp : Match on catch block at 0xc3 in for 0xa1
01-12 15:00:43.699 26086 26086 E ArmVmp : Match on catch block at 0xc3 in for 0xa5
01-12 15:00:43.733 26086 26086 E ArmVmp : Match on catch block at 0xc3 in for 0xa5
01-12 15:00:43.753 26086 26086 E ArmVmp : Match on catch block at 0xc3 in for 0xa9
01-12 15:00:43.788 26086 26086 E ArmVmp : Match on catch block at 0xc3 in for 0xa9
01-12 15:00:43.809 26086 26086 E ArmVmp : Match on catch block at 0xc3 in for 0xa1
01-12 15:00:43.835 26086 26086 E ArmVmp : Match on catch block at 0xc3 in for 0xa1
01-12 15:00:43.852 26086 26086 E ArmVmp : Match on catch block at 0xc3 in for 0xa5
01-12 15:00:43.877 26086 26086 E ArmVmp : Match on catch block at 0xc3 in for 0xa5
01-12 15:00:43.897 26086 26086 E ArmVmp : Match on catch block at 0xc3 in for 0xa9
01-12 15:01:11.661 26086 26086 W InputMethodManager: startInputReason = 8
01-12 15:01:11.669 26086 26086 W IInputConnectionWrapper: getExtractedText on
inactive InputConnection
01-12 15:01:11.672 26086 26086 W IInputConnectionWrapper: getTextBeforeCursor on
inactive InputConnection
01-12 15:01:11.698 26086 26086 W IInputConnectionWrapper: getExtractedText on
inactive InputConnection
01-12 15:01:11.700 26086 26086 W IInputConnectionWrapper: getTextBeforeCursor on
inactive InputConnection
01-12 15:01:11.708 26086 26086 W IInputConnectionWrapper: getExtractedText on
inactive InputConnection
01-12 15:01:11.712 26086 26086 W IInputConnectionWrapper: getTextBeforeCursor on
inactive InputConnection
01-12 15:01:11.996 26086 26105 E : [ZeroHung]zrhung_get_config: Get config
failed for wp[0x0008]
01-12 15:01:12.223 26086 26086 E ArmVmp : Match on catch block at 0xc3 in for 0xa5
01-12 15:01:12.236 26086 26086 E ArmVmp : Match on catch block at 0xc3 in for 0xa9
01-12 15:01:12.638 26086 26086 E ArmVmp : Match on catch block at 0xc3 in for 0xa9
01-12 15:01:12.656 26086 26086 E ArmVmp : Match on catch block at 0xc3 in for 0xa1
01-12 15:01:12.752 26086 26245 W libEGL : EGLNativeWindowType 0x7194524010
disconnect failed
01-12 15:01:12.763 26086 26245 W libEGL : EGLNativeWindowType 0x71bb0d0010
disconnect failed
01-12 15:01:16.978 26086 26105 E : [ZeroHung]zrhung_get_config: Get config
failed for wp[0x0008]
01-12 15:01:17.310 26086 26324 E : [ZeroHung]zrhung_get_config: Get config
failed for wp[0x0008]
01-12 15:01:19.172 26086 26086 E ArmVmp : Match on catch block at 0x0a in for 0xc9
01-12 15:01:19.187 26086 26086 E ArmVmp : Match on catch block at 0x0a in for 0xc9
01-12 15:01:19.257 26086 26086 E ArmVmp : Match on catch block at 0xc3 in for 0xa9
01-12 15:01:19.273 26086 26086 E ArmVmp : Match on catch block at 0xc3 in for 0xa1
01-12 15:01:19.291 26086 26086 E ArmVmp : Match on catch block at 0xc3 in for 0xa5
01-12 15:01:19.304 26086 26086 E ArmVmp : Match on catch block at 0xc3 in for 0xa9
01-12 15:01:19.416 26086 26086 E ArmVmp : Match on catch block at 0xc3 in for 0xa9
01-12 15:01:19.430 26086 26086 E ArmVmp : Match on catch block at 0xc3 in for 0xa1
01-12 15:01:19.558 26086 26086 E ArmVmp : Match on catch block at 0xc3 in for 0xa5
01-12 15:01:19.581 26086 26086 E ArmVmp : Match on catch block at 0xc3 in for 0xa9
01-12 15:01:19.613 26086 26086 E ArmVmp : Match on catch block at 0xc3 in for 0xa9
01-12 15:01:19.630 26086 26086 E ArmVmp : Match on catch block at 0xc3 in for 0xa1
01-12 15:01:19.855 26086 26086 E ArmVmp : Match on catch block at 0xc3 in for 0xa1
01-12 15:01:19.869 26086 26086 E ArmVmp : Match on catch block at 0xc3 in for 0xa5
01-12 15:01:20.040 26086 26086 W InputMethodManager: startInputReason = 1
01-12 15:01:20.047 26086 26086 E ArmVmp : Match on catch block at 0xc3 in for 0xa1
01-12 15:01:20.080 26086 26086 E ArmVmp : Match on catch block at 0xc3 in for 0xa5
01-12 15:01:20.121 26086 26086 E ArmVmp : Match on catch block at 0xc3 in for 0xa5
01-12 15:01:20.131 26086 26086 E ArmVmp : Match on catch block at 0xc3 in for 0xa9
01-12 15:01:20.159 26086 26086 E ArmVmp : Match on catch block at 0xc3 in for 0xa9
01-12 15:01:20.176 26086 26086 E ArmVmp : Match on catch block at 0xc3 in for 0xa1
01-12 15:01:20.192 26086 26086 E ArmVmp : Match on catch block at 0xc3 in for 0xa1
01-12 15:01:20.199 26086 26086 E ArmVmp : Match on catch block at 0xc3 in for 0xa5
01-12 15:01:20.223 26086 26086 E ArmVmp : Match on catch block at 0xc3 in for 0xa5
01-12 15:01:20.236 26086 26086 E ArmVmp : Match on catch block at 0xc3 in for 0xa9
01-12 15:01:20.259 26086 26086 E ArmVmp : Match on catch block at 0xc3 in for 0xa9
01-12 15:01:20.267 26086 26086 E ArmVmp : Match on catch block at 0xc3 in for 0xa1
01-12 15:01:20.289 26086 26086 E ArmVmp : Match on catch block at 0xc3 in for 0xa1
01-12 15:01:20.301 26086 26086 E ArmVmp : Match on catch block at 0xc3 in for 0xa5
01-12 15:01:20.322 26086 26086 E ArmVmp : Match on catch block at 0xc3 in for 0xa5
01-12 15:01:20.334 26086 26086 E ArmVmp : Match on catch block at 0xc3 in for 0xa9
01-12 15:01:20.357 26086 26086 E ArmVmp : Match on catch block at 0xc3 in for 0xa9
01-12 15:01:20.370 26086 26086 E ArmVmp : Match on catch block at 0xc3 in for 0xa1
01-12 15:01:20.390 26086 26086 E ArmVmp : Match on catch block at 0xc3 in for 0xa1
01-12 15:01:20.399 26086 26086 E ArmVmp : Match on catch block at 0xc3 in for 0xa5
01-12 15:01:20.424 26086 26086 E ArmVmp : Match on catch block at 0xc3 in for 0xa5
01-12 15:01:20.434 26086 26086 E ArmVmp : Match on catch block at 0xc3 in for 0xa9
01-12 15:01:20.453 26086 26086 E ArmVmp : Match on catch block at 0xc3 in for 0xa9
01-12 15:01:20.466 26086 26086 E ArmVmp : Match on catch block at 0xc3 in for 0xa1
01-12 15:01:20.488 26086 26086 E ArmVmp : Match on catch block at 0xc3 in for 0xa1
01-12 15:01:20.494 26086 26086 E ArmVmp : Match on catch block at 0xc3 in for 0xa5
01-12 15:01:20.759 26086 26086 E ArmVmp : Match on catch block at 0xc3 in for 0xa5
01-12 15:01:20.770 26086 26086 E ArmVmp : Match on catch block at 0xc3 in for 0xa9
01-12 15:01:20.802 26086 26086 E ArmVmp : Match on catch block at 0xc3 in for 0xa5
01-12 15:01:20.812 26086 26086 E ArmVmp : Match on catch block at 0xc3 in for 0xa9
01-12 15:01:20.838 26086 26086 E ArmVmp : Match on catch block at 0xc3 in for 0xa9
01-12 15:01:20.847 26086 26086 E ArmVmp : Match on catch block at 0xc3 in for 0xa1
01-12 15:01:20.867 26086 26086 E ArmVmp : Match on catch block at 0xc3 in for 0xa1
01-12 15:01:20.878 26086 26086 E ArmVmp : Match on catch block at 0xc3 in for 0xa5
01-12 15:01:22.319 26086 26086 E ArmVmp : Match on catch block at 0xc3 in for 0xa1
01-12 15:01:22.333 26086 26086 E ArmVmp : Match on catch block at 0xc3 in for 0xa5
01-12 15:01:22.358 26086 26086 E ArmVmp : Match on catch block at 0xc3 in for 0xa5
01-12 15:01:22.376 26086 26086 E ArmVmp : Match on catch block at 0xc3 in for 0xa9
01-12 15:01:22.470 26086 26086 E ArmVmp : Match on catch block at 0xc3 in for 0xa9
01-12 15:01:22.478 26086 26086 E ArmVmp : Match on catch block at 0xc3 in for 0xa1
01-12 15:01:22.587 26086 26086 E ArmVmp : Match on catch block at 0xc3 in for 0xa9
01-12 15:01:22.601 26086 26086 E ArmVmp : Match on catch block at 0xc3 in for 0xa1
01-12 15:01:22.678 26086 26086 E ArmVmp : Match on catch block at 0xc3 in for 0xa1
01-12 15:01:22.691 26086 26086 E ArmVmp : Match on catch block at 0xc3 in for 0xa5
01-12 15:01:22.732 26086 26086 E ArmVmp : Match on catch block at 0xc3 in for 0xa5
01-12 15:01:22.743 26086 26086 E ArmVmp : Match on catch block at 0xc3 in for 0xa9
01-12 15:01:23.399 26086 26086 E ArmVmp : Match on catch block at 0xc3 in for 0xa9
01-12 15:01:23.417 26086 26086 E ArmVmp : Match on catch block at 0xc3 in for 0xa1
01-12 15:01:23.444 26086 26086 E ArmVmp : Match on catch block at 0xc3 in for 0xa9
01-12 15:01:23.457 26086 26086 E ArmVmp : Match on catch block at 0xc3 in for 0xa1
01-12 15:01:23.530 26086 26086 E ArmVmp : Match on catch block at 0xc3 in for 0xa1
01-12 15:01:23.542 26086 26086 E ArmVmp : Match on catch block at 0xc3 in for 0xa5
01-12 15:01:23.581 26086 26245 W libEGL : EGLNativeWindowType 0x71e7480010
disconnect failed
01-12 15:01:23.627 26086 26086 E ArmVmp : Match on catch block at 0xc3 in for 0xa5
01-12 15:01:23.636 26086 26086 E ArmVmp : Match on catch block at 0xc3 in for 0xa9
01-12 15:01:23.759 26086 26086 W InputMethodManager: startInputReason = 1
01-12 15:01:23.780 26086 26086 E ArmVmp : Match on catch block at 0xc3 in for 0xa1
01-12 15:01:23.785 26086 26086 E ArmVmp : Match on catch block at 0xc3 in for 0xa5
01-12 15:01:23.798 26086 26086 E ArmVmp : Match on catch block at 0xc3 in for 0xa5
01-12 15:01:23.803 26086 26086 E ArmVmp : Match on catch block at 0xc3 in for 0xa9
01-12 15:01:23.812 26086 26086 E SpannableStringBuilder: SPAN_EXCLUSIVE_EXCLUSIVE
spans cannot have a zero length
01-12 15:01:23.813 26086 26086 E SpannableStringBuilder: SPAN_EXCLUSIVE_EXCLUSIVE
spans cannot have a zero length
01-12 15:01:23.820 26086 26245 W libEGL : EGLNativeWindowType 0x718d431010
disconnect failed
01-12 15:01:23.862 26086 26086 E ArmVmp : Match on catch block at 0xc3 in for 0xa9
01-12 15:01:23.866 26086 26086 E ArmVmp : Match on catch block at 0xc3 in for 0xa1
01-12 15:01:23.873 26086 26086 E ArmVmp : Match on catch block at 0xc3 in for 0xa9
01-12 15:01:23.877 26086 26086 E ArmVmp : Match on catch block at 0xc3 in for 0xa1
01-12 15:01:23.899 26086 26086 E ArmVmp : Match on catch block at 0xc3 in for 0xa1
01-12 15:01:23.904 26086 26086 E ArmVmp : Match on catch block at 0xc3 in for 0xa5
01-12 15:01:23.915 26086 26086 E ArmVmp : Match on catch block at 0xc3 in for 0xa5
01-12 15:01:23.920 26086 26086 E ArmVmp : Match on catch block at 0xc3 in for 0xa9
01-12 15:01:23.932 26086 26086 E ArmVmp : Match on catch block at 0xc3 in for 0xa9
01-12 15:01:23.936 26086 26086 E ArmVmp : Match on catch block at 0xc3 in for 0xa1
01-12 15:01:23.948 26086 26086 E ArmVmp : Match on catch block at 0xc3 in for 0xa1
01-12 15:01:23.953 26086 26086 E ArmVmp : Match on catch block at 0xc3 in for 0xa5
01-12 15:01:23.965 26086 26086 E ArmVmp : Match on catch block at 0xc3 in for 0xa5
01-12 15:01:23.969 26086 26086 E ArmVmp : Match on catch block at 0xc3 in for 0xa9
01-12 15:01:23.981 26086 26086 E ArmVmp : Match on catch block at 0xc3 in for 0xa9
01-12 15:01:23.987 26086 26086 E ArmVmp : Match on catch block at 0xc3 in for 0xa1
01-12 15:01:23.998 26086 26086 E ArmVmp : Match on catch block at 0xc3 in for 0xa1
01-12 15:01:24.003 26086 26086 E ArmVmp : Match on catch block at 0xc3 in for 0xa5
01-12 15:01:24.285 26086 26086 E ArmVmp : Match on catch block at 0xc3 in for 0xa5
01-12 15:01:24.300 26086 26086 E ArmVmp : Match on catch block at 0xc3 in for 0xa9
01-12 15:01:24.779 26086 26086 E ArmVmp : Match on catch block at 0xc3 in for 0xa9
01-12 15:01:24.795 26086 26086 E ArmVmp : Match on catch block at 0xc3 in for 0xa1
01-12 15:01:25.273 26086 26086 E ArmVmp : Match on catch block at 0xc3 in for 0xa5
01-12 15:01:25.287 26086 26086 E ArmVmp : Match on catch block at 0xc3 in for 0xa9
01-12 15:01:25.313 26086 26086 E ArmVmp : Match on catch block at 0xc3 in for 0xa9
01-12 15:01:25.323 26086 26086 E ArmVmp : Match on catch block at 0xc3 in for 0xa1
01-12 15:01:25.341 26086 26086 E ArmVmp : Match on catch block at 0xc3 in for 0xa1
01-12 15:01:25.352 26086 26086 E ArmVmp : Match on catch block at 0xc3 in for 0xa5
01-12 15:01:25.536 26086 26086 E ArmVmp : Match on catch block at 0xc3 in for 0xa5
01-12 15:01:25.544 26086 26086 E ArmVmp : Match on catch block at 0xc3 in for 0xa9
01-12 15:01:25.579 26086 26086 E ArmVmp : Match on catch block at 0xc3 in for 0xa9
01-12 15:01:25.593 26086 26086 E ArmVmp : Match on catch block at 0xc3 in for 0xa1
01-12 15:01:25.613 26086 26086 E ArmVmp : Match on catch block at 0xc3 in for 0xa1
01-12 15:01:25.641 26086 26086 E ArmVmp : Match on catch block at 0xc3 in for 0xa5
01-12 15:01:25.665 26086 26086 E ArmVmp : Match on catch block at 0xc3 in for 0xa5
01-12 15:01:25.676 26086 26086 E ArmVmp : Match on catch block at 0xc3 in for 0xa9
01-12 15:01:25.697 26086 26086 E ArmVmp : Match on catch block at 0xc3 in for 0xa1
01-12 15:01:25.709 26086 26086 E ArmVmp : Match on catch block at 0xc3 in for 0xa5
01-12 15:01:25.729 26086 26086 E ArmVmp : Match on catch block at 0xc3 in for 0xa5
01-12 15:01:25.740 26086 26086 E ArmVmp : Match on catch block at 0xc3 in for 0xa9
01-12 15:01:25.755 26086 26086 E ArmVmp : Match on catch block at 0xc3 in for 0xa9
01-12 15:01:25.764 26086 26086 E ArmVmp : Match on catch block at 0xc3 in for 0xa1
01-12 15:01:25.795 26086 26086 E ArmVmp : Match on catch block at 0xc3 in for 0xa1
01-12 15:01:25.806 26086 26086 E ArmVmp : Match on catch block at 0xc3 in for 0xa5
01-12 15:01:25.830 26086 26086 E ArmVmp : Match on catch block at 0xc3 in for 0xa5
01-12 15:01:25.843 26086 26086 E ArmVmp : Match on catch block at 0xc3 in for 0xa9
01-12 15:01:25.870 26086 26086 E ArmVmp : Match on catch block at 0xc3 in for 0xa9
01-12 15:01:25.881 26086 26086 E ArmVmp : Match on catch block at 0xc3 in for 0xa1
01-12 15:01:25.898 26086 26086 E ArmVmp : Match on catch block at 0xc3 in for 0xa1
01-12 15:01:25.906 26086 26086 E ArmVmp : Match on catch block at 0xc3 in for 0xa5
01-12 15:01:27.218 26086 26086 W ActivityThread: handleWindowVisibility: no
activity for token android.os.BinderProxy@16aac5b
01-12 15:01:27.304 26086 26105 E : [ZeroHung]zrhung_get_config: Get config
failed for wp[0x0008]
01-12 15:01:27.313 26086 26736 W HiTouch_HiTouchSensor: depended package hiTouch
does n't exist!
01-12 15:01:27.400 26086 26086 W InputMethodManager: startInputReason = 1
01-12 15:01:27.478 26086 26245 W libEGL : EGLNativeWindowType 0x718d8e8010
disconnect failed
01-12 15:01:27.651 26086 26245 W libEGL : EGLNativeWindowType 0x7194524010
disconnect failed
01-12 15:01:27.657 26086 26086 E ArmVmp : Match on catch block at 0xc3 in for 0xa9
01-12 15:01:27.662 26086 26086 E ArmVmp : Match on catch block at 0xc3 in for 0xa1
01-12 15:01:32.471 26086 26086 W ActivityThread: handleWindowVisibility: no
activity for token android.os.BinderProxy@418cf4f
01-12 15:01:32.523 26086 26752 W HiTouch_HiTouchSensor: depended package hiTouch
does n't exist!
01-12 15:01:32.611 26086 26086 W InputMethodManager: startInputReason = 1
01-12 15:01:32.841 26086 26245 W libEGL : EGLNativeWindowType 0x718d941010
disconnect failed
01-12 15:01:33.937 26086 26086 W InputMethodManager: startInputReason = 1
01-12 15:01:34.194 26086 26245 W libEGL : EGLNativeWindowType 0x71bb08b010
disconnect failed
01-12 15:01:34.331 26086 26086 E ArmVmp : Match on catch block at 0x0a in for 0xc5
