01-12 14:58:26.040 24912 24912 E ArmVmp : Match on catch block at 0xc3 in for 0xa1
01-12 14:58:26.085 24912 24912 W InputMethodManager: startInputReason = 1
01-12 14:58:26.307 24912 24993 W libEGL : EGLNativeWindowType 0x71c3c85010
disconnect failed
01-12 14:58:26.327 24912 24993 W libEGL : EGLNativeWindowType 0x71c9cc3010
disconnect failed
01-12 14:58:26.332 24912 24912 E ArmVmp : Match on catch block at 0xc3 in for 0xa9
01-12 14:58:26.341 24912 24912 E ArmVmp : Match on catch block at 0xc3 in for 0xa1
01-12 14:58:26.362 24912 24912 E ArmVmp : Match on catch block at 0xc3 in for 0xa1
01-12 14:58:26.374 24912 24912 E ArmVmp : Match on catch block at 0xc3 in for 0xa5
01-12 14:58:26.386 24912 24912 E ArmVmp : Match on catch block at 0xc3 in for 0xa5
01-12 14:58:26.394 24912 24912 E ArmVmp : Match on catch block at 0xc3 in for 0xa9
01-12 14:58:26.404 24912 24912 E ArmVmp : Match on catch block at 0xc3 in for 0xa9
01-12 14:58:26.411 24912 24912 E ArmVmp : Match on catch block at 0xc3 in for 0xa1
01-12 14:58:26.417 24912 24912 E ArmVmp : Match on catch block at 0xc3 in for 0xa1
01-12 14:58:26.422 24912 24912 E ArmVmp : Match on catch block at 0xc3 in for 0xa5
01-12 14:58:26.430 24912 24912 E ArmVmp : Match on catch block at 0xc3 in for 0xa5
01-12 14:58:26.436 24912 24912 E ArmVmp : Match on catch block at 0xc3 in for 0xa9
01-12 14:58:26.447 24912 24912 E ArmVmp : Match on catch block at 0xc3 in for 0xa9
01-12 14:58:26.451 24912 24912 E ArmVmp : Match on catch block at 0xc3 in for 0xa1
01-12 14:58:26.464 24912 24912 E ArmVmp : Match on catch block at 0xc3 in for 0xa1
01-12 14:58:26.470 24912 24912 E ArmVmp : Match on catch block at 0xc3 in for 0xa5
01-12 14:58:26.480 24912 24912 E ArmVmp : Match on catch block at 0xc3 in for 0xa5
01-12 14:58:26.487 24912 24912 E ArmVmp : Match on catch block at 0xc3 in for 0xa9
01-12 14:58:26.498 24912 24912 E ArmVmp : Match on catch block at 0xc3 in for 0xa9
01-12 14:58:26.504 24912 24912 E ArmVmp : Match on catch block at 0xc3 in for 0xa1
01-12 14:58:26.514 24912 24912 E ArmVmp : Match on catch block at 0xc3 in for 0xa1
01-12 14:58:26.520 24912 24912 E ArmVmp : Match on catch block at 0xc3 in for 0xa5
01-12 14:58:26.529 24912 24912 E ArmVmp : Match on catch block at 0xc3 in for 0xa5
01-12 14:58:26.536 24912 24912 E ArmVmp : Match on catch block at 0xc3 in for 0xa9
01-12 14:58:26.545 24912 24912 E ArmVmp : Match on catch block at 0xc3 in for 0xa9
01-12 14:58:26.551 24912 24912 E ArmVmp : Match on catch block at 0xc3 in for 0xa1
01-12 14:58:26.563 24912 24912 E ArmVmp : Match on catch block at 0xc3 in for 0xa1
01-12 14:58:26.569 24912 24912 E ArmVmp : Match on catch block at 0xc3 in for 0xa5
01-12 14:58:26.578 24912 24912 E ArmVmp : Match on catch block at 0xc3 in for 0xa5
01-12 14:58:26.584 24912 24912 E ArmVmp : Match on catch block at 0xc3 in for 0xa9
01-12 14:58:26.594 24912 24912 E ArmVmp : Match on catch block at 0xc3 in for 0xa9
01-12 14:58:26.600 24912 24912 E ArmVmp : Match on catch block at 0xc3 in for 0xa1
01-12 14:58:26.611 24912 24912 E ArmVmp : Match on catch block at 0xc3 in for 0xa1
01-12 14:58:26.616 24912 24912 E ArmVmp : Match on catch block at 0xc3 in for 0xa5
01-12 14:58:26.627 24912 24912 E ArmVmp : Match on catch block at 0xc3 in for 0xa5
01-12 14:58:26.633 24912 24912 E ArmVmp : Match on catch block at 0xc3 in for 0xa9
01-12 14:58:27.368 24912 24993 W libEGL : EGLNativeWindowType 0x7195610010
disconnect failed
01-12 14:58:27.403 24912 24912 W ActivityThread: handleWindowVisibility: no
activity for token android.os.BinderProxy@16cd3d9
01-12 14:58:27.558 24912 25106 W libEGL : EGLNativeWindowType 0x71bb33e010
disconnect failed
01-12 14:58:27.574 24912 25178 W HiTouch_HiTouchSensor: depended package hiTouch
does n't exist!
01-12 14:58:27.658 24912 24912 W BottomSheetBehavior: BottomSheetBehavior now
supports multiple callbacks. `setBottomSheetCallback()` removes all existing
callbacks, including ones set internally by library authors, which may result in
unintended behavior. This may change in the future. Please use
`addBottomSheetCallback()` and `removeBottomSheetCallback()` instead to set your
own callbacks.
01-12 14:58:27.670 24912 24912 E RecyclerView: No adapter attached; skipping layout
01-12 14:58:27.679 24912 24912 W InputMethodManager: startInputReason = 1
01-12 14:58:27.682 24912 24912 E RecyclerView: No adapter attached; skipping layout
01-12 14:58:27.700 24912 24922 E : [ZeroHung]zrhung_get_config: Get config
failed for wp[0x0008]
01-12 14:58:27.802 24912 24920 W System : A resource failed to call close.
01-12 14:58:27.832 24912 24922 E : [ZeroHung]zrhung_get_config: Get config
failed for wp[0x0008]
01-12 14:58:28.121 24912 24993 W libEGL : EGLNativeWindowType 0x71bb32e010
disconnect failed
01-12 14:58:29.104 24912 24912 W MediaUploadQueu: type=1400 audit(0.0:1629406):
avc: granted { create } for name="202402"
scontext=u:r:untrusted_app:s0:c223,c256,c512,c768
tcontext=u:object_r:sdcardfs:s0:c223,c256,c512,c768 tclass=dir
01-12 14:58:29.104 24912 24912 W MediaUploadQueu: type=1400 audit(0.0:1629407):
avc: granted { create } for name=".nomedia"
scontext=u:r:untrusted_app:s0:c223,c256,c512,c768
tcontext=u:object_r:sdcardfs:s0:c223,c256,c512,c768 tclass=file
01-12 14:58:29.298 24912 24922 E : [ZeroHung]zrhung_get_config: Get config
failed for wp[0x0008]
01-12 14:58:30.507 24912 25197 W HiTouch_HiTouchSensor: depended package hiTouch
does n't exist!
01-12 14:58:31.645 24912 24993 W libEGL : EGLNativeWindowType 0x7195642010
disconnect failed
01-12 14:58:32.593 24912 24912 W InputMethodManager: The current service view is
not the focus view
01-12 14:58:32.700 24912 25203 W HiTouch_HiTouchSensor: depended package hiTouch
does n't exist!
01-12 14:58:32.821 24912 24912 W InputMethodManager: startInputReason = 1
01-12 14:58:33.016 24912 24912 E SpannableStringBuilder: SPAN_EXCLUSIVE_EXCLUSIVE
spans cannot have a zero length
01-12 14:58:33.065 24912 24912 E SpannableStringBuilder: SPAN_EXCLUSIVE_EXCLUSIVE
spans cannot have a zero length
01-12 14:58:33.193 24912 24993 W libEGL : EGLNativeWindowType 0x71959ae010
disconnect failed
01-12 14:58:33.929 24912 24993 W libEGL : EGLNativeWindowType 0x71959ae010
disconnect failed
01-12 14:58:33.958 24912 24912 W ViewRootImpl[MediaComposerActivity]: Dropping
event due to root view being removed: KeyEvent { action=ACTION_UP,
keyCode=KEYCODE_BACK, scanCode=0, metaState=0, flags=0x48, hwFlags=0x17,
repeatCount=0, eventTime=346436864, downTime=346436755, deviceId=-1, source=0x101 }
01-12 14:58:33.958 24912 24912 W InputEventReceiver: Attempted to finish an input
event but the input event receiver has already been disposed.
01-12 14:58:33.981 24912 24912 W InputMethodManager: startInputReason = 1
01-12 14:58:34.490 24912 24993 W libEGL : EGLNativeWindowType 0x71e7468010
disconnect failed
01-12 14:58:35.010 24912 24912 W InputMethodManager: startInputReason = 1
01-12 14:58:35.038 24912 24993 W libEGL : EGLNativeWindowType 0x7180f0e010
disconnect failed
01-12 14:58:35.056 24912 24912 W BottomSheetBehavior: BottomSheetBehavior now
supports multiple callbacks. `setBottomSheetCallback()` removes all existing
callbacks, including ones set internally by library authors, which may result in
unintended behavior. This may change in the future. Please use
`addBottomSheetCallback()` and `removeBottomSheetCallback()` instead to set your
own callbacks.
01-12 14:58:37.550 24912 24912 W ActivityThread: handleWindowVisibility: no
activity for token android.os.BinderProxy@f743339
01-12 14:58:37.655 24912 25352 W HiTouch_HiTouchSensor: depended package hiTouch
does n't exist!
01-12 14:58:37.674 24912 25106 W libEGL : EGLNativeWindowType 0x71959e7010
disconnect failed
01-12 14:58:37.687 24912 24912 W BottomSheetBehavior: BottomSheetBehavior now
supports multiple callbacks. `setBottomSheetCallback()` removes all existing
callbacks, including ones set internally by library authors, which may result in
unintended behavior. This may change in the future. Please use
`addBottomSheetCallback()` and `removeBottomSheetCallback()` instead to set your
own callbacks.
01-12 14:58:37.711 24912 24912 E RecyclerView: No adapter attached; skipping layout
01-12 14:58:37.718 24912 24912 E RecyclerView: No adapter attached; skipping layout
01-12 14:58:37.720 24912 24912 W InputMethodManager: startInputReason = 1
01-12 14:58:37.731 24912 24922 E : [ZeroHung]zrhung_get_config: Get config
failed for wp[0x0008]
01-12 14:58:38.122 24912 24993 W libEGL : EGLNativeWindowType 0x71afa62010
disconnect failed
01-12 14:58:39.719 24912 24922 E : [ZeroHung]zrhung_get_config: Get config
failed for wp[0x0008]
01-12 14:58:39.728 24912 24912 W RecyclerView: An instance of 6Hl was started more
than once. Each instance of6Hl is intended to only be used once. You should create
a new instance for each use.
01-12 14:58:39.850 24912 24912 W RecyclerView: An instance of 6Hl was started more
than once. Each instance of6Hl is intended to only be used once. You should create
a new instance for each use.
01-12 14:58:42.193 24912 24912 W InputMethodManager: The current service view is
not the focus view
01-12 14:58:42.277 24912 25362 W HiTouch_HiTouchSensor: depended package hiTouch
does n't exist!
01-12 14:58:42.447 24912 24912 W InputMethodManager: startInputReason = 1
01-12 14:58:42.637 24912 24912 E SpannableStringBuilder: SPAN_EXCLUSIVE_EXCLUSIVE
spans cannot have a zero length
01-12 14:58:42.714 24912 24993 W libEGL : EGLNativeWindowType 0x71ba0b7010
disconnect failed
01-12 14:58:42.749 24912 24912 W ViewRootImpl[MediaComposerActivity]: Dropping
event due to root view being removed: KeyEvent { action=ACTION_UP,
keyCode=KEYCODE_BACK, scanCode=0, metaState=0, flags=0x48, hwFlags=0xf,
repeatCount=0, eventTime=346445645, downTime=346445591, deviceId=-1, source=0x101 }
01-12 14:58:42.749 24912 24912 W InputEventReceiver: Attempted to finish an input
event but the input event receiver has already been disposed.
01-12 14:58:42.752 24912 24912 W IInputConnectionWrapper: beginBatchEdit on
inactive InputConnection
01-12 14:58:42.752 24912 24912 W IInputConnectionWrapper: setComposingRegion on
inactive InputConnection
01-12 14:58:42.752 24912 24912 W IInputConnectionWrapper: endBatchEdit on inactive
InputConnection
01-12 14:58:42.787 24912 24912 W InputMethodManager: startInputReason = 1
01-12 14:58:44.619 24912 24912 W InputMethodManager: startInputReason = 1
01-12 14:58:44.643 24912 24993 W libEGL : EGLNativeWindowType 0x7193f84010
disconnect failed
01-12 14:58:44.655 24912 24912 W BottomSheetBehavior: BottomSheetBehavior now
supports multiple callbacks. `setBottomSheetCallback()` removes all existing
callbacks, including ones set internally by library authors, which may result in
unintended behavior. This may change in the future. Please use
`addBottomSheetCallback()` and `removeBottomSheetCallback()` instead to set your
own callbacks.
01-12 14:58:46.051 24912 24912 E ArmVmp : Match on catch block at 0x0a in for 0xc1
01-12 14:58:46.060 24912 24912 E ArmVmp : Match on catch block at 0x0a in for 0xc9
01-12 14:58:46.127 24912 24912 E ArmVmp : Match on catch block at 0xc3 in for 0xa9
01-12 14:58:46.134 24912 24912 E ArmVmp : Match on catch block at 0xc3 in for 0xa1
01-12 14:58:46.160 24912 25106 W libEGL : EGLNativeWindowType 0x71959e7010
disconnect failed
01-12 14:58:46.164 24912 24912 E ArmVmp : Match on catch block at 0xc3 in for 0xa9
01-12 14:58:46.171 24912 24912 E ArmVmp : Match on catch block at 0xc3 in for 0xa1
01-12 14:58:46.196 24912 24912 W InputMethodManager: startInputReason = 1
01-12 14:58:46.228 24912 24912 E ArmVmp : Match on catch block at 0xc3 in for 0xa5
01-12 14:58:46.232 24912 24912 E ArmVmp : Match on catch block at 0xc3 in for 0xa9
01-12 14:58:46.247 24912 24912 E ArmVmp : Match on catch block at 0xc3 in for 0xa9
01-12 14:58:46.252 24912 24912 E ArmVmp : Match on catch block at 0xc3 in for 0xa1
01-12 14:58:46.297 24912 24912 E SpannableStringBuilder: SPAN_EXCLUSIVE_EXCLUSIVE
spans cannot have a zero length
01-12 14:58:46.431 24912 24993 W libEGL : EGLNativeWindowType 0x719570b010
disconnect failed
01-12 14:58:46.713 24912 24912 E ArmVmp : Match on catch block at 0xc3 in for 0xa1
01-12 14:58:46.726 24912 24912 E ArmVmp : Match on catch block at 0xc3 in for 0xa5
01-12 14:58:46.895 24912 24912 E ArmVmp : Match on catch block at 0xc3 in for 0xa5
01-12 14:58:46.907 24912 24912 E ArmVmp : Match on catch block at 0xc3 in for 0xa9
01-12 14:58:46.928 24912 24912 E ArmVmp : Match on catch block at 0xc3 in for 0xa9
01-12 14:58:46.944 24912 24912 E ArmVmp : Match on catch block at 0xc3 in for 0xa1
01-12 14:58:46.978 24912 24912 E ArmVmp : Match on catch block at 0xc3 in for 0xa1
01-12 14:58:46.994 24912 24912 E ArmVmp : Match on catch block at 0xc3 in for 0xa5
01-12 14:58:47.028 24912 24912 E ArmVmp : Match on catch block at 0xc3 in for 0xa5
01-12 14:58:47.046 24912 24912 E ArmVmp : Match on catch block at 0xc3 in for 0xa9
01-12 14:58:47.080 24912 24912 E ArmVmp : Match on catch block at 0xc3 in for 0xa9
01-12 14:58:47.098 24912 24912 E ArmVmp : Match on catch block at 0xc3 in for 0xa1
01-12 14:58:47.126 24912 24912 E ArmVmp : Match on catch block at 0xc3 in for 0xa1
01-12 14:58:47.144 24912 24912 E ArmVmp : Match on catch block at 0xc3 in for 0xa5
01-12 14:58:47.176 24912 24912 E ArmVmp : Match on catch block at 0xc3 in for 0xa5
01-12 14:58:47.196 24912 24912 E ArmVmp : Match on catch block at 0xc3 in for 0xa9
01-12 14:58:47.225 24912 24912 E ArmVmp : Match on catch block at 0xc3 in for 0xa9
01-12 14:58:47.244 24912 24912 E ArmVmp : Match on catch block at 0xc3 in for 0xa1
01-12 14:58:47.766 24912 24912 E ArmVmp : Match on catch block at 0xc3 in for 0xa1
01-12 14:58:47.789 24912 24912 E ArmVmp : Match on catch block at 0xc3 in for 0xa5
01-12 14:58:47.825 24912 24912 E ArmVmp : Match on catch block at 0xc3 in for 0xa5
01-12 14:58:47.846 24912 24912 E ArmVmp : Match on catch block at 0xc3 in for 0xa9
01-12 14:58:47.880 24912 24912 E ArmVmp : Match on catch block at 0xc3 in for 0xa9
01-12 14:58:47.899 24912 24912 E ArmVmp : Match on catch block at 0xc3 in for 0xa1
01-12 14:58:47.928 24912 24912 E ArmVmp : Match on catch block at 0xc3 in for 0xa1
01-12 14:58:47.945 24912 24912 E ArmVmp : Match on catch block at 0xc3 in for 0xa5
01-12 14:58:47.972 24912 24912 E ArmVmp : Match on catch block at 0xc3 in for 0xa5
01-12 14:58:47.984 24912 24912 E ArmVmp : Match on catch block at 0xc3 in for 0xa9
01-12 14:58:48.009 24912 24912 E ArmVmp : Match on catch block at 0xc3 in for 0xa9
01-12 14:58:48.020 24912 24912 E ArmVmp : Match on catch block at 0xc3 in for 0xa1
01-12 14:58:48.032 24912 24912 E ArmVmp : Match on catch block at 0xc3 in for 0xa1
01-12 14:58:48.042 24912 24912 E ArmVmp : Match on catch block at 0xc3 in for 0xa5
01-12 14:58:48.264 24912 24912 E ArmVmp : Match on catch block at 0xc3 in for 0xa5
01-12 14:58:48.282 24912 24912 E ArmVmp : Match on catch block at 0xc3 in for 0xa9
01-12 14:58:48.493 24912 24912 W ActivityThread: handleWindowVisibility: no
activity for token android.os.BinderProxy@4de5b2d
01-12 14:58:48.545 24912 24912 W BottomSheetBehavior: BottomSheetBehavior now
supports multiple callbacks. `setBottomSheetCallback()` removes all existing
callbacks, including ones set internally by library authors, which may result in
unintended behavior. This may change in the future. Please use
`addBottomSheetCallback()` and `removeBottomSheetCallback()` instead to set your
own callbacks.
01-12 14:58:48.560 24912 25403 W HiTouch_HiTouchSensor: depended package hiTouch
does n't exist!
01-12 14:58:48.604 24912 24912 E ArmVmp : Match on catch block at 0xc3 in for 0xa9
01-12 14:58:48.608 24912 24912 E ArmVmp : Match on catch block at 0xc3 in for 0xa1
01-12 14:58:48.625 24912 24912 W InputMethodManager: startInputReason = 1
01-12 14:58:49.444 24912 24912 W InputMethodManager: startInputReason = 1
01-12 14:58:49.459 24912 24912 E ArmVmp : Match on catch block at 0xc3 in for 0xa1
01-12 14:58:49.466 24912 24912 E ArmVmp : Match on catch block at 0xc3 in for 0xa5
01-12 14:58:49.476 24912 24912 E ArmVmp : Match on catch block at 0xc3 in for 0xa5
01-12 14:58:49.480 24912 24912 E ArmVmp : Match on catch block at 0xc3 in for 0xa9
01-12 14:58:49.493 24912 24993 W libEGL : EGLNativeWindowType 0x71c3c85010
disconnect failed
01-12 14:58:49.517 24912 24912 E SpannableStringBuilder: SPAN_EXCLUSIVE_EXCLUSIVE
spans cannot have a zero length
01-12 14:58:49.966 24912 24912 E ArmVmp : Match on catch block at 0xc3 in for 0xa9
01-12 14:58:49.992 24912 24912 E ArmVmp : Match on catch block at 0xc3 in for 0xa1
01-12 14:58:50.317 24912 24912 W ActivityThread: handleWindowVisibility: no
activity for token android.os.BinderProxy@8a54140
01-12 14:58:50.352 24912 24912 W TabLayout: MODE_SCROLLABLE + GRAVITY_FILL is not
supported, GRAVITY_START will be used instead
01-12 14:58:50.369 24912 24912 W BottomSheetBehavior: BottomSheetBehavior now
supports multiple callbacks. `setBottomSheetCallback()` removes all existing
callbacks, including ones set internally by library authors, which may result in
unintended behavior. This may change in the future. Please use
`addBottomSheetCallback()` and `removeBottomSheetCallback()` instead to set your
own callbacks.
01-12 14:58:50.454 24912 25420 W HiTouch_HiTouchSensor: depended package hiTouch
does n't exist!
01-12 14:58:50.511 24912 24912 W View : requestLayout() improperly called by
com.mbwhatsapp.WaImageView{230de3f VF.D..CL. ......ID 0,0-192,192 #7f0b1814
app:id/shutter} during layout: running second layout pass
01-12 14:58:50.511 24912 24912 W View : requestLayout() improperly called by
com.mbwhatsapp.CircularProgressBar{640030c V.ED..... ......ID 0,0-192,192 #7f0b14fc
app:id/recording_progress} during layout: running second layout pass
01-12 14:58:50.511 24912 24912 W View : requestLayout() improperly called by
com.mbwhatsapp.WaImageView{1772455 VF.D..C.. ......ID 0,0-144,144 #7f0b1976
app:id/switch_camera_btn} during layout: running second layout pass
01-12 14:58:50.512 24912 24912 W View : requestLayout() improperly called by
com.mbwhatsapp.WaImageView{b8a8e6a VFED..C.. ......ID 0,0-144,144 #7f0b0b0d
app:id/gallery_btn} during layout: running second layout pass
01-12 14:58:50.512 24912 24912 W View : requestLayout() improperly called by
com.mbwhatsapp.WaImageView{15f1f5b VF.D..C.. ......ID 0,0-144,144 #7f0b0a9c
app:id/flash_btn} during layout: running second layout pass
01-12 14:58:50.512 24912 24912 W View : requestLayout() improperly called by
com.mbwhatsapp.WaImageView{c7043f8 VFED..C.. ......ID 0,0-144,144 #7f0b057f
app:id/close_camera_btn} during layout: running second layout pass
01-12 14:58:50.512 24912 24912 W View : requestLayout() improperly called by
X.4Ki{a52b0d1 V.ED..... ......ID 0,6-1080,150} during layout: running second layout
pass
01-12 14:58:50.572 24912 24912 W View : requestLayout() improperly called by
com.mbwhatsapp.WaImageView{230de3f VF.D..CL. ......ID 444,1396-636,1588 #7f0b1814
app:id/shutter} during layout: running second layout pass
01-12 14:58:50.572 24912 24912 W View : requestLayout() improperly called by
com.mbwhatsapp.CircularProgressBar{640030c V.ED..... ......ID 444,1396-636,1588
#7f0b14fc app:id/recording_progress} during layout: running second layout pass
01-12 14:58:50.572 24912 24912 W View : requestLayout() improperly called by
com.mbwhatsapp.WaImageView{1772455 VF.D..C.. ......ID 912,1420-1056,1564 #7f0b1976
app:id/switch_camera_btn} during layout: running second layout pass
01-12 14:58:50.572 24912 24912 W View : requestLayout() improperly called by
com.mbwhatsapp.WaImageView{b8a8e6a VFED..C.. ......ID 24,1420-168,1564 #7f0b0b0d
app:id/gallery_btn} during layout: running second layout pass
01-12 14:58:50.572 24912 24912 W View : requestLayout() improperly called by
com.mbwhatsapp.WaImageView{15f1f5b VF.D..C.. ......ID 912,24-1056,168 #7f0b0a9c
app:id/flash_btn} during layout: running second layout pass
01-12 14:58:50.572 24912 24912 W View : requestLayout() improperly called by
com.mbwhatsapp.WaImageView{c7043f8 VFED..C.. ......ID 24,24-168,168 #7f0b057f
app:id/close_camera_btn} during layout: running second layout pass
01-12 14:58:50.587 24912 24912 E ArmVmp : Match on catch block at 0xc3 in for 0xa1
01-12 14:58:50.590 24912 24912 E ArmVmp : Match on catch block at 0xc3 in for 0xa5
01-12 14:58:50.620 24912 24912 W InputMethodManager: startInputReason = 1
01-12 14:58:50.859 24912 24993 W libEGL : EGLNativeWindowType 0x71c82ea010
disconnect failed
01-12 14:58:50.865 24912 24993 W libEGL : EGLNativeWindowType 0x71eab63010
disconnect failed
01-12 14:58:50.870 24912 24912 E ArmVmp : Match on catch block at 0xc3 in for 0xa1
01-12 14:58:50.879 24912 24912 E ArmVmp : Match on catch block at 0xc3 in for 0xa5
01-12 14:58:51.074 24912 24912 E ArmVmp : Match on catch block at 0xc3 in for 0xa5
01-12 14:58:51.079 24912 24912 E ArmVmp : Match on catch block at 0xc3 in for 0xa9
01-12 14:58:51.091 24912 24912 E ArmVmp : Match on catch block at 0xc3 in for 0xa9
01-12 14:58:51.097 24912 24912 E ArmVmp : Match on catch block at 0xc3 in for 0xa1
01-12 14:58:51.118 24912 24912 E ArmVmp : Match on catch block at 0xc3 in for 0xa1
01-12 14:58:51.126 24912 24912 E ArmVmp : Match on catch block at 0xc3 in for 0xa5
01-12 14:58:51.178 24912 24912 E ArmVmp : Match on catch block at 0xc3 in for 0xa5
01-12 14:58:51.192 24912 24912 E ArmVmp : Match on catch block at 0xc3 in for 0xa9
01-12 14:58:51.222 24912 24912 E ArmVmp : Match on catch block at 0xc3 in for 0xa5
01-12 14:58:51.229 24912 24912 E ArmVmp : Match on catch block at 0xc3 in for 0xa9
01-12 14:58:51.247 24912 24912 E ArmVmp : Match on catch block at 0xc3 in for 0xa9
01-12 14:58:51.250 24912 24912 E ArmVmp : Match on catch block at 0xc3 in for 0xa1
01-12 14:58:51.271 24912 24912 W InputMethodManager: startInputReason = 1
01-12 14:58:51.288 24912 24912 E ArmVmp : Match on catch block at 0xc3 in for 0xa5
01-12 14:58:51.293 24912 24912 E ArmVmp : Match on catch block at 0xc3 in for 0xa9
01-12 14:58:51.316 24912 25106 W libEGL : EGLNativeWindowType 0x71959e7010
disconnect failed
01-12 14:58:51.362 24912 24912 E SpannableStringBuilder: SPAN_EXCLUSIVE_EXCLUSIVE
spans cannot have a zero length
01-12 14:58:51.397 24912 24993 W libEGL : EGLNativeWindowType 0x71ba03a010
disconnect failed
01-12 14:58:51.694 24912 24912 W ActivityThread: handleWindowVisibility: no
activity for token android.os.BinderProxy@7969050
01-12 14:58:51.716 24912 24912 W BottomSheetBehavior: BottomSheetBehavior now
supports multiple callbacks. `setBottomSheetCallback()` removes all existing
callbacks, including ones set internally by library authors, which may result in
unintended behavior. This may change in the future. Please use
`addBottomSheetCallback()` and `removeBottomSheetCallback()` instead to set your
own callbacks.
01-12 14:58:51.748 24912 25465 W HiTouch_HiTouchSensor: depended package hiTouch
does n't exist!
01-12 14:58:51.818 24912 24912 E ArmVmp : Match on catch block at 0xc3 in for 0xa9
01-12 14:58:51.820 24912 24922 E : [ZeroHung]zrhung_get_config: Get config
failed for wp[0x0008]
01-12 14:58:51.822 24912 24912 E ArmVmp : Match on catch block at 0xc3 in for 0xa1
01-12 14:58:51.837 24912 24912 W InputMethodManager: startInputReason = 1
01-12 14:58:51.969 24912 24920 W System : A resource failed to call close.
01-12 14:58:52.025 24912 24912 E ArmVmp : Match on catch block at 0xc3 in for 0xa9
01-12 14:58:52.029 24912 24912 E ArmVmp : Match on catch block at 0xc3 in for 0xa1
01-12 14:58:52.042 24912 24912 E ArmVmp : Match on catch block at 0xc3 in for 0xa1
01-12 14:58:52.045 24912 24912 E ArmVmp : Match on catch block at 0xc3 in for 0xa5
01-12 14:58:52.059 24912 24912 E ArmVmp : Match on catch block at 0xc3 in for 0xa5
01-12 14:58:52.062 24912 24912 E ArmVmp : Match on catch block at 0xc3 in for 0xa9
01-12 14:58:52.074 24912 24912 E ArmVmp : Match on catch block at 0xc3 in for 0xa9
01-12 14:58:52.079 24912 24912 E ArmVmp : Match on catch block at 0xc3 in for 0xa1
01-12 14:58:52.091 24912 24912 E ArmVmp : Match on catch block at 0xc3 in for 0xa1
01-12 14:58:52.096 24912 24912 E ArmVmp : Match on catch block at 0xc3 in for 0xa5
01-12 14:58:52.105 24912 24912 E ArmVmp : Match on catch block at 0xc3 in for 0xa5
01-12 14:58:52.109 24912 24912 E ArmVmp : Match on catch block at 0xc3 in for 0xa9
01-12 14:58:52.121 24912 24912 E ArmVmp : Match on catch block at 0xc3 in for 0xa9
01-12 14:58:52.125 24912 24912 E ArmVmp : Match on catch block at 0xc3 in for 0xa1
01-12 14:58:52.138 24912 24912 E ArmVmp : Match on catch block at 0xc3 in for 0xa1
01-12 14:58:52.144 24912 24912 E ArmVmp : Match on catch block at 0xc3 in for 0xa5
01-12 14:58:52.171 24912 24912 E ArmVmp : Match on catch block at 0xc3 in for 0xa5
01-12 14:58:52.179 24912 24912 E ArmVmp : Match on catch block at 0xc3 in for 0xa9
01-12 14:58:52.200 24912 24912 E ArmVmp : Match on catch block at 0xc3 in for 0xa9
01-12 14:58:52.212 24912 24912 E ArmVmp : Match on catch block at 0xc3 in for 0xa1
01-12 14:58:52.242 24912 24912 E ArmVmp : Match on catch block at 0xc3 in for 0xa1
01-12 14:58:52.260 24912 24912 E ArmVmp : Match on catch block at 0xc3 in for 0xa5
01-12 14:58:52.276 24912 24912 E ArmVmp : Match on catch block at 0xc3 in for 0xa5
01-12 14:58:52.283 24912 24912 E ArmVmp : Match on catch block at 0xc3 in for 0xa9
01-12 14:58:52.305 24912 24912 E ArmVmp : Match on catch block at 0xc3 in for 0xa9
01-12 14:58:52.313 24912 24912 E ArmVmp : Match on catch block at 0xc3 in for 0xa1
01-12 14:58:52.341 24912 24912 E ArmVmp : Match on catch block at 0xc3 in for 0xa1
01-12 14:58:52.359 24912 24912 E ArmVmp : Match on catch block at 0xc3 in for 0xa5
01-12 14:58:52.817 24912 24912 E ArmVmp : Match on catch block at 0xc3 in for 0xa5
01-12 14:58:52.832 24912 24912 E ArmVmp : Match on catch block at 0xc3 in for 0xa9
01-12 14:58:52.876 24912 24912 E ArmVmp : Match on catch block at 0xc3 in for 0xa9
01-12 14:58:52.895 24912 24912 E ArmVmp : Match on catch block at 0xc3 in for 0xa1
01-12 14:58:52.930 24912 24912 E ArmVmp : Match on catch block at 0xc3 in for 0xa1
01-12 14:58:52.946 24912 24912 E ArmVmp : Match on catch block at 0xc3 in for 0xa5
01-12 14:58:52.976 24912 24912 E ArmVmp : Match on catch block at 0xc3 in for 0xa5
01-12 14:58:52.989 24912 24912 E ArmVmp : Match on catch block at 0xc3 in for 0xa9
01-12 14:58:53.020 24912 24912 E ArmVmp : Match on catch block at 0xc3 in for 0xa9
01-12 14:58:53.041 24912 24912 E ArmVmp : Match on catch block at 0xc3 in for 0xa1
01-12 14:58:53.093 24912 24912 E ArmVmp : Match on catch block at 0xc3 in for 0xa1
01-12 14:58:53.114 24912 24912 E ArmVmp : Match on catch block at 0xc3 in for 0xa5
01-12 14:58:54.533 24912 24912 W ActivityThread: handleWindowVisibility: no
activity for token android.os.BinderProxy@da96a14
01-12 14:58:54.593 24912 25478 W HiTouch_HiTouchSensor: depended package hiTouch
does n't exist!
01-12 14:58:54.614 24912 24912 W View : requestLayout() improperly called by
androidx.appcompat.view.menu.ActionMenuItemView{6e36a58 VFED..C.. ......ID 0,12-
144,156 #7f0b0f8c app:id/menuitem_select_multiple} during layout: running second
layout pass
01-12 14:58:54.614 24912 24912 W View : requestLayout() improperly called by
androidx.appcompat.widget.ActionMenuView{14b47b1 V.E...... ......ID 936,0-1080,168}
during layout: running second layout pass
01-12 14:58:54.614 24912 24912 W InputMethodManager: startInputReason = 1
01-12 14:58:55.006 24912 24993 W libEGL : EGLNativeWindowType 0x71afa7f010
disconnect failed
01-12 14:58:55.022 24912 24993 W libEGL : EGLNativeWindowType 0x71c3de3010
disconnect failed
01-12 14:58:55.040 24912 24993 W libEGL : EGLNativeWindowType 0x71c3d5e010
disconnect failed
01-12 14:58:55.055 24912 24912 E ArmVmp : Match on catch block at 0xc3 in for 0xa1
01-12 14:58:55.065 24912 24912 E ArmVmp : Match on catch block at 0xc3 in for 0xa5
01-12 14:58:56.534 24912 24912 E ArmVmp : Match on catch block at 0x0a in for 0xc9
01-12 14:58:56.544 24912 24912 E ArmVmp : Match on catch block at 0x0a in for 0xc5
01-12 14:58:56.684 24912 24912 E ArmVmp : Match on catch block at 0xc3 in for 0xa9
01-12 14:58:56.697 24912 24912 E ArmVmp : Match on catch block at 0xc3 in for 0xa1
01-12 14:58:56.816 24912 24912 E ArmVmp : Match on catch block at 0xc3 in for 0xa9
01-12 14:58:56.821 24912 24912 E ArmVmp : Match on catch block at 0xc3 in for 0xa1
01-12 14:58:56.877 24912 24912 E ArmVmp : Match on catch block at 0xc3 in for 0xa5
01-12 14:58:56.881 24912 24912 E ArmVmp : Match on catch block at 0xc3 in for 0xa9
01-12 14:58:56.906 24912 24912 W InputMethodManager: startInputReason = 1
01-12 14:58:56.926 24912 24912 E ArmVmp : Match on catch block at 0xc3 in for 0xa9
01-12 14:58:56.933 24912 24912 E ArmVmp : Match on catch block at 0xc3 in for 0xa1
01-12 14:58:57.138 24912 24993 W libEGL : EGLNativeWindowType 0x71c62e4010
disconnect failed
01-12 14:58:57.387 24912 24912 E ArmVmp : Match on catch block at 0xc3 in for 0xa1
01-12 14:58:57.407 24912 24912 E ArmVmp : Match on catch block at 0xc3 in for 0xa5
01-12 14:58:57.432 24912 24912 E ArmVmp : Match on catch block at 0xc3 in for 0xa5
01-12 14:58:57.450 24912 24912 E ArmVmp : Match on catch block at 0xc3 in for 0xa9
01-12 14:58:57.479 24912 24912 E ArmVmp : Match on catch block at 0xc3 in for 0xa9
01-12 14:58:57.496 24912 24912 E ArmVmp : Match on catch block at 0xc3 in for 0xa1
01-12 14:58:57.523 24912 24912 E ArmVmp : Match on catch block at 0xc3 in for 0xa1
01-12 14:58:57.537 24912 24912 E ArmVmp : Match on catch block at 0xc3 in for 0xa5
01-12 14:58:57.559 24912 24912 E ArmVmp : Match on catch block at 0xc3 in for 0xa5
01-12 14:58:57.576 24912 24912 E ArmVmp : Match on catch block at 0xc3 in for 0xa9
01-12 14:58:57.592 24912 24912 E ArmVmp : Match on catch block at 0xc3 in for 0xa9
01-12 14:58:57.607 24912 24912 E ArmVmp : Match on catch block at 0xc3 in for 0xa1
01-12 14:58:57.622 24912 24912 E ArmVmp : Match on catch block at 0xc3 in for 0xa1
01-12 14:58:57.632 24912 24912 E ArmVmp : Match on catch block at 0xc3 in for 0xa5
01-12 14:58:57.649 24912 24912 E ArmVmp : Match on catch block at 0xc3 in for 0xa5
01-12 14:58:57.659 24912 24912 E ArmVmp : Match on catch block at 0xc3 in for 0xa9
01-12 14:58:57.678 24912 24912 E ArmVmp : Match on catch block at 0xc3 in for 0xa9
01-12 14:58:57.698 24912 24912 E ArmVmp : Match on catch block at 0xc3 in for 0xa1
01-12 14:58:57.721 24912 24912 E ArmVmp : Match on catch block at 0xc3 in for 0xa1
01-12 14:58:57.740 24912 24912 E ArmVmp : Match on catch block at 0xc3 in for 0xa5
01-12 14:58:58.519 24912 24912 E ArmVmp : Match on catch block at 0xc3 in for 0xa5
01-12 14:58:58.538 24912 24912 E ArmVmp : Match on catch block at 0xc3 in for 0xa9
01-12 14:58:58.583 24912 24912 E ArmVmp : Match on catch block at 0xc3 in for 0xa9
01-12 14:58:58.601 24912 24912 E ArmVmp : Match on catch block at 0xc3 in for 0xa1
01-12 14:58:58.668 24912 24912 E ArmVmp : Match on catch block at 0xc3 in for 0xa1
01-12 14:58:58.687 24912 24912 E ArmVmp : Match on catch block at 0xc3 in for 0xa5
01-12 14:58:58.730 24912 24912 E ArmVmp : Match on catch block at 0xc3 in for 0xa5
01-12 14:58:58.746 24912 24912 E ArmVmp : Match on catch block at 0xc3 in for 0xa9
01-12 14:58:58.778 24912 24912 E ArmVmp : Match on catch block at 0xc3 in for 0xa9
01-12 14:58:58.798 24912 24912 E ArmVmp : Match on catch block at 0xc3 in for 0xa1
01-12 14:58:58.819 24912 24912 E ArmVmp : Match on catch block at 0xc3 in for 0xa1
01-12 14:58:58.836 24912 24912 E ArmVmp : Match on catch block at 0xc3 in for 0xa5
01-12 14:58:59.627 24912 24912 E ArmVmp : Match on catch block at 0xc3 in for 0xa5
01-12 14:58:59.645 24912 24912 E ArmVmp : Match on catch block at 0xc3 in for 0xa9
01-12 14:58:59.666 24912 24912 E ArmVmp : Match on catch block at 0xc3 in for 0xa9
01-12 14:58:59.677 24912 24912 E ArmVmp : Match on catch block at 0xc3 in for 0xa1
01-12 14:58:59.737 24912 24912 E ArmVmp : Match on catch block at 0xc3 in for 0xa9
01-12 14:58:59.754 24912 24912 E ArmVmp : Match on catch block at 0xc3 in for 0xa1
01-12 14:58:59.772 24912 24912 E ArmVmp : Match on catch block at 0xc3 in for 0xa1
01-12 14:58:59.782 24912 24912 E ArmVmp : Match on catch block at 0xc3 in for 0xa5
01-12 14:59:01.246 24912 24993 W libEGL : EGLNativeWindowType 0x71bb39b010
disconnect failed
01-12 14:59:01.315 24912 24912 E ArmVmp : Match on catch block at 0xc3 in for 0xa1
01-12 14:59:01.339 24912 24912 E ArmVmp : Match on catch block at 0xc3 in for 0xa5
01-12 14:59:01.372 24912 24912 E ArmVmp : Match on catch block at 0xc3 in for 0xa5
01-12 14:59:01.398 24912 24912 E ArmVmp : Match on catch block at 0xc3 in for 0xa9
01-12 14:59:01.429 24912 24912 E ArmVmp : Match on catch block at 0xc3 in for 0xa9
01-12 14:59:01.450 24912 24912 E ArmVmp : Match on catch block at 0xc3 in for 0xa1
01-12 14:59:01.509 24912 24912 E ArmVmp : Match on catch block at 0xc3 in for 0xa1
01-12 14:59:01.516 24912 24912 E ArmVmp : Match on catch block at 0xc3 in for 0xa5
01-12 14:59:01.538 24912 24912 E ArmVmp : Match on catch block at 0xc3 in for 0xa5
01-12 14:59:01.543 24912 24912 E ArmVmp : Match on catch block at 0xc3 in for 0xa9
01-12 14:59:01.558 24912 24993 W libEGL : EGLNativeWindowType 0x718106c010
disconnect failed
01-12 14:59:01.564 24912 24912 W ActivityThread: handleWindowVisibility: no
activity for token android.os.BinderProxy@f1f8137
01-12 14:59:01.614 24912 25485 W HiTouch_HiTouchSensor: depended package hiTouch
does n't exist!
01-12 14:59:01.643 24912 24912 E ArmVmp : Match on catch block at 0x0a in for 0xc1
01-12 14:59:01.645 24912 24912 E ArmVmp : Match on catch block at 0x0a in for 0xc9
01-12 14:59:01.670 24912 24912 E ArmVmp : Match on catch block at 0xc3 in for 0xa1
01-12 14:59:01.676 24912 24912 E ArmVmp : Match on catch block at 0xc3 in for 0xa5
01-12 14:59:01.687 24912 24912 W View : requestLayout() improperly called by
androidx.appcompat.view.menu.ActionMenuItemView{994c4f5 VFED..C.. ......ID 0,12-
144,156 #7f0b0f8c app:id/menuitem_select_multiple} during layout: running second
layout pass
01-12 14:59:01.687 24912 24912 W View : requestLayout() improperly called by
androidx.appcompat.widget.ActionMenuView{2d8b28a V.E...... ......ID 936,0-1080,168}
during layout: running second layout pass
01-12 14:59:01.688 24912 24912 E ArmVmp : Match on catch block at 0xc3 in for 0xa9
01-12 14:59:01.694 24912 24912 E ArmVmp : Match on catch block at 0xc3 in for 0xa1
01-12 14:59:01.714 24912 24912 W InputMethodManager: startInputReason = 1
01-12 14:59:01.760 24912 24912 E ArmVmp : Match on catch block at 0xc3 in for 0xa5
01-12 14:59:01.765 24912 24912 E ArmVmp : Match on catch block at 0xc3 in for 0xa9
01-12 14:59:01.793 24912 24912 E ArmVmp : Match on catch block at 0xc3 in for 0xa9
01-12 14:59:01.799 24912 24912 E ArmVmp : Match on catch block at 0xc3 in for 0xa1
01-12 14:59:02.044 24912 24912 W image-loader-me: type=1400 audit(0.0:1629414):
avc: granted { create } for name=".thumbdata4--1967290299_10"
scontext=u:r:untrusted_app:s0:c223,c256,c512,c768
tcontext=u:object_r:sdcardfs:s0:c223,c256,c512,c768 tclass=file
01-12 14:59:02.246 24912 24993 W libEGL : EGLNativeWindowType 0x71afafe010
disconnect failed
01-12 14:59:02.267 24912 24993 W libEGL : EGLNativeWindowType 0x71810fd010
disconnect failed
01-12 14:59:02.287 24912 24993 W libEGL : EGLNativeWindowType 0x71bb3e1010
disconnect failed
01-12 14:59:05.090 24912 24912 W ActivityThread: handleWindowVisibility: no
activity for token android.os.BinderProxy@3277ca4
01-12 14:59:05.186 24912 25511 W HiTouch_HiTouchSensor: depended package hiTouch
does n't exist!
01-12 14:59:05.232 24912 24912 W BottomSheetBehavior: BottomSheetBehavior now
supports multiple callbacks. `setBottomSheetCallback()` removes all existing
callbacks, including ones set internally by library authors, which may result in
unintended behavior. This may change in the future. Please use
`addBottomSheetCallback()` and `removeBottomSheetCallback()` instead to set your
own callbacks.
01-12 14:59:05.237 24912 24912 E RecyclerView: No adapter attached; skipping layout
01-12 14:59:05.244 24912 24912 W InputMethodManager: startInputReason = 1
01-12 14:59:05.246 24912 24912 E RecyclerView: No adapter attached; skipping layout
01-12 14:59:05.266 24912 24922 E : [ZeroHung]zrhung_get_config: Get config
failed for wp[0x0008]
01-12 14:59:05.681 24912 24993 W libEGL : EGLNativeWindowType 0x71959cb010
disconnect failed
01-12 14:59:07.731 24912 24912 W ActivityThread: handleWindowVisibility: no
activity for token android.os.BinderProxy@fcf65dc
01-12 14:59:07.769 24912 25538 W HiTouch_HiTouchSensor: depended package hiTouch
does n't exist!
01-12 14:59:07.781 24912 24922 E : [ZeroHung]zrhung_get_config: Get config
failed for wp[0x0008]
01-12 14:59:07.802 24912 24912 W InputMethodManager: startInputReason = 1
01-12 14:59:08.060 24912 24993 W libEGL : EGLNativeWindowType 0x71959e9010
disconnect failed
01-12 14:59:09.243 24912 24912 W InputMethodManager: startInputReason = 1
01-12 14:59:09.513 24912 24993 W libEGL : EGLNativeWindowType 0x71bb31f010
disconnect failed
01-12 14:59:11.468 24912 24912 W InputMethodManager: startInputReason = 1
01-12 14:59:11.706 24912 24993 W libEGL : EGLNativeWindowType 0x71959e9010
disconnect failed
01-12 14:59:11.715 24912 24912 W BottomSheetBehavior: BottomSheetBehavior now
supports multiple callbacks. `setBottomSheetCallback()` removes all existing
callbacks, including ones set internally by library authors, which may result in
unintended behavior. This may change in the future. Please use
`addBottomSheetCallback()` and `removeBottomSheetCallback()` instead to set your
own callbacks.
01-12 14:59:13.117 24912 24912 W ActivityThread: handleWindowVisibility: no
activity for token android.os.BinderProxy@89fd389
01-12 14:59:13.188 24912 25550 W HiTouch_HiTouchSensor: depended package hiTouch
does n't exist!
01-12 14:59:13.232 24912 24912 W BottomSheetBehavior: BottomSheetBehavior now
supports multiple callbacks. `setBottomSheetCallback()` removes all existing
callbacks, including ones set internally by library authors, which may result in
unintended behavior. This may change in the future. Please use
`addBottomSheetCallback()` and `removeBottomSheetCallback()` instead to set your
own callbacks.
01-12 14:59:13.237 24912 24912 E RecyclerView: No adapter attached; skipping layout
01-12 14:59:13.244 24912 24912 W InputMethodManager: startInputReason = 1
01-12 14:59:13.246 24912 24912 E RecyclerView: No adapter attached; skipping layout
01-12 14:59:13.635 24912 24993 W libEGL : EGLNativeWindowType 0x71bb31c010
disconnect failed
01-12 14:59:15.000 24912 24912 W com.mbwhatsapp: type=1400 audit(0.0:1629415): avc:
granted { create } for comm=4D42576861747341707020576F726B name="IMG-20240112-
WA0000.jpg" scontext=u:r:untrusted_app:s0:c223,c256,c512,c768
tcontext=u:object_r:sdcardfs:s0:c223,c256,c512,c768 tclass=file
01-12 14:59:15.098 24912 24964 E SQLiteDatabase: Error inserting UNIQUE constraint
failed: message_media.message_row_id (Sqlite code 1555
SQLITE_CONSTRAINT_PRIMARYKEY), (OS error - 11:Try again)
01-12 14:59:15.101 24912 24964 E SQLiteDatabase: Error inserting UNIQUE constraint
failed: message_media.message_row_id (Sqlite code 1555
SQLITE_CONSTRAINT_PRIMARYKEY), (OS error - 11:Try again)
01-12 14:59:15.103 24912 24912 E ArmVmp : Match on catch block at 0x0a in for 0xc1
01-12 14:59:15.105 24912 24912 E ArmVmp : Match on catch block at 0x0a in for 0xc9
01-12 14:59:15.187 24912 24912 E ArmVmp : Match on catch block at 0xc3 in for 0xa9
01-12 14:59:15.196 24912 24912 E ArmVmp : Match on catch block at 0xc3 in for 0xa1
01-12 14:59:15.228 24912 24912 E ArmVmp : Match on catch block at 0xc3 in for 0xa1
01-12 14:59:15.232 24912 24912 E ArmVmp : Match on catch block at 0xc3 in for 0xa5
01-12 14:59:15.256 24912 24912 E ArmVmp : Match on catch block at 0xc3 in for 0xa1
01-12 14:59:15.262 24912 24912 E ArmVmp : Match on catch block at 0xc3 in for 0xa5
01-12 14:59:15.305 24912 24912 E ArmVmp : Match on catch block at 0xc3 in for 0xa1
01-12 14:59:15.312 24912 24912 E ArmVmp : Match on catch block at 0xc3 in for 0xa5
01-12 14:59:15.329 24912 24912 E ArmVmp : Match on catch block at 0xc3 in for 0xa5
01-12 14:59:15.334 24912 24912 E ArmVmp : Match on catch block at 0xc3 in for 0xa9
01-12 14:59:15.347 24912 24993 W libEGL : EGLNativeWindowType 0x717f374010
disconnect failed
01-12 14:59:15.371 24912 24912 E ArmVmp : Match on catch block at 0xc3 in for 0xa9
01-12 14:59:15.374 24912 24912 E ArmVmp : Match on catch block at 0xc3 in for 0xa1
01-12 14:59:15.382 24912 24912 W InputMethodManager: startInputReason = 1
01-12 14:59:15.392 24912 24912 E ArmVmp : Match on catch block at 0xc3 in for 0xa9
01-12 14:59:15.396 24912 24912 E ArmVmp : Match on catch block at 0xc3 in for 0xa1
01-12 14:59:15.421 24912 24912 E ArmVmp : Match on catch block at 0xc3 in for 0xa1
01-12 14:59:15.424 24912 24912 E ArmVmp : Match on catch block at 0xc3 in for 0xa5
01-12 14:59:15.448 24912 24912 E ArmVmp : Match on catch block at 0xc3 in for 0xa5
01-12 14:59:15.453 24912 24912 E ArmVmp : Match on catch block at 0xc3 in for 0xa9
01-12 14:59:15.498 24912 24912 E SpannableStringBuilder: SPAN_EXCLUSIVE_EXCLUSIVE
spans cannot have a zero length
01-12 14:59:15.532 24912 24993 W libEGL : EGLNativeWindowType 0x71ba0c9010
disconnect failed
01-12 14:59:15.564 24912 24912 W BottomSheetBehavior: BottomSheetBehavior now
supports multiple callbacks. `setBottomSheetCallback()` removes all existing
callbacks, including ones set internally by library authors, which may result in
unintended behavior. This may change in the future. Please use
`addBottomSheetCallback()` and `removeBottomSheetCallback()` instead to set your
own callbacks.
01-12 14:59:15.899 24912 24912 E ArmVmp : Match on catch block at 0xc3 in for 0xa5
01-12 14:59:15.914 24912 24912 E ArmVmp : Match on catch block at 0xc3 in for 0xa9
01-12 14:59:15.949 24912 24912 E ArmVmp : Match on catch block at 0xc3 in for 0xa9
01-12 14:59:15.972 24912 24912 E ArmVmp : Match on catch block at 0xc3 in for 0xa1
01-12 14:59:15.996 24912 24912 E ArmVmp : Match on catch block at 0xc3 in for 0xa1
01-12 14:59:16.012 24912 24912 E ArmVmp : Match on catch block at 0xc3 in for 0xa5
01-12 14:59:16.033 24912 24912 E ArmVmp : Match on catch block at 0xc3 in for 0xa1
01-12 14:59:16.049 24912 24912 E ArmVmp : Match on catch block at 0xc3 in for 0xa5
01-12 14:59:16.079 24912 24912 E ArmVmp : Match on catch block at 0xc3 in for 0xa5
01-12 14:59:16.102 24912 24912 E ArmVmp : Match on catch block at 0xc3 in for 0xa9
01-12 14:59:16.128 24912 24912 E ArmVmp : Match on catch block at 0xc3 in for 0xa9
01-12 14:59:16.139 24912 24912 E ArmVmp : Match on catch block at 0xc3 in for 0xa1
01-12 14:59:16.163 24912 24912 E ArmVmp : Match on catch block at 0xc3 in for 0xa1
01-12 14:59:16.174 24912 24912 E ArmVmp : Match on catch block at 0xc3 in for 0xa5
01-12 14:59:16.194 24912 24912 E ArmVmp : Match on catch block at 0xc3 in for 0xa5
01-12 14:59:16.214 24912 24912 E ArmVmp : Match on catch block at 0xc3 in for 0xa9
01-12 14:59:16.245 24912 24912 E ArmVmp : Match on catch block at 0xc3 in for 0xa9
01-12 14:59:16.267 24912 24912 E ArmVmp : Match on catch block at 0xc3 in for 0xa1
01-12 14:59:16.302 24912 24912 E ArmVmp : Match on catch block at 0xc3 in for 0xa5
01-12 14:59:16.315 24912 24912 E ArmVmp : Match on catch block at 0xc3 in for 0xa9
01-12 14:59:16.395 24912 24912 E ArmVmp : Match on catch block at 0xc3 in for 0xa9
01-12 14:59:16.414 24912 24912 E ArmVmp : Match on catch block at 0xc3 in for 0xa1
01-12 14:59:17.278 24912 24912 E ArmVmp : Match on catch block at 0xc3 in for 0xa5
01-12 14:59:17.289 24912 24912 E ArmVmp : Match on catch block at 0xc3 in for 0xa9
01-12 14:59:17.349 24912 24912 E ArmVmp : Match on catch block at 0xc3 in for 0xa5
01-12 14:59:17.368 24912 24912 E ArmVmp : Match on catch block at 0xc3 in for 0xa9
01-12 14:59:17.405 24912 24912 E ArmVmp : Match on catch block at 0xc3 in for 0xa1
01-12 14:59:17.425 24912 24912 E ArmVmp : Match on catch block at 0xc3 in for 0xa5
01-12 14:59:17.538 24912 24912 E ArmVmp : Match on catch block at 0xc3 in for 0xa9
01-12 14:59:17.557 24912 24912 E ArmVmp : Match on catch block at 0xc3 in for 0xa1
01-12 14:59:17.615 24912 24912 E ArmVmp : Match on catch block at 0xc3 in for 0xa5
01-12 14:59:17.628 24912 24912 E ArmVmp : Match on catch block at 0xc3 in for 0xa9
01-12 14:59:17.654 24912 24912 E ArmVmp : Match on catch block at 0xc3 in for 0xa1
01-12 14:59:17.676 24912 24912 E ArmVmp : Match on catch block at 0xc3 in for 0xa5
01-12 14:59:17.714 24912 24912 E ArmVmp : Match on catch block at 0xc3 in for 0xa5
01-12 14:59:17.729 24912 24912 E ArmVmp : Match on catch block at 0xc3 in for 0xa9
01-12 14:59:17.784 24912 24912 E ArmVmp : Match on catch block at 0xc3 in for 0xa1
01-12 14:59:17.802 24912 24912 E ArmVmp : Match on catch block at 0xc3 in for 0xa5
01-12 14:59:17.838 24912 24912 E ArmVmp : Match on catch block at 0xc3 in for 0xa9
01-12 14:59:17.866 24912 24912 E ArmVmp : Match on catch block at 0xc3 in for 0xa1
01-12 14:59:17.901 24912 24912 E ArmVmp : Match on catch block at 0xc3 in for 0xa5
01-12 14:59:17.919 24912 24912 E ArmVmp : Match on catch block at 0xc3 in for 0xa9
01-12 14:59:17.952 24912 24912 E ArmVmp : Match on catch block at 0xc3 in for 0xa5
01-12 14:59:17.972 24912 24912 E ArmVmp : Match on catch block at 0xc3 in for 0xa9
01-12 14:59:18.404 24912 24912 E ArmVmp : Match on catch block at 0xc3 in for 0xa5
01-12 14:59:18.422 24912 24912 E ArmVmp : Match on catch block at 0xc3 in for 0xa9
01-12 14:59:18.902 24912 24912 E ArmVmp : Match on catch block at 0xc3 in for 0xa9
01-12 14:59:18.927 24912 24912 E ArmVmp : Match on catch block at 0xc3 in for 0xa1
01-12 14:59:19.027 24912 24993 W libEGL : EGLNativeWindowType 0x7194e6c010
disconnect failed
01-12 14:59:19.131 24912 24912 E ArmVmp : Match on catch block at 0xc3 in for 0xa5
01-12 14:59:19.157 24912 24912 E ArmVmp : Match on catch block at 0xc3 in for 0xa9
01-12 14:59:19.190 24912 24912 E ArmVmp : Match on catch block at 0xc3 in for 0xa9
01-12 14:59:19.210 24912 24912 E ArmVmp : Match on catch block at 0xc3 in for 0xa1
01-12 14:59:19.242 24912 24912 E ArmVmp : Match on catch block at 0xc3 in for 0xa1
01-12 14:59:19.257 24912 24912 E ArmVmp : Match on catch block at 0xc3 in for 0xa5
01-12 14:59:19.284 24912 24912 E ArmVmp : Match on catch block at 0xc3 in for 0xa5
01-12 14:59:19.303 24912 24912 E ArmVmp : Match on catch block at 0xc3 in for 0xa9
01-12 14:59:19.323 24912 24912 E ArmVmp : Match on catch block at 0xc3 in for 0xa9
01-12 14:59:19.338 24912 24912 E ArmVmp : Match on catch block at 0xc3 in for 0xa1
01-12 14:59:19.354 24912 24912 E ArmVmp : Match on catch block at 0xc3 in for 0xa1
01-12 14:59:19.370 24912 24912 E ArmVmp : Match on catch block at 0xc3 in for 0xa5
01-12 14:59:19.395 24912 24912 E ArmVmp : Match on catch block at 0xc3 in for 0xa5
01-12 14:59:19.415 24912 24912 E ArmVmp : Match on catch block at 0xc3 in for 0xa9
01-12 14:59:19.435 24912 24912 E ArmVmp : Match on catch block at 0xc3 in for 0xa9
01-12 14:59:19.452 24912 24912 E ArmVmp : Match on catch block at 0xc3 in for 0xa1
01-12 14:59:19.481 24912 24912 E ArmVmp : Match on catch block at 0xc3 in for 0xa1
01-12 14:59:19.497 24912 24912 E ArmVmp : Match on catch block at 0xc3 in for 0xa5
01-12 14:59:19.530 24912 24912 E ArmVmp : Match on catch block at 0xc3 in for 0xa9
01-12 14:59:19.549 24912 24912 E ArmVmp : Match on catch block at 0xc3 in for 0xa1
01-12 14:59:20.292 24912 24912 E ArmVmp : Match on catch block at 0xc3 in for 0xa9
01-12 14:59:20.302 24912 24912 E ArmVmp : Match on catch block at 0xc3 in for 0xa1
01-12 14:59:20.344 24912 24912 E ArmVmp : Match on catch block at 0xc3 in for 0xa9
01-12 14:59:20.361 24912 24912 E ArmVmp : Match on catch block at 0xc3 in for 0xa1
01-12 14:59:20.394 24912 24912 E ArmVmp : Match on catch block at 0xc3 in for 0xa1
01-12 14:59:20.407 24912 24912 E ArmVmp : Match on catch block at 0xc3 in for 0xa5
01-12 14:59:20.488 24912 24912 E ArmVmp : Match on catch block at 0xc3 in for 0xa9
01-12 14:59:20.509 24912 24912 E ArmVmp : Match on catch block at 0xc3 in for 0xa1
01-12 14:59:20.561 24912 24912 E ArmVmp : Match on catch block at 0xc3 in for 0xa5
01-12 14:59:20.577 24912 24912 E ArmVmp : Match on catch block at 0xc3 in for 0xa9
01-12 14:59:20.606 24912 24912 E ArmVmp : Match on catch block at 0xc3 in for 0xa1
01-12 14:59:20.621 24912 24912 E ArmVmp : Match on catch block at 0xc3 in for 0xa5
01-12 14:59:20.647 24912 24912 E ArmVmp : Match on catch block at 0xc3 in for 0xa1
01-12 14:59:20.660 24912 24912 E ArmVmp : Match on catch block at 0xc3 in for 0xa5
01-12 14:59:20.686 24912 24912 E ArmVmp : Match on catch block at 0xc3 in for 0xa5
01-12 14:59:20.697 24912 24912 E ArmVmp : Match on catch block at 0xc3 in for 0xa9
01-12 14:59:20.790 24912 24993 W libEGL : EGLNativeWindowType 0x71813b4010
disconnect failed
01-12 14:59:20.810 24912 24912 W InputEventReceiver: Attempted to finish an input
event but the input event receiver has already been disposed.
01-12 14:59:20.853 24912 24912 E ArmVmp : Match on catch block at 0xc3 in for 0xa1
01-12 14:59:20.875 24912 24912 E ArmVmp : Match on catch block at 0xc3 in for 0xa5
01-12 14:59:21.146 24912 24912 E ArmVmp : Match on catch block at 0xc3 in for 0xa5
01-12 14:59:21.165 24912 24912 E ArmVmp : Match on catch block at 0xc3 in for 0xa9
01-12 14:59:21.344 24912 24912 E ArmVmp : Match on catch block at 0xc3 in for 0xa9
01-12 14:59:21.368 24912 24912 E ArmVmp : Match on catch block at 0xc3 in for 0xa1
01-12 14:59:21.590 24912 24912 E ArmVmp : Match on catch block at 0xc3 in for 0xa5
01-12 14:59:21.611 24912 24912 E ArmVmp : Match on catch block at 0xc3 in for 0xa9
01-12 14:59:21.638 24912 24912 E ArmVmp : Match on catch block at 0xc3 in for 0xa9
01-12 14:59:21.654 24912 24912 E ArmVmp : Match on catch block at 0xc3 in for 0xa1
01-12 14:59:21.682 24912 24912 E ArmVmp : Match on catch block at 0xc3 in for 0xa1
01-12 14:59:21.701 24912 24912 E ArmVmp : Match on catch block at 0xc3 in for 0xa5
01-12 14:59:21.729 24912 24912 E ArmVmp : Match on catch block at 0xc3 in for 0xa5
01-12 14:59:21.745 24912 24912 E ArmVmp : Match on catch block at 0xc3 in for 0xa9
