01-12 14:59:39.748 24912 24912 E ArmVmp : Match on catch block at 0xc3 in for 0xa5
01-12 14:59:39.769 24912 24912 E ArmVmp : Match on catch block at 0xc3 in for 0xa5
01-12 14:59:39.783 24912 24912 E ArmVmp : Match on catch block at 0xc3 in for 0xa9
01-12 14:59:39.803 24912 24912 E ArmVmp : Match on catch block at 0xc3 in for 0xa9
01-12 14:59:39.814 24912 24912 E ArmVmp : Match on catch block at 0xc3 in for 0xa1
01-12 14:59:39.834 24912 24912 E ArmVmp : Match on catch block at 0xc3 in for 0xa1
01-12 14:59:39.853 24912 24912 E ArmVmp : Match on catch block at 0xc3 in for 0xa5
01-12 14:59:39.870 24912 24912 E ArmVmp : Match on catch block at 0xc3 in for 0xa9
01-12 14:59:39.879 24912 24912 E ArmVmp : Match on catch block at 0xc3 in for 0xa1
01-12 14:59:39.901 24912 24912 E ArmVmp : Match on catch block at 0xc3 in for 0xa1
01-12 14:59:39.910 24912 24912 E ArmVmp : Match on catch block at 0xc3 in for 0xa5
01-12 14:59:39.923 24912 24912 E ArmVmp : Match on catch block at 0xc3 in for 0xa5
01-12 14:59:39.937 24912 24912 E ArmVmp : Match on catch block at 0xc3 in for 0xa9
01-12 14:59:39.955 24912 24912 E ArmVmp : Match on catch block at 0xc3 in for 0xa9
01-12 14:59:39.964 24912 24912 E ArmVmp : Match on catch block at 0xc3 in for 0xa1
01-12 14:59:39.983 24912 24912 E ArmVmp : Match on catch block at 0xc3 in for 0xa1
01-12 14:59:39.995 24912 24912 E ArmVmp : Match on catch block at 0xc3 in for 0xa5
01-12 14:59:40.014 24912 24912 E ArmVmp : Match on catch block at 0xc3 in for 0xa5
01-12 14:59:40.027 24912 24912 E ArmVmp : Match on catch block at 0xc3 in for 0xa9
01-12 14:59:40.046 24912 24912 E ArmVmp : Match on catch block at 0xc3 in for 0xa9
01-12 14:59:40.059 24912 24912 E ArmVmp : Match on catch block at 0xc3 in for 0xa1
01-12 14:59:40.076 24912 24912 E ArmVmp : Match on catch block at 0xc3 in for 0xa1
01-12 14:59:40.087 24912 24912 E ArmVmp : Match on catch block at 0xc3 in for 0xa5
01-12 14:59:41.000 24912 24993 W libEGL : EGLNativeWindowType 0x71957dd010
disconnect failed
01-12 14:59:41.054 24912 24912 W InputMethodManager: startInputReason = 1
01-12 14:59:41.081 24912 24912 E ArmVmp : Match on catch block at 0xc3 in for 0xa1
01-12 14:59:41.096 24912 24912 E ArmVmp : Match on catch block at 0xc3 in for 0xa5
01-12 14:59:41.179 24912 24912 E SpannableStringBuilder: SPAN_EXCLUSIVE_EXCLUSIVE
spans cannot have a zero length
01-12 14:59:41.571 24912 24912 E ArmVmp : Match on catch block at 0xc3 in for 0xa5
01-12 14:59:41.589 24912 24912 E ArmVmp : Match on catch block at 0xc3 in for 0xa9
01-12 14:59:41.701 24912 24912 E ArmVmp : Match on catch block at 0xc3 in for 0xa1
01-12 14:59:41.713 24912 24912 E ArmVmp : Match on catch block at 0xc3 in for 0xa5
01-12 14:59:41.732 24912 24912 E ArmVmp : Match on catch block at 0xc3 in for 0xa5
01-12 14:59:41.743 24912 24912 E ArmVmp : Match on catch block at 0xc3 in for 0xa9
01-12 14:59:41.773 24912 24912 E ArmVmp : Match on catch block at 0xc3 in for 0xa9
01-12 14:59:41.786 24912 24912 E ArmVmp : Match on catch block at 0xc3 in for 0xa1
01-12 14:59:41.820 24912 24912 E ArmVmp : Match on catch block at 0xc3 in for 0xa1
01-12 14:59:41.831 24912 24912 E ArmVmp : Match on catch block at 0xc3 in for 0xa5
01-12 14:59:42.048 24912 24912 E ArmVmp : Match on catch block at 0xc3 in for 0xa5
01-12 14:59:42.057 24912 24912 E ArmVmp : Match on catch block at 0xc3 in for 0xa9
01-12 14:59:42.079 24912 24912 E ArmVmp : Match on catch block at 0xc3 in for 0xa9
01-12 14:59:42.088 24912 24912 E ArmVmp : Match on catch block at 0xc3 in for 0xa1
01-12 14:59:42.105 24912 24912 E ArmVmp : Match on catch block at 0xc3 in for 0xa1
01-12 14:59:42.115 24912 24912 E ArmVmp : Match on catch block at 0xc3 in for 0xa5
01-12 14:59:42.133 24912 24912 E ArmVmp : Match on catch block at 0xc3 in for 0xa5
01-12 14:59:42.144 24912 24912 E ArmVmp : Match on catch block at 0xc3 in for 0xa9
01-12 14:59:42.172 24912 24912 E ArmVmp : Match on catch block at 0xc3 in for 0xa9
01-12 14:59:42.184 24912 24912 E ArmVmp : Match on catch block at 0xc3 in for 0xa1
01-12 14:59:42.476 24912 24912 E ArmVmp : Match on catch block at 0xc3 in for 0xa5
01-12 14:59:42.486 24912 24912 E ArmVmp : Match on catch block at 0xc3 in for 0xa9
01-12 14:59:42.505 24912 24912 E ArmVmp : Match on catch block at 0xc3 in for 0xa9
01-12 14:59:42.518 24912 24912 E ArmVmp : Match on catch block at 0xc3 in for 0xa1
01-12 14:59:42.544 24912 24912 E ArmVmp : Match on catch block at 0xc3 in for 0xa1
01-12 14:59:42.552 24912 24912 E ArmVmp : Match on catch block at 0xc3 in for 0xa5
01-12 14:59:42.695 24912 25925 W HiTouch_HiTouchSensor: depended package hiTouch
does n't exist!
01-12 14:59:42.787 24912 24912 E ArmVmp : Match on catch block at 0xc3 in for 0xa9
01-12 14:59:42.797 24912 24912 E ArmVmp : Match on catch block at 0xc3 in for 0xa1
01-12 14:59:42.897 24912 24912 E ArmVmp : Match on catch block at 0xc3 in for 0xa1
01-12 14:59:42.906 24912 24912 E ArmVmp : Match on catch block at 0xc3 in for 0xa5
01-12 14:59:42.933 24912 24912 E ArmVmp : Match on catch block at 0xc3 in for 0xa5
01-12 14:59:42.948 24912 24912 E ArmVmp : Match on catch block at 0xc3 in for 0xa9
01-12 14:59:43.009 24912 24993 W libEGL : EGLNativeWindowType 0x718988f010
disconnect failed
01-12 14:59:43.027 24912 24912 E ArmVmp : Match on catch block at 0xc3 in for 0xa9
01-12 14:59:43.043 24912 24912 E ArmVmp : Match on catch block at 0xc3 in for 0xa1
01-12 14:59:43.075 24912 24912 E ArmVmp : Match on catch block at 0xc3 in for 0xa5
01-12 14:59:43.090 24912 24912 E ArmVmp : Match on catch block at 0xc3 in for 0xa9
01-12 14:59:44.235 24912 24993 W libEGL : EGLNativeWindowType 0x718988f010
disconnect failed
01-12 14:59:44.280 24912 24912 W InputEventReceiver: Attempted to finish an input
event but the input event receiver has already been disposed.
01-12 14:59:44.329 24912 24912 E ArmVmp : Match on catch block at 0xc3 in for 0xa5
01-12 14:59:44.342 24912 24912 E ArmVmp : Match on catch block at 0xc3 in for 0xa9
01-12 14:59:44.818 24912 24912 E ArmVmp : Match on catch block at 0xc3 in for 0xa9
01-12 14:59:44.829 24912 24912 E ArmVmp : Match on catch block at 0xc3 in for 0xa1
01-12 14:59:45.200 24912 24912 E ArmVmp : Match on catch block at 0xc3 in for 0xa1
01-12 14:59:45.211 24912 24912 E ArmVmp : Match on catch block at 0xc3 in for 0xa5
01-12 14:59:45.240 24912 24912 E ArmVmp : Match on catch block at 0xc3 in for 0xa5
01-12 14:59:45.253 24912 24912 E ArmVmp : Match on catch block at 0xc3 in for 0xa9
01-12 14:59:45.270 24912 24912 E ArmVmp : Match on catch block at 0xc3 in for 0xa9
01-12 14:59:45.282 24912 24912 E ArmVmp : Match on catch block at 0xc3 in for 0xa1
01-12 14:59:45.298 24912 24912 E ArmVmp : Match on catch block at 0xc3 in for 0xa1
01-12 14:59:45.314 24912 24912 E ArmVmp : Match on catch block at 0xc3 in for 0xa5
01-12 14:59:45.326 24912 24912 E ArmVmp : Match on catch block at 0xc3 in for 0xa5
01-12 14:59:45.337 24912 24912 E ArmVmp : Match on catch block at 0xc3 in for 0xa9
01-12 14:59:45.351 24912 24912 E ArmVmp : Match on catch block at 0xc3 in for 0xa9
01-12 14:59:45.363 24912 24912 E ArmVmp : Match on catch block at 0xc3 in for 0xa1
01-12 14:59:45.379 24912 24912 E ArmVmp : Match on catch block at 0xc3 in for 0xa1
01-12 14:59:45.392 24912 24912 E ArmVmp : Match on catch block at 0xc3 in for 0xa5
01-12 14:59:45.409 24912 24912 E ArmVmp : Match on catch block at 0xc3 in for 0xa5
01-12 14:59:45.422 24912 24912 E ArmVmp : Match on catch block at 0xc3 in for 0xa9
01-12 14:59:45.440 24912 24912 E ArmVmp : Match on catch block at 0xc3 in for 0xa9
01-12 14:59:45.450 24912 24912 E ArmVmp : Match on catch block at 0xc3 in for 0xa1
01-12 14:59:45.469 24912 24912 E ArmVmp : Match on catch block at 0xc3 in for 0xa1
01-12 14:59:45.477 24912 24912 E ArmVmp : Match on catch block at 0xc3 in for 0xa5
01-12 14:59:45.494 24912 24912 E ArmVmp : Match on catch block at 0xc3 in for 0xa5
01-12 14:59:45.507 24912 24912 E ArmVmp : Match on catch block at 0xc3 in for 0xa9
01-12 14:59:45.529 24912 24912 E ArmVmp : Match on catch block at 0xc3 in for 0xa9
01-12 14:59:45.539 24912 24912 E ArmVmp : Match on catch block at 0xc3 in for 0xa1
01-12 14:59:45.560 24912 24912 E ArmVmp : Match on catch block at 0xc3 in for 0xa1
01-12 14:59:45.570 24912 24912 E ArmVmp : Match on catch block at 0xc3 in for 0xa5
01-12 14:59:45.844 24912 24912 E ArmVmp : Match on catch block at 0xc3 in for 0xa5
01-12 14:59:45.861 24912 24912 E ArmVmp : Match on catch block at 0xc3 in for 0xa9
01-12 14:59:46.007 24912 24912 E ArmVmp : Match on catch block at 0xc3 in for 0xa9
01-12 14:59:46.018 24912 24912 E ArmVmp : Match on catch block at 0xc3 in for 0xa1
01-12 14:59:46.454 24912 24922 E : [ZeroHung]zrhung_get_config: Get config
failed for wp[0x0008]
01-12 14:59:46.503 24912 24912 E ArmVmp : Match on catch block at 0xc3 in for 0xa9
01-12 14:59:46.513 24912 24912 E ArmVmp : Match on catch block at 0xc3 in for 0xa1
01-12 14:59:46.545 24912 24912 E ArmVmp : Match on catch block at 0xc3 in for 0xa5
01-12 14:59:46.563 24912 24912 E ArmVmp : Match on catch block at 0xc3 in for 0xa9
01-12 14:59:46.592 24912 24912 E ArmVmp : Match on catch block at 0xc3 in for 0xa1
01-12 14:59:46.606 24912 24912 E ArmVmp : Match on catch block at 0xc3 in for 0xa5
01-12 14:59:46.622 24912 24912 E ArmVmp : Match on catch block at 0xc3 in for 0xa9
01-12 14:59:46.633 24912 24912 E ArmVmp : Match on catch block at 0xc3 in for 0xa1
01-12 14:59:46.649 24912 24912 E ArmVmp : Match on catch block at 0xc3 in for 0xa5
01-12 14:59:46.659 24912 24912 E ArmVmp : Match on catch block at 0xc3 in for 0xa9
01-12 14:59:46.680 24912 24912 E ArmVmp : Match on catch block at 0xc3 in for 0xa1
01-12 14:59:46.690 24912 24912 E ArmVmp : Match on catch block at 0xc3 in for 0xa5
01-12 14:59:46.703 24912 24912 E ArmVmp : Match on catch block at 0xc3 in for 0xa9
01-12 14:59:46.713 24912 24912 E ArmVmp : Match on catch block at 0xc3 in for 0xa1
01-12 14:59:46.731 24912 24912 E ArmVmp : Match on catch block at 0xc3 in for 0xa5
01-12 14:59:46.742 24912 24912 E ArmVmp : Match on catch block at 0xc3 in for 0xa9
01-12 14:59:46.763 24912 24912 E ArmVmp : Match on catch block at 0xc3 in for 0xa1
01-12 14:59:46.774 24912 24912 E ArmVmp : Match on catch block at 0xc3 in for 0xa5
01-12 14:59:46.798 24912 24912 E ArmVmp : Match on catch block at 0xc3 in for 0xa5
01-12 14:59:46.808 24912 24912 E ArmVmp : Match on catch block at 0xc3 in for 0xa9
01-12 14:59:46.827 24912 24912 E ArmVmp : Match on catch block at 0xc3 in for 0xa1
01-12 14:59:46.839 24912 24912 E ArmVmp : Match on catch block at 0xc3 in for 0xa5
01-12 14:59:46.852 24912 24912 E ArmVmp : Match on catch block at 0xc3 in for 0xa9
01-12 14:59:46.862 24912 24912 E ArmVmp : Match on catch block at 0xc3 in for 0xa1
01-12 14:59:46.876 24912 24912 E ArmVmp : Match on catch block at 0xc3 in for 0xa5
01-12 14:59:46.885 24912 24912 E ArmVmp : Match on catch block at 0xc3 in for 0xa9
01-12 14:59:46.900 24912 24912 E ArmVmp : Match on catch block at 0xc3 in for 0xa1
01-12 14:59:46.916 24912 24912 E ArmVmp : Match on catch block at 0xc3 in for 0xa5
01-12 14:59:46.932 24912 24912 E ArmVmp : Match on catch block at 0xc3 in for 0xa9
01-12 14:59:46.941 24912 24912 E ArmVmp : Match on catch block at 0xc3 in for 0xa1
01-12 14:59:46.960 24912 24912 E ArmVmp : Match on catch block at 0xc3 in for 0xa5
01-12 14:59:46.973 24912 24912 E ArmVmp : Match on catch block at 0xc3 in for 0xa9
01-12 14:59:46.996 24912 24912 E ArmVmp : Match on catch block at 0xc3 in for 0xa5
01-12 14:59:47.007 24912 24912 E ArmVmp : Match on catch block at 0xc3 in for 0xa9
01-12 14:59:47.026 24912 24912 E ArmVmp : Match on catch block at 0xc3 in for 0xa5
01-12 14:59:47.035 24912 24912 E ArmVmp : Match on catch block at 0xc3 in for 0xa9
01-12 14:59:47.120 24912 24912 E ArmVmp : Match on catch block at 0xc3 in for 0xa1
01-12 14:59:47.130 24912 24912 E ArmVmp : Match on catch block at 0xc3 in for 0xa5
01-12 14:59:47.160 24912 24912 E ArmVmp : Match on catch block at 0xc3 in for 0xa5
01-12 14:59:47.168 24912 24912 E ArmVmp : Match on catch block at 0xc3 in for 0xa9
01-12 14:59:47.576 24912 24912 E ArmVmp : Match on catch block at 0xc3 in for 0xa9
01-12 14:59:47.592 24912 24912 E ArmVmp : Match on catch block at 0xc3 in for 0xa1
01-12 14:59:47.706 24912 24912 E ArmVmp : Match on catch block at 0xc3 in for 0xa5
01-12 14:59:47.716 24912 24912 E ArmVmp : Match on catch block at 0xc3 in for 0xa9
01-12 14:59:47.734 24912 24912 E ArmVmp : Match on catch block at 0xc3 in for 0xa9
01-12 14:59:47.745 24912 24912 E ArmVmp : Match on catch block at 0xc3 in for 0xa1
01-12 14:59:47.772 24912 24912 E ArmVmp : Match on catch block at 0xc3 in for 0xa1
01-12 14:59:47.784 24912 24912 E ArmVmp : Match on catch block at 0xc3 in for 0xa5
01-12 14:59:47.811 24912 24912 E ArmVmp : Match on catch block at 0xc3 in for 0xa5
01-12 14:59:47.822 24912 24912 E ArmVmp : Match on catch block at 0xc3 in for 0xa9
01-12 14:59:47.934 24912 25933 W HiTouch_HiTouchSensor: depended package hiTouch
does n't exist!
01-12 14:59:48.000 24912 24912 E ArmVmp : Match on catch block at 0xc3 in for 0xa9
01-12 14:59:48.012 24912 24912 E ArmVmp : Match on catch block at 0xc3 in for 0xa1
01-12 14:59:48.040 24912 24912 E ArmVmp : Match on catch block at 0xc3 in for 0xa1
01-12 14:59:48.052 24912 24912 E ArmVmp : Match on catch block at 0xc3 in for 0xa5
01-12 14:59:48.144 24912 24993 W libEGL : EGLNativeWindowType 0x71c62e4010
disconnect failed
01-12 14:59:48.160 24912 24912 E ArmVmp : Match on catch block at 0xc3 in for 0xa5
01-12 14:59:48.172 24912 24912 E ArmVmp : Match on catch block at 0xc3 in for 0xa9
01-12 14:59:48.194 24912 24912 E ArmVmp : Match on catch block at 0xc3 in for 0xa9
01-12 14:59:48.209 24912 24912 E ArmVmp : Match on catch block at 0xc3 in for 0xa1
01-12 14:59:48.287 24912 24993 W libEGL : EGLNativeWindowType 0x71c62e4010
disconnect failed
01-12 14:59:48.294 24912 24912 E ArmVmp : Match on catch block at 0xc3 in for 0xa5
01-12 14:59:48.311 24912 24912 E ArmVmp : Match on catch block at 0xc3 in for 0xa9
01-12 14:59:48.397 24912 24912 E ArmVmp : Match on catch block at 0xc3 in for 0xa9
01-12 14:59:48.408 24912 24912 E ArmVmp : Match on catch block at 0xc3 in for 0xa1
01-12 14:59:48.424 24912 24912 E ArmVmp : Match on catch block at 0xc3 in for 0xa1
01-12 14:59:48.441 24912 24912 E ArmVmp : Match on catch block at 0xc3 in for 0xa5
01-12 14:59:48.463 24912 24912 E ArmVmp : Match on catch block at 0xc3 in for 0xa5
01-12 14:59:48.475 24912 24912 E ArmVmp : Match on catch block at 0xc3 in for 0xa9
01-12 14:59:48.503 24912 24912 E ArmVmp : Match on catch block at 0xc3 in for 0xa9
01-12 14:59:48.520 24912 24912 E ArmVmp : Match on catch block at 0xc3 in for 0xa1
01-12 14:59:48.541 24912 24912 E ArmVmp : Match on catch block at 0xc3 in for 0xa1
01-12 14:59:48.554 24912 24912 E ArmVmp : Match on catch block at 0xc3 in for 0xa5
01-12 14:59:48.573 24912 24912 E ArmVmp : Match on catch block at 0xc3 in for 0xa5
01-12 14:59:48.587 24912 24912 E ArmVmp : Match on catch block at 0xc3 in for 0xa9
01-12 14:59:48.603 24912 24912 E ArmVmp : Match on catch block at 0xc3 in for 0xa9
01-12 14:59:48.613 24912 24912 E ArmVmp : Match on catch block at 0xc3 in for 0xa1
01-12 14:59:48.629 24912 24912 E ArmVmp : Match on catch block at 0xc3 in for 0xa1
01-12 14:59:48.639 24912 24912 E ArmVmp : Match on catch block at 0xc3 in for 0xa5
01-12 14:59:48.656 24912 24912 E ArmVmp : Match on catch block at 0xc3 in for 0xa5
01-12 14:59:48.673 24912 24912 E ArmVmp : Match on catch block at 0xc3 in for 0xa9
01-12 14:59:48.788 24912 24993 W libEGL : EGLNativeWindowType 0x71c62e4010
disconnect failed
01-12 14:59:48.879 24912 24912 E ArmVmp : Match on catch block at 0xc3 in for 0xa5
01-12 14:59:48.890 24912 24912 E ArmVmp : Match on catch block at 0xc3 in for 0xa9
01-12 14:59:49.029 24912 24912 E ArmVmp : Match on catch block at 0xc3 in for 0xa1
01-12 14:59:49.039 24912 24912 E ArmVmp : Match on catch block at 0xc3 in for 0xa5
01-12 14:59:49.070 24912 24912 E ArmVmp : Match on catch block at 0xc3 in for 0xa5
01-12 14:59:49.080 24912 24912 E ArmVmp : Match on catch block at 0xc3 in for 0xa9
01-12 14:59:49.106 24912 24912 E ArmVmp : Match on catch block at 0xc3 in for 0xa9
01-12 14:59:49.116 24912 24912 E ArmVmp : Match on catch block at 0xc3 in for 0xa1
01-12 14:59:49.140 24912 24912 E ArmVmp : Match on catch block at 0xc3 in for 0xa1
01-12 14:59:49.149 24912 24912 E ArmVmp : Match on catch block at 0xc3 in for 0xa5
01-12 14:59:49.184 24912 24912 E ArmVmp : Match on catch block at 0xc3 in for 0xa9
01-12 14:59:49.198 24912 24912 E ArmVmp : Match on catch block at 0xc3 in for 0xa1
01-12 14:59:49.214 24912 24912 E ArmVmp : Match on catch block at 0xc3 in for 0xa1
01-12 14:59:49.224 24912 24912 E ArmVmp : Match on catch block at 0xc3 in for 0xa5
01-12 14:59:49.240 24912 24912 E ArmVmp : Match on catch block at 0xc3 in for 0xa5
01-12 14:59:49.249 24912 24912 E ArmVmp : Match on catch block at 0xc3 in for 0xa9
01-12 14:59:49.266 24912 24912 E ArmVmp : Match on catch block at 0xc3 in for 0xa9
01-12 14:59:49.275 24912 24912 E ArmVmp : Match on catch block at 0xc3 in for 0xa1
01-12 14:59:49.291 24912 24912 E ArmVmp : Match on catch block at 0xc3 in for 0xa1
01-12 14:59:49.301 24912 24912 E ArmVmp : Match on catch block at 0xc3 in for 0xa5
01-12 14:59:49.318 24912 24912 E ArmVmp : Match on catch block at 0xc3 in for 0xa5
01-12 14:59:49.328 24912 24912 E ArmVmp : Match on catch block at 0xc3 in for 0xa9
01-12 14:59:49.347 24912 24912 E ArmVmp : Match on catch block at 0xc3 in for 0xa9
01-12 14:59:49.357 24912 24912 E ArmVmp : Match on catch block at 0xc3 in for 0xa1
01-12 14:59:49.370 24912 24912 E ArmVmp : Match on catch block at 0xc3 in for 0xa1
01-12 14:59:49.378 24912 24912 E ArmVmp : Match on catch block at 0xc3 in for 0xa5
01-12 14:59:49.401 24912 24912 E ArmVmp : Match on catch block at 0xc3 in for 0xa1
01-12 14:59:49.411 24912 24912 E ArmVmp : Match on catch block at 0xc3 in for 0xa5
01-12 14:59:49.428 24912 24912 E ArmVmp : Match on catch block at 0xc3 in for 0xa5
01-12 14:59:49.443 24912 24912 E ArmVmp : Match on catch block at 0xc3 in for 0xa9
01-12 14:59:49.462 24912 24912 E ArmVmp : Match on catch block at 0xc3 in for 0xa9
01-12 14:59:49.473 24912 24912 E ArmVmp : Match on catch block at 0xc3 in for 0xa1
01-12 14:59:49.726 24912 24912 W InputMethodManager: startInputReason = 1
01-12 14:59:49.759 24912 24912 E ArmVmp : Match on catch block at 0xc3 in for 0xa5
01-12 14:59:49.763 24912 24912 E ArmVmp : Match on catch block at 0xc3 in for 0xa9
01-12 14:59:49.996 24912 24993 W libEGL : EGLNativeWindowType 0x71af112010
disconnect failed
01-12 14:59:50.003 24912 24912 E ArmVmp : Match on catch block at 0xc3 in for 0xa5
01-12 14:59:50.008 24912 24912 E ArmVmp : Match on catch block at 0xc3 in for 0xa9
01-12 14:59:58.555 24912 24912 E ArmVmp : Match on catch block at 0x0a in for 0xc5
01-12 14:59:58.574 24912 24912 E ArmVmp : Match on catch block at 0x0a in for
0x139
01-12 14:59:58.705 24912 25961 W HiTouch_HiTouchSensor: depended package hiTouch
does n't exist!
01-12 14:59:58.726 24912 24912 W StaticLayout: maxLineHeight should not be -1.
maxLines:1 lineCount:1
01-12 14:59:58.737 24912 24912 W StaticLayout: maxLineHeight should not be -1.
maxLines:1 lineCount:1
01-12 14:59:58.755 24912 24912 W StaticLayout: maxLineHeight should not be -1.
maxLines:1 lineCount:1
01-12 14:59:58.756 24912 24912 W StaticLayout: maxLineHeight should not be -1.
maxLines:1 lineCount:1
01-12 14:59:58.887 24912 24912 E RecyclerView: No adapter attached; skipping layout
01-12 14:59:58.888 24912 24912 W IInputConnectionWrapper: beginBatchEdit on
inactive InputConnection
01-12 14:59:58.888 24912 24912 W IInputConnectionWrapper: setComposingRegion on
inactive InputConnection
01-12 14:59:58.888 24912 24912 W IInputConnectionWrapper: endBatchEdit on inactive
InputConnection
01-12 14:59:58.888 24912 24912 W IInputConnectionWrapper: beginBatchEdit on
inactive InputConnection
01-12 14:59:58.888 24912 24912 W IInputConnectionWrapper: setComposingRegion on
inactive InputConnection
01-12 14:59:58.888 24912 24912 W IInputConnectionWrapper: endBatchEdit on inactive
InputConnection
01-12 14:59:58.888 24912 24912 W IInputConnectionWrapper: getExtractedText on
inactive InputConnection
01-12 14:59:58.931 24912 24912 E RecyclerView: No adapter attached; skipping layout
01-12 14:59:58.932 24912 24912 W View : requestLayout() improperly called by
androidx.appcompat.view.menu.ActionMenuItemView{b2f23fb VFED..C.. ......ID 291,0-
435,0 #7f0b0f8a app:id/menuitem_search} during layout: running second layout pass
01-12 14:59:58.932 24912 24912 W View : requestLayout() improperly called by
androidx.appcompat.widget.ActionMenuView{f2afc18 V.E...... ......ID 420,375-
1131,375} during layout: running second layout pass
01-12 14:59:59.031 24912 24912 W IInputConnectionWrapper: getTextBeforeCursor on
inactive InputConnection
01-12 14:59:59.033 24912 24912 E ArmVmp : Match on catch block at 0x0a in for 0xd1
01-12 14:59:59.039 24912 24912 W View : requestLayout() improperly called by
DecorView@a759066[HomeActivity] during second layout pass: posting in next frame
01-12 14:59:59.114 24912 24912 E ArmVmp : Match on catch block at 0x5b in for 0x85
01-12 14:59:59.148 24912 24912 W InputMethodManager: startInputReason = 1
01-12 14:59:59.160 24912 24912 W StaticLayout: maxLineHeight should not be -1.
maxLines:1 lineCount:1
01-12 14:59:59.161 24912 24912 W StaticLayout: maxLineHeight should not be -1.
maxLines:1 lineCount:1
01-12 15:00:01.512 24912 24912 W View : requestLayout() improperly called by
androidx.appcompat.view.menu.ActionMenuItemView{4626683 VFED..C.. ......ID 0,0-
144,0 #7f0b0f8a app:id/menuitem_search} during layout: running second layout pass
01-12 15:00:01.512 24912 24912 W View : requestLayout() improperly called by
androidx.appcompat.widget.ActionMenuView{f2afc18 V.E...... ......ID 711,375-
1131,375} during layout: running second layout pass
01-12 15:00:01.571 24912 24912 W View : requestLayout() improperly called by
DecorView@a759066[HomeActivity] during second layout pass: posting in next frame
01-12 15:00:01.744 24912 24912 W com.mbwhatsapp: Accessing hidden method
Landroid/view/View;->setTransitionVisibility(I)V (dark greylist, linking)
01-12 15:00:01.762 24912 24912 W StaticLayout: maxLineHeight should not be -1.
maxLines:1 lineCount:1
01-12 15:00:01.765 24912 24912 W StaticLayout: maxLineHeight should not be -1.
maxLines:1 lineCount:1
01-12 15:00:02.145 24912 24912 W View : requestLayout() improperly called by
androidx.appcompat.view.menu.ActionMenuItemView{4626683 VFED..C.. ......ID 0,0-
144,0 #7f0b0f8a app:id/menuitem_search} during layout: running second layout pass
01-12 15:00:02.145 24912 24912 W View : requestLayout() improperly called by
androidx.appcompat.widget.ActionMenuView{f2afc18 V.E...... ......ID 831,375-
1131,375} during layout: running second layout pass
01-12 15:00:02.230 24912 24912 W View : requestLayout() improperly called by
DecorView@a759066[HomeActivity] during second layout pass: posting in next frame
01-12 15:00:02.424 24912 24912 W StaticLayout: maxLineHeight should not be -1.
maxLines:1 lineCount:1
01-12 15:00:02.484 24912 24912 W StaticLayout: maxLineHeight should not be -1.
maxLines:1 lineCount:1
01-12 15:00:02.485 24912 24912 W StaticLayout: maxLineHeight should not be -1.
maxLines:1 lineCount:1
01-12 15:00:03.227 24912 24912 W View : requestLayout() improperly called by
androidx.appcompat.view.menu.ActionMenuItemView{4626683 VFED..C.. ......ID 291,0-
435,0 #7f0b0f8a app:id/menuitem_search} during layout: running second layout pass
01-12 15:00:03.228 24912 24912 W View : requestLayout() improperly called by
androidx.appcompat.widget.ActionMenuView{f2afc18 V.E...... ......ID 420,375-
1131,375} during layout: running second layout pass
01-12 15:00:03.278 24912 24912 W View : requestLayout() improperly called by
DecorView@a759066[HomeActivity] during second layout pass: posting in next frame
01-12 15:00:03.371 24912 24912 W StaticLayout: maxLineHeight should not be -1.
maxLines:1 lineCount:1
01-12 15:00:03.379 24912 24912 W StaticLayout: maxLineHeight should not be -1.
maxLines:1 lineCount:1
01-12 15:00:06.496 24912 24912 E ArmVmp : Match on catch block at 0x0a in for 0xe5
01-12 15:00:06.518 24912 24912 E ArmVmp : Match on catch block at 0x0a in for 0xd5
01-12 15:00:06.524 24912 25993 W HiTouch_HiTouchSensor: depended package hiTouch
does n't exist!
01-12 15:00:06.614 24912 24912 W InputMethodManager: startInputReason = 1
01-12 15:00:06.928 24912 24993 W libEGL : EGLNativeWindowType 0x7194ec5010
disconnect failed
01-12 15:00:06.959 24912 24912 W InputEventReceiver: Attempted to finish an input
event but the input event receiver has already been disposed.
01-12 15:00:06.960 24912 24912 W ViewRootImpl[HomeActivity]: Dropping event due to
root view being removed: MotionEvent { action=ACTION_MOVE, actionButton=0, id[0]=0,
x[0]=85.0, y[0]=-592.0, toolType[0]=TOOL_TYPE_FINGER, buttonState=0, metaState=0,
flags=0x0, edgeFlags=0x0, pointerCount=1, historySize=4, eventTime=346529880,
downTime=346529840, deviceId=6, source=0x1002 }
01-12 15:00:06.960 24912 24912 W InputEventReceiver: Attempted to finish an input
event but the input event receiver has already been disposed.
01-12 15:00:06.971 24912 24912 W InputMethodManager: startInputReason = 1
01-12 15:00:07.860 24912 24912 E ArmVmp : Match on catch block at 0x0a in for 0xe5
01-12 15:00:07.880 24912 24912 E ArmVmp : Match on catch block at 0x0a in for 0xd1
01-12 15:00:07.886 24912 25994 W HiTouch_HiTouchSensor: depended package hiTouch
does n't exist!
01-12 15:00:07.963 24912 24912 W InputMethodManager: startInputReason = 1
01-12 15:00:12.305 24912 24993 W libEGL : EGLNativeWindowType 0x71bef2f010
disconnect failed
01-12 15:00:12.400 24912 25997 W HiTouch_HiTouchSensor: depended package hiTouch
does n't exist!
01-12 15:00:12.453 24912 24912 W InputMethodManager: startInputReason = 1
01-12 15:00:13.544 24912 24993 W libEGL : EGLNativeWindowType 0x7180f60010
disconnect failed
01-12 15:00:13.572 24912 24912 W InputEventReceiver: Attempted to finish an input
event but the input event receiver has already been disposed.
01-12 15:00:13.572 24912 24912 W ViewRootImpl[HomeActivity]: Dropping event due to
root view being removed: MotionEvent { action=ACTION_MOVE, actionButton=0, id[0]=0,
x[0]=163.0, y[0]=-58.0, toolType[0]=TOOL_TYPE_FINGER, buttonState=0, metaState=0,
flags=0x0, edgeFlags=0x0, pointerCount=1, historySize=1, eventTime=346536496,
downTime=346536481, deviceId=6, source=0x1002 }
01-12 15:00:13.572 24912 24912 W InputEventReceiver: Attempted to finish an input
event but the input event receiver has already been disposed.
01-12 15:00:15.817 24912 24912 E ArmVmp : Match on catch block at 0x0a in for 0xe1
01-12 15:00:15.838 24912 24912 E ArmVmp : Match on catch block at 0x0a in for 0xd9
01-12 15:00:15.844 24912 26001 W HiTouch_HiTouchSensor: depended package hiTouch
does n't exist!
01-12 15:00:15.970 24912 24912 W InputMethodManager: startInputReason = 1
01-12 15:00:16.232 24912 24993 W libEGL : EGLNativeWindowType 0x7189854010
disconnect failed
01-12 15:00:16.260 24912 24912 W InputEventReceiver: Attempted to finish an input
event but the input event receiver has already been disposed.
01-12 15:00:16.261 24912 24912 W ViewRootImpl[HomeActivity]: Dropping event due to
root view being removed: MotionEvent { action=ACTION_MOVE, actionButton=0, id[0]=0,
x[0]=79.0, y[0]=-621.0, toolType[0]=TOOL_TYPE_FINGER, buttonState=0, metaState=0,
flags=0x0, edgeFlags=0x0, pointerCount=1, historySize=3, eventTime=346539185,
downTime=346539152, deviceId=6, source=0x1002 }
01-12 15:00:16.261 24912 24912 W InputEventReceiver: Attempted to finish an input
event but the input event receiver has already been disposed.
01-12 15:00:16.271 24912 24912 W InputMethodManager: startInputReason = 1
01-12 15:00:17.978 24912 24912 E ArmVmp : Match on catch block at 0x0a in for 0xe1
01-12 15:00:18.000 24912 24912 E ArmVmp : Match on catch block at 0x0a in for 0xd5
01-12 15:00:18.007 24912 26005 W HiTouch_HiTouchSensor: depended package hiTouch
does n't exist!
01-12 15:00:18.071 24912 24912 W InputMethodManager: startInputReason = 1
01-12 15:00:25.801 24912 24993 W libEGL : EGLNativeWindowType 0x71afaa0010
disconnect failed
01-12 15:00:25.901 24912 24912 E ArmVmp : Match on catch block at 0x0a in for
0x139
01-12 15:00:25.922 24912 26011 W HiTouch_HiTouchSensor: depended package hiTouch
does n't exist!
01-12 15:00:25.968 24912 24912 W InputMethodManager: startInputReason = 1
01-12 15:00:26.076 24912 24912 W InputMethodManager: startInputReason = 1
01-12 15:00:27.395 26022 26022 E com.mbwhatsapp: Not starting debugger since
process cannot load the jdwp agent.
01-12 15:00:27.459 26022 26022 W System.err: java.lang.ClassNotFoundException:
mbmodsd.mbmodsw.ui.views.btn.BtnBK
01-12 15:00:27.459 26022 26022 W System.err: at
java.lang.VMClassLoader.findLoadedClass(Native Method)
01-12 15:00:27.459 26022 26022 W System.err: at
java.lang.ClassLoader.findLoadedClass(ClassLoader.java:738)
01-12 15:00:27.459 26022 26022 W System.err: at
java.lang.ClassLoader.loadClass(ClassLoader.java:363)
01-12 15:00:27.459 26022 26022 W System.err: at
java.lang.ClassLoader.loadClass(ClassLoader.java:312)
01-12 15:00:27.459 26022 26022 W System.err: at
java.lang.Runtime.nativeLoad(Native Method)
01-12 15:00:27.459 26022 26022 W System.err: at
java.lang.Runtime.loadLibrary0(Runtime.java:1014)
01-12 15:00:27.459 26022 26022 W System.err: at
java.lang.System.loadLibrary(System.java:1672)
01-12 15:00:27.459 26022 26022 W System.err: at arm.EpicVm.<clinit>(Unknown
Source:2)
01-12 15:00:27.459 26022 26022 W System.err: at
java.lang.Class.newInstance(Native Method)
01-12 15:00:27.459 26022 26022 W System.err: at
android.app.AppComponentFactory.instantiateApplication(AppComponentFactory.java:50)
01-12 15:00:27.459 26022 26022 W System.err: at
androidx.core.app.CoreComponentFactory.instantiateApplication(Unknown Source:0)
01-12 15:00:27.459 26022 26022 W System.err: at
android.app.Instrumentation.newApplication(Instrumentation.java:1127)
01-12 15:00:27.459 26022 26022 W System.err: at
android.app.LoadedApk.makeApplication(LoadedApk.java:1175)
01-12 15:00:27.459 26022 26022 W System.err: at
android.app.ActivityThread.handleBindApplication(ActivityThread.java:6688)
01-12 15:00:27.459 26022 26022 W System.err: at
android.app.ActivityThread.access$2000(ActivityThread.java:273)
01-12 15:00:27.459 26022 26022 W System.err: at
android.app.ActivityThread$H.handleMessage(ActivityThread.java:2020)
01-12 15:00:27.459 26022 26022 W System.err: at
android.os.Handler.dispatchMessage(Handler.java:112)
01-12 15:00:27.459 26022 26022 W System.err: at
android.os.Looper.loop(Looper.java:216)
01-12 15:00:27.459 26022 26022 W System.err: at
android.app.ActivityThread.main(ActivityThread.java:7625)
01-12 15:00:27.459 26022 26022 W System.err: at
java.lang.reflect.Method.invoke(Native Method)
01-12 15:00:27.459 26022 26022 W System.err: at
com.android.internal.os.RuntimeInit$MethodAndArgsCaller.run(RuntimeInit.java:524)
01-12 15:00:27.459 26022 26022 W System.err: at
com.android.internal.os.ZygoteInit.main(ZygoteInit.java:987)
01-12 15:00:27.459 26022 26022 W System.err: Caused by:
java.lang.NoClassDefFoundError: Failed resolution of:
Lcom/mbwhatsapp/components/Button;
01-12 15:00:27.459 26022 26022 W System.err: ... 18 more
01-12 15:00:27.459 26022 26022 W System.err: Caused by:
java.lang.ClassNotFoundException: Didn't find class
"com.mbwhatsapp.components.Button" on path: DexPathList[[zip file
"/system/framework/org.apache.http.legacy.boot.jar", zip file
"/data/app/com.mbwhatsapp-VY7ChigobaqCIxu7uQ4Gbg==/base.apk"],nativeLibraryDirector
ies=[/data/app/com.mbwhatsapp-VY7ChigobaqCIxu7uQ4Gbg==/lib/arm64,
/data/app/com.mbwhatsapp-VY7ChigobaqCIxu7uQ4Gbg==/base.apk!/lib/arm64-v8a,
/system/lib64, /product/lib64]]
01-12 15:00:27.459 26022 26022 W System.err: at
dalvik.system.BaseDexClassLoader.findClass(BaseDexClassLoader.java:134)
01-12 15:00:27.459 26022 26022 W System.err: at
java.lang.ClassLoader.loadClass(ClassLoader.java:379)
01-12 15:00:27.459 26022 26022 W System.err: at
java.lang.ClassLoader.loadClass(ClassLoader.java:312)
01-12 15:00:27.459 26022 26022 W System.err: ... 18 more
01-12 15:00:27.466 26022 26022 E CustomActivityOnCrash: IMPORTANT WARNING! You
already have an UncaughtExceptionHandler, are you sure this is correct? If you use
a custom UncaughtExceptionHandler, you must initialize it AFTER
CustomActivityOnCrash! Installing anyway, but your original handler will not be
called.
01-12 15:00:27.472 26022 26048 E AwareLog: AtomicFileUtils: readFileLines file not
exist: android.util.AtomicFile@14cb34e
01-12 15:00:27.473 26022 26048 E AwareLog: AtomicFileUtils: readFileLines file not
exist: android.util.AtomicFile@b451014
01-12 15:00:27.501 26022 26050 W LibraryVersion: Failed to get app version for
libraryName: firebase-iid
01-12 15:00:27.507 26022 26036 E : [ZeroHung]zrhung_get_config: Get config
failed for wp[0x0008]
01-12 15:00:27.572 26022 26036 E : [ZeroHung]zrhung_get_config: Get config
failed for wp[0x0008]
--------- beginning of system
01-12 14:58:33.958 24912 24912 W ViewRootImpl[MediaComposerActivity]: Dropping
event due to root view being removed: KeyEvent { action=ACTION_UP,
keyCode=KEYCODE_BACK, scanCode=0, metaState=0, flags=0x48, hwFlags=0x17,
repeatCount=0, eventTime=346436864, downTime=346436755, deviceId=-1, source=0x101 }
01-12 14:58:42.749 24912 24912 W ViewRootImpl[MediaComposerActivity]: Dropping
event due to root view being removed: KeyEvent { action=ACTION_UP,
keyCode=KEYCODE_BACK, scanCode=0, metaState=0, flags=0x48, hwFlags=0xf,
repeatCount=0, eventTime=346445645, downTime=346445591, deviceId=-1, source=0x101 }
--------- beginning of main
01-12 14:59:42.552 24912 24912 E ArmVmp : Match on catch block at 0xc3 in for 0xa5
01-12 14:59:42.695 24912 25925 W HiTouch_HiTouchSensor: depended package hiTouch
does n't exist!
01-12 14:59:42.787 24912 24912 E ArmVmp : Match on catch block at 0xc3 in for 0xa9
01-12 14:59:42.797 24912 24912 E ArmVmp : Match on catch block at 0xc3 in for 0xa1
01-12 14:59:42.897 24912 24912 E ArmVmp : Match on catch block at 0xc3 in for 0xa1
01-12 14:59:42.906 24912 24912 E ArmVmp : Match on catch block at 0xc3 in for 0xa5
01-12 14:59:42.933 24912 24912 E ArmVmp : Match on catch block at 0xc3 in for 0xa5
01-12 14:59:42.948 24912 24912 E ArmVmp : Match on catch block at 0xc3 in for 0xa9
01-12 14:59:43.009 24912 24993 W libEGL : EGLNativeWindowType 0x718988f010
disconnect failed
01-12 14:59:43.027 24912 24912 E ArmVmp : Match on catch block at 0xc3 in for 0xa9
01-12 14:59:43.043 24912 24912 E ArmVmp : Match on catch block at 0xc3 in for 0xa1
01-12 14:59:43.075 24912 24912 E ArmVmp : Match on catch block at 0xc3 in for 0xa5
01-12 14:59:43.090 24912 24912 E ArmVmp : Match on catch block at 0xc3 in for 0xa9
01-12 14:59:44.235 24912 24993 W libEGL : EGLNativeWindowType 0x718988f010
disconnect failed
01-12 14:59:44.280 24912 24912 W InputEventReceiver: Attempted to finish an input
event but the input event receiver has already been disposed.
01-12 14:59:44.329 24912 24912 E ArmVmp : Match on catch block at 0xc3 in for 0xa5
01-12 14:59:44.342 24912 24912 E ArmVmp : Match on catch block at 0xc3 in for 0xa9
01-12 14:59:44.818 24912 24912 E ArmVmp : Match on catch block at 0xc3 in for 0xa9
01-12 14:59:44.829 24912 24912 E ArmVmp : Match on catch block at 0xc3 in for 0xa1
01-12 14:59:45.200 24912 24912 E ArmVmp : Match on catch block at 0xc3 in for 0xa1
01-12 14:59:45.211 24912 24912 E ArmVmp : Match on catch block at 0xc3 in for 0xa5
01-12 14:59:45.240 24912 24912 E ArmVmp : Match on catch block at 0xc3 in for 0xa5
01-12 14:59:45.253 24912 24912 E ArmVmp : Match on catch block at 0xc3 in for 0xa9
01-12 14:59:45.270 24912 24912 E ArmVmp : Match on catch block at 0xc3 in for 0xa9
01-12 14:59:45.282 24912 24912 E ArmVmp : Match on catch block at 0xc3 in for 0xa1
01-12 14:59:45.298 24912 24912 E ArmVmp : Match on catch block at 0xc3 in for 0xa1
01-12 14:59:45.314 24912 24912 E ArmVmp : Match on catch block at 0xc3 in for 0xa5
01-12 14:59:45.326 24912 24912 E ArmVmp : Match on catch block at 0xc3 in for 0xa5
01-12 14:59:45.337 24912 24912 E ArmVmp : Match on catch block at 0xc3 in for 0xa9
01-12 14:59:45.351 24912 24912 E ArmVmp : Match on catch block at 0xc3 in for 0xa9
01-12 14:59:45.363 24912 24912 E ArmVmp : Match on catch block at 0xc3 in for 0xa1
01-12 14:59:45.379 24912 24912 E ArmVmp : Match on catch block at 0xc3 in for 0xa1
01-12 14:59:45.392 24912 24912 E ArmVmp : Match on catch block at 0xc3 in for 0xa5
01-12 14:59:45.409 24912 24912 E ArmVmp : Match on catch block at 0xc3 in for 0xa5
01-12 14:59:45.422 24912 24912 E ArmVmp : Match on catch block at 0xc3 in for 0xa9
01-12 14:59:45.440 24912 24912 E ArmVmp : Match on catch block at 0xc3 in for 0xa9
01-12 14:59:45.450 24912 24912 E ArmVmp : Match on catch block at 0xc3 in for 0xa1
01-12 14:59:45.469 24912 24912 E ArmVmp : Match on catch block at 0xc3 in for 0xa1
01-12 14:59:45.477 24912 24912 E ArmVmp : Match on catch block at 0xc3 in for 0xa5
01-12 14:59:45.494 24912 24912 E ArmVmp : Match on catch block at 0xc3 in for 0xa5
01-12 14:59:45.507 24912 24912 E ArmVmp : Match on catch block at 0xc3 in for 0xa9
01-12 14:59:45.529 24912 24912 E ArmVmp : Match on catch block at 0xc3 in for 0xa9
01-12 14:59:45.539 24912 24912 E ArmVmp : Match on catch block at 0xc3 in for 0xa1
01-12 14:59:45.560 24912 24912 E ArmVmp : Match on catch block at 0xc3 in for 0xa1
01-12 14:59:45.570 24912 24912 E ArmVmp : Match on catch block at 0xc3 in for 0xa5
01-12 14:59:45.844 24912 24912 E ArmVmp : Match on catch block at 0xc3 in for 0xa5
01-12 14:59:45.861 24912 24912 E ArmVmp : Match on catch block at 0xc3 in for 0xa9
01-12 14:59:46.007 24912 24912 E ArmVmp : Match on catch block at 0xc3 in for 0xa9
01-12 14:59:46.018 24912 24912 E ArmVmp : Match on catch block at 0xc3 in for 0xa1
01-12 14:59:46.454 24912 24922 E : [ZeroHung]zrhung_get_config: Get config
failed for wp[0x0008]
01-12 14:59:46.503 24912 24912 E ArmVmp : Match on catch block at 0xc3 in for 0xa9
01-12 14:59:46.513 24912 24912 E ArmVmp : Match on catch block at 0xc3 in for 0xa1
01-12 14:59:46.545 24912 24912 E ArmVmp : Match on catch block at 0xc3 in for 0xa5
01-12 14:59:46.563 24912 24912 E ArmVmp : Match on catch block at 0xc3 in for 0xa9
01-12 14:59:46.592 24912 24912 E ArmVmp : Match on catch block at 0xc3 in for 0xa1
01-12 14:59:46.606 24912 24912 E ArmVmp : Match on catch block at 0xc3 in for 0xa5
01-12 14:59:46.622 24912 24912 E ArmVmp : Match on catch block at 0xc3 in for 0xa9
01-12 14:59:46.633 24912 24912 E ArmVmp : Match on catch block at 0xc3 in for 0xa1
01-12 14:59:46.649 24912 24912 E ArmVmp : Match on catch block at 0xc3 in for 0xa5
01-12 14:59:46.659 24912 24912 E ArmVmp : Match on catch block at 0xc3 in for 0xa9
01-12 14:59:46.680 24912 24912 E ArmVmp : Match on catch block at 0xc3 in for 0xa1
01-12 14:59:46.690 24912 24912 E ArmVmp : Match on catch block at 0xc3 in for 0xa5
01-12 14:59:46.703 24912 24912 E ArmVmp : Match on catch block at 0xc3 in for 0xa9
01-12 14:59:46.713 24912 24912 E ArmVmp : Match on catch block at 0xc3 in for 0xa1
01-12 14:59:46.731 24912 24912 E ArmVmp : Match on catch block at 0xc3 in for 0xa5
01-12 14:59:46.742 24912 24912 E ArmVmp : Match on catch block at 0xc3 in for 0xa9
01-12 14:59:46.763 24912 24912 E ArmVmp : Match on catch block at 0xc3 in for 0xa1
01-12 14:59:46.774 24912 24912 E ArmVmp : Match on catch block at 0xc3 in for 0xa5
01-12 14:59:46.798 24912 24912 E ArmVmp : Match on catch block at 0xc3 in for 0xa5
01-12 14:59:46.808 24912 24912 E ArmVmp : Match on catch block at 0xc3 in for 0xa9
01-12 14:59:46.827 24912 24912 E ArmVmp : Match on catch block at 0xc3 in for 0xa1
01-12 14:59:46.839 24912 24912 E ArmVmp : Match on catch block at 0xc3 in for 0xa5
01-12 14:59:46.852 24912 24912 E ArmVmp : Match on catch block at 0xc3 in for 0xa9
01-12 14:59:46.862 24912 24912 E ArmVmp : Match on catch block at 0xc3 in for 0xa1
01-12 14:59:46.876 24912 24912 E ArmVmp : Match on catch block at 0xc3 in for 0xa5
01-12 14:59:46.885 24912 24912 E ArmVmp : Match on catch block at 0xc3 in for 0xa9
01-12 14:59:46.900 24912 24912 E ArmVmp : Match on catch block at 0xc3 in for 0xa1
01-12 14:59:46.916 24912 24912 E ArmVmp : Match on catch block at 0xc3 in for 0xa5
01-12 14:59:46.932 24912 24912 E ArmVmp : Match on catch block at 0xc3 in for 0xa9
01-12 14:59:46.941 24912 24912 E ArmVmp : Match on catch block at 0xc3 in for 0xa1
01-12 14:59:46.960 24912 24912 E ArmVmp : Match on catch block at 0xc3 in for 0xa5
01-12 14:59:46.973 24912 24912 E ArmVmp : Match on catch block at 0xc3 in for 0xa9
01-12 14:59:46.996 24912 24912 E ArmVmp : Match on catch block at 0xc3 in for 0xa5
01-12 14:59:47.007 24912 24912 E ArmVmp : Match on catch block at 0xc3 in for 0xa9
01-12 14:59:47.026 24912 24912 E ArmVmp : Match on catch block at 0xc3 in for 0xa5
01-12 14:59:47.035 24912 24912 E ArmVmp : Match on catch block at 0xc3 in for 0xa9
01-12 14:59:47.120 24912 24912 E ArmVmp : Match on catch block at 0xc3 in for 0xa1
01-12 14:59:47.130 24912 24912 E ArmVmp : Match on catch block at 0xc3 in for 0xa5
01-12 14:59:47.160 24912 24912 E ArmVmp : Match on catch block at 0xc3 in for 0xa5
01-12 14:59:47.168 24912 24912 E ArmVmp : Match on catch block at 0xc3 in for 0xa9
01-12 14:59:47.576 24912 24912 E ArmVmp : Match on catch block at 0xc3 in for 0xa9
01-12 14:59:47.592 24912 24912 E ArmVmp : Match on catch block at 0xc3 in for 0xa1
01-12 14:59:47.706 24912 24912 E ArmVmp : Match on catch block at 0xc3 in for 0xa5
01-12 14:59:47.716 24912 24912 E ArmVmp : Match on catch block at 0xc3 in for 0xa9
01-12 14:59:47.734 24912 24912 E ArmVmp : Match on catch block at 0xc3 in for 0xa9
01-12 14:59:47.745 24912 24912 E ArmVmp : Match on catch block at 0xc3 in for 0xa1
01-12 14:59:47.772 24912 24912 E ArmVmp : Match on catch block at 0xc3 in for 0xa1
01-12 14:59:47.784 24912 24912 E ArmVmp : Match on catch block at 0xc3 in for 0xa5
01-12 14:59:47.811 24912 24912 E ArmVmp : Match on catch block at 0xc3 in for 0xa5
01-12 14:59:47.822 24912 24912 E ArmVmp : Match on catch block at 0xc3 in for 0xa9
01-12 14:59:47.934 24912 25933 W HiTouch_HiTouchSensor: depended package hiTouch
does n't exist!
01-12 14:59:48.000 24912 24912 E ArmVmp : Match on catch block at 0xc3 in for 0xa9
01-12 14:59:48.012 24912 24912 E ArmVmp : Match on catch block at 0xc3 in for 0xa1
01-12 14:59:48.040 24912 24912 E ArmVmp : Match on catch block at 0xc3 in for 0xa1
01-12 14:59:48.052 24912 24912 E ArmVmp : Match on catch block at 0xc3 in for 0xa5
01-12 14:59:48.144 24912 24993 W libEGL : EGLNativeWindowType 0x71c62e4010
disconnect failed
01-12 14:59:48.160 24912 24912 E ArmVmp : Match on catch block at 0xc3 in for 0xa5
01-12 14:59:48.172 24912 24912 E ArmVmp : Match on catch block at 0xc3 in for 0xa9
01-12 14:59:48.194 24912 24912 E ArmVmp : Match on catch block at 0xc3 in for 0xa9
01-12 14:59:48.209 24912 24912 E ArmVmp : Match on catch block at 0xc3 in for 0xa1
01-12 14:59:48.287 24912 24993 W libEGL : EGLNativeWindowType 0x71c62e4010
disconnect failed
01-12 14:59:48.294 24912 24912 E ArmVmp : Match on catch block at 0xc3 in for 0xa5
01-12 14:59:48.311 24912 24912 E ArmVmp : Match on catch block at 0xc3 in for 0xa9
01-12 14:59:48.397 24912 24912 E ArmVmp : Match on catch block at 0xc3 in for 0xa9
01-12 14:59:48.408 24912 24912 E ArmVmp : Match on catch block at 0xc3 in for 0xa1
01-12 14:59:48.424 24912 24912 E ArmVmp : Match on catch block at 0xc3 in for 0xa1
01-12 14:59:48.441 24912 24912 E ArmVmp : Match on catch block at 0xc3 in for 0xa5
01-12 14:59:48.463 24912 24912 E ArmVmp : Match on catch block at 0xc3 in for 0xa5
01-12 14:59:48.475 24912 24912 E ArmVmp : Match on catch block at 0xc3 in for 0xa9
01-12 14:59:48.503 24912 24912 E ArmVmp : Match on catch block at 0xc3 in for 0xa9
01-12 14:59:48.520 24912 24912 E ArmVmp : Match on catch block at 0xc3 in for 0xa1
01-12 14:59:48.541 24912 24912 E ArmVmp : Match on catch block at 0xc3 in for 0xa1
01-12 14:59:48.554 24912 24912 E ArmVmp : Match on catch block at 0xc3 in for 0xa5
01-12 14:59:48.573 24912 24912 E ArmVmp : Match on catch block at 0xc3 in for 0xa5
01-12 14:59:48.587 24912 24912 E ArmVmp : Match on catch block at 0xc3 in for 0xa9
01-12 14:59:48.603 24912 24912 E ArmVmp : Match on catch block at 0xc3 in for 0xa9
01-12 14:59:48.613 24912 24912 E ArmVmp : Match on catch block at 0xc3 in for 0xa1
01-12 14:59:48.629 24912 24912 E ArmVmp : Match on catch block at 0xc3 in for 0xa1
01-12 14:59:48.639 24912 24912 E ArmVmp : Match on catch block at 0xc3 in for 0xa5
01-12 14:59:48.656 24912 24912 E ArmVmp : Match on catch block at 0xc3 in for 0xa5
01-12 14:59:48.673 24912 24912 E ArmVmp : Match on catch block at 0xc3 in for 0xa9
01-12 14:59:48.788 24912 24993 W libEGL : EGLNativeWindowType 0x71c62e4010
disconnect failed
01-12 14:59:48.879 24912 24912 E ArmVmp : Match on catch block at 0xc3 in for 0xa5
01-12 14:59:48.890 24912 24912 E ArmVmp : Match on catch block at 0xc3 in for 0xa9
01-12 14:59:49.029 24912 24912 E ArmVmp : Match on catch block at 0xc3 in for 0xa1
01-12 14:59:49.039 24912 24912 E ArmVmp : Match on catch block at 0xc3 in for 0xa5
01-12 14:59:49.070 24912 24912 E ArmVmp : Match on catch block at 0xc3 in for 0xa5
01-12 14:59:49.080 24912 24912 E ArmVmp : Match on catch block at 0xc3 in for 0xa9
01-12 14:59:49.106 24912 24912 E ArmVmp : Match on catch block at 0xc3 in for 0xa9
01-12 14:59:49.116 24912 24912 E ArmVmp : Match on catch block at 0xc3 in for 0xa1
01-12 14:59:49.140 24912 24912 E ArmVmp : Match on catch block at 0xc3 in for 0xa1
01-12 14:59:49.149 24912 24912 E ArmVmp : Match on catch block at 0xc3 in for 0xa5
01-12 14:59:49.184 24912 24912 E ArmVmp : Match on catch block at 0xc3 in for 0xa9
01-12 14:59:49.198 24912 24912 E ArmVmp : Match on catch block at 0xc3 in for 0xa1
01-12 14:59:49.214 24912 24912 E ArmVmp : Match on catch block at 0xc3 in for 0xa1
01-12 14:59:49.224 24912 24912 E ArmVmp : Match on catch block at 0xc3 in for 0xa5
01-12 14:59:49.240 24912 24912 E ArmVmp : Match on catch block at 0xc3 in for 0xa5
01-12 14:59:49.249 24912 24912 E ArmVmp : Match on catch block at 0xc3 in for 0xa9
01-12 14:59:49.266 24912 24912 E ArmVmp : Match on catch block at 0xc3 in for 0xa9
01-12 14:59:49.275 24912 24912 E ArmVmp : Match on catch block at 0xc3 in for 0xa1
01-12 14:59:49.291 24912 24912 E ArmVmp : Match on catch block at 0xc3 in for 0xa1
01-12 14:59:49.301 24912 24912 E ArmVmp : Match on catch block at 0xc3 in for 0xa5
01-12 14:59:49.318 24912 24912 E ArmVmp : Match on catch block at 0xc3 in for 0xa5
01-12 14:59:49.328 24912 24912 E ArmVmp : Match on catch block at 0xc3 in for 0xa9
01-12 14:59:49.347 24912 24912 E ArmVmp : Match on catch block at 0xc3 in for 0xa9
01-12 14:59:49.357 24912 24912 E ArmVmp : Match on catch block at 0xc3 in for 0xa1
01-12 14:59:49.370 24912 24912 E ArmVmp : Match on catch block at 0xc3 in for 0xa1
01-12 14:59:49.378 24912 24912 E ArmVmp : Match on catch block at 0xc3 in for 0xa5
01-12 14:59:49.401 24912 24912 E ArmVmp : Match on catch block at 0xc3 in for 0xa1
01-12 14:59:49.411 24912 24912 E ArmVmp : Match on catch block at 0xc3 in for 0xa5
01-12 14:59:49.428 24912 24912 E ArmVmp : Match on catch block at 0xc3 in for 0xa5
01-12 14:59:49.443 24912 24912 E ArmVmp : Match on catch block at 0xc3 in for 0xa9
01-12 14:59:49.462 24912 24912 E ArmVmp : Match on catch block at 0xc3 in for 0xa9
01-12 14:59:49.473 24912 24912 E ArmVmp : Match on catch block at 0xc3 in for 0xa1
01-12 14:59:49.726 24912 24912 W InputMethodManager: startInputReason = 1
01-12 14:59:49.759 24912 24912 E ArmVmp : Match on catch block at 0xc3 in for 0xa5
01-12 14:59:49.763 24912 24912 E ArmVmp : Match on catch block at 0xc3 in for 0xa9
01-12 14:59:49.996 24912 24993 W libEGL : EGLNativeWindowType 0x71af112010
disconnect failed
01-12 14:59:50.003 24912 24912 E ArmVmp : Match on catch block at 0xc3 in for 0xa5
01-12 14:59:50.008 24912 24912 E ArmVmp : Match on catch block at 0xc3 in for 0xa9
01-12 14:59:58.705 24912 25961 W HiTouch_HiTouchSensor: depended package hiTouch
does n't exist!
01-12 14:59:58.726 24912 24912 W StaticLayout: maxLineHeight should not be -1.
maxLines:1 lineCount:1
01-12 14:59:58.737 24912 24912 W StaticLayout: maxLineHeight should not be -1.
maxLines:1 lineCount:1
01-12 14:59:58.755 24912 24912 W StaticLayout: maxLineHeight should not be -1.
maxLines:1 lineCount:1
01-12 14:59:58.756 24912 24912 W StaticLayout: maxLineHeight should not be -1.
maxLines:1 lineCount:1
01-12 14:59:58.887 24912 24912 E RecyclerView: No adapter attached; skipping layout
01-12 14:59:58.888 24912 24912 W IInputConnectionWrapper: beginBatchEdit on
inactive InputConnection
01-12 14:59:58.888 24912 24912 W IInputConnectionWrapper: setComposingRegion on
inactive InputConnection
01-12 14:59:58.888 24912 24912 W IInputConnectionWrapper: endBatchEdit on inactive
InputConnection
01-12 14:59:58.888 24912 24912 W IInputConnectionWrapper: beginBatchEdit on
inactive InputConnection
01-12 14:59:58.888 24912 24912 W IInputConnectionWrapper: setComposingRegion on
inactive InputConnection
01-12 14:59:58.888 24912 24912 W IInputConnectionWrapper: endBatchEdit on inactive
InputConnection
01-12 14:59:58.888 24912 24912 W IInputConnectionWrapper: getExtractedText on
inactive InputConnection
01-12 14:59:58.931 24912 24912 E RecyclerView: No adapter attached; skipping layout
01-12 14:59:58.932 24912 24912 W View : requestLayout() improperly called by
androidx.appcompat.view.menu.ActionMenuItemView{b2f23fb VFED..C.. ......ID 291,0-
435,0 #7f0b0f8a app:id/menuitem_search} during layout: running second layout pass
01-12 14:59:58.932 24912 24912 W View : requestLayout() improperly called by
androidx.appcompat.widget.ActionMenuView{f2afc18 V.E...... ......ID 420,375-
1131,375} during layout: running second layout pass
01-12 14:59:59.031 24912 24912 W IInputConnectionWrapper: getTextBeforeCursor on
inactive InputConnection
01-12 14:59:59.033 24912 24912 E ArmVmp : Match on catch block at 0x0a in for 0xd1
