01-12 14:52:26.197 22304 22304 W System.err: at
android.app.ActivityThread.main(ActivityThread.java:7625)
01-12 14:52:26.197 22304 22304 W System.err: at
java.lang.reflect.Method.invoke(Native Method)
01-12 14:52:26.197 22304 22304 W System.err: at
com.android.internal.os.RuntimeInit$MethodAndArgsCaller.run(RuntimeInit.java:524)
01-12 14:52:26.197 22304 22304 W System.err: at
com.android.internal.os.ZygoteInit.main(ZygoteInit.java:987)
01-12 14:52:26.197 22304 22304 W System.err: Caused by:
java.lang.NoClassDefFoundError: Failed resolution of:
Lcom/mbwhatsapp/components/Button;
01-12 14:52:26.197 22304 22304 W System.err: ... 18 more
01-12 14:52:26.197 22304 22304 W System.err: Caused by:
java.lang.ClassNotFoundException: Didn't find class
"com.mbwhatsapp.components.Button" on path: DexPathList[[zip file
"/system/framework/org.apache.http.legacy.boot.jar", zip file
"/data/app/com.mbwhatsapp-VY7ChigobaqCIxu7uQ4Gbg==/base.apk"],nativeLibraryDirector
ies=[/data/app/com.mbwhatsapp-VY7ChigobaqCIxu7uQ4Gbg==/lib/arm64,
/data/app/com.mbwhatsapp-VY7ChigobaqCIxu7uQ4Gbg==/base.apk!/lib/arm64-v8a,
/system/lib64, /product/lib64]]
01-12 14:52:26.197 22304 22304 W System.err: at
dalvik.system.BaseDexClassLoader.findClass(BaseDexClassLoader.java:134)
01-12 14:52:26.197 22304 22304 W System.err: at
java.lang.ClassLoader.loadClass(ClassLoader.java:379)
01-12 14:52:26.197 22304 22304 W System.err: at
java.lang.ClassLoader.loadClass(ClassLoader.java:312)
01-12 14:52:26.198 22304 22304 W System.err: ... 18 more
01-12 14:52:26.206 22304 22304 E CustomActivityOnCrash: IMPORTANT WARNING! You
already have an UncaughtExceptionHandler, are you sure this is correct? If you use
a custom UncaughtExceptionHandler, you must initialize it AFTER
CustomActivityOnCrash! Installing anyway, but your original handler will not be
called.
01-12 14:52:26.235 22304 22314 E : [ZeroHung]zrhung_get_config: Get config
failed for wp[0x0008]
01-12 14:52:26.247 22304 22325 E AwareLog: AtomicFileUtils: readFileLines file not
exist: android.util.AtomicFile@83669ba
01-12 14:52:26.252 22304 22325 E AwareLog: AtomicFileUtils: readFileLines file not
exist: android.util.AtomicFile@33de06b
01-12 14:52:26.308 22304 22324 W LibraryVersion: Failed to get app version for
libraryName: firebase-iid
01-12 14:52:26.382 22304 22314 E : [ZeroHung]zrhung_get_config: Get config
failed for wp[0x0008]
01-12 14:52:26.525 22304 22314 E : [ZeroHung]zrhung_get_config: Get config
failed for wp[0x0008]
01-12 14:52:26.581 22304 22304 W linker : Warning:
"/data/data/com.mbwhatsapp/files/decompressed/libs.spk.zst/libc++_shared.so" unused
DT entry: unknown processor-specific (type 0x70000001 arg 0x0) (ignoring)
01-12 14:52:26.633 22304 22314 E : [ZeroHung]zrhung_get_config: Get config
failed for wp[0x0008]
01-12 14:52:26.734 22304 22318 E MemoryLeakMonitorManager: MemoryLeakMonitor.jar is
not exist!
01-12 14:52:26.843 22304 22361 W com.mbwhatsapp: Class X.2rL failed lock
verification and will run slower.
01-12 14:52:26.844 22304 22361 W com.mbwhatsapp: Common causes for lock
verification issues are non-optimized dex code
01-12 14:52:26.844 22304 22361 W com.mbwhatsapp: and incorrect proguard
optimizations.
01-12 14:52:27.008 22304 22314 E : [ZeroHung]zrhung_get_config: Get config
failed for wp[0x0008]
01-12 14:52:27.163 22304 22314 E : [ZeroHung]zrhung_get_config: Get config
failed for wp[0x0008]
01-12 14:52:27.455 22304 22314 E : [ZeroHung]zrhung_get_config: Get config
failed for wp[0x0008]
01-12 14:52:27.660 22304 22314 E : [ZeroHung]zrhung_get_config: Get config
failed for wp[0x0008]
01-12 14:52:31.135 22304 22314 E : [ZeroHung]zrhung_get_config: Get config
failed for wp[0x0008]
01-12 14:53:25.935 22304 22304 W ActivityThread: handleWindowVisibility: no
activity for token android.os.BinderProxy@312cc33
01-12 14:53:25.948 22304 22518 E : [ZeroHung]zrhung_get_config: Get config
failed for wp[0x0102]
01-12 14:53:25.948 22304 22518 W ZrHung.AppEyeUiProbe: Failed to get config from
zrhung
01-12 14:53:26.072 22304 22304 W com.mbwhatsapp: Class X.0eU failed lock
verification and will run slower.
01-12 14:53:26.087 22304 22304 W com.mbwhatsapp: Accessing hidden method
Landroid/content/res/Resources$Theme;->rebase()V (dark greylist, reflection)
01-12 14:53:26.166 22304 22304 W ActivityThread: handleWindowVisibility: no
activity for token android.os.BinderProxy@d66ec49
01-12 14:53:26.178 22304 22314 E : [ZeroHung]zrhung_get_config: Get config
failed for wp[0x0008]
01-12 14:53:26.222 22304 22304 W com.mbwhatsapp: Class com.mbwhatsapp.HomeActivity
failed lock verification and will run slower.
01-12 14:53:26.480 22304 22304 E ArmVmp : Match on catch block at 0x0a in for 0xc1
01-12 14:53:26.497 22304 22304 E ArmVmp : Match on catch block at 0x0a in for
0x135
01-12 14:53:26.589 22304 22314 E : [ZeroHung]zrhung_get_config: Get config
failed for wp[0x0008]
01-12 14:53:26.652 22304 22542 W HiTouch_HiTouchSensor: depended package hiTouch
does n't exist!
01-12 14:53:26.786 22304 22304 W StaticLayout: maxLineHeight should not be -1.
maxLines:1 lineCount:1
01-12 14:53:26.800 22304 22304 W StaticLayout: maxLineHeight should not be -1.
maxLines:1 lineCount:1
01-12 14:53:26.819 22304 22304 W StaticLayout: maxLineHeight should not be -1.
maxLines:1 lineCount:1
01-12 14:53:26.819 22304 22304 W StaticLayout: maxLineHeight should not be -1.
maxLines:1 lineCount:1
01-12 14:53:26.819 22304 22304 W StaticLayout: maxLineHeight should not be -1.
maxLines:1 lineCount:1
01-12 14:53:26.819 22304 22304 W StaticLayout: maxLineHeight should not be -1.
maxLines:1 lineCount:1
01-12 14:53:27.027 22304 22304 E RecyclerView: No adapter attached; skipping layout
01-12 14:53:27.039 22304 22304 E ArmVmp : Match on catch block at 0x0a in for 0xd5
01-12 14:53:27.082 22304 22304 E RecyclerView: No adapter attached; skipping layout
01-12 14:53:27.083 22304 22304 W View : requestLayout() improperly called by
androidx.appcompat.view.menu.ActionMenuItemView{9c62468 VFED..C.. ......ID 291,0-
435,0 #7f0b0f8a app:id/menuitem_search} during layout: running second layout pass
01-12 14:53:27.083 22304 22304 W View : requestLayout() improperly called by
androidx.appcompat.widget.ActionMenuView{8e56081 V.E...... ......ID 420,375-
1131,375} during layout: running second layout pass
01-12 14:53:27.176 22304 22535 W libEGL : EGLNativeWindowType 0x71c6ba1010
disconnect failed
01-12 14:53:27.201 22304 22304 W View : requestLayout() improperly called by
DecorView@5001d12[HomeActivity] during second layout pass: posting in next frame
01-12 14:53:27.250 22304 22561 W LOTTIE : Animation contains merge paths. Merge
paths are only supported on KitKat+ and must be manually enabled by calling
enableMergePathsForKitKatAndAbove().
01-12 14:53:27.339 22304 22304 W InputMethodManager: startInputReason = 1
01-12 14:53:27.349 22304 22304 W LOTTIE : Animation contains merge paths but they
are disabled.
01-12 14:53:27.380 22304 22314 E : [ZeroHung]zrhung_get_config: Get config
failed for wp[0x0008]
01-12 14:53:27.382 22304 22304 E ArmVmp : Match on catch block at 0x5b in for 0x81
01-12 14:53:27.406 22304 22304 W InputMethodManager: startInputReason = 5
01-12 14:53:32.827 22304 22304 W ActivityThread: handleWindowVisibility: no
activity for token android.os.BinderProxy@b640c
01-12 14:53:33.194 22304 22597 W LOTTIE : Unknown shape type rd
01-12 14:53:33.258 22304 22304 E ArmVmp : Match on catch block at 0x0a in for 0xc9
01-12 14:53:33.264 22304 22304 E ArmVmp : Match on catch block at 0x0a in for 0xc1
01-12 14:53:33.381 22304 22314 E : [ZeroHung]zrhung_get_config: Get config
failed for wp[0x0008]
01-12 14:53:33.466 22304 22304 E ArmVmp : Match on catch block at 0xc3 in for 0xb5
01-12 14:53:33.511 22304 22304 E ArmVmp : Match on catch block at 0xc3 in for 0xb1
01-12 14:53:33.522 22304 22304 E ArmVmp : Match on catch block at 0xc3 in for 0xa9
01-12 14:53:33.526 22304 22304 E ArmVmp : Match on catch block at 0xc3 in for 0xa5
01-12 14:53:33.564 22304 22304 E ArmVmp : Match on catch block at 0xc3 in for 0xa1
01-12 14:53:33.568 22304 22304 E ArmVmp : Match on catch block at 0xc3 in for 0xa5
01-12 14:53:33.589 22304 22304 E ArmVmp : Match on catch block at 0xc3 in for 0xa9
01-12 14:53:33.595 22304 22304 E ArmVmp : Match on catch block at 0xc3 in for 0xa1
01-12 14:53:33.630 22304 22304 E ArmVmp : Match on catch block at 0xc3 in for 0xa5
01-12 14:53:33.636 22304 22304 E ArmVmp : Match on catch block at 0xc3 in for 0xa9
01-12 14:53:33.645 22304 22304 W InputMethodManager: startInputReason = 1
01-12 14:53:33.651 22304 22304 E ArmVmp : Match on catch block at 0xc3 in for 0xa9
01-12 14:53:33.654 22304 22304 E ArmVmp : Match on catch block at 0xc3 in for 0xa1
01-12 14:53:33.666 22304 22304 E ArmVmp : Match on catch block at 0xc3 in for 0xa5
01-12 14:53:33.669 22304 22304 E ArmVmp : Match on catch block at 0xc3 in for 0xa9
01-12 14:53:33.680 22304 22304 E ArmVmp : Match on catch block at 0xc3 in for 0xa5
01-12 14:53:33.683 22304 22304 E ArmVmp : Match on catch block at 0xc3 in for 0xa9
01-12 14:53:33.694 22304 22304 E ArmVmp : Match on catch block at 0xc3 in for 0xa9
01-12 14:53:33.702 22304 22304 E ArmVmp : Match on catch block at 0xc3 in for 0xa1
01-12 14:53:33.711 22304 22304 E ArmVmp : Match on catch block at 0xc3 in for 0xa1
01-12 14:53:33.720 22304 22304 E ArmVmp : Match on catch block at 0xc3 in for 0xa5
01-12 14:53:33.788 22304 22535 W libEGL : EGLNativeWindowType 0x71c6ba1010
disconnect failed
01-12 14:53:34.113 22304 22304 E ArmVmp : Match on catch block at 0xc3 in for 0xa5
01-12 14:53:34.133 22304 22304 E ArmVmp : Match on catch block at 0xc3 in for 0xa9
01-12 14:53:34.176 22304 22304 E ArmVmp : Match on catch block at 0xc3 in for 0xa9
01-12 14:53:34.191 22304 22304 E ArmVmp : Match on catch block at 0xc3 in for 0xa1
01-12 14:53:34.211 22304 22304 E ArmVmp : Match on catch block at 0xc3 in for 0xa5
01-12 14:53:34.227 22304 22304 E ArmVmp : Match on catch block at 0xc3 in for 0xa9
01-12 14:53:34.254 22304 22304 E ArmVmp : Match on catch block at 0xc3 in for 0xa1
01-12 14:53:34.271 22304 22304 E ArmVmp : Match on catch block at 0xc3 in for 0xa5
01-12 14:53:34.303 22304 22304 E ArmVmp : Match on catch block at 0xc3 in for 0xa9
01-12 14:53:34.318 22304 22304 E ArmVmp : Match on catch block at 0xc3 in for 0xa1
01-12 14:53:34.337 22304 22304 E ArmVmp : Match on catch block at 0xc3 in for 0xa5
01-12 14:53:34.350 22304 22304 E ArmVmp : Match on catch block at 0xc3 in for 0xa9
01-12 14:53:34.377 22304 22304 E ArmVmp : Match on catch block at 0xc3 in for 0xa1
01-12 14:53:34.395 22304 22304 E ArmVmp : Match on catch block at 0xc3 in for 0xa5
01-12 14:53:34.426 22304 22304 E ArmVmp : Match on catch block at 0xc3 in for 0xa9
01-12 14:53:34.441 22304 22304 E ArmVmp : Match on catch block at 0xc3 in for 0xa1
01-12 14:53:34.456 22304 22304 E ArmVmp : Match on catch block at 0xc3 in for 0xa5
01-12 14:53:34.466 22304 22304 E ArmVmp : Match on catch block at 0xc3 in for 0xa9
01-12 14:53:34.485 22304 22304 E ArmVmp : Match on catch block at 0xc3 in for 0xa1
01-12 14:53:34.498 22304 22304 E ArmVmp : Match on catch block at 0xc3 in for 0xa5
01-12 14:53:34.524 22304 22304 E ArmVmp : Match on catch block at 0xc3 in for 0xa1
01-12 14:53:34.533 22304 22304 E ArmVmp : Match on catch block at 0xc3 in for 0xa5
01-12 14:53:34.670 22304 22304 E ArmVmp : Match on catch block at 0xc3 in for 0xa5
01-12 14:53:34.682 22304 22304 E ArmVmp : Match on catch block at 0xc3 in for 0xa9
01-12 14:53:34.928 22304 22304 E ArmVmp : Match on catch block at 0xc3 in for 0xa5
01-12 14:53:34.933 22304 22304 E ArmVmp : Match on catch block at 0xc3 in for 0xa9
01-12 14:53:34.942 22304 22304 W InputMethodManager: startInputReason = 1
01-12 14:53:34.968 22304 22304 W IInputConnectionWrapper: requestCursorAnchorInfo
on inactive InputConnection
01-12 14:53:35.197 22304 22535 W libEGL : EGLNativeWindowType 0x71b832b010
disconnect failed
01-12 14:53:35.202 22304 22304 E ArmVmp : Match on catch block at 0xc3 in for 0xa5
01-12 14:53:35.207 22304 22304 E ArmVmp : Match on catch block at 0xc3 in for 0xa9
01-12 14:53:39.857 22304 22304 W InputMethodManager: startInputReason = 1
01-12 14:53:40.861 22304 22535 W libEGL : EGLNativeWindowType 0x71c84c9010
disconnect failed
01-12 14:53:40.887 22304 22304 W InputEventReceiver: Attempted to finish an input
event but the input event receiver has already been disposed.
01-12 14:53:40.896 22304 22304 W InputMethodManager: startInputReason = 1
01-12 14:53:42.524 22304 22304 W InputMethodManager: startInputReason = 1
01-12 14:53:44.147 22304 22535 W libEGL : EGLNativeWindowType 0x71c84c9010
disconnect failed
01-12 14:53:44.169 22304 22304 W InputEventReceiver: Attempted to finish an input
event but the input event receiver has already been disposed.
01-12 14:53:44.183 22304 22304 W InputMethodManager: startInputReason = 1
01-12 14:53:44.809 22304 22304 E ArmVmp : Match on catch block at 0x0a in for
0x175
01-12 14:53:44.830 22304 22775 W HiTouch_HiTouchSensor: depended package hiTouch
does n't exist!
01-12 14:53:45.080 22304 22304 W InputMethodManager: startInputReason = 1
01-12 14:53:45.753 22304 22535 W libEGL : EGLNativeWindowType 0x71c440e010
disconnect failed
01-12 14:53:45.822 22304 22304 W InputMethodManager: startInputReason = 1
01-12 14:53:45.839 22304 22304 W ActivityThread: handleWindowVisibility: no
activity for token android.os.BinderProxy@ed2c8ac
01-12 14:53:45.954 22304 22782 W HiTouch_HiTouchSensor: depended package hiTouch
does n't exist!
01-12 14:53:45.972 22304 22304 W StaticLayout: maxLineHeight should not be -1.
maxLines:1 lineCount:1
01-12 14:53:46.009 22304 22304 W View : requestLayout() improperly called by
androidx.appcompat.view.menu.ActionMenuItemView{4bab372 VFED..C.. ......ID 0,12-
144,156 #7f0b0f8a app:id/menuitem_search} during layout: running second layout pass
01-12 14:53:46.009 22304 22304 W View : requestLayout() improperly called by
androidx.appcompat.widget.ActionMenuView{25753c3 V.E...... ......ID 816,0-1080,168}
during layout: running second layout pass
01-12 14:53:46.011 22304 22304 W InputMethodManager: startInputReason = 1
01-12 14:53:46.060 22304 22314 E : [ZeroHung]zrhung_get_config: Get config
failed for wp[0x0008]
01-12 14:53:46.258 22304 22535 W libEGL : EGLNativeWindowType 0x718a48b010
disconnect failed
01-12 14:53:46.883 22304 22304 W ActivityThread: handleWindowVisibility: no
activity for token android.os.BinderProxy@9811054
01-12 14:53:47.006 22304 22304 E ArmVmp : Match on catch block at 0x0a in for 0xc9
01-12 14:53:47.008 22304 22304 E ArmVmp : Match on catch block at 0x0a in for 0xc5
01-12 14:53:47.034 22304 22785 W HiTouch_HiTouchSensor: depended package hiTouch
does n't exist!
01-12 14:53:47.092 22304 22304 E ArmVmp : Match on catch block at 0xc3 in for 0xb5
01-12 14:53:47.131 22304 22304 E ArmVmp : Match on catch block at 0xc3 in for 0xb5
01-12 14:53:47.142 22304 22304 E ArmVmp : Match on catch block at 0xc3 in for 0xa5
01-12 14:53:47.148 22304 22304 E ArmVmp : Match on catch block at 0xc3 in for 0xa9
01-12 14:53:47.192 22304 22304 E ArmVmp : Match on catch block at 0xc3 in for 0xa1
01-12 14:53:47.195 22304 22304 E ArmVmp : Match on catch block at 0xc3 in for 0xa5
01-12 14:53:47.215 22304 22304 W InputMethodManager: startInputReason = 1
01-12 14:53:47.226 22304 22304 E ArmVmp : Match on catch block at 0xc3 in for 0xa9
01-12 14:53:47.231 22304 22304 E ArmVmp : Match on catch block at 0xc3 in for 0xa1
01-12 14:53:47.249 22304 22535 W libEGL : EGLNativeWindowType 0x71c45ed010
disconnect failed
01-12 14:53:47.254 22304 22304 E ArmVmp : Match on catch block at 0xc3 in for 0xa5
01-12 14:53:47.260 22304 22304 E ArmVmp : Match on catch block at 0xc3 in for 0xa9
01-12 14:53:47.278 22304 22304 E ArmVmp : Match on catch block at 0xc3 in for 0xa9
01-12 14:53:47.282 22304 22304 E ArmVmp : Match on catch block at 0xc3 in for 0xa1
01-12 14:53:47.292 22304 22304 E ArmVmp : Match on catch block at 0xc3 in for 0xa1
01-12 14:53:47.297 22304 22304 E ArmVmp : Match on catch block at 0xc3 in for 0xa5
01-12 14:53:47.309 22304 22304 E ArmVmp : Match on catch block at 0xc3 in for 0xa5
01-12 14:53:47.314 22304 22304 E ArmVmp : Match on catch block at 0xc3 in for 0xa9
01-12 14:53:47.325 22304 22304 E ArmVmp : Match on catch block at 0xc3 in for 0xa9
01-12 14:53:47.328 22304 22304 E ArmVmp : Match on catch block at 0xc3 in for 0xa1
01-12 14:53:47.377 22304 22304 E ArmVmp : Match on catch block at 0xc3 in for 0xa1
01-12 14:53:47.381 22304 22304 E ArmVmp : Match on catch block at 0xc3 in for 0xa5
01-12 14:53:47.391 22304 22304 E ArmVmp : Match on catch block at 0xc3 in for 0xa5
01-12 14:53:47.395 22304 22304 E ArmVmp : Match on catch block at 0xc3 in for 0xa9
01-12 14:53:47.410 22304 22535 W libEGL : EGLNativeWindowType 0x71ac5e4010
disconnect failed
01-12 14:53:47.724 22304 22304 E ArmVmp : Match on catch block at 0xc3 in for 0xa9
01-12 14:53:47.744 22304 22304 E ArmVmp : Match on catch block at 0xc3 in for 0xa1
01-12 14:53:47.840 22304 22304 E ArmVmp : Match on catch block at 0xc3 in for 0xa1
01-12 14:53:47.859 22304 22304 E ArmVmp : Match on catch block at 0xc3 in for 0xa5
01-12 14:53:47.889 22304 22304 E ArmVmp : Match on catch block at 0xc3 in for 0xa5
01-12 14:53:47.906 22304 22304 E ArmVmp : Match on catch block at 0xc3 in for 0xa9
01-12 14:53:47.940 22304 22304 E ArmVmp : Match on catch block at 0xc3 in for 0xa9
01-12 14:53:47.955 22304 22304 E ArmVmp : Match on catch block at 0xc3 in for 0xa1
01-12 14:53:47.988 22304 22304 E ArmVmp : Match on catch block at 0xc3 in for 0xa1
01-12 14:53:48.033 22304 22304 E ArmVmp : Match on catch block at 0xc3 in for 0xa5
01-12 14:53:48.059 22304 22304 E ArmVmp : Match on catch block at 0xc3 in for 0xa5
01-12 14:53:48.072 22304 22304 E ArmVmp : Match on catch block at 0xc3 in for 0xa9
01-12 14:53:48.103 22304 22304 E ArmVmp : Match on catch block at 0xc3 in for 0xa9
01-12 14:53:48.115 22304 22304 E ArmVmp : Match on catch block at 0xc3 in for 0xa1
01-12 14:53:48.154 22304 22304 E ArmVmp : Match on catch block at 0xc3 in for 0xa1
01-12 14:53:48.168 22304 22304 E ArmVmp : Match on catch block at 0xc3 in for 0xa5
01-12 14:53:48.241 22304 22304 E ArmVmp : Match on catch block at 0xc3 in for 0xa5
01-12 14:53:48.249 22304 22304 E ArmVmp : Match on catch block at 0xc3 in for 0xa9
01-12 14:53:48.733 22304 22304 E ArmVmp : Match on catch block at 0xc3 in for 0xa9
01-12 14:53:48.762 22304 22304 E ArmVmp : Match on catch block at 0xc3 in for 0xa1
01-12 14:53:48.981 22304 22304 E ArmVmp : Match on catch block at 0xc3 in for 0xa1
01-12 14:53:49.007 22304 22304 E ArmVmp : Match on catch block at 0xc3 in for 0xa5
01-12 14:53:49.039 22304 22304 E ArmVmp : Match on catch block at 0xc3 in for 0xa5
01-12 14:53:49.053 22304 22304 E ArmVmp : Match on catch block at 0xc3 in for 0xa9
01-12 14:53:49.078 22304 22304 E ArmVmp : Match on catch block at 0xc3 in for 0xa9
01-12 14:53:49.098 22304 22304 E ArmVmp : Match on catch block at 0xc3 in for 0xa1
01-12 14:53:49.124 22304 22304 E ArmVmp : Match on catch block at 0xc3 in for 0xa1
01-12 14:53:49.146 22304 22304 E ArmVmp : Match on catch block at 0xc3 in for 0xa5
01-12 14:53:49.183 22304 22304 E ArmVmp : Match on catch block at 0xc3 in for 0xa9
01-12 14:53:49.199 22304 22304 E ArmVmp : Match on catch block at 0xc3 in for 0xa1
01-12 14:53:49.244 22304 22304 E ArmVmp : Match on catch block at 0xc3 in for 0xa1
01-12 14:53:49.266 22304 22304 E ArmVmp : Match on catch block at 0xc3 in for 0xa5
01-12 14:53:49.292 22304 22304 E ArmVmp : Match on catch block at 0xc3 in for 0xa9
01-12 14:53:49.307 22304 22304 E ArmVmp : Match on catch block at 0xc3 in for 0xa1
01-12 14:53:49.350 22304 22304 E ArmVmp : Match on catch block at 0xc3 in for 0xa1
01-12 14:53:49.369 22304 22304 E ArmVmp : Match on catch block at 0xc3 in for 0xa5
01-12 14:53:49.393 22304 22304 E ArmVmp : Match on catch block at 0xc3 in for 0xa5
01-12 14:53:49.403 22304 22304 E ArmVmp : Match on catch block at 0xc3 in for 0xa9
01-12 14:53:49.658 22304 22304 E ArmVmp : Match on catch block at 0xc3 in for 0xa9
01-12 14:53:49.683 22304 22304 E ArmVmp : Match on catch block at 0xc3 in for 0xa1
01-12 14:53:49.722 22304 22304 E ArmVmp : Match on catch block at 0xc3 in for 0xa9
01-12 14:53:49.739 22304 22304 E ArmVmp : Match on catch block at 0xc3 in for 0xa1
01-12 14:53:49.803 22304 22304 E ArmVmp : Match on catch block at 0xc3 in for 0xa1
01-12 14:53:49.828 22304 22304 E ArmVmp : Match on catch block at 0xc3 in for 0xa5
01-12 14:53:50.301 22304 22304 E ArmVmp : Match on catch block at 0xc3 in for 0xa1
01-12 14:53:50.329 22304 22304 E ArmVmp : Match on catch block at 0xc3 in for 0xa5
01-12 14:53:50.814 22304 22304 E ArmVmp : Match on catch block at 0xc3 in for 0xa5
01-12 14:53:50.841 22304 22304 E ArmVmp : Match on catch block at 0xc3 in for 0xa9
01-12 14:53:51.193 22304 22304 E ArmVmp : Match on catch block at 0xc3 in for 0xa9
01-12 14:53:51.219 22304 22304 E ArmVmp : Match on catch block at 0xc3 in for 0xa1
01-12 14:53:51.253 22304 22304 E ArmVmp : Match on catch block at 0xc3 in for 0xa1
01-12 14:53:51.280 22304 22304 E ArmVmp : Match on catch block at 0xc3 in for 0xa5
01-12 14:53:51.309 22304 22304 E ArmVmp : Match on catch block at 0xc3 in for 0xa5
01-12 14:53:51.329 22304 22304 E ArmVmp : Match on catch block at 0xc3 in for 0xa9
01-12 14:53:51.357 22304 22304 E ArmVmp : Match on catch block at 0xc3 in for 0xa9
01-12 14:53:51.379 22304 22304 E ArmVmp : Match on catch block at 0xc3 in for 0xa1
01-12 14:53:51.396 22304 22304 E ArmVmp : Match on catch block at 0xc3 in for 0xa1
01-12 14:53:51.415 22304 22304 E ArmVmp : Match on catch block at 0xc3 in for 0xa5
01-12 14:53:51.440 22304 22304 E ArmVmp : Match on catch block at 0xc3 in for 0xa5
01-12 14:53:51.458 22304 22304 E ArmVmp : Match on catch block at 0xc3 in for 0xa9
01-12 14:53:51.868 22304 22304 E ArmVmp : Match on catch block at 0xc3 in for 0xa9
01-12 14:53:51.894 22304 22304 E ArmVmp : Match on catch block at 0xc3 in for 0xa1
01-12 14:53:52.380 22304 22304 E ArmVmp : Match on catch block at 0xc3 in for 0xa1
01-12 14:53:52.407 22304 22304 E ArmVmp : Match on catch block at 0xc3 in for 0xa5
01-12 14:53:52.875 22304 22304 E ArmVmp : Match on catch block at 0xc3 in for 0xa5
01-12 14:53:52.902 22304 22304 E ArmVmp : Match on catch block at 0xc3 in for 0xa9
01-12 14:53:53.366 22304 22304 E ArmVmp : Match on catch block at 0xc3 in for 0xa9
01-12 14:53:53.388 22304 22304 E ArmVmp : Match on catch block at 0xc3 in for 0xa1
01-12 14:53:53.881 22304 22304 E ArmVmp : Match on catch block at 0xc3 in for 0xa1
01-12 14:53:53.909 22304 22304 E ArmVmp : Match on catch block at 0xc3 in for 0xa5
01-12 14:53:54.375 22304 22304 E ArmVmp : Match on catch block at 0xc3 in for 0xa5
01-12 14:53:54.402 22304 22304 E ArmVmp : Match on catch block at 0xc3 in for 0xa9
01-12 14:53:54.888 22304 22304 E ArmVmp : Match on catch block at 0xc3 in for 0xa9
01-12 14:53:54.913 22304 22304 E ArmVmp : Match on catch block at 0xc3 in for 0xa1
01-12 14:53:55.380 22304 22304 E ArmVmp : Match on catch block at 0xc3 in for 0xa1
01-12 14:53:55.412 22304 22304 E ArmVmp : Match on catch block at 0xc3 in for 0xa5
01-12 14:53:55.490 22304 22304 E ArmVmp : Match on catch block at 0xc3 in for 0xa1
01-12 14:53:55.502 22304 22304 E ArmVmp : Match on catch block at 0xc3 in for 0xa5
01-12 14:53:55.533 22304 22304 E ArmVmp : Match on catch block at 0xc3 in for 0xa5
01-12 14:53:55.552 22304 22304 E ArmVmp : Match on catch block at 0xc3 in for 0xa9
01-12 14:53:55.577 22304 22304 E ArmVmp : Match on catch block at 0xc3 in for 0xa9
01-12 14:53:55.595 22304 22304 E ArmVmp : Match on catch block at 0xc3 in for 0xa1
01-12 14:53:55.626 22304 22304 E ArmVmp : Match on catch block at 0xc3 in for 0xa1
01-12 14:53:55.644 22304 22304 E ArmVmp : Match on catch block at 0xc3 in for 0xa5
01-12 14:53:55.687 22304 22304 E ArmVmp : Match on catch block at 0xc3 in for 0xa9
01-12 14:53:55.706 22304 22304 E ArmVmp : Match on catch block at 0xc3 in for 0xa1
01-12 14:53:55.742 22304 22304 E ArmVmp : Match on catch block at 0xc3 in for 0xa1
01-12 14:53:55.761 22304 22304 E ArmVmp : Match on catch block at 0xc3 in for 0xa5
01-12 14:53:55.791 22304 22304 E ArmVmp : Match on catch block at 0xc3 in for 0xa5
01-12 14:53:55.811 22304 22304 E ArmVmp : Match on catch block at 0xc3 in for 0xa9
01-12 14:53:55.861 22304 22304 E ArmVmp : Match on catch block at 0xc3 in for 0xa1
01-12 14:53:55.885 22304 22304 E ArmVmp : Match on catch block at 0xc3 in for 0xa5
01-12 14:53:55.957 22304 22304 E ArmVmp : Match on catch block at 0xc3 in for 0xa9
01-12 14:53:55.976 22304 22304 E ArmVmp : Match on catch block at 0xc3 in for 0xa1
01-12 14:53:56.159 22304 22304 E ArmVmp : Match on catch block at 0xc3 in for 0xa5
01-12 14:53:56.178 22304 22304 E ArmVmp : Match on catch block at 0xc3 in for 0xa9
01-12 14:53:56.650 22304 22304 E ArmVmp : Match on catch block at 0xc3 in for 0xa9
01-12 14:53:56.671 22304 22304 E ArmVmp : Match on catch block at 0xc3 in for 0xa1
01-12 14:53:56.866 22304 22304 E ArmVmp : Match on catch block at 0xc3 in for 0xa5
01-12 14:53:56.888 22304 22304 E ArmVmp : Match on catch block at 0xc3 in for 0xa9
01-12 14:53:56.923 22304 22304 W InputMethodManager: startInputReason = 3
01-12 14:53:56.965 22304 22304 E ArmVmp : Match on catch block at 0xc3 in for 0xa1
01-12 14:53:56.984 22304 22304 E ArmVmp : Match on catch block at 0xc3 in for 0xa5
01-12 14:53:57.061 22304 22304 E ArmVmp : Match on catch block at 0xc3 in for 0xa9
01-12 14:53:57.073 22304 22304 E ArmVmp : Match on catch block at 0xc3 in for 0xa1
01-12 14:53:57.103 22304 22304 E ArmVmp : Match on catch block at 0xc3 in for 0xa1
01-12 14:53:57.115 22304 22304 E ArmVmp : Match on catch block at 0xc3 in for 0xa5
01-12 14:53:57.190 22304 22304 E ArmVmp : Match on catch block at 0xc3 in for 0xa1
01-12 14:53:57.199 22304 22304 E ArmVmp : Match on catch block at 0xc3 in for 0xa5
01-12 14:53:57.248 22304 22304 E ArmVmp : Match on catch block at 0xc3 in for 0xa5
01-12 14:53:57.260 22304 22304 E ArmVmp : Match on catch block at 0xc3 in for 0xa9
01-12 14:53:57.285 22304 22304 E ArmVmp : Match on catch block at 0xc3 in for 0xa9
01-12 14:53:57.296 22304 22304 E ArmVmp : Match on catch block at 0xc3 in for 0xa1
01-12 14:53:57.346 22304 22304 E ArmVmp : Match on catch block at 0xc3 in for 0xa5
01-12 14:53:57.361 22304 22304 E ArmVmp : Match on catch block at 0xc3 in for 0xa9
01-12 14:53:57.383 22304 22304 E ArmVmp : Match on catch block at 0xc3 in for 0xa9
01-12 14:53:57.395 22304 22304 E ArmVmp : Match on catch block at 0xc3 in for 0xa1
01-12 14:53:57.458 22304 22304 E ArmVmp : Match on catch block at 0xc3 in for 0xa1
01-12 14:53:57.478 22304 22304 E ArmVmp : Match on catch block at 0xc3 in for 0xa5
01-12 14:53:57.956 22304 22304 E ArmVmp : Match on catch block at 0xc3 in for 0xa5
01-12 14:53:57.982 22304 22304 E ArmVmp : Match on catch block at 0xc3 in for 0xa9
01-12 14:53:58.448 22304 22304 E ArmVmp : Match on catch block at 0xc3 in for 0xa9
01-12 14:53:58.470 22304 22304 E ArmVmp : Match on catch block at 0xc3 in for 0xa1
01-12 14:53:58.961 22304 22304 E ArmVmp : Match on catch block at 0xc3 in for 0xa1
01-12 14:53:58.990 22304 22304 E ArmVmp : Match on catch block at 0xc3 in for 0xa5
01-12 14:53:59.026 22304 22304 E ArmVmp : Match on catch block at 0xc3 in for 0xa5
01-12 14:53:59.050 22304 22304 E ArmVmp : Match on catch block at 0xc3 in for 0xa9
01-12 14:53:59.075 22304 22304 E ArmVmp : Match on catch block at 0xc3 in for 0xa9
01-12 14:53:59.095 22304 22304 E ArmVmp : Match on catch block at 0xc3 in for 0xa1
01-12 14:53:59.120 22304 22304 E ArmVmp : Match on catch block at 0xc3 in for 0xa1
01-12 14:53:59.140 22304 22304 E ArmVmp : Match on catch block at 0xc3 in for 0xa5
01-12 14:53:59.161 22304 22304 E ArmVmp : Match on catch block at 0xc3 in for 0xa5
01-12 14:53:59.177 22304 22304 E ArmVmp : Match on catch block at 0xc3 in for 0xa9
01-12 14:53:59.199 22304 22304 E ArmVmp : Match on catch block at 0xc3 in for 0xa9
01-12 14:53:59.221 22304 22304 E ArmVmp : Match on catch block at 0xc3 in for 0xa1
01-12 14:53:59.246 22304 22304 E ArmVmp : Match on catch block at 0xc3 in for 0xa1
01-12 14:53:59.264 22304 22304 E ArmVmp : Match on catch block at 0xc3 in for 0xa5
01-12 14:53:59.471 22304 22304 E ArmVmp : Match on catch block at 0xc3 in for 0xa1
01-12 14:53:59.480 22304 22304 E ArmVmp : Match on catch block at 0xc3 in for 0xa5
01-12 14:53:59.537 22304 22304 E ArmVmp : Match on catch block at 0xc3 in for 0xa5
01-12 14:53:59.552 22304 22304 E ArmVmp : Match on catch block at 0xc3 in for 0xa9
01-12 14:54:00.066 22304 22304 W InputMethodManager: startInputReason = 1
01-12 14:54:00.118 22304 22304 E ArmVmp : Match on catch block at 0xc3 in for 0xa9
01-12 14:54:00.140 22304 22304 E ArmVmp : Match on catch block at 0xc3 in for 0xa1
01-12 14:54:00.155 22304 22304 W IInputConnectionWrapper: requestCursorAnchorInfo
on inactive InputConnection
01-12 14:54:00.212 22304 22304 E ArmVmp : Match on catch block at 0xc3 in for 0xa1
01-12 14:54:00.223 22304 22304 E ArmVmp : Match on catch block at 0xc3 in for 0xa5
01-12 14:54:04.950 22304 22535 W libEGL : EGLNativeWindowType 0x71af823010
disconnect failed
01-12 14:54:04.979 22304 22304 W InputEventReceiver: Attempted to finish an input
event but the input event receiver has already been disposed.
01-12 14:54:04.992 22304 22304 W InputMethodManager: startInputReason = 1
01-12 14:54:05.019 22304 22304 E ArmVmp : Match on catch block at 0xc3 in for 0xa1
01-12 14:54:05.040 22304 22304 E ArmVmp : Match on catch block at 0xc3 in for 0xa5
01-12 14:54:05.493 22304 22304 E ArmVmp : Match on catch block at 0xc3 in for 0xa9
01-12 14:54:05.513 22304 22304 E ArmVmp : Match on catch block at 0xc3 in for 0xa1
01-12 14:54:05.775 22304 22304 E ArmVmp : Match on catch block at 0xc3 in for 0xa1
01-12 14:54:05.797 22304 22304 E ArmVmp : Match on catch block at 0xc3 in for 0xa5
01-12 14:54:05.880 22304 22304 E ArmVmp : Match on catch block at 0xc3 in for 0xa5
01-12 14:54:05.895 22304 22304 E ArmVmp : Match on catch block at 0xc3 in for 0xa9
01-12 14:54:06.021 22304 22304 E ArmVmp : Match on catch block at 0xc3 in for 0xa9
01-12 14:54:06.040 22304 22304 E ArmVmp : Match on catch block at 0xc3 in for 0xa1
01-12 14:54:06.078 22304 22304 E ArmVmp : Match on catch block at 0xc3 in for 0xa9
01-12 14:54:06.097 22304 22304 E ArmVmp : Match on catch block at 0xc3 in for 0xa1
01-12 14:54:06.334 22304 22304 E ArmVmp : Match on catch block at 0xc3 in for 0xa1
01-12 14:54:06.354 22304 22304 E ArmVmp : Match on catch block at 0xc3 in for 0xa5
01-12 14:54:06.814 22304 22304 E ArmVmp : Match on catch block at 0xc3 in for 0xa9
01-12 14:54:06.834 22304 22304 E ArmVmp : Match on catch block at 0xc3 in for 0xa1
01-12 14:54:06.870 22304 22535 W libEGL : EGLNativeWindowType 0x71af823010
disconnect failed
01-12 14:54:06.917 22304 22304 E ArmVmp : Match on catch block at 0xc3 in for 0xa1
01-12 14:54:06.947 22304 22304 E ArmVmp : Match on catch block at 0xc3 in for 0xa5
01-12 14:54:06.981 22304 22304 E ArmVmp : Match on catch block at 0xc3 in for 0xa5
01-12 14:54:06.997 22304 22304 E ArmVmp : Match on catch block at 0xc3 in for 0xa9
01-12 14:54:07.064 22304 22304 E ArmVmp : Match on catch block at 0xc3 in for 0xa9
01-12 14:54:07.084 22304 22304 E ArmVmp : Match on catch block at 0xc3 in for 0xa1
01-12 14:54:07.130 22304 22304 E ArmVmp : Match on catch block at 0xc3 in for 0xa1
01-12 14:54:07.154 22304 22304 E ArmVmp : Match on catch block at 0xc3 in for 0xa5
01-12 14:54:07.224 22304 22304 E ArmVmp : Match on catch block at 0xc3 in for 0xa5
01-12 14:54:07.241 22304 22304 E ArmVmp : Match on catch block at 0xc3 in for 0xa9
01-12 14:54:07.279 22304 22304 E ArmVmp : Match on catch block at 0xc3 in for 0xa5
01-12 14:54:07.304 22304 22304 E ArmVmp : Match on catch block at 0xc3 in for 0xa9
01-12 14:54:07.364 22304 22304 E ArmVmp : Match on catch block at 0xc3 in for 0xa9
01-12 14:54:07.386 22304 22304 E ArmVmp : Match on catch block at 0xc3 in for 0xa1
01-12 14:54:07.426 22304 22304 E ArmVmp : Match on catch block at 0xc3 in for 0xa1
01-12 14:54:07.448 22304 22304 E ArmVmp : Match on catch block at 0xc3 in for 0xa5
01-12 14:54:07.489 22304 22304 E ArmVmp : Match on catch block at 0xc3 in for 0xa5
01-12 14:54:07.508 22304 22304 E ArmVmp : Match on catch block at 0xc3 in for 0xa9
01-12 14:54:07.659 22304 22304 E ArmVmp : Match on catch block at 0xc3 in for 0xa9
01-12 14:54:07.678 22304 22304 E ArmVmp : Match on catch block at 0xc3 in for 0xa1
01-12 14:54:08.520 22304 22304 E ArmVmp : Match on catch block at 0xc3 in for 0xa1
01-12 14:54:08.544 22304 22304 E ArmVmp : Match on catch block at 0xc3 in for 0xa5
01-12 14:54:08.629 22304 22304 E ArmVmp : Match on catch block at 0xc3 in for 0xa1
01-12 14:54:08.637 22304 22304 E ArmVmp : Match on catch block at 0xc3 in for 0xa5
01-12 14:54:08.748 22304 22304 E ArmVmp : Match on catch block at 0xc3 in for 0xa9
01-12 14:54:08.769 22304 22304 E ArmVmp : Match on catch block at 0xc3 in for 0xa1
01-12 14:54:08.849 22304 22304 E ArmVmp : Match on catch block at 0xc3 in for 0xa5
01-12 14:54:08.861 22304 22304 E ArmVmp : Match on catch block at 0xc3 in for 0xa9
01-12 14:54:08.893 22304 22304 E ArmVmp : Match on catch block at 0xc3 in for 0xa1
01-12 14:54:08.912 22304 22304 E ArmVmp : Match on catch block at 0xc3 in for 0xa5
01-12 14:54:08.949 22304 22304 E ArmVmp : Match on catch block at 0xc3 in for 0xa9
01-12 14:54:08.964 22304 22304 E ArmVmp : Match on catch block at 0xc3 in for 0xa1
01-12 14:54:09.013 22304 22304 E ArmVmp : Match on catch block at 0xc3 in for 0xa9
01-12 14:54:09.029 22304 22304 E ArmVmp : Match on catch block at 0xc3 in for 0xa1
01-12 14:54:09.120 22304 22304 E ArmVmp : Match on catch block at 0xc3 in for 0xa9
01-12 14:54:09.133 22304 22304 E ArmVmp : Match on catch block at 0xc3 in for 0xa1
01-12 14:54:09.161 22304 22304 E ArmVmp : Match on catch block at 0xc3 in for 0xa5
01-12 14:54:09.176 22304 22304 E ArmVmp : Match on catch block at 0xc3 in for 0xa9
01-12 14:54:09.665 22304 22304 E ArmVmp : Match on catch block at 0xc3 in for 0xa9
01-12 14:54:09.683 22304 22304 E ArmVmp : Match on catch block at 0xc3 in for 0xa1
01-12 14:54:10.181 22304 22304 E ArmVmp : Match on catch block at 0xc3 in for 0xa1
01-12 14:54:10.206 22304 22304 E ArmVmp : Match on catch block at 0xc3 in for 0xa5
01-12 14:54:10.490 22304 22535 W libEGL : EGLNativeWindowType 0x71af434010
disconnect failed
01-12 14:54:10.515 22304 22304 W InputEventReceiver: Attempted to finish an input
event but the input event receiver has already been disposed.
01-12 14:54:10.623 22304 22304 E ArmVmp : Match on catch block at 0xc3 in for 0xa9
01-12 14:54:10.648 22304 22304 E ArmVmp : Match on catch block at 0xc3 in for 0xa1
01-12 14:54:10.673 22304 22304 E ArmVmp : Match on catch block at 0xc3 in for 0xa1
01-12 14:54:10.693 22304 22304 E ArmVmp : Match on catch block at 0xc3 in for 0xa5
01-12 14:54:10.716 22304 22304 E ArmVmp : Match on catch block at 0xc3 in for 0xa5
01-12 14:54:10.735 22304 22304 E ArmVmp : Match on catch block at 0xc3 in for 0xa9
01-12 14:54:10.756 22304 22304 E ArmVmp : Match on catch block at 0xc3 in for 0xa9
01-12 14:54:10.774 22304 22304 E ArmVmp : Match on catch block at 0xc3 in for 0xa1
01-12 14:54:10.797 22304 22304 E ArmVmp : Match on catch block at 0xc3 in for 0xa1
01-12 14:54:10.814 22304 22304 E ArmVmp : Match on catch block at 0xc3 in for 0xa5
01-12 14:54:10.836 22304 22304 E ArmVmp : Match on catch block at 0xc3 in for 0xa5
01-12 14:54:10.851 22304 22304 E ArmVmp : Match on catch block at 0xc3 in for 0xa9
01-12 14:54:10.874 22304 22304 E ArmVmp : Match on catch block at 0xc3 in for 0xa9
01-12 14:54:10.893 22304 22304 E ArmVmp : Match on catch block at 0xc3 in for 0xa1
01-12 14:54:11.233 22304 22304 E ArmVmp : Match on catch block at 0xc3 in for 0xa1
01-12 14:54:11.251 22304 22304 E ArmVmp : Match on catch block at 0xc3 in for 0xa5
01-12 14:54:11.731 22304 22304 E ArmVmp : Match on catch block at 0xc3 in for 0xa9
01-12 14:54:11.753 22304 22304 E ArmVmp : Match on catch block at 0xc3 in for 0xa1
01-12 14:54:12.133 22304 22304 E ArmVmp : Match on catch block at 0xc3 in for 0xa9
01-12 14:54:12.152 22304 22304 E ArmVmp : Match on catch block at 0xc3 in for 0xa1
01-12 14:54:12.183 22304 22304 E ArmVmp : Match on catch block at 0xc3 in for 0xa1
01-12 14:54:12.199 22304 22304 E ArmVmp : Match on catch block at 0xc3 in for 0xa5
01-12 14:54:12.221 22304 22304 E ArmVmp : Match on catch block at 0xc3 in for 0xa5
01-12 14:54:12.237 22304 22304 E ArmVmp : Match on catch block at 0xc3 in for 0xa9
01-12 14:54:12.260 22304 22304 E ArmVmp : Match on catch block at 0xc3 in for 0xa9
01-12 14:54:12.277 22304 22304 E ArmVmp : Match on catch block at 0xc3 in for 0xa1
01-12 14:54:12.300 22304 22304 E ArmVmp : Match on catch block at 0xc3 in for 0xa1
01-12 14:54:12.316 22304 22304 E ArmVmp : Match on catch block at 0xc3 in for 0xa5
01-12 14:54:12.339 22304 22304 E ArmVmp : Match on catch block at 0xc3 in for 0xa5
01-12 14:54:12.355 22304 22304 E ArmVmp : Match on catch block at 0xc3 in for 0xa9
01-12 14:54:12.374 22304 22304 E ArmVmp : Match on catch block at 0xc3 in for 0xa9
01-12 14:54:12.390 22304 22304 E ArmVmp : Match on catch block at 0xc3 in for 0xa1
01-12 14:54:12.413 22304 22304 E ArmVmp : Match on catch block at 0xc3 in for 0xa1
01-12 14:54:12.427 22304 22304 E ArmVmp : Match on catch block at 0xc3 in for 0xa5
01-12 14:54:12.447 22304 22304 E ArmVmp : Match on catch block at 0xc3 in for 0xa5
01-12 14:54:12.461 22304 22304 E ArmVmp : Match on catch block at 0xc3 in for 0xa9
01-12 14:54:12.481 22304 22304 E ArmVmp : Match on catch block at 0xc3 in for 0xa9
01-12 14:54:12.499 22304 22304 E ArmVmp : Match on catch block at 0xc3 in for 0xa1
01-12 14:54:12.532 22304 22304 E ArmVmp : Match on catch block at 0xc3 in for 0xa1
01-12 14:54:12.549 22304 22304 E ArmVmp : Match on catch block at 0xc3 in for 0xa5
01-12 14:54:12.770 22304 22304 E ArmVmp : Match on catch block at 0xc3 in for 0xa5
01-12 14:54:12.798 22304 22304 E ArmVmp : Match on catch block at 0xc3 in for 0xa9
01-12 14:54:13.259 22304 22304 E ArmVmp : Match on catch block at 0xc3 in for 0xa5
01-12 14:54:13.286 22304 22304 E ArmVmp : Match on catch block at 0xc3 in for 0xa9
01-12 14:54:13.333 22304 22304 E ArmVmp : Match on catch block at 0xc3 in for 0xa5
01-12 14:54:13.356 22304 22304 E ArmVmp : Match on catch block at 0xc3 in for 0xa9
01-12 14:54:14.121 22304 22304 E ArmVmp : Match on catch block at 0xc3 in for 0xa1
01-12 14:54:14.130 22304 22304 E ArmVmp : Match on catch block at 0xc3 in for 0xa5
01-12 14:54:14.308 22304 22304 E ArmVmp : Match on catch block at 0xc3 in for 0xa1
01-12 14:54:14.329 22304 22304 E ArmVmp : Match on catch block at 0xc3 in for 0xa5
01-12 14:54:14.429 22304 22304 W InputMethodManager: startInputReason = 1
01-12 14:54:14.464 22304 22304 E ArmVmp : Match on catch block at 0xc3 in for 0xa9
01-12 14:54:14.493 22304 22304 E ArmVmp : Match on catch block at 0xc3 in for 0xa1
01-12 14:54:14.607 22304 22304 W IInputConnectionWrapper: requestCursorAnchorInfo
on inactive InputConnection
01-12 14:54:14.678 22304 22304 E ArmVmp : Match on catch block at 0xc3 in for 0xa1
01-12 14:54:14.692 22304 22304 E ArmVmp : Match on catch block at 0xc3 in for 0xa5
01-12 14:54:15.654 22304 22304 E ArmVmp : Match on catch block at 0xc3 in for 0xa1
01-12 14:54:15.674 22304 22304 E ArmVmp : Match on catch block at 0xc3 in for 0xa5
01-12 14:54:15.698 22304 22304 E ArmVmp : Match on catch block at 0xc3 in for 0xa5
01-12 14:54:15.714 22304 22304 E ArmVmp : Match on catch block at 0xc3 in for 0xa9
01-12 14:54:15.749 22304 22535 W libEGL : EGLNativeWindowType 0x71aed3d010
disconnect failed
01-12 14:54:15.775 22304 22304 W InputEventReceiver: Attempted to finish an input
event but the input event receiver has already been disposed.
01-12 14:54:15.782 22304 22535 W libEGL : EGLNativeWindowType 0x718d55d010
disconnect failed
01-12 14:54:15.811 22304 22304 W InputEventReceiver: Attempted to finish an input
event but the input event receiver has already been disposed.
01-12 14:54:15.815 22304 22304 E ArmVmp : Match on catch block at 0xc3 in for 0xa9
01-12 14:54:15.836 22304 22304 E ArmVmp : Match on catch block at 0xc3 in for 0xa1
01-12 14:54:15.864 22304 22304 W InputMethodManager: startInputReason = 1
01-12 14:54:15.891 22304 22304 E ArmVmp : Match on catch block at 0xc3 in for 0xa9
01-12 14:54:15.913 22304 22304 E ArmVmp : Match on catch block at 0xc3 in for 0xa1
01-12 14:54:15.945 22304 22304 E ArmVmp : Match on catch block at 0xc3 in for 0xa1
01-12 14:54:15.974 22304 22304 E ArmVmp : Match on catch block at 0xc3 in for 0xa5
01-12 14:54:16.380 22304 22304 E ArmVmp : Match on catch block at 0xc3 in for 0xa5
01-12 14:54:16.398 22304 22304 E ArmVmp : Match on catch block at 0xc3 in for 0xa9
01-12 14:54:16.430 22304 22304 E ArmVmp : Match on catch block at 0xc3 in for 0xa1
01-12 14:54:16.451 22304 22304 E ArmVmp : Match on catch block at 0xc3 in for 0xa5
01-12 14:54:16.476 22304 22304 E ArmVmp : Match on catch block at 0xc3 in for 0xa5
01-12 14:54:16.492 22304 22304 E ArmVmp : Match on catch block at 0xc3 in for 0xa9
01-12 14:54:16.846 22304 22304 E ArmVmp : Match on catch block at 0xc3 in for 0xa9
01-12 14:54:16.862 22304 22304 E ArmVmp : Match on catch block at 0xc3 in for 0xa1
01-12 14:54:17.027 22304 22304 E ArmVmp : Match on catch block at 0xc3 in for 0xa1
01-12 14:54:17.047 22304 22304 E ArmVmp : Match on catch block at 0xc3 in for 0xa5
01-12 14:54:17.109 22304 22304 E ArmVmp : Match on catch block at 0xc3 in for 0xa9
01-12 14:54:17.123 22304 22304 E ArmVmp : Match on catch block at 0xc3 in for 0xa1
01-12 14:54:19.572 22304 22806 W HiTouch_HiTouchSensor: depended package hiTouch
does n't exist!
01-12 14:54:19.705 22304 22304 W InputMethodManager: startInputReason = 1
01-12 14:54:19.870 22304 22304 W IInputConnectionWrapper: requestCursorAnchorInfo
on inactive InputConnection
01-12 14:54:19.938 22304 22535 W libEGL : EGLNativeWindowType 0x718cc44010
disconnect failed
01-12 14:54:20.065 22304 22304 E ArmVmp : Match on catch block at 0xc3 in for 0xa5
01-12 14:54:20.094 22304 22304 E ArmVmp : Match on catch block at 0xc3 in for 0xa9
01-12 14:54:20.151 22304 22304 E ArmVmp : Match on catch block at 0xc3 in for 0xa5
01-12 14:54:20.168 22304 22304 E ArmVmp : Match on catch block at 0xc3 in for 0xa9
01-12 14:54:21.428 22304 22535 W libEGL : EGLNativeWindowType 0x71af550010
disconnect failed
01-12 14:54:21.486 22304 22304 W InputMethodManager: startInputReason = 1
01-12 14:54:21.519 22304 22304 E ArmVmp : Match on catch block at 0xc3 in for 0xa5
01-12 14:54:21.545 22304 22304 E ArmVmp : Match on catch block at 0xc3 in for 0xa9
01-12 14:54:21.594 22304 22304 E ArmVmp : Match on catch block at 0xc3 in for 0xa9
01-12 14:54:21.610 22304 22304 E ArmVmp : Match on catch block at 0xc3 in for 0xa1
01-12 14:54:21.632 22304 22304 E ArmVmp : Match on catch block at 0xc3 in for 0xa1
01-12 14:54:21.652 22304 22304 E ArmVmp : Match on catch block at 0xc3 in for 0xa5
01-12 14:54:21.681 22304 22304 E ArmVmp : Match on catch block at 0xc3 in for 0xa5
01-12 14:54:21.712 22304 22304 E ArmVmp : Match on catch block at 0xc3 in for 0xa9
01-12 14:54:21.738 22304 22304 E ArmVmp : Match on catch block at 0xc3 in for 0xa9
01-12 14:54:21.755 22304 22304 E ArmVmp : Match on catch block at 0xc3 in for 0xa1
01-12 14:54:21.776 22304 22304 E ArmVmp : Match on catch block at 0xc3 in for 0xa1
01-12 14:54:21.794 22304 22304 E ArmVmp : Match on catch block at 0xc3 in for 0xa5
01-12 14:54:21.818 22304 22304 E ArmVmp : Match on catch block at 0xc3 in for 0xa5
01-12 14:54:21.836 22304 22304 E ArmVmp : Match on catch block at 0xc3 in for 0xa9
01-12 14:54:21.858 22304 22304 E ArmVmp : Match on catch block at 0xc3 in for 0xa9
01-12 14:54:21.874 22304 22304 E ArmVmp : Match on catch block at 0xc3 in for 0xa1
01-12 14:54:22.007 22304 22304 E ArmVmp : Match on catch block at 0xc3 in for 0xa1
01-12 14:54:22.027 22304 22304 E ArmVmp : Match on catch block at 0xc3 in for 0xa5
01-12 14:54:22.156 22304 22304 E ArmVmp : Match on catch block at 0xc3 in for 0xa9
01-12 14:54:22.176 22304 22304 E ArmVmp : Match on catch block at 0xc3 in for 0xa1
01-12 14:54:22.204 22304 22304 E ArmVmp : Match on catch block at 0xc3 in for 0xa1
01-12 14:54:22.223 22304 22304 E ArmVmp : Match on catch block at 0xc3 in for 0xa5
01-12 14:54:22.258 22304 22304 E ArmVmp : Match on catch block at 0xc3 in for 0xa5
01-12 14:54:22.278 22304 22304 E ArmVmp : Match on catch block at 0xc3 in for 0xa9
01-12 14:54:22.309 22304 22304 E ArmVmp : Match on catch block at 0xc3 in for 0xa9
01-12 14:54:22.327 22304 22304 E ArmVmp : Match on catch block at 0xc3 in for 0xa1
01-12 14:54:22.632 22304 22314 E : [ZeroHung]zrhung_get_config: Get config
failed for wp[0x0008]
01-12 14:54:22.656 22304 22304 E ArmVmp : Match on catch block at 0xc3 in for 0xa1
01-12 14:54:22.670 22304 22304 E ArmVmp : Match on catch block at 0xc3 in for 0xa5
01-12 14:54:22.792 22304 22304 E ArmVmp : Match on catch block at 0xc3 in for 0xa5
01-12 14:54:22.798 22304 22304 E ArmVmp : Match on catch block at 0xc3 in for 0xa9
01-12 14:54:22.845 22304 22304 E ArmVmp : Match on catch block at 0xc3 in for 0xa1
01-12 14:54:22.859 22304 22304 E ArmVmp : Match on catch block at 0xc3 in for 0xa5
01-12 14:54:23.144 22304 22304 E ArmVmp : Match on catch block at 0xc3 in for 0xa1
01-12 14:54:23.156 22304 22304 E ArmVmp : Match on catch block at 0xc3 in for 0xa5
01-12 14:54:23.382 22304 22535 W libEGL : EGLNativeWindowType 0x71af550010
disconnect failed
01-12 14:54:23.629 22304 22304 E ArmVmp : Match on catch block at 0xc3 in for 0xa9
01-12 14:54:23.648 22304 22304 E ArmVmp : Match on catch block at 0xc3 in for 0xa1
01-12 14:54:23.686 22304 22304 E ArmVmp : Match on catch block at 0xc3 in for 0xa1
01-12 14:54:23.708 22304 22304 E ArmVmp : Match on catch block at 0xc3 in for 0xa5
01-12 14:54:23.739 22304 22304 E ArmVmp : Match on catch block at 0xc3 in for 0xa5
01-12 14:54:23.756 22304 22304 E ArmVmp : Match on catch block at 0xc3 in for 0xa9
01-12 14:54:23.776 22304 22304 E ArmVmp : Match on catch block at 0xc3 in for 0xa9
01-12 14:54:23.796 22304 22304 E ArmVmp : Match on catch block at 0xc3 in for 0xa1
01-12 14:54:23.821 22304 22304 E ArmVmp : Match on catch block at 0xc3 in for 0xa1
01-12 14:54:23.840 22304 22304 E ArmVmp : Match on catch block at 0xc3 in for 0xa5
01-12 14:54:23.862 22304 22304 E ArmVmp : Match on catch block at 0xc3 in for 0xa5
01-12 14:54:23.881 22304 22304 E ArmVmp : Match on catch block at 0xc3 in for 0xa9
01-12 14:54:23.908 22304 22304 E ArmVmp : Match on catch block at 0xc3 in for 0xa9
01-12 14:54:23.927 22304 22304 E ArmVmp : Match on catch block at 0xc3 in for 0xa1
01-12 14:54:23.950 22304 22304 E ArmVmp : Match on catch block at 0xc3 in for 0xa1
01-12 14:54:23.969 22304 22304 E ArmVmp : Match on catch block at 0xc3 in for 0xa5
01-12 14:54:23.996 22304 22304 E ArmVmp : Match on catch block at 0xc3 in for 0xa5
01-12 14:54:24.014 22304 22304 E ArmVmp : Match on catch block at 0xc3 in for 0xa9
01-12 14:54:24.250 22304 22304 E ArmVmp : Match on catch block at 0xc3 in for 0xa9
01-12 14:54:24.266 22304 22304 E ArmVmp : Match on catch block at 0xc3 in for 0xa1
01-12 14:54:24.554 22304 22304 E ArmVmp : Match on catch block at 0xc3 in for 0xa1
01-12 14:54:24.560 22304 22304 E ArmVmp : Match on catch block at 0xc3 in for 0xa5
01-12 14:54:24.594 22304 22304 W InputMethodManager: startInputReason = 1
01-12 14:54:24.610 22304 22304 W IInputConnectionWrapper: requestCursorAnchorInfo
on inactive InputConnection
01-12 14:54:24.827 22304 22535 W libEGL : EGLNativeWindowType 0x71b8a33010
disconnect failed
01-12 14:54:24.833 22304 22304 E ArmVmp : Match on catch block at 0xc3 in for 0xa9
01-12 14:54:24.838 22304 22304 E ArmVmp : Match on catch block at 0xc3 in for 0xa1
01-12 14:54:27.666 22304 22812 W HiTouch_HiTouchSensor: depended package hiTouch
does n't exist!
01-12 14:54:27.724 22304 22535 W libEGL : EGLNativeWindowType 0x718cc4c010
disconnect failed
01-12 14:54:27.957 22304 22813 W HiTouch_HiTouchSensor: depended package hiTouch
does n't exist!
01-12 14:54:28.755 22304 22535 W libEGL : EGLNativeWindowType 0x71c6b18010
disconnect failed
01-12 14:54:28.882 22304 22815 W HiTouch_HiTouchSensor: depended package hiTouch
does n't exist!
01-12 14:54:29.229 22304 22535 W libEGL : EGLNativeWindowType 0x71af7d0010
disconnect failed
01-12 14:54:34.869 22304 22535 W libEGL : EGLNativeWindowType 0x71c47ae010
disconnect failed
--------- beginning of system
--------- beginning of main
01-12 14:54:12.461 22304 22304 E ArmVmp : Match on catch block at 0xc3 in for 0xa9
01-12 14:54:12.481 22304 22304 E ArmVmp : Match on catch block at 0xc3 in for 0xa9
01-12 14:54:12.499 22304 22304 E ArmVmp : Match on catch block at 0xc3 in for 0xa1
01-12 14:54:12.532 22304 22304 E ArmVmp : Match on catch block at 0xc3 in for 0xa1
01-12 14:54:12.549 22304 22304 E ArmVmp : Match on catch block at 0xc3 in for 0xa5
01-12 14:54:12.770 22304 22304 E ArmVmp : Match on catch block at 0xc3 in for 0xa5
01-12 14:54:12.798 22304 22304 E ArmVmp : Match on catch block at 0xc3 in for 0xa9
01-12 14:54:13.259 22304 22304 E ArmVmp : Match on catch block at 0xc3 in for 0xa5
01-12 14:54:13.286 22304 22304 E ArmVmp : Match on catch block at 0xc3 in for 0xa9
01-12 14:54:13.333 22304 22304 E ArmVmp : Match on catch block at 0xc3 in for 0xa5
01-12 14:54:13.356 22304 22304 E ArmVmp : Match on catch block at 0xc3 in for 0xa9
01-12 14:54:14.121 22304 22304 E ArmVmp : Match on catch block at 0xc3 in for 0xa1
01-12 14:54:14.130 22304 22304 E ArmVmp : Match on catch block at 0xc3 in for 0xa5
01-12 14:54:14.308 22304 22304 E ArmVmp : Match on catch block at 0xc3 in for 0xa1
01-12 14:54:14.329 22304 22304 E ArmVmp : Match on catch block at 0xc3 in for 0xa5
01-12 14:54:14.429 22304 22304 W InputMethodManager: startInputReason = 1
01-12 14:54:14.464 22304 22304 E ArmVmp : Match on catch block at 0xc3 in for 0xa9
01-12 14:54:14.493 22304 22304 E ArmVmp : Match on catch block at 0xc3 in for 0xa1
01-12 14:54:14.607 22304 22304 W IInputConnectionWrapper: requestCursorAnchorInfo
on inactive InputConnection
01-12 14:54:14.678 22304 22304 E ArmVmp : Match on catch block at 0xc3 in for 0xa1
