01-12 14:59:21.960 24912 24912 E ArmVmp : Match on catch block at 0xc3 in for 0xa9
01-12 14:59:21.979 24912 24912 E ArmVmp : Match on catch block at 0xc3 in for 0xa1
01-12 14:59:22.071 24912 24912 E ArmVmp : Match on catch block at 0xc3 in for 0xa1
01-12 14:59:22.090 24912 24912 E ArmVmp : Match on catch block at 0xc3 in for 0xa5
01-12 14:59:22.116 24912 24912 E ArmVmp : Match on catch block at 0xc3 in for 0xa5
01-12 14:59:22.139 24912 24912 E ArmVmp : Match on catch block at 0xc3 in for 0xa9
01-12 14:59:22.177 24912 24912 E ArmVmp : Match on catch block at 0xc3 in for 0xa9
01-12 14:59:22.195 24912 24912 E ArmVmp : Match on catch block at 0xc3 in for 0xa1
01-12 14:59:22.234 24912 24912 E ArmVmp : Match on catch block at 0xc3 in for 0xa5
01-12 14:59:22.253 24912 24912 E ArmVmp : Match on catch block at 0xc3 in for 0xa9
01-12 14:59:22.291 24912 24912 E ArmVmp : Match on catch block at 0xc3 in for 0xa9
01-12 14:59:22.310 24912 24912 E ArmVmp : Match on catch block at 0xc3 in for 0xa1
01-12 14:59:22.349 24912 24912 E ArmVmp : Match on catch block at 0xc3 in for 0xa1
01-12 14:59:22.367 24912 24912 E ArmVmp : Match on catch block at 0xc3 in for 0xa5
01-12 14:59:22.400 24912 24912 E ArmVmp : Match on catch block at 0xc3 in for 0xa5
01-12 14:59:22.419 24912 24912 E ArmVmp : Match on catch block at 0xc3 in for 0xa9
01-12 14:59:24.222 24912 25661 W HiTouch_HiTouchSensor: depended package hiTouch
does n't exist!
01-12 14:59:24.334 24912 24912 W InputMethodManager: startInputReason = 1
01-12 14:59:24.596 24912 24993 W libEGL : EGLNativeWindowType 0x71951eb010
disconnect failed
01-12 14:59:25.622 24912 24912 W InputMethodManager: startInputReason = 4
01-12 14:59:26.561 24912 24993 W libEGL : EGLNativeWindowType 0x718991b010
disconnect failed
01-12 14:59:26.611 24912 24912 W InputMethodManager: startInputReason = 1
01-12 14:59:26.645 24912 24912 E ArmVmp : Match on catch block at 0xc3 in for 0xa1
01-12 14:59:26.672 24912 24912 E ArmVmp : Match on catch block at 0xc3 in for 0xa5
01-12 14:59:26.757 24912 24912 E SpannableStringBuilder: SPAN_EXCLUSIVE_EXCLUSIVE
spans cannot have a zero length
01-12 14:59:27.133 24912 24912 E ArmVmp : Match on catch block at 0xc3 in for 0xa5
01-12 14:59:27.153 24912 24912 E ArmVmp : Match on catch block at 0xc3 in for 0xa9
01-12 14:59:27.352 24912 24912 E ArmVmp : Match on catch block at 0xc3 in for 0xa1
01-12 14:59:27.368 24912 24912 E ArmVmp : Match on catch block at 0xc3 in for 0xa5
01-12 14:59:27.396 24912 24912 E ArmVmp : Match on catch block at 0xc3 in for 0xa5
01-12 14:59:27.415 24912 24912 E ArmVmp : Match on catch block at 0xc3 in for 0xa9
01-12 14:59:27.439 24912 24912 E ArmVmp : Match on catch block at 0xc3 in for 0xa9
01-12 14:59:27.461 24912 24912 E ArmVmp : Match on catch block at 0xc3 in for 0xa1
01-12 14:59:27.486 24912 24912 E ArmVmp : Match on catch block at 0xc3 in for 0xa1
01-12 14:59:27.506 24912 24912 E ArmVmp : Match on catch block at 0xc3 in for 0xa5
01-12 14:59:27.779 24912 24912 E ArmVmp : Match on catch block at 0xc3 in for 0xa5
01-12 14:59:27.796 24912 24912 E ArmVmp : Match on catch block at 0xc3 in for 0xa9
01-12 14:59:27.920 24912 24912 E ArmVmp : Match on catch block at 0xc3 in for 0xa9
01-12 14:59:27.938 24912 24912 E ArmVmp : Match on catch block at 0xc3 in for 0xa1
01-12 14:59:28.012 24912 24912 E ArmVmp : Match on catch block at 0xc3 in for 0xa5
01-12 14:59:28.030 24912 24912 E ArmVmp : Match on catch block at 0xc3 in for 0xa9
01-12 14:59:29.411 24912 24912 E ArmVmp : Match on catch block at 0xc3 in for 0xa1
01-12 14:59:29.415 24912 24912 E ArmVmp : Match on catch block at 0xc3 in for 0xa5
01-12 14:59:29.439 24912 24912 E ArmVmp : Match on catch block at 0xc3 in for 0xa9
01-12 14:59:29.446 24912 24912 E ArmVmp : Match on catch block at 0xc3 in for 0xa1
01-12 14:59:29.653 24912 24993 W libEGL : EGLNativeWindowType 0x718991b010
disconnect failed
01-12 14:59:30.757 24912 24912 E ArmVmp : Match on catch block at 0xc3 in for 0xa5
01-12 14:59:30.764 24912 24912 E ArmVmp : Match on catch block at 0xc3 in for 0xa9
01-12 14:59:30.772 24912 24912 E ArmVmp : Match on catch block at 0xc3 in for 0xa9
01-12 14:59:30.776 24912 24912 E ArmVmp : Match on catch block at 0xc3 in for 0xa1
01-12 14:59:31.067 24912 24912 E ArmVmp : Match on catch block at 0xc3 in for 0xa5
01-12 14:59:31.071 24912 24912 E ArmVmp : Match on catch block at 0xc3 in for 0xa9
01-12 14:59:31.079 24912 24912 E ArmVmp : Match on catch block at 0xc3 in for 0xa9
01-12 14:59:31.082 24912 24912 E ArmVmp : Match on catch block at 0xc3 in for 0xa1
01-12 14:59:31.089 24912 24912 E ArmVmp : Match on catch block at 0xc3 in for 0xa1
01-12 14:59:31.091 24912 24912 E ArmVmp : Match on catch block at 0xc3 in for 0xa5
01-12 14:59:31.105 24912 24912 E ArmVmp : Match on catch block at 0xc3 in for 0xa5
01-12 14:59:31.108 24912 24912 E ArmVmp : Match on catch block at 0xc3 in for 0xa9
01-12 14:59:31.122 24912 24912 E ArmVmp : Match on catch block at 0xc3 in for 0xa9
01-12 14:59:31.125 24912 24912 E ArmVmp : Match on catch block at 0xc3 in for 0xa1
01-12 14:59:31.140 24912 24912 E ArmVmp : Match on catch block at 0xc3 in for 0xa1
01-12 14:59:31.149 24912 24912 E ArmVmp : Match on catch block at 0xc3 in for 0xa5
01-12 14:59:31.158 24912 24912 E ArmVmp : Match on catch block at 0xc3 in for 0xa5
01-12 14:59:31.165 24912 24912 E ArmVmp : Match on catch block at 0xc3 in for 0xa9
01-12 14:59:31.173 24912 24912 E ArmVmp : Match on catch block at 0xc3 in for 0xa9
01-12 14:59:31.182 24912 24912 E ArmVmp : Match on catch block at 0xc3 in for 0xa1
01-12 14:59:31.193 24912 24912 E ArmVmp : Match on catch block at 0xc3 in for 0xa1
01-12 14:59:31.199 24912 24912 E ArmVmp : Match on catch block at 0xc3 in for 0xa5
01-12 14:59:31.210 24912 24912 E ArmVmp : Match on catch block at 0xc3 in for 0xa5
01-12 14:59:31.217 24912 24912 E ArmVmp : Match on catch block at 0xc3 in for 0xa9
01-12 14:59:31.228 24912 24912 E ArmVmp : Match on catch block at 0xc3 in for 0xa9
01-12 14:59:31.237 24912 24912 E ArmVmp : Match on catch block at 0xc3 in for 0xa1
01-12 14:59:31.254 24912 24912 E ArmVmp : Match on catch block at 0xc3 in for 0xa1
01-12 14:59:31.264 24912 24912 E ArmVmp : Match on catch block at 0xc3 in for 0xa5
01-12 14:59:31.275 24912 24912 E ArmVmp : Match on catch block at 0xc3 in for 0xa5
01-12 14:59:31.283 24912 24912 E ArmVmp : Match on catch block at 0xc3 in for 0xa9
01-12 14:59:31.295 24912 24912 E ArmVmp : Match on catch block at 0xc3 in for 0xa9
01-12 14:59:31.304 24912 24912 E ArmVmp : Match on catch block at 0xc3 in for 0xa1
01-12 14:59:31.313 24912 24912 E ArmVmp : Match on catch block at 0xc3 in for 0xa1
01-12 14:59:31.322 24912 24912 E ArmVmp : Match on catch block at 0xc3 in for 0xa5
01-12 14:59:31.333 24912 24912 E ArmVmp : Match on catch block at 0xc3 in for 0xa5
01-12 14:59:31.341 24912 24912 E ArmVmp : Match on catch block at 0xc3 in for 0xa9
01-12 14:59:31.354 24912 24912 E ArmVmp : Match on catch block at 0xc3 in for 0xa9
01-12 14:59:31.366 24912 24912 E ArmVmp : Match on catch block at 0xc3 in for 0xa1
01-12 14:59:31.383 24912 24912 E ArmVmp : Match on catch block at 0xc3 in for 0xa1
01-12 14:59:31.394 24912 24912 E ArmVmp : Match on catch block at 0xc3 in for 0xa5
01-12 14:59:31.407 24912 24912 E ArmVmp : Match on catch block at 0xc3 in for 0xa5
01-12 14:59:31.414 24912 24912 E ArmVmp : Match on catch block at 0xc3 in for 0xa9
01-12 14:59:31.787 24912 24912 E ArmVmp : Match on catch block at 0xc3 in for 0xa1
01-12 14:59:31.798 24912 24912 E ArmVmp : Match on catch block at 0xc3 in for 0xa5
01-12 14:59:32.372 24912 24912 E ArmVmp : Match on catch block at 0xc3 in for 0xa1
01-12 14:59:32.383 24912 24912 E ArmVmp : Match on catch block at 0xc3 in for 0xa5
01-12 14:59:32.423 24912 24912 E ArmVmp : Match on catch block at 0xc3 in for 0xa1
01-12 14:59:32.436 24912 24912 E ArmVmp : Match on catch block at 0xc3 in for 0xa5
01-12 14:59:32.542 24912 24912 E ArmVmp : Match on catch block at 0xc3 in for 0xa9
01-12 14:59:32.554 24912 24912 E ArmVmp : Match on catch block at 0xc3 in for 0xa1
01-12 14:59:32.604 24912 24912 E ArmVmp : Match on catch block at 0xc3 in for 0xa5
01-12 14:59:32.614 24912 24912 E ArmVmp : Match on catch block at 0xc3 in for 0xa9
01-12 14:59:32.647 24912 24912 E ArmVmp : Match on catch block at 0xc3 in for 0xa9
01-12 14:59:32.659 24912 24912 E ArmVmp : Match on catch block at 0xc3 in for 0xa1
01-12 14:59:32.722 24912 24912 E ArmVmp : Match on catch block at 0xc3 in for 0xa5
01-12 14:59:32.740 24912 24912 E ArmVmp : Match on catch block at 0xc3 in for 0xa9
01-12 14:59:32.770 24912 24912 E ArmVmp : Match on catch block at 0xc3 in for 0xa1
01-12 14:59:32.779 24912 24912 E ArmVmp : Match on catch block at 0xc3 in for 0xa5
01-12 14:59:32.927 24912 24912 E ArmVmp : Match on catch block at 0xc3 in for 0xa1
01-12 14:59:32.944 24912 24912 E ArmVmp : Match on catch block at 0xc3 in for 0xa5
01-12 14:59:32.976 24912 24993 W libEGL : EGLNativeWindowType 0x71bd1f1010
disconnect failed
01-12 14:59:32.997 24912 24912 W InputEventReceiver: Attempted to finish an input
event but the input event receiver has already been disposed.
01-12 14:59:33.201 24912 24912 E ArmVmp : Match on catch block at 0xc3 in for 0xa9
01-12 14:59:33.212 24912 24912 E ArmVmp : Match on catch block at 0xc3 in for 0xa1
01-12 14:59:33.417 24912 24912 E ArmVmp : Match on catch block at 0xc3 in for 0xa1
01-12 14:59:33.427 24912 24912 E ArmVmp : Match on catch block at 0xc3 in for 0xa5
01-12 14:59:33.933 24912 24912 E ArmVmp : Match on catch block at 0xc3 in for 0xa1
01-12 14:59:33.949 24912 24912 E ArmVmp : Match on catch block at 0xc3 in for 0xa5
01-12 14:59:34.029 24912 24912 E ArmVmp : Match on catch block at 0xc3 in for 0xa9
01-12 14:59:34.040 24912 24912 E ArmVmp : Match on catch block at 0xc3 in for 0xa1
01-12 14:59:34.060 24912 24912 E ArmVmp : Match on catch block at 0xc3 in for 0xa1
01-12 14:59:34.071 24912 24912 E ArmVmp : Match on catch block at 0xc3 in for 0xa5
01-12 14:59:34.104 24912 24912 E ArmVmp : Match on catch block at 0xc3 in for 0xa5
01-12 14:59:34.117 24912 24912 E ArmVmp : Match on catch block at 0xc3 in for 0xa9
01-12 14:59:34.294 24912 25907 W HiTouch_HiTouchSensor: depended package hiTouch
does n't exist!
01-12 14:59:34.345 24912 24912 E ArmVmp : Match on catch block at 0xc3 in for 0xa9
01-12 14:59:34.359 24912 24912 E ArmVmp : Match on catch block at 0xc3 in for 0xa1
01-12 14:59:34.418 24912 24912 E ArmVmp : Match on catch block at 0xc3 in for 0xa1
01-12 14:59:34.429 24912 24912 E ArmVmp : Match on catch block at 0xc3 in for 0xa5
01-12 14:59:34.460 24912 24912 E ArmVmp : Match on catch block at 0xc3 in for 0xa5
01-12 14:59:34.474 24912 24912 E ArmVmp : Match on catch block at 0xc3 in for 0xa9
01-12 14:59:34.497 24912 24912 E ArmVmp : Match on catch block at 0xc3 in for 0xa9
01-12 14:59:34.508 24912 24912 E ArmVmp : Match on catch block at 0xc3 in for 0xa1
01-12 14:59:34.527 24912 24912 E ArmVmp : Match on catch block at 0xc3 in for 0xa1
01-12 14:59:34.537 24912 24912 E ArmVmp : Match on catch block at 0xc3 in for 0xa5
01-12 14:59:34.581 24912 24912 E ArmVmp : Match on catch block at 0xc3 in for 0xa9
01-12 14:59:34.593 24912 24912 E ArmVmp : Match on catch block at 0xc3 in for 0xa1
01-12 14:59:34.614 24912 24912 E ArmVmp : Match on catch block at 0xc3 in for 0xa1
01-12 14:59:34.625 24912 24912 E ArmVmp : Match on catch block at 0xc3 in for 0xa5
01-12 14:59:34.642 24912 24912 E ArmVmp : Match on catch block at 0xc3 in for 0xa5
01-12 14:59:34.651 24912 24912 E ArmVmp : Match on catch block at 0xc3 in for 0xa9
01-12 14:59:35.561 24912 24993 W libEGL : EGLNativeWindowType 0x717f79c010
disconnect failed
01-12 14:59:35.823 24912 24912 E ArmVmp : Match on catch block at 0xc3 in for 0xa5
01-12 14:59:35.840 24912 24912 E ArmVmp : Match on catch block at 0xc3 in for 0xa9
01-12 14:59:35.868 24912 25908 W HiTouch_HiTouchSensor: depended package hiTouch
does n't exist!
01-12 14:59:35.971 24912 24912 E ArmVmp : Match on catch block at 0xc3 in for 0xa5
01-12 14:59:35.990 24912 24912 E ArmVmp : Match on catch block at 0xc3 in for 0xa9
01-12 14:59:36.018 24912 24912 E ArmVmp : Match on catch block at 0xc3 in for 0xa9
01-12 14:59:36.035 24912 24912 E ArmVmp : Match on catch block at 0xc3 in for 0xa1
01-12 14:59:36.077 24912 24912 E ArmVmp : Match on catch block at 0xc3 in for 0xa1
01-12 14:59:36.086 24912 24912 E ArmVmp : Match on catch block at 0xc3 in for 0xa5
01-12 14:59:36.155 24912 24912 E ArmVmp : Match on catch block at 0xc3 in for 0xa9
01-12 14:59:36.164 24912 24912 E ArmVmp : Match on catch block at 0xc3 in for 0xa1
01-12 14:59:36.201 24912 24912 E ArmVmp : Match on catch block at 0xc3 in for 0xa9
01-12 14:59:36.210 24912 24912 E ArmVmp : Match on catch block at 0xc3 in for 0xa1
01-12 14:59:36.236 24912 24912 E ArmVmp : Match on catch block at 0xc3 in for 0xa1
01-12 14:59:36.245 24912 24912 E ArmVmp : Match on catch block at 0xc3 in for 0xa5
01-12 14:59:36.279 24912 24912 E ArmVmp : Match on catch block at 0xc3 in for 0xa1
01-12 14:59:36.290 24912 24912 E ArmVmp : Match on catch block at 0xc3 in for 0xa5
01-12 14:59:36.312 24912 24912 E ArmVmp : Match on catch block at 0xc3 in for 0xa5
01-12 14:59:36.322 24912 24912 E ArmVmp : Match on catch block at 0xc3 in for 0xa9
01-12 14:59:36.372 24912 24912 E ArmVmp : Match on catch block at 0xc3 in for 0xa1
01-12 14:59:36.381 24912 24912 E ArmVmp : Match on catch block at 0xc3 in for 0xa5
01-12 14:59:36.407 24912 24912 E ArmVmp : Match on catch block at 0xc3 in for 0xa5
01-12 14:59:36.415 24912 24912 E ArmVmp : Match on catch block at 0xc3 in for 0xa9
01-12 14:59:36.459 24912 24912 E ArmVmp : Match on catch block at 0xc3 in for 0xa1
01-12 14:59:36.468 24912 24912 E ArmVmp : Match on catch block at 0xc3 in for 0xa5
01-12 14:59:36.912 24912 24993 W libEGL : EGLNativeWindowType 0x717f3c9010
disconnect failed
01-12 14:59:37.000 24912 24912 E ArmVmp : Match on catch block at 0xc3 in for 0xa1
01-12 14:59:37.012 24912 24912 E ArmVmp : Match on catch block at 0xc3 in for 0xa5
01-12 14:59:37.462 24912 24912 E ArmVmp : Match on catch block at 0xc3 in for 0xa1
01-12 14:59:37.473 24912 24912 E ArmVmp : Match on catch block at 0xc3 in for 0xa5
01-12 14:59:37.512 24912 24912 E ArmVmp : Match on catch block at 0xc3 in for 0xa1
01-12 14:59:37.521 24912 24912 E ArmVmp : Match on catch block at 0xc3 in for 0xa5
01-12 14:59:37.962 24912 24912 E ArmVmp : Match on catch block at 0xc3 in for 0xa5
01-12 14:59:37.975 24912 24912 E ArmVmp : Match on catch block at 0xc3 in for 0xa9
01-12 14:59:38.004 24912 24912 E ArmVmp : Match on catch block at 0xc3 in for 0xa1
01-12 14:59:38.013 24912 24912 E ArmVmp : Match on catch block at 0xc3 in for 0xa5
01-12 14:59:38.036 24912 24912 E ArmVmp : Match on catch block at 0xc3 in for 0xa9
01-12 14:59:38.045 24912 24912 E ArmVmp : Match on catch block at 0xc3 in for 0xa1
01-12 14:59:38.065 24912 24912 E ArmVmp : Match on catch block at 0xc3 in for 0xa5
01-12 14:59:38.078 24912 24912 E ArmVmp : Match on catch block at 0xc3 in for 0xa9
01-12 14:59:38.092 24912 24912 E ArmVmp : Match on catch block at 0xc3 in for 0xa1
01-12 14:59:38.100 24912 24912 E ArmVmp : Match on catch block at 0xc3 in for 0xa5
01-12 14:59:38.115 24912 24912 E ArmVmp : Match on catch block at 0xc3 in for 0xa9
01-12 14:59:38.126 24912 24912 E ArmVmp : Match on catch block at 0xc3 in for 0xa1
01-12 14:59:38.143 24912 24912 E ArmVmp : Match on catch block at 0xc3 in for 0xa5
01-12 14:59:38.154 24912 24912 E ArmVmp : Match on catch block at 0xc3 in for 0xa9
01-12 14:59:38.176 24912 24912 E ArmVmp : Match on catch block at 0xc3 in for 0xa9
01-12 14:59:38.188 24912 24912 E ArmVmp : Match on catch block at 0xc3 in for 0xa1
01-12 14:59:38.205 24912 24912 E ArmVmp : Match on catch block at 0xc3 in for 0xa5
01-12 14:59:38.214 24912 24912 E ArmVmp : Match on catch block at 0xc3 in for 0xa9
01-12 14:59:38.233 24912 24912 E ArmVmp : Match on catch block at 0xc3 in for 0xa1
01-12 14:59:38.242 24912 24912 E ArmVmp : Match on catch block at 0xc3 in for 0xa5
01-12 14:59:38.260 24912 24912 E ArmVmp : Match on catch block at 0xc3 in for 0xa9
01-12 14:59:38.271 24912 24912 E ArmVmp : Match on catch block at 0xc3 in for 0xa1
01-12 14:59:38.284 24912 24912 E ArmVmp : Match on catch block at 0xc3 in for 0xa5
01-12 14:59:38.294 24912 24912 E ArmVmp : Match on catch block at 0xc3 in for 0xa9
01-12 14:59:38.310 24912 24912 E ArmVmp : Match on catch block at 0xc3 in for 0xa1
01-12 14:59:38.320 24912 24912 E ArmVmp : Match on catch block at 0xc3 in for 0xa5
01-12 14:59:38.337 24912 24912 E ArmVmp : Match on catch block at 0xc3 in for 0xa9
01-12 14:59:38.346 24912 24912 E ArmVmp : Match on catch block at 0xc3 in for 0xa1
01-12 14:59:38.362 24912 24912 E ArmVmp : Match on catch block at 0xc3 in for 0xa5
01-12 14:59:38.378 24912 24912 E ArmVmp : Match on catch block at 0xc3 in for 0xa9
01-12 14:59:38.403 24912 24912 E ArmVmp : Match on catch block at 0xc3 in for 0xa9
01-12 14:59:38.416 24912 24912 E ArmVmp : Match on catch block at 0xc3 in for 0xa1
01-12 14:59:38.554 24912 24912 E ArmVmp : Match on catch block at 0xc3 in for 0xa1
01-12 14:59:38.566 24912 24912 E ArmVmp : Match on catch block at 0xc3 in for 0xa5
01-12 14:59:38.587 24912 24912 E ArmVmp : Match on catch block at 0xc3 in for 0xa5
01-12 14:59:38.596 24912 24912 E ArmVmp : Match on catch block at 0xc3 in for 0xa9
01-12 14:59:39.096 24912 24912 E ArmVmp : Match on catch block at 0xc3 in for 0xa9
01-12 14:59:39.113 24912 24912 E ArmVmp : Match on catch block at 0xc3 in for 0xa1
01-12 14:59:39.456 24912 24912 E ArmVmp : Match on catch block at 0xc3 in for 0xa5
01-12 14:59:39.466 24912 24912 E ArmVmp : Match on catch block at 0xc3 in for 0xa9
01-12 14:59:39.488 24912 24912 E ArmVmp : Match on catch block at 0xc3 in for 0xa9
01-12 14:59:39.498 24912 24912 E ArmVmp : Match on catch block at 0xc3 in for 0xa1
01-12 14:59:39.517 24912 24912 E ArmVmp : Match on catch block at 0xc3 in for 0xa1
01-12 14:59:39.527 24912 24912 E ArmVmp : Match on catch block at 0xc3 in for 0xa5
01-12 14:59:39.622 24912 25921 W HiTouch_HiTouchSensor: depended package hiTouch
does n't exist!
01-12 14:59:39.672 24912 24912 E ArmVmp : Match on catch block at 0xc3 in for 0xa9
01-12 14:59:39.683 24912 24912 E ArmVmp : Match on catch block at 0xc3 in for 0xa1
01-12 14:59:39.706 24912 24912 W InputMethodManager: startInputReason = 1
01-12 14:59:39.738 24912 24912 E ArmVmp : Match on catch block at 0xc3 in for 0xa1
01-12 14:59:39.748 24912 24912 E ArmVmp : Match on catch block at 0xc3 in for 0xa5
01-12 14:59:39.769 24912 24912 E ArmVmp : Match on catch block at 0xc3 in for 0xa5
01-12 14:59:39.783 24912 24912 E ArmVmp : Match on catch block at 0xc3 in for 0xa9
01-12 14:59:39.803 24912 24912 E ArmVmp : Match on catch block at 0xc3 in for 0xa9
01-12 14:59:39.814 24912 24912 E ArmVmp : Match on catch block at 0xc3 in for 0xa1
01-12 14:59:39.834 24912 24912 E ArmVmp : Match on catch block at 0xc3 in for 0xa1
01-12 14:59:39.853 24912 24912 E ArmVmp : Match on catch block at 0xc3 in for 0xa5
01-12 14:59:39.870 24912 24912 E ArmVmp : Match on catch block at 0xc3 in for 0xa9
01-12 14:59:39.879 24912 24912 E ArmVmp : Match on catch block at 0xc3 in for 0xa1
01-12 14:59:39.901 24912 24912 E ArmVmp : Match on catch block at 0xc3 in for 0xa1
01-12 14:59:39.910 24912 24912 E ArmVmp : Match on catch block at 0xc3 in for 0xa5
01-12 14:59:39.923 24912 24912 E ArmVmp : Match on catch block at 0xc3 in for 0xa5
01-12 14:59:39.937 24912 24912 E ArmVmp : Match on catch block at 0xc3 in for 0xa9
01-12 14:59:39.955 24912 24912 E ArmVmp : Match on catch block at 0xc3 in for 0xa9
01-12 14:59:39.964 24912 24912 E ArmVmp : Match on catch block at 0xc3 in for 0xa1
01-12 14:59:39.983 24912 24912 E ArmVmp : Match on catch block at 0xc3 in for 0xa1
01-12 14:59:39.995 24912 24912 E ArmVmp : Match on catch block at 0xc3 in for 0xa5
01-12 14:59:40.014 24912 24912 E ArmVmp : Match on catch block at 0xc3 in for 0xa5
01-12 14:59:40.027 24912 24912 E ArmVmp : Match on catch block at 0xc3 in for 0xa9
01-12 14:59:40.046 24912 24912 E ArmVmp : Match on catch block at 0xc3 in for 0xa9
01-12 14:59:40.059 24912 24912 E ArmVmp : Match on catch block at 0xc3 in for 0xa1
01-12 14:59:40.076 24912 24912 E ArmVmp : Match on catch block at 0xc3 in for 0xa1
01-12 14:59:40.087 24912 24912 E ArmVmp : Match on catch block at 0xc3 in for 0xa5
01-12 14:59:41.000 24912 24993 W libEGL : EGLNativeWindowType 0x71957dd010
disconnect failed
01-12 14:59:41.054 24912 24912 W InputMethodManager: startInputReason = 1
01-12 14:59:41.081 24912 24912 E ArmVmp : Match on catch block at 0xc3 in for 0xa1
01-12 14:59:41.096 24912 24912 E ArmVmp : Match on catch block at 0xc3 in for 0xa5
01-12 14:59:41.179 24912 24912 E SpannableStringBuilder: SPAN_EXCLUSIVE_EXCLUSIVE
spans cannot have a zero length
01-12 14:59:41.571 24912 24912 E ArmVmp : Match on catch block at 0xc3 in for 0xa5
01-12 14:59:41.589 24912 24912 E ArmVmp : Match on catch block at 0xc3 in for 0xa9
01-12 14:59:41.701 24912 24912 E ArmVmp : Match on catch block at 0xc3 in for 0xa1
01-12 14:59:41.713 24912 24912 E ArmVmp : Match on catch block at 0xc3 in for 0xa5
01-12 14:59:41.732 24912 24912 E ArmVmp : Match on catch block at 0xc3 in for 0xa5
01-12 14:59:41.743 24912 24912 E ArmVmp : Match on catch block at 0xc3 in for 0xa9
01-12 14:59:41.773 24912 24912 E ArmVmp : Match on catch block at 0xc3 in for 0xa9
01-12 14:59:41.786 24912 24912 E ArmVmp : Match on catch block at 0xc3 in for 0xa1
01-12 14:59:41.820 24912 24912 E ArmVmp : Match on catch block at 0xc3 in for 0xa1
01-12 14:59:41.831 24912 24912 E ArmVmp : Match on catch block at 0xc3 in for 0xa5
01-12 14:59:42.048 24912 24912 E ArmVmp : Match on catch block at 0xc3 in for 0xa5
01-12 14:59:42.057 24912 24912 E ArmVmp : Match on catch block at 0xc3 in for 0xa9
01-12 14:59:42.079 24912 24912 E ArmVmp : Match on catch block at 0xc3 in for 0xa9
01-12 14:59:42.088 24912 24912 E ArmVmp : Match on catch block at 0xc3 in for 0xa1
01-12 14:59:42.105 24912 24912 E ArmVmp : Match on catch block at 0xc3 in for 0xa1
01-12 14:59:42.115 24912 24912 E ArmVmp : Match on catch block at 0xc3 in for 0xa5
01-12 14:59:42.133 24912 24912 E ArmVmp : Match on catch block at 0xc3 in for 0xa5
01-12 14:59:42.144 24912 24912 E ArmVmp : Match on catch block at 0xc3 in for 0xa9
01-12 14:59:42.172 24912 24912 E ArmVmp : Match on catch block at 0xc3 in for 0xa9
01-12 14:59:42.184 24912 24912 E ArmVmp : Match on catch block at 0xc3 in for 0xa1
01-12 14:59:42.476 24912 24912 E ArmVmp : Match on catch block at 0xc3 in for 0xa5
01-12 14:59:42.486 24912 24912 E ArmVmp : Match on catch block at 0xc3 in for 0xa9
01-12 14:59:42.505 24912 24912 E ArmVmp : Match on catch block at 0xc3 in for 0xa9
01-12 14:59:42.518 24912 24912 E ArmVmp : Match on catch block at 0xc3 in for 0xa1
01-12 14:59:42.544 24912 24912 E ArmVmp : Match on catch block at 0xc3 in for 0xa1
01-12 14:59:42.552 24912 24912 E ArmVmp : Match on catch block at 0xc3 in for 0xa5
01-12 14:59:42.695 24912 25925 W HiTouch_HiTouchSensor: depended package hiTouch
does n't exist!
01-12 14:59:42.787 24912 24912 E ArmVmp : Match on catch block at 0xc3 in for 0xa9
01-12 14:59:42.797 24912 24912 E ArmVmp : Match on catch block at 0xc3 in for 0xa1
01-12 14:59:42.897 24912 24912 E ArmVmp : Match on catch block at 0xc3 in for 0xa1
01-12 14:59:42.906 24912 24912 E ArmVmp : Match on catch block at 0xc3 in for 0xa5
01-12 14:59:42.933 24912 24912 E ArmVmp : Match on catch block at 0xc3 in for 0xa5
01-12 14:59:42.948 24912 24912 E ArmVmp : Match on catch block at 0xc3 in for 0xa9
01-12 14:59:43.009 24912 24993 W libEGL : EGLNativeWindowType 0x718988f010
disconnect failed
01-12 14:59:43.027 24912 24912 E ArmVmp : Match on catch block at 0xc3 in for 0xa9
01-12 14:59:43.043 24912 24912 E ArmVmp : Match on catch block at 0xc3 in for 0xa1
01-12 14:59:43.075 24912 24912 E ArmVmp : Match on catch block at 0xc3 in for 0xa5
01-12 14:59:43.090 24912 24912 E ArmVmp : Match on catch block at 0xc3 in for 0xa9
01-12 14:59:44.235 24912 24993 W libEGL : EGLNativeWindowType 0x718988f010
disconnect failed
01-12 14:59:44.280 24912 24912 W InputEventReceiver: Attempted to finish an input
event but the input event receiver has already been disposed.
01-12 14:59:44.329 24912 24912 E ArmVmp : Match on catch block at 0xc3 in for 0xa5
01-12 14:59:44.342 24912 24912 E ArmVmp : Match on catch block at 0xc3 in for 0xa9
01-12 14:59:44.818 24912 24912 E ArmVmp : Match on catch block at 0xc3 in for 0xa9
01-12 14:59:44.829 24912 24912 E ArmVmp : Match on catch block at 0xc3 in for 0xa1
01-12 14:59:45.200 24912 24912 E ArmVmp : Match on catch block at 0xc3 in for 0xa1
01-12 14:59:45.211 24912 24912 E ArmVmp : Match on catch block at 0xc3 in for 0xa5
01-12 14:59:45.240 24912 24912 E ArmVmp : Match on catch block at 0xc3 in for 0xa5
01-12 14:59:45.253 24912 24912 E ArmVmp : Match on catch block at 0xc3 in for 0xa9
01-12 14:59:45.270 24912 24912 E ArmVmp : Match on catch block at 0xc3 in for 0xa9
01-12 14:59:45.282 24912 24912 E ArmVmp : Match on catch block at 0xc3 in for 0xa1
01-12 14:59:45.298 24912 24912 E ArmVmp : Match on catch block at 0xc3 in for 0xa1
01-12 14:59:45.314 24912 24912 E ArmVmp : Match on catch block at 0xc3 in for 0xa5
01-12 14:59:45.326 24912 24912 E ArmVmp : Match on catch block at 0xc3 in for 0xa5
01-12 14:59:45.337 24912 24912 E ArmVmp : Match on catch block at 0xc3 in for 0xa9
01-12 14:59:45.351 24912 24912 E ArmVmp : Match on catch block at 0xc3 in for 0xa9
01-12 14:59:45.363 24912 24912 E ArmVmp : Match on catch block at 0xc3 in for 0xa1
01-12 14:59:45.379 24912 24912 E ArmVmp : Match on catch block at 0xc3 in for 0xa1
01-12 14:59:45.392 24912 24912 E ArmVmp : Match on catch block at 0xc3 in for 0xa5
01-12 14:59:45.409 24912 24912 E ArmVmp : Match on catch block at 0xc3 in for 0xa5
01-12 14:59:45.422 24912 24912 E ArmVmp : Match on catch block at 0xc3 in for 0xa9
01-12 14:59:45.440 24912 24912 E ArmVmp : Match on catch block at 0xc3 in for 0xa9
01-12 14:59:45.450 24912 24912 E ArmVmp : Match on catch block at 0xc3 in for 0xa1
01-12 14:59:45.469 24912 24912 E ArmVmp : Match on catch block at 0xc3 in for 0xa1
01-12 14:59:45.477 24912 24912 E ArmVmp : Match on catch block at 0xc3 in for 0xa5
01-12 14:59:45.494 24912 24912 E ArmVmp : Match on catch block at 0xc3 in for 0xa5
01-12 14:59:45.507 24912 24912 E ArmVmp : Match on catch block at 0xc3 in for 0xa9
01-12 14:59:45.529 24912 24912 E ArmVmp : Match on catch block at 0xc3 in for 0xa9
01-12 14:59:45.539 24912 24912 E ArmVmp : Match on catch block at 0xc3 in for 0xa1
01-12 14:59:45.560 24912 24912 E ArmVmp : Match on catch block at 0xc3 in for 0xa1
01-12 14:59:45.570 24912 24912 E ArmVmp : Match on catch block at 0xc3 in for 0xa5
01-12 14:59:45.844 24912 24912 E ArmVmp : Match on catch block at 0xc3 in for 0xa5
01-12 14:59:45.861 24912 24912 E ArmVmp : Match on catch block at 0xc3 in for 0xa9
01-12 14:59:46.007 24912 24912 E ArmVmp : Match on catch block at 0xc3 in for 0xa9
01-12 14:59:46.018 24912 24912 E ArmVmp : Match on catch block at 0xc3 in for 0xa1
01-12 14:59:46.454 24912 24922 E : [ZeroHung]zrhung_get_config: Get config
failed for wp[0x0008]
01-12 14:59:46.503 24912 24912 E ArmVmp : Match on catch block at 0xc3 in for 0xa9
01-12 14:59:46.513 24912 24912 E ArmVmp : Match on catch block at 0xc3 in for 0xa1
01-12 14:59:46.545 24912 24912 E ArmVmp : Match on catch block at 0xc3 in for 0xa5
01-12 14:59:46.563 24912 24912 E ArmVmp : Match on catch block at 0xc3 in for 0xa9
01-12 14:59:46.592 24912 24912 E ArmVmp : Match on catch block at 0xc3 in for 0xa1
01-12 14:59:46.606 24912 24912 E ArmVmp : Match on catch block at 0xc3 in for 0xa5
01-12 14:59:46.622 24912 24912 E ArmVmp : Match on catch block at 0xc3 in for 0xa9
01-12 14:59:46.633 24912 24912 E ArmVmp : Match on catch block at 0xc3 in for 0xa1
01-12 14:59:46.649 24912 24912 E ArmVmp : Match on catch block at 0xc3 in for 0xa5
01-12 14:59:46.659 24912 24912 E ArmVmp : Match on catch block at 0xc3 in for 0xa9
01-12 14:59:46.680 24912 24912 E ArmVmp : Match on catch block at 0xc3 in for 0xa1
01-12 14:59:46.690 24912 24912 E ArmVmp : Match on catch block at 0xc3 in for 0xa5
01-12 14:59:46.703 24912 24912 E ArmVmp : Match on catch block at 0xc3 in for 0xa9
01-12 14:59:46.713 24912 24912 E ArmVmp : Match on catch block at 0xc3 in for 0xa1
01-12 14:59:46.731 24912 24912 E ArmVmp : Match on catch block at 0xc3 in for 0xa5
01-12 14:59:46.742 24912 24912 E ArmVmp : Match on catch block at 0xc3 in for 0xa9
01-12 14:59:46.763 24912 24912 E ArmVmp : Match on catch block at 0xc3 in for 0xa1
01-12 14:59:46.774 24912 24912 E ArmVmp : Match on catch block at 0xc3 in for 0xa5
01-12 14:59:46.798 24912 24912 E ArmVmp : Match on catch block at 0xc3 in for 0xa5
01-12 14:59:46.808 24912 24912 E ArmVmp : Match on catch block at 0xc3 in for 0xa9
01-12 14:59:46.827 24912 24912 E ArmVmp : Match on catch block at 0xc3 in for 0xa1
01-12 14:59:46.839 24912 24912 E ArmVmp : Match on catch block at 0xc3 in for 0xa5
01-12 14:59:46.852 24912 24912 E ArmVmp : Match on catch block at 0xc3 in for 0xa9
01-12 14:59:46.862 24912 24912 E ArmVmp : Match on catch block at 0xc3 in for 0xa1
01-12 14:59:46.876 24912 24912 E ArmVmp : Match on catch block at 0xc3 in for 0xa5
01-12 14:59:46.885 24912 24912 E ArmVmp : Match on catch block at 0xc3 in for 0xa9
01-12 14:59:46.900 24912 24912 E ArmVmp : Match on catch block at 0xc3 in for 0xa1
01-12 14:59:46.916 24912 24912 E ArmVmp : Match on catch block at 0xc3 in for 0xa5
01-12 14:59:46.932 24912 24912 E ArmVmp : Match on catch block at 0xc3 in for 0xa9
01-12 14:59:46.941 24912 24912 E ArmVmp : Match on catch block at 0xc3 in for 0xa1
01-12 14:59:46.960 24912 24912 E ArmVmp : Match on catch block at 0xc3 in for 0xa5
01-12 14:59:46.973 24912 24912 E ArmVmp : Match on catch block at 0xc3 in for 0xa9
01-12 14:59:46.996 24912 24912 E ArmVmp : Match on catch block at 0xc3 in for 0xa5
01-12 14:59:47.007 24912 24912 E ArmVmp : Match on catch block at 0xc3 in for 0xa9
01-12 14:59:47.026 24912 24912 E ArmVmp : Match on catch block at 0xc3 in for 0xa5
01-12 14:59:47.035 24912 24912 E ArmVmp : Match on catch block at 0xc3 in for 0xa9
01-12 14:59:47.120 24912 24912 E ArmVmp : Match on catch block at 0xc3 in for 0xa1
01-12 14:59:47.130 24912 24912 E ArmVmp : Match on catch block at 0xc3 in for 0xa5
01-12 14:59:47.160 24912 24912 E ArmVmp : Match on catch block at 0xc3 in for 0xa5
01-12 14:59:47.168 24912 24912 E ArmVmp : Match on catch block at 0xc3 in for 0xa9
01-12 14:59:47.576 24912 24912 E ArmVmp : Match on catch block at 0xc3 in for 0xa9
01-12 14:59:47.592 24912 24912 E ArmVmp : Match on catch block at 0xc3 in for 0xa1
01-12 14:59:47.706 24912 24912 E ArmVmp : Match on catch block at 0xc3 in for 0xa5
01-12 14:59:47.716 24912 24912 E ArmVmp : Match on catch block at 0xc3 in for 0xa9
01-12 14:59:47.734 24912 24912 E ArmVmp : Match on catch block at 0xc3 in for 0xa9
01-12 14:59:47.745 24912 24912 E ArmVmp : Match on catch block at 0xc3 in for 0xa1
01-12 14:59:47.772 24912 24912 E ArmVmp : Match on catch block at 0xc3 in for 0xa1
01-12 14:59:47.784 24912 24912 E ArmVmp : Match on catch block at 0xc3 in for 0xa5
01-12 14:59:47.811 24912 24912 E ArmVmp : Match on catch block at 0xc3 in for 0xa5
01-12 14:59:47.822 24912 24912 E ArmVmp : Match on catch block at 0xc3 in for 0xa9
01-12 14:59:47.934 24912 25933 W HiTouch_HiTouchSensor: depended package hiTouch
does n't exist!
01-12 14:59:48.000 24912 24912 E ArmVmp : Match on catch block at 0xc3 in for 0xa9
01-12 14:59:48.012 24912 24912 E ArmVmp : Match on catch block at 0xc3 in for 0xa1
01-12 14:59:48.040 24912 24912 E ArmVmp : Match on catch block at 0xc3 in for 0xa1
01-12 14:59:48.052 24912 24912 E ArmVmp : Match on catch block at 0xc3 in for 0xa5
01-12 14:59:48.144 24912 24993 W libEGL : EGLNativeWindowType 0x71c62e4010
disconnect failed
01-12 14:59:48.160 24912 24912 E ArmVmp : Match on catch block at 0xc3 in for 0xa5
01-12 14:59:48.172 24912 24912 E ArmVmp : Match on catch block at 0xc3 in for 0xa9
01-12 14:59:48.194 24912 24912 E ArmVmp : Match on catch block at 0xc3 in for 0xa9
01-12 14:59:48.209 24912 24912 E ArmVmp : Match on catch block at 0xc3 in for 0xa1
01-12 14:59:48.287 24912 24993 W libEGL : EGLNativeWindowType 0x71c62e4010
disconnect failed
01-12 14:59:48.294 24912 24912 E ArmVmp : Match on catch block at 0xc3 in for 0xa5
01-12 14:59:48.311 24912 24912 E ArmVmp : Match on catch block at 0xc3 in for 0xa9
01-12 14:59:48.397 24912 24912 E ArmVmp : Match on catch block at 0xc3 in for 0xa9
01-12 14:59:48.408 24912 24912 E ArmVmp : Match on catch block at 0xc3 in for 0xa1
01-12 14:59:48.424 24912 24912 E ArmVmp : Match on catch block at 0xc3 in for 0xa1
01-12 14:59:48.441 24912 24912 E ArmVmp : Match on catch block at 0xc3 in for 0xa5
01-12 14:59:48.463 24912 24912 E ArmVmp : Match on catch block at 0xc3 in for 0xa5
01-12 14:59:48.475 24912 24912 E ArmVmp : Match on catch block at 0xc3 in for 0xa9
01-12 14:59:48.503 24912 24912 E ArmVmp : Match on catch block at 0xc3 in for 0xa9
01-12 14:59:48.520 24912 24912 E ArmVmp : Match on catch block at 0xc3 in for 0xa1
01-12 14:59:48.541 24912 24912 E ArmVmp : Match on catch block at 0xc3 in for 0xa1
01-12 14:59:48.554 24912 24912 E ArmVmp : Match on catch block at 0xc3 in for 0xa5
01-12 14:59:48.573 24912 24912 E ArmVmp : Match on catch block at 0xc3 in for 0xa5
01-12 14:59:48.587 24912 24912 E ArmVmp : Match on catch block at 0xc3 in for 0xa9
01-12 14:59:48.603 24912 24912 E ArmVmp : Match on catch block at 0xc3 in for 0xa9
01-12 14:59:48.613 24912 24912 E ArmVmp : Match on catch block at 0xc3 in for 0xa1
01-12 14:59:48.629 24912 24912 E ArmVmp : Match on catch block at 0xc3 in for 0xa1
01-12 14:59:48.639 24912 24912 E ArmVmp : Match on catch block at 0xc3 in for 0xa5
01-12 14:59:48.656 24912 24912 E ArmVmp : Match on catch block at 0xc3 in for 0xa5
01-12 14:59:48.673 24912 24912 E ArmVmp : Match on catch block at 0xc3 in for 0xa9
01-12 14:59:48.788 24912 24993 W libEGL : EGLNativeWindowType 0x71c62e4010
disconnect failed
01-12 14:59:48.879 24912 24912 E ArmVmp : Match on catch block at 0xc3 in for 0xa5
01-12 14:59:48.890 24912 24912 E ArmVmp : Match on catch block at 0xc3 in for 0xa9
01-12 14:59:49.029 24912 24912 E ArmVmp : Match on catch block at 0xc3 in for 0xa1
01-12 14:59:49.039 24912 24912 E ArmVmp : Match on catch block at 0xc3 in for 0xa5
01-12 14:59:49.070 24912 24912 E ArmVmp : Match on catch block at 0xc3 in for 0xa5
01-12 14:59:49.080 24912 24912 E ArmVmp : Match on catch block at 0xc3 in for 0xa9
01-12 14:59:49.106 24912 24912 E ArmVmp : Match on catch block at 0xc3 in for 0xa9
01-12 14:59:49.116 24912 24912 E ArmVmp : Match on catch block at 0xc3 in for 0xa1
01-12 14:59:49.140 24912 24912 E ArmVmp : Match on catch block at 0xc3 in for 0xa1
01-12 14:59:49.149 24912 24912 E ArmVmp : Match on catch block at 0xc3 in for 0xa5
01-12 14:59:49.184 24912 24912 E ArmVmp : Match on catch block at 0xc3 in for 0xa9
01-12 14:59:49.198 24912 24912 E ArmVmp : Match on catch block at 0xc3 in for 0xa1
01-12 14:59:49.214 24912 24912 E ArmVmp : Match on catch block at 0xc3 in for 0xa1
01-12 14:59:49.224 24912 24912 E ArmVmp : Match on catch block at 0xc3 in for 0xa5
01-12 14:59:49.240 24912 24912 E ArmVmp : Match on catch block at 0xc3 in for 0xa5
01-12 14:59:49.249 24912 24912 E ArmVmp : Match on catch block at 0xc3 in for 0xa9
01-12 14:59:49.266 24912 24912 E ArmVmp : Match on catch block at 0xc3 in for 0xa9
01-12 14:59:49.275 24912 24912 E ArmVmp : Match on catch block at 0xc3 in for 0xa1
01-12 14:59:49.291 24912 24912 E ArmVmp : Match on catch block at 0xc3 in for 0xa1
01-12 14:59:49.301 24912 24912 E ArmVmp : Match on catch block at 0xc3 in for 0xa5
01-12 14:59:49.318 24912 24912 E ArmVmp : Match on catch block at 0xc3 in for 0xa5
01-12 14:59:49.328 24912 24912 E ArmVmp : Match on catch block at 0xc3 in for 0xa9
01-12 14:59:49.347 24912 24912 E ArmVmp : Match on catch block at 0xc3 in for 0xa9
01-12 14:59:49.357 24912 24912 E ArmVmp : Match on catch block at 0xc3 in for 0xa1
01-12 14:59:49.370 24912 24912 E ArmVmp : Match on catch block at 0xc3 in for 0xa1
01-12 14:59:49.378 24912 24912 E ArmVmp : Match on catch block at 0xc3 in for 0xa5
01-12 14:59:49.401 24912 24912 E ArmVmp : Match on catch block at 0xc3 in for 0xa1
01-12 14:59:49.411 24912 24912 E ArmVmp : Match on catch block at 0xc3 in for 0xa5
01-12 14:59:49.428 24912 24912 E ArmVmp : Match on catch block at 0xc3 in for 0xa5
01-12 14:59:49.443 24912 24912 E ArmVmp : Match on catch block at 0xc3 in for 0xa9
01-12 14:59:49.462 24912 24912 E ArmVmp : Match on catch block at 0xc3 in for 0xa9
01-12 14:59:49.473 24912 24912 E ArmVmp : Match on catch block at 0xc3 in for 0xa1
01-12 14:59:49.726 24912 24912 W InputMethodManager: startInputReason = 1
01-12 14:59:49.759 24912 24912 E ArmVmp : Match on catch block at 0xc3 in for 0xa5
01-12 14:59:49.763 24912 24912 E ArmVmp : Match on catch block at 0xc3 in for 0xa9
01-12 14:59:49.996 24912 24993 W libEGL : EGLNativeWindowType 0x71af112010
disconnect failed
01-12 14:59:50.003 24912 24912 E ArmVmp : Match on catch block at 0xc3 in for 0xa5
01-12 14:59:50.008 24912 24912 E ArmVmp : Match on catch block at 0xc3 in for 0xa9
01-12 14:59:52.673 24912 24912 W InputMethodManager: startInputReason = 4
01-12 14:59:53.006 24912 24912 E SpannableStringBuilder: SPAN_EXCLUSIVE_EXCLUSIVE
spans cannot have a zero length
01-12 14:59:53.027 24912 24912 E SpannableStringBuilder: SPAN_EXCLUSIVE_EXCLUSIVE
spans cannot have a zero length
01-12 14:59:53.339 24912 24912 W StaticLayout: maxLineHeight should not be -1.
maxLines:1 lineCount:1
01-12 14:59:53.340 24912 24912 W StaticLayout: maxLineHeight should not be -1.
maxLines:1 lineCount:1
01-12 14:59:55.193 24912 24922 E : [ZeroHung]zrhung_get_config: Get config
failed for wp[0x0008]
01-12 14:59:55.440 24912 24922 E : [ZeroHung]zrhung_get_config: Get config
failed for wp[0x0008]
01-12 14:59:55.658 24912 24922 E : [ZeroHung]zrhung_get_config: Get config
failed for wp[0x0008]
01-12 14:59:56.487 24912 24912 E SpannableStringBuilder: SPAN_EXCLUSIVE_EXCLUSIVE
spans cannot have a zero length
01-12 14:59:56.552 24912 24922 E : [ZeroHung]zrhung_get_config: Get config
failed for wp[0x0008]
01-12 14:59:57.642 24912 24912 W StaticLayout: maxLineHeight should not be -1.
maxLines:1 lineCount:1
01-12 14:59:57.642 24912 24912 W StaticLayout: maxLineHeight should not be -1.
maxLines:1 lineCount:1
01-12 14:59:57.642 24912 24912 W StaticLayout: maxLineHeight should not be -1.
maxLines:1 lineCount:1
01-12 14:59:57.642 24912 24912 W StaticLayout: maxLineHeight should not be -1.
maxLines:1 lineCount:1
01-12 14:59:58.097 24912 24912 W InputMethodManager: startInputReason = 3
01-12 14:59:58.265 24912 24993 W libEGL : EGLNativeWindowType 0x719566b010
disconnect failed
01-12 14:59:58.555 24912 24912 E ArmVmp : Match on catch block at 0x0a in for 0xc5
01-12 14:59:58.574 24912 24912 E ArmVmp : Match on catch block at 0x0a in for
0x139
01-12 14:59:58.705 24912 25961 W HiTouch_HiTouchSensor: depended package hiTouch
does n't exist!
01-12 14:59:58.726 24912 24912 W StaticLayout: maxLineHeight should not be -1.
maxLines:1 lineCount:1
01-12 14:59:58.737 24912 24912 W StaticLayout: maxLineHeight should not be -1.
maxLines:1 lineCount:1
01-12 14:59:58.755 24912 24912 W StaticLayout: maxLineHeight should not be -1.
maxLines:1 lineCount:1
01-12 14:59:58.756 24912 24912 W StaticLayout: maxLineHeight should not be -1.
maxLines:1 lineCount:1
01-12 14:59:58.887 24912 24912 E RecyclerView: No adapter attached; skipping layout
01-12 14:59:58.888 24912 24912 W IInputConnectionWrapper: beginBatchEdit on
inactive InputConnection
01-12 14:59:58.888 24912 24912 W IInputConnectionWrapper: setComposingRegion on
inactive InputConnection
01-12 14:59:58.888 24912 24912 W IInputConnectionWrapper: endBatchEdit on inactive
InputConnection
01-12 14:59:58.888 24912 24912 W IInputConnectionWrapper: beginBatchEdit on
inactive InputConnection
01-12 14:59:58.888 24912 24912 W IInputConnectionWrapper: setComposingRegion on
inactive InputConnection
01-12 14:59:58.888 24912 24912 W IInputConnectionWrapper: endBatchEdit on inactive
InputConnection
01-12 14:59:58.888 24912 24912 W IInputConnectionWrapper: getExtractedText on
inactive InputConnection
01-12 14:59:58.931 24912 24912 E RecyclerView: No adapter attached; skipping layout
01-12 14:59:58.932 24912 24912 W View : requestLayout() improperly called by
androidx.appcompat.view.menu.ActionMenuItemView{b2f23fb VFED..C.. ......ID 291,0-
435,0 #7f0b0f8a app:id/menuitem_search} during layout: running second layout pass
01-12 14:59:58.932 24912 24912 W View : requestLayout() improperly called by
androidx.appcompat.widget.ActionMenuView{f2afc18 V.E...... ......ID 420,375-
1131,375} during layout: running second layout pass
01-12 14:59:59.031 24912 24912 W IInputConnectionWrapper: getTextBeforeCursor on
inactive InputConnection
01-12 14:59:59.033 24912 24912 E ArmVmp : Match on catch block at 0x0a in for 0xd1
01-12 14:59:59.039 24912 24912 W View : requestLayout() improperly called by
DecorView@a759066[HomeActivity] during second layout pass: posting in next frame
01-12 14:59:59.114 24912 24912 E ArmVmp : Match on catch block at 0x5b in for 0x85
01-12 14:59:59.148 24912 24912 W InputMethodManager: startInputReason = 1
01-12 14:59:59.160 24912 24912 W StaticLayout: maxLineHeight should not be -1.
maxLines:1 lineCount:1
01-12 14:59:59.161 24912 24912 W StaticLayout: maxLineHeight should not be -1.
maxLines:1 lineCount:1
01-12 15:00:01.512 24912 24912 W View : requestLayout() improperly called by
androidx.appcompat.view.menu.ActionMenuItemView{4626683 VFED..C.. ......ID 0,0-
144,0 #7f0b0f8a app:id/menuitem_search} during layout: running second layout pass
01-12 15:00:01.512 24912 24912 W View : requestLayout() improperly called by
androidx.appcompat.widget.ActionMenuView{f2afc18 V.E...... ......ID 711,375-
1131,375} during layout: running second layout pass
01-12 15:00:01.571 24912 24912 W View : requestLayout() improperly called by
DecorView@a759066[HomeActivity] during second layout pass: posting in next frame
01-12 15:00:01.744 24912 24912 W com.mbwhatsapp: Accessing hidden method
Landroid/view/View;->setTransitionVisibility(I)V (dark greylist, linking)
01-12 15:00:01.762 24912 24912 W StaticLayout: maxLineHeight should not be -1.
maxLines:1 lineCount:1
01-12 15:00:01.765 24912 24912 W StaticLayout: maxLineHeight should not be -1.
maxLines:1 lineCount:1
01-12 15:00:02.145 24912 24912 W View : requestLayout() improperly called by
androidx.appcompat.view.menu.ActionMenuItemView{4626683 VFED..C.. ......ID 0,0-
144,0 #7f0b0f8a app:id/menuitem_search} during layout: running second layout pass
01-12 15:00:02.145 24912 24912 W View : requestLayout() improperly called by
androidx.appcompat.widget.ActionMenuView{f2afc18 V.E...... ......ID 831,375-
1131,375} during layout: running second layout pass
01-12 15:00:02.230 24912 24912 W View : requestLayout() improperly called by
DecorView@a759066[HomeActivity] during second layout pass: posting in next frame
01-12 15:00:02.424 24912 24912 W StaticLayout: maxLineHeight should not be -1.
maxLines:1 lineCount:1
01-12 15:00:02.484 24912 24912 W StaticLayout: maxLineHeight should not be -1.
maxLines:1 lineCount:1
01-12 15:00:02.485 24912 24912 W StaticLayout: maxLineHeight should not be -1.
maxLines:1 lineCount:1
01-12 15:00:03.227 24912 24912 W View : requestLayout() improperly called by
androidx.appcompat.view.menu.ActionMenuItemView{4626683 VFED..C.. ......ID 291,0-
435,0 #7f0b0f8a app:id/menuitem_search} during layout: running second layout pass
01-12 15:00:03.228 24912 24912 W View : requestLayout() improperly called by
androidx.appcompat.widget.ActionMenuView{f2afc18 V.E...... ......ID 420,375-
1131,375} during layout: running second layout pass
01-12 15:00:03.278 24912 24912 W View : requestLayout() improperly called by
DecorView@a759066[HomeActivity] during second layout pass: posting in next frame
01-12 15:00:03.371 24912 24912 W StaticLayout: maxLineHeight should not be -1.
maxLines:1 lineCount:1
01-12 15:00:03.379 24912 24912 W StaticLayout: maxLineHeight should not be -1.
maxLines:1 lineCount:1
01-12 15:00:06.496 24912 24912 E ArmVmp : Match on catch block at 0x0a in for 0xe5
01-12 15:00:06.518 24912 24912 E ArmVmp : Match on catch block at 0x0a in for 0xd5
01-12 15:00:06.524 24912 25993 W HiTouch_HiTouchSensor: depended package hiTouch
does n't exist!
01-12 15:00:06.614 24912 24912 W InputMethodManager: startInputReason = 1
01-12 15:00:06.928 24912 24993 W libEGL : EGLNativeWindowType 0x7194ec5010
disconnect failed
01-12 15:00:06.959 24912 24912 W InputEventReceiver: Attempted to finish an input
event but the input event receiver has already been disposed.
01-12 15:00:06.960 24912 24912 W ViewRootImpl[HomeActivity]: Dropping event due to
root view being removed: MotionEvent { action=ACTION_MOVE, actionButton=0, id[0]=0,
x[0]=85.0, y[0]=-592.0, toolType[0]=TOOL_TYPE_FINGER, buttonState=0, metaState=0,
flags=0x0, edgeFlags=0x0, pointerCount=1, historySize=4, eventTime=346529880,
downTime=346529840, deviceId=6, source=0x1002 }
01-12 15:00:06.960 24912 24912 W InputEventReceiver: Attempted to finish an input
event but the input event receiver has already been disposed.
01-12 15:00:06.971 24912 24912 W InputMethodManager: startInputReason = 1
01-12 15:00:07.860 24912 24912 E ArmVmp : Match on catch block at 0x0a in for 0xe5
01-12 15:00:07.880 24912 24912 E ArmVmp : Match on catch block at 0x0a in for 0xd1
01-12 15:00:07.886 24912 25994 W HiTouch_HiTouchSensor: depended package hiTouch
does n't exist!
01-12 15:00:07.963 24912 24912 W InputMethodManager: startInputReason = 1
01-12 15:00:12.305 24912 24993 W libEGL : EGLNativeWindowType 0x71bef2f010
disconnect failed
01-12 15:00:12.400 24912 25997 W HiTouch_HiTouchSensor: depended package hiTouch
does n't exist!
01-12 15:00:12.453 24912 24912 W InputMethodManager: startInputReason = 1
01-12 15:00:13.544 24912 24993 W libEGL : EGLNativeWindowType 0x7180f60010
disconnect failed
01-12 15:00:13.572 24912 24912 W InputEventReceiver: Attempted to finish an input
event but the input event receiver has already been disposed.
01-12 15:00:13.572 24912 24912 W ViewRootImpl[HomeActivity]: Dropping event due to
root view being removed: MotionEvent { action=ACTION_MOVE, actionButton=0, id[0]=0,
x[0]=163.0, y[0]=-58.0, toolType[0]=TOOL_TYPE_FINGER, buttonState=0, metaState=0,
flags=0x0, edgeFlags=0x0, pointerCount=1, historySize=1, eventTime=346536496,
downTime=346536481, deviceId=6, source=0x1002 }
01-12 15:00:13.572 24912 24912 W InputEventReceiver: Attempted to finish an input
event but the input event receiver has already been disposed.
01-12 15:00:15.817 24912 24912 E ArmVmp : Match on catch block at 0x0a in for 0xe1
01-12 15:00:15.838 24912 24912 E ArmVmp : Match on catch block at 0x0a in for 0xd9
01-12 15:00:15.844 24912 26001 W HiTouch_HiTouchSensor: depended package hiTouch
does n't exist!
01-12 15:00:15.970 24912 24912 W InputMethodManager: startInputReason = 1
01-12 15:00:16.232 24912 24993 W libEGL : EGLNativeWindowType 0x7189854010
disconnect failed
01-12 15:00:16.260 24912 24912 W InputEventReceiver: Attempted to finish an input
event but the input event receiver has already been disposed.
01-12 15:00:16.261 24912 24912 W ViewRootImpl[HomeActivity]: Dropping event due to
root view being removed: MotionEvent { action=ACTION_MOVE, actionButton=0, id[0]=0,
x[0]=79.0, y[0]=-621.0, toolType[0]=TOOL_TYPE_FINGER, buttonState=0, metaState=0,
flags=0x0, edgeFlags=0x0, pointerCount=1, historySize=3, eventTime=346539185,
downTime=346539152, deviceId=6, source=0x1002 }
01-12 15:00:16.261 24912 24912 W InputEventReceiver: Attempted to finish an input
event but the input event receiver has already been disposed.
01-12 15:00:16.271 24912 24912 W InputMethodManager: startInputReason = 1
01-12 15:00:17.978 24912 24912 E ArmVmp : Match on catch block at 0x0a in for 0xe1
01-12 15:00:18.000 24912 24912 E ArmVmp : Match on catch block at 0x0a in for 0xd5
01-12 15:00:18.007 24912 26005 W HiTouch_HiTouchSensor: depended package hiTouch
does n't exist!
01-12 15:00:18.071 24912 24912 W InputMethodManager: startInputReason = 1
01-12 15:00:25.801 24912 24993 W libEGL : EGLNativeWindowType 0x71afaa0010
disconnect failed
01-12 15:00:25.901 24912 24912 E ArmVmp : Match on catch block at 0x0a in for
0x139
01-12 15:00:25.922 24912 26011 W HiTouch_HiTouchSensor: depended package hiTouch
does n't exist!
01-12 15:00:25.968 24912 24912 W InputMethodManager: startInputReason = 1
01-12 15:00:26.076 24912 24912 W InputMethodManager: startInputReason = 1
--------- beginning of system
01-12 14:58:33.958 24912 24912 W ViewRootImpl[MediaComposerActivity]: Dropping
event due to root view being removed: KeyEvent { action=ACTION_UP,
keyCode=KEYCODE_BACK, scanCode=0, metaState=0, flags=0x48, hwFlags=0x17,
repeatCount=0, eventTime=346436864, downTime=346436755, deviceId=-1, source=0x101 }
01-12 14:58:42.749 24912 24912 W ViewRootImpl[MediaComposerActivity]: Dropping
event due to root view being removed: KeyEvent { action=ACTION_UP,
keyCode=KEYCODE_BACK, scanCode=0, metaState=0, flags=0x48, hwFlags=0xf,
repeatCount=0, eventTime=346445645, downTime=346445591, deviceId=-1, source=0x101 }
--------- beginning of main
01-12 14:59:39.466 24912 24912 E ArmVmp : Match on catch block at 0xc3 in for 0xa9
01-12 14:59:39.488 24912 24912 E ArmVmp : Match on catch block at 0xc3 in for 0xa9
01-12 14:59:39.498 24912 24912 E ArmVmp : Match on catch block at 0xc3 in for 0xa1
01-12 14:59:39.517 24912 24912 E ArmVmp : Match on catch block at 0xc3 in for 0xa1
01-12 14:59:39.527 24912 24912 E ArmVmp : Match on catch block at 0xc3 in for 0xa5
01-12 14:59:39.622 24912 25921 W HiTouch_HiTouchSensor: depended package hiTouch
does n't exist!
01-12 14:59:39.672 24912 24912 E ArmVmp : Match on catch block at 0xc3 in for 0xa9
01-12 14:59:39.683 24912 24912 E ArmVmp : Match on catch block at 0xc3 in for 0xa1
01-12 14:59:39.706 24912 24912 W InputMethodManager: startInputReason = 1
01-12 14:59:39.738 24912 24912 E ArmVmp : Match on catch block at 0xc3 in for 0xa1
