01-12 14:48:34.099 20485 20485 E ArmVmp : Match on catch block at 0xc3 in for 0xb1
01-12 14:48:34.138 20485 20485 E ArmVmp : Match on catch block at 0xc3 in for 0xb9
01-12 14:48:34.152 20485 20485 E ArmVmp : Match on catch block at 0xc3 in for 0xa1
01-12 14:48:34.154 20485 20485 E ArmVmp : Match on catch block at 0xc3 in for 0xa9
01-12 14:48:34.195 20485 20485 E ArmVmp : Match on catch block at 0xc3 in for 0xa5
01-12 14:48:34.199 20485 20485 E ArmVmp : Match on catch block at 0xc3 in for 0xa9
01-12 14:48:34.228 20485 20485 E ArmVmp : Match on catch block at 0xc3 in for 0xa9
01-12 14:48:34.232 20485 20485 E ArmVmp : Match on catch block at 0xc3 in for 0xa1
01-12 14:48:34.247 20485 20485 W InputMethodManager: startInputReason = 1
01-12 14:48:34.255 20485 20485 E ArmVmp : Match on catch block at 0xc3 in for 0xa1
01-12 14:48:34.259 20485 20485 E ArmVmp : Match on catch block at 0xc3 in for 0xa5
01-12 14:48:34.275 20485 20485 E ArmVmp : Match on catch block at 0xc3 in for 0xa9
01-12 14:48:34.278 20485 20485 E ArmVmp : Match on catch block at 0xc3 in for 0xa1
01-12 14:48:34.287 20485 20485 E ArmVmp : Match on catch block at 0xc3 in for 0xa9
01-12 14:48:34.289 20485 20485 E ArmVmp : Match on catch block at 0xc3 in for 0xa1
01-12 14:48:34.299 20485 20485 E ArmVmp : Match on catch block at 0xc3 in for 0xa1
01-12 14:48:34.305 20485 20485 E ArmVmp : Match on catch block at 0xc3 in for 0xa5
01-12 14:48:34.315 20485 20485 E ArmVmp : Match on catch block at 0xc3 in for 0xa5
01-12 14:48:34.321 20485 20485 E ArmVmp : Match on catch block at 0xc3 in for 0xa9
01-12 14:48:34.332 20485 20485 E ArmVmp : Match on catch block at 0xc3 in for 0xa9
01-12 14:48:34.337 20485 20485 E ArmVmp : Match on catch block at 0xc3 in for 0xa1
01-12 14:48:34.443 20485 20568 W libEGL : EGLNativeWindowType 0x71c9b57010
disconnect failed
01-12 14:48:34.765 20485 20485 E ArmVmp : Match on catch block at 0xc3 in for 0xa1
01-12 14:48:34.784 20485 20485 E ArmVmp : Match on catch block at 0xc3 in for 0xa5
01-12 14:48:34.814 20485 20485 E ArmVmp : Match on catch block at 0xc3 in for 0xa5
01-12 14:48:34.835 20485 20485 E ArmVmp : Match on catch block at 0xc3 in for 0xa9
01-12 14:48:34.874 20485 20485 E ArmVmp : Match on catch block at 0xc3 in for 0xa1
01-12 14:48:34.886 20485 20485 E ArmVmp : Match on catch block at 0xc3 in for 0xa5
01-12 14:48:34.907 20485 20485 E ArmVmp : Match on catch block at 0xc3 in for 0xa9
01-12 14:48:34.919 20485 20485 E ArmVmp : Match on catch block at 0xc3 in for 0xa1
01-12 14:48:34.939 20485 20485 E ArmVmp : Match on catch block at 0xc3 in for 0xa5
01-12 14:48:34.952 20485 20485 E ArmVmp : Match on catch block at 0xc3 in for 0xa9
01-12 14:48:34.973 20485 20485 E ArmVmp : Match on catch block at 0xc3 in for 0xa1
01-12 14:48:34.984 20485 20485 E ArmVmp : Match on catch block at 0xc3 in for 0xa5
01-12 14:48:35.002 20485 20485 E ArmVmp : Match on catch block at 0xc3 in for 0xa9
01-12 14:48:35.019 20485 20485 E ArmVmp : Match on catch block at 0xc3 in for 0xa1
01-12 14:48:35.049 20485 20485 E ArmVmp : Match on catch block at 0xc3 in for 0xa5
01-12 14:48:35.063 20485 20485 E ArmVmp : Match on catch block at 0xc3 in for 0xa9
01-12 14:48:35.087 20485 20485 E ArmVmp : Match on catch block at 0xc3 in for 0xa1
01-12 14:48:35.098 20485 20485 E ArmVmp : Match on catch block at 0xc3 in for 0xa5
01-12 14:48:35.117 20485 20485 E ArmVmp : Match on catch block at 0xc3 in for 0xa9
01-12 14:48:35.126 20485 20485 E ArmVmp : Match on catch block at 0xc3 in for 0xa1
01-12 14:48:35.147 20485 20485 E ArmVmp : Match on catch block at 0xc3 in for 0xa5
01-12 14:48:35.162 20485 20485 E ArmVmp : Match on catch block at 0xc3 in for 0xa9
01-12 14:48:35.262 20485 20485 E ArmVmp : Match on catch block at 0xc3 in for 0xa9
01-12 14:48:35.275 20485 20485 E ArmVmp : Match on catch block at 0xc3 in for 0xa1
01-12 14:48:35.572 20485 20496 E : [ZeroHung]zrhung_get_config: Get config
failed for wp[0x0008]
01-12 14:48:35.648 20485 20485 E ArmVmp : Match on catch block at 0xc3 in for 0xa5
01-12 14:48:35.667 20485 20485 E ArmVmp : Match on catch block at 0xc3 in for 0xa9
01-12 14:48:35.740 20485 20485 E ArmVmp : Match on catch block at 0xc3 in for 0xa5
01-12 14:48:35.750 20485 20485 E ArmVmp : Match on catch block at 0xc3 in for 0xa9
01-12 14:48:35.778 20485 20485 E ArmVmp : Match on catch block at 0xc3 in for 0xa5
01-12 14:48:35.790 20485 20485 E ArmVmp : Match on catch block at 0xc3 in for 0xa9
01-12 14:48:35.887 20485 20485 E ArmVmp : Match on catch block at 0xc3 in for 0xa1
01-12 14:48:35.905 20485 20485 E ArmVmp : Match on catch block at 0xc3 in for 0xa5
01-12 14:48:35.964 20485 20485 E ArmVmp : Match on catch block at 0xc3 in for 0xa9
01-12 14:48:35.983 20485 20485 E ArmVmp : Match on catch block at 0xc3 in for 0xa1
01-12 14:48:36.023 20485 20485 E ArmVmp : Match on catch block at 0xc3 in for 0xa5
01-12 14:48:36.041 20485 20485 E ArmVmp : Match on catch block at 0xc3 in for 0xa9
01-12 14:48:36.098 20485 20485 E ArmVmp : Match on catch block at 0xc3 in for 0xa1
01-12 14:48:36.111 20485 20485 E ArmVmp : Match on catch block at 0xc3 in for 0xa5
01-12 14:48:36.198 20485 20485 E ArmVmp : Match on catch block at 0xc3 in for 0xa1
01-12 14:48:36.225 20485 20485 E ArmVmp : Match on catch block at 0xc3 in for 0xa5
01-12 14:48:36.448 20485 20485 E ArmVmp : Match on catch block at 0xc3 in for 0xa1
01-12 14:48:36.464 20485 20485 E ArmVmp : Match on catch block at 0xc3 in for 0xa5
01-12 14:48:36.941 20485 20485 E ArmVmp : Match on catch block at 0xc3 in for 0xa5
01-12 14:48:36.960 20485 20485 E ArmVmp : Match on catch block at 0xc3 in for 0xa9
01-12 14:48:37.116 20485 20485 E ArmVmp : Match on catch block at 0xc3 in for 0xa1
01-12 14:48:37.135 20485 20485 E ArmVmp : Match on catch block at 0xc3 in for 0xa5
01-12 14:48:37.196 20485 20485 E ArmVmp : Match on catch block at 0xc3 in for 0xa5
01-12 14:48:37.219 20485 20485 E ArmVmp : Match on catch block at 0xc3 in for 0xa9
01-12 14:48:37.267 20485 20568 W libEGL : EGLNativeWindowType 0x71c3a41010
disconnect failed
01-12 14:48:37.356 20485 20485 E ArmVmp : Match on catch block at 0xc3 in for 0xa1
01-12 14:48:37.373 20485 20485 E ArmVmp : Match on catch block at 0xc3 in for 0xa5
01-12 14:48:37.404 20485 20485 E ArmVmp : Match on catch block at 0xc3 in for 0xa5
01-12 14:48:37.420 20485 20485 E ArmVmp : Match on catch block at 0xc3 in for 0xa9
01-12 14:48:37.449 20485 20485 E ArmVmp : Match on catch block at 0xc3 in for 0xa9
01-12 14:48:37.470 20485 20485 E ArmVmp : Match on catch block at 0xc3 in for 0xa1
01-12 14:48:37.497 20485 20485 E ArmVmp : Match on catch block at 0xc3 in for 0xa1
01-12 14:48:37.512 20485 20485 E ArmVmp : Match on catch block at 0xc3 in for 0xa5
01-12 14:48:37.532 20485 20485 E ArmVmp : Match on catch block at 0xc3 in for 0xa5
01-12 14:48:37.550 20485 20485 E ArmVmp : Match on catch block at 0xc3 in for 0xa9
01-12 14:48:37.577 20485 20485 E ArmVmp : Match on catch block at 0xc3 in for 0xa9
01-12 14:48:37.598 20485 20485 E ArmVmp : Match on catch block at 0xc3 in for 0xa1
01-12 14:48:37.621 20485 20485 E ArmVmp : Match on catch block at 0xc3 in for 0xa1
01-12 14:48:37.639 20485 20485 E ArmVmp : Match on catch block at 0xc3 in for 0xa5
01-12 14:48:37.662 20485 20485 E ArmVmp : Match on catch block at 0xc3 in for 0xa5
01-12 14:48:37.674 20485 20485 E ArmVmp : Match on catch block at 0xc3 in for 0xa9
01-12 14:48:37.694 20485 20485 E ArmVmp : Match on catch block at 0xc3 in for 0xa9
01-12 14:48:37.712 20485 20485 E ArmVmp : Match on catch block at 0xc3 in for 0xa1
01-12 14:48:37.735 20485 20485 E ArmVmp : Match on catch block at 0xc3 in for 0xa1
01-12 14:48:37.746 20485 20485 E ArmVmp : Match on catch block at 0xc3 in for 0xa5
01-12 14:48:38.014 20485 20485 E ArmVmp : Match on catch block at 0xc3 in for 0xa9
01-12 14:48:38.032 20485 20485 E ArmVmp : Match on catch block at 0xc3 in for 0xa1
01-12 14:48:38.084 20485 20485 E ArmVmp : Match on catch block at 0xc3 in for 0xa5
01-12 14:48:38.104 20485 20485 E ArmVmp : Match on catch block at 0xc3 in for 0xa9
01-12 14:48:38.132 20485 20485 E ArmVmp : Match on catch block at 0xc3 in for 0xa9
01-12 14:48:38.151 20485 20485 E ArmVmp : Match on catch block at 0xc3 in for 0xa1
01-12 14:48:38.412 20485 20485 E ArmVmp : Match on catch block at 0xc3 in for 0xa1
01-12 14:48:38.432 20485 20485 E ArmVmp : Match on catch block at 0xc3 in for 0xa5
01-12 14:48:38.482 20485 20485 E ArmVmp : Match on catch block at 0xc3 in for 0xa1
01-12 14:48:38.490 20485 20485 E ArmVmp : Match on catch block at 0xc3 in for 0xa5
01-12 14:48:38.525 20485 20485 E ArmVmp : Match on catch block at 0xc3 in for 0xa5
01-12 14:48:38.536 20485 20485 E ArmVmp : Match on catch block at 0xc3 in for 0xa9
01-12 14:48:39.025 20485 20485 E ArmVmp : Match on catch block at 0xc3 in for 0xa9
01-12 14:48:39.048 20485 20485 E ArmVmp : Match on catch block at 0xc3 in for 0xa1
01-12 14:48:39.534 20485 20485 E ArmVmp : Match on catch block at 0xc3 in for 0xa1
01-12 14:48:39.553 20485 20485 E ArmVmp : Match on catch block at 0xc3 in for 0xa5
01-12 14:48:39.934 20485 20485 E ArmVmp : Match on catch block at 0xc3 in for 0xa5
01-12 14:48:39.958 20485 20485 E ArmVmp : Match on catch block at 0xc3 in for 0xa9
01-12 14:48:39.990 20485 20485 E ArmVmp : Match on catch block at 0xc3 in for 0xa1
01-12 14:48:40.008 20485 20485 E ArmVmp : Match on catch block at 0xc3 in for 0xa5
01-12 14:48:40.033 20485 20485 E ArmVmp : Match on catch block at 0xc3 in for 0xa5
01-12 14:48:40.051 20485 20485 E ArmVmp : Match on catch block at 0xc3 in for 0xa9
01-12 14:48:40.080 20485 20485 E ArmVmp : Match on catch block at 0xc3 in for 0xa9
01-12 14:48:40.095 20485 20485 E ArmVmp : Match on catch block at 0xc3 in for 0xa1
01-12 14:48:40.319 20485 20485 E ArmVmp : Match on catch block at 0xc3 in for 0xa1
01-12 14:48:40.343 20485 20485 E ArmVmp : Match on catch block at 0xc3 in for 0xa5
01-12 14:48:40.441 20485 20485 E ArmVmp : Match on catch block at 0xc3 in for 0xa5
01-12 14:48:40.463 20485 20485 E ArmVmp : Match on catch block at 0xc3 in for 0xa9
01-12 14:48:40.663 20485 20485 E ArmVmp : Match on catch block at 0xc3 in for 0xa9
01-12 14:48:40.682 20485 20485 E ArmVmp : Match on catch block at 0xc3 in for 0xa1
01-12 14:48:40.720 20485 20485 E ArmVmp : Match on catch block at 0xc3 in for 0xa9
01-12 14:48:40.740 20485 20485 E ArmVmp : Match on catch block at 0xc3 in for 0xa1
01-12 14:48:40.804 20485 20485 E ArmVmp : Match on catch block at 0xc3 in for 0xa1
01-12 14:48:40.815 20485 20485 E ArmVmp : Match on catch block at 0xc3 in for 0xa5
01-12 14:48:41.303 20485 20485 E ArmVmp : Match on catch block at 0xc3 in for 0xa5
01-12 14:48:41.321 20485 20485 E ArmVmp : Match on catch block at 0xc3 in for 0xa9
01-12 14:48:41.479 20485 20568 W libEGL : EGLNativeWindowType 0x71c3ad3010
disconnect failed
01-12 14:48:41.539 20485 20485 E ArmVmp : Match on catch block at 0xc3 in for 0xa5
01-12 14:48:41.557 20485 20485 E ArmVmp : Match on catch block at 0xc3 in for 0xa9
01-12 14:48:41.596 20485 20485 E ArmVmp : Match on catch block at 0xc3 in for 0xa9
01-12 14:48:41.618 20485 20485 E ArmVmp : Match on catch block at 0xc3 in for 0xa1
01-12 14:48:41.795 20485 20485 E ArmVmp : Match on catch block at 0xc3 in for 0xa1
01-12 14:48:41.814 20485 20485 E ArmVmp : Match on catch block at 0xc3 in for 0xa5
01-12 14:48:42.310 20485 20485 E ArmVmp : Match on catch block at 0xc3 in for 0xa5
01-12 14:48:42.335 20485 20485 E ArmVmp : Match on catch block at 0xc3 in for 0xa9
01-12 14:48:42.604 20485 20485 E ArmVmp : Match on catch block at 0xc3 in for 0xa1
01-12 14:48:42.622 20485 20485 E ArmVmp : Match on catch block at 0xc3 in for 0xa5
01-12 14:48:42.766 20485 20485 W ViewPager: Requested offscreen page limit 0 too
small; defaulting to 1
01-12 14:48:42.780 20485 20485 E ArmVmp : Match on catch block at 0xc3 in for 0xa5
01-12 14:48:42.799 20485 20485 E ArmVmp : Match on catch block at 0xc3 in for 0xa9
01-12 14:48:42.827 20485 20485 E ArmVmp : Match on catch block at 0xc3 in for 0xa9
01-12 14:48:42.840 20485 20485 E ArmVmp : Match on catch block at 0xc3 in for 0xa1
01-12 14:48:42.884 20485 20485 E ArmVmp : Match on catch block at 0xc3 in for 0xa1
01-12 14:48:42.899 20485 20485 E ArmVmp : Match on catch block at 0xc3 in for 0xa5
01-12 14:48:42.967 20485 20485 E ArmVmp : Match on catch block at 0xc3 in for 0xa5
01-12 14:48:42.986 20485 20485 E ArmVmp : Match on catch block at 0xc3 in for 0xa9
01-12 14:48:43.128 20485 20485 E RecyclerView: No layout manager attached; skipping
layout
01-12 14:48:43.131 20485 20485 E ArmVmp : Match on catch block at 0xc3 in for 0xa1
01-12 14:48:43.152 20485 20485 E ArmVmp : Match on catch block at 0xc3 in for 0xa5
01-12 14:48:43.188 20485 20485 E ArmVmp : Match on catch block at 0xc3 in for 0xa5
01-12 14:48:43.201 20485 20485 E ArmVmp : Match on catch block at 0xc3 in for 0xa9
01-12 14:48:43.445 20485 20485 E ArmVmp : Match on catch block at 0xc3 in for 0xa9
01-12 14:48:43.458 20485 20485 E ArmVmp : Match on catch block at 0xc3 in for 0xa1
01-12 14:48:43.500 20485 20485 E ArmVmp : Match on catch block at 0xc3 in for 0xa1
01-12 14:48:43.512 20485 20485 E ArmVmp : Match on catch block at 0xc3 in for 0xa5
01-12 14:48:43.533 20485 20485 E ArmVmp : Match on catch block at 0xc3 in for 0xa5
01-12 14:48:43.548 20485 20485 E ArmVmp : Match on catch block at 0xc3 in for 0xa9
01-12 14:48:43.564 20485 20485 E ArmVmp : Match on catch block at 0xc3 in for 0xa9
01-12 14:48:43.580 20485 20485 E ArmVmp : Match on catch block at 0xc3 in for 0xa1
01-12 14:48:43.652 20485 20485 E ArmVmp : Match on catch block at 0xc3 in for 0xa1
01-12 14:48:43.674 20485 20485 E ArmVmp : Match on catch block at 0xc3 in for 0xa5
01-12 14:48:43.925 20485 20485 E ArmVmp : Match on catch block at 0xc3 in for 0xa5
01-12 14:48:43.938 20485 20485 E ArmVmp : Match on catch block at 0xc3 in for 0xa9
01-12 14:48:44.002 20485 20485 E ArmVmp : Match on catch block at 0xc3 in for 0xa9
01-12 14:48:44.021 20485 20485 E ArmVmp : Match on catch block at 0xc3 in for 0xa1
01-12 14:48:44.468 20485 20485 E ArmVmp : Match on catch block at 0xc3 in for 0xa1
01-12 14:48:44.492 20485 20485 E ArmVmp : Match on catch block at 0xc3 in for 0xa5
01-12 14:48:44.534 20485 20485 E ArmVmp : Match on catch block at 0xc3 in for 0xa5
01-12 14:48:44.549 20485 20485 E ArmVmp : Match on catch block at 0xc3 in for 0xa9
01-12 14:48:44.577 20485 20485 E ArmVmp : Match on catch block at 0xc3 in for 0xa9
01-12 14:48:44.598 20485 20485 E ArmVmp : Match on catch block at 0xc3 in for 0xa1
01-12 14:48:44.621 20485 20485 E ArmVmp : Match on catch block at 0xc3 in for 0xa1
01-12 14:48:44.644 20485 20485 E ArmVmp : Match on catch block at 0xc3 in for 0xa5
01-12 14:48:44.671 20485 20485 E ArmVmp : Match on catch block at 0xc3 in for 0xa5
01-12 14:48:44.697 20485 20485 E ArmVmp : Match on catch block at 0xc3 in for 0xa9
01-12 14:48:44.722 20485 20485 E ArmVmp : Match on catch block at 0xc3 in for 0xa9
01-12 14:48:44.734 20485 20485 E ArmVmp : Match on catch block at 0xc3 in for 0xa1
01-12 14:48:44.749 20485 20485 E ArmVmp : Match on catch block at 0xc3 in for 0xa1
01-12 14:48:44.763 20485 20485 E ArmVmp : Match on catch block at 0xc3 in for 0xa5
01-12 14:48:44.781 20485 20485 E ArmVmp : Match on catch block at 0xc3 in for 0xa5
01-12 14:48:44.794 20485 20485 E ArmVmp : Match on catch block at 0xc3 in for 0xa9
01-12 14:48:44.810 20485 20485 E ArmVmp : Match on catch block at 0xc3 in for 0xa9
01-12 14:48:44.825 20485 20485 E ArmVmp : Match on catch block at 0xc3 in for 0xa1
01-12 14:48:44.984 20485 20485 E ArmVmp : Match on catch block at 0xc3 in for 0xa5
01-12 14:48:44.995 20485 20485 E ArmVmp : Match on catch block at 0xc3 in for 0xa9
01-12 14:48:45.125 20485 20485 E ArmVmp : Match on catch block at 0xc3 in for 0xa1
01-12 14:48:45.138 20485 20485 E ArmVmp : Match on catch block at 0xc3 in for 0xa5
01-12 14:48:45.173 20485 20664 W HiTouch_HiTouchSensor: depended package hiTouch
does n't exist!
01-12 14:48:45.332 20485 20485 E ArmVmp : Match on catch block at 0xc3 in for 0xa1
01-12 14:48:45.348 20485 20485 E ArmVmp : Match on catch block at 0xc3 in for 0xa5
01-12 14:48:45.545 20485 20485 W InputMethodManager: startInputReason = 1
01-12 14:48:45.609 20485 20485 E ArmVmp : Match on catch block at 0xc3 in for 0xa9
01-12 14:48:45.634 20485 20485 E ArmVmp : Match on catch block at 0xc3 in for 0xa1
01-12 14:48:45.728 20485 20485 E ArmVmp : Match on catch block at 0xc3 in for 0xa9
01-12 14:48:45.742 20485 20485 E ArmVmp : Match on catch block at 0xc3 in for 0xa1
01-12 14:48:45.830 20485 20485 E ArmVmp : Match on catch block at 0xc3 in for 0xa1
01-12 14:48:45.844 20485 20485 E ArmVmp : Match on catch block at 0xc3 in for 0xa5
01-12 14:48:45.891 20485 20485 W IInputConnectionWrapper: requestCursorAnchorInfo
on inactive InputConnection
01-12 14:48:46.915 20485 20485 W InputMethodManager: startInputReason = 4
01-12 14:48:47.421 20485 20485 E ArmVmp : Match on catch block at 0xc3 in for 0xa9
01-12 14:48:47.436 20485 20485 E ArmVmp : Match on catch block at 0xc3 in for 0xa1
01-12 14:48:47.505 20485 20485 E ArmVmp : Match on catch block at 0xc3 in for 0xa9
01-12 14:48:47.520 20485 20485 E ArmVmp : Match on catch block at 0xc3 in for 0xa1
01-12 14:48:47.633 20485 20485 E ArmVmp : Match on catch block at 0xc3 in for 0xa9
01-12 14:48:47.645 20485 20485 E ArmVmp : Match on catch block at 0xc3 in for 0xa1
01-12 14:48:48.342 20485 20568 W libEGL : EGLNativeWindowType 0x71af3b1010
disconnect failed
01-12 14:48:48.374 20485 20485 W InputMethodManager: startInputReason = 4
01-12 14:48:48.569 20485 20485 W IInputConnectionWrapper: requestCursorAnchorInfo
on inactive InputConnection
01-12 14:48:48.849 20485 20485 E ArmVmp : Match on catch block at 0xc3 in for 0xa1
01-12 14:48:48.863 20485 20485 E ArmVmp : Match on catch block at 0xc3 in for 0xa5
01-12 14:48:48.947 20485 20485 E ArmVmp : Match on catch block at 0xc3 in for 0xa1
01-12 14:48:48.968 20485 20485 E ArmVmp : Match on catch block at 0xc3 in for 0xa5
01-12 14:48:49.223 20485 20568 W libEGL : EGLNativeWindowType 0x71af3b1010
disconnect failed
01-12 14:48:50.362 20485 20485 E ArmVmp : Match on catch block at 0xc3 in for 0xa5
01-12 14:48:50.385 20485 20485 E ArmVmp : Match on catch block at 0xc3 in for 0xa9
01-12 14:48:50.442 20485 20485 E ArmVmp : Match on catch block at 0xc3 in for 0xa9
01-12 14:48:50.462 20485 20485 E ArmVmp : Match on catch block at 0xc3 in for 0xa1
01-12 14:48:50.539 20485 20485 E ArmVmp : Match on catch block at 0xc3 in for 0xa9
01-12 14:48:50.552 20485 20485 E ArmVmp : Match on catch block at 0xc3 in for 0xa1
01-12 14:48:50.617 20485 20485 E ArmVmp : Match on catch block at 0xc3 in for 0xa1
01-12 14:48:50.631 20485 20485 E ArmVmp : Match on catch block at 0xc3 in for 0xa5
01-12 14:48:50.741 20485 20485 E ArmVmp : Match on catch block at 0xc3 in for 0xa1
01-12 14:48:50.759 20485 20485 E ArmVmp : Match on catch block at 0xc3 in for 0xa5
01-12 14:48:53.365 20485 20568 W libEGL : EGLNativeWindowType 0x71ba181010
disconnect failed
01-12 14:48:53.460 20485 20485 E ArmVmp : Match on catch block at 0xc3 in for 0xa1
01-12 14:48:53.474 20485 20485 E ArmVmp : Match on catch block at 0xc3 in for 0xa5
01-12 14:48:53.525 20485 20485 W InputMethodManager: startInputReason = 1
01-12 14:48:53.564 20485 20485 E ArmVmp : Match on catch block at 0xc3 in for 0xa1
01-12 14:48:53.588 20485 20485 E ArmVmp : Match on catch block at 0xc3 in for 0xa5
01-12 14:48:53.620 20485 20485 W InputMethodManager: startInputReason = 3
01-12 14:48:53.651 20485 20485 W InputMethodManager: startInputReason = 3
01-12 14:48:53.687 20485 20485 E ArmVmp : Match on catch block at 0xc3 in for 0xa9
01-12 14:48:53.687 20485 20496 E : [ZeroHung]zrhung_get_config: Get config
failed for wp[0x0008]
01-12 14:48:53.702 20485 20485 E ArmVmp : Match on catch block at 0xc3 in for 0xa1
01-12 14:48:53.735 20485 20485 W IInputConnectionWrapper: requestCursorAnchorInfo
on inactive InputConnection
01-12 14:48:53.737 20485 20485 W InputMethodManager: startInputReason = 3
01-12 14:48:53.769 20485 20485 W InputMethodManager: startInputReason = 3
01-12 14:48:53.803 20485 20485 E ArmVmp : Match on catch block at 0xc3 in for 0xa5
01-12 14:48:53.816 20485 20485 E ArmVmp : Match on catch block at 0xc3 in for 0xa9
01-12 14:48:53.847 20485 20485 W IInputConnectionWrapper: requestCursorAnchorInfo
on inactive InputConnection
01-12 14:48:53.849 20485 20485 W InputMethodManager: startInputReason = 3
01-12 14:48:53.873 20485 20485 W InputMethodManager: startInputReason = 3
01-12 14:48:53.932 20485 20485 E ArmVmp : Match on catch block at 0xc3 in for 0xa5
01-12 14:48:53.941 20485 20485 E ArmVmp : Match on catch block at 0xc3 in for 0xa9
01-12 14:48:53.959 20485 20485 W IInputConnectionWrapper: getTextBeforeCursor on
inactive InputConnection
01-12 14:48:54.004 20485 20485 E ArmVmp : Match on catch block at 0xc3 in for 0xa9
01-12 14:48:54.012 20485 20485 E ArmVmp : Match on catch block at 0xc3 in for 0xa1
01-12 14:48:54.033 20485 20485 W InputMethodManager: startInputReason = 3
01-12 14:48:54.045 20485 20485 W InputMethodManager: startInputReason = 3
01-12 14:48:54.068 20485 20485 E ArmVmp : Match on catch block at 0xc3 in for 0xa5
01-12 14:48:54.084 20485 20485 E ArmVmp : Match on catch block at 0xc3 in for 0xa9
01-12 14:48:54.137 20485 20485 E ArmVmp : Match on catch block at 0xc3 in for 0xa5
01-12 14:48:54.151 20485 20485 E ArmVmp : Match on catch block at 0xc3 in for 0xa9
01-12 14:48:54.162 20485 20485 W IInputConnectionWrapper: getTextAfterCursor on
inactive InputConnection
01-12 14:48:54.208 20485 20485 E ArmVmp : Match on catch block at 0xc3 in for 0xa5
01-12 14:48:54.229 20485 20485 E ArmVmp : Match on catch block at 0xc3 in for 0xa9
01-12 14:48:54.260 20485 20485 W IInputConnectionWrapper: getSelectedText on
inactive InputConnection
01-12 14:48:54.276 20485 20485 E ArmVmp : Match on catch block at 0xc3 in for 0xa5
01-12 14:48:54.293 20485 20485 E ArmVmp : Match on catch block at 0xc3 in for 0xa9
01-12 14:48:54.340 20485 20485 E ArmVmp : Match on catch block at 0xc3 in for 0xa5
01-12 14:48:54.352 20485 20485 E ArmVmp : Match on catch block at 0xc3 in for 0xa9
01-12 14:48:54.405 20485 20485 E ArmVmp : Match on catch block at 0xc3 in for 0xa1
01-12 14:48:54.422 20485 20485 E ArmVmp : Match on catch block at 0xc3 in for 0xa5
01-12 14:48:54.492 20485 20485 E ArmVmp : Match on catch block at 0xc3 in for 0xa1
01-12 14:48:54.510 20485 20485 E ArmVmp : Match on catch block at 0xc3 in for 0xa5
01-12 14:48:54.541 20485 20485 W IInputConnectionWrapper: requestCursorAnchorInfo
on inactive InputConnection
01-12 14:48:54.566 20485 20485 E ArmVmp : Match on catch block at 0xc3 in for 0xa1
01-12 14:48:54.583 20485 20485 E ArmVmp : Match on catch block at 0xc3 in for 0xa5
01-12 14:48:54.635 20485 20485 E ArmVmp : Match on catch block at 0xc3 in for 0xa5
01-12 14:48:54.648 20485 20485 E ArmVmp : Match on catch block at 0xc3 in for 0xa9
01-12 14:48:54.669 20485 20485 W IInputConnectionWrapper: getTextBeforeCursor on
inactive InputConnection
01-12 14:48:54.701 20485 20485 E ArmVmp : Match on catch block at 0xc3 in for 0xa1
01-12 14:48:54.713 20485 20485 E ArmVmp : Match on catch block at 0xc3 in for 0xa5
01-12 14:48:54.763 20485 20485 E ArmVmp : Match on catch block at 0xc3 in for 0xa1
01-12 14:48:54.778 20485 20485 E ArmVmp : Match on catch block at 0xc3 in for 0xa5
01-12 14:48:54.823 20485 20485 E ArmVmp : Match on catch block at 0xc3 in for 0xa5
01-12 14:48:54.835 20485 20485 E ArmVmp : Match on catch block at 0xc3 in for 0xa9
01-12 14:48:54.852 20485 20485 W IInputConnectionWrapper: getTextAfterCursor on
inactive InputConnection
01-12 14:48:54.860 20485 20485 E ArmVmp : Match on catch block at 0xc3 in for 0xa5
01-12 14:48:54.873 20485 20485 E ArmVmp : Match on catch block at 0xc3 in for 0xa9
01-12 14:48:54.928 20485 20485 W IInputConnectionWrapper: getSelectedText on
inactive InputConnection
01-12 14:48:55.072 20485 20485 W IInputConnectionWrapper: requestCursorAnchorInfo
on inactive InputConnection
01-12 14:48:55.091 20485 20485 W IInputConnectionWrapper: getTextBeforeCursor on
inactive InputConnection
01-12 14:48:55.092 20485 20485 W IInputConnectionWrapper: getTextAfterCursor on
inactive InputConnection
01-12 14:48:55.094 20485 20485 W IInputConnectionWrapper: getSelectedText on
inactive InputConnection
01-12 14:48:55.185 20485 20485 E ArmVmp : Match on catch block at 0xc3 in for 0xa1
01-12 14:48:55.202 20485 20485 E ArmVmp : Match on catch block at 0xc3 in for 0xa5
01-12 14:48:55.246 20485 20485 W IInputConnectionWrapper: requestCursorAnchorInfo
on inactive InputConnection
01-12 14:48:55.265 20485 20485 W IInputConnectionWrapper: getTextBeforeCursor on
inactive InputConnection
01-12 14:48:55.266 20485 20485 W IInputConnectionWrapper: getTextAfterCursor on
inactive InputConnection
01-12 14:48:55.267 20485 20485 W IInputConnectionWrapper: getSelectedText on
inactive InputConnection
01-12 14:48:55.381 20485 20485 W IInputConnectionWrapper: requestCursorAnchorInfo
on inactive InputConnection
01-12 14:48:55.399 20485 20485 W IInputConnectionWrapper: getTextBeforeCursor on
inactive InputConnection
01-12 14:48:55.401 20485 20485 W IInputConnectionWrapper: getTextAfterCursor on
inactive InputConnection
01-12 14:48:55.402 20485 20485 W IInputConnectionWrapper: getSelectedText on
inactive InputConnection
01-12 14:48:55.492 20485 20485 W IInputConnectionWrapper: requestCursorAnchorInfo
on inactive InputConnection
01-12 14:48:55.508 20485 20485 W IInputConnectionWrapper: getTextBeforeCursor on
inactive InputConnection
01-12 14:48:55.509 20485 20485 W IInputConnectionWrapper: getTextAfterCursor on
inactive InputConnection
01-12 14:48:55.510 20485 20485 W IInputConnectionWrapper: getSelectedText on
inactive InputConnection
01-12 14:48:55.597 20485 20485 W IInputConnectionWrapper: requestCursorAnchorInfo
on inactive InputConnection
01-12 14:48:55.616 20485 20485 W IInputConnectionWrapper: getTextBeforeCursor on
inactive InputConnection
01-12 14:48:55.618 20485 20485 W IInputConnectionWrapper: getTextAfterCursor on
inactive InputConnection
01-12 14:48:55.620 20485 20485 W IInputConnectionWrapper: getSelectedText on
inactive InputConnection
01-12 14:48:55.678 20485 20485 E ArmVmp : Match on catch block at 0xc3 in for 0xa5
01-12 14:48:55.691 20485 20485 E ArmVmp : Match on catch block at 0xc3 in for 0xa9
01-12 14:48:55.714 20485 20485 W IInputConnectionWrapper: requestCursorAnchorInfo
on inactive InputConnection
01-12 14:48:55.737 20485 20485 W IInputConnectionWrapper: getTextBeforeCursor on
inactive InputConnection
01-12 14:48:55.739 20485 20485 W IInputConnectionWrapper: getTextAfterCursor on
inactive InputConnection
01-12 14:48:55.741 20485 20485 W IInputConnectionWrapper: getSelectedText on
inactive InputConnection
01-12 14:48:56.366 20485 20485 E ArmVmp : Match on catch block at 0xc3 in for 0xa9
01-12 14:48:56.388 20485 20485 E ArmVmp : Match on catch block at 0xc3 in for 0xa1
01-12 14:48:56.451 20485 20485 E ArmVmp : Match on catch block at 0xc3 in for 0xa9
01-12 14:48:56.478 20485 20485 E ArmVmp : Match on catch block at 0xc3 in for 0xa1
01-12 14:48:56.548 20485 20485 E ArmVmp : Match on catch block at 0xc3 in for 0xa1
01-12 14:48:56.573 20485 20485 E ArmVmp : Match on catch block at 0xc3 in for 0xa5
01-12 14:48:56.676 20485 20485 E ArmVmp : Match on catch block at 0xc3 in for 0xa5
01-12 14:48:56.690 20485 20485 E ArmVmp : Match on catch block at 0xc3 in for 0xa9
01-12 14:48:56.748 20485 20485 E ArmVmp : Match on catch block at 0xc3 in for 0xa9
01-12 14:48:56.760 20485 20485 E ArmVmp : Match on catch block at 0xc3 in for 0xa1
01-12 14:48:56.814 20485 20485 E ArmVmp : Match on catch block at 0xc3 in for 0xa1
01-12 14:48:56.825 20485 20485 E ArmVmp : Match on catch block at 0xc3 in for 0xa5
01-12 14:48:56.868 20485 20485 E ArmVmp : Match on catch block at 0xc3 in for 0xa5
01-12 14:48:56.878 20485 20485 E ArmVmp : Match on catch block at 0xc3 in for 0xa9
01-12 14:48:56.908 20485 20485 E ArmVmp : Match on catch block at 0xc3 in for 0xa9
01-12 14:48:56.918 20485 20485 E ArmVmp : Match on catch block at 0xc3 in for 0xa1
01-12 14:48:56.951 20485 20485 E ArmVmp : Match on catch block at 0xc3 in for 0xa1
01-12 14:48:56.959 20485 20485 E ArmVmp : Match on catch block at 0xc3 in for 0xa5
01-12 14:48:57.013 20485 20485 E ArmVmp : Match on catch block at 0xc3 in for 0xa5
01-12 14:48:57.024 20485 20485 E ArmVmp : Match on catch block at 0xc3 in for 0xa9
01-12 14:48:57.065 20485 20485 E ArmVmp : Match on catch block at 0xc3 in for 0xa1
01-12 14:48:57.077 20485 20485 E ArmVmp : Match on catch block at 0xc3 in for 0xa5
01-12 14:48:57.097 20485 20485 E ArmVmp : Match on catch block at 0xc3 in for 0xa5
01-12 14:48:57.113 20485 20485 E ArmVmp : Match on catch block at 0xc3 in for 0xa9
01-12 14:48:57.458 20485 20485 E ArmVmp : Match on catch block at 0xc3 in for 0xa9
01-12 14:48:57.482 20485 20485 E ArmVmp : Match on catch block at 0xc3 in for 0xa1
01-12 14:48:57.610 20485 20485 E ArmVmp : Match on catch block at 0xc3 in for 0xa1
01-12 14:48:57.628 20485 20485 E ArmVmp : Match on catch block at 0xc3 in for 0xa5
01-12 14:48:57.728 20485 20485 E ArmVmp : Match on catch block at 0xc3 in for 0xa1
01-12 14:48:57.746 20485 20485 E ArmVmp : Match on catch block at 0xc3 in for 0xa5
01-12 14:48:57.775 20485 20485 E ArmVmp : Match on catch block at 0xc3 in for 0xa9
01-12 14:48:57.793 20485 20485 E ArmVmp : Match on catch block at 0xc3 in for 0xa1
01-12 14:48:57.820 20485 20485 E ArmVmp : Match on catch block at 0xc3 in for 0xa5
01-12 14:48:57.836 20485 20485 E ArmVmp : Match on catch block at 0xc3 in for 0xa9
01-12 14:48:57.862 20485 20485 E ArmVmp : Match on catch block at 0xc3 in for 0xa1
01-12 14:48:57.883 20485 20485 E ArmVmp : Match on catch block at 0xc3 in for 0xa5
01-12 14:48:57.911 20485 20485 E ArmVmp : Match on catch block at 0xc3 in for 0xa5
01-12 14:48:57.929 20485 20485 E ArmVmp : Match on catch block at 0xc3 in for 0xa9
01-12 14:48:57.949 20485 20485 E ArmVmp : Match on catch block at 0xc3 in for 0xa1
01-12 14:48:57.965 20485 20485 E ArmVmp : Match on catch block at 0xc3 in for 0xa5
01-12 14:48:57.990 20485 20485 E ArmVmp : Match on catch block at 0xc3 in for 0xa9
01-12 14:48:58.005 20485 20485 E ArmVmp : Match on catch block at 0xc3 in for 0xa1
01-12 14:48:58.027 20485 20485 E ArmVmp : Match on catch block at 0xc3 in for 0xa5
01-12 14:48:58.046 20485 20485 E ArmVmp : Match on catch block at 0xc3 in for 0xa9
01-12 14:48:58.070 20485 20485 E ArmVmp : Match on catch block at 0xc3 in for 0xa1
01-12 14:48:58.088 20485 20485 E ArmVmp : Match on catch block at 0xc3 in for 0xa5
01-12 14:48:58.105 20485 20485 E ArmVmp : Match on catch block at 0xc3 in for 0xa9
01-12 14:48:58.122 20485 20485 E ArmVmp : Match on catch block at 0xc3 in for 0xa1
01-12 14:48:58.146 20485 20485 E ArmVmp : Match on catch block at 0xc3 in for 0xa9
01-12 14:48:58.162 20485 20485 E ArmVmp : Match on catch block at 0xc3 in for 0xa1
01-12 14:48:58.601 20485 20485 E ArmVmp : Match on catch block at 0xc3 in for 0xa1
01-12 14:48:58.620 20485 20485 E ArmVmp : Match on catch block at 0xc3 in for 0xa5
01-12 14:48:58.647 20485 20485 E ArmVmp : Match on catch block at 0xc3 in for 0xa5
01-12 14:48:58.664 20485 20485 E ArmVmp : Match on catch block at 0xc3 in for 0xa9
01-12 14:48:58.689 20485 20485 E ArmVmp : Match on catch block at 0xc3 in for 0xa9
01-12 14:48:58.708 20485 20485 E ArmVmp : Match on catch block at 0xc3 in for 0xa1
01-12 14:48:58.733 20485 20485 E ArmVmp : Match on catch block at 0xc3 in for 0xa1
01-12 14:48:58.751 20485 20485 E ArmVmp : Match on catch block at 0xc3 in for 0xa5
01-12 14:48:58.775 20485 20485 E ArmVmp : Match on catch block at 0xc3 in for 0xa5
01-12 14:48:58.793 20485 20485 E ArmVmp : Match on catch block at 0xc3 in for 0xa9
01-12 14:48:58.814 20485 20485 E ArmVmp : Match on catch block at 0xc3 in for 0xa9
01-12 14:48:58.832 20485 20485 E ArmVmp : Match on catch block at 0xc3 in for 0xa1
01-12 14:48:58.851 20485 20485 E ArmVmp : Match on catch block at 0xc3 in for 0xa1
01-12 14:48:58.862 20485 20485 E ArmVmp : Match on catch block at 0xc3 in for 0xa5
01-12 14:48:59.196 20485 20485 E ArmVmp : Match on catch block at 0xc3 in for 0xa5
01-12 14:48:59.217 20485 20485 E ArmVmp : Match on catch block at 0xc3 in for 0xa9
01-12 14:48:59.384 20485 20485 W InputMethodManager: startInputReason = 1
01-12 14:48:59.414 20485 20485 E ArmVmp : Match on catch block at 0xc3 in for 0xa1
01-12 14:48:59.416 20485 20485 E ArmVmp : Match on catch block at 0xc3 in for 0xa5
01-12 14:48:59.424 20485 20485 W IInputConnectionWrapper: requestCursorAnchorInfo
on inactive InputConnection
01-12 14:48:59.656 20485 20568 W libEGL : EGLNativeWindowType 0x71c9afe010
disconnect failed
01-12 14:48:59.662 20485 20485 E ArmVmp : Match on catch block at 0xc3 in for 0xa1
01-12 14:48:59.666 20485 20485 E ArmVmp : Match on catch block at 0xc3 in for 0xa5
01-12 14:49:01.868 20485 20695 W HiTouch_HiTouchSensor: depended package hiTouch
does n't exist!
01-12 14:49:01.948 20485 20568 W libEGL : EGLNativeWindowType 0x71ba3e2010
disconnect failed
01-12 14:49:02.178 20485 20696 W HiTouch_HiTouchSensor: depended package hiTouch
does n't exist!
01-12 14:49:02.828 20485 20568 W libEGL : EGLNativeWindowType 0x71975f7010
disconnect failed
01-12 14:49:02.966 20485 20698 W HiTouch_HiTouchSensor: depended package hiTouch
does n't exist!
01-12 14:49:03.252 20485 20568 W libEGL : EGLNativeWindowType 0x71ba3f8010
disconnect failed
01-12 14:49:03.536 20485 20496 E : [ZeroHung]zrhung_get_config: Get config
failed for wp[0x0008]
01-12 14:49:05.344 20485 20568 W libEGL : EGLNativeWindowType 0x71aff01010
disconnect failed
--------- beginning of system
01-12 14:42:46.210 17092 17092 W ViewRootImpl[HomeActivity]: Dropping event due to
root view being removed: MotionEvent { action=ACTION_MOVE, actionButton=0, id[0]=0,
x[0]=990.0, y[0]=-139.0, toolType[0]=TOOL_TYPE_FINGER, buttonState=0, metaState=0,
flags=0x0, edgeFlags=0x0, pointerCount=1, historySize=5, eventTime=345489124,
downTime=345489074, deviceId=6, source=0x1002 }
--------- beginning of main
01-12 14:48:55.508 20485 20485 W IInputConnectionWrapper: getTextBeforeCursor on
inactive InputConnection
01-12 14:48:55.509 20485 20485 W IInputConnectionWrapper: getTextAfterCursor on
inactive InputConnection
01-12 14:48:55.510 20485 20485 W IInputConnectionWrapper: getSelectedText on
inactive InputConnection
01-12 14:48:55.597 20485 20485 W IInputConnectionWrapper: requestCursorAnchorInfo
on inactive InputConnection
01-12 14:48:55.616 20485 20485 W IInputConnectionWrapper: getTextBeforeCursor on
inactive InputConnection
01-12 14:48:55.618 20485 20485 W IInputConnectionWrapper: getTextAfterCursor on
inactive InputConnection
01-12 14:48:55.620 20485 20485 W IInputConnectionWrapper: getSelectedText on
inactive InputConnection
01-12 14:48:55.678 20485 20485 E ArmVmp : Match on catch block at 0xc3 in for 0xa5
01-12 14:48:55.691 20485 20485 E ArmVmp : Match on catch block at 0xc3 in for 0xa9
01-12 14:48:55.714 20485 20485 W IInputConnectionWrapper: requestCursorAnchorInfo
on inactive InputConnection
01-12 14:48:55.737 20485 20485 W IInputConnectionWrapper: getTextBeforeCursor on
inactive InputConnection
01-12 14:48:55.739 20485 20485 W IInputConnectionWrapper: getTextAfterCursor on
inactive InputConnection
01-12 14:48:55.741 20485 20485 W IInputConnectionWrapper: getSelectedText on
inactive InputConnection
01-12 14:48:56.366 20485 20485 E ArmVmp : Match on catch block at 0xc3 in for 0xa9
01-12 14:48:56.388 20485 20485 E ArmVmp : Match on catch block at 0xc3 in for 0xa1
01-12 14:48:56.451 20485 20485 E ArmVmp : Match on catch block at 0xc3 in for 0xa9
01-12 14:48:56.478 20485 20485 E ArmVmp : Match on catch block at 0xc3 in for 0xa1
01-12 14:48:56.548 20485 20485 E ArmVmp : Match on catch block at 0xc3 in for 0xa1
01-12 14:48:56.573 20485 20485 E ArmVmp : Match on catch block at 0xc3 in for 0xa5
01-12 14:48:56.676 20485 20485 E ArmVmp : Match on catch block at 0xc3 in for 0xa5
01-12 14:48:56.690 20485 20485 E ArmVmp : Match on catch block at 0xc3 in for 0xa9
01-12 14:48:56.748 20485 20485 E ArmVmp : Match on catch block at 0xc3 in for 0xa9
01-12 14:48:56.760 20485 20485 E ArmVmp : Match on catch block at 0xc3 in for 0xa1
01-12 14:48:56.814 20485 20485 E ArmVmp : Match on catch block at 0xc3 in for 0xa1
01-12 14:48:56.825 20485 20485 E ArmVmp : Match on catch block at 0xc3 in for 0xa5
01-12 14:48:56.868 20485 20485 E ArmVmp : Match on catch block at 0xc3 in for 0xa5
01-12 14:48:56.878 20485 20485 E ArmVmp : Match on catch block at 0xc3 in for 0xa9
01-12 14:48:56.908 20485 20485 E ArmVmp : Match on catch block at 0xc3 in for 0xa9
01-12 14:48:56.918 20485 20485 E ArmVmp : Match on catch block at 0xc3 in for 0xa1
01-12 14:48:56.951 20485 20485 E ArmVmp : Match on catch block at 0xc3 in for 0xa1
01-12 14:48:56.959 20485 20485 E ArmVmp : Match on catch block at 0xc3 in for 0xa5
01-12 14:48:57.013 20485 20485 E ArmVmp : Match on catch block at 0xc3 in for 0xa5
01-12 14:48:57.024 20485 20485 E ArmVmp : Match on catch block at 0xc3 in for 0xa9
01-12 14:48:57.065 20485 20485 E ArmVmp : Match on catch block at 0xc3 in for 0xa1
01-12 14:48:57.077 20485 20485 E ArmVmp : Match on catch block at 0xc3 in for 0xa5
01-12 14:48:57.097 20485 20485 E ArmVmp : Match on catch block at 0xc3 in for 0xa5
01-12 14:48:57.113 20485 20485 E ArmVmp : Match on catch block at 0xc3 in for 0xa9
01-12 14:48:57.458 20485 20485 E ArmVmp : Match on catch block at 0xc3 in for 0xa9
01-12 14:48:57.482 20485 20485 E ArmVmp : Match on catch block at 0xc3 in for 0xa1
01-12 14:48:57.610 20485 20485 E ArmVmp : Match on catch block at 0xc3 in for 0xa1
01-12 14:48:57.628 20485 20485 E ArmVmp : Match on catch block at 0xc3 in for 0xa5
01-12 14:48:57.728 20485 20485 E ArmVmp : Match on catch block at 0xc3 in for 0xa1
01-12 14:48:57.746 20485 20485 E ArmVmp : Match on catch block at 0xc3 in for 0xa5
01-12 14:48:57.775 20485 20485 E ArmVmp : Match on catch block at 0xc3 in for 0xa9
01-12 14:48:57.793 20485 20485 E ArmVmp : Match on catch block at 0xc3 in for 0xa1
01-12 14:48:57.820 20485 20485 E ArmVmp : Match on catch block at 0xc3 in for 0xa5
01-12 14:48:57.836 20485 20485 E ArmVmp : Match on catch block at 0xc3 in for 0xa9
01-12 14:48:57.862 20485 20485 E ArmVmp : Match on catch block at 0xc3 in for 0xa1
01-12 14:48:57.883 20485 20485 E ArmVmp : Match on catch block at 0xc3 in for 0xa5
01-12 14:48:57.911 20485 20485 E ArmVmp : Match on catch block at 0xc3 in for 0xa5
01-12 14:48:57.929 20485 20485 E ArmVmp : Match on catch block at 0xc3 in for 0xa9
01-12 14:48:57.949 20485 20485 E ArmVmp : Match on catch block at 0xc3 in for 0xa1
01-12 14:48:57.965 20485 20485 E ArmVmp : Match on catch block at 0xc3 in for 0xa5
01-12 14:48:57.990 20485 20485 E ArmVmp : Match on catch block at 0xc3 in for 0xa9
01-12 14:48:58.005 20485 20485 E ArmVmp : Match on catch block at 0xc3 in for 0xa1
01-12 14:48:58.027 20485 20485 E ArmVmp : Match on catch block at 0xc3 in for 0xa5
01-12 14:48:58.046 20485 20485 E ArmVmp : Match on catch block at 0xc3 in for 0xa9
01-12 14:48:58.070 20485 20485 E ArmVmp : Match on catch block at 0xc3 in for 0xa1
01-12 14:48:58.088 20485 20485 E ArmVmp : Match on catch block at 0xc3 in for 0xa5
01-12 14:48:58.105 20485 20485 E ArmVmp : Match on catch block at 0xc3 in for 0xa9
01-12 14:48:58.122 20485 20485 E ArmVmp : Match on catch block at 0xc3 in for 0xa1
01-12 14:48:58.146 20485 20485 E ArmVmp : Match on catch block at 0xc3 in for 0xa9
01-12 14:48:58.162 20485 20485 E ArmVmp : Match on catch block at 0xc3 in for 0xa1
01-12 14:48:58.601 20485 20485 E ArmVmp : Match on catch block at 0xc3 in for 0xa1
01-12 14:48:58.620 20485 20485 E ArmVmp : Match on catch block at 0xc3 in for 0xa5
01-12 14:48:58.647 20485 20485 E ArmVmp : Match on catch block at 0xc3 in for 0xa5
01-12 14:48:58.664 20485 20485 E ArmVmp : Match on catch block at 0xc3 in for 0xa9
01-12 14:48:58.689 20485 20485 E ArmVmp : Match on catch block at 0xc3 in for 0xa9
01-12 14:48:58.708 20485 20485 E ArmVmp : Match on catch block at 0xc3 in for 0xa1
01-12 14:48:58.733 20485 20485 E ArmVmp : Match on catch block at 0xc3 in for 0xa1
01-12 14:48:58.751 20485 20485 E ArmVmp : Match on catch block at 0xc3 in for 0xa5
01-12 14:48:58.775 20485 20485 E ArmVmp : Match on catch block at 0xc3 in for 0xa5
01-12 14:48:58.793 20485 20485 E ArmVmp : Match on catch block at 0xc3 in for 0xa9
01-12 14:48:58.814 20485 20485 E ArmVmp : Match on catch block at 0xc3 in for 0xa9
01-12 14:48:58.832 20485 20485 E ArmVmp : Match on catch block at 0xc3 in for 0xa1
01-12 14:48:58.851 20485 20485 E ArmVmp : Match on catch block at 0xc3 in for 0xa1
01-12 14:48:58.862 20485 20485 E ArmVmp : Match on catch block at 0xc3 in for 0xa5
01-12 14:48:59.196 20485 20485 E ArmVmp : Match on catch block at 0xc3 in for 0xa5
01-12 14:48:59.217 20485 20485 E ArmVmp : Match on catch block at 0xc3 in for 0xa9
01-12 14:48:59.384 20485 20485 W InputMethodManager: startInputReason = 1
01-12 14:48:59.414 20485 20485 E ArmVmp : Match on catch block at 0xc3 in for 0xa1
01-12 14:48:59.416 20485 20485 E ArmVmp : Match on catch block at 0xc3 in for 0xa5
01-12 14:48:59.424 20485 20485 W IInputConnectionWrapper: requestCursorAnchorInfo
on inactive InputConnection
01-12 14:48:59.656 20485 20568 W libEGL : EGLNativeWindowType 0x71c9afe010
disconnect failed
01-12 14:48:59.662 20485 20485 E ArmVmp : Match on catch block at 0xc3 in for 0xa1
01-12 14:48:59.666 20485 20485 E ArmVmp : Match on catch block at 0xc3 in for 0xa5
01-12 14:49:01.868 20485 20695 W HiTouch_HiTouchSensor: depended package hiTouch
does n't exist!
01-12 14:49:01.948 20485 20568 W libEGL : EGLNativeWindowType 0x71ba3e2010
disconnect failed
01-12 14:49:02.178 20485 20696 W HiTouch_HiTouchSensor: depended package hiTouch
does n't exist!
01-12 14:49:02.828 20485 20568 W libEGL : EGLNativeWindowType 0x71975f7010
disconnect failed
01-12 14:49:02.966 20485 20698 W HiTouch_HiTouchSensor: depended package hiTouch
does n't exist!
01-12 14:49:03.252 20485 20568 W libEGL : EGLNativeWindowType 0x71ba3f8010
disconnect failed
01-12 14:49:03.536 20485 20496 E : [ZeroHung]zrhung_get_config: Get config
failed for wp[0x0008]
01-12 14:49:05.344 20485 20568 W libEGL : EGLNativeWindowType 0x71aff01010
disconnect failed
01-12 14:49:07.445 20751 20751 E com.mbwhatsapp: Not starting debugger since
process cannot load the jdwp agent.
01-12 14:49:07.573 20751 20751 W System.err: java.lang.ClassNotFoundException:
mbmodsd.mbmodsw.ui.views.btn.BtnBK
01-12 14:49:07.574 20751 20751 W System.err: at
java.lang.VMClassLoader.findLoadedClass(Native Method)
01-12 14:49:07.574 20751 20751 W System.err: at
java.lang.ClassLoader.findLoadedClass(ClassLoader.java:738)
01-12 14:49:07.574 20751 20751 W System.err: at
java.lang.ClassLoader.loadClass(ClassLoader.java:363)
01-12 14:49:07.574 20751 20751 W System.err: at
java.lang.ClassLoader.loadClass(ClassLoader.java:312)
01-12 14:49:07.574 20751 20751 W System.err: at
java.lang.Runtime.nativeLoad(Native Method)
01-12 14:49:07.574 20751 20751 W System.err: at
java.lang.Runtime.loadLibrary0(Runtime.java:1014)
01-12 14:49:07.574 20751 20751 W System.err: at
java.lang.System.loadLibrary(System.java:1672)
01-12 14:49:07.574 20751 20751 W System.err: at arm.EpicVm.<clinit>(Unknown
Source:2)
01-12 14:49:07.574 20751 20751 W System.err: at
java.lang.Class.newInstance(Native Method)
01-12 14:49:07.574 20751 20751 W System.err: at
android.app.AppComponentFactory.instantiateApplication(AppComponentFactory.java:50)
01-12 14:49:07.574 20751 20751 W System.err: at
androidx.core.app.CoreComponentFactory.instantiateApplication(Unknown Source:0)
01-12 14:49:07.574 20751 20751 W System.err: at
android.app.Instrumentation.newApplication(Instrumentation.java:1127)
01-12 14:49:07.574 20751 20751 W System.err: at
android.app.LoadedApk.makeApplication(LoadedApk.java:1175)
01-12 14:49:07.574 20751 20751 W System.err: at
android.app.ActivityThread.handleBindApplication(ActivityThread.java:6688)
01-12 14:49:07.574 20751 20751 W System.err: at
android.app.ActivityThread.access$2000(ActivityThread.java:273)
01-12 14:49:07.574 20751 20751 W System.err: at
android.app.ActivityThread$H.handleMessage(ActivityThread.java:2020)
01-12 14:49:07.574 20751 20751 W System.err: at
android.os.Handler.dispatchMessage(Handler.java:112)
01-12 14:49:07.574 20751 20751 W System.err: at
android.os.Looper.loop(Looper.java:216)
01-12 14:49:07.574 20751 20751 W System.err: at
android.app.ActivityThread.main(ActivityThread.java:7625)
01-12 14:49:07.574 20751 20751 W System.err: at
java.lang.reflect.Method.invoke(Native Method)
01-12 14:49:07.574 20751 20751 W System.err: at
com.android.internal.os.RuntimeInit$MethodAndArgsCaller.run(RuntimeInit.java:524)
01-12 14:49:07.574 20751 20751 W System.err: at
com.android.internal.os.ZygoteInit.main(ZygoteInit.java:987)
01-12 14:49:07.574 20751 20751 W System.err: Caused by:
java.lang.NoClassDefFoundError: Failed resolution of:
Lcom/mbwhatsapp/components/Button;
01-12 14:49:07.574 20751 20751 W System.err: ... 18 more
01-12 14:49:07.574 20751 20751 W System.err: Caused by:
java.lang.ClassNotFoundException: Didn't find class
"com.mbwhatsapp.components.Button" on path: DexPathList[[zip file
"/system/framework/org.apache.http.legacy.boot.jar", zip file
"/data/app/com.mbwhatsapp-VY7ChigobaqCIxu7uQ4Gbg==/base.apk"],nativeLibraryDirector
ies=[/data/app/com.mbwhatsapp-VY7ChigobaqCIxu7uQ4Gbg==/lib/arm64,
/data/app/com.mbwhatsapp-VY7ChigobaqCIxu7uQ4Gbg==/base.apk!/lib/arm64-v8a,
/system/lib64, /product/lib64]]
01-12 14:49:07.574 20751 20751 W System.err: at
dalvik.system.BaseDexClassLoader.findClass(BaseDexClassLoader.java:134)
01-12 14:49:07.574 20751 20751 W System.err: at
java.lang.ClassLoader.loadClass(ClassLoader.java:379)
01-12 14:49:07.574 20751 20751 W System.err: at
java.lang.ClassLoader.loadClass(ClassLoader.java:312)
01-12 14:49:07.574 20751 20751 W System.err: ... 18 more
01-12 14:49:07.588 20751 20751 E CustomActivityOnCrash: IMPORTANT WARNING! You
already have an UncaughtExceptionHandler, are you sure this is correct? If you use
a custom UncaughtExceptionHandler, you must initialize it AFTER
CustomActivityOnCrash! Installing anyway, but your original handler will not be
called.
01-12 14:49:07.614 20751 20772 E AwareLog: AtomicFileUtils: readFileLines file not
exist: android.util.AtomicFile@14cb34e
01-12 14:49:07.615 20751 20772 E AwareLog: AtomicFileUtils: readFileLines file not
exist: android.util.AtomicFile@89e4c6f
01-12 14:49:07.711 20751 20762 E : [ZeroHung]zrhung_get_config: Get config
failed for wp[0x0008]
01-12 14:49:07.841 20751 20762 E : [ZeroHung]zrhung_get_config: Get config
failed for wp[0x0008]
01-12 14:49:07.929 20751 20751 W linker : Warning:
"/data/data/com.mbwhatsapp/files/decompressed/libs.spk.zst/libc++_shared.so" unused
DT entry: unknown processor-specific (type 0x70000001 arg 0x0) (ignoring)
01-12 14:49:07.983 20751 20762 E : [ZeroHung]zrhung_get_config: Get config
failed for wp[0x0008]
01-12 14:49:08.137 20751 20766 E MemoryLeakMonitorManager: MemoryLeakMonitor.jar is
not exist!
01-12 14:49:08.182 20751 20805 W com.mbwhatsapp: Class X.2rL failed lock
verification and will run slower.
01-12 14:49:08.182 20751 20805 W com.mbwhatsapp: Common causes for lock
verification issues are non-optimized dex code
01-12 14:49:08.182 20751 20805 W com.mbwhatsapp: and incorrect proguard
optimizations.
01-12 14:49:08.207 20751 20762 E : [ZeroHung]zrhung_get_config: Get config
failed for wp[0x0008]
01-12 14:49:08.435 20751 20762 E : [ZeroHung]zrhung_get_config: Get config
failed for wp[0x0008]
01-12 14:49:08.676 20751 20762 E : [ZeroHung]zrhung_get_config: Get config
failed for wp[0x0008]
01-12 14:49:08.979 20751 20762 E : [ZeroHung]zrhung_get_config: Get config
failed for wp[0x0008]
01-12 14:49:09.658 20751 20762 E : [ZeroHung]zrhung_get_config: Get config
failed for wp[0x0008]
01-12 14:49:12.480 20751 20762 E : [ZeroHung]zrhung_get_config: Get config
failed for wp[0x0008]
01-12 14:49:51.029 20751 20751 W ActivityThread: handleWindowVisibility: no
activity for token android.os.BinderProxy@302fddd
01-12 14:49:51.047 20751 21071 E : [ZeroHung]zrhung_get_config: Get config
failed for wp[0x0102]
01-12 14:49:51.047 20751 21071 W ZrHung.AppEyeUiProbe: Failed to get config from
zrhung
01-12 14:49:51.059 20751 20751 W com.mbwhatsapp: Class X.0eU failed lock
verification and will run slower.
01-12 14:49:51.068 20751 20751 W com.mbwhatsapp: Accessing hidden method
Landroid/content/res/Resources$Theme;->rebase()V (dark greylist, reflection)
01-12 14:49:51.113 20751 20751 W ActivityThread: handleWindowVisibility: no
activity for token android.os.BinderProxy@ad37403
01-12 14:49:51.114 20751 20762 E : [ZeroHung]zrhung_get_config: Get config
failed for wp[0x0008]
01-12 14:49:51.158 20751 20751 W com.mbwhatsapp: Class com.mbwhatsapp.HomeActivity
failed lock verification and will run slower.
01-12 14:49:51.370 20751 20751 E ArmVmp : Match on catch block at 0x0a in for 0xc5
01-12 14:49:51.385 20751 20751 E ArmVmp : Match on catch block at 0x0a in for
0x139
01-12 14:49:51.468 20751 20762 E : [ZeroHung]zrhung_get_config: Get config
failed for wp[0x0008]
01-12 14:49:51.527 20751 21092 W HiTouch_HiTouchSensor: depended package hiTouch
does n't exist!
01-12 14:49:51.649 20751 20751 W StaticLayout: maxLineHeight should not be -1.
maxLines:1 lineCount:1
01-12 14:49:51.664 20751 20751 W StaticLayout: maxLineHeight should not be -1.
maxLines:1 lineCount:1
01-12 14:49:51.683 20751 20751 W StaticLayout: maxLineHeight should not be -1.
maxLines:1 lineCount:1
01-12 14:49:51.683 20751 20751 W StaticLayout: maxLineHeight should not be -1.
maxLines:1 lineCount:1
01-12 14:49:51.883 20751 20751 E RecyclerView: No adapter attached; skipping layout
01-12 14:49:51.894 20751 20751 E ArmVmp : Match on catch block at 0x0a in for 0xd1
01-12 14:49:51.935 20751 20751 E RecyclerView: No adapter attached; skipping layout
01-12 14:49:51.937 20751 20751 W View : requestLayout() improperly called by
androidx.appcompat.view.menu.ActionMenuItemView{9e25d7b VFED..C.. ......ID 291,0-
435,0 #7f0b0f8a app:id/menuitem_search} during layout: running second layout pass
