01-12 15:01:34.335 26086 26086 E ArmVmp : Match on catch block at 0x0a in for 0xc5
01-12 15:01:34.384 26086 26086 E ArmVmp : Match on catch block at 0xc3 in for 0xa9
01-12 15:01:34.388 26086 26086 E ArmVmp : Match on catch block at 0xc3 in for 0xa1
01-12 15:01:34.395 26086 26086 E ArmVmp : Match on catch block at 0xc3 in for 0xa9
01-12 15:01:34.399 26086 26086 E ArmVmp : Match on catch block at 0xc3 in for 0xa1
01-12 15:01:34.418 26086 26086 W InputMethodManager: startInputReason = 1
01-12 15:01:34.438 26086 26086 E ArmVmp : Match on catch block at 0xc3 in for 0xa5
01-12 15:01:34.441 26086 26086 E ArmVmp : Match on catch block at 0xc3 in for 0xa9
01-12 15:01:34.457 26086 26086 E ArmVmp : Match on catch block at 0xc3 in for 0xa9
01-12 15:01:34.464 26086 26086 E ArmVmp : Match on catch block at 0xc3 in for 0xa1
01-12 15:01:34.470 26086 26086 E SpannableStringBuilder: SPAN_EXCLUSIVE_EXCLUSIVE
spans cannot have a zero length
01-12 15:01:34.473 26086 26086 E ArmVmp : Match on catch block at 0xc3 in for 0xa1
01-12 15:01:34.477 26086 26086 E ArmVmp : Match on catch block at 0xc3 in for 0xa5
01-12 15:01:34.482 26086 26086 E SpannableStringBuilder: SPAN_EXCLUSIVE_EXCLUSIVE
spans cannot have a zero length
01-12 15:01:34.490 26086 26086 E ArmVmp : Match on catch block at 0xc3 in for 0xa5
01-12 15:01:34.496 26086 26086 E ArmVmp : Match on catch block at 0xc3 in for 0xa9
01-12 15:01:34.519 26086 26086 E ArmVmp : Match on catch block at 0xc3 in for 0xa9
01-12 15:01:34.523 26086 26086 E ArmVmp : Match on catch block at 0xc3 in for 0xa1
01-12 15:01:34.533 26086 26086 E ArmVmp : Match on catch block at 0xc3 in for 0xa9
01-12 15:01:34.538 26086 26086 E ArmVmp : Match on catch block at 0xc3 in for 0xa1
01-12 15:01:34.555 26086 26086 E ArmVmp : Match on catch block at 0xc3 in for 0xa1
01-12 15:01:34.561 26086 26086 E ArmVmp : Match on catch block at 0xc3 in for 0xa5
01-12 15:01:34.572 26086 26086 E ArmVmp : Match on catch block at 0xc3 in for 0xa5
01-12 15:01:34.576 26086 26086 E ArmVmp : Match on catch block at 0xc3 in for 0xa9
01-12 15:01:34.589 26086 26086 E ArmVmp : Match on catch block at 0xc3 in for 0xa9
01-12 15:01:34.593 26086 26086 E ArmVmp : Match on catch block at 0xc3 in for 0xa1
01-12 15:01:34.605 26086 26086 E ArmVmp : Match on catch block at 0xc3 in for 0xa1
01-12 15:01:34.608 26086 26086 E ArmVmp : Match on catch block at 0xc3 in for 0xa5
01-12 15:01:34.621 26086 26086 E ArmVmp : Match on catch block at 0xc3 in for 0xa5
01-12 15:01:34.626 26086 26086 E ArmVmp : Match on catch block at 0xc3 in for 0xa9
01-12 15:01:34.638 26086 26086 E ArmVmp : Match on catch block at 0xc3 in for 0xa9
01-12 15:01:34.642 26086 26086 E ArmVmp : Match on catch block at 0xc3 in for 0xa1
01-12 15:01:34.654 26086 26086 E ArmVmp : Match on catch block at 0xc3 in for 0xa1
01-12 15:01:34.657 26086 26086 E ArmVmp : Match on catch block at 0xc3 in for 0xa5
01-12 15:01:34.663 26086 26245 W libEGL : EGLNativeWindowType 0x718d941010
disconnect failed
01-12 15:01:34.942 26086 26086 E ArmVmp : Match on catch block at 0xc3 in for 0xa5
01-12 15:01:34.957 26086 26086 E ArmVmp : Match on catch block at 0xc3 in for 0xa9
01-12 15:01:35.172 26086 26086 E ArmVmp : Match on catch block at 0xc3 in for 0xa9
01-12 15:01:35.189 26086 26086 E ArmVmp : Match on catch block at 0xc3 in for 0xa1
01-12 15:01:35.219 26086 26086 E ArmVmp : Match on catch block at 0xc3 in for 0xa1
01-12 15:01:35.230 26086 26086 E ArmVmp : Match on catch block at 0xc3 in for 0xa5
01-12 15:01:35.252 26086 26086 E ArmVmp : Match on catch block at 0xc3 in for 0xa5
01-12 15:01:35.267 26086 26086 E ArmVmp : Match on catch block at 0xc3 in for 0xa9
01-12 15:01:35.301 26086 26086 E ArmVmp : Match on catch block at 0xc3 in for 0xa9
01-12 15:01:35.330 26086 26086 E ArmVmp : Match on catch block at 0xc3 in for 0xa1
01-12 15:01:35.352 26086 26086 E ArmVmp : Match on catch block at 0xc3 in for 0xa1
01-12 15:01:35.362 26086 26086 E ArmVmp : Match on catch block at 0xc3 in for 0xa5
01-12 15:01:35.440 26086 26086 E ArmVmp : Match on catch block at 0xc3 in for 0xa5
01-12 15:01:35.456 26086 26086 E ArmVmp : Match on catch block at 0xc3 in for 0xa9
01-12 15:01:35.493 26086 26086 E ArmVmp : Match on catch block at 0xc3 in for 0xa5
01-12 15:01:35.507 26086 26086 E ArmVmp : Match on catch block at 0xc3 in for 0xa9
01-12 15:01:35.536 26086 26086 E ArmVmp : Match on catch block at 0xc3 in for 0xa9
01-12 15:01:35.544 26086 26086 E ArmVmp : Match on catch block at 0xc3 in for 0xa1
01-12 15:01:35.568 26086 26086 E ArmVmp : Match on catch block at 0xc3 in for 0xa1
01-12 15:01:35.574 26086 26086 E ArmVmp : Match on catch block at 0xc3 in for 0xa5
01-12 15:01:36.028 26086 26086 E ArmVmp : Match on catch block at 0xc3 in for 0xa5
01-12 15:01:36.042 26086 26086 E ArmVmp : Match on catch block at 0xc3 in for 0xa9
01-12 15:01:36.194 26086 26086 E ArmVmp : Match on catch block at 0xc3 in for 0xa1
01-12 15:01:36.204 26086 26086 E ArmVmp : Match on catch block at 0xc3 in for 0xa5
01-12 15:01:36.221 26086 26086 E ArmVmp : Match on catch block at 0xc3 in for 0xa9
01-12 15:01:36.232 26086 26086 E ArmVmp : Match on catch block at 0xc3 in for 0xa1
01-12 15:01:36.247 26086 26086 E ArmVmp : Match on catch block at 0xc3 in for 0xa5
01-12 15:01:36.256 26086 26086 E ArmVmp : Match on catch block at 0xc3 in for 0xa9
01-12 15:01:36.270 26086 26086 E ArmVmp : Match on catch block at 0xc3 in for 0xa1
01-12 15:01:36.282 26086 26086 E ArmVmp : Match on catch block at 0xc3 in for 0xa5
01-12 15:01:36.306 26086 26086 E ArmVmp : Match on catch block at 0xc3 in for 0xa9
01-12 15:01:36.313 26086 26086 E ArmVmp : Match on catch block at 0xc3 in for 0xa1
01-12 15:01:36.323 26086 26086 E ArmVmp : Match on catch block at 0xc3 in for 0xa5
01-12 15:01:36.329 26086 26086 E ArmVmp : Match on catch block at 0xc3 in for 0xa9
01-12 15:01:36.338 26086 26086 E ArmVmp : Match on catch block at 0xc3 in for 0xa1
01-12 15:01:36.344 26086 26086 E ArmVmp : Match on catch block at 0xc3 in for 0xa5
01-12 15:01:36.355 26086 26086 E ArmVmp : Match on catch block at 0xc3 in for 0xa9
01-12 15:01:36.361 26086 26086 E ArmVmp : Match on catch block at 0xc3 in for 0xa1
01-12 15:01:36.371 26086 26086 E ArmVmp : Match on catch block at 0xc3 in for 0xa5
01-12 15:01:36.378 26086 26086 E ArmVmp : Match on catch block at 0xc3 in for 0xa9
01-12 15:01:36.387 26086 26086 E ArmVmp : Match on catch block at 0xc3 in for 0xa1
01-12 15:01:36.394 26086 26086 E ArmVmp : Match on catch block at 0xc3 in for 0xa5
01-12 15:01:36.405 26086 26086 E ArmVmp : Match on catch block at 0xc3 in for 0xa9
01-12 15:01:36.410 26086 26086 E ArmVmp : Match on catch block at 0xc3 in for 0xa1
01-12 15:01:36.421 26086 26086 E ArmVmp : Match on catch block at 0xc3 in for 0xa5
01-12 15:01:36.426 26086 26086 E ArmVmp : Match on catch block at 0xc3 in for 0xa9
01-12 15:01:36.437 26086 26086 E ArmVmp : Match on catch block at 0xc3 in for 0xa1
01-12 15:01:36.442 26086 26086 E ArmVmp : Match on catch block at 0xc3 in for 0xa5
01-12 15:01:36.454 26086 26086 E ArmVmp : Match on catch block at 0xc3 in for 0xa9
01-12 15:01:36.459 26086 26086 E ArmVmp : Match on catch block at 0xc3 in for 0xa1
01-12 15:01:36.472 26086 26086 E ArmVmp : Match on catch block at 0xc3 in for 0xa5
01-12 15:01:36.476 26086 26086 E ArmVmp : Match on catch block at 0xc3 in for 0xa9
01-12 15:01:36.487 26086 26086 E ArmVmp : Match on catch block at 0xc3 in for 0xa1
01-12 15:01:36.492 26086 26086 E ArmVmp : Match on catch block at 0xc3 in for 0xa5
01-12 15:01:36.504 26086 26086 E ArmVmp : Match on catch block at 0xc3 in for 0xa9
01-12 15:01:36.510 26086 26086 E ArmVmp : Match on catch block at 0xc3 in for 0xa1
01-12 15:01:36.520 26086 26086 E ArmVmp : Match on catch block at 0xc3 in for 0xa9
01-12 15:01:36.527 26086 26086 E ArmVmp : Match on catch block at 0xc3 in for 0xa1
01-12 15:01:36.535 26086 26086 E ArmVmp : Match on catch block at 0xc3 in for 0xa1
01-12 15:01:36.541 26086 26086 E ArmVmp : Match on catch block at 0xc3 in for 0xa5
01-12 15:01:37.015 26086 26086 E ArmVmp : Match on catch block at 0xc3 in for 0xa9
01-12 15:01:37.019 26086 26086 E ArmVmp : Match on catch block at 0xc3 in for 0xa1
01-12 15:01:37.025 26086 26086 W InputMethodManager: startInputReason = 1
01-12 15:01:37.053 26086 26086 E ArmVmp : Match on catch block at 0xc3 in for 0xa5
01-12 15:01:37.058 26086 26086 E ArmVmp : Match on catch block at 0xc3 in for 0xa9
01-12 15:01:37.072 26086 26086 E ArmVmp : Match on catch block at 0xc3 in for 0xa9
01-12 15:01:37.075 26086 26086 E ArmVmp : Match on catch block at 0xc3 in for 0xa1
01-12 15:01:37.082 26086 26086 E ArmVmp : Match on catch block at 0xc3 in for 0xa5
01-12 15:01:37.087 26086 26086 E ArmVmp : Match on catch block at 0xc3 in for 0xa9
01-12 15:01:37.101 26086 26086 E ArmVmp : Match on catch block at 0xc3 in for 0xa9
01-12 15:01:37.107 26086 26086 E ArmVmp : Match on catch block at 0xc3 in for 0xa1
01-12 15:01:37.120 26086 26086 E ArmVmp : Match on catch block at 0xc3 in for 0xa1
01-12 15:01:37.124 26086 26086 E ArmVmp : Match on catch block at 0xc3 in for 0xa5
01-12 15:01:37.130 26086 26086 E ArmVmp : Match on catch block at 0xc3 in for 0xa5
01-12 15:01:37.134 26086 26086 E ArmVmp : Match on catch block at 0xc3 in for 0xa9
01-12 15:01:37.146 26086 26086 E ArmVmp : Match on catch block at 0xc3 in for 0xa9
01-12 15:01:37.151 26086 26086 E ArmVmp : Match on catch block at 0xc3 in for 0xa1
01-12 15:01:37.162 26086 26086 E ArmVmp : Match on catch block at 0xc3 in for 0xa1
01-12 15:01:37.168 26086 26086 E ArmVmp : Match on catch block at 0xc3 in for 0xa5
01-12 15:01:37.179 26086 26086 E ArmVmp : Match on catch block at 0xc3 in for 0xa5
01-12 15:01:37.184 26086 26086 E ArmVmp : Match on catch block at 0xc3 in for 0xa9
01-12 15:01:37.195 26086 26086 E ArmVmp : Match on catch block at 0xc3 in for 0xa9
01-12 15:01:37.200 26086 26086 E ArmVmp : Match on catch block at 0xc3 in for 0xa1
01-12 15:01:37.212 26086 26086 E ArmVmp : Match on catch block at 0xc3 in for 0xa1
01-12 15:01:37.220 26086 26086 E ArmVmp : Match on catch block at 0xc3 in for 0xa5
01-12 15:01:37.232 26086 26086 E ArmVmp : Match on catch block at 0xc3 in for 0xa5
01-12 15:01:37.235 26086 26086 E ArmVmp : Match on catch block at 0xc3 in for 0xa9
01-12 15:01:37.249 26086 26245 W libEGL : EGLNativeWindowType 0x71bb143010
disconnect failed
01-12 15:01:37.254 26086 26086 E ArmVmp : Match on catch block at 0xc3 in for 0xa9
01-12 15:01:37.258 26086 26086 E ArmVmp : Match on catch block at 0xc3 in for 0xa1
01-12 15:01:37.264 26086 26086 E ArmVmp : Match on catch block at 0xc3 in for 0xa1
01-12 15:01:37.269 26086 26086 E ArmVmp : Match on catch block at 0xc3 in for 0xa5
01-12 15:01:37.280 26086 26086 E ArmVmp : Match on catch block at 0xc3 in for 0xa5
01-12 15:01:37.284 26086 26086 E ArmVmp : Match on catch block at 0xc3 in for 0xa9
01-12 15:01:37.297 26086 26086 E ArmVmp : Match on catch block at 0xc3 in for 0xa9
01-12 15:01:37.300 26086 26086 E ArmVmp : Match on catch block at 0xc3 in for 0xa1
01-12 15:01:37.311 26086 26086 E ArmVmp : Match on catch block at 0xc3 in for 0xa1
01-12 15:01:37.314 26086 26086 E ArmVmp : Match on catch block at 0xc3 in for 0xa5
01-12 15:01:37.790 26086 26086 W ActivityThread: handleWindowVisibility: no
activity for token android.os.BinderProxy@ba9edb3
01-12 15:01:37.963 26086 26086 E ArmVmp : Match on catch block at 0x0a in for 0xc9
01-12 15:01:37.965 26086 26086 E ArmVmp : Match on catch block at 0x0a in for 0xc9
01-12 15:01:37.992 26086 26844 W HiTouch_HiTouchSensor: depended package hiTouch
does n't exist!
01-12 15:01:38.077 26086 26086 E ArmVmp : Match on catch block at 0xc3 in for 0xb5
01-12 15:01:38.118 26086 26086 E ArmVmp : Match on catch block at 0xc3 in for 0xb5
01-12 15:01:38.132 26086 26086 E ArmVmp : Match on catch block at 0xc3 in for 0xa9
01-12 15:01:38.135 26086 26086 E ArmVmp : Match on catch block at 0xc3 in for 0xa1
01-12 15:01:38.171 26086 26086 E ArmVmp : Match on catch block at 0xc3 in for 0xa1
01-12 15:01:38.176 26086 26086 E ArmVmp : Match on catch block at 0xc3 in for 0xa5
01-12 15:01:38.190 26086 26086 W InputMethodManager: startInputReason = 1
01-12 15:01:38.203 26086 26086 E ArmVmp : Match on catch block at 0xc3 in for 0xa9
01-12 15:01:38.206 26086 26086 E ArmVmp : Match on catch block at 0xc3 in for 0xa1
01-12 15:01:38.222 26086 26086 E ArmVmp : Match on catch block at 0xc3 in for 0xa1
01-12 15:01:38.225 26086 26086 E ArmVmp : Match on catch block at 0xc3 in for 0xa5
01-12 15:01:38.234 26086 26086 E ArmVmp : Match on catch block at 0xc3 in for 0xa5
01-12 15:01:38.237 26086 26086 E ArmVmp : Match on catch block at 0xc3 in for 0xa9
01-12 15:01:38.250 26086 26086 E ArmVmp : Match on catch block at 0xc3 in for 0xa9
01-12 15:01:38.253 26086 26086 E ArmVmp : Match on catch block at 0xc3 in for 0xa1
01-12 15:01:38.267 26086 26086 E ArmVmp : Match on catch block at 0xc3 in for 0xa1
01-12 15:01:38.273 26086 26086 E ArmVmp : Match on catch block at 0xc3 in for 0xa5
01-12 15:01:38.277 26086 26086 E SpannableStringBuilder: SPAN_EXCLUSIVE_EXCLUSIVE
spans cannot have a zero length
01-12 15:01:38.283 26086 26086 E ArmVmp : Match on catch block at 0xc3 in for 0xa5
01-12 15:01:38.288 26086 26086 E ArmVmp : Match on catch block at 0xc3 in for 0xa9
01-12 15:01:38.300 26086 26086 E ArmVmp : Match on catch block at 0xc3 in for 0xa9
01-12 15:01:38.304 26086 26086 E ArmVmp : Match on catch block at 0xc3 in for 0xa1
01-12 15:01:38.317 26086 26086 E ArmVmp : Match on catch block at 0xc3 in for 0xa1
01-12 15:01:38.321 26086 26086 E ArmVmp : Match on catch block at 0xc3 in for 0xa5
01-12 15:01:38.393 26086 26245 W libEGL : EGLNativeWindowType 0x71b07fc010
disconnect failed
01-12 15:01:38.699 26086 26086 E ArmVmp : Match on catch block at 0xc3 in for 0xa5
01-12 15:01:38.712 26086 26086 E ArmVmp : Match on catch block at 0xc3 in for 0xa9
01-12 15:01:38.799 26086 26086 E ArmVmp : Match on catch block at 0xc3 in for 0xa9
01-12 15:01:38.808 26086 26086 E ArmVmp : Match on catch block at 0xc3 in for 0xa1
01-12 15:01:38.825 26086 26086 E ArmVmp : Match on catch block at 0xc3 in for 0xa5
01-12 15:01:38.840 26086 26086 E ArmVmp : Match on catch block at 0xc3 in for 0xa9
01-12 15:01:38.858 26086 26086 E ArmVmp : Match on catch block at 0xc3 in for 0xa1
01-12 15:01:38.871 26086 26086 E ArmVmp : Match on catch block at 0xc3 in for 0xa5
01-12 15:01:38.888 26086 26086 E ArmVmp : Match on catch block at 0xc3 in for 0xa9
01-12 15:01:38.898 26086 26086 E ArmVmp : Match on catch block at 0xc3 in for 0xa1
01-12 15:01:38.915 26086 26086 E ArmVmp : Match on catch block at 0xc3 in for 0xa5
01-12 15:01:38.925 26086 26086 E ArmVmp : Match on catch block at 0xc3 in for 0xa9
01-12 15:01:38.946 26086 26086 E ArmVmp : Match on catch block at 0xc3 in for 0xa1
01-12 15:01:38.956 26086 26086 E ArmVmp : Match on catch block at 0xc3 in for 0xa5
01-12 15:01:38.979 26086 26086 E ArmVmp : Match on catch block at 0xc3 in for 0xa5
01-12 15:01:38.987 26086 26086 E ArmVmp : Match on catch block at 0xc3 in for 0xa9
01-12 15:01:39.005 26086 26086 E ArmVmp : Match on catch block at 0xc3 in for 0xa1
01-12 15:01:39.015 26086 26086 E ArmVmp : Match on catch block at 0xc3 in for 0xa5
01-12 15:01:39.033 26086 26086 E ArmVmp : Match on catch block at 0xc3 in for 0xa9
01-12 15:01:39.043 26086 26086 E ArmVmp : Match on catch block at 0xc3 in for 0xa1
01-12 15:01:39.062 26086 26086 E ArmVmp : Match on catch block at 0xc3 in for 0xa5
01-12 15:01:39.079 26086 26086 E ArmVmp : Match on catch block at 0xc3 in for 0xa9
01-12 15:01:39.098 26086 26086 E ArmVmp : Match on catch block at 0xc3 in for 0xa1
01-12 15:01:39.108 26086 26086 E ArmVmp : Match on catch block at 0xc3 in for 0xa5
01-12 15:01:39.133 26086 26086 E ArmVmp : Match on catch block at 0xc3 in for 0xa9
01-12 15:01:39.150 26086 26086 E ArmVmp : Match on catch block at 0xc3 in for 0xa1
01-12 15:01:39.172 26086 26086 E ArmVmp : Match on catch block at 0xc3 in for 0xa5
01-12 15:01:39.189 26086 26086 E ArmVmp : Match on catch block at 0xc3 in for 0xa9
01-12 15:01:39.209 26086 26086 E ArmVmp : Match on catch block at 0xc3 in for 0xa5
01-12 15:01:39.220 26086 26086 E ArmVmp : Match on catch block at 0xc3 in for 0xa9
01-12 15:01:39.314 26086 26086 E ArmVmp : Match on catch block at 0xc3 in for 0xa1
01-12 15:01:39.325 26086 26086 E ArmVmp : Match on catch block at 0xc3 in for 0xa5
01-12 15:01:39.427 26086 26086 E ArmVmp : Match on catch block at 0xc3 in for 0xa5
01-12 15:01:39.433 26086 26086 E ArmVmp : Match on catch block at 0xc3 in for 0xa9
01-12 15:01:39.441 26086 26086 W InputMethodManager: startInputReason = 1
01-12 15:01:39.670 26086 26245 W libEGL : EGLNativeWindowType 0x71a6959010
disconnect failed
01-12 15:01:39.675 26086 26086 E ArmVmp : Match on catch block at 0xc3 in for 0xa5
01-12 15:01:39.679 26086 26086 E ArmVmp : Match on catch block at 0xc3 in for 0xa9
01-12 15:01:40.024 26086 26086 W ActivityThread: handleWindowVisibility: no
activity for token android.os.BinderProxy@a5bd4fc
01-12 15:01:40.139 26086 26105 E : [ZeroHung]zrhung_get_config: Get config
failed for wp[0x0008]
01-12 15:01:40.143 26086 26086 E ArmVmp : Match on catch block at 0x0a in for 0xc5
01-12 15:01:40.146 26086 26086 E ArmVmp : Match on catch block at 0x0a in for 0xc1
01-12 15:01:40.181 26086 26864 W HiTouch_HiTouchSensor: depended package hiTouch
does n't exist!
01-12 15:01:40.243 26086 26098 W System : A resource failed to call close.
01-12 15:01:40.270 26086 26086 E ArmVmp : Match on catch block at 0xc3 in for 0xb5
01-12 15:01:40.311 26086 26086 E ArmVmp : Match on catch block at 0xc3 in for 0xb5
01-12 15:01:40.322 26086 26086 E ArmVmp : Match on catch block at 0xc3 in for 0xa9
01-12 15:01:40.326 26086 26086 E ArmVmp : Match on catch block at 0xc3 in for 0xa1
01-12 15:01:40.359 26086 26086 E ArmVmp : Match on catch block at 0xc3 in for 0xa9
01-12 15:01:40.361 26086 26086 E ArmVmp : Match on catch block at 0xc3 in for 0xa1
01-12 15:01:40.390 26086 26086 E ArmVmp : Match on catch block at 0xc3 in for 0xa5
01-12 15:01:40.394 26086 26086 E ArmVmp : Match on catch block at 0xc3 in for 0xa9
01-12 15:01:40.408 26086 26086 W InputMethodManager: startInputReason = 1
01-12 15:01:40.419 26086 26086 E ArmVmp : Match on catch block at 0xc3 in for 0xa9
01-12 15:01:40.424 26086 26086 E ArmVmp : Match on catch block at 0xc3 in for 0xa1
01-12 15:01:40.440 26086 26086 E ArmVmp : Match on catch block at 0xc3 in for 0xa5
01-12 15:01:40.444 26086 26086 E ArmVmp : Match on catch block at 0xc3 in for 0xa9
01-12 15:01:40.455 26086 26086 E ArmVmp : Match on catch block at 0xc3 in for 0xa5
01-12 15:01:40.460 26086 26086 E ArmVmp : Match on catch block at 0xc3 in for 0xa9
01-12 15:01:40.468 26086 26086 E ArmVmp : Match on catch block at 0xc3 in for 0xa9
01-12 15:01:40.473 26086 26086 E ArmVmp : Match on catch block at 0xc3 in for 0xa1
01-12 15:01:40.478 26086 26086 E SpannableStringBuilder: SPAN_EXCLUSIVE_EXCLUSIVE
spans cannot have a zero length
01-12 15:01:40.479 26086 26086 E ArmVmp : Match on catch block at 0xc3 in for 0xa1
01-12 15:01:40.485 26086 26086 E ArmVmp : Match on catch block at 0xc3 in for 0xa5
01-12 15:01:40.494 26086 26086 E ArmVmp : Match on catch block at 0xc3 in for 0xa5
01-12 15:01:40.498 26086 26086 E ArmVmp : Match on catch block at 0xc3 in for 0xa9
01-12 15:01:40.510 26086 26086 E ArmVmp : Match on catch block at 0xc3 in for 0xa9
01-12 15:01:40.516 26086 26086 E ArmVmp : Match on catch block at 0xc3 in for 0xa1
01-12 15:01:40.588 26086 26245 W libEGL : EGLNativeWindowType 0x71af4f2010
disconnect failed
01-12 15:01:40.912 26086 26086 E ArmVmp : Match on catch block at 0xc3 in for 0xa9
01-12 15:01:40.927 26086 26086 E ArmVmp : Match on catch block at 0xc3 in for 0xa1
01-12 15:01:40.947 26086 26086 E ArmVmp : Match on catch block at 0xc3 in for 0xa5
01-12 15:01:40.963 26086 26086 E ArmVmp : Match on catch block at 0xc3 in for 0xa9
01-12 15:01:40.986 26086 26086 E ArmVmp : Match on catch block at 0xc3 in for 0xa9
01-12 15:01:40.998 26086 26086 E ArmVmp : Match on catch block at 0xc3 in for 0xa1
01-12 15:01:41.013 26086 26086 E ArmVmp : Match on catch block at 0xc3 in for 0xa5
01-12 15:01:41.026 26086 26086 E ArmVmp : Match on catch block at 0xc3 in for 0xa9
01-12 15:01:41.044 26086 26086 E ArmVmp : Match on catch block at 0xc3 in for 0xa1
01-12 15:01:41.057 26086 26086 E ArmVmp : Match on catch block at 0xc3 in for 0xa5
01-12 15:01:41.072 26086 26086 E ArmVmp : Match on catch block at 0xc3 in for 0xa9
01-12 15:01:41.081 26086 26086 E ArmVmp : Match on catch block at 0xc3 in for 0xa1
01-12 15:01:41.100 26086 26086 E ArmVmp : Match on catch block at 0xc3 in for 0xa5
01-12 15:01:41.110 26086 26086 E ArmVmp : Match on catch block at 0xc3 in for 0xa9
01-12 15:01:41.124 26086 26086 E ArmVmp : Match on catch block at 0xc3 in for 0xa1
01-12 15:01:41.133 26086 26086 E ArmVmp : Match on catch block at 0xc3 in for 0xa5
01-12 15:01:41.151 26086 26086 E ArmVmp : Match on catch block at 0xc3 in for 0xa9
01-12 15:01:41.161 26086 26086 E ArmVmp : Match on catch block at 0xc3 in for 0xa1
01-12 15:01:41.179 26086 26086 E ArmVmp : Match on catch block at 0xc3 in for 0xa5
01-12 15:01:41.188 26086 26086 E ArmVmp : Match on catch block at 0xc3 in for 0xa9
01-12 15:01:41.207 26086 26086 E ArmVmp : Match on catch block at 0xc3 in for 0xa5
01-12 15:01:41.217 26086 26086 E ArmVmp : Match on catch block at 0xc3 in for 0xa9
01-12 15:01:41.240 26086 26086 E ArmVmp : Match on catch block at 0xc3 in for 0xa9
01-12 15:01:41.250 26086 26086 E ArmVmp : Match on catch block at 0xc3 in for 0xa1
01-12 15:01:41.275 26086 26086 E ArmVmp : Match on catch block at 0xc3 in for 0xa1
01-12 15:01:41.285 26086 26086 E ArmVmp : Match on catch block at 0xc3 in for 0xa5
01-12 15:01:41.305 26086 26086 E ArmVmp : Match on catch block at 0xc3 in for 0xa5
01-12 15:01:41.319 26086 26086 E ArmVmp : Match on catch block at 0xc3 in for 0xa9
01-12 15:01:41.343 26086 26086 E ArmVmp : Match on catch block at 0xc3 in for 0xa1
01-12 15:01:41.352 26086 26086 E ArmVmp : Match on catch block at 0xc3 in for 0xa5
01-12 15:01:41.453 26086 26086 E ArmVmp : Match on catch block at 0xc3 in for 0xa5
01-12 15:01:41.462 26086 26086 E ArmVmp : Match on catch block at 0xc3 in for 0xa9
01-12 15:01:41.968 26086 26086 E ArmVmp : Match on catch block at 0xc3 in for 0xa9
01-12 15:01:41.985 26086 26086 E ArmVmp : Match on catch block at 0xc3 in for 0xa1
01-12 15:01:42.052 26086 26086 E ArmVmp : Match on catch block at 0xc3 in for 0xa1
01-12 15:01:42.074 26086 26086 E ArmVmp : Match on catch block at 0xc3 in for 0xa5
01-12 15:01:42.091 26086 26086 E ArmVmp : Match on catch block at 0xc3 in for 0xa5
01-12 15:01:42.104 26086 26086 E ArmVmp : Match on catch block at 0xc3 in for 0xa9
01-12 15:01:42.124 26086 26086 E ArmVmp : Match on catch block at 0xc3 in for 0xa9
01-12 15:01:42.141 26086 26086 E ArmVmp : Match on catch block at 0xc3 in for 0xa1
01-12 15:01:42.159 26086 26086 E ArmVmp : Match on catch block at 0xc3 in for 0xa1
01-12 15:01:42.170 26086 26086 E ArmVmp : Match on catch block at 0xc3 in for 0xa5
01-12 15:01:42.185 26086 26086 E ArmVmp : Match on catch block at 0xc3 in for 0xa5
01-12 15:01:42.198 26086 26086 E ArmVmp : Match on catch block at 0xc3 in for 0xa9
01-12 15:01:42.214 26086 26086 E ArmVmp : Match on catch block at 0xc3 in for 0xa9
01-12 15:01:42.225 26086 26086 E ArmVmp : Match on catch block at 0xc3 in for 0xa1
01-12 15:01:42.245 26086 26086 E ArmVmp : Match on catch block at 0xc3 in for 0xa1
01-12 15:01:42.254 26086 26086 E ArmVmp : Match on catch block at 0xc3 in for 0xa5
01-12 15:01:42.269 26086 26086 E ArmVmp : Match on catch block at 0xc3 in for 0xa5
01-12 15:01:42.282 26086 26086 E ArmVmp : Match on catch block at 0xc3 in for 0xa9
01-12 15:01:42.298 26086 26086 E ArmVmp : Match on catch block at 0xc3 in for 0xa9
01-12 15:01:42.308 26086 26086 E ArmVmp : Match on catch block at 0xc3 in for 0xa1
01-12 15:01:42.460 26086 26086 E ArmVmp : Match on catch block at 0xc3 in for 0xa1
01-12 15:01:42.470 26086 26086 E ArmVmp : Match on catch block at 0xc3 in for 0xa5
01-12 15:01:42.958 26086 26086 E ArmVmp : Match on catch block at 0xc3 in for 0xa5
01-12 15:01:42.976 26086 26086 E ArmVmp : Match on catch block at 0xc3 in for 0xa9
01-12 15:01:43.021 26086 26086 E ArmVmp : Match on catch block at 0xc3 in for 0xa1
01-12 15:01:43.029 26086 26086 E ArmVmp : Match on catch block at 0xc3 in for 0xa5
01-12 15:01:43.083 26086 26086 E ArmVmp : Match on catch block at 0xc3 in for 0xa5
01-12 15:01:43.088 26086 26086 E ArmVmp : Match on catch block at 0xc3 in for 0xa9
01-12 15:01:43.101 26086 26245 W libEGL : EGLNativeWindowType 0x71b07f1010
disconnect failed
01-12 15:01:43.115 26086 26086 E ArmVmp : Match on catch block at 0xc3 in for 0xa9
01-12 15:01:43.122 26086 26086 E ArmVmp : Match on catch block at 0xc3 in for 0xa1
01-12 15:01:43.126 26086 26086 W ActivityThread: handleWindowVisibility: no
activity for token android.os.BinderProxy@82a869f
01-12 15:01:43.214 26086 26086 W ResourceType: Bad XML block: header size 18254 or
total size 169478669 is larger than data size 380
01-12 15:01:43.216 26086 26086 W ResourceType: Bad XML block: header size 18254 or
total size 169478669 is larger than data size 633
01-12 15:01:43.225 26086 26086 W ResourceType: Bad XML block: header size 18254 or
total size 169478669 is larger than data size 677
01-12 15:01:43.227 26086 26086 W ResourceType: Bad XML block: header size 18254 or
total size 169478669 is larger than data size 248
01-12 15:01:43.231 26086 26086 W ResourceType: Bad XML block: header size 18254 or
total size 169478669 is larger than data size 571
01-12 15:01:43.235 26086 26086 W ResourceType: Bad XML block: header size 18254 or
total size 169478669 is larger than data size 333
01-12 15:01:43.237 26086 26086 W ResourceType: Bad XML block: header size 18254 or
total size 169478669 is larger than data size 650
01-12 15:01:43.241 26086 26086 W ResourceType: Bad XML block: header size 18254 or
total size 169478669 is larger than data size 1150
01-12 15:01:43.244 26086 26086 W ResourceType: Bad XML block: header size 18254 or
total size 169478669 is larger than data size 491
01-12 15:01:43.246 26086 26086 W ResourceType: Bad XML block: header size 18254 or
total size 169478669 is larger than data size 1150
01-12 15:01:43.249 26086 26086 W ResourceType: Bad XML block: header size 18254 or
total size 169478669 is larger than data size 659
01-12 15:01:43.251 26086 26086 W ResourceType: Bad XML block: header size 18254 or
total size 169478669 is larger than data size 593
01-12 15:01:43.257 26086 26086 W ResourceType: Bad XML block: header size 18254 or
total size 169478669 is larger than data size 1171
01-12 15:01:43.259 26086 26086 W ResourceType: Bad XML block: header size 18254 or
total size 169478669 is larger than data size 510
01-12 15:01:43.276 26086 26086 W ResourceType: Bad XML block: header size 18254 or
total size 169478669 is larger than data size 853
01-12 15:01:43.312 26086 26086 W ResourceType: Bad XML block: header size 18254 or
total size 169478669 is larger than data size 650
01-12 15:01:43.322 26086 26086 E ArmVmp : Match on catch block at 0xc3 in for 0xa9
01-12 15:01:43.329 26086 26086 E ArmVmp : Match on catch block at 0xc3 in for 0xa1
01-12 15:01:43.334 26086 26870 W HiTouch_HiTouchSensor: depended package hiTouch
does n't exist!
01-12 15:01:43.355 26086 26086 W View : requestLayout() improperly called by
com.mbwhatsapp.wds.components.actiontile.WDSActionTile{5f0a28c VFE...C.. ......ID
12,36-996,249 #7f0b00af app:id/action_search_chat} during layout: running second
layout pass
01-12 15:01:43.367 26086 26086 E ArmVmp : Match on catch block at 0xc3 in for 0xa5
01-12 15:01:43.373 26086 26086 E ArmVmp : Match on catch block at 0xc3 in for 0xa9
01-12 15:01:43.379 26086 26086 W InputMethodManager: startInputReason = 1
01-12 15:01:43.480 26086 26086 E ArmVmp : Match on catch block at 0xc3 in for 0xa5
01-12 15:01:43.487 26086 26086 E ArmVmp : Match on catch block at 0xc3 in for 0xa9
01-12 15:01:43.496 26086 26086 E ArmVmp : Match on catch block at 0xc3 in for 0xa1
01-12 15:01:43.502 26086 26086 E ArmVmp : Match on catch block at 0xc3 in for 0xa5
01-12 15:01:43.513 26086 26086 E ArmVmp : Match on catch block at 0xc3 in for 0xa5
01-12 15:01:43.519 26086 26086 E ArmVmp : Match on catch block at 0xc3 in for 0xa9
01-12 15:01:43.529 26086 26086 E ArmVmp : Match on catch block at 0xc3 in for 0xa9
01-12 15:01:43.535 26086 26086 E ArmVmp : Match on catch block at 0xc3 in for 0xa1
01-12 15:01:43.546 26086 26086 E ArmVmp : Match on catch block at 0xc3 in for 0xa1
01-12 15:01:43.549 26086 26086 E ArmVmp : Match on catch block at 0xc3 in for 0xa5
01-12 15:01:43.563 26086 26086 E ArmVmp : Match on catch block at 0xc3 in for 0xa5
01-12 15:01:43.567 26086 26086 E ArmVmp : Match on catch block at 0xc3 in for 0xa9
01-12 15:01:43.771 26086 26245 W libEGL : EGLNativeWindowType 0x718d9c2010
disconnect failed
01-12 15:01:43.805 26086 26086 E ArmVmp : Match on catch block at 0xc3 in for 0xa9
01-12 15:01:43.817 26086 26086 E ArmVmp : Match on catch block at 0xc3 in for 0xa1
01-12 15:01:57.929 26086 26880 W HiTouch_HiTouchSensor: depended package hiTouch
does n't exist!
01-12 15:01:59.175 26086 26245 W libEGL : EGLNativeWindowType 0x71a6968010
disconnect failed
01-12 15:01:59.211 26086 26086 W InputEventReceiver: Attempted to finish an input
event but the input event receiver has already been disposed.
01-12 15:02:04.161 26086 26086 W ActivityThread: handleWindowVisibility: no
activity for token android.os.BinderProxy@cb0a79
01-12 15:02:04.222 26086 26883 W HiTouch_HiTouchSensor: depended package hiTouch
does n't exist!
01-12 15:02:04.275 26086 26086 W InputMethodManager: startInputReason = 1
01-12 15:02:04.422 26086 26245 W libEGL : EGLNativeWindowType 0x71af484010
disconnect failed
01-12 15:02:04.506 26086 26245 W libEGL : EGLNativeWindowType 0x718d551010
disconnect failed
01-12 15:02:05.458 26086 26086 W InputMethodManager: startInputReason = 1
01-12 15:02:05.693 26086 26245 W libEGL : EGLNativeWindowType 0x71b1282010
disconnect failed
01-12 15:02:05.991 26086 26086 E ArmVmp : Match on catch block at 0x0a in for 0xc9
01-12 15:02:06.091 26086 26086 E ArmVmp : Match on catch block at 0xc3 in for 0xa1
01-12 15:02:06.105 26086 26086 E ArmVmp : Match on catch block at 0xc3 in for 0xa5
01-12 15:02:06.124 26086 26245 W libEGL : EGLNativeWindowType 0x71b133b010
disconnect failed
01-12 15:02:06.133 26086 26086 E ArmVmp : Match on catch block at 0xc3 in for 0xa1
01-12 15:02:06.143 26086 26086 E ArmVmp : Match on catch block at 0xc3 in for 0xa5
01-12 15:02:06.209 26086 26086 E ArmVmp : Match on catch block at 0xc3 in for 0xa1
01-12 15:02:06.221 26086 26086 E ArmVmp : Match on catch block at 0xc3 in for 0xa5
01-12 15:02:06.587 26086 26086 E ArmVmp : Match on catch block at 0xc3 in for 0xa5
01-12 15:02:06.596 26086 26086 E ArmVmp : Match on catch block at 0xc3 in for 0xa9
01-12 15:02:06.627 26086 26086 E ArmVmp : Match on catch block at 0xc3 in for 0xa9
01-12 15:02:06.635 26086 26086 E ArmVmp : Match on catch block at 0xc3 in for 0xa1
01-12 15:02:06.665 26086 26086 E ArmVmp : Match on catch block at 0xc3 in for 0xa1
01-12 15:02:06.674 26086 26086 E ArmVmp : Match on catch block at 0xc3 in for 0xa5
01-12 15:02:06.783 26086 26086 W InputMethodManager: startInputReason = 1
01-12 15:02:06.798 26086 26086 E ArmVmp : Match on catch block at 0xc3 in for 0xa9
01-12 15:02:06.806 26086 26086 E ArmVmp : Match on catch block at 0xc3 in for 0xa1
01-12 15:02:06.818 26086 26245 W libEGL : EGLNativeWindowType 0x718d551010
disconnect failed
01-12 15:02:06.825 26086 26086 E ArmVmp : Match on catch block at 0xc3 in for 0xa1
01-12 15:02:06.830 26086 26086 E ArmVmp : Match on catch block at 0xc3 in for 0xa5
01-12 15:02:06.848 26086 26086 E ArmVmp : Match on catch block at 0xc3 in for 0xa5
01-12 15:02:06.851 26086 26086 E ArmVmp : Match on catch block at 0xc3 in for 0xa9
01-12 15:02:06.864 26086 26086 E ArmVmp : Match on catch block at 0xc3 in for 0xa9
01-12 15:02:06.868 26086 26086 E ArmVmp : Match on catch block at 0xc3 in for 0xa1
01-12 15:02:06.873 26086 26086 E SpannableStringBuilder: SPAN_EXCLUSIVE_EXCLUSIVE
spans cannot have a zero length
01-12 15:02:06.880 26086 26086 E ArmVmp : Match on catch block at 0xc3 in for 0xa1
01-12 15:02:06.885 26086 26086 E ArmVmp : Match on catch block at 0xc3 in for 0xa5
01-12 15:02:06.897 26086 26086 E ArmVmp : Match on catch block at 0xc3 in for 0xa5
01-12 15:02:06.900 26086 26086 E ArmVmp : Match on catch block at 0xc3 in for 0xa9
01-12 15:02:06.913 26086 26086 E ArmVmp : Match on catch block at 0xc3 in for 0xa9
01-12 15:02:06.917 26086 26086 E ArmVmp : Match on catch block at 0xc3 in for 0xa1
01-12 15:02:06.930 26086 26086 E ArmVmp : Match on catch block at 0xc3 in for 0xa1
01-12 15:02:06.933 26086 26086 E ArmVmp : Match on catch block at 0xc3 in for 0xa5
01-12 15:02:06.947 26086 26086 E ArmVmp : Match on catch block at 0xc3 in for 0xa5
01-12 15:02:06.950 26086 26086 E ArmVmp : Match on catch block at 0xc3 in for 0xa9
01-12 15:02:06.963 26086 26086 E ArmVmp : Match on catch block at 0xc3 in for 0xa9
01-12 15:02:06.966 26086 26086 E ArmVmp : Match on catch block at 0xc3 in for 0xa1
01-12 15:02:06.980 26086 26086 E ArmVmp : Match on catch block at 0xc3 in for 0xa1
01-12 15:02:06.983 26086 26086 E ArmVmp : Match on catch block at 0xc3 in for 0xa5
01-12 15:02:06.996 26086 26086 E ArmVmp : Match on catch block at 0xc3 in for 0xa5
01-12 15:02:06.999 26086 26086 E ArmVmp : Match on catch block at 0xc3 in for 0xa9
01-12 15:02:07.012 26086 26086 E ArmVmp : Match on catch block at 0xc3 in for 0xa9
01-12 15:02:07.015 26086 26086 E ArmVmp : Match on catch block at 0xc3 in for 0xa1
01-12 15:02:07.029 26086 26086 E ArmVmp : Match on catch block at 0xc3 in for 0xa1
01-12 15:02:07.032 26086 26086 E ArmVmp : Match on catch block at 0xc3 in for 0xa5
01-12 15:02:07.045 26086 26086 E ArmVmp : Match on catch block at 0xc3 in for 0xa5
01-12 15:02:07.048 26086 26086 E ArmVmp : Match on catch block at 0xc3 in for 0xa9
01-12 15:02:07.062 26086 26086 E ArmVmp : Match on catch block at 0xc3 in for 0xa9
01-12 15:02:07.065 26086 26086 E ArmVmp : Match on catch block at 0xc3 in for 0xa1
01-12 15:02:07.078 26086 26086 E ArmVmp : Match on catch block at 0xc3 in for 0xa1
01-12 15:02:07.081 26086 26086 E ArmVmp : Match on catch block at 0xc3 in for 0xa5
01-12 15:02:07.095 26086 26086 E ArmVmp : Match on catch block at 0xc3 in for 0xa5
01-12 15:02:07.098 26086 26086 E ArmVmp : Match on catch block at 0xc3 in for 0xa9
01-12 15:02:07.112 26086 26086 E ArmVmp : Match on catch block at 0xc3 in for 0xa9
01-12 15:02:07.116 26086 26086 E ArmVmp : Match on catch block at 0xc3 in for 0xa1
01-12 15:02:07.128 26086 26086 E ArmVmp : Match on catch block at 0xc3 in for 0xa1
01-12 15:02:07.131 26086 26086 E ArmVmp : Match on catch block at 0xc3 in for 0xa5
01-12 15:02:07.144 26086 26086 E ArmVmp : Match on catch block at 0xc3 in for 0xa5
01-12 15:02:07.148 26086 26086 E ArmVmp : Match on catch block at 0xc3 in for 0xa9
01-12 15:02:07.161 26086 26086 E ArmVmp : Match on catch block at 0xc3 in for 0xa9
01-12 15:02:07.164 26086 26086 E ArmVmp : Match on catch block at 0xc3 in for 0xa1
01-12 15:02:07.296 26086 26086 E ArmVmp : Match on catch block at 0xc3 in for 0xa1
01-12 15:02:07.307 26086 26086 E ArmVmp : Match on catch block at 0xc3 in for 0xa5
01-12 15:02:07.710 26086 26086 E ArmVmp : Match on catch block at 0xc3 in for 0xa9
01-12 15:02:07.720 26086 26086 E ArmVmp : Match on catch block at 0xc3 in for 0xa1
01-12 15:02:07.737 26086 26086 E ArmVmp : Match on catch block at 0xc3 in for 0xa1
01-12 15:02:07.748 26086 26086 E ArmVmp : Match on catch block at 0xc3 in for 0xa5
01-12 15:02:07.981 26086 26086 E ArmVmp : Match on catch block at 0xc3 in for 0xa5
01-12 15:02:07.990 26086 26086 E ArmVmp : Match on catch block at 0xc3 in for 0xa9
01-12 15:02:08.047 26086 26086 E ArmVmp : Match on catch block at 0xc3 in for 0xa9
01-12 15:02:08.056 26086 26086 E ArmVmp : Match on catch block at 0xc3 in for 0xa1
01-12 15:02:08.082 26086 26086 E ArmVmp : Match on catch block at 0xc3 in for 0xa1
01-12 15:02:08.101 26086 26086 E ArmVmp : Match on catch block at 0xc3 in for 0xa5
01-12 15:02:08.124 26086 26086 E ArmVmp : Match on catch block at 0xc3 in for 0xa5
01-12 15:02:08.135 26086 26086 E ArmVmp : Match on catch block at 0xc3 in for 0xa9
01-12 15:02:08.160 26086 26086 E ArmVmp : Match on catch block at 0xc3 in for 0xa1
01-12 15:02:08.171 26086 26086 E ArmVmp : Match on catch block at 0xc3 in for 0xa5
01-12 15:02:08.196 26086 26086 E ArmVmp : Match on catch block at 0xc3 in for 0xa5
01-12 15:02:08.205 26086 26086 E ArmVmp : Match on catch block at 0xc3 in for 0xa9
01-12 15:02:08.401 26086 26086 E ArmVmp : Match on catch block at 0xc3 in for 0xa9
01-12 15:02:08.412 26086 26086 E ArmVmp : Match on catch block at 0xc3 in for 0xa1
01-12 15:02:08.426 26086 26086 E ArmVmp : Match on catch block at 0xc3 in for 0xa1
01-12 15:02:08.437 26086 26086 E ArmVmp : Match on catch block at 0xc3 in for 0xa5
01-12 15:02:08.460 26086 26086 E ArmVmp : Match on catch block at 0xc3 in for 0xa5
01-12 15:02:08.470 26086 26086 E ArmVmp : Match on catch block at 0xc3 in for 0xa9
01-12 15:02:08.488 26086 26086 E ArmVmp : Match on catch block at 0xc3 in for 0xa9
01-12 15:02:08.497 26086 26086 E ArmVmp : Match on catch block at 0xc3 in for 0xa1
01-12 15:02:08.516 26086 26086 E ArmVmp : Match on catch block at 0xc3 in for 0xa1
01-12 15:02:08.526 26086 26086 E ArmVmp : Match on catch block at 0xc3 in for 0xa5
01-12 15:02:08.546 26086 26086 E ArmVmp : Match on catch block at 0xc3 in for 0xa5
01-12 15:02:08.557 26086 26086 E ArmVmp : Match on catch block at 0xc3 in for 0xa9
01-12 15:02:08.574 26086 26086 E ArmVmp : Match on catch block at 0xc3 in for 0xa9
01-12 15:02:08.587 26086 26086 E ArmVmp : Match on catch block at 0xc3 in for 0xa1
01-12 15:02:08.601 26086 26086 E ArmVmp : Match on catch block at 0xc3 in for 0xa1
01-12 15:02:08.611 26086 26086 E ArmVmp : Match on catch block at 0xc3 in for 0xa5
01-12 15:02:08.629 26086 26086 E ArmVmp : Match on catch block at 0xc3 in for 0xa5
01-12 15:02:08.639 26086 26086 E ArmVmp : Match on catch block at 0xc3 in for 0xa9
01-12 15:02:08.654 26086 26086 E ArmVmp : Match on catch block at 0xc3 in for 0xa9
01-12 15:02:08.664 26086 26086 E ArmVmp : Match on catch block at 0xc3 in for 0xa1
01-12 15:02:17.388 26086 26896 W HiTouch_HiTouchSensor: depended package hiTouch
does n't exist!
01-12 15:02:17.501 26086 26086 W BottomSheetBehavior: BottomSheetBehavior now
supports multiple callbacks. `setBottomSheetCallback()` removes all existing
callbacks, including ones set internally by library authors, which may result in
unintended behavior. This may change in the future. Please use
`addBottomSheetCallback()` and `removeBottomSheetCallback()` instead to set your
own callbacks.
01-12 15:02:17.501 26086 26086 W InputMethodManager: startInputReason = 1
01-12 15:02:17.725 26086 26245 W libEGL : EGLNativeWindowType 0x71af7b3010
disconnect failed
01-12 15:02:17.848 26086 26086 E ArmVmp : Match on catch block at 0xc3 in for 0xa9
01-12 15:02:17.859 26086 26086 E ArmVmp : Match on catch block at 0xc3 in for 0xa1
01-12 15:02:17.968 26086 26086 E ArmVmp : Match on catch block at 0xc3 in for 0xa9
01-12 15:02:17.985 26086 26086 E ArmVmp : Match on catch block at 0xc3 in for 0xa1
01-12 15:02:18.831 26086 26086 E ArmVmp : Match on catch block at 0xc3 in for 0xa1
01-12 15:02:18.845 26086 26086 E ArmVmp : Match on catch block at 0xc3 in for 0xa5
01-12 15:02:18.879 26086 26086 E ArmVmp : Match on catch block at 0xc3 in for 0xa1
01-12 15:02:18.887 26086 26086 E ArmVmp : Match on catch block at 0xc3 in for 0xa5
01-12 15:02:19.242 26086 26245 W libEGL : EGLNativeWindowType 0x71c3e1a010
disconnect failed
01-12 15:02:19.273 26086 26086 W InputEventReceiver: Attempted to finish an input
event but the input event receiver has already been disposed.
01-12 15:02:19.284 26086 26086 W InputMethodManager: startInputReason = 1
01-12 15:02:19.324 26086 26086 E ArmVmp : Match on catch block at 0xc3 in for 0xa1
01-12 15:02:19.340 26086 26086 E ArmVmp : Match on catch block at 0xc3 in for 0xa5
01-12 15:02:19.427 26086 26086 E SpannableStringBuilder: SPAN_EXCLUSIVE_EXCLUSIVE
spans cannot have a zero length
01-12 15:02:19.796 26086 26086 E ArmVmp : Match on catch block at 0xc3 in for 0xa5
01-12 15:02:19.814 26086 26086 E ArmVmp : Match on catch block at 0xc3 in for 0xa9
01-12 15:02:20.292 26086 26086 E ArmVmp : Match on catch block at 0xc3 in for 0xa1
01-12 15:02:20.303 26086 26086 E ArmVmp : Match on catch block at 0xc3 in for 0xa5
01-12 15:02:20.325 26086 26086 E ArmVmp : Match on catch block at 0xc3 in for 0xa5
01-12 15:02:20.335 26086 26086 E ArmVmp : Match on catch block at 0xc3 in for 0xa9
01-12 15:02:20.357 26086 26086 E ArmVmp : Match on catch block at 0xc3 in for 0xa9
01-12 15:02:20.366 26086 26086 E ArmVmp : Match on catch block at 0xc3 in for 0xa1
01-12 15:02:20.497 26086 26086 E ArmVmp : Match on catch block at 0xc3 in for 0xa1
01-12 15:02:20.513 26086 26086 E ArmVmp : Match on catch block at 0xc3 in for 0xa5
01-12 15:02:20.657 26086 26086 E ArmVmp : Match on catch block at 0xc3 in for 0xa5
01-12 15:02:20.673 26086 26086 E ArmVmp : Match on catch block at 0xc3 in for 0xa9
01-12 15:02:20.742 26086 26086 E ArmVmp : Match on catch block at 0xc3 in for 0xa9
01-12 15:02:20.755 26086 26086 E ArmVmp : Match on catch block at 0xc3 in for 0xa1
01-12 15:02:20.789 26086 26086 E ArmVmp : Match on catch block at 0xc3 in for 0xa1
01-12 15:02:20.802 26086 26086 E ArmVmp : Match on catch block at 0xc3 in for 0xa5
01-12 15:02:20.834 26086 26086 E ArmVmp : Match on catch block at 0xc3 in for 0xa9
01-12 15:02:20.844 26086 26086 E ArmVmp : Match on catch block at 0xc3 in for 0xa1
01-12 15:02:21.079 26086 26086 W ActivityThread: handleWindowVisibility: no
activity for token android.os.BinderProxy@fd024c3
01-12 15:02:21.129 26086 26086 E ArmVmp : Match on catch block at 0xc3 in for 0xa9
01-12 15:02:21.133 26086 26086 E ArmVmp : Match on catch block at 0xc3 in for 0xa1
01-12 15:02:21.137 26086 26936 W HiTouch_HiTouchSensor: depended package hiTouch
does n't exist!
01-12 15:02:21.238 26086 26086 W InputMethodManager: startInputReason = 1
01-12 15:02:21.327 26086 26245 W libEGL : EGLNativeWindowType 0x71c3e1a010
disconnect failed
01-12 15:02:21.460 26086 26245 W libEGL : EGLNativeWindowType 0x71af7b2010
disconnect failed
01-12 15:02:21.466 26086 26086 E ArmVmp : Match on catch block at 0xc3 in for 0xa1
01-12 15:02:21.470 26086 26086 E ArmVmp : Match on catch block at 0xc3 in for 0xa5
01-12 15:02:22.119 26086 26086 E ArmVmp : Match on catch block at 0x0a in for 0xc5
01-12 15:02:22.131 26086 26086 E ArmVmp : Match on catch block at 0x0a in for 0xc5
01-12 15:02:22.194 26086 26086 E ArmVmp : Match on catch block at 0xc3 in for 0xa5
01-12 15:02:22.201 26086 26086 E ArmVmp : Match on catch block at 0xc3 in for 0xa9
01-12 15:02:22.211 26086 26086 E ArmVmp : Match on catch block at 0xc3 in for 0xa5
01-12 15:02:22.216 26086 26086 E ArmVmp : Match on catch block at 0xc3 in for 0xa9
01-12 15:02:22.232 26086 26086 W InputMethodManager: startInputReason = 1
01-12 15:02:22.250 26086 26086 E ArmVmp : Match on catch block at 0xc3 in for 0xa1
01-12 15:02:22.255 26086 26086 E ArmVmp : Match on catch block at 0xc3 in for 0xa5
01-12 15:02:22.307 26086 26086 E SpannableStringBuilder: SPAN_EXCLUSIVE_EXCLUSIVE
spans cannot have a zero length
01-12 15:02:22.466 26086 26245 W libEGL : EGLNativeWindowType 0x71b0eae010
disconnect failed
01-12 15:02:22.733 26086 26086 E ArmVmp : Match on catch block at 0xc3 in for 0xa9
01-12 15:02:22.744 26086 26086 E ArmVmp : Match on catch block at 0xc3 in for 0xa1
01-12 15:02:22.763 26086 26086 E ArmVmp : Match on catch block at 0xc3 in for 0xa1
01-12 15:02:22.773 26086 26086 E ArmVmp : Match on catch block at 0xc3 in for 0xa5
01-12 15:02:23.012 26086 26086 E ArmVmp : Match on catch block at 0xc3 in for 0xa5
01-12 15:02:23.023 26086 26086 E ArmVmp : Match on catch block at 0xc3 in for 0xa9
01-12 15:02:23.071 26086 26086 E ArmVmp : Match on catch block at 0xc3 in for 0xa9
01-12 15:02:23.083 26086 26086 E ArmVmp : Match on catch block at 0xc3 in for 0xa1
01-12 15:02:23.102 26086 26086 E ArmVmp : Match on catch block at 0xc3 in for 0xa1
01-12 15:02:23.111 26086 26086 E ArmVmp : Match on catch block at 0xc3 in for 0xa5
01-12 15:02:23.144 26086 26086 E ArmVmp : Match on catch block at 0xc3 in for 0xa5
01-12 15:02:23.158 26086 26086 E ArmVmp : Match on catch block at 0xc3 in for 0xa9
01-12 15:02:23.186 26086 26086 E ArmVmp : Match on catch block at 0xc3 in for 0xa1
01-12 15:02:23.196 26086 26086 E ArmVmp : Match on catch block at 0xc3 in for 0xa5
01-12 15:02:23.213 26086 26086 E ArmVmp : Match on catch block at 0xc3 in for 0xa5
01-12 15:02:23.221 26086 26086 E ArmVmp : Match on catch block at 0xc3 in for 0xa9
01-12 15:02:23.249 26086 26086 E ArmVmp : Match on catch block at 0xc3 in for 0xa9
01-12 15:02:23.258 26086 26086 E ArmVmp : Match on catch block at 0xc3 in for 0xa1
01-12 15:02:23.285 26086 26086 E ArmVmp : Match on catch block at 0xc3 in for 0xa1
01-12 15:02:23.294 26086 26086 E ArmVmp : Match on catch block at 0xc3 in for 0xa5
01-12 15:02:23.320 26086 26086 E ArmVmp : Match on catch block at 0xc3 in for 0xa5
01-12 15:02:23.332 26086 26086 E ArmVmp : Match on catch block at 0xc3 in for 0xa9
01-12 15:02:23.362 26086 26086 E ArmVmp : Match on catch block at 0xc3 in for 0xa9
01-12 15:02:23.370 26086 26086 E ArmVmp : Match on catch block at 0xc3 in for 0xa1
01-12 15:02:23.391 26086 26086 E ArmVmp : Match on catch block at 0xc3 in for 0xa1
01-12 15:02:23.399 26086 26086 E ArmVmp : Match on catch block at 0xc3 in for 0xa5
01-12 15:02:23.426 26086 26086 E ArmVmp : Match on catch block at 0xc3 in for 0xa5
01-12 15:02:23.435 26086 26086 E ArmVmp : Match on catch block at 0xc3 in for 0xa9
01-12 15:02:23.820 26086 26086 E ArmVmp : Match on catch block at 0xc3 in for 0xa9
01-12 15:02:23.834 26086 26086 E ArmVmp : Match on catch block at 0xc3 in for 0xa1
01-12 15:02:23.854 26086 26086 E ArmVmp : Match on catch block at 0xc3 in for 0xa1
01-12 15:02:23.866 26086 26086 E ArmVmp : Match on catch block at 0xc3 in for 0xa5
01-12 15:02:23.887 26086 26086 E ArmVmp : Match on catch block at 0xc3 in for 0xa5
01-12 15:02:23.896 26086 26086 E ArmVmp : Match on catch block at 0xc3 in for 0xa9
01-12 15:02:23.909 26086 26086 E ArmVmp : Match on catch block at 0xc3 in for 0xa9
01-12 15:02:23.918 26086 26086 E ArmVmp : Match on catch block at 0xc3 in for 0xa1
01-12 15:02:23.939 26086 26086 E ArmVmp : Match on catch block at 0xc3 in for 0xa1
01-12 15:02:23.960 26086 26086 E ArmVmp : Match on catch block at 0xc3 in for 0xa5
01-12 15:02:23.977 26086 26086 E ArmVmp : Match on catch block at 0xc3 in for 0xa5
01-12 15:02:23.990 26086 26086 E ArmVmp : Match on catch block at 0xc3 in for 0xa9
01-12 15:02:24.004 26086 26086 E ArmVmp : Match on catch block at 0xc3 in for 0xa9
01-12 15:02:24.015 26086 26086 E ArmVmp : Match on catch block at 0xc3 in for 0xa1
01-12 15:02:24.035 26086 26086 E ArmVmp : Match on catch block at 0xc3 in for 0xa1
01-12 15:02:24.043 26086 26086 E ArmVmp : Match on catch block at 0xc3 in for 0xa5
01-12 15:02:24.058 26086 26086 E ArmVmp : Match on catch block at 0xc3 in for 0xa5
01-12 15:02:24.068 26086 26086 E ArmVmp : Match on catch block at 0xc3 in for 0xa9
01-12 15:02:24.084 26086 26086 E ArmVmp : Match on catch block at 0xc3 in for 0xa9
01-12 15:02:24.093 26086 26086 E ArmVmp : Match on catch block at 0xc3 in for 0xa1
01-12 15:02:25.114 26086 26943 W HiTouch_HiTouchSensor: depended package hiTouch
does n't exist!
01-12 15:02:25.124 26086 26086 W StaticLayout: maxLineHeight should not be -1.
maxLines:2 lineCount:2
01-12 15:02:25.126 26086 26086 W StaticLayout: maxLineHeight should not be -1.
maxLines:2 lineCount:2
01-12 15:02:25.490 26086 26245 W libEGL : EGLNativeWindowType 0x71af58d010
disconnect failed
01-12 15:02:27.892 26086 26245 W libEGL : EGLNativeWindowType 0x71a69e7010
disconnect failed
01-12 15:02:27.979 26086 26086 E ArmVmp : Match on catch block at 0xc3 in for 0xa9
01-12 15:02:27.990 26086 26086 E ArmVmp : Match on catch block at 0xc3 in for 0xa1
01-12 15:02:28.439 26086 26086 E ArmVmp : Match on catch block at 0xc3 in for 0xa5
01-12 15:02:28.449 26086 26086 E ArmVmp : Match on catch block at 0xc3 in for 0xa9
01-12 15:02:28.468 26086 26086 E ArmVmp : Match on catch block at 0xc3 in for 0xa9
01-12 15:02:28.478 26086 26086 E ArmVmp : Match on catch block at 0xc3 in for 0xa1
01-12 15:02:28.649 26086 26086 E ArmVmp : Match on catch block at 0xc3 in for 0xa1
01-12 15:02:28.660 26086 26086 E ArmVmp : Match on catch block at 0xc3 in for 0xa5
01-12 15:02:28.715 26086 26086 E ArmVmp : Match on catch block at 0xc3 in for 0xa5
01-12 15:02:28.729 26086 26086 E ArmVmp : Match on catch block at 0xc3 in for 0xa9
01-12 15:02:28.754 26086 26086 E ArmVmp : Match on catch block at 0xc3 in for 0xa9
01-12 15:02:28.765 26086 26086 E ArmVmp : Match on catch block at 0xc3 in for 0xa1
01-12 15:02:28.787 26086 26086 E ArmVmp : Match on catch block at 0xc3 in for 0xa1
01-12 15:02:28.799 26086 26086 E ArmVmp : Match on catch block at 0xc3 in for 0xa5
01-12 15:02:28.817 26086 26086 E ArmVmp : Match on catch block at 0xc3 in for 0xa5
01-12 15:02:28.826 26086 26086 E ArmVmp : Match on catch block at 0xc3 in for 0xa9
01-12 15:02:28.845 26086 26086 E ArmVmp : Match on catch block at 0xc3 in for 0xa1
01-12 15:02:28.855 26086 26086 E ArmVmp : Match on catch block at 0xc3 in for 0xa5
01-12 15:02:28.876 26086 26086 E ArmVmp : Match on catch block at 0xc3 in for 0xa5
01-12 15:02:28.885 26086 26086 E ArmVmp : Match on catch block at 0xc3 in for 0xa9
01-12 15:02:29.919 26086 26946 W HiTouch_HiTouchSensor: depended package hiTouch
does n't exist!
01-12 15:02:29.921 26086 26086 W StaticLayout: maxLineHeight should not be -1.
maxLines:2 lineCount:2
01-12 15:02:29.924 26086 26086 W StaticLayout: maxLineHeight should not be -1.
maxLines:2 lineCount:2
01-12 15:02:30.226 26086 26245 W libEGL : EGLNativeWindowType 0x71a69e7010
disconnect failed
01-12 15:02:31.229 26086 26245 W libEGL : EGLNativeWindowType 0x71876ab010
disconnect failed
