01-12 15:09:32.593 27081 27081 E ArmVmp : Match on catch block at 0xc3 in for 0xa9
01-12 15:09:32.598 27081 27081 E ArmVmp : Match on catch block at 0xc3 in for 0xa1
01-12 15:09:32.607 27081 27081 W InputMethodManager: startInputReason = 3
01-12 15:09:32.612 27081 27081 W InputMethodManager: startInputReason = 3
01-12 15:09:32.629 27081 27093 E : [ZeroHung]zrhung_get_config: Get config
failed for wp[0x0008]
01-12 15:09:32.636 27081 27081 E ArmVmp : Match on catch block at 0xc3 in for 0xa9
01-12 15:09:32.642 27081 27081 E ArmVmp : Match on catch block at 0xc3 in for 0xa1
01-12 15:09:32.656 27081 27081 E ArmVmp : Match on catch block at 0xc3 in for 0xa9
01-12 15:09:32.661 27081 27081 E ArmVmp : Match on catch block at 0xc3 in for 0xa1
01-12 15:09:32.693 27081 27081 E ArmVmp : Match on catch block at 0xc3 in for 0xa9
01-12 15:09:32.699 27081 27081 E ArmVmp : Match on catch block at 0xc3 in for 0xa1
01-12 15:09:32.720 27081 27081 E ArmVmp : Match on catch block at 0xc3 in for 0xa9
01-12 15:09:32.725 27081 27081 E ArmVmp : Match on catch block at 0xc3 in for 0xa1
01-12 15:09:32.754 27081 27081 E ArmVmp : Match on catch block at 0xc3 in for 0xa5
01-12 15:09:32.759 27081 27081 E ArmVmp : Match on catch block at 0xc3 in for 0xa9
01-12 15:09:32.773 27081 27081 E ArmVmp : Match on catch block at 0xc3 in for 0xa5
01-12 15:09:32.778 27081 27081 E ArmVmp : Match on catch block at 0xc3 in for 0xa9
01-12 15:09:32.808 27081 27081 E ArmVmp : Match on catch block at 0xc3 in for 0xa1
01-12 15:09:32.814 27081 27081 E ArmVmp : Match on catch block at 0xc3 in for 0xa5
01-12 15:09:32.839 27081 27081 E ArmVmp : Match on catch block at 0xc3 in for 0xa5
01-12 15:09:32.845 27081 27081 E ArmVmp : Match on catch block at 0xc3 in for 0xa9
01-12 15:09:32.857 27081 27081 E ArmVmp : Match on catch block at 0xc3 in for 0xa9
01-12 15:09:32.862 27081 27081 E ArmVmp : Match on catch block at 0xc3 in for 0xa1
01-12 15:09:32.895 27081 27081 E ArmVmp : Match on catch block at 0xc3 in for 0xa1
01-12 15:09:32.901 27081 27081 E ArmVmp : Match on catch block at 0xc3 in for 0xa5
01-12 15:09:32.945 27081 27081 E ArmVmp : Match on catch block at 0xc3 in for 0xa1
01-12 15:09:32.949 27081 27081 E ArmVmp : Match on catch block at 0xc3 in for 0xa5
01-12 15:09:32.982 27081 27081 E ArmVmp : Match on catch block at 0xc3 in for 0xa9
01-12 15:09:32.988 27081 27081 E ArmVmp : Match on catch block at 0xc3 in for 0xa1
01-12 15:09:33.010 27081 27081 E ArmVmp : Match on catch block at 0xc3 in for 0xa9
01-12 15:09:33.014 27081 27081 E ArmVmp : Match on catch block at 0xc3 in for 0xa1
01-12 15:09:33.043 27081 27081 E ArmVmp : Match on catch block at 0xc3 in for 0xa9
01-12 15:09:33.049 27081 27081 E ArmVmp : Match on catch block at 0xc3 in for 0xa1
01-12 15:09:33.067 27081 27081 E ArmVmp : Match on catch block at 0xc3 in for 0xa1
01-12 15:09:33.072 27081 27081 E ArmVmp : Match on catch block at 0xc3 in for 0xa5
01-12 15:09:33.087 27081 27081 E ArmVmp : Match on catch block at 0xc3 in for 0xa5
01-12 15:09:33.090 27081 27081 E ArmVmp : Match on catch block at 0xc3 in for 0xa9
01-12 15:09:33.104 27081 27081 E ArmVmp : Match on catch block at 0xc3 in for 0xa9
01-12 15:09:33.109 27081 27081 E ArmVmp : Match on catch block at 0xc3 in for 0xa1
01-12 15:09:33.122 27081 27081 E ArmVmp : Match on catch block at 0xc3 in for 0xa1
01-12 15:09:33.128 27081 27081 E ArmVmp : Match on catch block at 0xc3 in for 0xa5
01-12 15:09:33.143 27081 27081 E ArmVmp : Match on catch block at 0xc3 in for 0xa5
01-12 15:09:33.151 27081 27081 E ArmVmp : Match on catch block at 0xc3 in for 0xa9
01-12 15:09:33.166 27081 27081 E ArmVmp : Match on catch block at 0xc3 in for 0xa9
01-12 15:09:33.172 27081 27081 E ArmVmp : Match on catch block at 0xc3 in for 0xa1
01-12 15:09:33.187 27081 27081 E ArmVmp : Match on catch block at 0xc3 in for 0xa1
01-12 15:09:33.193 27081 27081 E ArmVmp : Match on catch block at 0xc3 in for 0xa5
01-12 15:09:33.208 27081 27081 E ArmVmp : Match on catch block at 0xc3 in for 0xa9
01-12 15:09:33.215 27081 27081 E ArmVmp : Match on catch block at 0xc3 in for 0xa1
01-12 15:09:33.228 27081 27081 E ArmVmp : Match on catch block at 0xc3 in for 0xa1
01-12 15:09:33.235 27081 27081 E ArmVmp : Match on catch block at 0xc3 in for 0xa5
01-12 15:09:33.590 27081 27081 E ArmVmp : Match on catch block at 0xc3 in for 0xa5
01-12 15:09:33.613 27081 27081 E ArmVmp : Match on catch block at 0xc3 in for 0xa9
01-12 15:09:33.644 27081 27081 E ArmVmp : Match on catch block at 0xc3 in for 0xa9
01-12 15:09:33.661 27081 27081 E ArmVmp : Match on catch block at 0xc3 in for 0xa1
01-12 15:09:34.156 27081 27081 E ArmVmp : Match on catch block at 0xc3 in for 0xa1
01-12 15:09:34.178 27081 27081 E ArmVmp : Match on catch block at 0xc3 in for 0xa5
01-12 15:09:34.653 27081 27081 E ArmVmp : Match on catch block at 0xc3 in for 0xa5
01-12 15:09:34.683 27081 27081 E ArmVmp : Match on catch block at 0xc3 in for 0xa9
01-12 15:09:34.798 27081 27081 E ArmVmp : Match on catch block at 0xc3 in for 0xa9
01-12 15:09:34.820 27081 27081 E ArmVmp : Match on catch block at 0xc3 in for 0xa1
01-12 15:09:34.845 27081 27081 E ArmVmp : Match on catch block at 0xc3 in for 0xa1
01-12 15:09:34.866 27081 27081 E ArmVmp : Match on catch block at 0xc3 in for 0xa5
01-12 15:09:34.891 27081 27081 E ArmVmp : Match on catch block at 0xc3 in for 0xa5
01-12 15:09:34.906 27081 27081 E ArmVmp : Match on catch block at 0xc3 in for 0xa9
01-12 15:09:34.931 27081 27081 E ArmVmp : Match on catch block at 0xc3 in for 0xa9
01-12 15:09:34.953 27081 27081 E ArmVmp : Match on catch block at 0xc3 in for 0xa1
01-12 15:09:34.978 27081 27081 E ArmVmp : Match on catch block at 0xc3 in for 0xa1
01-12 15:09:35.001 27081 27081 E ArmVmp : Match on catch block at 0xc3 in for 0xa5
01-12 15:09:35.026 27081 27081 E ArmVmp : Match on catch block at 0xc3 in for 0xa5
01-12 15:09:35.049 27081 27081 E ArmVmp : Match on catch block at 0xc3 in for 0xa9
01-12 15:09:35.072 27081 27081 E ArmVmp : Match on catch block at 0xc3 in for 0xa9
01-12 15:09:35.092 27081 27081 E ArmVmp : Match on catch block at 0xc3 in for 0xa1
01-12 15:09:35.161 27081 27081 E ArmVmp : Match on catch block at 0xc3 in for 0xa1
01-12 15:09:35.182 27081 27081 E ArmVmp : Match on catch block at 0xc3 in for 0xa5
01-12 15:09:35.656 27081 27081 E ArmVmp : Match on catch block at 0xc3 in for 0xa5
01-12 15:09:35.673 27081 27081 E ArmVmp : Match on catch block at 0xc3 in for 0xa9
01-12 15:09:36.151 27081 27081 E ArmVmp : Match on catch block at 0xc3 in for 0xa9
01-12 15:09:36.172 27081 27081 E ArmVmp : Match on catch block at 0xc3 in for 0xa1
01-12 15:09:36.613 27081 27081 E ArmVmp : Match on catch block at 0xc3 in for 0xa9
01-12 15:09:36.637 27081 27081 E ArmVmp : Match on catch block at 0xc3 in for 0xa1
01-12 15:09:36.681 27081 27081 E ArmVmp : Match on catch block at 0xc3 in for 0xa1
01-12 15:09:36.700 27081 27081 E ArmVmp : Match on catch block at 0xc3 in for 0xa5
01-12 15:09:36.728 27081 27081 E ArmVmp : Match on catch block at 0xc3 in for 0xa5
01-12 15:09:36.747 27081 27081 E ArmVmp : Match on catch block at 0xc3 in for 0xa9
01-12 15:09:37.110 27081 27081 W InputMethodManager: startInputReason = 1
01-12 15:09:37.165 27081 27081 E ArmVmp : Match on catch block at 0xc3 in for 0xa5
01-12 15:09:37.177 27081 27081 E ArmVmp : Match on catch block at 0xc3 in for 0xa9
01-12 15:09:37.223 27081 27081 E ArmVmp : Match on catch block at 0xc3 in for 0xa9
01-12 15:09:37.245 27081 27081 E ArmVmp : Match on catch block at 0xc3 in for 0xa1
01-12 15:09:37.349 27081 27081 E ArmVmp : Match on catch block at 0xc3 in for 0xa1
01-12 15:09:37.366 27081 27081 E ArmVmp : Match on catch block at 0xc3 in for 0xa5
01-12 15:09:37.643 27081 27081 W InputMethodManager: startInputReason = 1
01-12 15:09:40.823 27081 27616 W libEGL : EGLNativeWindowType 0x71af2a5010
disconnect failed
01-12 15:09:41.540 27081 27081 E ArmVmp : Match on catch block at 0xc3 in for 0xa1
01-12 15:09:41.560 27081 27081 E ArmVmp : Match on catch block at 0xc3 in for 0xa5
01-12 15:09:41.588 27081 27081 W InputMethodManager: startInputReason = 1
01-12 15:09:41.640 27081 27081 E ArmVmp : Match on catch block at 0xc3 in for 0xa9
01-12 15:09:41.653 27081 27081 E ArmVmp : Match on catch block at 0xc3 in for 0xa1
01-12 15:09:41.673 27081 27081 E ArmVmp : Match on catch block at 0xc3 in for 0xa1
01-12 15:09:41.692 27081 27081 E ArmVmp : Match on catch block at 0xc3 in for 0xa5
01-12 15:09:41.813 27081 27081 E ArmVmp : Match on catch block at 0xc3 in for 0xa5
01-12 15:09:41.835 27081 27081 E ArmVmp : Match on catch block at 0xc3 in for 0xa9
01-12 15:09:41.896 27081 27081 E ArmVmp : Match on catch block at 0xc3 in for 0xa9
01-12 15:09:41.915 27081 27081 E ArmVmp : Match on catch block at 0xc3 in for 0xa1
01-12 15:09:41.955 27081 27081 E ArmVmp : Match on catch block at 0xc3 in for 0xa1
01-12 15:09:41.985 27081 27081 E ArmVmp : Match on catch block at 0xc3 in for 0xa5
01-12 15:09:42.992 27081 27616 W libEGL : EGLNativeWindowType 0x71885c9010
disconnect failed
01-12 15:09:43.015 27081 27081 W InputEventReceiver: Attempted to finish an input
event but the input event receiver has already been disposed.
01-12 15:09:43.082 27081 27081 E ArmVmp : Match on catch block at 0xc3 in for 0xa5
01-12 15:09:43.105 27081 27081 E ArmVmp : Match on catch block at 0xc3 in for 0xa9
01-12 15:09:43.141 27081 27081 E ArmVmp : Match on catch block at 0xc3 in for 0xa1
01-12 15:09:43.163 27081 27081 E ArmVmp : Match on catch block at 0xc3 in for 0xa5
01-12 15:09:43.214 27081 27081 E ArmVmp : Match on catch block at 0xc3 in for 0xa1
01-12 15:09:43.232 27081 27081 E ArmVmp : Match on catch block at 0xc3 in for 0xa5
01-12 15:09:43.286 27081 27616 W libEGL : EGLNativeWindowType 0x71b9b3f010
disconnect failed
01-12 15:09:43.319 27081 27081 E ArmVmp : Match on catch block at 0xc3 in for 0xa5
01-12 15:09:43.339 27081 27081 E ArmVmp : Match on catch block at 0xc3 in for 0xa9
01-12 15:09:43.378 27081 27081 W InputMethodManager: startInputReason = 1
01-12 15:09:43.409 27081 27081 E ArmVmp : Match on catch block at 0xc3 in for 0xa5
01-12 15:09:43.431 27081 27081 E ArmVmp : Match on catch block at 0xc3 in for 0xa9
01-12 15:09:43.533 27081 27081 E SpannableStringBuilder: SPAN_EXCLUSIVE_EXCLUSIVE
spans cannot have a zero length
01-12 15:09:43.886 27081 27081 E ArmVmp : Match on catch block at 0xc3 in for 0xa9
01-12 15:09:43.908 27081 27081 E ArmVmp : Match on catch block at 0xc3 in for 0xa1
01-12 15:09:44.371 27081 27081 E ArmVmp : Match on catch block at 0xc3 in for 0xa5
01-12 15:09:44.394 27081 27081 E ArmVmp : Match on catch block at 0xc3 in for 0xa9
01-12 15:09:44.430 27081 27081 E ArmVmp : Match on catch block at 0xc3 in for 0xa9
01-12 15:09:44.447 27081 27081 E ArmVmp : Match on catch block at 0xc3 in for 0xa1
01-12 15:09:44.896 27081 27081 E ArmVmp : Match on catch block at 0xc3 in for 0xa5
01-12 15:09:44.919 27081 27081 E ArmVmp : Match on catch block at 0xc3 in for 0xa9
01-12 15:09:44.954 27081 27081 E ArmVmp : Match on catch block at 0xc3 in for 0xa9
01-12 15:09:44.974 27081 27081 E ArmVmp : Match on catch block at 0xc3 in for 0xa1
01-12 15:09:44.997 27081 27081 E ArmVmp : Match on catch block at 0xc3 in for 0xa1
01-12 15:09:45.021 27081 27081 E ArmVmp : Match on catch block at 0xc3 in for 0xa5
01-12 15:09:45.049 27081 27081 E ArmVmp : Match on catch block at 0xc3 in for 0xa5
01-12 15:09:45.068 27081 27081 E ArmVmp : Match on catch block at 0xc3 in for 0xa9
01-12 15:09:45.086 27081 27081 E ArmVmp : Match on catch block at 0xc3 in for 0xa9
01-12 15:09:45.105 27081 27081 E ArmVmp : Match on catch block at 0xc3 in for 0xa1
01-12 15:09:45.131 27081 27081 E ArmVmp : Match on catch block at 0xc3 in for 0xa1
01-12 15:09:45.161 27081 27081 E ArmVmp : Match on catch block at 0xc3 in for 0xa5
01-12 15:09:45.189 27081 27081 E ArmVmp : Match on catch block at 0xc3 in for 0xa5
01-12 15:09:45.209 27081 27081 E ArmVmp : Match on catch block at 0xc3 in for 0xa9
01-12 15:09:45.234 27081 27081 E ArmVmp : Match on catch block at 0xc3 in for 0xa9
01-12 15:09:45.260 27081 27081 E ArmVmp : Match on catch block at 0xc3 in for 0xa1
01-12 15:09:45.292 27081 27081 E ArmVmp : Match on catch block at 0xc3 in for 0xa1
01-12 15:09:45.312 27081 27081 E ArmVmp : Match on catch block at 0xc3 in for 0xa5
01-12 15:09:45.460 27081 27081 W InputMethodManager: startInputReason = 1
01-12 15:09:45.494 27081 27081 E ArmVmp : Match on catch block at 0xc3 in for 0xa9
01-12 15:09:45.500 27081 27081 E ArmVmp : Match on catch block at 0xc3 in for 0xa1
01-12 15:09:45.733 27081 27616 W libEGL : EGLNativeWindowType 0x7199959010
disconnect failed
01-12 15:09:45.739 27081 27081 E ArmVmp : Match on catch block at 0xc3 in for 0xa9
01-12 15:09:45.745 27081 27081 E ArmVmp : Match on catch block at 0xc3 in for 0xa1
01-12 15:09:48.390 27081 27724 W HiTouch_HiTouchSensor: depended package hiTouch
does n't exist!
01-12 15:09:48.460 27081 27616 W libEGL : EGLNativeWindowType 0x7195af8010
disconnect failed
01-12 15:09:48.686 27081 27725 W HiTouch_HiTouchSensor: depended package hiTouch
does n't exist!
01-12 15:09:49.524 27081 27616 W libEGL : EGLNativeWindowType 0x7195bdf010
disconnect failed
01-12 15:09:49.658 27081 27727 W HiTouch_HiTouchSensor: depended package hiTouch
does n't exist!
01-12 15:09:49.968 27081 27616 W libEGL : EGLNativeWindowType 0x71884a1010
disconnect failed
01-12 15:09:50.129 27081 27093 E : [ZeroHung]zrhung_get_config: Get config
failed for wp[0x0008]
01-12 15:09:50.893 27081 27616 W libEGL : EGLNativeWindowType 0x719802f010
disconnect failed
--------- beginning of system
--------- beginning of main
01-12 15:09:12.279 27081 27081 W ActivityThread: handleWindowVisibility: no
activity for token android.os.BinderProxy@53752ee
01-12 15:09:12.659 27081 27671 W LOTTIE : Unknown shape type rd
01-12 15:09:12.716 27081 27081 E ArmVmp : Match on catch block at 0x0a in for 0xc1
01-12 15:09:12.720 27081 27081 E ArmVmp : Match on catch block at 0x0a in for 0xc5
01-12 15:09:12.753 27081 27678 W HiTouch_HiTouchSensor: depended package hiTouch
does n't exist!
01-12 15:09:12.804 27081 27093 E : [ZeroHung]zrhung_get_config: Get config
failed for wp[0x0008]
01-12 15:09:12.884 27081 27081 E ArmVmp : Match on catch block at 0xc3 in for 0xb1
01-12 15:09:12.927 27081 27081 E ArmVmp : Match on catch block at 0xc3 in for 0xb9
01-12 15:09:12.939 27081 27081 E ArmVmp : Match on catch block at 0xc3 in for 0xa1
01-12 15:09:12.943 27081 27081 E ArmVmp : Match on catch block at 0xc3 in for 0xa9
01-12 15:09:12.984 27081 27081 E ArmVmp : Match on catch block at 0xc3 in for 0xa9
01-12 15:09:12.987 27081 27081 E ArmVmp : Match on catch block at 0xc3 in for 0xa1
01-12 15:09:13.016 27081 27081 E ArmVmp : Match on catch block at 0xc3 in for 0xa9
01-12 15:09:13.019 27081 27081 E ArmVmp : Match on catch block at 0xc3 in for 0xa1
01-12 15:09:13.034 27081 27081 W InputMethodManager: startInputReason = 1
01-12 15:09:13.041 27081 27081 E ArmVmp : Match on catch block at 0xc3 in for 0xa1
01-12 15:09:13.046 27081 27081 E ArmVmp : Match on catch block at 0xc3 in for 0xa5
01-12 15:09:13.061 27081 27081 E ArmVmp : Match on catch block at 0xc3 in for 0xa9
01-12 15:09:13.064 27081 27081 E ArmVmp : Match on catch block at 0xc3 in for 0xa1
01-12 15:09:13.073 27081 27081 E ArmVmp : Match on catch block at 0xc3 in for 0xa9
01-12 15:09:13.077 27081 27081 E ArmVmp : Match on catch block at 0xc3 in for 0xa1
01-12 15:09:13.086 27081 27081 E ArmVmp : Match on catch block at 0xc3 in for 0xa1
01-12 15:09:13.089 27081 27081 E ArmVmp : Match on catch block at 0xc3 in for 0xa5
01-12 15:09:13.102 27081 27081 E ArmVmp : Match on catch block at 0xc3 in for 0xa5
01-12 15:09:13.105 27081 27081 E ArmVmp : Match on catch block at 0xc3 in for 0xa9
01-12 15:09:13.119 27081 27081 E ArmVmp : Match on catch block at 0xc3 in for 0xa9
01-12 15:09:13.123 27081 27081 E ArmVmp : Match on catch block at 0xc3 in for 0xa1
01-12 15:09:13.187 27081 27081 E SpannableStringBuilder: SPAN_EXCLUSIVE_EXCLUSIVE
spans cannot have a zero length
01-12 15:09:13.225 27081 27616 W libEGL : EGLNativeWindowType 0x71c6f14010
disconnect failed
01-12 15:09:13.550 27081 27081 E ArmVmp : Match on catch block at 0xc3 in for 0xa1
01-12 15:09:13.567 27081 27081 E ArmVmp : Match on catch block at 0xc3 in for 0xa5
01-12 15:09:13.600 27081 27081 E ArmVmp : Match on catch block at 0xc3 in for 0xa5
01-12 15:09:13.613 27081 27081 E ArmVmp : Match on catch block at 0xc3 in for 0xa9
01-12 15:09:13.651 27081 27081 E ArmVmp : Match on catch block at 0xc3 in for 0xa9
01-12 15:09:13.672 27081 27081 E ArmVmp : Match on catch block at 0xc3 in for 0xa1
01-12 15:09:13.699 27081 27081 E ArmVmp : Match on catch block at 0xc3 in for 0xa1
01-12 15:09:13.716 27081 27081 E ArmVmp : Match on catch block at 0xc3 in for 0xa5
01-12 15:09:13.749 27081 27081 E ArmVmp : Match on catch block at 0xc3 in for 0xa5
01-12 15:09:13.767 27081 27081 E ArmVmp : Match on catch block at 0xc3 in for 0xa9
01-12 15:09:13.800 27081 27081 E ArmVmp : Match on catch block at 0xc3 in for 0xa9
01-12 15:09:13.818 27081 27081 E ArmVmp : Match on catch block at 0xc3 in for 0xa1
01-12 15:09:13.848 27081 27081 E ArmVmp : Match on catch block at 0xc3 in for 0xa1
01-12 15:09:13.866 27081 27081 E ArmVmp : Match on catch block at 0xc3 in for 0xa5
01-12 15:09:13.883 27081 27081 E ArmVmp : Match on catch block at 0xc3 in for 0xa5
01-12 15:09:13.892 27081 27081 E ArmVmp : Match on catch block at 0xc3 in for 0xa9
01-12 15:09:13.916 27081 27081 E ArmVmp : Match on catch block at 0xc3 in for 0xa9
01-12 15:09:13.931 27081 27081 E ArmVmp : Match on catch block at 0xc3 in for 0xa1
01-12 15:09:14.048 27081 27081 E ArmVmp : Match on catch block at 0xc3 in for 0xa5
01-12 15:09:14.068 27081 27081 E ArmVmp : Match on catch block at 0xc3 in for 0xa9
01-12 15:09:14.150 27081 27081 E ArmVmp : Match on catch block at 0xc3 in for 0xa1
01-12 15:09:14.170 27081 27081 E ArmVmp : Match on catch block at 0xc3 in for 0xa5
01-12 15:09:14.200 27081 27081 E ArmVmp : Match on catch block at 0xc3 in for 0xa5
01-12 15:09:14.224 27081 27081 E ArmVmp : Match on catch block at 0xc3 in for 0xa9
01-12 15:09:14.265 27081 27081 E SpannableStringBuilder: SPAN_EXCLUSIVE_EXCLUSIVE
spans cannot have a zero length
01-12 15:09:14.372 27081 27081 E ArmVmp : Match on catch block at 0xc3 in for 0xa9
01-12 15:09:14.399 27081 27081 E ArmVmp : Match on catch block at 0xc3 in for 0xa1
01-12 15:09:14.428 27081 27081 E ArmVmp : Match on catch block at 0xc3 in for 0xa9
01-12 15:09:14.441 27081 27081 E ArmVmp : Match on catch block at 0xc3 in for 0xa1
01-12 15:09:14.556 27081 27081 E ArmVmp : Match on catch block at 0xc3 in for 0xa1
01-12 15:09:14.579 27081 27081 E ArmVmp : Match on catch block at 0xc3 in for 0xa5
01-12 15:09:15.053 27081 27081 E ArmVmp : Match on catch block at 0xc3 in for 0xa5
01-12 15:09:15.077 27081 27081 E ArmVmp : Match on catch block at 0xc3 in for 0xa9
01-12 15:09:15.550 27081 27081 E ArmVmp : Match on catch block at 0xc3 in for 0xa9
01-12 15:09:15.580 27081 27081 E ArmVmp : Match on catch block at 0xc3 in for 0xa1
01-12 15:09:15.871 27081 27081 E ArmVmp : Match on catch block at 0xc3 in for 0xa5
01-12 15:09:15.893 27081 27081 E ArmVmp : Match on catch block at 0xc3 in for 0xa9
01-12 15:09:15.921 27081 27081 E ArmVmp : Match on catch block at 0xc3 in for 0xa9
01-12 15:09:15.940 27081 27081 E ArmVmp : Match on catch block at 0xc3 in for 0xa1
01-12 15:09:16.058 27081 27081 E ArmVmp : Match on catch block at 0xc3 in for 0xa1
01-12 15:09:16.079 27081 27081 E ArmVmp : Match on catch block at 0xc3 in for 0xa5
01-12 15:09:16.556 27081 27081 E ArmVmp : Match on catch block at 0xc3 in for 0xa5
01-12 15:09:16.586 27081 27081 E ArmVmp : Match on catch block at 0xc3 in for 0xa9
01-12 15:09:17.068 27081 27081 E ArmVmp : Match on catch block at 0xc3 in for 0xa9
01-12 15:09:17.098 27081 27081 E ArmVmp : Match on catch block at 0xc3 in for 0xa1
01-12 15:09:17.459 27081 27081 E ArmVmp : Match on catch block at 0xc3 in for 0xa1
01-12 15:09:17.478 27081 27081 E ArmVmp : Match on catch block at 0xc3 in for 0xa5
01-12 15:09:17.491 27081 27081 E ArmVmp : Match on catch block at 0xc3 in for 0xa5
01-12 15:09:17.500 27081 27081 E ArmVmp : Match on catch block at 0xc3 in for 0xa9
01-12 15:09:17.512 27081 27081 E ArmVmp : Match on catch block at 0xc3 in for 0xa9
01-12 15:09:17.538 27081 27081 E ArmVmp : Match on catch block at 0xc3 in for 0xa1
01-12 15:09:17.558 27081 27081 E ArmVmp : Match on catch block at 0xc3 in for 0xa1
01-12 15:09:17.582 27081 27081 E ArmVmp : Match on catch block at 0xc3 in for 0xa5
01-12 15:09:17.606 27081 27081 E ArmVmp : Match on catch block at 0xc3 in for 0xa5
01-12 15:09:17.625 27081 27081 E ArmVmp : Match on catch block at 0xc3 in for 0xa9
01-12 15:09:17.649 27081 27081 E ArmVmp : Match on catch block at 0xc3 in for 0xa9
01-12 15:09:17.674 27081 27081 E ArmVmp : Match on catch block at 0xc3 in for 0xa1
01-12 15:09:17.699 27081 27081 E ArmVmp : Match on catch block at 0xc3 in for 0xa1
01-12 15:09:17.714 27081 27081 E ArmVmp : Match on catch block at 0xc3 in for 0xa5
01-12 15:09:18.123 27081 27081 E ArmVmp : Match on catch block at 0xc3 in for 0xa5
01-12 15:09:18.149 27081 27081 E ArmVmp : Match on catch block at 0xc3 in for 0xa9
01-12 15:09:18.618 27081 27081 E ArmVmp : Match on catch block at 0xc3 in for 0xa9
01-12 15:09:18.642 27081 27081 E ArmVmp : Match on catch block at 0xc3 in for 0xa1
01-12 15:09:18.796 27081 27081 E ArmVmp : Match on catch block at 0xc3 in for 0xa5
01-12 15:09:18.818 27081 27081 E ArmVmp : Match on catch block at 0xc3 in for 0xa9
01-12 15:09:18.967 27081 27081 W ViewPager: Requested offscreen page limit 0 too
small; defaulting to 1
01-12 15:09:18.980 27081 27081 E ArmVmp : Match on catch block at 0xc3 in for 0xa9
01-12 15:09:19.000 27081 27081 E ArmVmp : Match on catch block at 0xc3 in for 0xa1
01-12 15:09:19.027 27081 27081 E ArmVmp : Match on catch block at 0xc3 in for 0xa1
01-12 15:09:19.048 27081 27081 E ArmVmp : Match on catch block at 0xc3 in for 0xa5
01-12 15:09:19.100 27081 27081 E ArmVmp : Match on catch block at 0xc3 in for 0xa1
01-12 15:09:19.128 27081 27081 E ArmVmp : Match on catch block at 0xc3 in for 0xa5
01-12 15:09:19.150 27081 27081 E ArmVmp : Match on catch block at 0xc3 in for 0xa5
01-12 15:09:19.165 27081 27081 E ArmVmp : Match on catch block at 0xc3 in for 0xa9
01-12 15:09:19.195 27081 27081 E ArmVmp : Match on catch block at 0xc3 in for 0xa9
01-12 15:09:19.221 27081 27081 E ArmVmp : Match on catch block at 0xc3 in for 0xa1
01-12 15:09:19.343 27081 27081 E RecyclerView: No layout manager attached; skipping
layout
01-12 15:09:19.345 27081 27081 E ArmVmp : Match on catch block at 0xc3 in for 0xa5
01-12 15:09:19.368 27081 27081 E ArmVmp : Match on catch block at 0xc3 in for 0xa9
01-12 15:09:19.461 27081 27081 E RecyclerView: No layout manager attached; skipping
layout
01-12 15:09:19.464 27081 27081 E ArmVmp : Match on catch block at 0xc3 in for 0xa9
01-12 15:09:19.485 27081 27081 E ArmVmp : Match on catch block at 0xc3 in for 0xa1
01-12 15:09:19.617 27081 27081 E RecyclerView: No layout manager attached; skipping
layout
01-12 15:09:19.636 27081 27081 E ArmVmp : Match on catch block at 0xc3 in for 0xa9
01-12 15:09:19.650 27081 27081 E ArmVmp : Match on catch block at 0xc3 in for 0xa1
01-12 15:09:19.668 27081 27081 E ArmVmp : Match on catch block at 0xc3 in for 0xa1
01-12 15:09:19.683 27081 27081 E ArmVmp : Match on catch block at 0xc3 in for 0xa5
01-12 15:09:19.846 27081 27081 E ArmVmp : Match on catch block at 0xc3 in for 0xa5
01-12 15:09:19.852 27081 27081 E ArmVmp : Match on catch block at 0xc3 in for 0xa9
01-12 15:09:19.866 27081 27081 E ArmVmp : Match on catch block at 0xc3 in for 0xa9
01-12 15:09:19.872 27081 27081 E ArmVmp : Match on catch block at 0xc3 in for 0xa1
01-12 15:09:19.881 27081 27081 E ArmVmp : Match on catch block at 0xc3 in for 0xa1
01-12 15:09:19.888 27081 27081 E ArmVmp : Match on catch block at 0xc3 in for 0xa5
01-12 15:09:19.897 27081 27081 E ArmVmp : Match on catch block at 0xc3 in for 0xa5
01-12 15:09:19.902 27081 27081 E ArmVmp : Match on catch block at 0xc3 in for 0xa9
01-12 15:09:19.925 27081 27081 E ArmVmp : Match on catch block at 0xc3 in for 0xa9
01-12 15:09:19.930 27081 27081 E ArmVmp : Match on catch block at 0xc3 in for 0xa1
01-12 15:09:19.982 27081 27081 E ArmVmp : Match on catch block at 0xc3 in for 0xa1
01-12 15:09:19.989 27081 27081 E ArmVmp : Match on catch block at 0xc3 in for 0xa5
01-12 15:09:20.013 27081 27081 E ArmVmp : Match on catch block at 0xc3 in for 0xa5
01-12 15:09:20.024 27081 27081 E ArmVmp : Match on catch block at 0xc3 in for 0xa9
01-12 15:09:20.056 27081 27081 E ArmVmp : Match on catch block at 0xc3 in for 0xa9
01-12 15:09:20.073 27081 27081 E ArmVmp : Match on catch block at 0xc3 in for 0xa1
01-12 15:09:20.381 27081 27081 E ArmVmp : Match on catch block at 0xc3 in for 0xa5
01-12 15:09:20.396 27081 27081 E ArmVmp : Match on catch block at 0xc3 in for 0xa9
01-12 15:09:20.428 27081 27081 E ArmVmp : Match on catch block at 0xc3 in for 0xa9
01-12 15:09:20.443 27081 27081 E ArmVmp : Match on catch block at 0xc3 in for 0xa1
01-12 15:09:20.577 27081 27081 E ArmVmp : Match on catch block at 0xc3 in for 0xa5
01-12 15:09:20.597 27081 27081 E ArmVmp : Match on catch block at 0xc3 in for 0xa9
01-12 15:09:20.632 27081 27686 W HiTouch_HiTouchSensor: depended package hiTouch
does n't exist!
01-12 15:09:20.783 27081 27081 E ArmVmp : Match on catch block at 0xc3 in for 0xa5
01-12 15:09:20.797 27081 27081 E ArmVmp : Match on catch block at 0xc3 in for 0xa9
01-12 15:09:21.038 27081 27081 W InputMethodManager: startInputReason = 1
01-12 15:09:21.103 27081 27081 E ArmVmp : Match on catch block at 0xc3 in for 0xa1
01-12 15:09:21.122 27081 27081 E ArmVmp : Match on catch block at 0xc3 in for 0xa5
01-12 15:09:21.208 27081 27081 E ArmVmp : Match on catch block at 0xc3 in for 0xa5
01-12 15:09:21.224 27081 27081 E ArmVmp : Match on catch block at 0xc3 in for 0xa9
01-12 15:09:21.318 27081 27081 E ArmVmp : Match on catch block at 0xc3 in for 0xa5
01-12 15:09:21.333 27081 27081 E ArmVmp : Match on catch block at 0xc3 in for 0xa9
01-12 15:09:21.392 27081 27081 E ArmVmp : Match on catch block at 0xc3 in for 0xa9
01-12 15:09:21.411 27081 27081 E ArmVmp : Match on catch block at 0xc3 in for 0xa1
01-12 15:09:21.525 27081 27081 E ArmVmp : Match on catch block at 0xc3 in for 0xa9
01-12 15:09:21.540 27081 27081 E ArmVmp : Match on catch block at 0xc3 in for 0xa1
01-12 15:09:21.586 27081 27081 E ArmVmp : Match on catch block at 0xc3 in for 0xa1
01-12 15:09:21.599 27081 27081 E ArmVmp : Match on catch block at 0xc3 in for 0xa5
01-12 15:09:21.916 27081 27081 W InputMethodManager: startInputReason = 4
01-12 15:09:22.430 27081 27081 E ArmVmp : Match on catch block at 0xc3 in for 0xa9
01-12 15:09:22.452 27081 27081 E ArmVmp : Match on catch block at 0xc3 in for 0xa1
01-12 15:09:22.515 27081 27081 E ArmVmp : Match on catch block at 0xc3 in for 0xa9
01-12 15:09:22.530 27081 27081 E ArmVmp : Match on catch block at 0xc3 in for 0xa1
01-12 15:09:23.130 27081 27093 E : [ZeroHung]zrhung_get_config: Get config
failed for wp[0x0008]
01-12 15:09:23.140 27081 27081 E ArmVmp : Match on catch block at 0xc3 in for 0xa5
01-12 15:09:23.154 27081 27081 E ArmVmp : Match on catch block at 0xc3 in for 0xa9
01-12 15:09:23.241 27081 27081 E ArmVmp : Match on catch block at 0xc3 in for 0xa5
01-12 15:09:23.256 27081 27081 E ArmVmp : Match on catch block at 0xc3 in for 0xa9
01-12 15:09:23.332 27081 27081 E ArmVmp : Match on catch block at 0xc3 in for 0xa1
01-12 15:09:23.339 27081 27081 E ArmVmp : Match on catch block at 0xc3 in for 0xa5
01-12 15:09:24.026 27081 27616 W libEGL : EGLNativeWindowType 0x71af7c8010
disconnect failed
01-12 15:09:24.483 27081 27081 E ArmVmp : Match on catch block at 0xc3 in for 0xa9
01-12 15:09:24.508 27081 27081 E ArmVmp : Match on catch block at 0xc3 in for 0xa1
01-12 15:09:24.628 27081 27081 E ArmVmp : Match on catch block at 0xc3 in for 0xa9
01-12 15:09:24.652 27081 27081 E ArmVmp : Match on catch block at 0xc3 in for 0xa1
01-12 15:09:25.857 27081 27081 E ArmVmp : Match on catch block at 0xc3 in for 0xa9
01-12 15:09:25.874 27081 27081 E ArmVmp : Match on catch block at 0xc3 in for 0xa1
01-12 15:09:25.927 27081 27081 E ArmVmp : Match on catch block at 0xc3 in for 0xa1
01-12 15:09:25.951 27081 27081 E ArmVmp : Match on catch block at 0xc3 in for 0xa5
01-12 15:09:26.029 27081 27081 E ArmVmp : Match on catch block at 0xc3 in for 0xa1
01-12 15:09:26.043 27081 27081 E ArmVmp : Match on catch block at 0xc3 in for 0xa5
01-12 15:09:26.094 27081 27081 E ArmVmp : Match on catch block at 0xc3 in for 0xa5
01-12 15:09:26.107 27081 27081 E ArmVmp : Match on catch block at 0xc3 in for 0xa9
01-12 15:09:26.199 27081 27081 E ArmVmp : Match on catch block at 0xc3 in for 0xa5
01-12 15:09:26.214 27081 27081 E ArmVmp : Match on catch block at 0xc3 in for 0xa9
01-12 15:09:28.051 27081 27616 W libEGL : EGLNativeWindowType 0x71af7c8010
disconnect failed
01-12 15:09:28.078 27081 27081 W InputMethodManager: startInputReason = 4
01-12 15:09:28.186 27081 27081 E SpannableStringBuilder: SPAN_EXCLUSIVE_EXCLUSIVE
spans cannot have a zero length
01-12 15:09:32.895 27081 27081 E ArmVmp : Match on catch block at 0xc3 in for 0xa1
01-12 15:09:32.901 27081 27081 E ArmVmp : Match on catch block at 0xc3 in for 0xa5
01-12 15:09:32.945 27081 27081 E ArmVmp : Match on catch block at 0xc3 in for 0xa1
01-12 15:09:32.949 27081 27081 E ArmVmp : Match on catch block at 0xc3 in for 0xa5
01-12 15:09:32.982 27081 27081 E ArmVmp : Match on catch block at 0xc3 in for 0xa9
01-12 15:09:32.988 27081 27081 E ArmVmp : Match on catch block at 0xc3 in for 0xa1
01-12 15:09:33.010 27081 27081 E ArmVmp : Match on catch block at 0xc3 in for 0xa9
01-12 15:09:33.014 27081 27081 E ArmVmp : Match on catch block at 0xc3 in for 0xa1
01-12 15:09:33.043 27081 27081 E ArmVmp : Match on catch block at 0xc3 in for 0xa9
01-12 15:09:33.049 27081 27081 E ArmVmp : Match on catch block at 0xc3 in for 0xa1
01-12 15:09:33.067 27081 27081 E ArmVmp : Match on catch block at 0xc3 in for 0xa1
01-12 15:09:33.072 27081 27081 E ArmVmp : Match on catch block at 0xc3 in for 0xa5
01-12 15:09:33.087 27081 27081 E ArmVmp : Match on catch block at 0xc3 in for 0xa5
01-12 15:09:33.090 27081 27081 E ArmVmp : Match on catch block at 0xc3 in for 0xa9
01-12 15:09:33.104 27081 27081 E ArmVmp : Match on catch block at 0xc3 in for 0xa9
01-12 15:09:33.109 27081 27081 E ArmVmp : Match on catch block at 0xc3 in for 0xa1
01-12 15:09:33.122 27081 27081 E ArmVmp : Match on catch block at 0xc3 in for 0xa1
01-12 15:09:33.128 27081 27081 E ArmVmp : Match on catch block at 0xc3 in for 0xa5
01-12 15:09:33.143 27081 27081 E ArmVmp : Match on catch block at 0xc3 in for 0xa5
01-12 15:09:33.151 27081 27081 E ArmVmp : Match on catch block at 0xc3 in for 0xa9
01-12 15:09:33.166 27081 27081 E ArmVmp : Match on catch block at 0xc3 in for 0xa9
01-12 15:09:33.172 27081 27081 E ArmVmp : Match on catch block at 0xc3 in for 0xa1
01-12 15:09:33.187 27081 27081 E ArmVmp : Match on catch block at 0xc3 in for 0xa1
01-12 15:09:33.193 27081 27081 E ArmVmp : Match on catch block at 0xc3 in for 0xa5
01-12 15:09:33.208 27081 27081 E ArmVmp : Match on catch block at 0xc3 in for 0xa9
01-12 15:09:33.215 27081 27081 E ArmVmp : Match on catch block at 0xc3 in for 0xa1
01-12 15:09:33.228 27081 27081 E ArmVmp : Match on catch block at 0xc3 in for 0xa1
01-12 15:09:33.235 27081 27081 E ArmVmp : Match on catch block at 0xc3 in for 0xa5
01-12 15:09:33.590 27081 27081 E ArmVmp : Match on catch block at 0xc3 in for 0xa5
01-12 15:09:33.613 27081 27081 E ArmVmp : Match on catch block at 0xc3 in for 0xa9
01-12 15:09:33.644 27081 27081 E ArmVmp : Match on catch block at 0xc3 in for 0xa9
01-12 15:09:33.661 27081 27081 E ArmVmp : Match on catch block at 0xc3 in for 0xa1
01-12 15:09:34.156 27081 27081 E ArmVmp : Match on catch block at 0xc3 in for 0xa1
01-12 15:09:34.178 27081 27081 E ArmVmp : Match on catch block at 0xc3 in for 0xa5
01-12 15:09:34.653 27081 27081 E ArmVmp : Match on catch block at 0xc3 in for 0xa5
01-12 15:09:34.683 27081 27081 E ArmVmp : Match on catch block at 0xc3 in for 0xa9
01-12 15:09:34.798 27081 27081 E ArmVmp : Match on catch block at 0xc3 in for 0xa9
01-12 15:09:34.820 27081 27081 E ArmVmp : Match on catch block at 0xc3 in for 0xa1
01-12 15:09:34.845 27081 27081 E ArmVmp : Match on catch block at 0xc3 in for 0xa1
01-12 15:09:34.866 27081 27081 E ArmVmp : Match on catch block at 0xc3 in for 0xa5
01-12 15:09:34.891 27081 27081 E ArmVmp : Match on catch block at 0xc3 in for 0xa5
01-12 15:09:34.906 27081 27081 E ArmVmp : Match on catch block at 0xc3 in for 0xa9
01-12 15:09:34.931 27081 27081 E ArmVmp : Match on catch block at 0xc3 in for 0xa9
01-12 15:09:34.953 27081 27081 E ArmVmp : Match on catch block at 0xc3 in for 0xa1
01-12 15:09:34.978 27081 27081 E ArmVmp : Match on catch block at 0xc3 in for 0xa1
01-12 15:09:35.001 27081 27081 E ArmVmp : Match on catch block at 0xc3 in for 0xa5
01-12 15:09:35.026 27081 27081 E ArmVmp : Match on catch block at 0xc3 in for 0xa5
01-12 15:09:35.049 27081 27081 E ArmVmp : Match on catch block at 0xc3 in for 0xa9
01-12 15:09:35.072 27081 27081 E ArmVmp : Match on catch block at 0xc3 in for 0xa9
01-12 15:09:35.092 27081 27081 E ArmVmp : Match on catch block at 0xc3 in for 0xa1
01-12 15:09:35.161 27081 27081 E ArmVmp : Match on catch block at 0xc3 in for 0xa1
01-12 15:09:35.182 27081 27081 E ArmVmp : Match on catch block at 0xc3 in for 0xa5
01-12 15:09:35.656 27081 27081 E ArmVmp : Match on catch block at 0xc3 in for 0xa5
01-12 15:09:35.673 27081 27081 E ArmVmp : Match on catch block at 0xc3 in for 0xa9
01-12 15:09:36.151 27081 27081 E ArmVmp : Match on catch block at 0xc3 in for 0xa9
01-12 15:09:36.172 27081 27081 E ArmVmp : Match on catch block at 0xc3 in for 0xa1
01-12 15:09:36.613 27081 27081 E ArmVmp : Match on catch block at 0xc3 in for 0xa9
01-12 15:09:36.637 27081 27081 E ArmVmp : Match on catch block at 0xc3 in for 0xa1
01-12 15:09:36.681 27081 27081 E ArmVmp : Match on catch block at 0xc3 in for 0xa1
01-12 15:09:36.700 27081 27081 E ArmVmp : Match on catch block at 0xc3 in for 0xa5
01-12 15:09:36.728 27081 27081 E ArmVmp : Match on catch block at 0xc3 in for 0xa5
01-12 15:09:36.747 27081 27081 E ArmVmp : Match on catch block at 0xc3 in for 0xa9
01-12 15:09:37.110 27081 27081 W InputMethodManager: startInputReason = 1
01-12 15:09:37.165 27081 27081 E ArmVmp : Match on catch block at 0xc3 in for 0xa5
01-12 15:09:37.177 27081 27081 E ArmVmp : Match on catch block at 0xc3 in for 0xa9
01-12 15:09:37.223 27081 27081 E ArmVmp : Match on catch block at 0xc3 in for 0xa9
01-12 15:09:37.245 27081 27081 E ArmVmp : Match on catch block at 0xc3 in for 0xa1
01-12 15:09:37.349 27081 27081 E ArmVmp : Match on catch block at 0xc3 in for 0xa1
01-12 15:09:37.366 27081 27081 E ArmVmp : Match on catch block at 0xc3 in for 0xa5
01-12 15:09:37.643 27081 27081 W InputMethodManager: startInputReason = 1
01-12 15:09:40.823 27081 27616 W libEGL : EGLNativeWindowType 0x71af2a5010
disconnect failed
01-12 15:09:41.540 27081 27081 E ArmVmp : Match on catch block at 0xc3 in for 0xa1
01-12 15:09:41.560 27081 27081 E ArmVmp : Match on catch block at 0xc3 in for 0xa5
01-12 15:09:41.588 27081 27081 W InputMethodManager: startInputReason = 1
01-12 15:09:41.640 27081 27081 E ArmVmp : Match on catch block at 0xc3 in for 0xa9
01-12 15:09:41.653 27081 27081 E ArmVmp : Match on catch block at 0xc3 in for 0xa1
01-12 15:09:41.673 27081 27081 E ArmVmp : Match on catch block at 0xc3 in for 0xa1
01-12 15:09:41.692 27081 27081 E ArmVmp : Match on catch block at 0xc3 in for 0xa5
01-12 15:09:41.813 27081 27081 E ArmVmp : Match on catch block at 0xc3 in for 0xa5
01-12 15:09:41.835 27081 27081 E ArmVmp : Match on catch block at 0xc3 in for 0xa9
01-12 15:09:41.896 27081 27081 E ArmVmp : Match on catch block at 0xc3 in for 0xa9
01-12 15:09:41.915 27081 27081 E ArmVmp : Match on catch block at 0xc3 in for 0xa1
01-12 15:09:41.955 27081 27081 E ArmVmp : Match on catch block at 0xc3 in for 0xa1
01-12 15:09:41.985 27081 27081 E ArmVmp : Match on catch block at 0xc3 in for 0xa5
01-12 15:09:42.992 27081 27616 W libEGL : EGLNativeWindowType 0x71885c9010
disconnect failed
01-12 15:09:43.015 27081 27081 W InputEventReceiver: Attempted to finish an input
event but the input event receiver has already been disposed.
01-12 15:09:43.082 27081 27081 E ArmVmp : Match on catch block at 0xc3 in for 0xa5
01-12 15:09:43.105 27081 27081 E ArmVmp : Match on catch block at 0xc3 in for 0xa9
01-12 15:09:43.141 27081 27081 E ArmVmp : Match on catch block at 0xc3 in for 0xa1
01-12 15:09:43.163 27081 27081 E ArmVmp : Match on catch block at 0xc3 in for 0xa5
01-12 15:09:43.214 27081 27081 E ArmVmp : Match on catch block at 0xc3 in for 0xa1
01-12 15:09:43.232 27081 27081 E ArmVmp : Match on catch block at 0xc3 in for 0xa5
01-12 15:09:43.286 27081 27616 W libEGL : EGLNativeWindowType 0x71b9b3f010
disconnect failed
01-12 15:09:43.319 27081 27081 E ArmVmp : Match on catch block at 0xc3 in for 0xa5
01-12 15:09:43.339 27081 27081 E ArmVmp : Match on catch block at 0xc3 in for 0xa9
01-12 15:09:43.378 27081 27081 W InputMethodManager: startInputReason = 1
01-12 15:09:43.409 27081 27081 E ArmVmp : Match on catch block at 0xc3 in for 0xa5
01-12 15:09:43.431 27081 27081 E ArmVmp : Match on catch block at 0xc3 in for 0xa9
01-12 15:09:43.533 27081 27081 E SpannableStringBuilder: SPAN_EXCLUSIVE_EXCLUSIVE
spans cannot have a zero length
01-12 15:09:43.886 27081 27081 E ArmVmp : Match on catch block at 0xc3 in for 0xa9
01-12 15:09:43.908 27081 27081 E ArmVmp : Match on catch block at 0xc3 in for 0xa1
01-12 15:09:44.371 27081 27081 E ArmVmp : Match on catch block at 0xc3 in for 0xa5
01-12 15:09:44.394 27081 27081 E ArmVmp : Match on catch block at 0xc3 in for 0xa9
01-12 15:09:44.430 27081 27081 E ArmVmp : Match on catch block at 0xc3 in for 0xa9
01-12 15:09:44.447 27081 27081 E ArmVmp : Match on catch block at 0xc3 in for 0xa1
01-12 15:09:44.896 27081 27081 E ArmVmp : Match on catch block at 0xc3 in for 0xa5
01-12 15:09:44.919 27081 27081 E ArmVmp : Match on catch block at 0xc3 in for 0xa9
01-12 15:09:44.954 27081 27081 E ArmVmp : Match on catch block at 0xc3 in for 0xa9
01-12 15:09:44.974 27081 27081 E ArmVmp : Match on catch block at 0xc3 in for 0xa1
01-12 15:09:44.997 27081 27081 E ArmVmp : Match on catch block at 0xc3 in for 0xa1
01-12 15:09:45.021 27081 27081 E ArmVmp : Match on catch block at 0xc3 in for 0xa5
01-12 15:09:45.049 27081 27081 E ArmVmp : Match on catch block at 0xc3 in for 0xa5
01-12 15:09:45.068 27081 27081 E ArmVmp : Match on catch block at 0xc3 in for 0xa9
01-12 15:09:45.086 27081 27081 E ArmVmp : Match on catch block at 0xc3 in for 0xa9
01-12 15:09:45.105 27081 27081 E ArmVmp : Match on catch block at 0xc3 in for 0xa1
01-12 15:09:45.131 27081 27081 E ArmVmp : Match on catch block at 0xc3 in for 0xa1
01-12 15:09:45.161 27081 27081 E ArmVmp : Match on catch block at 0xc3 in for 0xa5
01-12 15:09:45.189 27081 27081 E ArmVmp : Match on catch block at 0xc3 in for 0xa5
01-12 15:09:45.209 27081 27081 E ArmVmp : Match on catch block at 0xc3 in for 0xa9
01-12 15:09:45.234 27081 27081 E ArmVmp : Match on catch block at 0xc3 in for 0xa9
01-12 15:09:45.260 27081 27081 E ArmVmp : Match on catch block at 0xc3 in for 0xa1
01-12 15:09:45.292 27081 27081 E ArmVmp : Match on catch block at 0xc3 in for 0xa1
01-12 15:09:45.312 27081 27081 E ArmVmp : Match on catch block at 0xc3 in for 0xa5
01-12 15:09:45.460 27081 27081 W InputMethodManager: startInputReason = 1
01-12 15:09:45.494 27081 27081 E ArmVmp : Match on catch block at 0xc3 in for 0xa9
01-12 15:09:45.500 27081 27081 E ArmVmp : Match on catch block at 0xc3 in for 0xa1
01-12 15:09:45.733 27081 27616 W libEGL : EGLNativeWindowType 0x7199959010
disconnect failed
01-12 15:09:45.739 27081 27081 E ArmVmp : Match on catch block at 0xc3 in for 0xa9
01-12 15:09:45.745 27081 27081 E ArmVmp : Match on catch block at 0xc3 in for 0xa1
01-12 15:09:48.390 27081 27724 W HiTouch_HiTouchSensor: depended package hiTouch
does n't exist!
01-12 15:09:48.460 27081 27616 W libEGL : EGLNativeWindowType 0x7195af8010
disconnect failed
01-12 15:09:48.686 27081 27725 W HiTouch_HiTouchSensor: depended package hiTouch
does n't exist!
01-12 15:09:49.524 27081 27616 W libEGL : EGLNativeWindowType 0x7195bdf010
disconnect failed
01-12 15:09:49.658 27081 27727 W HiTouch_HiTouchSensor: depended package hiTouch
does n't exist!
01-12 15:09:49.968 27081 27616 W libEGL : EGLNativeWindowType 0x71884a1010
disconnect failed
01-12 15:09:50.129 27081 27093 E : [ZeroHung]zrhung_get_config: Get config
failed for wp[0x0008]
01-12 15:09:50.893 27081 27616 W libEGL : EGLNativeWindowType 0x719802f010
disconnect failed
01-12 15:09:53.019 27747 27747 E com.mbwhatsapp: Not starting debugger since
process cannot load the jdwp agent.
01-12 15:09:53.146 27747 27747 W System.err: java.lang.ClassNotFoundException:
mbmodsd.mbmodsw.ui.views.btn.BtnBK
01-12 15:09:53.147 27747 27747 W System.err: at
java.lang.VMClassLoader.findLoadedClass(Native Method)
01-12 15:09:53.147 27747 27747 W System.err: at
java.lang.ClassLoader.findLoadedClass(ClassLoader.java:738)
01-12 15:09:53.147 27747 27747 W System.err: at
java.lang.ClassLoader.loadClass(ClassLoader.java:363)
01-12 15:09:53.147 27747 27747 W System.err: at
java.lang.ClassLoader.loadClass(ClassLoader.java:312)
01-12 15:09:53.147 27747 27747 W System.err: at
java.lang.Runtime.nativeLoad(Native Method)
01-12 15:09:53.147 27747 27747 W System.err: at
java.lang.Runtime.loadLibrary0(Runtime.java:1014)
01-12 15:09:53.147 27747 27747 W System.err: at
java.lang.System.loadLibrary(System.java:1672)
01-12 15:09:53.147 27747 27747 W System.err: at arm.EpicVm.<clinit>(Unknown
Source:2)
01-12 15:09:53.147 27747 27747 W System.err: at
java.lang.Class.newInstance(Native Method)
01-12 15:09:53.147 27747 27747 W System.err: at
android.app.AppComponentFactory.instantiateApplication(AppComponentFactory.java:50)
01-12 15:09:53.147 27747 27747 W System.err: at
androidx.core.app.CoreComponentFactory.instantiateApplication(Unknown Source:0)
01-12 15:09:53.147 27747 27747 W System.err: at
android.app.Instrumentation.newApplication(Instrumentation.java:1127)
01-12 15:09:53.147 27747 27747 W System.err: at
android.app.LoadedApk.makeApplication(LoadedApk.java:1175)
01-12 15:09:53.147 27747 27747 W System.err: at
android.app.ActivityThread.handleBindApplication(ActivityThread.java:6688)
01-12 15:09:53.147 27747 27747 W System.err: at
android.app.ActivityThread.access$2000(ActivityThread.java:273)
01-12 15:09:53.147 27747 27747 W System.err: at
android.app.ActivityThread$H.handleMessage(ActivityThread.java:2020)
01-12 15:09:53.147 27747 27747 W System.err: at
android.os.Handler.dispatchMessage(Handler.java:112)
01-12 15:09:53.147 27747 27747 W System.err: at
android.os.Looper.loop(Looper.java:216)
01-12 15:09:53.147 27747 27747 W System.err: at
android.app.ActivityThread.main(ActivityThread.java:7625)
01-12 15:09:53.147 27747 27747 W System.err: at
java.lang.reflect.Method.invoke(Native Method)
01-12 15:09:53.147 27747 27747 W System.err: at
com.android.internal.os.RuntimeInit$MethodAndArgsCaller.run(RuntimeInit.java:524)
01-12 15:09:53.147 27747 27747 W System.err: at
com.android.internal.os.ZygoteInit.main(ZygoteInit.java:987)
01-12 15:09:53.147 27747 27747 W System.err: Caused by:
java.lang.NoClassDefFoundError: Failed resolution of:
Lcom/mbwhatsapp/components/Button;
01-12 15:09:53.147 27747 27747 W System.err: ... 18 more
01-12 15:09:53.147 27747 27747 W System.err: Caused by:
java.lang.ClassNotFoundException: Didn't find class
"com.mbwhatsapp.components.Button" on path: DexPathList[[zip file
"/system/framework/org.apache.http.legacy.boot.jar", zip file
"/data/app/com.mbwhatsapp-VY7ChigobaqCIxu7uQ4Gbg==/base.apk"],nativeLibraryDirector
ies=[/data/app/com.mbwhatsapp-VY7ChigobaqCIxu7uQ4Gbg==/lib/arm64,
/data/app/com.mbwhatsapp-VY7ChigobaqCIxu7uQ4Gbg==/base.apk!/lib/arm64-v8a,
/system/lib64, /product/lib64]]
01-12 15:09:53.147 27747 27747 W System.err: at
dalvik.system.BaseDexClassLoader.findClass(BaseDexClassLoader.java:134)
01-12 15:09:53.147 27747 27747 W System.err: at
java.lang.ClassLoader.loadClass(ClassLoader.java:379)
01-12 15:09:53.147 27747 27747 W System.err: at
java.lang.ClassLoader.loadClass(ClassLoader.java:312)
01-12 15:09:53.147 27747 27747 W System.err: ... 18 more
01-12 15:09:53.158 27747 27747 E CustomActivityOnCrash: IMPORTANT WARNING! You
already have an UncaughtExceptionHandler, are you sure this is correct? If you use
a custom UncaughtExceptionHandler, you must initialize it AFTER
CustomActivityOnCrash! Installing anyway, but your original handler will not be
called.
01-12 15:09:53.181 27747 27777 E AwareLog: AtomicFileUtils: readFileLines file not
exist: android.util.AtomicFile@14cb34e
01-12 15:09:53.181 27747 27777 E AwareLog: AtomicFileUtils: readFileLines file not
exist: android.util.AtomicFile@89e4c6f
01-12 15:09:53.223 27747 27763 E : [ZeroHung]zrhung_get_config: Get config
failed for wp[0x0008]
01-12 15:09:53.235 27747 27779 W LibraryVersion: Failed to get app version for
libraryName: firebase-iid
01-12 15:09:53.340 27747 27763 E : [ZeroHung]zrhung_get_config: Get config
failed for wp[0x0008]
01-12 15:09:53.436 27747 27763 E : [ZeroHung]zrhung_get_config: Get config
failed for wp[0x0008]
01-12 15:09:53.475 27747 27747 W linker : Warning:
"/data/data/com.mbwhatsapp/files/decompressed/libs.spk.zst/libc++_shared.so" unused
DT entry: unknown processor-specific (type 0x70000001 arg 0x0) (ignoring)
01-12 15:09:53.640 27747 27763 E : [ZeroHung]zrhung_get_config: Get config
failed for wp[0x0008]
01-12 15:09:53.679 27747 27767 E MemoryLeakMonitorManager: MemoryLeakMonitor.jar is
not exist!
01-12 15:09:53.749 27747 27861 W com.mbwhatsapp: Class X.2rL failed lock
verification and will run slower.
01-12 15:09:53.749 27747 27861 W com.mbwhatsapp: Common causes for lock
verification issues are non-optimized dex code
01-12 15:09:53.749 27747 27861 W com.mbwhatsapp: and incorrect proguard
optimizations.
01-12 15:09:53.968 27747 27763 E : [ZeroHung]zrhung_get_config: Get config
failed for wp[0x0008]
01-12 15:09:54.094 27747 27763 E : [ZeroHung]zrhung_get_config: Get config
failed for wp[0x0008]
01-12 15:09:54.270 27747 27763 E : [ZeroHung]zrhung_get_config: Get config
failed for wp[0x0008]
01-12 15:09:54.462 27747 27763 E : [ZeroHung]zrhung_get_config: Get config
failed for wp[0x0008]
01-12 15:09:58.054 27747 27763 E : [ZeroHung]zrhung_get_config: Get config
failed for wp[0x0008]
01-12 15:11:12.759 27747 27747 W ActivityThread: handleWindowVisibility: no
activity for token android.os.BinderProxy@7a10f25
01-12 15:11:12.780 27747 28037 E : [ZeroHung]zrhung_get_config: Get config
failed for wp[0x0102]
01-12 15:11:12.780 27747 28037 W ZrHung.AppEyeUiProbe: Failed to get config from
zrhung
01-12 15:11:12.782 27747 27747 W com.mbwhatsapp: Class X.0eU failed lock
verification and will run slower.
01-12 15:11:12.792 27747 27747 W com.mbwhatsapp: Accessing hidden method
Landroid/content/res/Resources$Theme;->rebase()V (dark greylist, reflection)
01-12 15:11:12.850 27747 27747 W ActivityThread: handleWindowVisibility: no
activity for token android.os.BinderProxy@f43be8b
01-12 15:11:12.850 27747 27763 E : [ZeroHung]zrhung_get_config: Get config
failed for wp[0x0008]
01-12 15:11:12.894 27747 27747 W com.mbwhatsapp: Class com.mbwhatsapp.HomeActivity
failed lock verification and will run slower.
01-12 15:11:13.108 27747 27747 E ArmVmp : Match on catch block at 0x0a in for 0xc5
01-12 15:11:13.123 27747 27747 E ArmVmp : Match on catch block at 0x0a in for
0x139
01-12 15:11:13.202 27747 27763 E : [ZeroHung]zrhung_get_config: Get config
failed for wp[0x0008]
01-12 15:11:13.254 27747 28063 W HiTouch_HiTouchSensor: depended package hiTouch
does n't exist!
01-12 15:11:13.376 27747 27747 W StaticLayout: maxLineHeight should not be -1.
maxLines:1 lineCount:1
01-12 15:11:13.391 27747 27747 W StaticLayout: maxLineHeight should not be -1.
maxLines:1 lineCount:1
01-12 15:11:13.408 27747 27747 W StaticLayout: maxLineHeight should not be -1.
maxLines:1 lineCount:1
01-12 15:11:13.409 27747 27747 W StaticLayout: maxLineHeight should not be -1.
maxLines:1 lineCount:1
01-12 15:11:13.605 27747 27747 E RecyclerView: No adapter attached; skipping layout
01-12 15:11:13.617 27747 27747 E ArmVmp : Match on catch block at 0x0a in for 0xd9
01-12 15:11:13.658 27747 27747 E RecyclerView: No adapter attached; skipping layout
01-12 15:11:13.659 27747 27747 W View : requestLayout() improperly called by
androidx.appcompat.view.menu.ActionMenuItemView{b97ddb2 VFED..C.. ......ID 291,0-
435,0 #7f0b0f8a app:id/menuitem_search} during layout: running second layout pass
01-12 15:11:13.659 27747 27747 W View : requestLayout() improperly called by
androidx.appcompat.widget.ActionMenuView{ee1d103 V.E...... ......ID 420,375-
1131,375} during layout: running second layout pass
01-12 15:11:13.731 27747 28057 W libEGL : EGLNativeWindowType 0x71c6780010
disconnect failed
01-12 15:11:13.763 27747 27747 W View : requestLayout() improperly called by
DecorView@bd4ca55[HomeActivity] during second layout pass: posting in next frame
01-12 15:11:13.818 27747 28086 W LOTTIE : Animation contains merge paths. Merge
paths are only supported on KitKat+ and must be manually enabled by calling
enableMergePathsForKitKatAndAbove().
01-12 15:11:13.818 27747 27763 E : [ZeroHung]zrhung_get_config: Get config
failed for wp[0x0008]
01-12 15:11:13.924 27747 27747 W InputMethodManager: startInputReason = 1
01-12 15:11:13.927 27747 27747 W LOTTIE : Animation contains merge paths but they
are disabled.
01-12 15:11:13.930 27747 27747 W InputMethodManager: startInputReason = 5
01-12 15:11:13.977 27747 27747 E ArmVmp : Match on catch block at 0x5b in for 0x85
01-12 15:11:16.535 27747 27747 E ArmVmp : Match on catch block at 0x0a in for
0x175
01-12 15:11:16.563 27747 28135 W HiTouch_HiTouchSensor: depended package hiTouch
does n't exist!
01-12 15:11:16.918 27747 27747 W InputMethodManager: startInputReason = 1
01-12 15:11:20.357 27747 28057 W libEGL : EGLNativeWindowType 0x71b08b5010
disconnect failed
