01-12 15:02:31.294 26086 26086 E ArmVmp : Match on catch block at 0xc3 in for 0xa1
01-12 15:02:31.308 26086 26086 E ArmVmp : Match on catch block at 0xc3 in for 0xa5
01-12 15:02:31.556 26086 26086 E ArmVmp : Match on catch block at 0xc3 in for 0xa9
01-12 15:02:31.566 26086 26086 E ArmVmp : Match on catch block at 0xc3 in for 0xa1
01-12 15:02:31.585 26086 26086 E ArmVmp : Match on catch block at 0xc3 in for 0xa1
01-12 15:02:31.594 26086 26086 E ArmVmp : Match on catch block at 0xc3 in for 0xa5
01-12 15:02:31.851 26086 26086 E ArmVmp : Match on catch block at 0xc3 in for 0xa5
01-12 15:02:31.860 26086 26086 E ArmVmp : Match on catch block at 0xc3 in for 0xa9
01-12 15:02:31.910 26086 26086 E ArmVmp : Match on catch block at 0xc3 in for 0xa9
01-12 15:02:31.919 26086 26086 E ArmVmp : Match on catch block at 0xc3 in for 0xa1
01-12 15:02:31.939 26086 26086 E ArmVmp : Match on catch block at 0xc3 in for 0xa1
01-12 15:02:31.948 26086 26086 E ArmVmp : Match on catch block at 0xc3 in for 0xa5
01-12 15:02:31.993 26086 26086 E ArmVmp : Match on catch block at 0xc3 in for 0xa5
01-12 15:02:32.002 26086 26086 E ArmVmp : Match on catch block at 0xc3 in for 0xa9
01-12 15:02:32.040 26086 26086 E ArmVmp : Match on catch block at 0xc3 in for 0xa1
01-12 15:02:32.052 26086 26086 E ArmVmp : Match on catch block at 0xc3 in for 0xa5
01-12 15:02:32.082 26086 26086 E ArmVmp : Match on catch block at 0xc3 in for 0xa5
01-12 15:02:32.101 26086 26086 E ArmVmp : Match on catch block at 0xc3 in for 0xa9
01-12 15:02:32.238 26086 26086 W ActivityThread: handleWindowVisibility: no
activity for token android.os.BinderProxy@44c1968
01-12 15:02:32.277 26086 26086 E ArmVmp : Match on catch block at 0xc3 in for 0xa5
01-12 15:02:32.284 26086 26086 E ArmVmp : Match on catch block at 0xc3 in for 0xa9
01-12 15:02:32.289 26086 26948 W HiTouch_HiTouchSensor: depended package hiTouch
does n't exist!
01-12 15:02:32.374 26086 26105 E : [ZeroHung]zrhung_get_config: Get config
failed for wp[0x0008]
01-12 15:02:32.376 26086 26086 W InputMethodManager: startInputReason = 1
01-12 15:02:32.493 26086 26245 W libEGL : EGLNativeWindowType 0x71876ab010
disconnect failed
01-12 15:02:32.592 26086 26245 W libEGL : EGLNativeWindowType 0x71c3e1a010
disconnect failed
01-12 15:02:32.597 26086 26086 E ArmVmp : Match on catch block at 0xc3 in for 0xa9
01-12 15:02:32.603 26086 26086 E ArmVmp : Match on catch block at 0xc3 in for 0xa1
01-12 15:02:33.242 26086 26086 E ArmVmp : Match on catch block at 0x0a in for 0xc9
01-12 15:02:33.252 26086 26086 E ArmVmp : Match on catch block at 0x0a in for 0xc5
01-12 15:02:33.316 26086 26086 E ArmVmp : Match on catch block at 0xc3 in for 0xa1
01-12 15:02:33.322 26086 26086 E ArmVmp : Match on catch block at 0xc3 in for 0xa5
01-12 15:02:33.329 26086 26086 W InputMethodManager: startInputReason = 1
01-12 15:02:33.337 26086 26086 E ArmVmp : Match on catch block at 0xc3 in for 0xa1
01-12 15:02:33.344 26086 26086 E ArmVmp : Match on catch block at 0xc3 in for 0xa5
01-12 15:02:33.382 26086 26086 E ArmVmp : Match on catch block at 0xc3 in for 0xa9
01-12 15:02:33.387 26086 26086 E ArmVmp : Match on catch block at 0xc3 in for 0xa1
01-12 15:02:33.397 26086 26086 E ArmVmp : Match on catch block at 0xc3 in for 0xa1
01-12 15:02:33.402 26086 26086 E ArmVmp : Match on catch block at 0xc3 in for 0xa5
01-12 15:02:33.415 26086 26086 E SpannableStringBuilder: SPAN_EXCLUSIVE_EXCLUSIVE
spans cannot have a zero length
01-12 15:02:33.466 26086 26086 E ArmVmp : Match on catch block at 0xc3 in for 0xa1
01-12 15:02:33.472 26086 26086 E ArmVmp : Match on catch block at 0xc3 in for 0xa5
01-12 15:02:33.515 26086 26086 W InputMethodManager: startInputReason = 1
01-12 15:02:33.748 26086 26245 W libEGL : EGLNativeWindowType 0x71876ab010
disconnect failed
01-12 15:02:33.755 26086 26086 E ArmVmp : Match on catch block at 0xc3 in for 0xa9
01-12 15:02:33.760 26086 26086 E ArmVmp : Match on catch block at 0xc3 in for 0xa1
01-12 15:02:33.766 26086 26245 W libEGL : EGLNativeWindowType 0x718d0b9010
disconnect failed
01-12 15:02:35.312 26086 26086 W ActivityThread: handleWindowVisibility: no
activity for token android.os.BinderProxy@c00f71a
01-12 15:02:35.424 26086 26086 E ArmVmp : Match on catch block at 0x0a in for 0xc1
01-12 15:02:35.426 26086 26086 E ArmVmp : Match on catch block at 0x0a in for 0xc9
01-12 15:02:35.453 26086 26952 W HiTouch_HiTouchSensor: depended package hiTouch
does n't exist!
01-12 15:02:35.533 26086 26086 E ArmVmp : Match on catch block at 0xc3 in for 0xb5
01-12 15:02:35.570 26086 26086 E ArmVmp : Match on catch block at 0xc3 in for 0xb5
01-12 15:02:35.578 26086 26086 E ArmVmp : Match on catch block at 0xc3 in for 0xa1
01-12 15:02:35.581 26086 26086 E ArmVmp : Match on catch block at 0xc3 in for 0xa5
01-12 15:02:35.606 26086 26086 W InputMethodManager: startInputReason = 1
01-12 15:02:35.618 26086 26086 E ArmVmp : Match on catch block at 0xc3 in for 0xa5
01-12 15:02:35.622 26086 26086 E ArmVmp : Match on catch block at 0xc3 in for 0xa9
01-12 15:02:35.644 26086 26086 E ArmVmp : Match on catch block at 0xc3 in for 0xa1
01-12 15:02:35.646 26086 26086 E ArmVmp : Match on catch block at 0xc3 in for 0xa5
01-12 15:02:35.663 26086 26086 E ArmVmp : Match on catch block at 0xc3 in for 0xa1
01-12 15:02:35.666 26086 26086 E ArmVmp : Match on catch block at 0xc3 in for 0xa5
01-12 15:02:35.677 26086 26086 E ArmVmp : Match on catch block at 0xc3 in for 0xa5
01-12 15:02:35.680 26086 26086 E ArmVmp : Match on catch block at 0xc3 in for 0xa9
01-12 15:02:35.693 26086 26086 E ArmVmp : Match on catch block at 0xc3 in for 0xa9
01-12 15:02:35.696 26086 26086 E ArmVmp : Match on catch block at 0xc3 in for 0xa1
01-12 15:02:35.699 26086 26086 E SpannableStringBuilder: SPAN_EXCLUSIVE_EXCLUSIVE
spans cannot have a zero length
01-12 15:02:35.709 26086 26086 E ArmVmp : Match on catch block at 0xc3 in for 0xa1
01-12 15:02:35.715 26086 26086 E ArmVmp : Match on catch block at 0xc3 in for 0xa5
01-12 15:02:35.726 26086 26086 E ArmVmp : Match on catch block at 0xc3 in for 0xa5
01-12 15:02:35.729 26086 26086 E ArmVmp : Match on catch block at 0xc3 in for 0xa9
01-12 15:02:35.742 26086 26086 E ArmVmp : Match on catch block at 0xc3 in for 0xa9
01-12 15:02:35.746 26086 26086 E ArmVmp : Match on catch block at 0xc3 in for 0xa1
01-12 15:02:35.759 26086 26086 E ArmVmp : Match on catch block at 0xc3 in for 0xa1
01-12 15:02:35.764 26086 26086 E ArmVmp : Match on catch block at 0xc3 in for 0xa5
01-12 15:02:35.828 26086 26245 W libEGL : EGLNativeWindowType 0x71945d7010
disconnect failed
01-12 15:02:36.076 26086 26086 E ArmVmp : Match on catch block at 0xc3 in for 0xa9
01-12 15:02:36.090 26086 26086 E ArmVmp : Match on catch block at 0xc3 in for 0xa1
01-12 15:02:36.111 26086 26086 E ArmVmp : Match on catch block at 0xc3 in for 0xa1
01-12 15:02:36.120 26086 26086 E ArmVmp : Match on catch block at 0xc3 in for 0xa5
01-12 15:02:36.343 26086 26086 E ArmVmp : Match on catch block at 0xc3 in for 0xa5
01-12 15:02:36.350 26086 26086 E ArmVmp : Match on catch block at 0xc3 in for 0xa9
01-12 15:02:36.405 26086 26086 E ArmVmp : Match on catch block at 0xc3 in for 0xa9
01-12 15:02:36.416 26086 26086 E ArmVmp : Match on catch block at 0xc3 in for 0xa1
01-12 15:02:36.435 26086 26086 E ArmVmp : Match on catch block at 0xc3 in for 0xa1
01-12 15:02:36.445 26086 26086 E ArmVmp : Match on catch block at 0xc3 in for 0xa5
01-12 15:02:36.493 26086 26086 E ArmVmp : Match on catch block at 0xc3 in for 0xa5
01-12 15:02:36.503 26086 26086 E ArmVmp : Match on catch block at 0xc3 in for 0xa9
01-12 15:02:36.534 26086 26086 E ArmVmp : Match on catch block at 0xc3 in for 0xa1
01-12 15:02:36.547 26086 26086 E ArmVmp : Match on catch block at 0xc3 in for 0xa5
01-12 15:02:36.565 26086 26086 E ArmVmp : Match on catch block at 0xc3 in for 0xa5
01-12 15:02:36.573 26086 26086 E ArmVmp : Match on catch block at 0xc3 in for 0xa9
01-12 15:02:36.591 26086 26086 E ArmVmp : Match on catch block at 0xc3 in for 0xa9
01-12 15:02:36.600 26086 26086 E ArmVmp : Match on catch block at 0xc3 in for 0xa1
01-12 15:02:36.633 26086 26086 E ArmVmp : Match on catch block at 0xc3 in for 0xa1
01-12 15:02:36.646 26086 26086 E ArmVmp : Match on catch block at 0xc3 in for 0xa5
01-12 15:02:36.675 26086 26086 E ArmVmp : Match on catch block at 0xc3 in for 0xa5
01-12 15:02:36.686 26086 26086 E ArmVmp : Match on catch block at 0xc3 in for 0xa9
01-12 15:02:36.714 26086 26086 E ArmVmp : Match on catch block at 0xc3 in for 0xa9
01-12 15:02:36.725 26086 26086 E ArmVmp : Match on catch block at 0xc3 in for 0xa1
01-12 15:02:36.753 26086 26086 E ArmVmp : Match on catch block at 0xc3 in for 0xa1
01-12 15:02:36.762 26086 26086 E ArmVmp : Match on catch block at 0xc3 in for 0xa5
01-12 15:02:37.283 26086 26086 E ArmVmp : Match on catch block at 0xc3 in for 0xa5
01-12 15:02:37.301 26086 26086 E ArmVmp : Match on catch block at 0xc3 in for 0xa9
01-12 15:02:37.319 26086 26086 E ArmVmp : Match on catch block at 0xc3 in for 0xa9
01-12 15:02:37.333 26086 26086 E ArmVmp : Match on catch block at 0xc3 in for 0xa1
01-12 15:02:37.352 26086 26086 E ArmVmp : Match on catch block at 0xc3 in for 0xa1
01-12 15:02:37.370 26086 26086 E ArmVmp : Match on catch block at 0xc3 in for 0xa5
01-12 15:02:37.387 26086 26086 E ArmVmp : Match on catch block at 0xc3 in for 0xa5
01-12 15:02:37.401 26086 26086 E ArmVmp : Match on catch block at 0xc3 in for 0xa9
01-12 15:02:37.418 26086 26086 E ArmVmp : Match on catch block at 0xc3 in for 0xa9
01-12 15:02:37.430 26086 26086 E ArmVmp : Match on catch block at 0xc3 in for 0xa1
01-12 15:02:37.445 26086 26086 E ArmVmp : Match on catch block at 0xc3 in for 0xa1
01-12 15:02:37.454 26086 26086 E ArmVmp : Match on catch block at 0xc3 in for 0xa5
01-12 15:02:37.470 26086 26086 E ArmVmp : Match on catch block at 0xc3 in for 0xa5
01-12 15:02:37.483 26086 26086 E ArmVmp : Match on catch block at 0xc3 in for 0xa9
01-12 15:02:37.498 26086 26086 E ArmVmp : Match on catch block at 0xc3 in for 0xa9
01-12 15:02:37.507 26086 26086 E ArmVmp : Match on catch block at 0xc3 in for 0xa1
01-12 15:02:37.527 26086 26086 E ArmVmp : Match on catch block at 0xc3 in for 0xa1
01-12 15:02:37.535 26086 26086 E ArmVmp : Match on catch block at 0xc3 in for 0xa5
01-12 15:02:38.042 26086 26954 W HiTouch_HiTouchSensor: depended package hiTouch
does n't exist!
01-12 15:02:38.221 26086 26086 E ArmVmp : Match on catch block at 0xc3 in for 0xa5
01-12 15:02:38.235 26086 26086 E ArmVmp : Match on catch block at 0xc3 in for 0xa9
01-12 15:02:38.292 26086 26086 W BottomSheetBehavior: BottomSheetBehavior now
supports multiple callbacks. `setBottomSheetCallback()` removes all existing
callbacks, including ones set internally by library authors, which may result in
unintended behavior. This may change in the future. Please use
`addBottomSheetCallback()` and `removeBottomSheetCallback()` instead to set your
own callbacks.
01-12 15:02:38.293 26086 26086 W InputMethodManager: startInputReason = 1
01-12 15:02:38.349 26086 26245 W libEGL : EGLNativeWindowType 0x71b13be010
disconnect failed
01-12 15:02:38.419 26086 26086 E ArmVmp : Match on catch block at 0xc3 in for 0xa1
01-12 15:02:38.431 26086 26086 E ArmVmp : Match on catch block at 0xc3 in for 0xa5
01-12 15:02:38.689 26086 26086 E ArmVmp : Match on catch block at 0xc3 in for 0xa1
01-12 15:02:38.701 26086 26086 E ArmVmp : Match on catch block at 0xc3 in for 0xa5
01-12 15:02:38.735 26086 26086 E ArmVmp : Match on catch block at 0xc3 in for 0xa1
01-12 15:02:38.745 26086 26086 E ArmVmp : Match on catch block at 0xc3 in for 0xa5
01-12 15:02:40.068 26086 26086 E SpannableStringBuilder: SPAN_EXCLUSIVE_EXCLUSIVE
spans cannot have a zero length
01-12 15:02:40.216 26086 26086 E ArmVmp : Match on catch block at 0xc3 in for 0xa5
01-12 15:02:40.229 26086 26086 E ArmVmp : Match on catch block at 0xc3 in for 0xa9
01-12 15:02:40.249 26086 26086 E ArmVmp : Match on catch block at 0xc3 in for 0xa9
01-12 15:02:40.265 26086 26086 E ArmVmp : Match on catch block at 0xc3 in for 0xa1
01-12 15:02:40.283 26086 26086 E ArmVmp : Match on catch block at 0xc3 in for 0xa1
01-12 15:02:40.296 26086 26086 E ArmVmp : Match on catch block at 0xc3 in for 0xa5
01-12 15:02:40.314 26086 26086 E ArmVmp : Match on catch block at 0xc3 in for 0xa5
01-12 15:02:40.328 26086 26086 E ArmVmp : Match on catch block at 0xc3 in for 0xa9
01-12 15:02:40.347 26086 26086 E ArmVmp : Match on catch block at 0xc3 in for 0xa9
01-12 15:02:40.359 26086 26086 E ArmVmp : Match on catch block at 0xc3 in for 0xa1
01-12 15:02:40.380 26086 26086 E ArmVmp : Match on catch block at 0xc3 in for 0xa1
01-12 15:02:40.393 26086 26086 E ArmVmp : Match on catch block at 0xc3 in for 0xa5
01-12 15:02:40.413 26086 26086 E ArmVmp : Match on catch block at 0xc3 in for 0xa5
01-12 15:02:40.426 26086 26086 E ArmVmp : Match on catch block at 0xc3 in for 0xa9
01-12 15:02:40.444 26086 26086 E ArmVmp : Match on catch block at 0xc3 in for 0xa9
01-12 15:02:40.459 26086 26086 E ArmVmp : Match on catch block at 0xc3 in for 0xa1
01-12 15:02:40.476 26086 26086 E ArmVmp : Match on catch block at 0xc3 in for 0xa1
01-12 15:02:40.489 26086 26086 E ArmVmp : Match on catch block at 0xc3 in for 0xa5
01-12 15:02:41.698 26086 26086 E ArmVmp : Match on catch block at 0xc3 in for 0xa1
01-12 15:02:41.705 26086 26086 E ArmVmp : Match on catch block at 0xc3 in for 0xa5
01-12 15:02:41.765 26086 26086 E ArmVmp : Match on catch block at 0xc3 in for 0xa1
01-12 15:02:41.774 26086 26086 E ArmVmp : Match on catch block at 0xc3 in for 0xa5
01-12 15:02:43.190 26086 26086 W InputMethodManager: startInputReason = 3
01-12 15:02:43.206 26086 26086 W InputMethodManager: startInputReason = 3
01-12 15:02:43.253 26086 26086 W IInputConnectionWrapper: beginBatchEdit on
inactive InputConnection
01-12 15:02:43.253 26086 26086 W IInputConnectionWrapper: setComposingRegion on
inactive InputConnection
01-12 15:02:43.253 26086 26086 W IInputConnectionWrapper: endBatchEdit on inactive
InputConnection
01-12 15:02:43.253 26086 26086 W IInputConnectionWrapper: getExtractedText on
inactive InputConnection
01-12 15:02:43.279 26086 26086 W IInputConnectionWrapper: getTextBeforeCursor on
inactive InputConnection
01-12 15:02:43.282 26086 26086 E ArmVmp : Match on catch block at 0xc3 in for 0xa5
01-12 15:02:43.304 26086 26086 E ArmVmp : Match on catch block at 0xc3 in for 0xa9
01-12 15:02:43.333 26086 26086 W IInputConnectionWrapper: beginBatchEdit on
inactive InputConnection
01-12 15:02:43.333 26086 26086 W IInputConnectionWrapper: setComposingRegion on
inactive InputConnection
01-12 15:02:43.334 26086 26086 W IInputConnectionWrapper: endBatchEdit on inactive
InputConnection
01-12 15:02:43.339 26086 26086 E ArmVmp : Match on catch block at 0xc3 in for 0xa9
01-12 15:02:43.350 26086 26086 E ArmVmp : Match on catch block at 0xc3 in for 0xa1
01-12 15:02:43.366 26086 26086 E SpannableStringBuilder: SPAN_EXCLUSIVE_EXCLUSIVE
spans cannot have a zero length
01-12 15:02:43.377 26086 26086 E ArmVmp : Match on catch block at 0xc3 in for 0xa1
01-12 15:02:43.389 26086 26086 E ArmVmp : Match on catch block at 0xc3 in for 0xa5
01-12 15:02:43.415 26086 26086 E SpannableStringBuilder: SPAN_EXCLUSIVE_EXCLUSIVE
spans cannot have a zero length
01-12 15:02:43.422 26086 26086 E ArmVmp : Match on catch block at 0xc3 in for 0xa5
01-12 15:02:43.435 26086 26086 E ArmVmp : Match on catch block at 0xc3 in for 0xa9
01-12 15:02:43.464 26086 26086 E ArmVmp : Match on catch block at 0xc3 in for 0xa9
01-12 15:02:43.476 26086 26086 E ArmVmp : Match on catch block at 0xc3 in for 0xa1
01-12 15:02:43.497 26086 26086 E ArmVmp : Match on catch block at 0xc3 in for 0xa1
01-12 15:02:43.509 26086 26086 E ArmVmp : Match on catch block at 0xc3 in for 0xa5
01-12 15:02:43.537 26086 26086 E ArmVmp : Match on catch block at 0xc3 in for 0xa5
01-12 15:02:43.547 26086 26086 E ArmVmp : Match on catch block at 0xc3 in for 0xa9
01-12 15:02:43.566 26086 26086 E ArmVmp : Match on catch block at 0xc3 in for 0xa9
01-12 15:02:43.572 26086 26086 E ArmVmp : Match on catch block at 0xc3 in for 0xa1
01-12 15:02:43.952 26086 26245 W libEGL : EGLNativeWindowType 0x71e7480010
disconnect failed
01-12 15:02:44.020 26086 26086 W InputMethodManager: startInputReason = 1
01-12 15:02:44.047 26086 26086 E ArmVmp : Match on catch block at 0xc3 in for 0xa5
01-12 15:02:44.060 26086 26086 E ArmVmp : Match on catch block at 0xc3 in for 0xa9
01-12 15:02:44.074 26086 26086 E SpannableStringBuilder: SPAN_EXCLUSIVE_EXCLUSIVE
spans cannot have a zero length
01-12 15:02:44.539 26086 26086 E ArmVmp : Match on catch block at 0xc3 in for 0xa9
01-12 15:02:44.556 26086 26086 E ArmVmp : Match on catch block at 0xc3 in for 0xa1
01-12 15:02:45.034 26086 26086 E ArmVmp : Match on catch block at 0xc3 in for 0xa5
01-12 15:02:45.050 26086 26086 E ArmVmp : Match on catch block at 0xc3 in for 0xa9
01-12 15:02:45.545 26086 26086 E ArmVmp : Match on catch block at 0xc3 in for 0xa9
01-12 15:02:45.564 26086 26086 E ArmVmp : Match on catch block at 0xc3 in for 0xa1
01-12 15:02:45.672 26086 26086 E ArmVmp : Match on catch block at 0xc3 in for 0xa9
01-12 15:02:45.686 26086 26086 E ArmVmp : Match on catch block at 0xc3 in for 0xa1
01-12 15:02:45.708 26086 26086 E SpannableStringBuilder: SPAN_EXCLUSIVE_EXCLUSIVE
spans cannot have a zero length
01-12 15:02:45.713 26086 26086 E ArmVmp : Match on catch block at 0xc3 in for 0xa1
01-12 15:02:45.727 26086 26086 E ArmVmp : Match on catch block at 0xc3 in for 0xa5
01-12 15:02:45.815 26086 26086 E ArmVmp : Match on catch block at 0xc3 in for 0xa5
01-12 15:02:45.826 26086 26086 E ArmVmp : Match on catch block at 0xc3 in for 0xa9
01-12 15:02:45.852 26086 26086 E ArmVmp : Match on catch block at 0xc3 in for 0xa5
01-12 15:02:45.872 26086 26086 E ArmVmp : Match on catch block at 0xc3 in for 0xa9
01-12 15:02:46.036 26086 26086 E ArmVmp : Match on catch block at 0xc3 in for 0xa9
01-12 15:02:46.047 26086 26086 E ArmVmp : Match on catch block at 0xc3 in for 0xa1
01-12 15:02:46.547 26086 26086 E ArmVmp : Match on catch block at 0xc3 in for 0xa1
01-12 15:02:46.561 26086 26086 E ArmVmp : Match on catch block at 0xc3 in for 0xa5
01-12 15:02:47.025 26086 26086 E ArmVmp : Match on catch block at 0xc3 in for 0xa9
01-12 15:02:47.037 26086 26086 E ArmVmp : Match on catch block at 0xc3 in for 0xa1
01-12 15:02:47.188 26086 26086 W ViewPager: Requested offscreen page limit 0 too
small; defaulting to 1
01-12 15:02:47.222 26086 26086 E ArmVmp : Match on catch block at 0xc3 in for 0xa1
01-12 15:02:47.236 26086 26086 E ArmVmp : Match on catch block at 0xc3 in for 0xa5
01-12 15:02:47.267 26086 26086 E ArmVmp : Match on catch block at 0xc3 in for 0xa5
01-12 15:02:47.279 26086 26086 E ArmVmp : Match on catch block at 0xc3 in for 0xa9
01-12 15:02:47.325 26086 26086 E ArmVmp : Match on catch block at 0xc3 in for 0xa5
01-12 15:02:47.341 26086 26086 E ArmVmp : Match on catch block at 0xc3 in for 0xa9
01-12 15:02:47.361 26086 26086 E ArmVmp : Match on catch block at 0xc3 in for 0xa9
01-12 15:02:47.376 26086 26086 E ArmVmp : Match on catch block at 0xc3 in for 0xa1
01-12 15:02:47.408 26086 26086 E ArmVmp : Match on catch block at 0xc3 in for 0xa1
01-12 15:02:47.420 26086 26086 E ArmVmp : Match on catch block at 0xc3 in for 0xa5
01-12 15:02:47.600 26086 26086 E RecyclerView: No layout manager attached; skipping
layout
01-12 15:02:47.605 26086 26086 E ArmVmp : Match on catch block at 0xc3 in for 0xa5
01-12 15:02:47.619 26086 26086 E ArmVmp : Match on catch block at 0xc3 in for 0xa9
01-12 15:02:47.670 26086 26086 E ArmVmp : Match on catch block at 0xc3 in for 0xa5
01-12 15:02:47.689 26086 26086 E ArmVmp : Match on catch block at 0xc3 in for 0xa9
01-12 15:02:47.724 26086 26086 E RecyclerView: No layout manager attached; skipping
layout
01-12 15:02:47.727 26086 26086 E ArmVmp : Match on catch block at 0xc3 in for 0xa9
01-12 15:02:47.742 26086 26086 E ArmVmp : Match on catch block at 0xc3 in for 0xa1
01-12 15:02:47.777 26086 26086 E ArmVmp : Match on catch block at 0xc3 in for 0xa1
01-12 15:02:47.788 26086 26086 E ArmVmp : Match on catch block at 0xc3 in for 0xa5
01-12 15:02:47.804 26086 26086 E ArmVmp : Match on catch block at 0xc3 in for 0xa5
01-12 15:02:47.818 26086 26086 E ArmVmp : Match on catch block at 0xc3 in for 0xa9
01-12 15:02:47.939 26086 26086 E ArmVmp : Match on catch block at 0xc3 in for 0xa9
01-12 15:02:47.954 26086 26086 E ArmVmp : Match on catch block at 0xc3 in for 0xa1
01-12 15:02:47.987 26086 26086 E ArmVmp : Match on catch block at 0xc3 in for 0xa1
01-12 15:02:47.999 26086 26086 E ArmVmp : Match on catch block at 0xc3 in for 0xa5
01-12 15:02:48.022 26086 26086 E ArmVmp : Match on catch block at 0xc3 in for 0xa5
01-12 15:02:48.033 26086 26086 E ArmVmp : Match on catch block at 0xc3 in for 0xa9
01-12 15:02:48.049 26086 26086 E ArmVmp : Match on catch block at 0xc3 in for 0xa9
01-12 15:02:48.061 26086 26086 E ArmVmp : Match on catch block at 0xc3 in for 0xa1
01-12 15:02:48.095 26086 26086 E ArmVmp : Match on catch block at 0xc3 in for 0xa1
01-12 15:02:48.108 26086 26086 E ArmVmp : Match on catch block at 0xc3 in for 0xa5
01-12 15:02:48.126 26086 26086 E ArmVmp : Match on catch block at 0xc3 in for 0xa5
01-12 15:02:48.137 26086 26086 E ArmVmp : Match on catch block at 0xc3 in for 0xa9
01-12 15:02:48.151 26086 26086 E ArmVmp : Match on catch block at 0xc3 in for 0xa9
01-12 15:02:48.159 26086 26086 E ArmVmp : Match on catch block at 0xc3 in for 0xa1
01-12 15:02:48.312 26086 26086 E ArmVmp : Match on catch block at 0xc3 in for 0xa1
01-12 15:02:48.324 26086 26086 E ArmVmp : Match on catch block at 0xc3 in for 0xa5
01-12 15:02:48.748 26086 26086 E ArmVmp : Match on catch block at 0xc3 in for 0xa9
01-12 15:02:48.761 26086 26086 E ArmVmp : Match on catch block at 0xc3 in for 0xa1
01-12 15:02:48.795 26086 26086 E ArmVmp : Match on catch block at 0xc3 in for 0xa1
01-12 15:02:48.809 26086 26086 E ArmVmp : Match on catch block at 0xc3 in for 0xa5
01-12 15:02:48.857 26086 26086 E ArmVmp : Match on catch block at 0xc3 in for 0xa5
01-12 15:02:48.870 26086 26086 E ArmVmp : Match on catch block at 0xc3 in for 0xa9
01-12 15:02:48.899 26086 26086 E ArmVmp : Match on catch block at 0xc3 in for 0xa9
01-12 15:02:48.912 26086 26086 E ArmVmp : Match on catch block at 0xc3 in for 0xa1
01-12 15:02:48.931 26086 26086 E ArmVmp : Match on catch block at 0xc3 in for 0xa1
01-12 15:02:48.949 26086 26086 E ArmVmp : Match on catch block at 0xc3 in for 0xa5
01-12 15:02:48.977 26086 26086 E ArmVmp : Match on catch block at 0xc3 in for 0xa5
01-12 15:02:48.988 26086 26086 E ArmVmp : Match on catch block at 0xc3 in for 0xa9
01-12 15:02:49.006 26086 26086 E ArmVmp : Match on catch block at 0xc3 in for 0xa9
01-12 15:02:49.016 26086 26086 E ArmVmp : Match on catch block at 0xc3 in for 0xa1
01-12 15:02:49.058 26086 26086 E ArmVmp : Match on catch block at 0xc3 in for 0xa1
01-12 15:02:49.073 26086 26086 E ArmVmp : Match on catch block at 0xc3 in for 0xa5
01-12 15:02:49.093 26086 26086 E ArmVmp : Match on catch block at 0xc3 in for 0xa5
01-12 15:02:49.112 26086 26086 E ArmVmp : Match on catch block at 0xc3 in for 0xa9
01-12 15:02:49.160 26086 26086 E ArmVmp : Match on catch block at 0xc3 in for 0xa9
01-12 15:02:49.173 26086 26086 E ArmVmp : Match on catch block at 0xc3 in for 0xa1
01-12 15:02:49.201 26086 26086 E ArmVmp : Match on catch block at 0xc3 in for 0xa1
01-12 15:02:49.214 26086 26086 E ArmVmp : Match on catch block at 0xc3 in for 0xa5
01-12 15:02:49.240 26086 26086 E ArmVmp : Match on catch block at 0xc3 in for 0xa5
01-12 15:02:49.252 26086 26086 E ArmVmp : Match on catch block at 0xc3 in for 0xa9
01-12 15:02:49.278 26086 26086 E ArmVmp : Match on catch block at 0xc3 in for 0xa9
01-12 15:02:49.291 26086 26086 E ArmVmp : Match on catch block at 0xc3 in for 0xa1
01-12 15:02:49.312 26086 26086 E ArmVmp : Match on catch block at 0xc3 in for 0xa1
01-12 15:02:49.324 26086 26086 E ArmVmp : Match on catch block at 0xc3 in for 0xa5
01-12 15:02:49.345 26086 26086 E ArmVmp : Match on catch block at 0xc3 in for 0xa5
01-12 15:02:49.359 26086 26086 E ArmVmp : Match on catch block at 0xc3 in for 0xa9
01-12 15:02:49.384 26086 26086 E ArmVmp : Match on catch block at 0xc3 in for 0xa9
01-12 15:02:49.396 26086 26086 E ArmVmp : Match on catch block at 0xc3 in for 0xa1
01-12 15:02:49.410 26086 26086 E ArmVmp : Match on catch block at 0xc3 in for 0xa1
01-12 15:02:49.426 26086 26086 E ArmVmp : Match on catch block at 0xc3 in for 0xa5
01-12 15:02:49.456 26086 26086 E ArmVmp : Match on catch block at 0xc3 in for 0xa5
01-12 15:02:49.469 26086 26086 E ArmVmp : Match on catch block at 0xc3 in for 0xa9
01-12 15:02:49.496 26086 26086 E ArmVmp : Match on catch block at 0xc3 in for 0xa9
01-12 15:02:49.511 26086 26086 E ArmVmp : Match on catch block at 0xc3 in for 0xa1
01-12 15:02:49.528 26086 26086 E ArmVmp : Match on catch block at 0xc3 in for 0xa1
01-12 15:02:49.539 26086 26086 E ArmVmp : Match on catch block at 0xc3 in for 0xa5
01-12 15:02:49.553 26086 26086 E ArmVmp : Match on catch block at 0xc3 in for 0xa5
01-12 15:02:49.570 26086 26086 E ArmVmp : Match on catch block at 0xc3 in for 0xa9
01-12 15:02:49.587 26086 26086 E ArmVmp : Match on catch block at 0xc3 in for 0xa9
01-12 15:02:49.601 26086 26086 E ArmVmp : Match on catch block at 0xc3 in for 0xa1
01-12 15:02:49.618 26086 26086 E ArmVmp : Match on catch block at 0xc3 in for 0xa1
01-12 15:02:49.630 26086 26086 E ArmVmp : Match on catch block at 0xc3 in for 0xa5
01-12 15:02:49.915 26086 26086 E ArmVmp : Match on catch block at 0xc3 in for 0xa9
01-12 15:02:49.927 26086 26086 E ArmVmp : Match on catch block at 0xc3 in for 0xa1
01-12 15:02:49.965 26086 26086 E ArmVmp : Match on catch block at 0xc3 in for 0xa1
01-12 15:02:49.976 26086 26086 E ArmVmp : Match on catch block at 0xc3 in for 0xa5
01-12 15:02:50.144 26086 26086 E ArmVmp : Match on catch block at 0xc3 in for 0xa9
01-12 15:02:50.155 26086 26086 E ArmVmp : Match on catch block at 0xc3 in for 0xa1
01-12 15:02:50.177 26086 26963 W HiTouch_HiTouchSensor: depended package hiTouch
does n't exist!
01-12 15:02:50.319 26086 26086 E ArmVmp : Match on catch block at 0xc3 in for 0xa9
01-12 15:02:50.332 26086 26086 E ArmVmp : Match on catch block at 0xc3 in for 0xa1
01-12 15:02:50.476 26086 26086 W InputMethodManager: startInputReason = 1
01-12 15:02:50.536 26086 26086 E ArmVmp : Match on catch block at 0xc3 in for 0xa5
01-12 15:02:50.552 26086 26086 E ArmVmp : Match on catch block at 0xc3 in for 0xa9
01-12 15:02:50.615 26086 26086 E ArmVmp : Match on catch block at 0xc3 in for 0xa5
01-12 15:02:50.629 26086 26086 E ArmVmp : Match on catch block at 0xc3 in for 0xa9
01-12 15:02:50.714 26086 26086 E ArmVmp : Match on catch block at 0xc3 in for 0xa9
01-12 15:02:50.731 26086 26086 E ArmVmp : Match on catch block at 0xc3 in for 0xa1
01-12 15:02:51.809 26086 26086 W InputMethodManager: startInputReason = 4
01-12 15:02:52.364 26086 26086 E ArmVmp : Match on catch block at 0xc3 in for 0xa5
01-12 15:02:52.379 26086 26086 E ArmVmp : Match on catch block at 0xc3 in for 0xa9
01-12 15:02:52.497 26086 26086 E ArmVmp : Match on catch block at 0xc3 in for 0xa1
01-12 15:02:52.509 26086 26086 E ArmVmp : Match on catch block at 0xc3 in for 0xa5
01-12 15:02:53.136 26086 26245 W libEGL : EGLNativeWindowType 0x71b04be010
disconnect failed
01-12 15:02:53.169 26086 26086 E SpannableStringBuilder: SPAN_EXCLUSIVE_EXCLUSIVE
spans cannot have a zero length
01-12 15:02:53.255 26086 26086 E SpannableStringBuilder: SPAN_EXCLUSIVE_EXCLUSIVE
spans cannot have a zero length
01-12 15:02:53.787 26086 26086 E ArmVmp : Match on catch block at 0xc3 in for 0xa9
01-12 15:02:53.806 26086 26086 E ArmVmp : Match on catch block at 0xc3 in for 0xa1
01-12 15:02:53.849 26086 26086 E ArmVmp : Match on catch block at 0xc3 in for 0xa1
01-12 15:02:53.863 26086 26086 E ArmVmp : Match on catch block at 0xc3 in for 0xa5
01-12 15:02:53.936 26086 26086 E ArmVmp : Match on catch block at 0xc3 in for 0xa1
01-12 15:02:53.947 26086 26086 E ArmVmp : Match on catch block at 0xc3 in for 0xa5
01-12 15:02:53.994 26086 26086 E ArmVmp : Match on catch block at 0xc3 in for 0xa5
01-12 15:02:54.014 26086 26086 E ArmVmp : Match on catch block at 0xc3 in for 0xa9
01-12 15:02:54.079 26086 26086 E ArmVmp : Match on catch block at 0xc3 in for 0xa5
01-12 15:02:54.094 26086 26086 E ArmVmp : Match on catch block at 0xc3 in for 0xa9
01-12 15:02:54.563 26086 26086 W InputMethodManager: startInputReason = 4
01-12 15:02:55.042 26086 26086 E ArmVmp : Match on catch block at 0xc3 in for 0xa9
01-12 15:02:55.057 26086 26086 E ArmVmp : Match on catch block at 0xc3 in for 0xa1
01-12 15:02:55.167 26086 26086 E ArmVmp : Match on catch block at 0xc3 in for 0xa5
01-12 15:02:55.191 26086 26086 E ArmVmp : Match on catch block at 0xc3 in for 0xa9
01-12 15:02:55.280 26086 26086 E ArmVmp : Match on catch block at 0xc3 in for 0xa5
01-12 15:02:55.293 26086 26086 E ArmVmp : Match on catch block at 0xc3 in for 0xa9
01-12 15:02:55.355 26086 26245 W libEGL : EGLNativeWindowType 0x71b04be010
disconnect failed
01-12 15:02:55.385 26086 26105 E : [ZeroHung]zrhung_get_config: Get config
failed for wp[0x0008]
01-12 15:02:56.512 26086 26086 E ArmVmp : Match on catch block at 0xc3 in for 0xa1
01-12 15:02:56.524 26086 26086 E ArmVmp : Match on catch block at 0xc3 in for 0xa5
01-12 15:02:56.586 26086 26086 E ArmVmp : Match on catch block at 0xc3 in for 0xa5
01-12 15:02:56.599 26086 26086 E ArmVmp : Match on catch block at 0xc3 in for 0xa9
01-12 15:02:56.699 26086 26086 E ArmVmp : Match on catch block at 0xc3 in for 0xa5
01-12 15:02:56.713 26086 26086 E ArmVmp : Match on catch block at 0xc3 in for 0xa9
01-12 15:02:56.782 26086 26086 E ArmVmp : Match on catch block at 0xc3 in for 0xa9
01-12 15:02:56.794 26086 26086 E ArmVmp : Match on catch block at 0xc3 in for 0xa1
01-12 15:03:23.265 26086 26086 E ArmVmp : Match on catch block at 0x17 in for 0x95
01-12 15:03:27.787 26086 26245 W libEGL : EGLNativeWindowType 0x71b1196010
disconnect failed
01-12 15:03:27.860 26086 26086 E ArmVmp : Match on catch block at 0xc3 in for 0xa5
01-12 15:03:27.871 26086 26086 E ArmVmp : Match on catch block at 0xc3 in for 0xa9
01-12 15:03:27.895 26086 26086 W InputMethodManager: startInputReason = 1
01-12 15:03:27.958 26086 26086 E ArmVmp : Match on catch block at 0xc3 in for 0xa5
01-12 15:03:27.969 26086 26086 E ArmVmp : Match on catch block at 0xc3 in for 0xa9
01-12 15:03:28.028 26086 26086 W InputMethodManager: startInputReason = 3
01-12 15:03:28.082 26086 26086 E ArmVmp : Match on catch block at 0xc3 in for 0xa1
01-12 15:03:28.094 26086 26086 E ArmVmp : Match on catch block at 0xc3 in for 0xa5
01-12 15:03:28.135 26086 26086 W IInputConnectionWrapper: getExtractedText on
inactive InputConnection
01-12 15:03:28.138 26086 26086 W InputMethodManager: startInputReason = 3
01-12 15:03:28.164 26086 26245 W libEGL : EGLNativeWindowType 0x71a69d0010
disconnect failed
01-12 15:03:28.194 26086 26086 E ArmVmp : Match on catch block at 0xc3 in for 0xa9
01-12 15:03:28.209 26086 26086 E ArmVmp : Match on catch block at 0xc3 in for 0xa1
01-12 15:03:28.226 26086 26086 W IInputConnectionWrapper: getTextBeforeCursor on
inactive InputConnection
01-12 15:03:28.279 26086 26086 W InputMethodManager: startInputReason = 3
01-12 15:03:28.358 26086 26086 E ArmVmp : Match on catch block at 0xc3 in for 0xa5
01-12 15:03:28.374 26086 26086 E ArmVmp : Match on catch block at 0xc3 in for 0xa9
01-12 15:03:28.493 26086 26086 W InputMethodManager: startInputReason = 3
01-12 15:03:28.559 26086 26086 E ArmVmp : Match on catch block at 0xc3 in for 0xa1
01-12 15:03:28.578 26086 26086 E ArmVmp : Match on catch block at 0xc3 in for 0xa5
01-12 15:03:28.615 26086 26245 W libEGL : EGLNativeWindowType 0x71a69d0010
disconnect failed
01-12 15:03:28.654 26086 26086 W IInputConnectionWrapper: getExtractedText on
inactive InputConnection
01-12 15:03:28.658 26086 26245 W libEGL : EGLNativeWindowType 0x718d913010
disconnect failed
01-12 15:03:28.708 26086 26086 W InputMethodManager: startInputReason = 3
01-12 15:03:28.768 26086 26086 E ArmVmp : Match on catch block at 0xc3 in for 0xa9
01-12 15:03:28.783 26086 26086 E ArmVmp : Match on catch block at 0xc3 in for 0xa1
01-12 15:03:28.814 26086 26086 W IInputConnectionWrapper: getTextBeforeCursor on
inactive InputConnection
01-12 15:03:28.858 26086 26245 W libEGL : EGLNativeWindowType 0x718d913010
disconnect failed
01-12 15:03:28.964 26086 26086 W InputMethodManager: startInputReason = 3
01-12 15:03:29.006 26086 26086 E ArmVmp : Match on catch block at 0xc3 in for 0xa5
01-12 15:03:29.023 26086 26086 E ArmVmp : Match on catch block at 0xc3 in for 0xa9
01-12 15:03:29.097 26086 26245 W libEGL : EGLNativeWindowType 0x718d913010
disconnect failed
01-12 15:03:29.205 26086 26086 E ArmVmp : Match on catch block at 0xc3 in for 0xa9
01-12 15:03:29.220 26086 26086 E ArmVmp : Match on catch block at 0xc3 in for 0xa1
01-12 15:03:29.299 26086 26086 E ArmVmp : Match on catch block at 0xc3 in for 0xa9
01-12 15:03:29.314 26086 26086 E ArmVmp : Match on catch block at 0xc3 in for 0xa1
01-12 15:03:29.370 26086 26086 W InputMethodManager: startInputReason = 3
01-12 15:03:29.409 26086 26086 E ArmVmp : Match on catch block at 0xc3 in for 0xa5
01-12 15:03:29.419 26086 26086 E ArmVmp : Match on catch block at 0xc3 in for 0xa9
01-12 15:03:29.434 26086 26086 W IInputConnectionWrapper: getExtractedText on
inactive InputConnection
01-12 15:03:29.449 26086 26245 W libEGL : EGLNativeWindowType 0x718d913010
disconnect failed
01-12 15:03:29.505 26086 26086 W InputMethodManager: startInputReason = 3
01-12 15:03:29.568 26086 26086 E ArmVmp : Match on catch block at 0xc3 in for 0xa1
01-12 15:03:29.582 26086 26086 E ArmVmp : Match on catch block at 0xc3 in for 0xa5
01-12 15:03:29.626 26086 26086 W IInputConnectionWrapper: getTextBeforeCursor on
inactive InputConnection
01-12 15:03:29.654 26086 26245 W libEGL : EGLNativeWindowType 0x718d913010
disconnect failed
01-12 15:03:29.716 26086 26086 W InputMethodManager: startInputReason = 3
01-12 15:03:29.770 26086 26086 E ArmVmp : Match on catch block at 0xc3 in for 0xa9
01-12 15:03:29.787 26086 26086 E ArmVmp : Match on catch block at 0xc3 in for 0xa1
01-12 15:03:29.811 26086 26086 W IInputConnectionWrapper: getExtractedText on
inactive InputConnection
01-12 15:03:29.847 26086 26245 W libEGL : EGLNativeWindowType 0x718d913010
disconnect failed
01-12 15:03:29.897 26086 26086 W IInputConnectionWrapper: getTextBeforeCursor on
inactive InputConnection
01-12 15:03:29.980 26086 26086 W IInputConnectionWrapper: getExtractedText on
inactive InputConnection
01-12 15:03:29.981 26086 26086 W IInputConnectionWrapper: getTextBeforeCursor on
inactive InputConnection
01-12 15:03:29.992 26086 26086 W IInputConnectionWrapper: getExtractedText on
inactive InputConnection
01-12 15:03:29.993 26086 26086 W IInputConnectionWrapper: getTextBeforeCursor on
inactive InputConnection
01-12 15:03:30.038 26086 26086 W IInputConnectionWrapper: getExtractedText on
inactive InputConnection
01-12 15:03:30.041 26086 26086 W IInputConnectionWrapper: getTextBeforeCursor on
inactive InputConnection
01-12 15:03:30.068 26086 26086 W IInputConnectionWrapper: getExtractedText on
inactive InputConnection
01-12 15:03:30.071 26086 26086 W IInputConnectionWrapper: getTextBeforeCursor on
inactive InputConnection
01-12 15:03:30.084 26086 26086 W IInputConnectionWrapper: getExtractedText on
inactive InputConnection
01-12 15:03:30.089 26086 26086 W IInputConnectionWrapper: getTextBeforeCursor on
inactive InputConnection
01-12 15:03:30.122 26086 26086 W IInputConnectionWrapper: getExtractedText on
inactive InputConnection
01-12 15:03:30.123 26086 26086 W IInputConnectionWrapper: getTextBeforeCursor on
inactive InputConnection
01-12 15:03:30.211 26086 26086 W IInputConnectionWrapper: getExtractedText on
inactive InputConnection
01-12 15:03:30.215 26086 26086 W IInputConnectionWrapper: getTextBeforeCursor on
inactive InputConnection
01-12 15:03:30.234 26086 26086 E ArmVmp : Match on catch block at 0xc3 in for 0xa9
01-12 15:03:30.250 26086 26086 E ArmVmp : Match on catch block at 0xc3 in for 0xa1
01-12 15:03:30.262 26086 26086 W IInputConnectionWrapper: getExtractedText on
inactive InputConnection
01-12 15:03:30.270 26086 26086 W IInputConnectionWrapper: getTextBeforeCursor on
inactive InputConnection
01-12 15:03:30.294 26086 26086 E SpannableStringBuilder: SPAN_EXCLUSIVE_EXCLUSIVE
spans cannot have a zero length
01-12 15:03:30.606 26086 26086 E ArmVmp : Match on catch block at 0xc3 in for 0xa1
01-12 15:03:30.621 26086 26086 E ArmVmp : Match on catch block at 0xc3 in for 0xa5
01-12 15:03:30.663 26086 26086 E ArmVmp : Match on catch block at 0xc3 in for 0xa1
01-12 15:03:30.675 26086 26086 E ArmVmp : Match on catch block at 0xc3 in for 0xa5
01-12 15:03:30.710 26086 26086 E ArmVmp : Match on catch block at 0xc3 in for 0xa5
01-12 15:03:30.724 26086 26086 E ArmVmp : Match on catch block at 0xc3 in for 0xa9
01-12 15:03:30.760 26086 26086 E ArmVmp : Match on catch block at 0xc3 in for 0xa9
01-12 15:03:30.774 26086 26086 E ArmVmp : Match on catch block at 0xc3 in for 0xa1
01-12 15:03:31.271 26086 26086 E ArmVmp : Match on catch block at 0xc3 in for 0xa1
01-12 15:03:31.284 26086 26086 E ArmVmp : Match on catch block at 0xc3 in for 0xa5
01-12 15:03:31.484 26086 26086 E ArmVmp : Match on catch block at 0xc3 in for 0xa9
01-12 15:03:31.496 26086 26086 E ArmVmp : Match on catch block at 0xc3 in for 0xa1
01-12 15:03:31.561 26086 26086 E ArmVmp : Match on catch block at 0xc3 in for 0xa1
01-12 15:03:31.570 26086 26086 E ArmVmp : Match on catch block at 0xc3 in for 0xa5
01-12 15:03:31.606 26086 26086 E ArmVmp : Match on catch block at 0xc3 in for 0xa5
01-12 15:03:31.613 26086 26086 E ArmVmp : Match on catch block at 0xc3 in for 0xa9
01-12 15:03:31.658 26086 26086 E ArmVmp : Match on catch block at 0xc3 in for 0xa9
01-12 15:03:31.667 26086 26086 E ArmVmp : Match on catch block at 0xc3 in for 0xa1
01-12 15:03:31.706 26086 26086 E ArmVmp : Match on catch block at 0xc3 in for 0xa1
01-12 15:03:31.717 26086 26086 E ArmVmp : Match on catch block at 0xc3 in for 0xa5
01-12 15:03:31.750 26086 26086 E ArmVmp : Match on catch block at 0xc3 in for 0xa5
01-12 15:03:31.761 26086 26086 E ArmVmp : Match on catch block at 0xc3 in for 0xa9
01-12 15:03:31.814 26086 26086 E ArmVmp : Match on catch block at 0xc3 in for 0xa9
01-12 15:03:31.826 26086 26086 E ArmVmp : Match on catch block at 0xc3 in for 0xa1
01-12 15:03:31.876 26086 26086 E ArmVmp : Match on catch block at 0xc3 in for 0xa1
01-12 15:03:31.886 26086 26086 E ArmVmp : Match on catch block at 0xc3 in for 0xa5
01-12 15:03:31.930 26086 26086 E ArmVmp : Match on catch block at 0xc3 in for 0xa9
01-12 15:03:31.950 26086 26086 E ArmVmp : Match on catch block at 0xc3 in for 0xa1
01-12 15:03:31.982 26086 26086 E ArmVmp : Match on catch block at 0xc3 in for 0xa1
01-12 15:03:31.991 26086 26086 E ArmVmp : Match on catch block at 0xc3 in for 0xa5
01-12 15:03:32.132 26086 26086 E ArmVmp : Match on catch block at 0xc3 in for 0xa5
01-12 15:03:32.146 26086 26086 E ArmVmp : Match on catch block at 0xc3 in for 0xa9
01-12 15:03:32.163 26086 26086 E ArmVmp : Match on catch block at 0xc3 in for 0xa1
01-12 15:03:32.174 26086 26086 E ArmVmp : Match on catch block at 0xc3 in for 0xa5
01-12 15:03:32.192 26086 26086 E ArmVmp : Match on catch block at 0xc3 in for 0xa9
01-12 15:03:32.208 26086 26086 E ArmVmp : Match on catch block at 0xc3 in for 0xa1
01-12 15:03:32.232 26086 26086 E ArmVmp : Match on catch block at 0xc3 in for 0xa1
01-12 15:03:32.241 26086 26086 E ArmVmp : Match on catch block at 0xc3 in for 0xa5
01-12 15:03:32.258 26086 26086 E ArmVmp : Match on catch block at 0xc3 in for 0xa9
01-12 15:03:32.267 26086 26086 E ArmVmp : Match on catch block at 0xc3 in for 0xa1
01-12 15:03:32.285 26086 26086 E ArmVmp : Match on catch block at 0xc3 in for 0xa5
01-12 15:03:32.294 26086 26086 E ArmVmp : Match on catch block at 0xc3 in for 0xa9
01-12 15:03:32.312 26086 26086 E ArmVmp : Match on catch block at 0xc3 in for 0xa1
01-12 15:03:32.320 26086 26086 E ArmVmp : Match on catch block at 0xc3 in for 0xa5
01-12 15:03:32.343 26086 26086 E ArmVmp : Match on catch block at 0xc3 in for 0xa9
01-12 15:03:32.355 26086 26086 E ArmVmp : Match on catch block at 0xc3 in for 0xa1
01-12 15:03:32.371 26086 26086 E ArmVmp : Match on catch block at 0xc3 in for 0xa5
01-12 15:03:32.382 26086 26086 E ArmVmp : Match on catch block at 0xc3 in for 0xa9
01-12 15:03:32.400 26086 26086 E ArmVmp : Match on catch block at 0xc3 in for 0xa1
01-12 15:03:32.409 26086 26086 E ArmVmp : Match on catch block at 0xc3 in for 0xa5
01-12 15:03:32.438 26086 26086 E ArmVmp : Match on catch block at 0xc3 in for 0xa9
01-12 15:03:32.450 26086 26086 E ArmVmp : Match on catch block at 0xc3 in for 0xa1
01-12 15:03:32.464 26086 26086 E ArmVmp : Match on catch block at 0xc3 in for 0xa9
01-12 15:03:32.473 26086 26086 E ArmVmp : Match on catch block at 0xc3 in for 0xa1
01-12 15:03:32.673 26086 26086 E ArmVmp : Match on catch block at 0xc3 in for 0xa9
01-12 15:03:32.684 26086 26086 E ArmVmp : Match on catch block at 0xc3 in for 0xa1
01-12 15:03:32.703 26086 26086 E SpannableStringBuilder: SPAN_EXCLUSIVE_EXCLUSIVE
spans cannot have a zero length
01-12 15:03:32.711 26086 26086 E ArmVmp : Match on catch block at 0xc3 in for 0xa1
01-12 15:03:32.720 26086 26086 E ArmVmp : Match on catch block at 0xc3 in for 0xa5
01-12 15:03:32.821 26086 26086 E ArmVmp : Match on catch block at 0xc3 in for 0xa5
01-12 15:03:32.834 26086 26086 E ArmVmp : Match on catch block at 0xc3 in for 0xa9
01-12 15:03:32.857 26086 26086 E ArmVmp : Match on catch block at 0xc3 in for 0xa5
01-12 15:03:32.877 26086 26086 E ArmVmp : Match on catch block at 0xc3 in for 0xa9
01-12 15:03:32.904 26086 26086 E ArmVmp : Match on catch block at 0xc3 in for 0xa9
01-12 15:03:32.920 26086 26086 E ArmVmp : Match on catch block at 0xc3 in for 0xa1
01-12 15:03:33.244 26086 26245 W libEGL : EGLNativeWindowType 0x718d913010
disconnect failed
01-12 15:03:33.417 26086 26086 E ArmVmp : Match on catch block at 0xc3 in for 0xa1
01-12 15:03:33.437 26086 26086 E ArmVmp : Match on catch block at 0xc3 in for 0xa5
01-12 15:03:33.612 26086 26086 E ArmVmp : Match on catch block at 0xc3 in for 0xa5
01-12 15:03:33.625 26086 26086 E ArmVmp : Match on catch block at 0xc3 in for 0xa9
01-12 15:03:33.665 26086 26086 E ArmVmp : Match on catch block at 0xc3 in for 0xa5
01-12 15:03:33.680 26086 26086 E ArmVmp : Match on catch block at 0xc3 in for 0xa9
01-12 15:03:33.911 26086 26086 E ArmVmp : Match on catch block at 0xc3 in for 0xa9
01-12 15:03:33.922 26086 26086 E ArmVmp : Match on catch block at 0xc3 in for 0xa1
01-12 15:03:34.154 26086 26086 E ArmVmp : Match on catch block at 0xc3 in for 0xa5
01-12 15:03:34.161 26086 26086 E ArmVmp : Match on catch block at 0xc3 in for 0xa9
01-12 15:03:34.172 26086 26086 W InputMethodManager: startInputReason = 1
01-12 15:03:34.438 26086 26245 W libEGL : EGLNativeWindowType 0x71c3bfd010
disconnect failed
01-12 15:03:34.444 26086 26086 E ArmVmp : Match on catch block at 0xc3 in for 0xa5
01-12 15:03:34.450 26086 26086 E ArmVmp : Match on catch block at 0xc3 in for 0xa9
01-12 15:03:36.786 26086 26105 E : [ZeroHung]zrhung_get_config: Get config
failed for wp[0x0008]
01-12 15:03:36.864 26086 26245 W libEGL : EGLNativeWindowType 0x718d913010
disconnect failed
--------- beginning of system
01-12 14:58:33.958 24912 24912 W ViewRootImpl[MediaComposerActivity]: Dropping
event due to root view being removed: KeyEvent { action=ACTION_UP,
keyCode=KEYCODE_BACK, scanCode=0, metaState=0, flags=0x48, hwFlags=0x17,
repeatCount=0, eventTime=346436864, downTime=346436755, deviceId=-1, source=0x101 }
01-12 14:58:42.749 24912 24912 W ViewRootImpl[MediaComposerActivity]: Dropping
event due to root view being removed: KeyEvent { action=ACTION_UP,
keyCode=KEYCODE_BACK, scanCode=0, metaState=0, flags=0x48, hwFlags=0xf,
repeatCount=0, eventTime=346445645, downTime=346445591, deviceId=-1, source=0x101 }
01-12 15:00:06.960 24912 24912 W ViewRootImpl[HomeActivity]: Dropping event due to
root view being removed: MotionEvent { action=ACTION_MOVE, actionButton=0, id[0]=0,
x[0]=85.0, y[0]=-592.0, toolType[0]=TOOL_TYPE_FINGER, buttonState=0, metaState=0,
flags=0x0, edgeFlags=0x0, pointerCount=1, historySize=4, eventTime=346529880,
downTime=346529840, deviceId=6, source=0x1002 }
01-12 15:00:13.572 24912 24912 W ViewRootImpl[HomeActivity]: Dropping event due to
root view being removed: MotionEvent { action=ACTION_MOVE, actionButton=0, id[0]=0,
x[0]=163.0, y[0]=-58.0, toolType[0]=TOOL_TYPE_FINGER, buttonState=0, metaState=0,
flags=0x0, edgeFlags=0x0, pointerCount=1, historySize=1, eventTime=346536496,
downTime=346536481, deviceId=6, source=0x1002 }
01-12 15:00:16.261 24912 24912 W ViewRootImpl[HomeActivity]: Dropping event due to
root view being removed: MotionEvent { action=ACTION_MOVE, actionButton=0, id[0]=0,
x[0]=79.0, y[0]=-621.0, toolType[0]=TOOL_TYPE_FINGER, buttonState=0, metaState=0,
flags=0x0, edgeFlags=0x0, pointerCount=1, historySize=3, eventTime=346539185,
downTime=346539152, deviceId=6, source=0x1002 }
--------- beginning of main
01-12 15:02:25.114 26086 26943 W HiTouch_HiTouchSensor: depended package hiTouch
does n't exist!
01-12 15:02:25.124 26086 26086 W StaticLayout: maxLineHeight should not be -1.
maxLines:2 lineCount:2
01-12 15:02:33.316 26086 26086 E ArmVmp : Match on catch block at 0xc3 in for 0xa1
01-12 15:02:33.322 26086 26086 E ArmVmp : Match on catch block at 0xc3 in for 0xa5
01-12 15:02:33.329 26086 26086 W InputMethodManager: startInputReason = 1
01-12 15:02:33.337 26086 26086 E ArmVmp : Match on catch block at 0xc3 in for 0xa1
01-12 15:02:33.344 26086 26086 E ArmVmp : Match on catch block at 0xc3 in for 0xa5
01-12 15:02:33.382 26086 26086 E ArmVmp : Match on catch block at 0xc3 in for 0xa9
01-12 15:02:33.387 26086 26086 E ArmVmp : Match on catch block at 0xc3 in for 0xa1
01-12 15:02:33.397 26086 26086 E ArmVmp : Match on catch block at 0xc3 in for 0xa1
01-12 15:02:33.402 26086 26086 E ArmVmp : Match on catch block at 0xc3 in for 0xa5
01-12 15:02:33.415 26086 26086 E SpannableStringBuilder: SPAN_EXCLUSIVE_EXCLUSIVE
spans cannot have a zero length
01-12 15:02:33.466 26086 26086 E ArmVmp : Match on catch block at 0xc3 in for 0xa1
01-12 15:02:33.472 26086 26086 E ArmVmp : Match on catch block at 0xc3 in for 0xa5
01-12 15:02:33.515 26086 26086 W InputMethodManager: startInputReason = 1
01-12 15:02:33.748 26086 26245 W libEGL : EGLNativeWindowType 0x71876ab010
disconnect failed
01-12 15:02:33.755 26086 26086 E ArmVmp : Match on catch block at 0xc3 in for 0xa9
01-12 15:02:33.760 26086 26086 E ArmVmp : Match on catch block at 0xc3 in for 0xa1
01-12 15:02:33.766 26086 26245 W libEGL : EGLNativeWindowType 0x718d0b9010
disconnect failed
01-12 15:02:35.312 26086 26086 W ActivityThread: handleWindowVisibility: no
activity for token android.os.BinderProxy@c00f71a
01-12 15:02:35.424 26086 26086 E ArmVmp : Match on catch block at 0x0a in for 0xc1
01-12 15:02:35.426 26086 26086 E ArmVmp : Match on catch block at 0x0a in for 0xc9
01-12 15:02:35.453 26086 26952 W HiTouch_HiTouchSensor: depended package hiTouch
does n't exist!
01-12 15:02:35.533 26086 26086 E ArmVmp : Match on catch block at 0xc3 in for 0xb5
01-12 15:02:35.570 26086 26086 E ArmVmp : Match on catch block at 0xc3 in for 0xb5
01-12 15:02:35.578 26086 26086 E ArmVmp : Match on catch block at 0xc3 in for 0xa1
01-12 15:02:35.581 26086 26086 E ArmVmp : Match on catch block at 0xc3 in for 0xa5
01-12 15:02:35.606 26086 26086 W InputMethodManager: startInputReason = 1
01-12 15:02:35.618 26086 26086 E ArmVmp : Match on catch block at 0xc3 in for 0xa5
01-12 15:02:35.622 26086 26086 E ArmVmp : Match on catch block at 0xc3 in for 0xa9
01-12 15:02:35.644 26086 26086 E ArmVmp : Match on catch block at 0xc3 in for 0xa1
01-12 15:02:35.646 26086 26086 E ArmVmp : Match on catch block at 0xc3 in for 0xa5
01-12 15:02:35.663 26086 26086 E ArmVmp : Match on catch block at 0xc3 in for 0xa1
01-12 15:02:35.666 26086 26086 E ArmVmp : Match on catch block at 0xc3 in for 0xa5
01-12 15:02:35.677 26086 26086 E ArmVmp : Match on catch block at 0xc3 in for 0xa5
01-12 15:02:35.680 26086 26086 E ArmVmp : Match on catch block at 0xc3 in for 0xa9
01-12 15:02:35.693 26086 26086 E ArmVmp : Match on catch block at 0xc3 in for 0xa9
01-12 15:02:35.696 26086 26086 E ArmVmp : Match on catch block at 0xc3 in for 0xa1
01-12 15:02:35.699 26086 26086 E SpannableStringBuilder: SPAN_EXCLUSIVE_EXCLUSIVE
spans cannot have a zero length
01-12 15:02:35.709 26086 26086 E ArmVmp : Match on catch block at 0xc3 in for 0xa1
01-12 15:02:35.715 26086 26086 E ArmVmp : Match on catch block at 0xc3 in for 0xa5
01-12 15:02:35.726 26086 26086 E ArmVmp : Match on catch block at 0xc3 in for 0xa5
01-12 15:02:35.729 26086 26086 E ArmVmp : Match on catch block at 0xc3 in for 0xa9
01-12 15:02:35.742 26086 26086 E ArmVmp : Match on catch block at 0xc3 in for 0xa9
01-12 15:02:35.746 26086 26086 E ArmVmp : Match on catch block at 0xc3 in for 0xa1
01-12 15:02:35.759 26086 26086 E ArmVmp : Match on catch block at 0xc3 in for 0xa1
01-12 15:02:35.764 26086 26086 E ArmVmp : Match on catch block at 0xc3 in for 0xa5
01-12 15:02:35.828 26086 26245 W libEGL : EGLNativeWindowType 0x71945d7010
disconnect failed
01-12 15:02:36.076 26086 26086 E ArmVmp : Match on catch block at 0xc3 in for 0xa9
01-12 15:02:36.090 26086 26086 E ArmVmp : Match on catch block at 0xc3 in for 0xa1
01-12 15:02:36.111 26086 26086 E ArmVmp : Match on catch block at 0xc3 in for 0xa1
01-12 15:02:36.120 26086 26086 E ArmVmp : Match on catch block at 0xc3 in for 0xa5
01-12 15:02:36.343 26086 26086 E ArmVmp : Match on catch block at 0xc3 in for 0xa5
01-12 15:02:36.350 26086 26086 E ArmVmp : Match on catch block at 0xc3 in for 0xa9
01-12 15:02:36.405 26086 26086 E ArmVmp : Match on catch block at 0xc3 in for 0xa9
01-12 15:02:36.416 26086 26086 E ArmVmp : Match on catch block at 0xc3 in for 0xa1
01-12 15:02:36.435 26086 26086 E ArmVmp : Match on catch block at 0xc3 in for 0xa1
01-12 15:02:36.445 26086 26086 E ArmVmp : Match on catch block at 0xc3 in for 0xa5
01-12 15:02:36.493 26086 26086 E ArmVmp : Match on catch block at 0xc3 in for 0xa5
01-12 15:02:36.503 26086 26086 E ArmVmp : Match on catch block at 0xc3 in for 0xa9
