01-12 14:57:31.000 24282 24822 W libEGL : EGLNativeWindowType 0x71c188c010
disconnect failed
01-12 14:57:33.413 24282 24282 W ActivityThread: handleWindowVisibility: no
activity for token android.os.BinderProxy@23107e5
01-12 14:57:33.494 24282 24901 W HiTouch_HiTouchSensor: depended package hiTouch
does n't exist!
01-12 14:57:33.547 24282 24282 W InputMethodManager: startInputReason = 1
01-12 14:57:33.770 24282 24822 W libEGL : EGLNativeWindowType 0x7188875010
disconnect failed
01-12 14:57:42.335 24282 24282 W InputMethodManager: startInputReason = 1
01-12 14:57:42.581 24282 24822 W libEGL : EGLNativeWindowType 0x718ee7e010
disconnect failed
01-12 14:57:43.399 24912 24912 E com.mbwhatsapp: Not starting debugger since
process cannot load the jdwp agent.
01-12 14:57:43.418 24912 24922 E : [ZeroHung]zrhung_get_config: Get config
failed for wp[0x0008]
01-12 14:57:43.461 24912 24912 W System.err: java.lang.ClassNotFoundException:
mbmodsd.mbmodsw.ui.views.btn.BtnBK
01-12 14:57:43.461 24912 24912 W System.err: at
java.lang.VMClassLoader.findLoadedClass(Native Method)
01-12 14:57:43.461 24912 24912 W System.err: at
java.lang.ClassLoader.findLoadedClass(ClassLoader.java:738)
01-12 14:57:43.461 24912 24912 W System.err: at
java.lang.ClassLoader.loadClass(ClassLoader.java:363)
01-12 14:57:43.461 24912 24912 W System.err: at
java.lang.ClassLoader.loadClass(ClassLoader.java:312)
01-12 14:57:43.461 24912 24912 W System.err: at
java.lang.Runtime.nativeLoad(Native Method)
01-12 14:57:43.461 24912 24912 W System.err: at
java.lang.Runtime.loadLibrary0(Runtime.java:1014)
01-12 14:57:43.461 24912 24912 W System.err: at
java.lang.System.loadLibrary(System.java:1672)
01-12 14:57:43.461 24912 24912 W System.err: at arm.EpicVm.<clinit>(Unknown
Source:2)
01-12 14:57:43.461 24912 24912 W System.err: at
java.lang.Class.newInstance(Native Method)
01-12 14:57:43.461 24912 24912 W System.err: at
android.app.AppComponentFactory.instantiateApplication(AppComponentFactory.java:50)
01-12 14:57:43.461 24912 24912 W System.err: at
androidx.core.app.CoreComponentFactory.instantiateApplication(Unknown Source:0)
01-12 14:57:43.461 24912 24912 W System.err: at
android.app.Instrumentation.newApplication(Instrumentation.java:1127)
01-12 14:57:43.461 24912 24912 W System.err: at
android.app.LoadedApk.makeApplication(LoadedApk.java:1175)
01-12 14:57:43.461 24912 24912 W System.err: at
android.app.ActivityThread.handleBindApplication(ActivityThread.java:6688)
01-12 14:57:43.461 24912 24912 W System.err: at
android.app.ActivityThread.access$2000(ActivityThread.java:273)
01-12 14:57:43.461 24912 24912 W System.err: at
android.app.ActivityThread$H.handleMessage(ActivityThread.java:2020)
01-12 14:57:43.461 24912 24912 W System.err: at
android.os.Handler.dispatchMessage(Handler.java:112)
01-12 14:57:43.462 24912 24912 W System.err: at
android.os.Looper.loop(Looper.java:216)
01-12 14:57:43.462 24912 24912 W System.err: at
android.app.ActivityThread.main(ActivityThread.java:7625)
01-12 14:57:43.462 24912 24912 W System.err: at
java.lang.reflect.Method.invoke(Native Method)
01-12 14:57:43.462 24912 24912 W System.err: at
com.android.internal.os.RuntimeInit$MethodAndArgsCaller.run(RuntimeInit.java:524)
01-12 14:57:43.462 24912 24912 W System.err: at
com.android.internal.os.ZygoteInit.main(ZygoteInit.java:987)
01-12 14:57:43.462 24912 24912 W System.err: Caused by:
java.lang.NoClassDefFoundError: Failed resolution of:
Lcom/mbwhatsapp/components/Button;
01-12 14:57:43.462 24912 24912 W System.err: ... 18 more
01-12 14:57:43.462 24912 24912 W System.err: Caused by:
java.lang.ClassNotFoundException: Didn't find class
"com.mbwhatsapp.components.Button" on path: DexPathList[[zip file
"/system/framework/org.apache.http.legacy.boot.jar", zip file
"/data/app/com.mbwhatsapp-VY7ChigobaqCIxu7uQ4Gbg==/base.apk"],nativeLibraryDirector
ies=[/data/app/com.mbwhatsapp-VY7ChigobaqCIxu7uQ4Gbg==/lib/arm64,
/data/app/com.mbwhatsapp-VY7ChigobaqCIxu7uQ4Gbg==/base.apk!/lib/arm64-v8a,
/system/lib64, /product/lib64]]
01-12 14:57:43.462 24912 24912 W System.err: at
dalvik.system.BaseDexClassLoader.findClass(BaseDexClassLoader.java:134)
01-12 14:57:43.462 24912 24912 W System.err: at
java.lang.ClassLoader.loadClass(ClassLoader.java:379)
01-12 14:57:43.462 24912 24912 W System.err: at
java.lang.ClassLoader.loadClass(ClassLoader.java:312)
01-12 14:57:43.462 24912 24912 W System.err: ... 18 more
01-12 14:57:43.468 24912 24912 E CustomActivityOnCrash: IMPORTANT WARNING! You
already have an UncaughtExceptionHandler, are you sure this is correct? If you use
a custom UncaughtExceptionHandler, you must initialize it AFTER
CustomActivityOnCrash! Installing anyway, but your original handler will not be
called.
01-12 14:57:43.472 24912 24933 E AwareLog: AtomicFileUtils: readFileLines file not
exist: android.util.AtomicFile@14cb34e
01-12 14:57:43.472 24912 24933 E AwareLog: AtomicFileUtils: readFileLines file not
exist: android.util.AtomicFile@89e4c6f
01-12 14:57:43.492 24912 24937 W LibraryVersion: Failed to get app version for
libraryName: firebase-iid
01-12 14:57:43.525 24912 24922 E : [ZeroHung]zrhung_get_config: Get config
failed for wp[0x0008]
01-12 14:57:43.571 24912 24912 W linker : Warning:
"/data/data/com.mbwhatsapp/files/decompressed/libs.spk.zst/libc++_shared.so" unused
DT entry: unknown processor-specific (type 0x70000001 arg 0x0) (ignoring)
01-12 14:57:43.622 24912 24922 E : [ZeroHung]zrhung_get_config: Get config
failed for wp[0x0008]
01-12 14:57:43.630 24912 24925 E MemoryLeakMonitorManager: MemoryLeakMonitor.jar is
not exist!
01-12 14:57:43.641 24912 24972 E : [ZeroHung]zrhung_get_config: Get config
failed for wp[0x0102]
01-12 14:57:43.641 24912 24972 W ZrHung.AppEyeUiProbe: Failed to get config from
zrhung
01-12 14:57:43.660 24912 24912 W com.mbwhatsapp: Class X.0eU failed lock
verification and will run slower.
01-12 14:57:43.660 24912 24912 W com.mbwhatsapp: Common causes for lock
verification issues are non-optimized dex code
01-12 14:57:43.660 24912 24912 W com.mbwhatsapp: and incorrect proguard
optimizations.
01-12 14:57:43.677 24912 24912 W com.mbwhatsapp: Accessing hidden method
Landroid/content/res/Resources$Theme;->rebase()V (dark greylist, reflection)
01-12 14:57:43.682 24912 24968 W com.mbwhatsapp: Class X.2rL failed lock
verification and will run slower.
01-12 14:57:43.867 24912 24912 W ActivityThread: handleWindowVisibility: no
activity for token android.os.BinderProxy@221c2b9
01-12 14:57:43.898 24912 24922 E : [ZeroHung]zrhung_get_config: Get config
failed for wp[0x0008]
01-12 14:57:43.898 24912 24912 W com.mbwhatsapp: Class com.mbwhatsapp.HomeActivity
failed lock verification and will run slower.
01-12 14:57:44.116 24912 24912 E ArmVmp : Match on catch block at 0x0a in for 0xc5
01-12 14:57:44.129 24912 24912 E ArmVmp : Match on catch block at 0x0a in for
0x139
01-12 14:57:44.210 24912 24922 E : [ZeroHung]zrhung_get_config: Get config
failed for wp[0x0008]
01-12 14:57:44.263 24912 25001 W HiTouch_HiTouchSensor: depended package hiTouch
does n't exist!
01-12 14:57:44.394 24912 24912 W StaticLayout: maxLineHeight should not be -1.
maxLines:1 lineCount:1
01-12 14:57:44.409 24912 24912 W StaticLayout: maxLineHeight should not be -1.
maxLines:1 lineCount:1
01-12 14:57:44.428 24912 24912 W StaticLayout: maxLineHeight should not be -1.
maxLines:1 lineCount:1
01-12 14:57:44.428 24912 24912 W StaticLayout: maxLineHeight should not be -1.
maxLines:1 lineCount:1
01-12 14:57:44.611 24912 24922 E : [ZeroHung]zrhung_get_config: Get config
failed for wp[0x0008]
01-12 14:57:44.698 24912 24912 E RecyclerView: No adapter attached; skipping layout
01-12 14:57:44.712 24912 24912 E ArmVmp : Match on catch block at 0x0a in for 0xd1
01-12 14:57:44.758 24912 24912 E RecyclerView: No adapter attached; skipping layout
01-12 14:57:44.759 24912 24912 W View : requestLayout() improperly called by
androidx.appcompat.view.menu.ActionMenuItemView{530943f VFED..C.. ......ID 291,0-
435,0 #7f0b0f8a app:id/menuitem_search} during layout: running second layout pass
01-12 14:57:44.760 24912 24912 W View : requestLayout() improperly called by
androidx.appcompat.widget.ActionMenuView{a94810c V.E...... ......ID 420,375-
1131,375} during layout: running second layout pass
01-12 14:57:44.889 24912 24912 W View : requestLayout() improperly called by
DecorView@53417ff[HomeActivity] during second layout pass: posting in next frame
01-12 14:57:44.925 24912 24912 W InputMethodManager: startInputReason = 1
01-12 14:57:44.960 24912 25030 W LOTTIE : Animation contains merge paths. Merge
paths are only supported on KitKat+ and must be manually enabled by calling
enableMergePathsForKitKatAndAbove().
01-12 14:57:45.032 24912 24912 W InputMethodManager: startInputReason = 5
01-12 14:57:45.036 24912 24912 W LOTTIE : Animation contains merge paths but they
are disabled.
01-12 14:57:45.089 24912 24912 E ArmVmp : Match on catch block at 0x5b in for 0x81
01-12 14:57:45.625 24912 24922 E : [ZeroHung]zrhung_get_config: Get config
failed for wp[0x0008]
01-12 14:57:53.754 24912 24912 W ActivityThread: handleWindowVisibility: no
activity for token android.os.BinderProxy@31a826d
01-12 14:57:54.074 24912 25030 W LOTTIE : Unknown shape type rd
01-12 14:57:54.115 24912 24912 E ArmVmp : Match on catch block at 0x0a in for 0xc1
01-12 14:57:54.120 24912 24912 E ArmVmp : Match on catch block at 0x0a in for 0xc1
01-12 14:57:54.165 24912 25077 W HiTouch_HiTouchSensor: depended package hiTouch
does n't exist!
01-12 14:57:54.287 24912 24912 E ArmVmp : Match on catch block at 0xc3 in for 0xb1
01-12 14:57:54.328 24912 24912 E ArmVmp : Match on catch block at 0xc3 in for 0xb9
01-12 14:57:54.340 24912 24912 E ArmVmp : Match on catch block at 0xc3 in for 0xa9
01-12 14:57:54.343 24912 24912 E ArmVmp : Match on catch block at 0xc3 in for 0xa5
01-12 14:57:54.384 24912 24912 E ArmVmp : Match on catch block at 0xc3 in for 0xa1
01-12 14:57:54.387 24912 24912 E ArmVmp : Match on catch block at 0xc3 in for 0xa5
01-12 14:57:54.420 24912 24912 E ArmVmp : Match on catch block at 0xc3 in for 0xa5
01-12 14:57:54.423 24912 24912 E ArmVmp : Match on catch block at 0xc3 in for 0xa9
01-12 14:57:54.440 24912 24912 W InputMethodManager: startInputReason = 1
01-12 14:57:54.451 24912 24912 E ArmVmp : Match on catch block at 0xc3 in for 0xa9
01-12 14:57:54.456 24912 24912 E ArmVmp : Match on catch block at 0xc3 in for 0xa1
01-12 14:57:54.472 24912 24912 E ArmVmp : Match on catch block at 0xc3 in for 0xa5
01-12 14:57:54.475 24912 24912 E ArmVmp : Match on catch block at 0xc3 in for 0xa9
01-12 14:57:54.487 24912 24912 E ArmVmp : Match on catch block at 0xc3 in for 0xa5
01-12 14:57:54.490 24912 24912 E ArmVmp : Match on catch block at 0xc3 in for 0xa9
01-12 14:57:54.498 24912 24912 E ArmVmp : Match on catch block at 0xc3 in for 0xa9
01-12 14:57:54.505 24912 24912 E ArmVmp : Match on catch block at 0xc3 in for 0xa1
01-12 14:57:54.512 24912 24912 E SpannableStringBuilder: SPAN_EXCLUSIVE_EXCLUSIVE
spans cannot have a zero length
01-12 14:57:54.513 24912 24912 E ArmVmp : Match on catch block at 0xc3 in for 0xa1
01-12 14:57:54.518 24912 24912 E ArmVmp : Match on catch block at 0xc3 in for 0xa5
01-12 14:57:54.539 24912 24912 E ArmVmp : Match on catch block at 0xc3 in for 0xa5
01-12 14:57:54.542 24912 24912 E ArmVmp : Match on catch block at 0xc3 in for 0xa9
01-12 14:57:54.616 24912 24993 W libEGL : EGLNativeWindowType 0x71c94da010
disconnect failed
01-12 14:57:54.957 24912 24912 E ArmVmp : Match on catch block at 0xc3 in for 0xa9
01-12 14:57:54.983 24912 24912 E ArmVmp : Match on catch block at 0xc3 in for 0xa1
01-12 14:57:55.023 24912 24912 E ArmVmp : Match on catch block at 0xc3 in for 0xa1
01-12 14:57:55.050 24912 24912 E ArmVmp : Match on catch block at 0xc3 in for 0xa5
01-12 14:57:55.086 24912 24912 E ArmVmp : Match on catch block at 0xc3 in for 0xa5
01-12 14:57:55.106 24912 24912 E ArmVmp : Match on catch block at 0xc3 in for 0xa9
01-12 14:57:55.137 24912 24912 E ArmVmp : Match on catch block at 0xc3 in for 0xa9
01-12 14:57:55.158 24912 24912 E ArmVmp : Match on catch block at 0xc3 in for 0xa1
01-12 14:57:55.186 24912 24912 E ArmVmp : Match on catch block at 0xc3 in for 0xa1
01-12 14:57:55.204 24912 24912 E ArmVmp : Match on catch block at 0xc3 in for 0xa5
01-12 14:57:55.239 24912 24912 E ArmVmp : Match on catch block at 0xc3 in for 0xa5
01-12 14:57:55.259 24912 24912 E ArmVmp : Match on catch block at 0xc3 in for 0xa9
01-12 14:57:55.284 24912 24912 E ArmVmp : Match on catch block at 0xc3 in for 0xa9
01-12 14:57:55.306 24912 24912 E ArmVmp : Match on catch block at 0xc3 in for 0xa1
01-12 14:57:55.334 24912 24912 E ArmVmp : Match on catch block at 0xc3 in for 0xa1
01-12 14:57:55.349 24912 24912 E ArmVmp : Match on catch block at 0xc3 in for 0xa5
01-12 14:57:55.466 24912 24912 E ArmVmp : Match on catch block at 0xc3 in for 0xa5
01-12 14:57:55.484 24912 24912 E ArmVmp : Match on catch block at 0xc3 in for 0xa9
01-12 14:57:55.965 24912 24912 E ArmVmp : Match on catch block at 0xc3 in for 0xa9
01-12 14:57:55.990 24912 24912 E ArmVmp : Match on catch block at 0xc3 in for 0xa1
01-12 14:57:56.079 24912 24912 E ArmVmp : Match on catch block at 0xc3 in for 0xa1
01-12 14:57:56.104 24912 24912 E ArmVmp : Match on catch block at 0xc3 in for 0xa5
01-12 14:57:56.134 24912 24912 E ArmVmp : Match on catch block at 0xc3 in for 0xa5
01-12 14:57:56.151 24912 24912 E ArmVmp : Match on catch block at 0xc3 in for 0xa9
01-12 14:57:56.179 24912 24912 E ArmVmp : Match on catch block at 0xc3 in for 0xa9
01-12 14:57:56.199 24912 24912 E ArmVmp : Match on catch block at 0xc3 in for 0xa1
01-12 14:57:56.222 24912 24912 E ArmVmp : Match on catch block at 0xc3 in for 0xa1
01-12 14:57:56.243 24912 24912 E ArmVmp : Match on catch block at 0xc3 in for 0xa5
01-12 14:57:56.270 24912 24912 E ArmVmp : Match on catch block at 0xc3 in for 0xa5
01-12 14:57:56.295 24912 24912 E ArmVmp : Match on catch block at 0xc3 in for 0xa9
01-12 14:57:56.319 24912 24912 E ArmVmp : Match on catch block at 0xc3 in for 0xa9
01-12 14:57:56.336 24912 24912 E ArmVmp : Match on catch block at 0xc3 in for 0xa1
01-12 14:57:56.456 24912 24912 E ArmVmp : Match on catch block at 0xc3 in for 0xa1
01-12 14:57:56.472 24912 24912 E ArmVmp : Match on catch block at 0xc3 in for 0xa5
01-12 14:57:56.725 24912 24912 E ArmVmp : Match on catch block at 0xc3 in for 0xa9
01-12 14:57:56.745 24912 24912 E ArmVmp : Match on catch block at 0xc3 in for 0xa1
01-12 14:57:56.775 24912 24912 E ArmVmp : Match on catch block at 0xc3 in for 0xa5
01-12 14:57:56.795 24912 24912 E ArmVmp : Match on catch block at 0xc3 in for 0xa9
01-12 14:57:56.904 24912 24912 E ArmVmp : Match on catch block at 0xc3 in for 0xa1
01-12 14:57:56.927 24912 24912 E ArmVmp : Match on catch block at 0xc3 in for 0xa5
01-12 14:57:56.956 24912 24912 E ArmVmp : Match on catch block at 0xc3 in for 0xa9
01-12 14:57:56.972 24912 24912 E ArmVmp : Match on catch block at 0xc3 in for 0xa1
01-12 14:57:56.991 24912 24912 E ArmVmp : Match on catch block at 0xc3 in for 0xa5
01-12 14:57:57.010 24912 24912 E ArmVmp : Match on catch block at 0xc3 in for 0xa9
01-12 14:57:57.034 24912 24912 E ArmVmp : Match on catch block at 0xc3 in for 0xa1
01-12 14:57:57.051 24912 24912 E ArmVmp : Match on catch block at 0xc3 in for 0xa5
01-12 14:57:57.071 24912 24912 E ArmVmp : Match on catch block at 0xc3 in for 0xa9
01-12 14:57:57.081 24912 24912 E ArmVmp : Match on catch block at 0xc3 in for 0xa1
01-12 14:57:57.102 24912 24912 E ArmVmp : Match on catch block at 0xc3 in for 0xa5
01-12 14:57:57.120 24912 24912 E ArmVmp : Match on catch block at 0xc3 in for 0xa9
01-12 14:57:57.140 24912 24912 E ArmVmp : Match on catch block at 0xc3 in for 0xa1
01-12 14:57:57.158 24912 24912 E ArmVmp : Match on catch block at 0xc3 in for 0xa5
01-12 14:57:57.185 24912 24912 E ArmVmp : Match on catch block at 0xc3 in for 0xa9
01-12 14:57:57.206 24912 24912 E ArmVmp : Match on catch block at 0xc3 in for 0xa1
01-12 14:57:57.264 24912 24912 E ArmVmp : Match on catch block at 0xc3 in for 0xa5
01-12 14:57:57.284 24912 24912 E ArmVmp : Match on catch block at 0xc3 in for 0xa9
01-12 14:57:57.303 24912 24912 E ArmVmp : Match on catch block at 0xc3 in for 0xa1
01-12 14:57:57.321 24912 24912 E ArmVmp : Match on catch block at 0xc3 in for 0xa5
01-12 14:57:57.339 24912 24912 E ArmVmp : Match on catch block at 0xc3 in for 0xa9
01-12 14:57:57.350 24912 24912 E ArmVmp : Match on catch block at 0xc3 in for 0xa1
01-12 14:57:57.370 24912 24912 E ArmVmp : Match on catch block at 0xc3 in for 0xa5
01-12 14:57:57.387 24912 24912 E ArmVmp : Match on catch block at 0xc3 in for 0xa9
01-12 14:57:57.409 24912 24912 E ArmVmp : Match on catch block at 0xc3 in for 0xa1
01-12 14:57:57.424 24912 24912 E ArmVmp : Match on catch block at 0xc3 in for 0xa5
01-12 14:57:57.445 24912 24912 E ArmVmp : Match on catch block at 0xc3 in for 0xa9
01-12 14:57:57.465 24912 24912 E ArmVmp : Match on catch block at 0xc3 in for 0xa1
01-12 14:57:57.488 24912 24912 E ArmVmp : Match on catch block at 0xc3 in for 0xa9
01-12 14:57:57.502 24912 24912 E ArmVmp : Match on catch block at 0xc3 in for 0xa1
01-12 14:57:57.524 24912 24912 E ArmVmp : Match on catch block at 0xc3 in for 0xa1
01-12 14:57:57.540 24912 24912 E ArmVmp : Match on catch block at 0xc3 in for 0xa5
01-12 14:57:58.030 24912 24912 E ArmVmp : Match on catch block at 0xc3 in for 0xa5
01-12 14:57:58.050 24912 24912 E ArmVmp : Match on catch block at 0xc3 in for 0xa9
01-12 14:57:58.094 24912 24912 E ArmVmp : Match on catch block at 0xc3 in for 0xa5
01-12 14:57:58.114 24912 24912 E ArmVmp : Match on catch block at 0xc3 in for 0xa9
01-12 14:57:58.581 24912 24922 E : [ZeroHung]zrhung_get_config: Get config
failed for wp[0x0008]
01-12 14:57:58.724 24912 24912 E ArmVmp : Match on catch block at 0xc3 in for 0xa9
01-12 14:57:58.745 24912 24912 E ArmVmp : Match on catch block at 0xc3 in for 0xa1
01-12 14:57:58.822 24912 24912 E ArmVmp : Match on catch block at 0xc3 in for 0xa9
01-12 14:57:58.831 24912 24912 E ArmVmp : Match on catch block at 0xc3 in for 0xa1
01-12 14:57:58.911 24912 24912 E ArmVmp : Match on catch block at 0xc3 in for 0xa5
01-12 14:57:58.926 24912 24912 E ArmVmp : Match on catch block at 0xc3 in for 0xa9
01-12 14:57:58.992 24912 24912 E ArmVmp : Match on catch block at 0xc3 in for 0xa1
01-12 14:57:59.006 24912 24912 E ArmVmp : Match on catch block at 0xc3 in for 0xa5
01-12 14:57:59.042 24912 24912 E ArmVmp : Match on catch block at 0xc3 in for 0xa9
01-12 14:57:59.062 24912 24912 E ArmVmp : Match on catch block at 0xc3 in for 0xa1
01-12 14:57:59.089 24912 24912 E ArmVmp : Match on catch block at 0xc3 in for 0xa1
01-12 14:57:59.099 24912 24912 E ArmVmp : Match on catch block at 0xc3 in for 0xa5
01-12 14:57:59.128 24912 24912 E ArmVmp : Match on catch block at 0xc3 in for 0xa9
01-12 14:57:59.140 24912 24912 E ArmVmp : Match on catch block at 0xc3 in for 0xa1
01-12 14:57:59.172 24912 24912 E ArmVmp : Match on catch block at 0xc3 in for 0xa5
01-12 14:57:59.184 24912 24912 E ArmVmp : Match on catch block at 0xc3 in for 0xa9
01-12 14:57:59.202 24912 24912 E ArmVmp : Match on catch block at 0xc3 in for 0xa1
01-12 14:57:59.211 24912 24912 E ArmVmp : Match on catch block at 0xc3 in for 0xa5
01-12 14:57:59.235 24912 24912 E ArmVmp : Match on catch block at 0xc3 in for 0xa9
01-12 14:57:59.244 24912 24912 E ArmVmp : Match on catch block at 0xc3 in for 0xa1
01-12 14:57:59.263 24912 24912 E ArmVmp : Match on catch block at 0xc3 in for 0xa5
01-12 14:57:59.272 24912 24912 E ArmVmp : Match on catch block at 0xc3 in for 0xa9
01-12 14:57:59.289 24912 24912 E ArmVmp : Match on catch block at 0xc3 in for 0xa1
01-12 14:57:59.299 24912 24912 E ArmVmp : Match on catch block at 0xc3 in for 0xa5
01-12 14:57:59.314 24912 24912 E ArmVmp : Match on catch block at 0xc3 in for 0xa1
01-12 14:57:59.321 24912 24912 E ArmVmp : Match on catch block at 0xc3 in for 0xa5
01-12 14:57:59.823 24912 24912 E ArmVmp : Match on catch block at 0xc3 in for 0xa5
01-12 14:57:59.843 24912 24912 E ArmVmp : Match on catch block at 0xc3 in for 0xa9
01-12 14:58:00.333 24912 24912 E ArmVmp : Match on catch block at 0xc3 in for 0xa9
01-12 14:58:00.353 24912 24912 E ArmVmp : Match on catch block at 0xc3 in for 0xa1
01-12 14:58:00.698 24912 24912 E ArmVmp : Match on catch block at 0xc3 in for 0xa1
01-12 14:58:00.722 24912 24912 E ArmVmp : Match on catch block at 0xc3 in for 0xa5
01-12 14:58:00.754 24912 24912 E ArmVmp : Match on catch block at 0xc3 in for 0xa5
01-12 14:58:00.773 24912 24912 E ArmVmp : Match on catch block at 0xc3 in for 0xa9
01-12 14:58:00.798 24912 24912 E ArmVmp : Match on catch block at 0xc3 in for 0xa9
01-12 14:58:00.818 24912 24912 E ArmVmp : Match on catch block at 0xc3 in for 0xa1
01-12 14:58:00.842 24912 24912 E ArmVmp : Match on catch block at 0xc3 in for 0xa1
01-12 14:58:00.859 24912 24912 E ArmVmp : Match on catch block at 0xc3 in for 0xa5
01-12 14:58:00.879 24912 24912 E ArmVmp : Match on catch block at 0xc3 in for 0xa5
01-12 14:58:00.900 24912 24912 E ArmVmp : Match on catch block at 0xc3 in for 0xa9
01-12 14:58:00.920 24912 24912 E ArmVmp : Match on catch block at 0xc3 in for 0xa9
01-12 14:58:00.939 24912 24912 E ArmVmp : Match on catch block at 0xc3 in for 0xa1
01-12 14:58:00.958 24912 24912 E ArmVmp : Match on catch block at 0xc3 in for 0xa1
01-12 14:58:00.977 24912 24912 E ArmVmp : Match on catch block at 0xc3 in for 0xa5
01-12 14:58:01.208 24912 24993 W libEGL : EGLNativeWindowType 0x71c60c4010
disconnect failed
01-12 14:58:01.231 24912 24912 W InputEventReceiver: Attempted to finish an input
event but the input event receiver has already been disposed.
01-12 14:58:01.243 24912 24912 E ArmVmp : Match on catch block at 0xc3 in for 0xa9
01-12 14:58:01.262 24912 24912 E ArmVmp : Match on catch block at 0xc3 in for 0xa1
01-12 14:58:01.290 24912 24912 E ArmVmp : Match on catch block at 0xc3 in for 0xa1
01-12 14:58:01.306 24912 24912 E ArmVmp : Match on catch block at 0xc3 in for 0xa5
01-12 14:58:01.615 24912 24912 E ArmVmp : Match on catch block at 0xc3 in for 0xa5
01-12 14:58:01.634 24912 24912 E ArmVmp : Match on catch block at 0xc3 in for 0xa9
01-12 14:58:01.793 24912 24912 E ArmVmp : Match on catch block at 0xc3 in for 0xa9
01-12 14:58:01.813 24912 24912 E ArmVmp : Match on catch block at 0xc3 in for 0xa1
01-12 14:58:01.887 24912 24912 E ArmVmp : Match on catch block at 0xc3 in for 0xa5
01-12 14:58:01.901 24912 24912 E ArmVmp : Match on catch block at 0xc3 in for 0xa9
01-12 14:58:04.596 24912 24912 E ArmVmp : Match on catch block at 0xc3 in for 0xa9
01-12 14:58:04.601 24912 24912 E ArmVmp : Match on catch block at 0xc3 in for 0xa1
01-12 14:58:04.626 24912 24912 E ArmVmp : Match on catch block at 0xc3 in for 0xa1
01-12 14:58:04.632 24912 24912 E ArmVmp : Match on catch block at 0xc3 in for 0xa5
01-12 14:58:04.638 24912 24912 W ActivityThread: handleWindowVisibility: no
activity for token android.os.BinderProxy@20e5c21
01-12 14:58:04.714 24912 24912 E ArmVmp : Match on catch block at 0xc3 in for 0xa5
01-12 14:58:04.718 24912 24912 E ArmVmp : Match on catch block at 0xc3 in for 0xa9
01-12 14:58:04.728 24912 25083 W HiTouch_HiTouchSensor: depended package hiTouch
does n't exist!
01-12 14:58:04.778 24912 24912 E ArmVmp : Match on catch block at 0xc3 in for 0xa9
01-12 14:58:04.782 24912 24912 E ArmVmp : Match on catch block at 0xc3 in for 0xa1
01-12 14:58:04.788 24912 24912 W InputMethodManager: startInputReason = 1
01-12 14:58:04.808 24912 24912 E ArmVmp : Match on catch block at 0xc3 in for 0xa1
01-12 14:58:04.812 24912 24912 E ArmVmp : Match on catch block at 0xc3 in for 0xa5
01-12 14:58:04.820 24912 24912 E ArmVmp : Match on catch block at 0xc3 in for 0xa5
01-12 14:58:04.824 24912 24912 E ArmVmp : Match on catch block at 0xc3 in for 0xa9
01-12 14:58:04.833 24912 24912 E ArmVmp : Match on catch block at 0xc3 in for 0xa9
01-12 14:58:04.837 24912 24912 E ArmVmp : Match on catch block at 0xc3 in for 0xa1
01-12 14:58:04.850 24912 24912 E ArmVmp : Match on catch block at 0xc3 in for 0xa1
01-12 14:58:04.854 24912 24912 E ArmVmp : Match on catch block at 0xc3 in for 0xa5
01-12 14:58:04.895 24912 24912 E ArmVmp : Match on catch block at 0xc3 in for 0xa5
01-12 14:58:04.899 24912 24912 E ArmVmp : Match on catch block at 0xc3 in for 0xa9
01-12 14:58:04.906 24912 24993 W libEGL : EGLNativeWindowType 0x71c6340010
disconnect failed
01-12 14:58:04.943 24912 24912 E ArmVmp : Match on catch block at 0xc3 in for 0xa5
01-12 14:58:04.946 24912 24912 E ArmVmp : Match on catch block at 0xc3 in for 0xa9
01-12 14:58:04.957 24912 24912 E ArmVmp : Match on catch block at 0xc3 in for 0xa5
01-12 14:58:04.961 24912 24912 E ArmVmp : Match on catch block at 0xc3 in for 0xa9
01-12 14:58:04.967 24912 24912 E ArmVmp : Match on catch block at 0xc3 in for 0xa9
01-12 14:58:04.972 24912 24912 E ArmVmp : Match on catch block at 0xc3 in for 0xa1
01-12 14:58:04.982 24912 24912 E ArmVmp : Match on catch block at 0xc3 in for 0xa1
01-12 14:58:04.985 24912 24912 E ArmVmp : Match on catch block at 0xc3 in for 0xa5
01-12 14:58:04.998 24912 24912 E ArmVmp : Match on catch block at 0xc3 in for 0xa5
01-12 14:58:05.001 24912 24912 E ArmVmp : Match on catch block at 0xc3 in for 0xa9
01-12 14:58:05.014 24912 24912 E ArmVmp : Match on catch block at 0xc3 in for 0xa9
01-12 14:58:05.018 24912 24912 E ArmVmp : Match on catch block at 0xc3 in for 0xa1
01-12 14:58:05.032 24912 24912 E ArmVmp : Match on catch block at 0xc3 in for 0xa1
01-12 14:58:05.035 24912 24912 E ArmVmp : Match on catch block at 0xc3 in for 0xa5
01-12 14:58:05.048 24912 24912 E ArmVmp : Match on catch block at 0xc3 in for 0xa5
01-12 14:58:05.051 24912 24912 E ArmVmp : Match on catch block at 0xc3 in for 0xa9
01-12 14:58:06.586 24912 24912 E ArmVmp : Match on catch block at 0xc3 in for 0xa9
01-12 14:58:06.613 24912 24912 E ArmVmp : Match on catch block at 0xc3 in for 0xa1
01-12 14:58:06.715 24912 24912 E ArmVmp : Match on catch block at 0xc3 in for 0xa1
01-12 14:58:06.741 24912 24912 E ArmVmp : Match on catch block at 0xc3 in for 0xa5
01-12 14:58:06.802 24912 24912 E ArmVmp : Match on catch block at 0xc3 in for 0xa1
01-12 14:58:06.808 24912 24912 E ArmVmp : Match on catch block at 0xc3 in for 0xa5
01-12 14:58:06.824 24912 24912 W InputMethodManager: startInputReason = 1
01-12 14:58:06.826 24912 24912 W IInputConnectionWrapper: getExtractedText on
inactive InputConnection
01-12 14:58:06.831 24912 24912 E ArmVmp : Match on catch block at 0xc3 in for 0xa9
01-12 14:58:06.837 24912 24912 E ArmVmp : Match on catch block at 0xc3 in for 0xa1
01-12 14:58:06.846 24912 24912 W IInputConnectionWrapper: getTextBeforeCursor on
inactive InputConnection
01-12 14:58:06.850 24912 24912 E ArmVmp : Match on catch block at 0xc3 in for 0xa1
01-12 14:58:06.855 24912 24912 E ArmVmp : Match on catch block at 0xc3 in for 0xa5
01-12 14:58:06.862 24912 24912 E ArmVmp : Match on catch block at 0xc3 in for 0xa5
01-12 14:58:06.867 24912 24912 E ArmVmp : Match on catch block at 0xc3 in for 0xa9
01-12 14:58:06.874 24912 24912 E SpannableStringBuilder: SPAN_EXCLUSIVE_EXCLUSIVE
spans cannot have a zero length
01-12 14:58:06.878 24912 24912 E ArmVmp : Match on catch block at 0xc3 in for 0xa9
01-12 14:58:06.883 24912 24912 E ArmVmp : Match on catch block at 0xc3 in for 0xa1
01-12 14:58:06.896 24912 24993 W libEGL : EGLNativeWindowType 0x71c3d96010
disconnect failed
01-12 14:58:06.901 24912 24912 E ArmVmp : Match on catch block at 0xc3 in for 0xa1
01-12 14:58:06.907 24912 24912 E ArmVmp : Match on catch block at 0xc3 in for 0xa5
01-12 14:58:06.928 24912 24912 E ArmVmp : Match on catch block at 0xc3 in for 0xa5
01-12 14:58:06.932 24912 24912 E ArmVmp : Match on catch block at 0xc3 in for 0xa9
01-12 14:58:06.945 24912 24912 E ArmVmp : Match on catch block at 0xc3 in for 0xa9
01-12 14:58:06.951 24912 24912 E ArmVmp : Match on catch block at 0xc3 in for 0xa1
01-12 14:58:07.347 24912 24912 E ArmVmp : Match on catch block at 0xc3 in for 0xa1
01-12 14:58:07.371 24912 24912 E ArmVmp : Match on catch block at 0xc3 in for 0xa5
01-12 14:58:07.841 24912 24912 E ArmVmp : Match on catch block at 0xc3 in for 0xa5
01-12 14:58:07.866 24912 24912 E ArmVmp : Match on catch block at 0xc3 in for 0xa9
01-12 14:58:08.352 24912 24912 E ArmVmp : Match on catch block at 0xc3 in for 0xa5
01-12 14:58:08.374 24912 24912 E ArmVmp : Match on catch block at 0xc3 in for 0xa9
01-12 14:58:08.422 24912 24912 E ArmVmp : Match on catch block at 0xc3 in for 0xa5
01-12 14:58:08.442 24912 24912 E ArmVmp : Match on catch block at 0xc3 in for 0xa9
01-12 14:58:08.474 24912 24912 E ArmVmp : Match on catch block at 0xc3 in for 0xa1
01-12 14:58:08.494 24912 24912 E ArmVmp : Match on catch block at 0xc3 in for 0xa5
01-12 14:58:08.518 24912 24912 E ArmVmp : Match on catch block at 0xc3 in for 0xa9
01-12 14:58:08.534 24912 24912 E ArmVmp : Match on catch block at 0xc3 in for 0xa1
01-12 14:58:08.555 24912 24912 E ArmVmp : Match on catch block at 0xc3 in for 0xa5
01-12 14:58:08.578 24912 24912 E ArmVmp : Match on catch block at 0xc3 in for 0xa9
01-12 14:58:08.607 24912 24912 E ArmVmp : Match on catch block at 0xc3 in for 0xa1
01-12 14:58:08.630 24912 24912 E ArmVmp : Match on catch block at 0xc3 in for 0xa5
01-12 14:58:08.661 24912 24912 E ArmVmp : Match on catch block at 0xc3 in for 0xa9
01-12 14:58:08.679 24912 24912 E ArmVmp : Match on catch block at 0xc3 in for 0xa1
01-12 14:58:08.709 24912 24912 E ArmVmp : Match on catch block at 0xc3 in for 0xa5
01-12 14:58:08.731 24912 24912 E ArmVmp : Match on catch block at 0xc3 in for 0xa9
01-12 14:58:09.095 24912 24912 E ArmVmp : Match on catch block at 0xc3 in for 0xa5
01-12 14:58:09.111 24912 24912 E ArmVmp : Match on catch block at 0xc3 in for 0xa9
01-12 14:58:09.195 24912 24912 E ArmVmp : Match on catch block at 0xc3 in for 0xa9
01-12 14:58:09.210 24912 24912 E ArmVmp : Match on catch block at 0xc3 in for 0xa1
01-12 14:58:09.302 24912 24912 E ArmVmp : Match on catch block at 0xc3 in for 0xa5
01-12 14:58:09.324 24912 24912 E ArmVmp : Match on catch block at 0xc3 in for 0xa9
01-12 14:58:09.383 24912 24912 E ArmVmp : Match on catch block at 0xc3 in for 0xa1
01-12 14:58:09.403 24912 24912 E ArmVmp : Match on catch block at 0xc3 in for 0xa5
01-12 14:58:09.439 24912 24912 E ArmVmp : Match on catch block at 0xc3 in for 0xa9
01-12 14:58:09.464 24912 24912 E ArmVmp : Match on catch block at 0xc3 in for 0xa1
01-12 14:58:09.499 24912 24912 E ArmVmp : Match on catch block at 0xc3 in for 0xa5
01-12 14:58:09.524 24912 24912 E ArmVmp : Match on catch block at 0xc3 in for 0xa9
01-12 14:58:09.564 24912 24912 E ArmVmp : Match on catch block at 0xc3 in for 0xa1
01-12 14:58:09.582 24912 24912 E ArmVmp : Match on catch block at 0xc3 in for 0xa5
01-12 14:58:09.618 24912 24912 E ArmVmp : Match on catch block at 0xc3 in for 0xa5
01-12 14:58:09.639 24912 24912 E ArmVmp : Match on catch block at 0xc3 in for 0xa9
01-12 14:58:09.695 24912 24912 E ArmVmp : Match on catch block at 0xc3 in for 0xa1
01-12 14:58:09.717 24912 24912 E ArmVmp : Match on catch block at 0xc3 in for 0xa5
01-12 14:58:09.737 24912 24912 E ArmVmp : Match on catch block at 0xc3 in for 0xa9
01-12 14:58:09.754 24912 24912 E ArmVmp : Match on catch block at 0xc3 in for 0xa1
01-12 14:58:09.798 24912 24912 E ArmVmp : Match on catch block at 0xc3 in for 0xa5
01-12 14:58:09.817 24912 24912 E ArmVmp : Match on catch block at 0xc3 in for 0xa9
01-12 14:58:09.854 24912 24912 E ArmVmp : Match on catch block at 0xc3 in for 0xa1
01-12 14:58:09.873 24912 24912 E ArmVmp : Match on catch block at 0xc3 in for 0xa5
01-12 14:58:10.061 24912 24993 W libEGL : EGLNativeWindowType 0x71ba0b9010
disconnect failed
01-12 14:58:10.088 24912 24912 W InputEventReceiver: Attempted to finish an input
event but the input event receiver has already been disposed.
01-12 14:58:10.099 24912 24912 E ArmVmp : Match on catch block at 0xc3 in for 0xa9
01-12 14:58:10.118 24912 24912 E ArmVmp : Match on catch block at 0xc3 in for 0xa1
01-12 14:58:10.146 24912 24912 E ArmVmp : Match on catch block at 0xc3 in for 0xa1
01-12 14:58:10.164 24912 24912 E ArmVmp : Match on catch block at 0xc3 in for 0xa5
01-12 14:58:10.207 24912 24912 E ArmVmp : Match on catch block at 0xc3 in for 0xa5
01-12 14:58:10.227 24912 24912 E ArmVmp : Match on catch block at 0xc3 in for 0xa9
01-12 14:58:10.255 24912 24912 E ArmVmp : Match on catch block at 0xc3 in for 0xa9
01-12 14:58:10.279 24912 24912 E ArmVmp : Match on catch block at 0xc3 in for 0xa1
01-12 14:58:10.543 24912 24912 E ArmVmp : Match on catch block at 0xc3 in for 0xa1
01-12 14:58:10.561 24912 24912 E ArmVmp : Match on catch block at 0xc3 in for 0xa5
01-12 14:58:10.709 24912 24912 E ArmVmp : Match on catch block at 0xc3 in for 0xa9
01-12 14:58:10.722 24912 24912 E ArmVmp : Match on catch block at 0xc3 in for 0xa1
01-12 14:58:11.224 24912 24912 E ArmVmp : Match on catch block at 0xc3 in for 0xa1
01-12 14:58:11.248 24912 24912 E ArmVmp : Match on catch block at 0xc3 in for 0xa5
01-12 14:58:11.277 24912 24912 E ArmVmp : Match on catch block at 0xc3 in for 0xa5
01-12 14:58:11.295 24912 24912 E ArmVmp : Match on catch block at 0xc3 in for 0xa9
01-12 14:58:11.319 24912 24912 E ArmVmp : Match on catch block at 0xc3 in for 0xa9
01-12 14:58:11.330 24912 24912 E ArmVmp : Match on catch block at 0xc3 in for 0xa1
01-12 14:58:11.348 24912 24912 E ArmVmp : Match on catch block at 0xc3 in for 0xa1
01-12 14:58:11.361 24912 24912 E ArmVmp : Match on catch block at 0xc3 in for 0xa5
01-12 14:58:11.379 24912 24912 E ArmVmp : Match on catch block at 0xc3 in for 0xa5
01-12 14:58:11.391 24912 24912 E ArmVmp : Match on catch block at 0xc3 in for 0xa9
01-12 14:58:11.414 24912 24912 E ArmVmp : Match on catch block at 0xc3 in for 0xa9
01-12 14:58:11.426 24912 24912 E ArmVmp : Match on catch block at 0xc3 in for 0xa1
01-12 14:58:11.442 24912 24912 E ArmVmp : Match on catch block at 0xc3 in for 0xa1
01-12 14:58:11.455 24912 24912 E ArmVmp : Match on catch block at 0xc3 in for 0xa5
01-12 14:58:11.471 24912 24912 E ArmVmp : Match on catch block at 0xc3 in for 0xa5
01-12 14:58:11.481 24912 24912 E ArmVmp : Match on catch block at 0xc3 in for 0xa9
01-12 14:58:16.349 24912 24912 E ArmVmp : Match on catch block at 0xc3 in for 0xa1
01-12 14:58:16.368 24912 24912 E ArmVmp : Match on catch block at 0xc3 in for 0xa5
01-12 14:58:16.584 24912 24993 W libEGL : EGLNativeWindowType 0x71c3c85010
disconnect failed
01-12 14:58:16.857 24912 24912 E ArmVmp : Match on catch block at 0xc3 in for 0xa1
01-12 14:58:16.876 24912 24912 E ArmVmp : Match on catch block at 0xc3 in for 0xa5
01-12 14:58:16.949 24912 24912 E ArmVmp : Match on catch block at 0xc3 in for 0xa5
01-12 14:58:16.971 24912 24912 E ArmVmp : Match on catch block at 0xc3 in for 0xa9
01-12 14:58:17.063 24912 24912 E ArmVmp : Match on catch block at 0xc3 in for 0xa9
01-12 14:58:17.088 24912 24912 E ArmVmp : Match on catch block at 0xc3 in for 0xa1
01-12 14:58:17.129 24912 24912 E SpannableStringBuilder: SPAN_EXCLUSIVE_EXCLUSIVE
spans cannot have a zero length
01-12 14:58:17.136 24912 24912 E ArmVmp : Match on catch block at 0xc3 in for 0xa1
01-12 14:58:17.153 24912 24912 E ArmVmp : Match on catch block at 0xc3 in for 0xa5
01-12 14:58:17.277 24912 24912 E ArmVmp : Match on catch block at 0xc3 in for 0xa5
01-12 14:58:17.303 24912 24912 E ArmVmp : Match on catch block at 0xc3 in for 0xa9
01-12 14:58:17.352 24912 24912 E ArmVmp : Match on catch block at 0xc3 in for 0xa5
01-12 14:58:17.366 24912 24912 E ArmVmp : Match on catch block at 0xc3 in for 0xa9
01-12 14:58:17.397 24912 24912 E ArmVmp : Match on catch block at 0xc3 in for 0xa9
01-12 14:58:17.417 24912 24912 E ArmVmp : Match on catch block at 0xc3 in for 0xa1
01-12 14:58:17.440 24912 24912 E ArmVmp : Match on catch block at 0xc3 in for 0xa1
01-12 14:58:17.460 24912 24912 E ArmVmp : Match on catch block at 0xc3 in for 0xa5
01-12 14:58:17.484 24912 24912 E ArmVmp : Match on catch block at 0xc3 in for 0xa5
01-12 14:58:17.505 24912 24912 E ArmVmp : Match on catch block at 0xc3 in for 0xa9
01-12 14:58:17.528 24912 24912 E ArmVmp : Match on catch block at 0xc3 in for 0xa9
01-12 14:58:17.544 24912 24912 E ArmVmp : Match on catch block at 0xc3 in for 0xa1
01-12 14:58:17.565 24912 24912 E ArmVmp : Match on catch block at 0xc3 in for 0xa1
01-12 14:58:17.582 24912 24912 E ArmVmp : Match on catch block at 0xc3 in for 0xa5
01-12 14:58:17.605 24912 24912 E ArmVmp : Match on catch block at 0xc3 in for 0xa5
01-12 14:58:17.622 24912 24912 E ArmVmp : Match on catch block at 0xc3 in for 0xa9
01-12 14:58:17.644 24912 24912 E ArmVmp : Match on catch block at 0xc3 in for 0xa9
01-12 14:58:17.663 24912 24912 E ArmVmp : Match on catch block at 0xc3 in for 0xa1
01-12 14:58:17.686 24912 24912 E ArmVmp : Match on catch block at 0xc3 in for 0xa1
01-12 14:58:17.701 24912 24912 E ArmVmp : Match on catch block at 0xc3 in for 0xa5
01-12 14:58:17.724 24912 24912 E ArmVmp : Match on catch block at 0xc3 in for 0xa5
01-12 14:58:17.741 24912 24912 E ArmVmp : Match on catch block at 0xc3 in for 0xa9
01-12 14:58:17.763 24912 24912 E ArmVmp : Match on catch block at 0xc3 in for 0xa9
01-12 14:58:17.780 24912 24912 E ArmVmp : Match on catch block at 0xc3 in for 0xa1
01-12 14:58:17.797 24912 24912 E ArmVmp : Match on catch block at 0xc3 in for 0xa1
01-12 14:58:17.809 24912 24912 E ArmVmp : Match on catch block at 0xc3 in for 0xa5
01-12 14:58:17.827 24912 24912 E ArmVmp : Match on catch block at 0xc3 in for 0xa5
01-12 14:58:17.842 24912 24912 E ArmVmp : Match on catch block at 0xc3 in for 0xa9
01-12 14:58:17.859 24912 24912 E ArmVmp : Match on catch block at 0xc3 in for 0xa9
01-12 14:58:17.873 24912 24912 E ArmVmp : Match on catch block at 0xc3 in for 0xa1
01-12 14:58:17.890 24912 24912 E ArmVmp : Match on catch block at 0xc3 in for 0xa1
01-12 14:58:17.901 24912 24912 E ArmVmp : Match on catch block at 0xc3 in for 0xa5
01-12 14:58:17.917 24912 24912 E ArmVmp : Match on catch block at 0xc3 in for 0xa5
01-12 14:58:17.927 24912 24912 E ArmVmp : Match on catch block at 0xc3 in for 0xa9
01-12 14:58:18.119 24912 24912 E ArmVmp : Match on catch block at 0xc3 in for 0xa9
01-12 14:58:18.146 24912 24912 E ArmVmp : Match on catch block at 0xc3 in for 0xa1
01-12 14:58:18.628 24912 24912 E ArmVmp : Match on catch block at 0xc3 in for 0xa1
01-12 14:58:18.649 24912 24912 E ArmVmp : Match on catch block at 0xc3 in for 0xa5
01-12 14:58:18.798 24912 24912 E ArmVmp : Match on catch block at 0xc3 in for 0xa5
01-12 14:58:18.826 24912 24912 E ArmVmp : Match on catch block at 0xc3 in for 0xa9
01-12 14:58:18.848 24912 24912 E ArmVmp : Match on catch block at 0xc3 in for 0xa9
01-12 14:58:18.871 24912 24912 E ArmVmp : Match on catch block at 0xc3 in for 0xa1
01-12 14:58:18.895 24912 24912 E ArmVmp : Match on catch block at 0xc3 in for 0xa1
01-12 14:58:18.912 24912 24912 E ArmVmp : Match on catch block at 0xc3 in for 0xa5
01-12 14:58:18.934 24912 24912 E ArmVmp : Match on catch block at 0xc3 in for 0xa5
01-12 14:58:18.950 24912 24912 E ArmVmp : Match on catch block at 0xc3 in for 0xa9
01-12 14:58:18.977 24912 24912 E ArmVmp : Match on catch block at 0xc3 in for 0xa9
01-12 14:58:19.004 24912 24912 E ArmVmp : Match on catch block at 0xc3 in for 0xa1
01-12 14:58:19.028 24912 24912 E ArmVmp : Match on catch block at 0xc3 in for 0xa1
01-12 14:58:19.048 24912 24912 E ArmVmp : Match on catch block at 0xc3 in for 0xa5
01-12 14:58:19.063 24912 24912 E ArmVmp : Match on catch block at 0xc3 in for 0xa5
01-12 14:58:19.078 24912 24912 E ArmVmp : Match on catch block at 0xc3 in for 0xa9
01-12 14:58:19.123 24912 24912 E ArmVmp : Match on catch block at 0xc3 in for 0xa9
01-12 14:58:19.141 24912 24912 E ArmVmp : Match on catch block at 0xc3 in for 0xa1
01-12 14:58:19.618 24912 24912 E ArmVmp : Match on catch block at 0xc3 in for 0xa1
01-12 14:58:19.639 24912 24912 E ArmVmp : Match on catch block at 0xc3 in for 0xa5
01-12 14:58:20.133 24912 24912 E ArmVmp : Match on catch block at 0xc3 in for 0xa5
01-12 14:58:20.161 24912 24912 E ArmVmp : Match on catch block at 0xc3 in for 0xa9
01-12 14:58:20.298 24912 24993 W libEGL : EGLNativeWindowType 0x71c3c85010
disconnect failed
01-12 14:58:20.628 24912 24912 E ArmVmp : Match on catch block at 0xc3 in for 0xa9
01-12 14:58:20.657 24912 24912 E ArmVmp : Match on catch block at 0xc3 in for 0xa1
01-12 14:58:21.139 24912 24912 E ArmVmp : Match on catch block at 0xc3 in for 0xa1
01-12 14:58:21.169 24912 24912 E ArmVmp : Match on catch block at 0xc3 in for 0xa5
01-12 14:58:21.500 24912 24912 E ArmVmp : Match on catch block at 0xc3 in for 0xa9
01-12 14:58:21.523 24912 24912 E ArmVmp : Match on catch block at 0xc3 in for 0xa1
01-12 14:58:21.773 24912 24912 E ArmVmp : Match on catch block at 0xc3 in for 0xa1
01-12 14:58:21.800 24912 24912 E ArmVmp : Match on catch block at 0xc3 in for 0xa5
01-12 14:58:21.887 24912 24912 E ArmVmp : Match on catch block at 0xc3 in for 0xa5
01-12 14:58:21.909 24912 24912 E ArmVmp : Match on catch block at 0xc3 in for 0xa9
01-12 14:58:21.940 24912 24912 E ArmVmp : Match on catch block at 0xc3 in for 0xa9
01-12 14:58:21.968 24912 24912 E ArmVmp : Match on catch block at 0xc3 in for 0xa1
01-12 14:58:22.081 24912 24912 E ArmVmp : Match on catch block at 0xc3 in for 0xa1
01-12 14:58:22.099 24912 24912 E ArmVmp : Match on catch block at 0xc3 in for 0xa5
01-12 14:58:22.186 24912 24912 E ArmVmp : Match on catch block at 0xc3 in for 0xa1
01-12 14:58:22.205 24912 24912 E ArmVmp : Match on catch block at 0xc3 in for 0xa5
01-12 14:58:22.340 24912 24912 E ArmVmp : Match on catch block at 0xc3 in for 0xa5
01-12 14:58:22.361 24912 24912 E ArmVmp : Match on catch block at 0xc3 in for 0xa9
01-12 14:58:22.836 24912 24912 E ArmVmp : Match on catch block at 0xc3 in for 0xa9
01-12 14:58:22.859 24912 24912 E ArmVmp : Match on catch block at 0xc3 in for 0xa1
01-12 14:58:23.289 24912 24912 W ActivityThread: handleWindowVisibility: no
activity for token android.os.BinderProxy@82139b0
01-12 14:58:23.325 24912 24912 W BottomSheetBehavior: BottomSheetBehavior now
supports multiple callbacks. `setBottomSheetCallback()` removes all existing
callbacks, including ones set internally by library authors, which may result in
unintended behavior. This may change in the future. Please use
`addBottomSheetCallback()` and `removeBottomSheetCallback()` instead to set your
own callbacks.
01-12 14:58:23.334 24912 25102 W HiTouch_HiTouchSensor: depended package hiTouch
does n't exist!
01-12 14:58:23.362 24912 24912 W View : requestLayout() improperly called by
androidx.appcompat.view.menu.ActionMenuItemView{d3dfba0 VFED..C.. ......ID 0,12-
144,156 #7f0b0f8a app:id/menuitem_search} during layout: running second layout pass
01-12 14:58:23.362 24912 24912 W View : requestLayout() improperly called by
androidx.appcompat.view.menu.ActionMenuItemView{3cf1359 VFED..CL. ......ID 144,12-
288,156 #7f0b0f95 app:id/menuitem_sort} during layout: running second layout pass
01-12 14:58:23.362 24912 24912 W View : requestLayout() improperly called by
androidx.appcompat.widget.ActionMenuView{6e68b1e V.E...... ......ID 792,0-1080,168}
during layout: running second layout pass
01-12 14:58:23.372 24912 24912 E ArmVmp : Match on catch block at 0xc3 in for 0xa9
01-12 14:58:23.378 24912 24912 E ArmVmp : Match on catch block at 0xc3 in for 0xa1
01-12 14:58:23.387 24912 24912 W InputMethodManager: startInputReason = 1
01-12 14:58:23.592 24912 24912 E ArmVmp : Match on catch block at 0xc3 in for 0xa5
01-12 14:58:23.597 24912 24912 E ArmVmp : Match on catch block at 0xc3 in for 0xa9
01-12 14:58:23.609 24912 24912 E ArmVmp : Match on catch block at 0xc3 in for 0xa9
01-12 14:58:23.613 24912 24912 E ArmVmp : Match on catch block at 0xc3 in for 0xa1
01-12 14:58:23.625 24912 24912 E ArmVmp : Match on catch block at 0xc3 in for 0xa1
01-12 14:58:23.629 24912 24912 E ArmVmp : Match on catch block at 0xc3 in for 0xa5
01-12 14:58:23.641 24912 24912 E ArmVmp : Match on catch block at 0xc3 in for 0xa5
01-12 14:58:23.647 24912 24912 E ArmVmp : Match on catch block at 0xc3 in for 0xa9
01-12 14:58:23.657 24912 24912 E ArmVmp : Match on catch block at 0xc3 in for 0xa9
01-12 14:58:23.662 24912 24912 E ArmVmp : Match on catch block at 0xc3 in for 0xa1
01-12 14:58:23.674 24912 24912 E ArmVmp : Match on catch block at 0xc3 in for 0xa1
01-12 14:58:23.677 24912 24912 E ArmVmp : Match on catch block at 0xc3 in for 0xa5
01-12 14:58:23.690 24912 24912 E ArmVmp : Match on catch block at 0xc3 in for 0xa5
01-12 14:58:23.693 24912 24912 E ArmVmp : Match on catch block at 0xc3 in for 0xa9
01-12 14:58:23.707 24912 24912 E ArmVmp : Match on catch block at 0xc3 in for 0xa9
01-12 14:58:23.710 24912 24912 E ArmVmp : Match on catch block at 0xc3 in for 0xa1
01-12 14:58:23.723 24912 24912 E ArmVmp : Match on catch block at 0xc3 in for 0xa1
01-12 14:58:23.727 24912 24912 E ArmVmp : Match on catch block at 0xc3 in for 0xa5
01-12 14:58:23.742 24912 24912 E ArmVmp : Match on catch block at 0xc3 in for 0xa5
01-12 14:58:23.751 24912 24912 E ArmVmp : Match on catch block at 0xc3 in for 0xa9
01-12 14:58:23.770 24912 24912 E ArmVmp : Match on catch block at 0xc3 in for 0xa9
01-12 14:58:23.780 24912 24912 E ArmVmp : Match on catch block at 0xc3 in for 0xa1
01-12 14:58:23.799 24912 24912 E ArmVmp : Match on catch block at 0xc3 in for 0xa1
01-12 14:58:23.816 24912 24912 E ArmVmp : Match on catch block at 0xc3 in for 0xa5
01-12 14:58:23.849 24912 24912 E ArmVmp : Match on catch block at 0xc3 in for 0xa5
01-12 14:58:23.868 24912 24912 E ArmVmp : Match on catch block at 0xc3 in for 0xa9
01-12 14:58:24.698 24912 24912 W InputMethodManager: startInputReason = 1
01-12 14:58:24.713 24912 24912 E ArmVmp : Match on catch block at 0xc3 in for 0xa5
01-12 14:58:24.721 24912 24912 E ArmVmp : Match on catch block at 0xc3 in for 0xa9
01-12 14:58:24.732 24912 24912 E ArmVmp : Match on catch block at 0xc3 in for 0xa9
01-12 14:58:24.735 24912 24912 E ArmVmp : Match on catch block at 0xc3 in for 0xa1
01-12 14:58:24.746 24912 24993 W libEGL : EGLNativeWindowType 0x71bb2a2010
disconnect failed
01-12 14:58:24.773 24912 24912 E SpannableStringBuilder: SPAN_EXCLUSIVE_EXCLUSIVE
spans cannot have a zero length
01-12 14:58:25.215 24912 24912 E ArmVmp : Match on catch block at 0xc3 in for 0xa1
01-12 14:58:25.240 24912 24912 E ArmVmp : Match on catch block at 0xc3 in for 0xa5
01-12 14:58:25.716 24912 24912 E ArmVmp : Match on catch block at 0xc3 in for 0xa5
01-12 14:58:25.722 24912 24912 E ArmVmp : Match on catch block at 0xc3 in for 0xa9
01-12 14:58:25.732 24912 24912 W ActivityThread: handleWindowVisibility: no
activity for token android.os.BinderProxy@bdef71
01-12 14:58:25.776 24912 24912 W TabLayout: MODE_SCROLLABLE + GRAVITY_FILL is not
supported, GRAVITY_START will be used instead
01-12 14:58:25.808 24912 24912 W BottomSheetBehavior: BottomSheetBehavior now
supports multiple callbacks. `setBottomSheetCallback()` removes all existing
callbacks, including ones set internally by library authors, which may result in
unintended behavior. This may change in the future. Please use
`addBottomSheetCallback()` and `removeBottomSheetCallback()` instead to set your
own callbacks.
01-12 14:58:25.851 24912 25121 W HiTouch_HiTouchSensor: depended package hiTouch
does n't exist!
01-12 14:58:25.890 24912 24922 E : [ZeroHung]zrhung_get_config: Get config
failed for wp[0x0008]
01-12 14:58:25.936 24912 24912 W View : requestLayout() improperly called by
com.mbwhatsapp.WaImageView{8ef78da VF.D..CL. ......ID 0,0-192,192 #7f0b1814
app:id/shutter} during layout: running second layout pass
01-12 14:58:25.936 24912 24912 W View : requestLayout() improperly called by
com.mbwhatsapp.CircularProgressBar{765110b V.ED..... ......ID 0,0-192,192 #7f0b14fc
app:id/recording_progress} during layout: running second layout pass
01-12 14:58:25.936 24912 24912 W View : requestLayout() improperly called by
com.mbwhatsapp.WaImageView{abbcbe8 VF.D..C.. ......ID 0,0-144,144 #7f0b1976
app:id/switch_camera_btn} during layout: running second layout pass
01-12 14:58:25.936 24912 24912 W View : requestLayout() improperly called by
com.mbwhatsapp.WaImageView{786b201 VFED..C.. ......ID 0,0-144,144 #7f0b0b0d
app:id/gallery_btn} during layout: running second layout pass
01-12 14:58:25.936 24912 24912 W View : requestLayout() improperly called by
com.mbwhatsapp.WaImageView{c5c48a6 VF.D..C.. ......ID 0,0-144,144 #7f0b0a9c
app:id/flash_btn} during layout: running second layout pass
01-12 14:58:25.936 24912 24912 W View : requestLayout() improperly called by
com.mbwhatsapp.WaImageView{7d1b2e7 VFED..C.. ......ID 0,0-144,144 #7f0b057f
app:id/close_camera_btn} during layout: running second layout pass
01-12 14:58:25.936 24912 24912 W View : requestLayout() improperly called by
X.4Ki{e75be94 V.ED..... ......ID 0,6-1080,150} during layout: running second layout
pass
01-12 14:58:25.944 24912 24912 W View : requestLayout() improperly called by
com.mbwhatsapp.WaImageView{8ef78da VF.D..CL. ......ID 444,1396-636,1588 #7f0b1814
app:id/shutter} during layout: running second layout pass
01-12 14:58:25.944 24912 24912 W View : requestLayout() improperly called by
com.mbwhatsapp.CircularProgressBar{765110b V.ED..... ......ID 444,1396-636,1588
#7f0b14fc app:id/recording_progress} during layout: running second layout pass
01-12 14:58:25.944 24912 24912 W View : requestLayout() improperly called by
com.mbwhatsapp.WaImageView{abbcbe8 VF.D..C.. ......ID 912,1420-1056,1564 #7f0b1976
app:id/switch_camera_btn} during layout: running second layout pass
01-12 14:58:25.945 24912 24912 W View : requestLayout() improperly called by
com.mbwhatsapp.WaImageView{786b201 VFED..C.. ......ID 24,1420-168,1564 #7f0b0b0d
app:id/gallery_btn} during layout: running second layout pass
01-12 14:58:25.945 24912 24912 W View : requestLayout() improperly called by
com.mbwhatsapp.WaImageView{c5c48a6 VF.D..C.. ......ID 912,24-1056,168 #7f0b0a9c
app:id/flash_btn} during layout: running second layout pass
01-12 14:58:25.945 24912 24912 W View : requestLayout() improperly called by
com.mbwhatsapp.WaImageView{7d1b2e7 VFED..C.. ......ID 24,24-168,168 #7f0b057f
app:id/close_camera_btn} during layout: running second layout pass
01-12 14:58:26.035 24912 24912 E ArmVmp : Match on catch block at 0xc3 in for 0xa9
