01-12 14:56:09.329 23477 23477 E ArmVmp : Match on catch block at 0xc3 in for 0xa9
01-12 14:56:09.335 23477 23477 E ArmVmp : Match on catch block at 0xc3 in for 0xa1
01-12 14:56:09.356 23477 23477 E ArmVmp : Match on catch block at 0xc3 in for 0xa1
01-12 14:56:09.362 23477 23477 E ArmVmp : Match on catch block at 0xc3 in for 0xa5
01-12 14:56:09.367 23477 23477 W ActivityThread: handleWindowVisibility: no
activity for token android.os.BinderProxy@8decc8e
01-12 14:56:09.397 23477 23477 E ArmVmp : Match on catch block at 0xc3 in for 0xa1
01-12 14:56:09.401 23477 23477 E ArmVmp : Match on catch block at 0xc3 in for 0xa5
01-12 14:56:09.408 23477 24107 W HiTouch_HiTouchSensor: depended package hiTouch
does n't exist!
01-12 14:56:09.449 23477 23477 E ArmVmp : Match on catch block at 0xc3 in for 0xa9
01-12 14:56:09.453 23477 23477 E ArmVmp : Match on catch block at 0xc3 in for 0xa1
01-12 14:56:09.461 23477 23477 W InputMethodManager: startInputReason = 1
01-12 14:56:09.517 23477 23477 E ArmVmp : Match on catch block at 0xc3 in for 0xa1
01-12 14:56:09.523 23477 23477 E ArmVmp : Match on catch block at 0xc3 in for 0xa5
01-12 14:56:09.534 23477 23477 E ArmVmp : Match on catch block at 0xc3 in for 0xa5
01-12 14:56:09.539 23477 23477 E ArmVmp : Match on catch block at 0xc3 in for 0xa9
01-12 14:56:09.549 23477 23477 E ArmVmp : Match on catch block at 0xc3 in for 0xa9
01-12 14:56:09.553 23477 23477 E ArmVmp : Match on catch block at 0xc3 in for 0xa1
01-12 14:56:09.566 23477 23477 E ArmVmp : Match on catch block at 0xc3 in for 0xa1
01-12 14:56:09.570 23477 23477 E ArmVmp : Match on catch block at 0xc3 in for 0xa5
01-12 14:56:09.583 23477 23477 E ArmVmp : Match on catch block at 0xc3 in for 0xa5
01-12 14:56:09.587 23477 23477 E ArmVmp : Match on catch block at 0xc3 in for 0xa9
01-12 14:56:09.599 23477 23477 E ArmVmp : Match on catch block at 0xc3 in for 0xa9
01-12 14:56:09.604 23477 23477 E ArmVmp : Match on catch block at 0xc3 in for 0xa1
01-12 14:56:09.615 23477 23477 E ArmVmp : Match on catch block at 0xc3 in for 0xa1
01-12 14:56:09.618 23477 23477 E ArmVmp : Match on catch block at 0xc3 in for 0xa5
01-12 14:56:11.815 23477 23477 W InputMethodManager: startInputReason = 1
01-12 14:56:11.850 23477 23477 W InputMethodManager: startInputReason = 1
01-12 14:56:11.878 23477 23477 E ArmVmp : Match on catch block at 0xc3 in for 0xa9
01-12 14:56:11.884 23477 23477 E ArmVmp : Match on catch block at 0xc3 in for 0xa1
01-12 14:56:11.890 23477 23477 W ActivityThread: handleWindowVisibility: no
activity for token android.os.BinderProxy@f2b7e75
01-12 14:56:11.930 23477 23477 W TabLayout: MODE_SCROLLABLE + GRAVITY_FILL is not
supported, GRAVITY_START will be used instead
01-12 14:56:11.968 23477 23477 W BottomSheetBehavior: BottomSheetBehavior now
supports multiple callbacks. `setBottomSheetCallback()` removes all existing
callbacks, including ones set internally by library authors, which may result in
unintended behavior. This may change in the future. Please use
`addBottomSheetCallback()` and `removeBottomSheetCallback()` instead to set your
own callbacks.
01-12 14:56:12.018 23477 23477 E ArmVmp : Match on catch block at 0xc3 in for 0xa1
01-12 14:56:12.022 23477 23477 E ArmVmp : Match on catch block at 0xc3 in for 0xa5
01-12 14:56:12.027 23477 24132 W HiTouch_HiTouchSensor: depended package hiTouch
does n't exist!
01-12 14:56:12.125 23477 23477 W View : requestLayout() improperly called by
com.mbwhatsapp.WaImageView{f5a8049 VF.D..CL. ......ID 0,0-192,192 #7f0b1814
app:id/shutter} during layout: running second layout pass
01-12 14:56:12.125 23477 23477 W View : requestLayout() improperly called by
com.mbwhatsapp.CircularProgressBar{e150d4e V.ED..... ......ID 0,0-192,192 #7f0b14fc
app:id/recording_progress} during layout: running second layout pass
01-12 14:56:12.125 23477 23477 W View : requestLayout() improperly called by
com.mbwhatsapp.WaImageView{1589e6f VF.D..C.. ......ID 0,0-144,144 #7f0b1976
app:id/switch_camera_btn} during layout: running second layout pass
01-12 14:56:12.125 23477 23477 W View : requestLayout() improperly called by
com.mbwhatsapp.WaImageView{bdb777c VFED..C.. ......ID 0,0-144,144 #7f0b0b0d
app:id/gallery_btn} during layout: running second layout pass
01-12 14:56:12.125 23477 23477 W View : requestLayout() improperly called by
com.mbwhatsapp.WaImageView{c1d805 VFED..C.. ......ID 0,0-144,144 #7f0b057f
app:id/close_camera_btn} during layout: running second layout pass
01-12 14:56:12.125 23477 23477 W View : requestLayout() improperly called by
X.4Ki{b38b05a V.ED..... ......ID 0,6-1080,150} during layout: running second layout
pass
01-12 14:56:12.131 23477 24012 W libEGL : EGLNativeWindowType 0x71b8f5e010
disconnect failed
01-12 14:56:12.137 23477 23477 W View : requestLayout() improperly called by
com.mbwhatsapp.WaImageView{f5a8049 VF.D..CL. ......ID 444,1396-636,1588 #7f0b1814
app:id/shutter} during layout: running second layout pass
01-12 14:56:12.137 23477 23477 W View : requestLayout() improperly called by
com.mbwhatsapp.CircularProgressBar{e150d4e V.ED..... ......ID 444,1396-636,1588
#7f0b14fc app:id/recording_progress} during layout: running second layout pass
01-12 14:56:12.137 23477 23477 W View : requestLayout() improperly called by
com.mbwhatsapp.WaImageView{1589e6f VF.D..C.. ......ID 912,1420-1056,1564 #7f0b1976
app:id/switch_camera_btn} during layout: running second layout pass
01-12 14:56:12.137 23477 23477 W View : requestLayout() improperly called by
com.mbwhatsapp.WaImageView{bdb777c VFED..C.. ......ID 24,1420-168,1564 #7f0b0b0d
app:id/gallery_btn} during layout: running second layout pass
01-12 14:56:12.137 23477 23477 W View : requestLayout() improperly called by
com.mbwhatsapp.WaImageView{c1d805 VFED..C.. ......ID 24,24-168,168 #7f0b057f
app:id/close_camera_btn} during layout: running second layout pass
01-12 14:56:12.157 23477 23477 E ArmVmp : Match on catch block at 0xc3 in for 0xa5
01-12 14:56:12.163 23477 23477 E ArmVmp : Match on catch block at 0xc3 in for 0xa9
01-12 14:56:12.184 23477 23477 W InputMethodManager: startInputReason = 1
01-12 14:56:12.346 23477 23486 E : [ZeroHung]zrhung_get_config: Get config
failed for wp[0x0008]
01-12 14:56:12.493 23477 23477 W IInputConnectionWrapper: beginBatchEdit on
inactive InputConnection
01-12 14:56:12.493 23477 23477 W IInputConnectionWrapper: setComposingRegion on
inactive InputConnection
01-12 14:56:12.493 23477 23477 W IInputConnectionWrapper: endBatchEdit on inactive
InputConnection
01-12 14:56:12.533 23477 24012 W libEGL : EGLNativeWindowType 0x718fe5d010
disconnect failed
01-12 14:56:12.541 23477 23477 E ArmVmp : Match on catch block at 0xc3 in for 0xa1
01-12 14:56:12.550 23477 23477 E ArmVmp : Match on catch block at 0xc3 in for 0xa5
01-12 14:56:13.429 23477 23477 E ArmVmp : Match on catch block at 0x0a in for 0xc5
01-12 14:56:13.432 23477 23477 E ArmVmp : Match on catch block at 0x0a in for 0xc1
01-12 14:56:13.496 23477 23477 E ArmVmp : Match on catch block at 0xc3 in for 0xa9
01-12 14:56:13.501 23477 23477 E ArmVmp : Match on catch block at 0xc3 in for 0xa1
01-12 14:56:13.512 23477 23477 W InputMethodManager: startInputReason = 1
01-12 14:56:13.524 23477 23477 E ArmVmp : Match on catch block at 0xc3 in for 0xa5
01-12 14:56:13.527 23477 23477 E ArmVmp : Match on catch block at 0xc3 in for 0xa9
01-12 14:56:13.554 23477 23477 E ArmVmp : Match on catch block at 0xc3 in for 0xa5
01-12 14:56:13.558 23477 23477 E ArmVmp : Match on catch block at 0xc3 in for 0xa9
01-12 14:56:13.613 23477 23477 E ArmVmp : Match on catch block at 0xc3 in for 0xa9
01-12 14:56:13.616 23477 24124 W libEGL : EGLNativeWindowType 0x717d518010
disconnect failed
01-12 14:56:13.617 23477 23477 E ArmVmp : Match on catch block at 0xc3 in for 0xa1
01-12 14:56:13.638 23477 23477 E ArmVmp : Match on catch block at 0xc3 in for 0xa9
01-12 14:56:13.642 23477 23477 E ArmVmp : Match on catch block at 0xc3 in for 0xa1
01-12 14:56:13.688 23477 23477 E SpannableStringBuilder: SPAN_EXCLUSIVE_EXCLUSIVE
spans cannot have a zero length
01-12 14:56:13.789 23477 24012 W libEGL : EGLNativeWindowType 0x71892c8010
disconnect failed
01-12 14:56:14.021 23477 23477 E ArmVmp : Match on catch block at 0xc3 in for 0xa9
01-12 14:56:14.032 23477 23477 E ArmVmp : Match on catch block at 0xc3 in for 0xa1
01-12 14:56:14.285 23477 23477 E ArmVmp : Match on catch block at 0xc3 in for 0xa1
01-12 14:56:14.294 23477 23477 E ArmVmp : Match on catch block at 0xc3 in for 0xa5
01-12 14:56:14.318 23477 23477 E ArmVmp : Match on catch block at 0xc3 in for 0xa5
01-12 14:56:14.330 23477 23477 E ArmVmp : Match on catch block at 0xc3 in for 0xa9
01-12 14:56:14.352 23477 23477 E ArmVmp : Match on catch block at 0xc3 in for 0xa9
01-12 14:56:14.361 23477 23477 E ArmVmp : Match on catch block at 0xc3 in for 0xa1
01-12 14:56:14.384 23477 23477 E ArmVmp : Match on catch block at 0xc3 in for 0xa1
01-12 14:56:14.395 23477 23477 E ArmVmp : Match on catch block at 0xc3 in for 0xa5
01-12 14:56:14.419 23477 23477 E ArmVmp : Match on catch block at 0xc3 in for 0xa5
01-12 14:56:14.427 23477 23477 E ArmVmp : Match on catch block at 0xc3 in for 0xa9
01-12 14:56:14.451 23477 23477 E ArmVmp : Match on catch block at 0xc3 in for 0xa9
01-12 14:56:14.459 23477 23477 E ArmVmp : Match on catch block at 0xc3 in for 0xa1
01-12 14:56:14.486 23477 23477 E ArmVmp : Match on catch block at 0xc3 in for 0xa1
01-12 14:56:14.493 23477 23477 E ArmVmp : Match on catch block at 0xc3 in for 0xa5
01-12 14:56:14.518 23477 23477 E ArmVmp : Match on catch block at 0xc3 in for 0xa5
01-12 14:56:14.525 23477 23477 E ArmVmp : Match on catch block at 0xc3 in for 0xa9
01-12 14:56:14.551 23477 23477 E ArmVmp : Match on catch block at 0xc3 in for 0xa9
01-12 14:56:14.559 23477 23477 E ArmVmp : Match on catch block at 0xc3 in for 0xa1
01-12 14:56:14.585 23477 23477 E ArmVmp : Match on catch block at 0xc3 in for 0xa1
01-12 14:56:14.594 23477 23477 E ArmVmp : Match on catch block at 0xc3 in for 0xa5
01-12 14:56:14.616 23477 23477 E ArmVmp : Match on catch block at 0xc3 in for 0xa5
01-12 14:56:14.625 23477 23477 E ArmVmp : Match on catch block at 0xc3 in for 0xa9
01-12 14:56:15.048 23477 23477 E ArmVmp : Match on catch block at 0xc3 in for 0xa9
01-12 14:56:15.066 23477 23477 E ArmVmp : Match on catch block at 0xc3 in for 0xa1
01-12 14:56:15.229 23477 23477 E ArmVmp : Match on catch block at 0xc3 in for 0xa1
01-12 14:56:15.246 23477 23477 E ArmVmp : Match on catch block at 0xc3 in for 0xa5
01-12 14:56:15.268 23477 23477 E ArmVmp : Match on catch block at 0xc3 in for 0xa5
01-12 14:56:15.282 23477 23477 E ArmVmp : Match on catch block at 0xc3 in for 0xa9
01-12 14:56:15.297 23477 23477 E ArmVmp : Match on catch block at 0xc3 in for 0xa9
01-12 14:56:15.309 23477 23477 E ArmVmp : Match on catch block at 0xc3 in for 0xa1
01-12 14:56:15.325 23477 23477 E ArmVmp : Match on catch block at 0xc3 in for 0xa1
01-12 14:56:15.335 23477 23477 E ArmVmp : Match on catch block at 0xc3 in for 0xa5
01-12 14:56:15.351 23477 23477 E ArmVmp : Match on catch block at 0xc3 in for 0xa5
01-12 14:56:15.364 23477 23477 E ArmVmp : Match on catch block at 0xc3 in for 0xa9
01-12 14:56:15.379 23477 23477 E ArmVmp : Match on catch block at 0xc3 in for 0xa9
01-12 14:56:15.390 23477 23477 E ArmVmp : Match on catch block at 0xc3 in for 0xa1
01-12 14:56:15.407 23477 23477 E ArmVmp : Match on catch block at 0xc3 in for 0xa1
01-12 14:56:15.417 23477 23477 E ArmVmp : Match on catch block at 0xc3 in for 0xa5
01-12 14:56:15.434 23477 23477 E ArmVmp : Match on catch block at 0xc3 in for 0xa5
01-12 14:56:15.444 23477 23477 E ArmVmp : Match on catch block at 0xc3 in for 0xa9
01-12 14:56:15.458 23477 23477 E ArmVmp : Match on catch block at 0xc3 in for 0xa9
01-12 14:56:15.468 23477 23477 E ArmVmp : Match on catch block at 0xc3 in for 0xa1
01-12 14:56:15.484 23477 23477 E ArmVmp : Match on catch block at 0xc3 in for 0xa1
01-12 14:56:15.495 23477 23477 E ArmVmp : Match on catch block at 0xc3 in for 0xa5
01-12 14:56:15.556 23477 23477 E ArmVmp : Match on catch block at 0xc3 in for 0xa5
01-12 14:56:15.565 23477 23477 E ArmVmp : Match on catch block at 0xc3 in for 0xa9
01-12 14:56:16.053 23477 23477 E ArmVmp : Match on catch block at 0xc3 in for 0xa1
01-12 14:56:16.065 23477 23477 E ArmVmp : Match on catch block at 0xc3 in for 0xa5
01-12 14:56:16.103 23477 23477 E ArmVmp : Match on catch block at 0xc3 in for 0xa1
01-12 14:56:16.114 23477 23477 E ArmVmp : Match on catch block at 0xc3 in for 0xa5
01-12 14:56:16.728 23477 23477 E ArmVmp : Match on catch block at 0xc3 in for 0xa1
01-12 14:56:16.735 23477 23477 E ArmVmp : Match on catch block at 0xc3 in for 0xa5
01-12 14:56:16.764 23477 23477 E ArmVmp : Match on catch block at 0xc3 in for 0xa5
01-12 14:56:16.771 23477 23477 E ArmVmp : Match on catch block at 0xc3 in for 0xa9
01-12 14:56:16.802 23477 23477 E ArmVmp : Match on catch block at 0xc3 in for 0xa9
01-12 14:56:16.811 23477 23477 E ArmVmp : Match on catch block at 0xc3 in for 0xa1
01-12 14:56:16.919 23477 23477 E ArmVmp : Match on catch block at 0xc3 in for 0xa5
01-12 14:56:16.937 23477 23477 E ArmVmp : Match on catch block at 0xc3 in for 0xa9
01-12 14:56:16.987 23477 23477 E ArmVmp : Match on catch block at 0xc3 in for 0xa1
01-12 14:56:17.000 23477 23477 E ArmVmp : Match on catch block at 0xc3 in for 0xa5
01-12 14:56:17.033 23477 23477 E ArmVmp : Match on catch block at 0xc3 in for 0xa9
01-12 14:56:17.048 23477 23477 E ArmVmp : Match on catch block at 0xc3 in for 0xa1
01-12 14:56:17.065 23477 23477 E ArmVmp : Match on catch block at 0xc3 in for 0xa5
01-12 14:56:17.085 23477 23477 E ArmVmp : Match on catch block at 0xc3 in for 0xa9
01-12 14:56:17.113 23477 23477 E ArmVmp : Match on catch block at 0xc3 in for 0xa9
01-12 14:56:17.123 23477 23477 E ArmVmp : Match on catch block at 0xc3 in for 0xa1
01-12 14:56:17.183 23477 23477 E ArmVmp : Match on catch block at 0xc3 in for 0xa9
01-12 14:56:17.193 23477 23477 E ArmVmp : Match on catch block at 0xc3 in for 0xa1
01-12 14:56:17.291 23477 23477 E ArmVmp : Match on catch block at 0xc3 in for 0xa1
01-12 14:56:17.299 23477 23477 E ArmVmp : Match on catch block at 0xc3 in for 0xa5
01-12 14:56:17.798 23477 23477 E ArmVmp : Match on catch block at 0xc3 in for 0xa1
01-12 14:56:17.809 23477 23477 E ArmVmp : Match on catch block at 0xc3 in for 0xa5
01-12 14:56:18.296 23477 23477 E ArmVmp : Match on catch block at 0xc3 in for 0xa5
01-12 14:56:18.313 23477 23477 E ArmVmp : Match on catch block at 0xc3 in for 0xa9
01-12 14:56:18.726 23477 23477 E ArmVmp : Match on catch block at 0xc3 in for 0xa9
01-12 14:56:18.740 23477 23477 E ArmVmp : Match on catch block at 0xc3 in for 0xa1
01-12 14:56:18.770 23477 24012 W libEGL : EGLNativeWindowType 0x71b8f78010
disconnect failed
01-12 14:56:18.793 23477 23477 W InputEventReceiver: Attempted to finish an input
event but the input event receiver has already been disposed.
01-12 14:56:18.805 23477 23477 E ArmVmp : Match on catch block at 0xc3 in for 0xa5
01-12 14:56:18.819 23477 23477 E ArmVmp : Match on catch block at 0xc3 in for 0xa9
01-12 14:56:18.842 23477 23477 E ArmVmp : Match on catch block at 0xc3 in for 0xa9
01-12 14:56:18.857 23477 23477 E ArmVmp : Match on catch block at 0xc3 in for 0xa1
01-12 14:56:18.881 23477 23477 E ArmVmp : Match on catch block at 0xc3 in for 0xa1
01-12 14:56:18.894 23477 23477 E ArmVmp : Match on catch block at 0xc3 in for 0xa5
01-12 14:56:18.912 23477 23477 E ArmVmp : Match on catch block at 0xc3 in for 0xa5
01-12 14:56:18.924 23477 23477 E ArmVmp : Match on catch block at 0xc3 in for 0xa9
01-12 14:56:19.251 23477 23477 E ArmVmp : Match on catch block at 0xc3 in for 0xa9
01-12 14:56:19.261 23477 23477 E ArmVmp : Match on catch block at 0xc3 in for 0xa1
01-12 14:56:19.357 23477 23477 E ArmVmp : Match on catch block at 0xc3 in for 0xa1
01-12 14:56:19.367 23477 23477 E ArmVmp : Match on catch block at 0xc3 in for 0xa5
01-12 14:56:19.400 23477 23477 E ArmVmp : Match on catch block at 0xc3 in for 0xa5
01-12 14:56:19.411 23477 23477 E ArmVmp : Match on catch block at 0xc3 in for 0xa9
01-12 14:56:19.477 23477 23477 E ArmVmp : Match on catch block at 0xc3 in for 0xa1
01-12 14:56:19.499 23477 23477 E ArmVmp : Match on catch block at 0xc3 in for 0xa5
01-12 14:56:22.509 23477 24219 W HiTouch_HiTouchSensor: depended package hiTouch
does n't exist!
01-12 14:56:22.629 23477 23477 W InputMethodManager: startInputReason = 1
01-12 14:56:22.900 23477 24012 W libEGL : EGLNativeWindowType 0x718feef010
disconnect failed
01-12 14:56:24.050 23477 24012 W libEGL : EGLNativeWindowType 0x717d4c7010
disconnect failed
01-12 14:56:24.094 23477 23477 W InputEventReceiver: Attempted to finish an input
event but the input event receiver has already been disposed.
01-12 14:56:24.117 23477 23477 W InputMethodManager: startInputReason = 1
01-12 14:56:24.159 23477 23477 E ArmVmp : Match on catch block at 0xc3 in for 0xa9
01-12 14:56:24.177 23477 23477 E ArmVmp : Match on catch block at 0xc3 in for 0xa1
01-12 14:56:24.278 23477 23477 E SpannableStringBuilder: SPAN_EXCLUSIVE_EXCLUSIVE
spans cannot have a zero length
01-12 14:56:24.613 23477 23477 E ArmVmp : Match on catch block at 0xc3 in for 0xa5
01-12 14:56:24.625 23477 23477 E ArmVmp : Match on catch block at 0xc3 in for 0xa9
01-12 14:56:24.656 23477 23477 E ArmVmp : Match on catch block at 0xc3 in for 0xa9
01-12 14:56:24.670 23477 23477 E ArmVmp : Match on catch block at 0xc3 in for 0xa1
01-12 14:56:24.688 23477 23477 E ArmVmp : Match on catch block at 0xc3 in for 0xa1
01-12 14:56:24.698 23477 23477 E ArmVmp : Match on catch block at 0xc3 in for 0xa5
01-12 14:56:24.713 23477 23477 E ArmVmp : Match on catch block at 0xc3 in for 0xa5
01-12 14:56:24.725 23477 23477 E ArmVmp : Match on catch block at 0xc3 in for 0xa9
01-12 14:56:24.740 23477 23477 E ArmVmp : Match on catch block at 0xc3 in for 0xa9
01-12 14:56:24.752 23477 23477 E ArmVmp : Match on catch block at 0xc3 in for 0xa1
01-12 14:56:24.766 23477 23477 E ArmVmp : Match on catch block at 0xc3 in for 0xa1
01-12 14:56:24.778 23477 23477 E ArmVmp : Match on catch block at 0xc3 in for 0xa5
01-12 14:56:24.794 23477 23477 E ArmVmp : Match on catch block at 0xc3 in for 0xa5
01-12 14:56:24.804 23477 23477 E ArmVmp : Match on catch block at 0xc3 in for 0xa9
01-12 14:56:24.820 23477 23477 E ArmVmp : Match on catch block at 0xc3 in for 0xa9
01-12 14:56:24.831 23477 23477 E ArmVmp : Match on catch block at 0xc3 in for 0xa1
01-12 14:56:24.846 23477 23477 E ArmVmp : Match on catch block at 0xc3 in for 0xa1
01-12 14:56:24.854 23477 23477 E ArmVmp : Match on catch block at 0xc3 in for 0xa5
01-12 14:56:24.870 23477 23477 E ArmVmp : Match on catch block at 0xc3 in for 0xa5
01-12 14:56:24.880 23477 23477 E ArmVmp : Match on catch block at 0xc3 in for 0xa9
01-12 14:56:24.897 23477 23477 E ArmVmp : Match on catch block at 0xc3 in for 0xa9
01-12 14:56:24.908 23477 23477 E ArmVmp : Match on catch block at 0xc3 in for 0xa1
01-12 14:56:24.925 23477 23477 E ArmVmp : Match on catch block at 0xc3 in for 0xa1
01-12 14:56:24.936 23477 23477 E ArmVmp : Match on catch block at 0xc3 in for 0xa5
01-12 14:56:24.961 23477 23477 E ArmVmp : Match on catch block at 0xc3 in for 0xa5
01-12 14:56:24.968 23477 23477 E ArmVmp : Match on catch block at 0xc3 in for 0xa9
01-12 14:56:25.209 23477 23477 E ArmVmp : Match on catch block at 0xc3 in for 0xa1
01-12 14:56:25.220 23477 23477 E ArmVmp : Match on catch block at 0xc3 in for 0xa5
01-12 14:56:25.384 23477 23477 E ArmVmp : Match on catch block at 0xc3 in for 0xa9
01-12 14:56:25.389 23477 23477 E ArmVmp : Match on catch block at 0xc3 in for 0xa1
01-12 14:56:25.397 23477 23477 W InputMethodManager: startInputReason = 1
01-12 14:56:25.633 23477 24012 W libEGL : EGLNativeWindowType 0x71a4a1a010
disconnect failed
01-12 14:56:25.639 23477 23477 E ArmVmp : Match on catch block at 0xc3 in for 0xa5
01-12 14:56:25.644 23477 23477 E ArmVmp : Match on catch block at 0xc3 in for 0xa9
01-12 14:56:26.408 23477 23477 W ActivityThread: handleWindowVisibility: no
activity for token android.os.BinderProxy@2d63f51
01-12 14:56:26.545 23477 23477 E ArmVmp : Match on catch block at 0x0a in for 0xc5
01-12 14:56:26.547 23477 23477 E ArmVmp : Match on catch block at 0x0a in for 0xc5
01-12 14:56:26.572 23477 24228 W HiTouch_HiTouchSensor: depended package hiTouch
does n't exist!
01-12 14:56:26.706 23477 23477 E ArmVmp : Match on catch block at 0xc3 in for 0xb1
01-12 14:56:26.746 23477 23477 E ArmVmp : Match on catch block at 0xc3 in for 0xb1
01-12 14:56:26.757 23477 23477 E ArmVmp : Match on catch block at 0xc3 in for 0xa5
01-12 14:56:26.758 23477 23477 E ArmVmp : Match on catch block at 0xc3 in for 0xa9
01-12 14:56:26.790 23477 23477 E ArmVmp : Match on catch block at 0xc3 in for 0xa9
01-12 14:56:26.794 23477 23477 E ArmVmp : Match on catch block at 0xc3 in for 0xa1
01-12 14:56:26.815 23477 23477 W InputMethodManager: startInputReason = 1
01-12 14:56:26.825 23477 23477 E ArmVmp : Match on catch block at 0xc3 in for 0xa1
01-12 14:56:26.829 23477 23477 E ArmVmp : Match on catch block at 0xc3 in for 0xa5
01-12 14:56:26.846 23477 23477 E ArmVmp : Match on catch block at 0xc3 in for 0xa9
01-12 14:56:26.849 23477 23477 E ArmVmp : Match on catch block at 0xc3 in for 0xa1
01-12 14:56:26.858 23477 23477 E ArmVmp : Match on catch block at 0xc3 in for 0xa9
01-12 14:56:26.863 23477 23477 E ArmVmp : Match on catch block at 0xc3 in for 0xa1
01-12 14:56:26.870 23477 23477 E ArmVmp : Match on catch block at 0xc3 in for 0xa1
01-12 14:56:26.873 23477 23477 E ArmVmp : Match on catch block at 0xc3 in for 0xa5
01-12 14:56:26.885 23477 23477 E ArmVmp : Match on catch block at 0xc3 in for 0xa5
01-12 14:56:26.891 23477 23477 E ArmVmp : Match on catch block at 0xc3 in for 0xa9
01-12 14:56:26.895 23477 23477 E SpannableStringBuilder: SPAN_EXCLUSIVE_EXCLUSIVE
spans cannot have a zero length
01-12 14:56:26.902 23477 23477 E ArmVmp : Match on catch block at 0xc3 in for 0xa9
01-12 14:56:26.908 23477 23477 E ArmVmp : Match on catch block at 0xc3 in for 0xa1
01-12 14:56:26.918 23477 23477 E ArmVmp : Match on catch block at 0xc3 in for 0xa1
01-12 14:56:26.921 23477 23477 E ArmVmp : Match on catch block at 0xc3 in for 0xa5
01-12 14:56:26.935 23477 23477 E ArmVmp : Match on catch block at 0xc3 in for 0xa5
01-12 14:56:26.941 23477 23477 E ArmVmp : Match on catch block at 0xc3 in for 0xa9
01-12 14:56:26.951 23477 23477 E ArmVmp : Match on catch block at 0xc3 in for 0xa9
01-12 14:56:26.956 23477 23477 E ArmVmp : Match on catch block at 0xc3 in for 0xa1
01-12 14:56:27.034 23477 24012 W libEGL : EGLNativeWindowType 0x717d4c7010
disconnect failed
01-12 14:56:27.338 23477 23477 E ArmVmp : Match on catch block at 0xc3 in for 0xa1
01-12 14:56:27.359 23477 23477 E ArmVmp : Match on catch block at 0xc3 in for 0xa5
01-12 14:56:27.402 23477 23477 E ArmVmp : Match on catch block at 0xc3 in for 0xa5
01-12 14:56:27.414 23477 23477 E ArmVmp : Match on catch block at 0xc3 in for 0xa9
01-12 14:56:27.438 23477 23477 E ArmVmp : Match on catch block at 0xc3 in for 0xa1
01-12 14:56:27.452 23477 23477 E ArmVmp : Match on catch block at 0xc3 in for 0xa5
01-12 14:56:27.473 23477 23477 E ArmVmp : Match on catch block at 0xc3 in for 0xa9
01-12 14:56:27.483 23477 23477 E ArmVmp : Match on catch block at 0xc3 in for 0xa1
01-12 14:56:27.504 23477 23477 E ArmVmp : Match on catch block at 0xc3 in for 0xa5
01-12 14:56:27.517 23477 23477 E ArmVmp : Match on catch block at 0xc3 in for 0xa9
01-12 14:56:27.537 23477 23477 E ArmVmp : Match on catch block at 0xc3 in for 0xa1
01-12 14:56:27.546 23477 23477 E ArmVmp : Match on catch block at 0xc3 in for 0xa5
01-12 14:56:27.568 23477 23477 E ArmVmp : Match on catch block at 0xc3 in for 0xa9
01-12 14:56:27.577 23477 23477 E ArmVmp : Match on catch block at 0xc3 in for 0xa1
01-12 14:56:27.598 23477 23477 E ArmVmp : Match on catch block at 0xc3 in for 0xa5
01-12 14:56:27.607 23477 23477 E ArmVmp : Match on catch block at 0xc3 in for 0xa9
01-12 14:56:27.629 23477 23477 E ArmVmp : Match on catch block at 0xc3 in for 0xa1
01-12 14:56:27.637 23477 23477 E ArmVmp : Match on catch block at 0xc3 in for 0xa5
01-12 14:56:27.657 23477 23477 E ArmVmp : Match on catch block at 0xc3 in for 0xa9
01-12 14:56:27.666 23477 23477 E ArmVmp : Match on catch block at 0xc3 in for 0xa1
01-12 14:56:27.686 23477 23477 E ArmVmp : Match on catch block at 0xc3 in for 0xa5
01-12 14:56:27.696 23477 23477 E ArmVmp : Match on catch block at 0xc3 in for 0xa9
01-12 14:56:27.716 23477 23477 E ArmVmp : Match on catch block at 0xc3 in for 0xa1
01-12 14:56:27.725 23477 23477 E ArmVmp : Match on catch block at 0xc3 in for 0xa5
01-12 14:56:27.831 23477 23477 E ArmVmp : Match on catch block at 0xc3 in for 0xa5
01-12 14:56:27.842 23477 23477 E ArmVmp : Match on catch block at 0xc3 in for 0xa9
01-12 14:56:28.329 23477 23477 E ArmVmp : Match on catch block at 0xc3 in for 0xa5
01-12 14:56:28.341 23477 23477 E ArmVmp : Match on catch block at 0xc3 in for 0xa9
01-12 14:56:28.421 23477 23477 E ArmVmp : Match on catch block at 0xc3 in for 0xa9
01-12 14:56:28.429 23477 23477 E ArmVmp : Match on catch block at 0xc3 in for 0xa1
01-12 14:56:28.478 23477 23477 E ArmVmp : Match on catch block at 0xc3 in for 0xa5
01-12 14:56:28.488 23477 23477 E ArmVmp : Match on catch block at 0xc3 in for 0xa9
01-12 14:56:28.567 23477 23477 E ArmVmp : Match on catch block at 0xc3 in for 0xa1
01-12 14:56:28.576 23477 23477 E ArmVmp : Match on catch block at 0xc3 in for 0xa5
01-12 14:56:28.600 23477 23477 E ArmVmp : Match on catch block at 0xc3 in for 0xa9
01-12 14:56:28.616 23477 23477 E ArmVmp : Match on catch block at 0xc3 in for 0xa1
01-12 14:56:28.642 23477 23477 E ArmVmp : Match on catch block at 0xc3 in for 0xa5
01-12 14:56:28.654 23477 23477 E ArmVmp : Match on catch block at 0xc3 in for 0xa9
01-12 14:56:28.711 23477 23477 E ArmVmp : Match on catch block at 0xc3 in for 0xa9
01-12 14:56:28.723 23477 23477 E ArmVmp : Match on catch block at 0xc3 in for 0xa1
01-12 14:56:28.773 23477 23477 E ArmVmp : Match on catch block at 0xc3 in for 0xa5
01-12 14:56:28.782 23477 23477 E ArmVmp : Match on catch block at 0xc3 in for 0xa9
01-12 14:56:28.817 23477 23477 E ArmVmp : Match on catch block at 0xc3 in for 0xa1
01-12 14:56:28.828 23477 23477 E ArmVmp : Match on catch block at 0xc3 in for 0xa5
01-12 14:56:28.846 23477 24012 W libEGL : EGLNativeWindowType 0x7193724010
disconnect failed
01-12 14:56:28.872 23477 23477 W InputEventReceiver: Attempted to finish an input
event but the input event receiver has already been disposed.
01-12 14:56:28.881 23477 23477 E ArmVmp : Match on catch block at 0xc3 in for 0xa1
01-12 14:56:28.898 23477 23477 E ArmVmp : Match on catch block at 0xc3 in for 0xa5
01-12 14:56:28.930 23477 23477 E ArmVmp : Match on catch block at 0xc3 in for 0xa1
01-12 14:56:28.944 23477 23477 E ArmVmp : Match on catch block at 0xc3 in for 0xa5
01-12 14:56:29.158 23477 23477 E ArmVmp : Match on catch block at 0xc3 in for 0xa1
01-12 14:56:29.170 23477 23477 E ArmVmp : Match on catch block at 0xc3 in for 0xa5
01-12 14:56:29.244 23477 23477 E ArmVmp : Match on catch block at 0xc3 in for 0xa5
01-12 14:56:29.257 23477 23477 E ArmVmp : Match on catch block at 0xc3 in for 0xa9
01-12 14:56:29.415 23477 23477 E ArmVmp : Match on catch block at 0xc3 in for 0xa9
01-12 14:56:29.423 23477 23477 E ArmVmp : Match on catch block at 0xc3 in for 0xa1
01-12 14:56:29.484 23477 23477 E ArmVmp : Match on catch block at 0xc3 in for 0xa1
01-12 14:56:29.496 23477 23477 E ArmVmp : Match on catch block at 0xc3 in for 0xa5
01-12 14:56:29.556 23477 23477 E ArmVmp : Match on catch block at 0xc3 in for 0xa5
01-12 14:56:29.567 23477 23477 E ArmVmp : Match on catch block at 0xc3 in for 0xa9
01-12 14:56:29.741 23477 23477 E ArmVmp : Match on catch block at 0xc3 in for 0xa5
01-12 14:56:29.750 23477 23477 E ArmVmp : Match on catch block at 0xc3 in for 0xa9
01-12 14:56:30.239 23477 23477 E ArmVmp : Match on catch block at 0xc3 in for 0xa9
01-12 14:56:30.257 23477 23477 E ArmVmp : Match on catch block at 0xc3 in for 0xa1
01-12 14:56:30.701 23477 23477 E ArmVmp : Match on catch block at 0xc3 in for 0xa1
01-12 14:56:30.721 23477 23477 E ArmVmp : Match on catch block at 0xc3 in for 0xa5
01-12 14:56:30.751 23477 23477 E ArmVmp : Match on catch block at 0xc3 in for 0xa5
01-12 14:56:30.763 23477 23477 E ArmVmp : Match on catch block at 0xc3 in for 0xa9
01-12 14:56:30.796 23477 23477 E ArmVmp : Match on catch block at 0xc3 in for 0xa9
01-12 14:56:30.816 23477 23477 E ArmVmp : Match on catch block at 0xc3 in for 0xa1
01-12 14:56:30.850 23477 23477 E ArmVmp : Match on catch block at 0xc3 in for 0xa1
01-12 14:56:30.863 23477 23477 E ArmVmp : Match on catch block at 0xc3 in for 0xa5
01-12 14:56:30.896 23477 23477 E ArmVmp : Match on catch block at 0xc3 in for 0xa5
01-12 14:56:30.913 23477 23477 E ArmVmp : Match on catch block at 0xc3 in for 0xa9
01-12 14:56:30.945 23477 23477 E ArmVmp : Match on catch block at 0xc3 in for 0xa9
01-12 14:56:30.962 23477 23477 E ArmVmp : Match on catch block at 0xc3 in for 0xa1
01-12 14:56:31.005 23477 24012 W libEGL : EGLNativeWindowType 0x718ff46010
disconnect failed
01-12 14:56:31.062 23477 23477 E ArmVmp : Match on catch block at 0xc3 in for 0xa9
01-12 14:56:31.073 23477 23477 E ArmVmp : Match on catch block at 0xc3 in for 0xa1
01-12 14:56:31.103 23477 23477 E ArmVmp : Match on catch block at 0xc3 in for 0xa1
01-12 14:56:31.116 23477 23477 E ArmVmp : Match on catch block at 0xc3 in for 0xa5
01-12 14:56:31.146 23477 23477 E ArmVmp : Match on catch block at 0xc3 in for 0xa5
01-12 14:56:31.156 23477 23477 E ArmVmp : Match on catch block at 0xc3 in for 0xa9
01-12 14:56:31.179 23477 23477 E ArmVmp : Match on catch block at 0xc3 in for 0xa9
01-12 14:56:31.190 23477 23477 E ArmVmp : Match on catch block at 0xc3 in for 0xa1
01-12 14:56:31.209 23477 23477 E ArmVmp : Match on catch block at 0xc3 in for 0xa1
01-12 14:56:31.222 23477 23477 E ArmVmp : Match on catch block at 0xc3 in for 0xa5
01-12 14:56:31.309 23477 23477 E ArmVmp : Match on catch block at 0xc3 in for 0xa5
01-12 14:56:31.320 23477 23477 E ArmVmp : Match on catch block at 0xc3 in for 0xa9
01-12 14:56:31.806 23477 23477 E ArmVmp : Match on catch block at 0xc3 in for 0xa5
01-12 14:56:31.818 23477 23477 E ArmVmp : Match on catch block at 0xc3 in for 0xa9
01-12 14:56:31.839 23477 23477 E ArmVmp : Match on catch block at 0xc3 in for 0xa1
01-12 14:56:31.853 23477 23477 E ArmVmp : Match on catch block at 0xc3 in for 0xa5
01-12 14:56:32.300 23477 23486 E : [ZeroHung]zrhung_get_config: Get config
failed for wp[0x0008]
01-12 14:56:32.392 23477 23477 E ArmVmp : Match on catch block at 0xc3 in for 0xa5
01-12 14:56:32.408 23477 23477 E ArmVmp : Match on catch block at 0xc3 in for 0xa9
01-12 14:56:32.457 23477 23477 E ArmVmp : Match on catch block at 0xc3 in for 0xa9
01-12 14:56:32.475 23477 23477 E ArmVmp : Match on catch block at 0xc3 in for 0xa1
01-12 14:56:32.596 23477 23477 E ArmVmp : Match on catch block at 0xc3 in for 0xa5
01-12 14:56:32.605 23477 23477 E ArmVmp : Match on catch block at 0xc3 in for 0xa9
01-12 14:56:32.642 23477 24012 W libEGL : EGLNativeWindowType 0x71937ed010
disconnect failed
01-12 14:56:32.710 23477 23477 E ArmVmp : Match on catch block at 0xc3 in for 0xa1
01-12 14:56:32.718 23477 23484 W System : A resource failed to call close.
01-12 14:56:32.722 23477 23477 E ArmVmp : Match on catch block at 0xc3 in for 0xa5
01-12 14:56:32.770 23477 23477 E ArmVmp : Match on catch block at 0xc3 in for 0xa5
01-12 14:56:32.785 23477 23477 E ArmVmp : Match on catch block at 0xc3 in for 0xa9
01-12 14:56:32.847 23477 23477 E ArmVmp : Match on catch block at 0xc3 in for 0xa1
01-12 14:56:32.857 23477 23477 E ArmVmp : Match on catch block at 0xc3 in for 0xa5
01-12 14:56:32.900 23477 23477 E ArmVmp : Match on catch block at 0xc3 in for 0xa9
01-12 14:56:32.909 23477 23477 E ArmVmp : Match on catch block at 0xc3 in for 0xa1
01-12 14:56:32.932 23477 23477 E ArmVmp : Match on catch block at 0xc3 in for 0xa5
01-12 14:56:32.945 23477 23477 E ArmVmp : Match on catch block at 0xc3 in for 0xa9
01-12 14:56:32.976 23477 23477 E ArmVmp : Match on catch block at 0xc3 in for 0xa1
01-12 14:56:32.986 23477 23477 E ArmVmp : Match on catch block at 0xc3 in for 0xa5
01-12 14:56:33.005 23477 23477 E ArmVmp : Match on catch block at 0xc3 in for 0xa1
01-12 14:56:33.015 23477 23477 E ArmVmp : Match on catch block at 0xc3 in for 0xa5
01-12 14:56:33.523 23477 23477 E ArmVmp : Match on catch block at 0xc3 in for 0xa5
01-12 14:56:33.540 23477 23477 E ArmVmp : Match on catch block at 0xc3 in for 0xa9
01-12 14:56:33.598 23477 24012 W libEGL : EGLNativeWindowType 0x718f2a0010
disconnect failed
01-12 14:56:33.624 23477 23477 W InputEventReceiver: Attempted to finish an input
event but the input event receiver has already been disposed.
01-12 14:56:33.636 23477 23477 E ArmVmp : Match on catch block at 0xc3 in for 0xa1
01-12 14:56:33.648 23477 23477 E ArmVmp : Match on catch block at 0xc3 in for 0xa5
01-12 14:56:33.674 23477 23477 E ArmVmp : Match on catch block at 0xc3 in for 0xa5
01-12 14:56:33.686 23477 23477 E ArmVmp : Match on catch block at 0xc3 in for 0xa9
01-12 14:56:33.724 23477 23477 E ArmVmp : Match on catch block at 0xc3 in for 0xa9
01-12 14:56:33.734 23477 23477 E ArmVmp : Match on catch block at 0xc3 in for 0xa1
01-12 14:56:33.750 23477 23477 E ArmVmp : Match on catch block at 0xc3 in for 0xa1
01-12 14:56:33.767 23477 23477 E ArmVmp : Match on catch block at 0xc3 in for 0xa5
01-12 14:56:34.006 23477 23477 E ArmVmp : Match on catch block at 0xc3 in for 0xa5
01-12 14:56:34.016 23477 23477 E ArmVmp : Match on catch block at 0xc3 in for 0xa9
01-12 14:56:34.154 23477 23477 E ArmVmp : Match on catch block at 0xc3 in for 0xa9
01-12 14:56:34.172 23477 23477 E ArmVmp : Match on catch block at 0xc3 in for 0xa1
01-12 14:56:34.189 23477 23477 E ArmVmp : Match on catch block at 0xc3 in for 0xa1
01-12 14:56:34.205 23477 23477 E ArmVmp : Match on catch block at 0xc3 in for 0xa5
01-12 14:56:34.230 23477 23477 E ArmVmp : Match on catch block at 0xc3 in for 0xa9
01-12 14:56:34.236 23477 23477 E ArmVmp : Match on catch block at 0xc3 in for 0xa1
01-12 14:56:34.381 23477 23477 E ArmVmp : Match on catch block at 0xc3 in for 0xa1
01-12 14:56:34.390 23477 23477 E ArmVmp : Match on catch block at 0xc3 in for 0xa5
01-12 14:56:34.418 23477 23477 E ArmVmp : Match on catch block at 0xc3 in for 0xa5
01-12 14:56:34.427 23477 23477 E ArmVmp : Match on catch block at 0xc3 in for 0xa9
01-12 14:56:34.452 23477 23477 E ArmVmp : Match on catch block at 0xc3 in for 0xa9
01-12 14:56:34.465 23477 23477 E ArmVmp : Match on catch block at 0xc3 in for 0xa1
01-12 14:56:34.479 23477 23477 E ArmVmp : Match on catch block at 0xc3 in for 0xa1
01-12 14:56:34.489 23477 23477 E ArmVmp : Match on catch block at 0xc3 in for 0xa5
01-12 14:56:34.509 23477 23477 E ArmVmp : Match on catch block at 0xc3 in for 0xa5
01-12 14:56:34.518 23477 23477 E ArmVmp : Match on catch block at 0xc3 in for 0xa9
01-12 14:56:34.535 23477 23477 E ArmVmp : Match on catch block at 0xc3 in for 0xa9
01-12 14:56:34.545 23477 23477 E ArmVmp : Match on catch block at 0xc3 in for 0xa1
01-12 14:56:34.564 23477 23477 E ArmVmp : Match on catch block at 0xc3 in for 0xa1
01-12 14:56:34.574 23477 23477 E ArmVmp : Match on catch block at 0xc3 in for 0xa5
01-12 14:56:34.592 23477 23477 E ArmVmp : Match on catch block at 0xc3 in for 0xa5
01-12 14:56:34.601 23477 23477 E ArmVmp : Match on catch block at 0xc3 in for 0xa9
01-12 14:56:34.616 23477 23477 E ArmVmp : Match on catch block at 0xc3 in for 0xa9
01-12 14:56:34.629 23477 23477 E ArmVmp : Match on catch block at 0xc3 in for 0xa1
01-12 14:56:34.646 23477 23477 E ArmVmp : Match on catch block at 0xc3 in for 0xa1
01-12 14:56:34.656 23477 23477 E ArmVmp : Match on catch block at 0xc3 in for 0xa5
01-12 14:56:36.013 23477 23477 E ArmVmp : Match on catch block at 0xc3 in for 0xa5
01-12 14:56:36.026 23477 23477 E ArmVmp : Match on catch block at 0xc3 in for 0xa9
01-12 14:56:36.177 23477 24012 W libEGL : EGLNativeWindowType 0x71c6ad1010
disconnect failed
01-12 14:56:36.475 23477 23477 E ArmVmp : Match on catch block at 0xc3 in for 0xa9
01-12 14:56:36.492 23477 23477 E ArmVmp : Match on catch block at 0xc3 in for 0xa1
01-12 14:56:36.985 23477 23477 E ArmVmp : Match on catch block at 0xc3 in for 0xa5
01-12 14:56:36.997 23477 23477 E ArmVmp : Match on catch block at 0xc3 in for 0xa9
01-12 14:56:37.017 23477 23477 E ArmVmp : Match on catch block at 0xc3 in for 0xa9
01-12 14:56:37.028 23477 23477 E ArmVmp : Match on catch block at 0xc3 in for 0xa1
01-12 14:56:37.060 23477 23477 E ArmVmp : Match on catch block at 0xc3 in for 0xa1
01-12 14:56:37.072 23477 23477 E ArmVmp : Match on catch block at 0xc3 in for 0xa5
01-12 14:56:37.088 23477 23477 E ArmVmp : Match on catch block at 0xc3 in for 0xa5
01-12 14:56:37.102 23477 23477 E ArmVmp : Match on catch block at 0xc3 in for 0xa9
01-12 14:56:37.413 23477 23477 E ArmVmp : Match on catch block at 0xc3 in for 0xa9
01-12 14:56:37.421 23477 23477 E ArmVmp : Match on catch block at 0xc3 in for 0xa1
01-12 14:56:37.554 23477 23477 E ArmVmp : Match on catch block at 0xc3 in for 0xa1
01-12 14:56:37.569 23477 23477 E ArmVmp : Match on catch block at 0xc3 in for 0xa5
01-12 14:56:37.620 23477 23477 E ArmVmp : Match on catch block at 0xc3 in for 0xa9
01-12 14:56:37.629 23477 23477 E ArmVmp : Match on catch block at 0xc3 in for 0xa1
01-12 14:56:37.819 23477 24012 W libEGL : EGLNativeWindowType 0x719372d010
disconnect failed
01-12 14:56:39.420 23477 23477 E ArmVmp : Match on catch block at 0xc3 in for 0xa9
01-12 14:56:39.426 23477 23477 E ArmVmp : Match on catch block at 0xc3 in for 0xa1
01-12 14:56:39.444 23477 23477 W ActivityThread: handleWindowVisibility: no
activity for token android.os.BinderProxy@6b5ca9
01-12 14:56:39.510 23477 24237 W HiTouch_HiTouchSensor: depended package hiTouch
does n't exist!
01-12 14:56:39.535 23477 23477 E ArmVmp : Match on catch block at 0xc3 in for 0xa5
01-12 14:56:39.538 23477 23477 E ArmVmp : Match on catch block at 0xc3 in for 0xa9
01-12 14:56:39.546 23477 23477 W InputMethodManager: startInputReason = 1
01-12 14:56:39.563 23477 23477 E ArmVmp : Match on catch block at 0xc3 in for 0xa1
01-12 14:56:39.566 23477 23477 E ArmVmp : Match on catch block at 0xc3 in for 0xa5
01-12 14:56:39.581 23477 23477 E ArmVmp : Match on catch block at 0xc3 in for 0xa9
01-12 14:56:39.584 23477 23477 E ArmVmp : Match on catch block at 0xc3 in for 0xa1
01-12 14:56:39.591 23477 23477 E ArmVmp : Match on catch block at 0xc3 in for 0xa1
01-12 14:56:39.593 23477 23477 E ArmVmp : Match on catch block at 0xc3 in for 0xa5
01-12 14:56:39.604 23477 23477 E ArmVmp : Match on catch block at 0xc3 in for 0xa5
01-12 14:56:39.608 23477 23477 E ArmVmp : Match on catch block at 0xc3 in for 0xa9
01-12 14:56:39.619 23477 23477 E ArmVmp : Match on catch block at 0xc3 in for 0xa9
01-12 14:56:39.624 23477 23477 E ArmVmp : Match on catch block at 0xc3 in for 0xa1
01-12 14:56:39.636 23477 23477 E ArmVmp : Match on catch block at 0xc3 in for 0xa1
01-12 14:56:39.639 23477 23477 E ArmVmp : Match on catch block at 0xc3 in for 0xa5
01-12 14:56:39.652 23477 23477 E ArmVmp : Match on catch block at 0xc3 in for 0xa5
01-12 14:56:39.655 23477 23477 E ArmVmp : Match on catch block at 0xc3 in for 0xa9
01-12 14:56:39.669 23477 23477 E ArmVmp : Match on catch block at 0xc3 in for 0xa9
01-12 14:56:39.672 23477 23477 E ArmVmp : Match on catch block at 0xc3 in for 0xa1
01-12 14:56:39.685 23477 23477 E ArmVmp : Match on catch block at 0xc3 in for 0xa1
01-12 14:56:39.691 23477 23477 E ArmVmp : Match on catch block at 0xc3 in for 0xa5
01-12 14:56:39.702 23477 23477 E ArmVmp : Match on catch block at 0xc3 in for 0xa5
01-12 14:56:39.706 23477 23477 E ArmVmp : Match on catch block at 0xc3 in for 0xa9
01-12 14:56:39.718 23477 23477 E ArmVmp : Match on catch block at 0xc3 in for 0xa9
01-12 14:56:39.722 23477 23477 E ArmVmp : Match on catch block at 0xc3 in for 0xa1
01-12 14:56:39.735 23477 23477 E ArmVmp : Match on catch block at 0xc3 in for 0xa1
01-12 14:56:39.740 23477 23477 E ArmVmp : Match on catch block at 0xc3 in for 0xa5
01-12 14:56:39.751 23477 23477 E ArmVmp : Match on catch block at 0xc3 in for 0xa5
01-12 14:56:39.755 23477 23477 E ArmVmp : Match on catch block at 0xc3 in for 0xa9
01-12 14:56:39.768 23477 24012 W libEGL : EGLNativeWindowType 0x71c6ad1010
disconnect failed
01-12 14:56:39.773 23477 23477 E ArmVmp : Match on catch block at 0xc3 in for 0xa9
01-12 14:56:39.779 23477 23477 E ArmVmp : Match on catch block at 0xc3 in for 0xa1
01-12 14:56:39.785 23477 23477 E ArmVmp : Match on catch block at 0xc3 in for 0xa1
01-12 14:56:39.789 23477 23477 E ArmVmp : Match on catch block at 0xc3 in for 0xa5
01-12 14:56:39.801 23477 24012 W libEGL : EGLNativeWindowType 0x71b922e010
disconnect failed
01-12 14:56:39.806 23477 23477 E ArmVmp : Match on catch block at 0xc3 in for 0xa5
01-12 14:56:39.812 23477 23477 E ArmVmp : Match on catch block at 0xc3 in for 0xa9
01-12 14:56:46.458 23477 23477 E ArmVmp : Match on catch block at 0x0a in for 0xc5
01-12 14:56:46.469 23477 23477 E ArmVmp : Match on catch block at 0x0a in for 0xc5
01-12 14:56:46.537 23477 23477 E ArmVmp : Match on catch block at 0xc3 in for 0xa1
01-12 14:56:46.543 23477 23477 E ArmVmp : Match on catch block at 0xc3 in for 0xa5
01-12 14:56:46.556 23477 23477 E ArmVmp : Match on catch block at 0xc3 in for 0xa1
01-12 14:56:46.561 23477 23477 E ArmVmp : Match on catch block at 0xc3 in for 0xa5
01-12 14:56:46.583 23477 23477 W InputMethodManager: startInputReason = 1
01-12 14:56:46.609 23477 23477 E ArmVmp : Match on catch block at 0xc3 in for 0xa9
01-12 14:56:46.616 23477 23477 E ArmVmp : Match on catch block at 0xc3 in for 0xa1
01-12 14:56:46.674 23477 23477 E SpannableStringBuilder: SPAN_EXCLUSIVE_EXCLUSIVE
spans cannot have a zero length
01-12 14:56:46.830 23477 24012 W libEGL : EGLNativeWindowType 0x718fe8b010
disconnect failed
01-12 14:56:46.932 23477 23477 E ArmVmp : Match on catch block at 0xc3 in for 0xa9
01-12 14:56:46.936 23477 23477 E ArmVmp : Match on catch block at 0xc3 in for 0xa1
01-12 14:56:46.969 23477 23477 W InputMethodManager: startInputReason = 1
01-12 14:56:47.207 23477 24012 W libEGL : EGLNativeWindowType 0x71c8d2d010
disconnect failed
01-12 14:56:47.214 23477 23477 E ArmVmp : Match on catch block at 0xc3 in for 0xa5
01-12 14:56:47.219 23477 23477 E ArmVmp : Match on catch block at 0xc3 in for 0xa9
01-12 14:56:47.647 23477 24012 W libEGL : EGLNativeWindowType 0x718fe8b010
disconnect failed
--------- beginning of system
--------- beginning of main
01-12 14:56:15.484 23477 23477 E ArmVmp : Match on catch block at 0xc3 in for 0xa1
01-12 14:56:15.495 23477 23477 E ArmVmp : Match on catch block at 0xc3 in for 0xa5
01-12 14:56:15.556 23477 23477 E ArmVmp : Match on catch block at 0xc3 in for 0xa5
01-12 14:56:15.565 23477 23477 E ArmVmp : Match on catch block at 0xc3 in for 0xa9
01-12 14:56:16.053 23477 23477 E ArmVmp : Match on catch block at 0xc3 in for 0xa1
01-12 14:56:16.065 23477 23477 E ArmVmp : Match on catch block at 0xc3 in for 0xa5
01-12 14:56:16.103 23477 23477 E ArmVmp : Match on catch block at 0xc3 in for 0xa1
01-12 14:56:16.114 23477 23477 E ArmVmp : Match on catch block at 0xc3 in for 0xa5
01-12 14:56:16.728 23477 23477 E ArmVmp : Match on catch block at 0xc3 in for 0xa1
01-12 14:56:16.735 23477 23477 E ArmVmp : Match on catch block at 0xc3 in for 0xa5
01-12 14:56:16.764 23477 23477 E ArmVmp : Match on catch block at 0xc3 in for 0xa5
01-12 14:56:16.771 23477 23477 E ArmVmp : Match on catch block at 0xc3 in for 0xa9
01-12 14:56:16.802 23477 23477 E ArmVmp : Match on catch block at 0xc3 in for 0xa9
01-12 14:56:16.811 23477 23477 E ArmVmp : Match on catch block at 0xc3 in for 0xa1
01-12 14:56:16.919 23477 23477 E ArmVmp : Match on catch block at 0xc3 in for 0xa5
01-12 14:56:16.937 23477 23477 E ArmVmp : Match on catch block at 0xc3 in for 0xa9
01-12 14:56:16.987 23477 23477 E ArmVmp : Match on catch block at 0xc3 in for 0xa1
01-12 14:56:17.000 23477 23477 E ArmVmp : Match on catch block at 0xc3 in for 0xa5
01-12 14:56:17.033 23477 23477 E ArmVmp : Match on catch block at 0xc3 in for 0xa9
01-12 14:56:17.048 23477 23477 E ArmVmp : Match on catch block at 0xc3 in for 0xa1
01-12 14:56:17.065 23477 23477 E ArmVmp : Match on catch block at 0xc3 in for 0xa5
01-12 14:56:17.085 23477 23477 E ArmVmp : Match on catch block at 0xc3 in for 0xa9
01-12 14:56:17.113 23477 23477 E ArmVmp : Match on catch block at 0xc3 in for 0xa9
01-12 14:56:17.123 23477 23477 E ArmVmp : Match on catch block at 0xc3 in for 0xa1
01-12 14:56:17.183 23477 23477 E ArmVmp : Match on catch block at 0xc3 in for 0xa9
01-12 14:56:17.193 23477 23477 E ArmVmp : Match on catch block at 0xc3 in for 0xa1
01-12 14:56:17.291 23477 23477 E ArmVmp : Match on catch block at 0xc3 in for 0xa1
01-12 14:56:17.299 23477 23477 E ArmVmp : Match on catch block at 0xc3 in for 0xa5
01-12 14:56:17.798 23477 23477 E ArmVmp : Match on catch block at 0xc3 in for 0xa1
01-12 14:56:17.809 23477 23477 E ArmVmp : Match on catch block at 0xc3 in for 0xa5
01-12 14:56:18.296 23477 23477 E ArmVmp : Match on catch block at 0xc3 in for 0xa5
01-12 14:56:18.313 23477 23477 E ArmVmp : Match on catch block at 0xc3 in for 0xa9
01-12 14:56:18.726 23477 23477 E ArmVmp : Match on catch block at 0xc3 in for 0xa9
01-12 14:56:18.740 23477 23477 E ArmVmp : Match on catch block at 0xc3 in for 0xa1
01-12 14:56:18.770 23477 24012 W libEGL : EGLNativeWindowType 0x71b8f78010
disconnect failed
01-12 14:56:18.793 23477 23477 W InputEventReceiver: Attempted to finish an input
event but the input event receiver has already been disposed.
01-12 14:56:18.805 23477 23477 E ArmVmp : Match on catch block at 0xc3 in for 0xa5
01-12 14:56:18.819 23477 23477 E ArmVmp : Match on catch block at 0xc3 in for 0xa9
01-12 14:56:18.842 23477 23477 E ArmVmp : Match on catch block at 0xc3 in for 0xa9
01-12 14:56:18.857 23477 23477 E ArmVmp : Match on catch block at 0xc3 in for 0xa1
01-12 14:56:18.881 23477 23477 E ArmVmp : Match on catch block at 0xc3 in for 0xa1
01-12 14:56:18.894 23477 23477 E ArmVmp : Match on catch block at 0xc3 in for 0xa5
01-12 14:56:18.912 23477 23477 E ArmVmp : Match on catch block at 0xc3 in for 0xa5
01-12 14:56:18.924 23477 23477 E ArmVmp : Match on catch block at 0xc3 in for 0xa9
01-12 14:56:19.251 23477 23477 E ArmVmp : Match on catch block at 0xc3 in for 0xa9
01-12 14:56:19.261 23477 23477 E ArmVmp : Match on catch block at 0xc3 in for 0xa1
01-12 14:56:19.357 23477 23477 E ArmVmp : Match on catch block at 0xc3 in for 0xa1
01-12 14:56:19.367 23477 23477 E ArmVmp : Match on catch block at 0xc3 in for 0xa5
01-12 14:56:19.400 23477 23477 E ArmVmp : Match on catch block at 0xc3 in for 0xa5
01-12 14:56:19.411 23477 23477 E ArmVmp : Match on catch block at 0xc3 in for 0xa9
01-12 14:56:19.477 23477 23477 E ArmVmp : Match on catch block at 0xc3 in for 0xa1
01-12 14:56:19.499 23477 23477 E ArmVmp : Match on catch block at 0xc3 in for 0xa5
01-12 14:56:22.509 23477 24219 W HiTouch_HiTouchSensor: depended package hiTouch
does n't exist!
01-12 14:56:22.629 23477 23477 W InputMethodManager: startInputReason = 1
01-12 14:56:22.900 23477 24012 W libEGL : EGLNativeWindowType 0x718feef010
disconnect failed
01-12 14:56:24.050 23477 24012 W libEGL : EGLNativeWindowType 0x717d4c7010
disconnect failed
01-12 14:56:24.094 23477 23477 W InputEventReceiver: Attempted to finish an input
event but the input event receiver has already been disposed.
01-12 14:56:24.117 23477 23477 W InputMethodManager: startInputReason = 1
01-12 14:56:24.159 23477 23477 E ArmVmp : Match on catch block at 0xc3 in for 0xa9
01-12 14:56:24.177 23477 23477 E ArmVmp : Match on catch block at 0xc3 in for 0xa1
01-12 14:56:24.278 23477 23477 E SpannableStringBuilder: SPAN_EXCLUSIVE_EXCLUSIVE
spans cannot have a zero length
01-12 14:56:24.613 23477 23477 E ArmVmp : Match on catch block at 0xc3 in for 0xa5
01-12 14:56:24.625 23477 23477 E ArmVmp : Match on catch block at 0xc3 in for 0xa9
01-12 14:56:24.656 23477 23477 E ArmVmp : Match on catch block at 0xc3 in for 0xa9
01-12 14:56:24.670 23477 23477 E ArmVmp : Match on catch block at 0xc3 in for 0xa1
01-12 14:56:24.688 23477 23477 E ArmVmp : Match on catch block at 0xc3 in for 0xa1
01-12 14:56:24.698 23477 23477 E ArmVmp : Match on catch block at 0xc3 in for 0xa5
01-12 14:56:24.713 23477 23477 E ArmVmp : Match on catch block at 0xc3 in for 0xa5
01-12 14:56:24.725 23477 23477 E ArmVmp : Match on catch block at 0xc3 in for 0xa9
01-12 14:56:24.740 23477 23477 E ArmVmp : Match on catch block at 0xc3 in for 0xa9
01-12 14:56:24.752 23477 23477 E ArmVmp : Match on catch block at 0xc3 in for 0xa1
01-12 14:56:24.766 23477 23477 E ArmVmp : Match on catch block at 0xc3 in for 0xa1
01-12 14:56:24.778 23477 23477 E ArmVmp : Match on catch block at 0xc3 in for 0xa5
01-12 14:56:24.794 23477 23477 E ArmVmp : Match on catch block at 0xc3 in for 0xa5
01-12 14:56:24.804 23477 23477 E ArmVmp : Match on catch block at 0xc3 in for 0xa9
01-12 14:56:24.820 23477 23477 E ArmVmp : Match on catch block at 0xc3 in for 0xa9
01-12 14:56:24.831 23477 23477 E ArmVmp : Match on catch block at 0xc3 in for 0xa1
01-12 14:56:24.846 23477 23477 E ArmVmp : Match on catch block at 0xc3 in for 0xa1
01-12 14:56:24.854 23477 23477 E ArmVmp : Match on catch block at 0xc3 in for 0xa5
01-12 14:56:24.870 23477 23477 E ArmVmp : Match on catch block at 0xc3 in for 0xa5
01-12 14:56:24.880 23477 23477 E ArmVmp : Match on catch block at 0xc3 in for 0xa9
01-12 14:56:24.897 23477 23477 E ArmVmp : Match on catch block at 0xc3 in for 0xa9
01-12 14:56:24.908 23477 23477 E ArmVmp : Match on catch block at 0xc3 in for 0xa1
01-12 14:56:24.925 23477 23477 E ArmVmp : Match on catch block at 0xc3 in for 0xa1
01-12 14:56:24.936 23477 23477 E ArmVmp : Match on catch block at 0xc3 in for 0xa5
01-12 14:56:24.961 23477 23477 E ArmVmp : Match on catch block at 0xc3 in for 0xa5
01-12 14:56:24.968 23477 23477 E ArmVmp : Match on catch block at 0xc3 in for 0xa9
01-12 14:56:25.209 23477 23477 E ArmVmp : Match on catch block at 0xc3 in for 0xa1
01-12 14:56:25.220 23477 23477 E ArmVmp : Match on catch block at 0xc3 in for 0xa5
01-12 14:56:25.384 23477 23477 E ArmVmp : Match on catch block at 0xc3 in for 0xa9
