01-12 14:34:51.933 12458 12458 E ArmVmp : Match on catch block at 0xc3 in for 0xa9
01-12 14:34:51.936 12458 12458 E ArmVmp : Match on catch block at 0xc3 in for 0xa1
01-12 14:34:55.970 12458 12458 W com.mbwhatsapp: Accessing hidden method
Landroid/view/View;->setTransitionVisibility(I)V (dark greylist, linking)
01-12 14:34:55.988 12458 12458 W StaticLayout: maxLineHeight should not be -1.
maxLines:1 lineCount:1
01-12 14:34:55.993 12458 12458 W StaticLayout: maxLineHeight should not be -1.
maxLines:1 lineCount:1
01-12 14:34:56.648 12458 12458 W StaticLayout: maxLineHeight should not be -1.
maxLines:1 lineCount:1
01-12 14:34:56.650 12458 12458 W StaticLayout: maxLineHeight should not be -1.
maxLines:1 lineCount:1
01-12 14:34:57.656 12458 12458 W StaticLayout: maxLineHeight should not be -1.
maxLines:1 lineCount:1
01-12 14:34:57.661 12458 12458 W StaticLayout: maxLineHeight should not be -1.
maxLines:1 lineCount:1
01-12 14:34:57.662 12458 12458 W StaticLayout: maxLineHeight should not be -1.
maxLines:1 lineCount:1
01-12 14:34:57.663 12458 12458 W StaticLayout: maxLineHeight should not be -1.
maxLines:1 lineCount:1
01-12 14:34:57.863 12458 12458 W StaticLayout: maxLineHeight should not be -1.
maxLines:1 lineCount:1
01-12 14:34:57.979 12458 12458 W StaticLayout: maxLineHeight should not be -1.
maxLines:1 lineCount:1
01-12 14:34:58.027 12458 12458 W StaticLayout: maxLineHeight should not be -1.
maxLines:1 lineCount:1
01-12 14:34:59.502 12458 12458 E ArmVmp : Match on catch block at 0x0a in for
0x111
01-12 14:34:59.522 12458 14432 W HiTouch_HiTouchSensor: depended package hiTouch
does n't exist!
01-12 14:34:59.591 12458 12458 W InputMethodManager: startInputReason = 1
01-12 14:35:00.596 12458 12523 W libEGL : EGLNativeWindowType 0x71bbecc010
disconnect failed
01-12 14:35:00.640 12458 12458 W InputEventReceiver: Attempted to finish an input
event but the input event receiver has already been disposed.
01-12 14:35:00.658 12458 12458 W InputMethodManager: startInputReason = 1
01-12 14:35:01.865 12458 12458 W StaticLayout: maxLineHeight should not be -1.
maxLines:1 lineCount:1
01-12 14:35:01.873 12458 12458 W StaticLayout: maxLineHeight should not be -1.
maxLines:1 lineCount:1
01-12 14:35:02.391 12458 12469 E : [ZeroHung]zrhung_get_config: Get config
failed for wp[0x0008]
01-12 14:35:02.688 12458 12523 W libEGL : EGLNativeWindowType 0x71c5f15010
disconnect failed
01-12 14:35:07.386 12458 12469 E : [ZeroHung]zrhung_get_config: Get config
failed for wp[0x0008]
01-12 14:35:07.683 12458 13337 E : [ZeroHung]zrhung_get_config: Get config
failed for wp[0x0008]
01-12 14:35:38.788 12458 14817 W HiTouch_HiTouchSensor: depended package hiTouch
does n't exist!
01-12 14:35:38.891 12458 12458 W InputMethodManager: startInputReason = 1
01-12 14:35:38.928 12458 12458 W StaticLayout: maxLineHeight should not be -1.
maxLines:1 lineCount:1
01-12 14:35:38.951 12458 12458 W StaticLayout: maxLineHeight should not be -1.
maxLines:1 lineCount:1
01-12 14:35:40.943 12458 12523 W libEGL : EGLNativeWindowType 0x71c4794010
disconnect failed
01-12 14:35:40.957 12458 12523 W libEGL : EGLNativeWindowType 0x71c472a010
disconnect failed
01-12 14:35:45.912 12458 12469 E : [ZeroHung]zrhung_get_config: Get config
failed for wp[0x0008]
01-12 14:35:46.358 12458 13638 E : [ZeroHung]zrhung_get_config: Get config
failed for wp[0x0008]
01-12 14:36:15.085 12458 15031 W HiTouch_HiTouchSensor: depended package hiTouch
does n't exist!
01-12 14:36:15.207 12458 12458 W StaticLayout: maxLineHeight should not be -1.
maxLines:1 lineCount:1
01-12 14:36:15.271 12458 12458 W StaticLayout: maxLineHeight should not be -1.
maxLines:1 lineCount:1
01-12 14:36:16.537 12458 12523 W libEGL : EGLNativeWindowType 0x71ba959010
disconnect failed
01-12 14:36:16.570 12458 12458 W InputEventReceiver: Attempted to finish an input
event but the input event receiver has already been disposed.
01-12 14:36:16.571 12458 12458 W ViewRootImpl[HomeActivity]: Dropping event due to
root view being removed: MotionEvent { action=ACTION_MOVE, actionButton=0, id[0]=0,
x[0]=797.0, y[0]=1024.0, toolType[0]=TOOL_TYPE_FINGER, buttonState=0, metaState=0,
flags=0x0, edgeFlags=0x0, pointerCount=1, historySize=1, eventTime=345099485,
downTime=345099471, deviceId=6, source=0x1002 }
01-12 14:36:16.571 12458 12458 W InputEventReceiver: Attempted to finish an input
event but the input event receiver has already been disposed.
01-12 14:36:16.622 12458 12458 W InputMethodManager: startInputReason = 1
01-12 14:36:17.285 12458 12523 W libEGL : EGLNativeWindowType 0x71ba8c4010
disconnect failed
01-12 14:36:17.338 12458 12523 W libEGL : EGLNativeWindowType 0x71ba91f010
disconnect failed
01-12 14:36:17.652 12458 12458 W ActivityThread: handleWindowVisibility: no
activity for token android.os.BinderProxy@893f69d
01-12 14:36:17.719 12458 12458 W ActivityThread: handleWindowVisibility: no
activity for token android.os.BinderProxy@ab48d4b
01-12 14:36:17.893 12458 12458 E ArmVmp : Match on catch block at 0x0a in for 0xc5
01-12 14:36:17.903 12458 12458 E ArmVmp : Match on catch block at 0x0a in for
0x139
01-12 14:36:17.983 12458 12469 E : [ZeroHung]zrhung_get_config: Get config
failed for wp[0x0008]
01-12 14:36:18.037 12458 15044 W HiTouch_HiTouchSensor: depended package hiTouch
does n't exist!
01-12 14:36:18.047 12458 15045 W HiTouch_HiTouchSensor: depended package hiTouch
does n't exist!
01-12 14:36:18.124 12458 12458 W StaticLayout: maxLineHeight should not be -1.
maxLines:1 lineCount:1
01-12 14:36:18.131 12458 12458 W StaticLayout: maxLineHeight should not be -1.
maxLines:1 lineCount:1
01-12 14:36:18.146 12458 12458 W StaticLayout: maxLineHeight should not be -1.
maxLines:1 lineCount:1
01-12 14:36:18.146 12458 12458 W StaticLayout: maxLineHeight should not be -1.
maxLines:1 lineCount:1
01-12 14:36:18.287 12458 12458 E RecyclerView: No adapter attached; skipping layout
01-12 14:36:18.348 12458 12458 E RecyclerView: No adapter attached; skipping layout
01-12 14:36:18.436 12458 12458 E ArmVmp : Match on catch block at 0x0a in for 0xd5
01-12 14:36:18.582 12458 12458 E ArmVmp : Match on catch block at 0x5b in for 0x85
01-12 14:36:19.972 12458 12523 W libEGL : EGLNativeWindowType 0x719eff8010
disconnect failed
01-12 14:36:20.686 12458 12523 W libEGL : EGLNativeWindowType 0x719cebc010
disconnect failed
01-12 14:36:21.337 12458 12469 E : [ZeroHung]zrhung_get_config: Get config
failed for wp[0x0008]
01-12 14:36:25.288 12458 12458 W ActivityThread: handleWindowVisibility: no
activity for token android.os.BinderProxy@6b02a68
01-12 14:36:25.366 12458 12458 W ActivityThread: handleWindowVisibility: no
activity for token android.os.BinderProxy@dac374f
01-12 14:36:25.507 12458 12458 E ArmVmp : Match on catch block at 0x0a in for 0xc1
01-12 14:36:25.517 12458 12458 E ArmVmp : Match on catch block at 0x0a in for
0x135
01-12 14:36:25.638 12458 15270 W HiTouch_HiTouchSensor: depended package hiTouch
does n't exist!
01-12 14:36:25.652 12458 15272 W HiTouch_HiTouchSensor: depended package hiTouch
does n't exist!
01-12 14:36:25.709 12458 12458 W StaticLayout: maxLineHeight should not be -1.
maxLines:1 lineCount:1
01-12 14:36:25.709 12458 12458 W StaticLayout: maxLineHeight should not be -1.
maxLines:1 lineCount:1
01-12 14:36:25.709 12458 12458 W StaticLayout: maxLineHeight should not be -1.
maxLines:1 lineCount:1
01-12 14:36:25.717 12458 12458 W StaticLayout: maxLineHeight should not be -1.
maxLines:1 lineCount:1
01-12 14:36:25.734 12458 12458 W StaticLayout: maxLineHeight should not be -1.
maxLines:1 lineCount:1
01-12 14:36:25.734 12458 12458 W StaticLayout: maxLineHeight should not be -1.
maxLines:1 lineCount:1
01-12 14:36:25.847 12458 12458 E RecyclerView: No adapter attached; skipping layout
01-12 14:36:25.857 12458 12458 E ArmVmp : Match on catch block at 0x0a in for 0xd1
01-12 14:36:25.892 12458 12458 E RecyclerView: No adapter attached; skipping layout
01-12 14:36:26.016 12458 12469 E : [ZeroHung]zrhung_get_config: Get config
failed for wp[0x0008]
01-12 14:36:26.136 12458 12458 E ArmVmp : Match on catch block at 0x5b in for 0x81
01-12 14:36:26.903 12458 12523 W libEGL : EGLNativeWindowType 0x71c5e2c010
disconnect failed
01-12 14:36:26.967 12458 12458 W ActivityThread: handleWindowVisibility: no
activity for token android.os.BinderProxy@1b471b6
01-12 14:36:27.057 12458 15277 W HiTouch_HiTouchSensor: depended package hiTouch
does n't exist!
01-12 14:36:27.157 12458 12458 W InputMethodManager: startInputReason = 1
01-12 14:36:27.372 12458 12523 W libEGL : EGLNativeWindowType 0x71c5e79010
disconnect failed
01-12 14:36:28.527 12458 12458 W ActivityThread: handleWindowVisibility: no
activity for token android.os.BinderProxy@fbcd740
01-12 14:36:28.608 12458 15285 W HiTouch_HiTouchSensor: depended package hiTouch
does n't exist!
01-12 14:36:28.672 12458 12458 W InputMethodManager: startInputReason = 1
01-12 14:36:28.906 12458 12523 W libEGL : EGLNativeWindowType 0x71bbf33010
disconnect failed
01-12 14:36:30.246 12458 15290 W HiTouch_HiTouchSensor: depended package hiTouch
does n't exist!
01-12 14:36:30.798 12458 12469 E : [ZeroHung]zrhung_get_config: Get config
failed for wp[0x0008]
01-12 14:36:31.545 12458 12501 W com.mbwhatsapp: Unknown chunk type '200'.
01-12 14:36:32.436 12458 12523 W libEGL : EGLNativeWindowType 0x71b7f6e010
disconnect failed
01-12 14:36:32.622 12458 15295 W HiTouch_HiTouchSensor: depended package hiTouch
does n't exist!
01-12 14:36:33.785 12458 12523 W libEGL : EGLNativeWindowType 0x71c5b2f010
disconnect failed
01-12 14:36:34.150 12458 12458 W ActivityThread: handleWindowVisibility: no
activity for token android.os.BinderProxy@f391fe1
01-12 14:36:34.232 12458 15311 W HiTouch_HiTouchSensor: depended package hiTouch
does n't exist!
01-12 14:36:34.241 12458 15312 W HiTouch_HiTouchSensor: depended package hiTouch
does n't exist!
01-12 14:36:34.519 12458 12523 W libEGL : EGLNativeWindowType 0x719f8ca010
disconnect failed
01-12 14:36:34.949 12458 12523 W libEGL : EGLNativeWindowType 0x716fa88010
disconnect failed
01-12 14:36:35.030 12458 12458 W InputMethodManager: startInputReason = 1
01-12 14:36:35.206 12458 15314 W HiTouch_HiTouchSensor: depended package hiTouch
does n't exist!
01-12 14:36:35.288 12458 12458 W IInputConnectionWrapper: requestCursorAnchorInfo
on inactive InputConnection
01-12 14:36:37.276 12458 12523 W libEGL : EGLNativeWindowType 0x71b7fe9010
disconnect failed
01-12 14:36:39.214 12458 12523 W libEGL : EGLNativeWindowType 0x716fbff010
disconnect failed
01-12 14:36:44.197 12458 12469 E : [ZeroHung]zrhung_get_config: Get config
failed for wp[0x0008]
01-12 14:36:44.557 12458 13883 E : [ZeroHung]zrhung_get_config: Get config
failed for wp[0x0008]
01-12 14:36:46.189 12458 12458 W InputMethodManager: startInputReason = 1
01-12 14:36:51.197 12458 12523 W libEGL : EGLNativeWindowType 0x716fbff010
disconnect failed
01-12 14:36:53.980 12458 12458 W InputMethodManager: startInputReason = 1
01-12 14:37:04.052 12458 12523 W libEGL : EGLNativeWindowType 0x716fbff010
disconnect failed
01-12 14:37:09.025 12458 12469 E : [ZeroHung]zrhung_get_config: Get config
failed for wp[0x0008]
01-12 14:37:09.368 12458 13883 E : [ZeroHung]zrhung_get_config: Get config
failed for wp[0x0008]
01-12 14:37:12.780 12458 12458 W InputMethodManager: startInputReason = 1
01-12 14:37:15.601 12458 12458 W com.mbwhatsapp: Unknown chunk type '200'.
01-12 14:37:17.890 12458 12523 W libEGL : EGLNativeWindowType 0x719eec8010
disconnect failed
01-12 14:37:17.915 12458 12523 W libEGL : EGLNativeWindowType 0x719eea0010
disconnect failed
01-12 14:37:18.084 12458 12523 W libEGL : EGLNativeWindowType 0x719cfc8010
disconnect failed
01-12 14:37:18.135 12458 15626 W HiTouch_HiTouchSensor: depended package hiTouch
does n't exist!
01-12 14:37:18.276 12458 12521 W com.mbwhatsapp: Unknown chunk type '200'.
01-12 14:37:19.296 12458 12523 W libEGL : EGLNativeWindowType 0x719cfc8010
disconnect failed
01-12 14:37:19.341 12458 12458 W InputMethodManager: startInputReason = 3
01-12 14:37:23.970 12458 12523 W libEGL : EGLNativeWindowType 0x716fbff010
disconnect failed
01-12 14:37:28.935 12458 12469 E : [ZeroHung]zrhung_get_config: Get config
failed for wp[0x0008]
01-12 14:37:29.393 12458 12521 E : [ZeroHung]zrhung_get_config: Get config
failed for wp[0x0008]
01-12 14:37:30.766 12458 12458 W InputMethodManager: startInputReason = 1
01-12 14:37:33.636 12458 15674 W HiTouch_HiTouchSensor: depended package hiTouch
does n't exist!
01-12 14:37:33.681 12458 12458 W InputMethodManager: startInputReason = 1
01-12 14:37:33.766 12458 12458 W IInputConnectionWrapper: requestCursorAnchorInfo
on inactive InputConnection
01-12 14:37:35.356 12458 12523 W libEGL : EGLNativeWindowType 0x71c5b81010
disconnect failed
01-12 14:37:35.408 12458 12458 W InputMethodManager: startInputReason = 1
01-12 14:37:35.852 12458 15676 W HiTouch_HiTouchSensor: depended package hiTouch
does n't exist!
01-12 14:37:37.357 12458 12523 W libEGL : EGLNativeWindowType 0x71a43ad010
disconnect failed
01-12 14:37:37.540 12458 12458 W ActivityThread: handleWindowVisibility: no
activity for token android.os.BinderProxy@7a32c5f
01-12 14:37:37.634 12458 15685 W HiTouch_HiTouchSensor: depended package hiTouch
does n't exist!
01-12 14:37:37.675 12458 12458 W InputMethodManager: startInputReason = 1
01-12 14:37:37.693 12458 12458 W IInputConnectionWrapper: requestCursorAnchorInfo
on inactive InputConnection
01-12 14:37:37.728 12458 13337 W com.mbwhatsapp: Unknown chunk type '200'.
01-12 14:37:37.948 12458 12523 W libEGL : EGLNativeWindowType 0x716fbff010
disconnect failed
01-12 14:37:41.893 12458 12523 W libEGL : EGLNativeWindowType 0x719f90e010
disconnect failed
01-12 14:37:45.721 12458 12458 W InputMethodManager: startInputReason = 1
01-12 14:37:49.488 12458 12523 W libEGL : EGLNativeWindowType 0x719f90e010
disconnect failed
01-12 14:37:54.625 12458 12458 W InputMethodManager: startInputReason = 1
01-12 14:37:57.233 12458 12458 W com.mbwhatsapp: Unknown chunk type '200'.
01-12 14:37:57.421 12458 12469 E : [ZeroHung]zrhung_get_config: Get config
failed for wp[0x0008]
01-12 14:37:58.525 12458 12523 W libEGL : EGLNativeWindowType 0x71a34a3010
disconnect failed
01-12 14:37:58.552 12458 12523 W libEGL : EGLNativeWindowType 0x71a34a2010
disconnect failed
01-12 14:37:58.690 12458 12523 W libEGL : EGLNativeWindowType 0x71a429b010
disconnect failed
01-12 14:37:58.754 12458 15845 W HiTouch_HiTouchSensor: depended package hiTouch
does n't exist!
01-12 14:37:58.910 12458 13638 W com.mbwhatsapp: Unknown chunk type '200'.
01-12 14:38:00.330 12458 12523 W libEGL : EGLNativeWindowType 0x71a429b010
disconnect failed
01-12 14:38:00.478 12458 15854 W HiTouch_HiTouchSensor: depended package hiTouch
does n't exist!
01-12 14:38:01.512 12458 12458 W ActivityThread: handleWindowVisibility: no
activity for token android.os.BinderProxy@9b80457
01-12 14:38:01.642 12458 15856 W HiTouch_HiTouchSensor: depended package hiTouch
does n't exist!
01-12 14:38:01.702 12458 12458 W InputMethodManager: startInputReason = 1
01-12 14:38:01.730 12458 12458 W IInputConnectionWrapper: requestCursorAnchorInfo
on inactive InputConnection
01-12 14:38:01.935 12458 12523 W libEGL : EGLNativeWindowType 0x71c5f67010
disconnect failed
01-12 14:38:01.948 12458 12523 W libEGL : EGLNativeWindowType 0x719f90e010
disconnect failed
01-12 14:38:02.056 12458 15868 W LibraryVersion: Failed to get app version for
libraryName: firebase-iid
01-12 14:38:02.636 12458 12469 E : [ZeroHung]zrhung_get_config: Get config
failed for wp[0x0008]
01-12 14:38:03.034 12458 15874 W HiTouch_HiTouchSensor: depended package hiTouch
does n't exist!
01-12 14:38:03.077 12458 12458 W InputMethodManager: startInputReason = 1
01-12 14:38:03.330 12458 12458 W IInputConnectionWrapper: requestCursorAnchorInfo
on inactive InputConnection
01-12 14:38:06.099 12458 12469 E : [ZeroHung]zrhung_get_config: Get config
failed for wp[0x0008]
01-12 14:38:06.889 12458 12458 W ActivityThread: handleWindowVisibility: no
activity for token android.os.BinderProxy@727720e
01-12 14:38:06.937 12458 12458 W ActivityThread: handleWindowVisibility: no
activity for token android.os.BinderProxy@b4a78ed
01-12 14:38:07.087 12458 12458 E ArmVmp : Match on catch block at 0x0a in for 0xc5
01-12 14:38:07.097 12458 12458 E ArmVmp : Match on catch block at 0x0a in for
0x139
01-12 14:38:07.206 12458 15901 W HiTouch_HiTouchSensor: depended package hiTouch
does n't exist!
01-12 14:38:07.310 12458 12458 W StaticLayout: maxLineHeight should not be -1.
maxLines:1 lineCount:1
01-12 14:38:07.311 12458 12458 W StaticLayout: maxLineHeight should not be -1.
maxLines:1 lineCount:1
01-12 14:38:07.318 12458 12458 W StaticLayout: maxLineHeight should not be -1.
maxLines:1 lineCount:1
01-12 14:38:07.319 12458 12458 W StaticLayout: maxLineHeight should not be -1.
maxLines:1 lineCount:1
01-12 14:38:07.336 12458 12458 W StaticLayout: maxLineHeight should not be -1.
maxLines:1 lineCount:1
01-12 14:38:07.337 12458 12458 W StaticLayout: maxLineHeight should not be -1.
maxLines:1 lineCount:1
01-12 14:38:07.466 12458 12458 E RecyclerView: No adapter attached; skipping layout
01-12 14:38:07.474 12458 12458 E ArmVmp : Match on catch block at 0x0a in for 0xd9
01-12 14:38:07.506 12458 12458 E RecyclerView: No adapter attached; skipping layout
01-12 14:38:07.650 12458 12458 W InputMethodManager: startInputReason = 1
01-12 14:38:07.680 12458 12523 W libEGL : EGLNativeWindowType 0x71a4320010
disconnect failed
01-12 14:38:07.686 12458 12523 W libEGL : EGLNativeWindowType 0x71bbfe6010
disconnect failed
01-12 14:38:07.718 12458 12458 E ArmVmp : Match on catch block at 0x5b in for 0x81
01-12 14:38:07.780 12458 12458 W com.mbwhatsapp: type=1400 audit(0.0:1629168): avc:
denied { read } for comm=4D42576861747341707020576F726B
name="u:object_r:product_platform_prop:s0" dev="tmpfs" ino=2585
scontext=u:r:untrusted_app:s0:c223,c256,c512,c768
tcontext=u:object_r:product_platform_prop:s0 tclass=file permissive=0
01-12 14:38:07.786 12458 15865 E libc : Access denied finding property
"ro.kirin.product.platform"
01-12 14:38:07.786 12458 15865 E HwExtendedCodec: mime: video/av01 matching
compontent failed!
01-12 14:38:07.787 12458 15865 W MediaCodec-JNI: try to release MediaCodec from
JMediaCodec::~JMediaCodec()...
01-12 14:38:07.787 12458 15865 W MediaCodec-JNI: done releasing MediaCodec from
JMediaCodec::~JMediaCodec().
01-12 14:38:07.788 12458 15865 E libc : Access denied finding property
"ro.kirin.product.platform"
01-12 14:38:07.788 12458 15865 E HwExtendedCodec: mime: video/hevc matching
compontent failed!
01-12 14:38:07.820 12458 12458 W com.mbwhatsapp: type=1400 audit(0.0:1629170): avc:
denied { read } for comm=4D42576861747341707020576F726B
name="u:object_r:product_platform_prop:s0" dev="tmpfs" ino=2585
scontext=u:r:untrusted_app:s0:c223,c256,c512,c768
tcontext=u:object_r:product_platform_prop:s0 tclass=file permissive=0
01-12 14:38:07.823 12458 15865 E libc : Access denied finding property
"ro.kirin.product.platform"
01-12 14:38:07.823 12458 15865 E HwExtendedCodec: mime: video/av01 matching
compontent failed!
01-12 14:38:07.823 12458 15865 W MediaCodec-JNI: try to release MediaCodec from
JMediaCodec::~JMediaCodec()...
01-12 14:38:07.824 12458 15865 W MediaCodec-JNI: done releasing MediaCodec from
JMediaCodec::~JMediaCodec().
01-12 14:38:07.825 12458 15865 E libc : Access denied finding property
"ro.kirin.product.platform"
01-12 14:38:07.825 12458 15865 E HwExtendedCodec: mime: video/hevc matching
compontent failed!
01-12 14:38:09.879 12458 12469 E : [ZeroHung]zrhung_get_config: Get config
failed for wp[0x0008]
01-12 14:38:10.606 12458 12523 W libEGL : EGLNativeWindowType 0x71c477f010
disconnect failed
01-12 14:38:15.601 12458 12469 E : [ZeroHung]zrhung_get_config: Get config
failed for wp[0x0008]
01-12 14:38:15.955 12458 13229 E : [ZeroHung]zrhung_get_config: Get config
failed for wp[0x0008]
01-12 14:38:39.953 12458 12458 W InputMethodManager: startInputReason = 1
01-12 14:38:42.493 12458 12458 E ArmVmp : Match on catch block at 0x0a in for
0x171
01-12 14:38:42.516 12458 16368 W HiTouch_HiTouchSensor: depended package hiTouch
does n't exist!
01-12 14:38:43.295 12458 12458 W InputMethodManager: startInputReason = 1
01-12 14:38:44.787 12458 12523 W libEGL : EGLNativeWindowType 0x71c4727010
disconnect failed
01-12 14:38:44.828 12458 12458 W InputEventReceiver: Attempted to finish an input
event but the input event receiver has already been disposed.
01-12 14:38:44.842 12458 12458 W InputMethodManager: startInputReason = 1
01-12 14:38:47.994 12458 12458 E ArmVmp : Match on catch block at 0x0a in for
0x175
01-12 14:38:48.026 12458 16418 W HiTouch_HiTouchSensor: depended package hiTouch
does n't exist!
01-12 14:38:48.342 12458 12458 W InputMethodManager: startInputReason = 1
01-12 14:38:51.707 12458 12523 W libEGL : EGLNativeWindowType 0x719cfc9010
disconnect failed
01-12 14:38:51.734 12458 12458 W ActivityThread: handleWindowVisibility: no
activity for token android.os.BinderProxy@a155d58
01-12 14:38:51.917 12458 12458 E ArmVmp : Match on catch block at 0x0a in for 0xc1
01-12 14:38:51.920 12458 12458 E ArmVmp : Match on catch block at 0x0a in for 0xc1
01-12 14:38:51.977 12458 16423 W HiTouch_HiTouchSensor: depended package hiTouch
does n't exist!
01-12 14:38:52.043 12458 12458 E ArmVmp : Match on catch block at 0xc3 in for 0xb5
01-12 14:38:52.089 12458 12458 E ArmVmp : Match on catch block at 0xc3 in for 0xb5
01-12 14:38:52.108 12458 12458 E ArmVmp : Match on catch block at 0xc3 in for 0xa5
01-12 14:38:52.111 12458 12458 E ArmVmp : Match on catch block at 0xc3 in for 0xa9
01-12 14:38:52.136 12458 12458 W InputMethodManager: startInputReason = 1
01-12 14:38:52.149 12458 12458 E ArmVmp : Match on catch block at 0xc3 in for 0xa5
01-12 14:38:52.153 12458 12458 E ArmVmp : Match on catch block at 0xc3 in for 0xa9
01-12 14:38:52.170 12458 12458 E ArmVmp : Match on catch block at 0xc3 in for 0xa1
01-12 14:38:52.173 12458 12458 E ArmVmp : Match on catch block at 0xc3 in for 0xa5
01-12 14:38:52.184 12458 12458 E ArmVmp : Match on catch block at 0xc3 in for 0xa5
01-12 14:38:52.187 12458 12458 E ArmVmp : Match on catch block at 0xc3 in for 0xa9
01-12 14:38:52.200 12458 12458 E ArmVmp : Match on catch block at 0xc3 in for 0xa9
01-12 14:38:52.203 12458 12458 E ArmVmp : Match on catch block at 0xc3 in for 0xa1
01-12 14:38:52.217 12458 12458 E ArmVmp : Match on catch block at 0xc3 in for 0xa1
01-12 14:38:52.222 12458 12469 E : [ZeroHung]zrhung_get_config: Get config
failed for wp[0x0008]
01-12 14:38:52.223 12458 12458 E ArmVmp : Match on catch block at 0xc3 in for 0xa5
01-12 14:38:52.233 12458 12458 E ArmVmp : Match on catch block at 0xc3 in for 0xa5
01-12 14:38:52.238 12458 12458 E ArmVmp : Match on catch block at 0xc3 in for 0xa9
01-12 14:38:52.250 12458 12458 E ArmVmp : Match on catch block at 0xc3 in for 0xa9
01-12 14:38:52.254 12458 12458 E ArmVmp : Match on catch block at 0xc3 in for 0xa1
01-12 14:38:52.266 12458 12458 E ArmVmp : Match on catch block at 0xc3 in for 0xa1
01-12 14:38:52.271 12458 12458 E ArmVmp : Match on catch block at 0xc3 in for 0xa5
01-12 14:38:52.283 12458 12458 E ArmVmp : Match on catch block at 0xc3 in for 0xa5
01-12 14:38:52.286 12458 12458 E ArmVmp : Match on catch block at 0xc3 in for 0xa9
01-12 14:38:52.299 12458 12458 E ArmVmp : Match on catch block at 0xc3 in for 0xa9
01-12 14:38:52.304 12458 12458 E ArmVmp : Match on catch block at 0xc3 in for 0xa1
01-12 14:38:52.389 12458 12523 W libEGL : EGLNativeWindowType 0x71c477f010
disconnect failed
01-12 14:38:52.649 12458 12458 E ArmVmp : Match on catch block at 0xc3 in for 0xa1
01-12 14:38:52.662 12458 12458 E ArmVmp : Match on catch block at 0xc3 in for 0xa5
01-12 14:38:52.781 12458 12458 E ArmVmp : Match on catch block at 0xc3 in for 0xa5
01-12 14:38:52.792 12458 12458 E ArmVmp : Match on catch block at 0xc3 in for 0xa9
01-12 14:38:52.814 12458 12458 E ArmVmp : Match on catch block at 0xc3 in for 0xa9
01-12 14:38:52.826 12458 12458 E ArmVmp : Match on catch block at 0xc3 in for 0xa1
01-12 14:38:52.850 12458 12458 E ArmVmp : Match on catch block at 0xc3 in for 0xa1
01-12 14:38:52.866 12458 12458 E ArmVmp : Match on catch block at 0xc3 in for 0xa5
01-12 14:38:52.896 12458 12458 E ArmVmp : Match on catch block at 0xc3 in for 0xa5
01-12 14:38:52.906 12458 12458 E ArmVmp : Match on catch block at 0xc3 in for 0xa9
01-12 14:38:52.929 12458 12458 E ArmVmp : Match on catch block at 0xc3 in for 0xa9
01-12 14:38:52.940 12458 12458 E ArmVmp : Match on catch block at 0xc3 in for 0xa1
01-12 14:38:52.965 12458 12458 E ArmVmp : Match on catch block at 0xc3 in for 0xa1
01-12 14:38:52.974 12458 12458 E ArmVmp : Match on catch block at 0xc3 in for 0xa5
01-12 14:38:52.995 12458 12458 E ArmVmp : Match on catch block at 0xc3 in for 0xa5
01-12 14:38:53.004 12458 12458 E ArmVmp : Match on catch block at 0xc3 in for 0xa9
01-12 14:38:53.028 12458 12458 E ArmVmp : Match on catch block at 0xc3 in for 0xa1
01-12 14:38:53.040 12458 12458 E ArmVmp : Match on catch block at 0xc3 in for 0xa5
01-12 14:38:53.065 12458 12458 E ArmVmp : Match on catch block at 0xc3 in for 0xa9
01-12 14:38:53.076 12458 12458 E ArmVmp : Match on catch block at 0xc3 in for 0xa1
01-12 14:38:53.095 12458 12458 E ArmVmp : Match on catch block at 0xc3 in for 0xa5
01-12 14:38:53.106 12458 12458 E ArmVmp : Match on catch block at 0xc3 in for 0xa9
01-12 14:38:53.128 12458 12458 E ArmVmp : Match on catch block at 0xc3 in for 0xa1
01-12 14:38:53.137 12458 12458 E ArmVmp : Match on catch block at 0xc3 in for 0xa5
01-12 14:38:53.158 12458 12458 E ArmVmp : Match on catch block at 0xc3 in for 0xa9
01-12 14:38:53.169 12458 12458 E ArmVmp : Match on catch block at 0xc3 in for 0xa1
01-12 14:38:53.191 12458 12458 E ArmVmp : Match on catch block at 0xc3 in for 0xa5
01-12 14:38:53.206 12458 12458 E ArmVmp : Match on catch block at 0xc3 in for 0xa9
01-12 14:38:53.226 12458 12458 E ArmVmp : Match on catch block at 0xc3 in for 0xa1
01-12 14:38:53.237 12458 12458 E ArmVmp : Match on catch block at 0xc3 in for 0xa5
01-12 14:38:53.257 12458 12458 E ArmVmp : Match on catch block at 0xc3 in for 0xa9
01-12 14:38:53.267 12458 12458 E ArmVmp : Match on catch block at 0xc3 in for 0xa1
01-12 14:38:53.286 12458 12458 E ArmVmp : Match on catch block at 0xc3 in for 0xa5
01-12 14:38:53.301 12458 12458 E ArmVmp : Match on catch block at 0xc3 in for 0xa9
01-12 14:38:53.320 12458 12458 E ArmVmp : Match on catch block at 0xc3 in for 0xa1
01-12 14:38:53.333 12458 12458 E ArmVmp : Match on catch block at 0xc3 in for 0xa5
01-12 14:38:53.350 12458 12458 E ArmVmp : Match on catch block at 0xc3 in for 0xa9
01-12 14:38:53.362 12458 12458 E ArmVmp : Match on catch block at 0xc3 in for 0xa1
01-12 14:38:53.384 12458 12458 E ArmVmp : Match on catch block at 0xc3 in for 0xa1
01-12 14:38:53.393 12458 12458 E ArmVmp : Match on catch block at 0xc3 in for 0xa5
01-12 14:38:53.409 12458 12458 E ArmVmp : Match on catch block at 0xc3 in for 0xa9
01-12 14:38:53.419 12458 12458 E ArmVmp : Match on catch block at 0xc3 in for 0xa1
01-12 14:38:53.436 12458 12458 E ArmVmp : Match on catch block at 0xc3 in for 0xa5
01-12 14:38:53.446 12458 12458 E ArmVmp : Match on catch block at 0xc3 in for 0xa9
01-12 14:38:53.461 12458 12458 E ArmVmp : Match on catch block at 0xc3 in for 0xa1
01-12 14:38:53.470 12458 12458 E ArmVmp : Match on catch block at 0xc3 in for 0xa5
01-12 14:38:53.489 12458 12458 E ArmVmp : Match on catch block at 0xc3 in for 0xa9
01-12 14:38:53.497 12458 12458 E ArmVmp : Match on catch block at 0xc3 in for 0xa1
01-12 14:38:53.510 12458 12458 E ArmVmp : Match on catch block at 0xc3 in for 0xa5
01-12 14:38:53.518 12458 12458 E ArmVmp : Match on catch block at 0xc3 in for 0xa9
01-12 14:38:53.538 12458 12458 E ArmVmp : Match on catch block at 0xc3 in for 0xa1
01-12 14:38:53.551 12458 12458 E ArmVmp : Match on catch block at 0xc3 in for 0xa5
01-12 14:38:53.572 12458 12458 E ArmVmp : Match on catch block at 0xc3 in for 0xa9
01-12 14:38:53.584 12458 12458 E ArmVmp : Match on catch block at 0xc3 in for 0xa1
01-12 14:38:53.600 12458 12458 E ArmVmp : Match on catch block at 0xc3 in for 0xa9
01-12 14:38:53.611 12458 12458 E ArmVmp : Match on catch block at 0xc3 in for 0xa1
01-12 14:38:53.721 12458 12458 E ArmVmp : Match on catch block at 0xc3 in for 0xa5
01-12 14:38:53.727 12458 12458 E ArmVmp : Match on catch block at 0xc3 in for 0xa9
01-12 14:38:53.787 12458 12458 W InputMethodManager: startInputReason = 1
01-12 14:38:53.803 12458 12458 W IInputConnectionWrapper: requestCursorAnchorInfo
on inactive InputConnection
01-12 14:38:53.812 12458 12458 E ArmVmp : Match on catch block at 0xc3 in for 0xa9
01-12 14:38:53.816 12458 12458 E ArmVmp : Match on catch block at 0xc3 in for 0xa1
01-12 14:38:53.829 12458 12458 E ArmVmp : Match on catch block at 0xc3 in for 0xa1
01-12 14:38:53.833 12458 12458 E ArmVmp : Match on catch block at 0xc3 in for 0xa5
01-12 14:38:53.838 12458 12458 E ArmVmp : Match on catch block at 0xc3 in for 0xa5
01-12 14:38:53.842 12458 12458 E ArmVmp : Match on catch block at 0xc3 in for 0xa9
01-12 14:38:53.851 12458 12458 E ArmVmp : Match on catch block at 0xc3 in for 0xa1
01-12 14:38:53.856 12458 12458 E ArmVmp : Match on catch block at 0xc3 in for 0xa5
01-12 14:38:53.868 12458 12458 E ArmVmp : Match on catch block at 0xc3 in for 0xa5
01-12 14:38:53.871 12458 12458 E ArmVmp : Match on catch block at 0xc3 in for 0xa9
01-12 14:38:53.884 12458 12458 E ArmVmp : Match on catch block at 0xc3 in for 0xa9
01-12 14:38:53.890 12458 12458 E ArmVmp : Match on catch block at 0xc3 in for 0xa1
01-12 14:38:53.900 12458 12458 E ArmVmp : Match on catch block at 0xc3 in for 0xa1
01-12 14:38:53.904 12458 12458 E ArmVmp : Match on catch block at 0xc3 in for 0xa5
01-12 14:38:53.917 12458 12458 E ArmVmp : Match on catch block at 0xc3 in for 0xa5
01-12 14:38:53.921 12458 12458 E ArmVmp : Match on catch block at 0xc3 in for 0xa9
01-12 14:38:53.933 12458 12458 E ArmVmp : Match on catch block at 0xc3 in for 0xa9
01-12 14:38:53.938 12458 12458 E ArmVmp : Match on catch block at 0xc3 in for 0xa1
01-12 14:38:53.950 12458 12458 E ArmVmp : Match on catch block at 0xc3 in for 0xa1
01-12 14:38:53.953 12458 12458 E ArmVmp : Match on catch block at 0xc3 in for 0xa5
01-12 14:38:53.966 12458 12458 E ArmVmp : Match on catch block at 0xc3 in for 0xa5
01-12 14:38:53.971 12458 12458 E ArmVmp : Match on catch block at 0xc3 in for 0xa9
01-12 14:38:53.983 12458 12458 E ArmVmp : Match on catch block at 0xc3 in for 0xa9
01-12 14:38:53.988 12458 12458 E ArmVmp : Match on catch block at 0xc3 in for 0xa1
01-12 14:38:54.000 12458 12458 E ArmVmp : Match on catch block at 0xc3 in for 0xa1
01-12 14:38:54.005 12458 12458 E ArmVmp : Match on catch block at 0xc3 in for 0xa5
01-12 14:38:54.017 12458 12523 W libEGL : EGLNativeWindowType 0x71c4868010
disconnect failed
01-12 14:38:54.024 12458 12458 E ArmVmp : Match on catch block at 0xc3 in for 0xa5
01-12 14:38:54.030 12458 12458 E ArmVmp : Match on catch block at 0xc3 in for 0xa9
01-12 14:38:54.036 12458 12458 E ArmVmp : Match on catch block at 0xc3 in for 0xa9
01-12 14:38:54.039 12458 12458 E ArmVmp : Match on catch block at 0xc3 in for 0xa1
01-12 14:38:54.049 12458 12458 E ArmVmp : Match on catch block at 0xc3 in for 0xa1
01-12 14:38:54.054 12458 12458 E ArmVmp : Match on catch block at 0xc3 in for 0xa5
01-12 14:38:54.065 12458 12458 E ArmVmp : Match on catch block at 0xc3 in for 0xa5
01-12 14:38:54.071 12458 12458 E ArmVmp : Match on catch block at 0xc3 in for 0xa9
01-12 14:38:54.973 12458 12458 E ArmVmp : Match on catch block at 0x0a in for
0x175
01-12 14:38:55.004 12458 16430 W HiTouch_HiTouchSensor: depended package hiTouch
does n't exist!
01-12 14:38:55.354 12458 12458 W InputMethodManager: startInputReason = 1
01-12 14:38:56.431 12458 12523 W libEGL : EGLNativeWindowType 0x719ef8a010
disconnect failed
01-12 14:38:56.496 12458 12458 W InputMethodManager: startInputReason = 1
01-12 14:38:56.515 12458 12458 W ActivityThread: handleWindowVisibility: no
activity for token android.os.BinderProxy@5b97659
01-12 14:38:56.638 12458 16435 W HiTouch_HiTouchSensor: depended package hiTouch
does n't exist!
01-12 14:38:56.687 12458 12458 W InputMethodManager: startInputReason = 1
01-12 14:38:56.940 12458 12523 W libEGL : EGLNativeWindowType 0x71ca2d2010
disconnect failed
01-12 14:39:00.041 12458 12458 W ActivityThread: handleWindowVisibility: no
activity for token android.os.BinderProxy@4483809
01-12 14:39:00.158 12458 12458 E ArmVmp : Match on catch block at 0x0a in for 0xc9
01-12 14:39:00.160 12458 12458 E ArmVmp : Match on catch block at 0x0a in for 0xc5
01-12 14:39:00.184 12458 16438 W HiTouch_HiTouchSensor: depended package hiTouch
does n't exist!
01-12 14:39:00.261 12458 12458 E ArmVmp : Match on catch block at 0xc3 in for 0xb5
01-12 14:39:00.300 12458 12458 E ArmVmp : Match on catch block at 0xc3 in for 0xb5
01-12 14:39:00.309 12458 12458 E ArmVmp : Match on catch block at 0xc3 in for 0xa5
01-12 14:39:00.311 12458 12458 E ArmVmp : Match on catch block at 0xc3 in for 0xa9
01-12 14:39:00.356 12458 12458 E ArmVmp : Match on catch block at 0xc3 in for 0xa1
01-12 14:39:00.360 12458 12458 E ArmVmp : Match on catch block at 0xc3 in for 0xa5
01-12 14:39:00.382 12458 12458 W InputMethodManager: startInputReason = 1
01-12 14:39:00.392 12458 12458 E ArmVmp : Match on catch block at 0xc3 in for 0xa5
01-12 14:39:00.396 12458 12458 E ArmVmp : Match on catch block at 0xc3 in for 0xa9
01-12 14:39:00.409 12458 12523 W libEGL : EGLNativeWindowType 0x71a4540010
disconnect failed
01-12 14:39:00.415 12458 12458 E ArmVmp : Match on catch block at 0xc3 in for 0xa1
01-12 14:39:00.417 12458 12458 E ArmVmp : Match on catch block at 0xc3 in for 0xa5
01-12 14:39:00.437 12458 12458 E ArmVmp : Match on catch block at 0xc3 in for 0xa5
01-12 14:39:00.443 12458 12458 E ArmVmp : Match on catch block at 0xc3 in for 0xa9
01-12 14:39:00.454 12458 12458 E ArmVmp : Match on catch block at 0xc3 in for 0xa9
01-12 14:39:00.457 12458 12458 E ArmVmp : Match on catch block at 0xc3 in for 0xa1
01-12 14:39:00.470 12458 12458 E ArmVmp : Match on catch block at 0xc3 in for 0xa1
01-12 14:39:00.475 12458 12458 E ArmVmp : Match on catch block at 0xc3 in for 0xa5
01-12 14:39:00.486 12458 12458 E ArmVmp : Match on catch block at 0xc3 in for 0xa5
01-12 14:39:00.491 12458 12458 E ArmVmp : Match on catch block at 0xc3 in for 0xa9
01-12 14:39:00.503 12458 12458 E ArmVmp : Match on catch block at 0xc3 in for 0xa9
01-12 14:39:00.508 12458 12458 E ArmVmp : Match on catch block at 0xc3 in for 0xa1
01-12 14:39:00.570 12458 12523 W libEGL : EGLNativeWindowType 0x719cf6b010
disconnect failed
01-12 14:39:00.903 12458 12458 E ArmVmp : Match on catch block at 0xc3 in for 0xa1
01-12 14:39:00.915 12458 12458 E ArmVmp : Match on catch block at 0xc3 in for 0xa5
01-12 14:39:00.985 12458 12458 E ArmVmp : Match on catch block at 0xc3 in for 0xa5
01-12 14:39:00.999 12458 12458 E ArmVmp : Match on catch block at 0xc3 in for 0xa9
01-12 14:39:01.019 12458 12458 E ArmVmp : Match on catch block at 0xc3 in for 0xa9
01-12 14:39:01.034 12458 12458 E ArmVmp : Match on catch block at 0xc3 in for 0xa1
01-12 14:39:01.058 12458 12458 E ArmVmp : Match on catch block at 0xc3 in for 0xa9
01-12 14:39:01.069 12458 12458 E ArmVmp : Match on catch block at 0xc3 in for 0xa1
01-12 14:39:01.087 12458 12458 E ArmVmp : Match on catch block at 0xc3 in for 0xa5
01-12 14:39:01.098 12458 12458 E ArmVmp : Match on catch block at 0xc3 in for 0xa9
01-12 14:39:01.117 12458 12458 E ArmVmp : Match on catch block at 0xc3 in for 0xa1
01-12 14:39:01.128 12458 12458 E ArmVmp : Match on catch block at 0xc3 in for 0xa5
01-12 14:39:01.151 12458 12458 E ArmVmp : Match on catch block at 0xc3 in for 0xa9
01-12 14:39:01.160 12458 12458 E ArmVmp : Match on catch block at 0xc3 in for 0xa1
01-12 14:39:01.181 12458 12458 E ArmVmp : Match on catch block at 0xc3 in for 0xa5
01-12 14:39:01.191 12458 12458 E ArmVmp : Match on catch block at 0xc3 in for 0xa9
01-12 14:39:01.210 12458 12458 E ArmVmp : Match on catch block at 0xc3 in for 0xa9
01-12 14:39:01.223 12458 12458 E ArmVmp : Match on catch block at 0xc3 in for 0xa1
01-12 14:39:01.242 12458 12458 E ArmVmp : Match on catch block at 0xc3 in for 0xa5
01-12 14:39:01.254 12458 12458 E ArmVmp : Match on catch block at 0xc3 in for 0xa9
01-12 14:39:01.269 12458 12458 E ArmVmp : Match on catch block at 0xc3 in for 0xa1
01-12 14:39:01.281 12458 12458 E ArmVmp : Match on catch block at 0xc3 in for 0xa5
01-12 14:39:01.296 12458 12458 E ArmVmp : Match on catch block at 0xc3 in for 0xa9
01-12 14:39:01.306 12458 12458 E ArmVmp : Match on catch block at 0xc3 in for 0xa1
01-12 14:39:01.321 12458 12458 E ArmVmp : Match on catch block at 0xc3 in for 0xa5
01-12 14:39:01.330 12458 12458 E ArmVmp : Match on catch block at 0xc3 in for 0xa9
01-12 14:39:01.346 12458 12458 E ArmVmp : Match on catch block at 0xc3 in for 0xa1
01-12 14:39:01.356 12458 12458 E ArmVmp : Match on catch block at 0xc3 in for 0xa5
01-12 14:39:01.369 12458 12458 E ArmVmp : Match on catch block at 0xc3 in for 0xa9
01-12 14:39:01.381 12458 12458 E ArmVmp : Match on catch block at 0xc3 in for 0xa1
01-12 14:39:01.401 12458 12458 E ArmVmp : Match on catch block at 0xc3 in for 0xa5
01-12 14:39:01.422 12458 12458 E ArmVmp : Match on catch block at 0xc3 in for 0xa9
01-12 14:39:01.445 12458 12458 E ArmVmp : Match on catch block at 0xc3 in for 0xa5
01-12 14:39:01.457 12458 12458 E ArmVmp : Match on catch block at 0xc3 in for 0xa9
01-12 14:39:01.582 12458 12458 E ArmVmp : Match on catch block at 0xc3 in for 0xa9
01-12 14:39:01.590 12458 12458 E ArmVmp : Match on catch block at 0xc3 in for 0xa1
01-12 14:39:01.633 12458 12458 W InputMethodManager: startInputReason = 1
01-12 14:39:01.649 12458 12458 W IInputConnectionWrapper: requestCursorAnchorInfo
on inactive InputConnection
01-12 14:39:01.857 12458 12523 W libEGL : EGLNativeWindowType 0x71a2737010
disconnect failed
01-12 14:39:01.864 12458 12458 E ArmVmp : Match on catch block at 0xc3 in for 0xa9
01-12 14:39:01.870 12458 12458 E ArmVmp : Match on catch block at 0xc3 in for 0xa1
01-12 14:39:03.254 12458 12458 E ArmVmp : Match on catch block at 0x0a in for
0x175
01-12 14:39:03.297 12458 16439 W HiTouch_HiTouchSensor: depended package hiTouch
does n't exist!
01-12 14:39:03.569 12458 12469 E : [ZeroHung]zrhung_get_config: Get config
failed for wp[0x0008]
01-12 14:39:03.626 12458 12458 W InputMethodManager: startInputReason = 1
01-12 14:39:04.826 12458 12523 W libEGL : EGLNativeWindowType 0x71ba695010
disconnect failed
01-12 14:39:04.852 12458 12458 W ActivityThread: handleWindowVisibility: no
activity for token android.os.BinderProxy@f42bccc
01-12 14:39:04.962 12458 12458 E ArmVmp : Match on catch block at 0x0a in for 0xc1
01-12 14:39:04.964 12458 12458 E ArmVmp : Match on catch block at 0x0a in for 0xc9
01-12 14:39:04.995 12458 16443 W HiTouch_HiTouchSensor: depended package hiTouch
does n't exist!
01-12 14:39:05.058 12458 12458 E ArmVmp : Match on catch block at 0xc3 in for 0xb1
01-12 14:39:05.098 12458 12458 E ArmVmp : Match on catch block at 0xc3 in for 0xb1
01-12 14:39:05.111 12458 12458 E ArmVmp : Match on catch block at 0xc3 in for 0xa1
01-12 14:39:05.115 12458 12458 E ArmVmp : Match on catch block at 0xc3 in for 0xa5
01-12 14:39:05.140 12458 12458 W InputMethodManager: startInputReason = 1
01-12 14:39:05.155 12458 12458 E ArmVmp : Match on catch block at 0xc3 in for 0xa1
01-12 14:39:05.158 12458 12458 E ArmVmp : Match on catch block at 0xc3 in for 0xa5
01-12 14:39:05.176 12458 12458 E ArmVmp : Match on catch block at 0xc3 in for 0xa9
01-12 14:39:05.181 12458 12458 E ArmVmp : Match on catch block at 0xc3 in for 0xa1
01-12 14:39:05.190 12458 12458 E ArmVmp : Match on catch block at 0xc3 in for 0xa1
01-12 14:39:05.193 12458 12458 E ArmVmp : Match on catch block at 0xc3 in for 0xa5
01-12 14:39:05.206 12458 12458 E ArmVmp : Match on catch block at 0xc3 in for 0xa5
01-12 14:39:05.209 12458 12458 E ArmVmp : Match on catch block at 0xc3 in for 0xa9
01-12 14:39:05.223 12458 12458 E ArmVmp : Match on catch block at 0xc3 in for 0xa9
01-12 14:39:05.229 12458 12458 E ArmVmp : Match on catch block at 0xc3 in for 0xa1
01-12 14:39:05.240 12458 12458 E ArmVmp : Match on catch block at 0xc3 in for 0xa1
01-12 14:39:05.244 12458 12458 E ArmVmp : Match on catch block at 0xc3 in for 0xa5
01-12 14:39:05.256 12458 12458 E ArmVmp : Match on catch block at 0xc3 in for 0xa5
01-12 14:39:05.261 12458 12458 E ArmVmp : Match on catch block at 0xc3 in for 0xa9
01-12 14:39:05.273 12458 12458 E ArmVmp : Match on catch block at 0xc3 in for 0xa9
01-12 14:39:05.275 12458 12458 E ArmVmp : Match on catch block at 0xc3 in for 0xa1
01-12 14:39:05.289 12458 12458 E ArmVmp : Match on catch block at 0xc3 in for 0xa1
01-12 14:39:05.292 12458 12458 E ArmVmp : Match on catch block at 0xc3 in for 0xa5
01-12 14:39:05.306 12458 12458 E ArmVmp : Match on catch block at 0xc3 in for 0xa5
01-12 14:39:05.308 12458 12458 E ArmVmp : Match on catch block at 0xc3 in for 0xa9
01-12 14:39:05.374 12458 12523 W libEGL : EGLNativeWindowType 0x719cf6b010
disconnect failed
01-12 14:39:05.656 12458 12458 E ArmVmp : Match on catch block at 0xc3 in for 0xa9
01-12 14:39:05.667 12458 12458 E ArmVmp : Match on catch block at 0xc3 in for 0xa1
01-12 14:39:05.804 12458 12458 E ArmVmp : Match on catch block at 0xc3 in for 0xa1
01-12 14:39:05.817 12458 12458 E ArmVmp : Match on catch block at 0xc3 in for 0xa5
01-12 14:39:05.838 12458 12458 E ArmVmp : Match on catch block at 0xc3 in for 0xa5
01-12 14:39:05.849 12458 12458 E ArmVmp : Match on catch block at 0xc3 in for 0xa9
01-12 14:39:05.873 12458 12458 E ArmVmp : Match on catch block at 0xc3 in for 0xa9
01-12 14:39:05.886 12458 12458 E ArmVmp : Match on catch block at 0xc3 in for 0xa1
01-12 14:39:05.904 12458 12458 E ArmVmp : Match on catch block at 0xc3 in for 0xa1
01-12 14:39:05.915 12458 12458 E ArmVmp : Match on catch block at 0xc3 in for 0xa5
01-12 14:39:05.938 12458 12458 E ArmVmp : Match on catch block at 0xc3 in for 0xa5
01-12 14:39:05.948 12458 12458 E ArmVmp : Match on catch block at 0xc3 in for 0xa9
01-12 14:39:05.970 12458 12458 E ArmVmp : Match on catch block at 0xc3 in for 0xa9
01-12 14:39:05.980 12458 12458 E ArmVmp : Match on catch block at 0xc3 in for 0xa1
01-12 14:39:06.003 12458 12458 E ArmVmp : Match on catch block at 0xc3 in for 0xa1
01-12 14:39:06.012 12458 12458 E ArmVmp : Match on catch block at 0xc3 in for 0xa5
01-12 14:39:06.035 12458 12458 E ArmVmp : Match on catch block at 0xc3 in for 0xa5
01-12 14:39:06.047 12458 12458 E ArmVmp : Match on catch block at 0xc3 in for 0xa9
01-12 14:39:06.070 12458 12458 E ArmVmp : Match on catch block at 0xc3 in for 0xa9
01-12 14:39:06.081 12458 12458 E ArmVmp : Match on catch block at 0xc3 in for 0xa1
01-12 14:39:06.122 12458 12458 E ArmVmp : Match on catch block at 0xc3 in for 0xa5
01-12 14:39:06.132 12458 12458 E ArmVmp : Match on catch block at 0xc3 in for 0xa9
01-12 14:39:06.193 12458 12458 E ArmVmp : Match on catch block at 0xc3 in for 0xa9
01-12 14:39:06.208 12458 12458 E ArmVmp : Match on catch block at 0xc3 in for 0xa1
01-12 14:39:06.263 12458 12458 E ArmVmp : Match on catch block at 0xc3 in for 0xa1
01-12 14:39:06.269 12458 12458 E ArmVmp : Match on catch block at 0xc3 in for 0xa5
01-12 14:39:06.325 12458 12458 W InputMethodManager: startInputReason = 1
01-12 14:39:06.342 12458 12458 W IInputConnectionWrapper: requestCursorAnchorInfo
on inactive InputConnection
01-12 14:39:06.562 12458 12523 W libEGL : EGLNativeWindowType 0x71c9ea4010
disconnect failed
01-12 14:39:06.567 12458 12458 E ArmVmp : Match on catch block at 0xc3 in for 0xa9
01-12 14:39:06.572 12458 12458 E ArmVmp : Match on catch block at 0xc3 in for 0xa1
01-12 14:39:07.397 12458 12458 E ArmVmp : Match on catch block at 0x0a in for
0x175
01-12 14:39:07.423 12458 16444 W HiTouch_HiTouchSensor: depended package hiTouch
does n't exist!
01-12 14:39:07.738 12458 12458 W InputMethodManager: startInputReason = 1
01-12 14:39:11.770 12458 12523 W libEGL : EGLNativeWindowType 0x71c4651010
disconnect failed
01-12 14:39:11.801 12458 12458 W InputEventReceiver: Attempted to finish an input
event but the input event receiver has already been disposed.
01-12 14:39:11.801 12458 12458 W ViewRootImpl[HomeActivity]: Dropping event due to
root view being removed: MotionEvent { action=ACTION_MOVE, actionButton=0, id[0]=0,
x[0]=715.0, y[0]=1000.0, toolType[0]=TOOL_TYPE_FINGER, buttonState=0, metaState=0,
flags=0x0, edgeFlags=0x0, pointerCount=1, historySize=1, eventTime=345274722,
downTime=345274707, deviceId=6, source=0x1002 }
01-12 14:39:11.801 12458 12458 W InputEventReceiver: Attempted to finish an input
event but the input event receiver has already been disposed.
01-12 14:39:11.816 12458 12458 W InputMethodManager: startInputReason = 1
01-12 14:39:13.330 12458 12458 W InputMethodManager: startInputReason = 1
01-12 14:39:17.015 12458 12523 W libEGL : EGLNativeWindowType 0x71a2e65010
disconnect failed
01-12 14:39:17.117 12458 12458 W InputMethodManager: startInputReason = 1
01-12 14:39:17.128 12458 16453 W HiTouch_HiTouchSensor: depended package hiTouch
does n't exist!
01-12 14:39:17.353 12458 12458 W InputMethodManager: startInputReason = 1
01-12 14:39:18.390 12458 12523 W libEGL : EGLNativeWindowType 0x71a2ea5010
disconnect failed
01-12 14:39:18.435 12458 12458 W InputMethodManager: startInputReason = 1
01-12 14:39:19.144 12458 12458 W InputMethodManager: startInputReason = 1
01-12 14:39:19.922 12458 12523 W libEGL : EGLNativeWindowType 0x71a2ea5010
disconnect failed
01-12 14:39:19.976 12458 12458 W InputMethodManager: startInputReason = 1
01-12 14:39:19.994 12458 12458 W ActivityThread: handleWindowVisibility: no
activity for token android.os.BinderProxy@d5a0d03
01-12 14:39:20.080 12458 12458 W com.mbwhatsapp: type=1400 audit(0.0:1629178): avc:
granted { create } for name=".mb" scontext=u:r:untrusted_app:s0:c223,c256,c512,c768
tcontext=u:object_r:sdcardfs:s0:c223,c256,c512,c768 tclass=dir
01-12 14:39:20.119 12458 16459 W HiTouch_HiTouchSensor: depended package hiTouch
does n't exist!
01-12 14:39:20.166 12458 12458 W InputMethodManager: startInputReason = 1
01-12 14:39:20.394 12458 12523 W libEGL : EGLNativeWindowType 0x71a32e2010
disconnect failed
01-12 14:39:30.680 12458 12458 W ActivityThread: handleWindowVisibility: no
activity for token android.os.BinderProxy@3b80bce
01-12 14:39:30.683 12458 12458 E ArmVmp : Match on catch block at 0x0a in for 0xf9
01-12 14:39:30.693 12458 12458 E ArmVmp : Match on catch block at 0x22 in for 0xb1
01-12 14:39:30.757 12458 12469 E : [ZeroHung]zrhung_get_config: Get config
failed for wp[0x0008]
01-12 14:39:30.769 12458 12458 E ArmVmp : Match on catch block at 0x0a in for 0xb9
01-12 14:39:30.860 12458 12458 E ArmVmp : Match on catch block at 0x0a in for 0xd9
01-12 14:39:30.871 12458 16465 W HiTouch_HiTouchSensor: depended package hiTouch
does n't exist!
01-12 14:39:30.925 12458 12458 E ArmVmp : Match on catch block at 0xc3 in for 0xb5
01-12 14:39:31.052 12458 12458 E ArmVmp : Match on catch block at 0xc3 in for 0xb5
01-12 14:39:31.173 12458 12458 W InputMethodManager: startInputReason = 1
01-12 14:39:31.174 12458 12458 E ArmVmp : Match on catch block at 0xc3 in for 0xa5
01-12 14:39:31.179 12458 12458 E ArmVmp : Match on catch block at 0xc3 in for 0xa9
01-12 14:39:31.181 12458 12458 E ArmVmp : Match on catch block at 0xc3 in for 0xa1
01-12 14:39:31.183 12458 12458 E ArmVmp : Match on catch block at 0xc3 in for 0xa5
01-12 14:39:31.215 12458 12458 E ArmVmp : Match on catch block at 0xc3 in for 0xa1
01-12 14:39:31.221 12458 12458 E ArmVmp : Match on catch block at 0xc3 in for 0xa5
01-12 14:39:31.224 12458 12458 E ArmVmp : Match on catch block at 0xc3 in for 0xa9
01-12 14:39:31.227 12458 12458 E ArmVmp : Match on catch block at 0xc3 in for 0xa1
01-12 14:39:31.251 12458 12458 E ArmVmp : Match on catch block at 0xc3 in for 0xa9
01-12 14:39:31.255 12458 12458 E ArmVmp : Match on catch block at 0xc3 in for 0xa1
01-12 14:39:31.257 12458 12458 E ArmVmp : Match on catch block at 0xc3 in for 0xa5
01-12 14:39:31.259 12458 12458 E ArmVmp : Match on catch block at 0xc3 in for 0xa9
01-12 14:39:31.288 12458 12458 E ArmVmp : Match on catch block at 0xc3 in for 0xa5
01-12 14:39:31.296 12458 12458 E ArmVmp : Match on catch block at 0xc3 in for 0xa9
01-12 14:39:31.300 12458 12458 E ArmVmp : Match on catch block at 0xc3 in for 0xa1
01-12 14:39:31.306 12458 12458 E ArmVmp : Match on catch block at 0xc3 in for 0xa5
01-12 14:39:31.337 12458 12458 E ArmVmp : Match on catch block at 0xc3 in for 0xa1
01-12 14:39:31.344 12458 12458 E ArmVmp : Match on catch block at 0xc3 in for 0xa5
01-12 14:39:31.350 12458 12458 E ArmVmp : Match on catch block at 0xc3 in for 0xa9
01-12 14:39:31.356 12458 12458 E ArmVmp : Match on catch block at 0xc3 in for 0xa1
01-12 14:39:31.387 12458 12458 E ArmVmp : Match on catch block at 0xc3 in for 0xa9
01-12 14:39:31.400 12458 12458 E ArmVmp : Match on catch block at 0xc3 in for 0xa1
01-12 14:39:31.411 12458 12458 E ArmVmp : Match on catch block at 0xc3 in for 0xa5
01-12 14:39:31.423 12458 12458 E ArmVmp : Match on catch block at 0xc3 in for 0xa9
01-12 14:39:31.479 12458 12458 E ArmVmp : Match on catch block at 0xc3 in for 0xa5
01-12 14:39:31.493 12458 12458 E ArmVmp : Match on catch block at 0xc3 in for 0xa9
01-12 14:39:31.502 12458 12458 E ArmVmp : Match on catch block at 0xc3 in for 0xa1
01-12 14:39:31.511 12458 12458 E ArmVmp : Match on catch block at 0xc3 in for 0xa5
01-12 14:39:31.561 12458 12523 W libEGL : EGLNativeWindowType 0x719eee6010
disconnect failed
01-12 14:39:31.591 12458 12458 E ArmVmp : Match on catch block at 0xc3 in for 0xa1
01-12 14:39:31.604 12458 12458 E ArmVmp : Match on catch block at 0xc3 in for 0xa5
01-12 14:39:31.612 12458 12458 E ArmVmp : Match on catch block at 0xc3 in for 0xa9
01-12 14:39:31.620 12458 12458 E ArmVmp : Match on catch block at 0xc3 in for 0xa1
01-12 14:39:32.099 12458 12458 E ArmVmp : Match on catch block at 0xc3 in for 0xa5
01-12 14:39:32.110 12458 12458 E ArmVmp : Match on catch block at 0xc3 in for 0xa9
01-12 14:39:32.117 12458 12458 E ArmVmp : Match on catch block at 0xc3 in for 0xa1
01-12 14:39:32.128 12458 12458 E ArmVmp : Match on catch block at 0xc3 in for 0xa5
