01-29 18:52:30.887 20912 20912 E ArmVmp : Match on catch block at 0xc3 in for 0x91
01-29 18:52:30.895 20912 20912 E ArmVmp : Match on catch block at 0xc3 in for 0x95
01-29 18:52:30.920 20912 20912 E ArmVmp : Match on catch block at 0xc3 in for 0x95
01-29 18:52:30.927 20912 20912 E ArmVmp : Match on catch block at 0xc3 in for 0x99
01-29 18:52:30.944 20912 20912 E ArmVmp : Match on catch block at 0xc3 in for 0x99
01-29 18:52:30.951 20912 20912 E ArmVmp : Match on catch block at 0xc3 in for 0x91
01-29 18:52:30.971 20912 20912 E ArmVmp : Match on catch block at 0xc3 in for 0x91
01-29 18:52:30.977 20912 20912 E ArmVmp : Match on catch block at 0xc3 in for 0x95
01-29 18:52:30.989 20912 20912 E ArmVmp : Match on catch block at 0xc3 in for 0x95
01-29 18:52:31.000 20912 20912 E ArmVmp : Match on catch block at 0xc3 in for 0x99
01-29 18:52:31.323 20912 20912 E ArmVmp : Match on catch block at 0xc3 in for 0x99
01-29 18:52:31.330 20912 20912 E ArmVmp : Match on catch block at 0xc3 in for 0x91
01-29 18:52:31.686 20912 20912 E ArmVmp : Match on catch block at 0xc3 in for 0x95
01-29 18:52:31.732 20912 20912 E ArmVmp : Match on catch block at 0xc3 in for 0x99
01-29 18:52:31.755 20912 20912 E ArmVmp : Match on catch block at 0xc3 in for 0x99
01-29 18:52:31.766 20912 20912 E ArmVmp : Match on catch block at 0xc3 in for 0x91
01-29 18:52:31.827 20912 20912 E ArmVmp : Match on catch block at 0xc3 in for 0x91
01-29 18:52:31.845 20912 20912 E ArmVmp : Match on catch block at 0xc3 in for 0x95
01-29 18:52:31.936 20912 20912 E ArmVmp : Match on catch block at 0xc3 in for 0x95
01-29 18:52:31.947 20912 20912 E ArmVmp : Match on catch block at 0xc3 in for 0x99
01-29 18:52:31.996 20912 20912 E ArmVmp : Match on catch block at 0xc3 in for 0x99
01-29 18:52:32.013 20912 20912 E ArmVmp : Match on catch block at 0xc3 in for 0x91
01-29 18:52:32.055 20912 20912 E ArmVmp : Match on catch block at 0xc3 in for 0x91
01-29 18:52:32.066 20912 20912 E ArmVmp : Match on catch block at 0xc3 in for 0x95
01-29 18:52:32.067 20912 20968 W libEGL : EGLNativeWindowType 0x78991808
disconnect failed
01-29 18:52:32.087 20912 20968 E com.mbwhatsapp: Shared attribute region not
available to be mapped
01-29 18:52:32.316 20912 20912 E ArmVmp : Match on catch block at 0xc3 in for 0x95
01-29 18:52:32.328 20912 20912 E ArmVmp : Match on catch block at 0xc3 in for 0x99
01-29 18:52:32.348 20912 20968 E com.mbwhatsapp: Shared attribute region not
available to be mapped
01-29 18:52:32.819 20912 20912 E ArmVmp : Match on catch block at 0xc3 in for 0x91
01-29 18:52:32.828 20912 20912 E ArmVmp : Match on catch block at 0xc3 in for 0x95
01-29 18:52:32.847 20912 20912 E ArmVmp : Match on catch block at 0xc3 in for 0x95
01-29 18:52:32.872 20912 20912 E ArmVmp : Match on catch block at 0xc3 in for 0x99
01-29 18:52:32.889 20912 20968 E com.mbwhatsapp: Shared attribute region not
available to be mapped
01-29 18:52:32.898 20912 20912 E ArmVmp : Match on catch block at 0xc3 in for 0x99
01-29 18:52:32.907 20912 20912 E ArmVmp : Match on catch block at 0xc3 in for 0x91
01-29 18:52:32.933 20912 20912 E ArmVmp : Match on catch block at 0xc3 in for 0x91
01-29 18:52:32.948 20912 20912 E ArmVmp : Match on catch block at 0xc3 in for 0x95
01-29 18:52:33.006 20912 20912 E ArmVmp : Match on catch block at 0xc3 in for 0x95
01-29 18:52:33.042 20912 20912 E ArmVmp : Match on catch block at 0xc3 in for 0x99
01-29 18:52:33.083 20912 20912 E ArmVmp : Match on catch block at 0xc3 in for 0x91
01-29 18:52:33.094 20912 20912 E ArmVmp : Match on catch block at 0xc3 in for 0x95
01-29 18:52:33.135 20912 20912 E ArmVmp : Match on catch block at 0xc3 in for 0x99
01-29 18:52:33.154 20912 20912 E ArmVmp : Match on catch block at 0xc3 in for 0x91
01-29 18:52:33.200 20912 20912 E ArmVmp : Match on catch block at 0xc3 in for 0x95
01-29 18:52:33.226 20912 20912 E ArmVmp : Match on catch block at 0xc3 in for 0x99
01-29 18:52:33.370 20912 20912 E ArmVmp : Match on catch block at 0xc3 in for 0x91
01-29 18:52:33.379 20912 20912 E ArmVmp : Match on catch block at 0xc3 in for 0x95
01-29 18:52:33.518 20912 20912 E ArmVmp : Match on catch block at 0xc3 in for 0x95
01-29 18:52:33.531 20912 20912 E ArmVmp : Match on catch block at 0xc3 in for 0x99
01-29 18:52:33.552 20912 20912 E ArmVmp : Match on catch block at 0xc3 in for 0x99
01-29 18:52:33.569 20912 20912 E ArmVmp : Match on catch block at 0xc3 in for 0x91
01-29 18:52:33.590 20912 20912 E ArmVmp : Match on catch block at 0xc3 in for 0x91
01-29 18:52:33.608 20912 20912 E ArmVmp : Match on catch block at 0xc3 in for 0x95
01-29 18:52:33.623 20912 20912 E ArmVmp : Match on catch block at 0xc3 in for 0x95
01-29 18:52:33.646 20912 20912 E ArmVmp : Match on catch block at 0xc3 in for 0x99
01-29 18:52:33.669 20912 20912 E ArmVmp : Match on catch block at 0xc3 in for 0x99
01-29 18:52:33.690 20912 20912 E ArmVmp : Match on catch block at 0xc3 in for 0x91
01-29 18:52:33.705 20912 20912 E ArmVmp : Match on catch block at 0xc3 in for 0x91
01-29 18:52:33.714 20912 20912 E ArmVmp : Match on catch block at 0xc3 in for 0x95
01-29 18:52:33.736 20912 20912 E ArmVmp : Match on catch block at 0xc3 in for 0x95
01-29 18:52:33.753 20912 20912 E ArmVmp : Match on catch block at 0xc3 in for 0x99
01-29 18:52:33.770 20912 20912 E ArmVmp : Match on catch block at 0xc3 in for 0x99
01-29 18:52:33.778 20912 20912 E ArmVmp : Match on catch block at 0xc3 in for 0x91
01-29 18:52:33.869 20912 20912 E ArmVmp : Match on catch block at 0xc3 in for 0x91
01-29 18:52:33.876 20912 20912 E ArmVmp : Match on catch block at 0xc3 in for 0x95
01-29 18:52:34.376 20912 20912 E ArmVmp : Match on catch block at 0xc3 in for 0x95
01-29 18:52:34.405 20912 20912 E ArmVmp : Match on catch block at 0xc3 in for 0x99
01-29 18:52:34.624 20912 20912 E ArmVmp : Match on catch block at 0xc3 in for 0x99
01-29 18:52:34.637 20912 20912 E ArmVmp : Match on catch block at 0xc3 in for 0x91
01-29 18:52:34.839 20912 20912 W ViewPager: Requested offscreen page limit 0 too
small; defaulting to 1
01-29 18:52:34.870 20912 20912 E ArmVmp : Match on catch block at 0xc3 in for 0x99
01-29 18:52:34.888 20912 20912 E ArmVmp : Match on catch block at 0xc3 in for 0x91
01-29 18:52:34.947 20912 20912 E ArmVmp : Match on catch block at 0xc3 in for 0x99
01-29 18:52:34.957 20912 20912 E ArmVmp : Match on catch block at 0xc3 in for 0x91
01-29 18:52:35.001 20912 20912 E ArmVmp : Match on catch block at 0xc3 in for 0x91
01-29 18:52:35.014 20912 20912 E ArmVmp : Match on catch block at 0xc3 in for 0x95
01-29 18:52:35.305 20912 20912 E RecyclerView: No layout manager attached; skipping
layout
01-29 18:52:35.314 20912 20912 E ArmVmp : Match on catch block at 0xc3 in for 0x99
01-29 18:52:35.322 20912 20912 E ArmVmp : Match on catch block at 0xc3 in for 0x91
01-29 18:52:35.387 20912 20912 E ArmVmp : Match on catch block at 0xc3 in for 0x91
01-29 18:52:35.396 20912 20912 E ArmVmp : Match on catch block at 0xc3 in for 0x95
01-29 18:52:35.431 20912 20912 E RecyclerView: No layout manager attached; skipping
layout
01-29 18:52:35.436 20912 20912 E ArmVmp : Match on catch block at 0xc3 in for 0x95
01-29 18:52:35.447 20912 20912 E ArmVmp : Match on catch block at 0xc3 in for 0x99
01-29 18:52:36.123 20912 20912 E ArmVmp : Match on catch block at 0xc3 in for 0x91
01-29 18:52:36.129 20912 20912 E ArmVmp : Match on catch block at 0xc3 in for 0x95
01-29 18:52:36.170 20912 20912 E ArmVmp : Match on catch block at 0xc3 in for 0x95
01-29 18:52:36.178 20912 20912 E ArmVmp : Match on catch block at 0xc3 in for 0x99
01-29 18:52:36.208 20912 20912 E ArmVmp : Match on catch block at 0xc3 in for 0x99
01-29 18:52:36.226 20912 20912 E ArmVmp : Match on catch block at 0xc3 in for 0x91
01-29 18:52:36.248 20912 20912 E ArmVmp : Match on catch block at 0xc3 in for 0x91
01-29 18:52:36.261 20912 20912 E ArmVmp : Match on catch block at 0xc3 in for 0x95
01-29 18:52:36.281 20912 20912 E ArmVmp : Match on catch block at 0xc3 in for 0x95
01-29 18:52:36.291 20912 20912 E ArmVmp : Match on catch block at 0xc3 in for 0x99
01-29 18:52:36.373 20912 20912 E ArmVmp : Match on catch block at 0xc3 in for 0x99
01-29 18:52:36.387 20912 20912 E ArmVmp : Match on catch block at 0xc3 in for 0x91
01-29 18:52:36.670 20912 20912 E ArmVmp : Match on catch block at 0xc3 in for 0x91
01-29 18:52:36.685 20912 20912 E ArmVmp : Match on catch block at 0xc3 in for 0x95
01-29 18:52:37.139 20912 20912 E ArmVmp : Match on catch block at 0xc3 in for 0x91
01-29 18:52:37.149 20912 20912 E ArmVmp : Match on catch block at 0xc3 in for 0x95
01-29 18:52:37.173 20912 20912 E ArmVmp : Match on catch block at 0xc3 in for 0x95
01-29 18:52:37.183 20912 20912 E ArmVmp : Match on catch block at 0xc3 in for 0x99
01-29 18:52:37.261 20912 20912 E ArmVmp : Match on catch block at 0xc3 in for 0x91
01-29 18:52:37.271 20912 20912 E ArmVmp : Match on catch block at 0xc3 in for 0x95
01-29 18:52:37.742 20912 20912 E ArmVmp : Match on catch block at 0xc3 in for 0x95
01-29 18:52:37.752 20912 20912 E ArmVmp : Match on catch block at 0xc3 in for 0x99
01-29 18:52:38.125 20912 20912 E ArmVmp : Match on catch block at 0xc3 in for 0x91
01-29 18:52:38.142 20912 20912 E ArmVmp : Match on catch block at 0xc3 in for 0x95
01-29 18:52:38.188 20912 20912 E ArmVmp : Match on catch block at 0xc3 in for 0x91
01-29 18:52:38.225 20912 20912 E ArmVmp : Match on catch block at 0xc3 in for 0x95
01-29 18:52:38.274 20912 20912 E ArmVmp : Match on catch block at 0xc3 in for 0x95
01-29 18:52:38.283 20912 20912 E ArmVmp : Match on catch block at 0xc3 in for 0x99
01-29 18:52:38.306 20912 20912 E ArmVmp : Match on catch block at 0xc3 in for 0x99
01-29 18:52:38.325 20912 20912 E ArmVmp : Match on catch block at 0xc3 in for 0x91
01-29 18:52:38.344 20912 20912 E ArmVmp : Match on catch block at 0xc3 in for 0x91
01-29 18:52:38.358 20912 20912 E ArmVmp : Match on catch block at 0xc3 in for 0x95
01-29 18:52:38.378 20912 20912 E ArmVmp : Match on catch block at 0xc3 in for 0x95
01-29 18:52:38.391 20912 20912 E ArmVmp : Match on catch block at 0xc3 in for 0x99
01-29 18:52:38.491 20912 20912 E ArmVmp : Match on catch block at 0xc3 in for 0x91
01-29 18:52:38.499 20912 20912 E ArmVmp : Match on catch block at 0xc3 in for 0x95
01-29 18:52:38.530 20912 20912 E ArmVmp : Match on catch block at 0xc3 in for 0x91
01-29 18:52:38.539 20912 20912 E ArmVmp : Match on catch block at 0xc3 in for 0x95
01-29 18:52:38.586 20912 20912 E ArmVmp : Match on catch block at 0xc3 in for 0x99
01-29 18:52:38.592 20912 20912 E ArmVmp : Match on catch block at 0xc3 in for 0x91
01-29 18:52:38.681 20912 20912 E ArmVmp : Match on catch block at 0xc3 in for 0x91
01-29 18:52:38.692 20912 20912 E ArmVmp : Match on catch block at 0xc3 in for 0x95
01-29 18:52:39.186 20912 20912 E ArmVmp : Match on catch block at 0xc3 in for 0x95
01-29 18:52:39.210 20912 20912 E ArmVmp : Match on catch block at 0xc3 in for 0x99
01-29 18:52:39.687 20912 20912 E ArmVmp : Match on catch block at 0xc3 in for 0x99
01-29 18:52:39.714 20912 20912 E ArmVmp : Match on catch block at 0xc3 in for 0x91
01-29 18:52:40.119 20912 20912 E ArmVmp : Match on catch block at 0xc3 in for 0x91
01-29 18:52:40.129 20912 20912 E ArmVmp : Match on catch block at 0xc3 in for 0x95
01-29 18:52:40.144 20912 20912 E ArmVmp : Match on catch block at 0xc3 in for 0x95
01-29 18:52:40.165 20912 20912 E ArmVmp : Match on catch block at 0xc3 in for 0x99
01-29 18:52:40.190 20912 20912 E ArmVmp : Match on catch block at 0xc3 in for 0x99
01-29 18:52:40.209 20912 20912 E ArmVmp : Match on catch block at 0xc3 in for 0x91
01-29 18:52:40.269 20912 20912 E ArmVmp : Match on catch block at 0xc3 in for 0x91
01-29 18:52:40.286 20912 20912 E ArmVmp : Match on catch block at 0xc3 in for 0x95
01-29 18:52:40.306 20912 20912 E ArmVmp : Match on catch block at 0xc3 in for 0x95
01-29 18:52:40.318 20912 20912 E ArmVmp : Match on catch block at 0xc3 in for 0x99
01-29 18:52:40.338 20912 20912 E ArmVmp : Match on catch block at 0xc3 in for 0x99
01-29 18:52:40.353 20912 20912 E ArmVmp : Match on catch block at 0xc3 in for 0x91
01-29 18:52:40.372 20912 20912 E ArmVmp : Match on catch block at 0xc3 in for 0x91
01-29 18:52:40.385 20912 20912 E ArmVmp : Match on catch block at 0xc3 in for 0x95
01-29 18:52:40.422 20912 20912 E ArmVmp : Match on catch block at 0xc3 in for 0x95
01-29 18:52:40.440 20912 20912 E ArmVmp : Match on catch block at 0xc3 in for 0x99
01-29 18:52:40.606 20912 20912 E ArmVmp : Match on catch block at 0xc3 in for 0x99
01-29 18:52:40.614 20912 20912 E ArmVmp : Match on catch block at 0xc3 in for 0x91
01-29 18:52:40.667 20912 20912 E ArmVmp : Match on catch block at 0xc3 in for 0x99
01-29 18:52:40.687 20912 20912 E ArmVmp : Match on catch block at 0xc3 in for 0x91
01-29 18:52:40.729 20912 20912 E ArmVmp : Match on catch block at 0xc3 in for 0x91
01-29 18:52:40.750 20912 20912 E ArmVmp : Match on catch block at 0xc3 in for 0x95
01-29 18:52:40.773 20912 20912 E ArmVmp : Match on catch block at 0xc3 in for 0x95
01-29 18:52:40.787 20912 20912 E ArmVmp : Match on catch block at 0xc3 in for 0x99
01-29 18:52:41.183 20912 20912 E ArmVmp : Match on catch block at 0xc3 in for 0x95
01-29 18:52:41.197 20912 20912 E ArmVmp : Match on catch block at 0xc3 in for 0x99
01-29 18:52:41.228 20912 20912 E ArmVmp : Match on catch block at 0xc3 in for 0x99
01-29 18:52:41.256 20912 20912 E ArmVmp : Match on catch block at 0xc3 in for 0x91
01-29 18:52:41.293 20912 20912 E ArmVmp : Match on catch block at 0xc3 in for 0x91
01-29 18:52:41.309 20912 20912 E ArmVmp : Match on catch block at 0xc3 in for 0x95
01-29 18:52:41.336 20912 20912 E ArmVmp : Match on catch block at 0xc3 in for 0x99
01-29 18:52:41.368 20912 20912 E ArmVmp : Match on catch block at 0xc3 in for 0x91
01-29 18:52:41.409 20912 20912 E ArmVmp : Match on catch block at 0xc3 in for 0x91
01-29 18:52:41.458 20912 20912 E ArmVmp : Match on catch block at 0xc3 in for 0x95
01-29 18:52:41.476 20912 20912 E ArmVmp : Match on catch block at 0xc3 in for 0x99
01-29 18:52:41.516 20912 20912 E ArmVmp : Match on catch block at 0xc3 in for 0x91
01-29 18:52:41.562 20912 20912 E ArmVmp : Match on catch block at 0xc3 in for 0x95
01-29 18:52:41.573 20912 20912 E ArmVmp : Match on catch block at 0xc3 in for 0x99
01-29 18:52:41.645 20912 20912 E ArmVmp : Match on catch block at 0xc3 in for 0x91
01-29 18:52:41.658 20912 20912 E ArmVmp : Match on catch block at 0xc3 in for 0x95
01-29 18:52:41.763 20912 20912 E ArmVmp : Match on catch block at 0xc3 in for 0x99
01-29 18:52:41.781 20912 20912 E ArmVmp : Match on catch block at 0xc3 in for 0x91
01-29 18:52:42.250 20912 20912 E ArmVmp : Match on catch block at 0xc3 in for 0x95
01-29 18:52:42.258 20912 20912 E ArmVmp : Match on catch block at 0xc3 in for 0x99
01-29 18:52:42.272 20912 20912 E ArmVmp : Match on catch block at 0xc3 in for 0x91
01-29 18:52:42.282 20912 20912 E ArmVmp : Match on catch block at 0xc3 in for 0x95
01-29 18:52:42.318 20912 20912 E ArmVmp : Match on catch block at 0xc3 in for 0x91
01-29 18:52:42.334 20912 20912 E ArmVmp : Match on catch block at 0xc3 in for 0x95
01-29 18:52:42.363 20912 20912 E ArmVmp : Match on catch block at 0xc3 in for 0x91
01-29 18:52:42.378 20912 20912 E ArmVmp : Match on catch block at 0xc3 in for 0x95
01-29 18:52:42.409 20912 20912 E ArmVmp : Match on catch block at 0xc3 in for 0x95
01-29 18:52:42.418 20912 20912 E ArmVmp : Match on catch block at 0xc3 in for 0x99
01-29 18:52:42.577 20912 20912 E ArmVmp : Match on catch block at 0xc3 in for 0x99
01-29 18:52:42.598 20912 20912 E ArmVmp : Match on catch block at 0xc3 in for 0x91
01-29 18:52:42.647 20912 20912 E ArmVmp : Match on catch block at 0xc3 in for 0x91
01-29 18:52:42.658 20912 20912 E ArmVmp : Match on catch block at 0xc3 in for 0x95
01-29 18:52:42.707 20912 20912 E ArmVmp : Match on catch block at 0xc3 in for 0x91
01-29 18:52:42.736 20912 20912 E ArmVmp : Match on catch block at 0xc3 in for 0x95
01-29 18:52:42.776 20912 20912 E ArmVmp : Match on catch block at 0xc3 in for 0x95
01-29 18:52:42.793 20912 20912 E ArmVmp : Match on catch block at 0xc3 in for 0x99
01-29 18:52:42.810 20912 20912 E ArmVmp : Match on catch block at 0xc3 in for 0x99
01-29 18:52:42.828 20912 20912 E ArmVmp : Match on catch block at 0xc3 in for 0x91
01-29 18:52:43.320 20912 20912 E ArmVmp : Match on catch block at 0xc3 in for 0x91
01-29 18:52:43.331 20912 20912 E ArmVmp : Match on catch block at 0xc3 in for 0x95
01-29 18:52:43.598 20912 20912 E ArmVmp : Match on catch block at 0xc3 in for 0x95
01-29 18:52:43.608 20912 20912 E ArmVmp : Match on catch block at 0xc3 in for 0x99
01-29 18:52:43.926 20912 20912 E ArmVmp : Match on catch block at 0xc3 in for 0x91
01-29 18:52:43.935 20912 20912 E ArmVmp : Match on catch block at 0xc3 in for 0x95
01-29 18:52:43.982 20912 20912 E ArmVmp : Match on catch block at 0xc3 in for 0x95
01-29 18:52:43.995 20912 20912 E ArmVmp : Match on catch block at 0xc3 in for 0x99
01-29 18:52:44.048 20912 20912 E ArmVmp : Match on catch block at 0xc3 in for 0x99
01-29 18:52:44.060 20912 20912 E ArmVmp : Match on catch block at 0xc3 in for 0x91
01-29 18:52:44.075 20912 20912 E ArmVmp : Match on catch block at 0xc3 in for 0x91
01-29 18:52:44.088 20912 20912 E ArmVmp : Match on catch block at 0xc3 in for 0x95
01-29 18:52:44.103 20912 20912 E ArmVmp : Match on catch block at 0xc3 in for 0x95
01-29 18:52:44.117 20912 20912 E ArmVmp : Match on catch block at 0xc3 in for 0x99
01-29 18:52:44.143 20912 20912 E ArmVmp : Match on catch block at 0xc3 in for 0x99
01-29 18:52:44.153 20912 20912 E ArmVmp : Match on catch block at 0xc3 in for 0x91
01-29 18:52:44.233 20912 20912 E ArmVmp : Match on catch block at 0xc3 in for 0x91
01-29 18:52:44.245 20912 20912 E ArmVmp : Match on catch block at 0xc3 in for 0x95
01-29 18:52:44.438 20912 20912 E ArmVmp : Match on catch block at 0x0a in for 0x95
01-29 18:52:44.496 20912 20912 E ArmVmp : Match on catch block at 0xc3 in for 0x99
01-29 18:52:44.505 20912 20912 E ArmVmp : Match on catch block at 0xc3 in for 0x91
01-29 18:52:44.529 20912 20912 E ArmVmp : Match on catch block at 0xc3 in for 0x91
01-29 18:52:44.548 20912 20912 E ArmVmp : Match on catch block at 0xc3 in for 0x95
01-29 18:52:44.572 20912 20912 E ArmVmp : Match on catch block at 0xc3 in for 0x95
01-29 18:52:44.592 20912 20912 E ArmVmp : Match on catch block at 0xc3 in for 0x99
01-29 18:52:44.608 20912 20912 E ArmVmp : Match on catch block at 0xc3 in for 0x99
01-29 18:52:44.625 20912 20912 E ArmVmp : Match on catch block at 0xc3 in for 0x91
01-29 18:52:44.652 20912 20912 E ArmVmp : Match on catch block at 0xc3 in for 0x91
01-29 18:52:44.661 20912 20912 E ArmVmp : Match on catch block at 0xc3 in for 0x95
01-29 18:52:44.750 20912 20912 E ArmVmp : Match on catch block at 0xc3 in for 0x99
01-29 18:52:44.761 20912 20912 E ArmVmp : Match on catch block at 0xc3 in for 0x91
01-29 18:52:44.783 20912 20912 E ArmVmp : Match on catch block at 0xc3 in for 0x91
01-29 18:52:44.795 20912 20912 E ArmVmp : Match on catch block at 0xc3 in for 0x95
01-29 18:52:44.814 20912 20912 E ArmVmp : Match on catch block at 0xc3 in for 0x95
01-29 18:52:44.832 20912 20912 E ArmVmp : Match on catch block at 0xc3 in for 0x99
01-29 18:52:44.951 20912 20912 E ArmVmp : Match on catch block at 0xc3 in for 0x99
01-29 18:52:44.958 20912 20912 E ArmVmp : Match on catch block at 0xc3 in for 0x91
01-29 18:52:45.016 20912 20912 E ArmVmp : Match on catch block at 0xc3 in for 0x91
01-29 18:52:45.024 20912 20912 E ArmVmp : Match on catch block at 0xc3 in for 0x95
01-29 18:52:45.647 20912 20912 E ArmVmp : Match on catch block at 0xc3 in for 0x91
01-29 18:52:45.655 20912 20912 E ArmVmp : Match on catch block at 0xc3 in for 0x95
01-29 18:52:45.716 20912 20912 E ArmVmp : Match on catch block at 0x4c in for
0x159
01-29 18:52:45.755 20912 20912 E ArmVmp : Match on catch block at 0x4c in for
0x159
01-29 18:52:45.847 20912 20912 E Dialog : show dialog
view=DecorView@9485141[Conversation]
01-29 18:52:45.858 20912 20912 E ArmVmp : Match on catch block at 0xc3 in for 0x91
01-29 18:52:45.874 20912 20912 E ArmVmp : Match on catch block at 0xc3 in for 0x95
01-29 18:52:45.973 20912 20912 E ArmVmp : Match on catch block at 0xc3 in for 0xa5
01-29 18:52:46.060 20912 20968 E com.mbwhatsapp: Shared attribute region not
available to be mapped
01-29 18:52:46.084 20912 20912 E ArmVmp : Match on catch block at 0xc3 in for 0x95
01-29 18:52:46.110 20912 20912 E ArmVmp : Match on catch block at 0xc3 in for 0x99
01-29 18:52:46.191 20912 20912 E ArmVmp : Match on catch block at 0xc3 in for 0x91
01-29 18:52:46.249 20912 20912 E ArmVmp : Match on catch block at 0xc3 in for 0x95
01-29 18:52:46.257 20912 20912 E ArmVmp : Match on catch block at 0xc3 in for 0x99
01-29 18:52:46.329 20912 20912 E ArmVmp : Match on catch block at 0xc3 in for 0x91
01-29 18:52:47.206 20912 20968 W libEGL : EGLNativeWindowType 0x6dfa3008
disconnect failed
01-29 18:52:47.273 20912 20912 E ArmVmp : Match on catch block at 0xc3 in for 0x91
01-29 18:52:47.300 20912 20912 E ArmVmp : Match on catch block at 0xc3 in for 0x95
01-29 18:52:47.362 20912 20912 E ArmVmp : Match on catch block at 0xc3 in for 0x99
01-29 18:52:47.374 20912 20912 E ArmVmp : Match on catch block at 0xc3 in for 0x91
01-29 18:52:47.484 20912 20912 E ArmVmp : Match on catch block at 0xc3 in for 0x95
01-29 18:52:47.508 20912 20912 E ArmVmp : Match on catch block at 0xc3 in for 0x99
01-29 18:52:47.525 20912 20912 W IInputConnectionWrapper: requestCursorAnchorInfo
on inactive InputConnection
01-29 18:52:47.632 20912 20959 E SQLiteDatabase: Error inserting transferred=0
media_job_uuid=d742bc49-6167-42de-b126-bf4596fbc710 transcoded=1 gif_attribution=0
first_scan_length=0 direct_path=null thumbnail_height_width_ratio=1.0
is_animated_sticker=0 file_hash=UuPRjU3K2awgLXGals4rEdsWvxS+PPIy18uWxJOO/JA=
file_path=/data/user/0/com.mbwhatsapp/files/Stickers/UuPRjU3K2awgLXGals4rEdsWvxS+PP
Iy18uWxJOO-JA=.webp file_size=10940 partial_media_hash=null face_x=0 face_y=0
height=512 trim_to=0 media_key_timestamp=0 message_url=null media_caption=null
trim_from=0 mime_type=image/webp partial_media_enc_hash=null width=512
original_file_hash=null has_streaming_sidecar=0 autotransfer_retry_enabled=1
media_upload_handle=null message_row_id=521 multicast_id=null enc_file_hash=null
mute_video=0 page_count=0 first_scan_sidecar=null suspicious_content=0
file_length=10940 media_name=UuPRjU3K2awgLXGals4rEdsWvxS+PPIy18uWxJOO-JA=.webp
media_duration=0 chat_row_id=96 media_key=null
01-29 18:52:47.632 20912 20959 E SQLiteDatabase:
android.database.sqlite.SQLiteConstraintException: UNIQUE constraint failed:
message_media.message_row_id (code 1555 SQLITE_CONSTRAINT_PRIMARYKEY)
01-29 18:52:47.632 20912 20959 E SQLiteDatabase: at
android.database.sqlite.SQLiteConnection.nativeExecuteForLastInsertedRowId(Native
Method)
01-29 18:52:47.632 20912 20959 E SQLiteDatabase: at
android.database.sqlite.SQLiteConnection.executeForLastInsertedRowId(SQLiteConnecti
on.java:938)
01-29 18:52:47.632 20912 20959 E SQLiteDatabase: at
android.database.sqlite.SQLiteSession.executeForLastInsertedRowId(SQLiteSession.jav
a:790)
01-29 18:52:47.632 20912 20959 E SQLiteDatabase: at
android.database.sqlite.SQLiteStatement.executeInsert(SQLiteStatement.java:88)
01-29 18:52:47.632 20912 20959 E SQLiteDatabase: at
android.database.sqlite.SQLiteDatabase.insertWithOnConflict(SQLiteDatabase.java:170
1)
01-29 18:52:47.632 20912 20959 E SQLiteDatabase: at
android.database.sqlite.SQLiteDatabase.insert(SQLiteDatabase.java:1570)
01-29 18:52:47.632 20912 20959 E SQLiteDatabase: at X.2tm.A08(Unknown
Source:6)
01-29 18:52:47.632 20912 20959 E SQLiteDatabase: at X.35Y.A07(Unknown
Source:212)
01-29 18:52:47.632 20912 20959 E SQLiteDatabase: at X.3QF.A14(Unknown
Source:470)
01-29 18:52:47.632 20912 20959 E SQLiteDatabase: at X.3gU.run(Unknown
Source:982)
01-29 18:52:47.632 20912 20959 E SQLiteDatabase: at
android.os.Handler.handleCallback(Handler.java:938)
01-29 18:52:47.632 20912 20959 E SQLiteDatabase: at
android.os.Handler.dispatchMessage(Handler.java:99)
01-29 18:52:47.632 20912 20959 E SQLiteDatabase: at
X.0zq.dispatchMessage(Unknown Source:4)
01-29 18:52:47.632 20912 20959 E SQLiteDatabase: at
android.os.Looper.loop(Looper.java:223)
01-29 18:52:47.632 20912 20959 E SQLiteDatabase: at
android.os.HandlerThread.run(HandlerThread.java:67)
01-29 18:52:47.709 20912 20912 E ArmVmp : Match on catch block at 0xc3 in for 0x91
01-29 18:52:47.717 20912 20912 E ArmVmp : Match on catch block at 0xc3 in for 0x95
01-29 18:52:47.734 20912 20912 E ArmVmp : Match on catch block at 0xc3 in for 0x95
01-29 18:52:47.744 20912 20912 E ArmVmp : Match on catch block at 0xc3 in for 0x99
01-29 18:52:47.828 20912 20912 E ArmVmp : Match on catch block at 0xc3 in for 0x95
01-29 18:52:47.837 20912 20912 E ArmVmp : Match on catch block at 0xc3 in for 0x99
01-29 18:52:47.853 20912 20912 E ArmVmp : Match on catch block at 0xc3 in for 0x99
01-29 18:52:47.865 20912 20912 E ArmVmp : Match on catch block at 0xc3 in for 0x91
01-29 18:52:47.916 20912 20912 E ArmVmp : Match on catch block at 0xc3 in for 0x95
01-29 18:52:47.926 20912 20912 E ArmVmp : Match on catch block at 0xc3 in for 0x99
01-29 18:52:47.965 20912 20912 E ArmVmp : Match on catch block at 0x0a in for 0x95
01-29 18:52:47.971 20912 20912 E ArmVmp : Match on catch block at 0x0a in for 0x95
01-29 18:52:47.977 20912 20912 E ArmVmp : Match on catch block at 0x0a in for 0x95
01-29 18:52:48.018 20912 20912 E ArmVmp : Match on catch block at 0x0a in for 0x95
01-29 18:52:48.033 20912 20912 E ArmVmp : Match on catch block at 0xc3 in for 0x99
01-29 18:52:48.043 20912 20912 E ArmVmp : Match on catch block at 0xc3 in for 0x91
01-29 18:52:48.266 20912 20959 E SQLiteDatabase: Error inserting transferred=1
media_job_uuid=d742bc49-6167-42de-b126-bf4596fbc710 transcoded=1 gif_attribution=0
first_scan_length=0 direct_path=null thumbnail_height_width_ratio=1.0
is_animated_sticker=0 file_hash=UuPRjU3K2awgLXGals4rEdsWvxS+PPIy18uWxJOO/JA=
file_path=Media/MBWhatsApp Stickers/STK-20240129-WA0098.webp file_size=10940
partial_media_hash=null face_x=0 face_y=0 height=512 trim_to=0
media_key_timestamp=0 message_url=null media_caption=null trim_from=0
mime_type=image/webp partial_media_enc_hash=null width=512 original_file_hash=null
has_streaming_sidecar=0 autotransfer_retry_enabled=0 media_upload_handle=null
message_row_id=521 multicast_id=null
enc_file_hash=78OYvv+Bv9v8qX9dIYIlj+N/AEPLBaSo0MsxT1sb7Rs= mute_video=0
page_count=0 first_scan_sidecar=null suspicious_content=0 file_length=10940
media_name=UuPRjU3K2awgLXGals4rEdsWvxS+PPIy18uWxJOO-JA=.webp media_duration=0
chat_row_id=96 media_key=null
01-29 18:52:48.266 20912 20959 E SQLiteDatabase:
android.database.sqlite.SQLiteConstraintException: UNIQUE constraint failed:
message_media.message_row_id (code 1555 SQLITE_CONSTRAINT_PRIMARYKEY)
01-29 18:52:48.266 20912 20959 E SQLiteDatabase: at
android.database.sqlite.SQLiteConnection.nativeExecuteForLastInsertedRowId(Native
Method)
01-29 18:52:48.266 20912 20959 E SQLiteDatabase: at
android.database.sqlite.SQLiteConnection.executeForLastInsertedRowId(SQLiteConnecti
on.java:938)
01-29 18:52:48.266 20912 20959 E SQLiteDatabase: at
android.database.sqlite.SQLiteSession.executeForLastInsertedRowId(SQLiteSession.jav
a:790)
01-29 18:52:48.266 20912 20959 E SQLiteDatabase: at
android.database.sqlite.SQLiteStatement.executeInsert(SQLiteStatement.java:88)
01-29 18:52:48.266 20912 20959 E SQLiteDatabase: at
android.database.sqlite.SQLiteDatabase.insertWithOnConflict(SQLiteDatabase.java:170
1)
01-29 18:52:48.266 20912 20959 E SQLiteDatabase: at
android.database.sqlite.SQLiteDatabase.insert(SQLiteDatabase.java:1570)
01-29 18:52:48.266 20912 20959 E SQLiteDatabase: at X.2tm.A08(Unknown
Source:6)
01-29 18:52:48.266 20912 20959 E SQLiteDatabase: at X.35Y.A07(Unknown
Source:212)
01-29 18:52:48.266 20912 20959 E SQLiteDatabase: at X.3QF.A14(Unknown
Source:470)
01-29 18:52:48.266 20912 20959 E SQLiteDatabase: at X.3gU.run(Unknown
Source:982)
01-29 18:52:48.266 20912 20959 E SQLiteDatabase: at
android.os.Handler.handleCallback(Handler.java:938)
01-29 18:52:48.266 20912 20959 E SQLiteDatabase: at
android.os.Handler.dispatchMessage(Handler.java:99)
01-29 18:52:48.266 20912 20959 E SQLiteDatabase: at
X.0zq.dispatchMessage(Unknown Source:4)
01-29 18:52:48.266 20912 20959 E SQLiteDatabase: at
android.os.Looper.loop(Looper.java:223)
01-29 18:52:48.266 20912 20959 E SQLiteDatabase: at
android.os.HandlerThread.run(HandlerThread.java:67)
01-29 18:52:48.338 20912 20912 E ArmVmp : Match on catch block at 0xc3 in for 0x99
01-29 18:52:48.346 20912 20912 E ArmVmp : Match on catch block at 0xc3 in for 0x91
01-29 18:52:48.363 20912 20912 E ArmVmp : Match on catch block at 0xc3 in for 0x91
01-29 18:52:48.373 20912 20912 E ArmVmp : Match on catch block at 0xc3 in for 0x95
01-29 18:52:49.940 20912 20912 E ArmVmp : Match on catch block at 0xc3 in for 0x99
01-29 18:52:49.972 20912 20912 E ArmVmp : Match on catch block at 0xc3 in for 0x91
01-29 18:52:49.998 20912 20912 E ArmVmp : Match on catch block at 0xc3 in for 0x91
01-29 18:52:50.056 20912 20912 E ArmVmp : Match on catch block at 0xc3 in for 0x95
01-29 18:52:50.071 20912 20912 E ArmVmp : Match on catch block at 0xc3 in for 0x95
01-29 18:52:50.083 20912 20912 E ArmVmp : Match on catch block at 0xc3 in for 0x99
01-29 18:52:50.109 20912 20912 E ArmVmp : Match on catch block at 0xc3 in for 0x99
01-29 18:52:50.140 20912 20912 E ArmVmp : Match on catch block at 0xc3 in for 0x91
01-29 18:52:50.155 20912 20912 E ArmVmp : Match on catch block at 0xc3 in for 0x91
01-29 18:52:50.164 20912 20912 E ArmVmp : Match on catch block at 0xc3 in for 0x95
01-29 18:52:50.177 20912 20912 E ArmVmp : Match on catch block at 0xc3 in for 0x95
01-29 18:52:50.188 20912 20912 E ArmVmp : Match on catch block at 0xc3 in for 0x99
01-29 18:52:50.206 20912 20912 E ArmVmp : Match on catch block at 0xc3 in for 0x99
01-29 18:52:50.217 20912 20912 E ArmVmp : Match on catch block at 0xc3 in for 0x91
01-29 18:52:50.463 20912 20971 W com.mbwhatsapp: Accessing hidden method
Lcom/android/org/conscrypt/ConscryptEngineSocket;->setUseSessionTickets(Z)V
(greylist-max-q,core-platform-api, reflection, denied)
01-29 18:52:50.463 20912 20971 W com.mbwhatsapp: Accessing hidden method
Lcom/android/org/conscrypt/OpenSSLSocketImpl;->setUseSessionTickets(Z)V (greylist-
max-q,core-platform-api, reflection, denied)
01-29 18:52:50.464 20912 20971 W com.mbwhatsapp: Accessing hidden method
Lcom/android/org/conscrypt/AbstractConscryptSocket;->setUseSessionTickets(Z)V
(greylist-max-q, reflection, denied)
01-29 18:52:50.466 20912 20971 W com.mbwhatsapp: Accessing hidden method
Lcom/android/org/conscrypt/ConscryptEngineSocket;->setHostname(Ljava/lang/String;)V
(greylist-max-q,core-platform-api, reflection, denied)
01-29 18:52:50.466 20912 20971 W com.mbwhatsapp: Accessing hidden method
Lcom/android/org/conscrypt/OpenSSLSocketImpl;->setHostname(Ljava/lang/String;)V
(greylist-max-q,core-platform-api, reflection, denied)
01-29 18:52:50.466 20912 20971 W com.mbwhatsapp: Accessing hidden method
Lcom/android/org/conscrypt/AbstractConscryptSocket;->setHostname(Ljava/lang/
String;)V (greylist-max-q, reflection, denied)
01-29 18:52:50.467 20912 20971 W com.mbwhatsapp: Accessing hidden method
Lcom/android/org/conscrypt/OpenSSLSocketImpl;->setAlpnProtocols([B)V (greylist-max-
q,core-platform-api, reflection, denied)
01-29 18:52:50.467 20912 20971 W com.mbwhatsapp: Accessing hidden method
Lcom/android/org/conscrypt/AbstractConscryptSocket;->setAlpnProtocols([B)V
(greylist-max-q, reflection, denied)
01-29 18:52:50.763 20912 20912 E ArmVmp : Match on catch block at 0xc3 in for 0x99
01-29 18:52:50.772 20912 20912 E ArmVmp : Match on catch block at 0xc3 in for 0x91
01-29 18:52:50.791 20912 20912 E ArmVmp : Match on catch block at 0xc3 in for 0x95
01-29 18:52:50.810 20912 20912 E ArmVmp : Match on catch block at 0xc3 in for 0x99
01-29 18:52:50.832 20912 20912 E ArmVmp : Match on catch block at 0xc3 in for 0x91
01-29 18:52:50.873 20912 20912 E ArmVmp : Match on catch block at 0xc3 in for 0x95
01-29 18:52:50.895 20912 20912 E ArmVmp : Match on catch block at 0xc3 in for 0x91
01-29 18:52:50.904 20912 20912 E ArmVmp : Match on catch block at 0xc3 in for 0x95
01-29 18:52:50.921 20912 20912 E ArmVmp : Match on catch block at 0xc3 in for 0x95
01-29 18:52:50.930 20912 20912 E ArmVmp : Match on catch block at 0xc3 in for 0x99
01-29 18:52:50.940 20912 20912 E ArmVmp : Match on catch block at 0xc3 in for 0x99
01-29 18:52:50.952 20912 20912 E ArmVmp : Match on catch block at 0xc3 in for 0x91
01-29 18:52:50.964 20912 20912 E ArmVmp : Match on catch block at 0xc3 in for 0x91
01-29 18:52:50.974 20912 20912 E ArmVmp : Match on catch block at 0xc3 in for 0x95
01-29 18:52:50.985 20912 20912 E ArmVmp : Match on catch block at 0xc3 in for 0x95
01-29 18:52:50.998 20912 20912 E ArmVmp : Match on catch block at 0xc3 in for 0x99
01-29 18:52:51.012 20912 20912 E ArmVmp : Match on catch block at 0xc3 in for 0x99
01-29 18:52:51.031 20912 20912 E ArmVmp : Match on catch block at 0xc3 in for 0x91
01-29 18:52:51.046 20912 20912 E ArmVmp : Match on catch block at 0xc3 in for 0x91
01-29 18:52:51.055 20912 20912 E ArmVmp : Match on catch block at 0xc3 in for 0x95
01-29 18:52:51.069 20912 20912 E ArmVmp : Match on catch block at 0xc3 in for 0x95
01-29 18:52:51.077 20912 20912 E ArmVmp : Match on catch block at 0xc3 in for 0x99
01-29 18:52:51.088 20912 20912 E ArmVmp : Match on catch block at 0xc3 in for 0x99
01-29 18:52:51.097 20912 20912 E ArmVmp : Match on catch block at 0xc3 in for 0x91
01-29 18:52:51.112 20912 20912 E ArmVmp : Match on catch block at 0xc3 in for 0x91
01-29 18:52:51.123 20912 20912 E ArmVmp : Match on catch block at 0xc3 in for 0x95
01-29 18:52:51.248 20912 20912 E ArmVmp : Match on catch block at 0xc3 in for 0x95
01-29 18:52:51.255 20912 20912 E ArmVmp : Match on catch block at 0xc3 in for 0x99
01-29 18:52:51.270 20912 20912 E ArmVmp : Match on catch block at 0xc3 in for 0x91
01-29 18:52:51.280 20912 20912 E ArmVmp : Match on catch block at 0xc3 in for 0x95
01-29 18:52:51.298 20912 20912 E ArmVmp : Match on catch block at 0xc3 in for 0x99
01-29 18:52:51.306 20912 20912 E ArmVmp : Match on catch block at 0xc3 in for 0x91
01-29 18:52:51.328 20912 20912 E ArmVmp : Match on catch block at 0xc3 in for 0x95
01-29 18:52:51.336 20912 20912 E ArmVmp : Match on catch block at 0xc3 in for 0x99
01-29 18:52:51.351 20912 20912 E ArmVmp : Match on catch block at 0xc3 in for 0x91
01-29 18:52:51.365 20912 20912 E ArmVmp : Match on catch block at 0xc3 in for 0x95
01-29 18:52:51.383 20912 20912 E ArmVmp : Match on catch block at 0xc3 in for 0x99
01-29 18:52:51.391 20912 20912 E ArmVmp : Match on catch block at 0xc3 in for 0x91
01-29 18:52:51.543 20912 20912 E ArmVmp : Match on catch block at 0xc3 in for 0x95
01-29 18:52:51.549 20912 20912 E ArmVmp : Match on catch block at 0xc3 in for 0x99
01-29 18:52:51.578 20912 20912 E ArmVmp : Match on catch block at 0xc3 in for 0x91
01-29 18:52:51.585 20912 20912 E ArmVmp : Match on catch block at 0xc3 in for 0x95
01-29 18:52:51.603 20912 20912 E ArmVmp : Match on catch block at 0xc3 in for 0x95
01-29 18:52:51.614 20912 20912 E ArmVmp : Match on catch block at 0xc3 in for 0x99
01-29 18:52:51.626 20912 20912 E ArmVmp : Match on catch block at 0xc3 in for 0x99
01-29 18:52:51.645 20912 20912 E ArmVmp : Match on catch block at 0xc3 in for 0x91
01-29 18:52:51.657 20912 20912 E ArmVmp : Match on catch block at 0xc3 in for 0x91
01-29 18:52:51.673 20912 20912 E ArmVmp : Match on catch block at 0xc3 in for 0x95
01-29 18:52:51.687 20912 20912 E ArmVmp : Match on catch block at 0xc3 in for 0x95
01-29 18:52:51.702 20912 20912 E ArmVmp : Match on catch block at 0xc3 in for 0x99
01-29 18:52:51.716 20912 20912 E ArmVmp : Match on catch block at 0xc3 in for 0x99
01-29 18:52:51.731 20912 20912 E ArmVmp : Match on catch block at 0xc3 in for 0x91
01-29 18:52:51.744 20912 20912 E ArmVmp : Match on catch block at 0xc3 in for 0x91
01-29 18:52:51.759 20912 20912 E ArmVmp : Match on catch block at 0xc3 in for 0x95
01-29 18:52:51.775 20912 20912 E ArmVmp : Match on catch block at 0xc3 in for 0x95
01-29 18:52:51.786 20912 20912 E ArmVmp : Match on catch block at 0xc3 in for 0x99
01-29 18:52:51.830 20912 20912 E ArmVmp : Match on catch block at 0xc3 in for 0x91
01-29 18:52:51.838 20912 20912 E ArmVmp : Match on catch block at 0xc3 in for 0x95
01-29 18:52:51.852 20912 20912 E ArmVmp : Match on catch block at 0xc3 in for 0x95
01-29 18:52:51.860 20912 20912 E ArmVmp : Match on catch block at 0xc3 in for 0x99
01-29 18:52:52.300 20912 20912 E ArmVmp : Match on catch block at 0xc3 in for 0x99
01-29 18:52:52.308 20912 20912 E ArmVmp : Match on catch block at 0xc3 in for 0x91
01-29 18:52:52.355 20912 20912 E ArmVmp : Match on catch block at 0xc3 in for 0x95
01-29 18:52:52.372 20912 20912 E ArmVmp : Match on catch block at 0xc3 in for 0x99
01-29 18:52:52.452 20912 20912 E ArmVmp : Match on catch block at 0xc3 in for 0x99
01-29 18:52:52.471 20912 20912 E ArmVmp : Match on catch block at 0xc3 in for 0x91
01-29 18:52:52.491 20912 20912 E ArmVmp : Match on catch block at 0xc3 in for 0x91
01-29 18:52:52.509 20912 20912 E ArmVmp : Match on catch block at 0xc3 in for 0x95
01-29 18:52:52.535 20912 20912 E ArmVmp : Match on catch block at 0xc3 in for 0x95
01-29 18:52:52.545 20912 20912 E ArmVmp : Match on catch block at 0xc3 in for 0x99
01-29 18:52:52.568 20912 20912 E ArmVmp : Match on catch block at 0xc3 in for 0x99
01-29 18:52:52.579 20912 20912 E ArmVmp : Match on catch block at 0xc3 in for 0x91
01-29 18:52:52.602 20912 20912 E ArmVmp : Match on catch block at 0xc3 in for 0x91
01-29 18:52:52.614 20912 20912 E ArmVmp : Match on catch block at 0xc3 in for 0x95
01-29 18:52:52.815 20912 20912 E ArmVmp : Match on catch block at 0xc3 in for 0x91
01-29 18:52:52.829 20912 20912 E ArmVmp : Match on catch block at 0xc3 in for 0x95
01-29 18:52:52.854 20912 20912 E ArmVmp : Match on catch block at 0xc3 in for 0x95
01-29 18:52:52.871 20912 20912 E ArmVmp : Match on catch block at 0xc3 in for 0x99
01-29 18:52:53.702 20912 20912 E ArmVmp : Match on catch block at 0xc3 in for 0x91
01-29 18:52:53.734 20912 20912 E ArmVmp : Match on catch block at 0xc3 in for 0x95
01-29 18:52:53.782 20912 20912 E ArmVmp : Match on catch block at 0xc3 in for 0x95
01-29 18:52:53.797 20912 20912 E ArmVmp : Match on catch block at 0xc3 in for 0x99
01-29 18:52:53.868 20912 20912 E ArmVmp : Match on catch block at 0xc3 in for 0x99
01-29 18:52:53.880 20912 20912 E ArmVmp : Match on catch block at 0xc3 in for 0x91
01-29 18:52:53.899 20912 20912 E ArmVmp : Match on catch block at 0xc3 in for 0x91
01-29 18:52:53.917 20912 20912 E ArmVmp : Match on catch block at 0xc3 in for 0x95
01-29 18:52:53.965 20912 20912 E ArmVmp : Match on catch block at 0xc3 in for 0x91
01-29 18:52:53.979 20912 20912 E ArmVmp : Match on catch block at 0xc3 in for 0x95
01-29 18:52:54.035 20912 20912 E ArmVmp : Match on catch block at 0xc3 in for 0x91
01-29 18:52:54.052 20912 20912 E ArmVmp : Match on catch block at 0xc3 in for 0x95
01-29 18:52:54.113 20912 20912 E ArmVmp : Match on catch block at 0xc3 in for 0x91
01-29 18:52:54.132 20912 20912 E ArmVmp : Match on catch block at 0xc3 in for 0x95
01-29 18:52:54.188 20912 20912 E ArmVmp : Match on catch block at 0xc3 in for 0x91
01-29 18:52:54.198 20912 20912 E ArmVmp : Match on catch block at 0xc3 in for 0x95
01-29 18:52:54.268 20912 20912 E ArmVmp : Match on catch block at 0xc3 in for 0x91
01-29 18:52:54.283 20912 20912 E ArmVmp : Match on catch block at 0xc3 in for 0x95
01-29 18:52:54.324 20912 20912 E ArmVmp : Match on catch block at 0xc3 in for 0x91
01-29 18:52:54.339 20912 20912 E ArmVmp : Match on catch block at 0xc3 in for 0x95
01-29 18:52:54.360 20912 20912 E ArmVmp : Match on catch block at 0xc3 in for 0x95
01-29 18:52:54.368 20912 20912 E ArmVmp : Match on catch block at 0xc3 in for 0x99
01-29 18:52:54.668 20912 20912 E ArmVmp : Match on catch block at 0xc3 in for 0x91
01-29 18:52:54.701 20912 20912 E ArmVmp : Match on catch block at 0xc3 in for 0x95
01-29 18:52:54.772 20912 20912 E ArmVmp : Match on catch block at 0xc3 in for 0x91
01-29 18:52:54.786 20912 20912 E ArmVmp : Match on catch block at 0xc3 in for 0x95
01-29 18:52:55.257 20912 20968 E com.mbwhatsapp: Shared attribute region not
available to be mapped
01-29 18:52:55.291 20912 20912 E ArmVmp : Match on catch block at 0xc3 in for 0x91
01-29 18:52:55.299 20912 20912 E ArmVmp : Match on catch block at 0xc3 in for 0x95
01-29 18:52:55.385 20912 20968 E com.mbwhatsapp: Shared attribute region not
available to be mapped
01-29 18:52:55.464 20912 20968 E com.mbwhatsapp: Shared attribute region not
available to be mapped
01-29 18:52:55.788 20912 20968 W libEGL : EGLNativeWindowType 0x78991808
disconnect failed
01-29 18:52:55.845 20912 20912 E ArmVmp : Match on catch block at 0xc3 in for 0x99
01-29 18:52:55.859 20912 20912 E ArmVmp : Match on catch block at 0xc3 in for 0x91
--------- beginning of system
01-29 18:53:35.787 20912 20912 W ActivityThread: Main thread can not be idle for a
long time.
--------- beginning of main
01-29 19:23:12.150 28621 28621 E com.mbwhatsapp: Not starting debugger since
process cannot load the jdwp agent.
01-29 19:23:12.919 28621 28621 W CheckTime: App running slow: Executing application
classloader create took 511ms
01-29 19:23:13.994 28621 28621 W System.err: java.lang.ClassNotFoundException:
mbmodsd.mbmodsw.ui.views.btn.BtnBK
01-29 19:23:13.996 28621 28621 W System.err: at
java.lang.Runtime.nativeLoad(Native Method)
01-29 19:23:13.997 28621 28621 W System.err: at
java.lang.Runtime.nativeLoad(Runtime.java:1131)
01-29 19:23:13.997 28621 28621 W System.err: at
java.lang.Runtime.loadLibrary0(Runtime.java:1085)
01-29 19:23:13.997 28621 28621 W System.err: at
java.lang.Runtime.loadLibrary0(Runtime.java:1008)
01-29 19:23:13.997 28621 28621 W System.err: at
java.lang.System.loadLibrary(System.java:1664)
01-29 19:23:13.997 28621 28621 W System.err: at arm.EpicVm.<clinit>(Unknown
Source:2)
01-29 19:23:13.997 28621 28621 W System.err: at
java.lang.Class.newInstance(Native Method)
01-29 19:23:13.997 28621 28621 W System.err: at
android.app.AppComponentFactory.instantiateApplication(AppComponentFactory.java:76)
01-29 19:23:13.997 28621 28621 W System.err: at
androidx.core.app.CoreComponentFactory.instantiateApplication(Unknown Source:0)
01-29 19:23:13.997 28621 28621 W System.err: at
android.app.Instrumentation.newApplication(Instrumentation.java:1158)
01-29 19:23:13.998 28621 28621 W System.err: at
android.app.LoadedApk.makeApplication(LoadedApk.java:1268)
01-29 19:23:13.998 28621 28621 W System.err: at
android.app.ActivityThread.handleBindApplication(ActivityThread.java:6901)
01-29 19:23:13.998 28621 28621 W System.err: at
android.app.ActivityThread.access$1400(ActivityThread.java:260)
01-29 19:23:13.998 28621 28621 W System.err: at
android.app.ActivityThread$H.handleMessage(ActivityThread.java:1977)
01-29 19:23:13.998 28621 28621 W System.err: at
android.os.Handler.dispatchMessage(Handler.java:106)
01-29 19:23:13.998 28621 28621 W System.err: at
android.os.Looper.loop(Looper.java:223)
01-29 19:23:13.998 28621 28621 W System.err: at
android.app.ActivityThread.main(ActivityThread.java:7977)
01-29 19:23:13.998 28621 28621 W System.err: at
java.lang.reflect.Method.invoke(Native Method)
01-29 19:23:13.998 28621 28621 W System.err: at
com.android.internal.os.RuntimeInit$MethodAndArgsCaller.run(RuntimeInit.java:603)
01-29 19:23:13.998 28621 28621 W System.err: at
com.android.internal.os.ZygoteInit.main(ZygoteInit.java:947)
01-29 19:23:14.147 28621 28621 W CheckTime: App running slow: Executing
handleBindApplication : makeApplication took 631ms
01-29 19:23:14.168 28621 28621 E CustomActivityOnCrash: IMPORTANT WARNING! You
already have an UncaughtExceptionHandler, are you sure this is correct? If you use
a custom UncaughtExceptionHandler, you must initialize it AFTER
CustomActivityOnCrash! Installing anyway, but your original handler will not be
called.
01-29 19:23:14.537 28621 28621 W CheckTime: App running slow: Executing
handleBindApplication : installContentProviders took 390ms
01-29 19:23:16.981 28621 28621 W com.mbwhatsapp: Accessing hidden method
Lcom/android/org/conscrypt/OpenSSLSocketImpl;->setUseSessionTickets(Z)V (greylist-
max-q,core-platform-api, reflection, denied)
01-29 19:23:16.982 28621 28621 W com.mbwhatsapp: Accessing hidden method
Lcom/android/org/conscrypt/AbstractConscryptSocket;->setUseSessionTickets(Z)V
(greylist-max-q, reflection, denied)
01-29 19:23:17.274 28621 28621 W com.mbwhatsapp: Verification of void X.3gG.run()
took 166.796ms (14316.81 bytecodes/s) (45536B approximate peak alloc)
01-29 19:23:18.011 28621 28621 W com.mbwhatsapp: type=1400 audit(0.0:236474): avc:
granted { execute } for
path="/data/data/com.mbwhatsapp/files/decompressed/libs.spk.zst/libc++_shared.so"
dev="dm-11" ino=107961 scontext=u:r:untrusted_app:s0:c227,c256,c512,c768
tcontext=u:object_r:app_data_file:s0:c227,c256,c512,c768 tclass=file
app=com.mbwhatsapp
01-29 19:23:18.051 28621 28621 W com.mbwhatsapp: type=1400 audit(0.0:236475): avc:
granted { execute } for
path="/data/data/com.mbwhatsapp/files/decompressed/libs.spk.zst/libvlc.so" dev="dm-
11" ino=106487 scontext=u:r:untrusted_app:s0:c227,c256,c512,c768
tcontext=u:object_r:app_data_file:s0:c227,c256,c512,c768 tclass=file
app=com.mbwhatsapp
01-29 19:23:18.181 28621 28621 W com.mbwhatsapp: type=1400 audit(0.0:236476): avc:
granted { execute } for
path="/data/data/com.mbwhatsapp/files/decompressed/libs.spk.zst/libwhatsapp.so"
dev="dm-11" ino=106577 scontext=u:r:untrusted_app:s0:c227,c256,c512,c768
tcontext=u:object_r:app_data_file:s0:c227,c256,c512,c768 tclass=file
app=com.mbwhatsapp
01-29 19:23:18.731 28621 28621 W com.mbwhatsapp: type=1400 audit(0.0:236477): avc:
granted { execute } for
path="/data/data/com.mbwhatsapp/files/decompressed/libs.spk.zst/libcurve25519.so"
dev="dm-11" ino=106571 scontext=u:r:untrusted_app:s0:c227,c256,c512,c768
tcontext=u:object_r:app_data_file:s0:c227,c256,c512,c768 tclass=file
app=com.mbwhatsapp
01-29 19:23:18.901 28621 28621 W com.mbwhatsapp: type=1400 audit(0.0:236478): avc:
granted { execute } for
path="/data/data/com.mbwhatsapp/files/decompressed/libs.spk.zst/libwhatsapp.so"
dev="dm-11" ino=106577 scontext=u:r:untrusted_app:s0:c227,c256,c512,c768
tcontext=u:object_r:app_data_file:s0:c227,c256,c512,c768 tclass=file
app=com.mbwhatsapp
01-29 19:23:19.916 28621 28621 W CheckTime: App running slow: Executing
handleBindApplication : callApplicationOnCreate took 5378ms
01-29 19:23:20.085 28621 28700 W com.mbwhatsapp: Class X.2rL failed lock
verification and will run slower.
01-29 19:23:20.085 28621 28700 W com.mbwhatsapp: Common causes for lock
verification issues are non-optimized dex code
01-29 19:23:20.085 28621 28700 W com.mbwhatsapp: and incorrect proguard
optimizations.
01-29 19:23:30.249 28621 28710 W com.mbwhatsapp: Verification of void X.3e2.run()
took 632.883ms (6149.64 bytecodes/s) (64216B approximate peak alloc)
01-29 19:23:33.093 28621 28787 W GmsClient: unable to connect to service:
com.google.android.gms.wearable.BIND on com.google.android.gms
--------- beginning of main
01-29 19:36:36.835 5860 5860 W System.err: at
androidx.core.app.CoreComponentFactory.instantiateApplication(Unknown Source:0)
01-29 19:36:36.835 5860 5860 W System.err: at
android.app.Instrumentation.newApplication(Instrumentation.java:1158)
01-29 19:36:36.835 5860 5860 W System.err: at
android.app.LoadedApk.makeApplication(LoadedApk.java:1268)
01-29 19:36:36.835 5860 5860 W System.err: at
android.app.ActivityThread.handleBindApplication(ActivityThread.java:6901)
01-29 19:36:36.835 5860 5860 W System.err: at
android.app.ActivityThread.access$1400(ActivityThread.java:260)
01-29 19:36:36.835 5860 5860 W System.err: at
android.app.ActivityThread$H.handleMessage(ActivityThread.java:1977)
01-29 19:36:36.835 5860 5860 W System.err: at
android.os.Handler.dispatchMessage(Handler.java:106)
01-29 19:36:36.835 5860 5860 W System.err: at
android.os.Looper.loop(Looper.java:223)
01-29 19:36:36.835 5860 5860 W System.err: at
android.app.ActivityThread.main(ActivityThread.java:7977)
01-29 19:36:36.835 5860 5860 W System.err: at
java.lang.reflect.Method.invoke(Native Method)
01-29 19:36:36.835 5860 5860 W System.err: at
com.android.internal.os.RuntimeInit$MethodAndArgsCaller.run(RuntimeInit.java:603)
01-29 19:36:36.835 5860 5860 W System.err: at
com.android.internal.os.ZygoteInit.main(ZygoteInit.java:947)
01-29 19:36:36.905 5860 5860 W CheckTime: App running slow: Executing
handleBindApplication : makeApplication took 392ms
01-29 19:36:36.920 5860 5860 E CustomActivityOnCrash: IMPORTANT WARNING! You
already have an UncaughtExceptionHandler, are you sure this is correct? If you use
a custom UncaughtExceptionHandler, you must initialize it AFTER
CustomActivityOnCrash! Installing anyway, but your original handler will not be
called.
01-29 19:36:38.161 5860 5860 W com.mbwhatsapp: Accessing hidden method
Lcom/android/org/conscrypt/OpenSSLSocketImpl;->setUseSessionTickets(Z)V (greylist-
max-q,core-platform-api, reflection, denied)
01-29 19:36:38.162 5860 5860 W com.mbwhatsapp: Accessing hidden method
Lcom/android/org/conscrypt/AbstractConscryptSocket;->setUseSessionTickets(Z)V
(greylist-max-q, reflection, denied)
01-29 19:36:38.821 5860 5860 W com.mbwhatsapp: type=1400 audit(0.0:237533): avc:
granted { execute } for
path="/data/data/com.mbwhatsapp/files/decompressed/libs.spk.zst/libc++_shared.so"
dev="dm-11" ino=107961 scontext=u:r:untrusted_app:s0:c227,c256,c512,c768
tcontext=u:object_r:app_data_file:s0:c227,c256,c512,c768 tclass=file
app=com.mbwhatsapp
01-29 19:36:38.951 5860 5860 W com.mbwhatsapp: type=1400 audit(0.0:237534): avc:
granted { execute } for
path="/data/data/com.mbwhatsapp/files/decompressed/libs.spk.zst/libvlc.so" dev="dm-
11" ino=106487 scontext=u:r:untrusted_app:s0:c227,c256,c512,c768
tcontext=u:object_r:app_data_file:s0:c227,c256,c512,c768 tclass=file
app=com.mbwhatsapp
01-29 19:36:39.001 5860 5860 W com.mbwhatsapp: type=1400 audit(0.0:237535): avc:
granted { execute } for
path="/data/data/com.mbwhatsapp/files/decompressed/libs.spk.zst/libwhatsapp.so"
