01-29 18:47:30.463 20472 20472 E ArmVmp : Match on catch block at 0xc3 in for 0x91
01-29 18:47:30.477 20472 20472 E ArmVmp : Match on catch block at 0xc3 in for 0x95
01-29 18:47:30.496 20472 20472 E ArmVmp : Match on catch block at 0xc3 in for 0x95
01-29 18:47:30.758 20472 20472 E ArmVmp : Match on catch block at 0xc3 in for 0x95
01-29 18:47:30.769 20472 20472 E ArmVmp : Match on catch block at 0xc3 in for 0x99
01-29 18:47:30.778 20472 20472 E ArmVmp : Match on catch block at 0xc3 in for 0x99
01-29 18:47:30.794 20472 20472 E ArmVmp : Match on catch block at 0xc3 in for 0x91
01-29 18:47:30.805 20472 20472 E ArmVmp : Match on catch block at 0xc3 in for 0x95
01-29 18:47:30.810 20472 20472 E ArmVmp : Match on catch block at 0xc3 in for 0x95
01-29 18:47:31.219 20472 20472 E ArmVmp : Match on catch block at 0xc3 in for 0x99
01-29 18:47:31.247 20472 20472 E ArmVmp : Match on catch block at 0xc3 in for 0x91
01-29 18:47:31.265 20472 20472 E ArmVmp : Match on catch block at 0xc3 in for 0x91
01-29 18:47:31.721 20472 20472 E ArmVmp : Match on catch block at 0xc3 in for 0x95
01-29 18:47:31.751 20472 20472 E ArmVmp : Match on catch block at 0xc3 in for 0x99
01-29 18:47:31.773 20472 20472 E ArmVmp : Match on catch block at 0xc3 in for 0x99
01-29 18:47:32.226 20472 20472 E ArmVmp : Match on catch block at 0xc3 in for 0x91
01-29 18:47:32.256 20472 20472 E ArmVmp : Match on catch block at 0xc3 in for 0x95
01-29 18:47:32.275 20472 20472 E ArmVmp : Match on catch block at 0xc3 in for 0x95
01-29 18:47:32.327 20472 20472 E ArmVmp : Match on catch block at 0xc3 in for 0x99
01-29 18:47:32.346 20472 20472 E ArmVmp : Match on catch block at 0xc3 in for 0x91
01-29 18:47:32.359 20472 20472 E ArmVmp : Match on catch block at 0xc3 in for 0x91
01-29 18:47:32.372 20472 20472 E ArmVmp : Match on catch block at 0xc3 in for 0x95
01-29 18:47:32.407 20472 20472 E ArmVmp : Match on catch block at 0xc3 in for 0x99
01-29 18:47:32.418 20472 20472 E ArmVmp : Match on catch block at 0xc3 in for 0x99
01-29 18:47:32.428 20472 20472 E ArmVmp : Match on catch block at 0xc3 in for 0x91
01-29 18:47:32.446 20472 20472 E ArmVmp : Match on catch block at 0xc3 in for 0x95
01-29 18:47:32.468 20472 20472 E ArmVmp : Match on catch block at 0xc3 in for 0x95
01-29 18:47:32.478 20472 20472 E ArmVmp : Match on catch block at 0xc3 in for 0x99
01-29 18:47:32.492 20472 20472 E ArmVmp : Match on catch block at 0xc3 in for 0x91
01-29 18:47:32.499 20472 20472 E ArmVmp : Match on catch block at 0xc3 in for 0x91
01-29 18:47:32.511 20472 20472 E ArmVmp : Match on catch block at 0xc3 in for 0x95
01-29 18:47:32.525 20472 20472 E ArmVmp : Match on catch block at 0xc3 in for 0x99
01-29 18:47:32.531 20472 20472 E ArmVmp : Match on catch block at 0xc3 in for 0x99
01-29 18:47:32.544 20472 20472 E ArmVmp : Match on catch block at 0xc3 in for 0x91
01-29 18:47:32.562 20472 20472 E ArmVmp : Match on catch block at 0xc3 in for 0x95
01-29 18:47:32.569 20472 20472 E ArmVmp : Match on catch block at 0xc3 in for 0x95
01-29 18:47:32.592 20472 20472 E ArmVmp : Match on catch block at 0xc3 in for 0x99
01-29 18:47:32.606 20472 20472 E ArmVmp : Match on catch block at 0xc3 in for 0x91
01-29 18:47:32.616 20472 20472 E ArmVmp : Match on catch block at 0xc3 in for 0x91
01-29 18:47:32.710 20472 20472 E ArmVmp : Match on catch block at 0xc3 in for 0x95
01-29 18:47:32.725 20472 20472 E ArmVmp : Match on catch block at 0xc3 in for 0x99
01-29 18:47:32.734 20472 20472 E ArmVmp : Match on catch block at 0xc3 in for 0x99
01-29 18:47:33.201 20472 20472 E ArmVmp : Match on catch block at 0xc3 in for 0x95
01-29 18:47:33.223 20472 20472 E ArmVmp : Match on catch block at 0xc3 in for 0x99
01-29 18:47:33.231 20472 20472 E ArmVmp : Match on catch block at 0xc3 in for 0x99
01-29 18:47:33.251 20472 20472 E ArmVmp : Match on catch block at 0xc3 in for 0x91
01-29 18:47:33.273 20472 20472 E ArmVmp : Match on catch block at 0xc3 in for 0x95
01-29 18:47:33.296 20472 20472 E ArmVmp : Match on catch block at 0xc3 in for 0x95
01-29 18:47:33.344 20472 20472 E ArmVmp : Match on catch block at 0xc3 in for 0x99
01-29 18:47:33.359 20472 20472 E ArmVmp : Match on catch block at 0xc3 in for 0x91
01-29 18:47:33.374 20472 20472 E ArmVmp : Match on catch block at 0xc3 in for 0x91
01-29 18:47:33.394 20472 20472 E ArmVmp : Match on catch block at 0xc3 in for 0x99
01-29 18:47:33.404 20472 20472 E ArmVmp : Match on catch block at 0xc3 in for 0x91
01-29 18:47:33.414 20472 20472 E ArmVmp : Match on catch block at 0xc3 in for 0x91
01-29 18:47:33.445 20472 20472 E ArmVmp : Match on catch block at 0xc3 in for 0x99
01-29 18:47:33.455 20472 20472 E ArmVmp : Match on catch block at 0xc3 in for 0x91
01-29 18:47:33.467 20472 20472 E ArmVmp : Match on catch block at 0xc3 in for 0x91
01-29 18:47:33.495 20472 20472 E ArmVmp : Match on catch block at 0xc3 in for 0x99
01-29 18:47:33.505 20472 20472 E ArmVmp : Match on catch block at 0xc3 in for 0x91
01-29 18:47:33.513 20472 20472 E ArmVmp : Match on catch block at 0xc3 in for 0x91
01-29 18:47:33.563 20472 20472 E ArmVmp : Match on catch block at 0xc3 in for 0x99
01-29 18:47:33.574 20472 20472 E ArmVmp : Match on catch block at 0xc3 in for 0x91
01-29 18:47:33.582 20472 20472 E ArmVmp : Match on catch block at 0xc3 in for 0x91
01-29 18:47:33.612 20472 20472 E ArmVmp : Match on catch block at 0xc3 in for 0x99
01-29 18:47:33.626 20472 20472 E ArmVmp : Match on catch block at 0xc3 in for 0x91
01-29 18:47:33.634 20472 20472 E ArmVmp : Match on catch block at 0xc3 in for 0x91
01-29 18:47:33.663 20472 20472 E ArmVmp : Match on catch block at 0xc3 in for 0x99
01-29 18:47:33.674 20472 20472 E ArmVmp : Match on catch block at 0xc3 in for 0x91
01-29 18:47:33.683 20472 20472 E ArmVmp : Match on catch block at 0xc3 in for 0x91
01-29 18:47:33.713 20472 20472 E ArmVmp : Match on catch block at 0xc3 in for 0x99
01-29 18:47:33.727 20472 20472 E ArmVmp : Match on catch block at 0xc3 in for 0x91
01-29 18:47:33.742 20472 20472 E ArmVmp : Match on catch block at 0xc3 in for 0x91
01-29 18:47:33.763 20472 20472 E ArmVmp : Match on catch block at 0xc3 in for 0x99
01-29 18:47:33.776 20472 20472 E ArmVmp : Match on catch block at 0xc3 in for 0x91
01-29 18:47:33.785 20472 20472 E ArmVmp : Match on catch block at 0xc3 in for 0x91
01-29 18:47:33.813 20472 20472 E ArmVmp : Match on catch block at 0xc3 in for 0x99
01-29 18:47:33.830 20472 20472 E ArmVmp : Match on catch block at 0xc3 in for 0x91
01-29 18:47:33.837 20472 20472 E ArmVmp : Match on catch block at 0xc3 in for 0x91
01-29 18:47:33.863 20472 20472 E ArmVmp : Match on catch block at 0xc3 in for 0x95
01-29 18:47:33.876 20472 20472 E ArmVmp : Match on catch block at 0xc3 in for 0x99
01-29 18:47:33.887 20472 20472 E ArmVmp : Match on catch block at 0xc3 in for 0x99
01-29 18:47:33.914 20472 20472 E ArmVmp : Match on catch block at 0xc3 in for 0x95
01-29 18:47:33.937 20472 20472 E ArmVmp : Match on catch block at 0xc3 in for 0x99
01-29 18:47:33.946 20472 20472 E ArmVmp : Match on catch block at 0xc3 in for 0x99
01-29 18:47:33.964 20472 20472 E ArmVmp : Match on catch block at 0xc3 in for 0x95
01-29 18:47:33.976 20472 20472 E ArmVmp : Match on catch block at 0xc3 in for 0x99
01-29 18:47:33.987 20472 20472 E ArmVmp : Match on catch block at 0xc3 in for 0x99
01-29 18:47:34.014 20472 20472 E ArmVmp : Match on catch block at 0xc3 in for 0x95
01-29 18:47:34.030 20472 20472 E ArmVmp : Match on catch block at 0xc3 in for 0x99
01-29 18:47:34.038 20472 20472 E ArmVmp : Match on catch block at 0xc3 in for 0x99
01-29 18:47:34.064 20472 20472 E ArmVmp : Match on catch block at 0xc3 in for 0x95
01-29 18:47:34.077 20472 20472 E ArmVmp : Match on catch block at 0xc3 in for 0x99
01-29 18:47:34.086 20472 20472 E ArmVmp : Match on catch block at 0xc3 in for 0x99
01-29 18:47:34.114 20472 20472 E ArmVmp : Match on catch block at 0xc3 in for 0x95
01-29 18:47:34.129 20472 20472 E ArmVmp : Match on catch block at 0xc3 in for 0x99
01-29 18:47:34.137 20472 20472 E ArmVmp : Match on catch block at 0xc3 in for 0x99
01-29 18:47:34.165 20472 20472 E ArmVmp : Match on catch block at 0xc3 in for 0x95
01-29 18:47:34.177 20472 20472 E ArmVmp : Match on catch block at 0xc3 in for 0x99
01-29 18:47:34.190 20472 20472 E ArmVmp : Match on catch block at 0xc3 in for 0x99
01-29 18:47:34.215 20472 20472 E ArmVmp : Match on catch block at 0xc3 in for 0x95
01-29 18:47:34.230 20472 20472 E ArmVmp : Match on catch block at 0xc3 in for 0x99
01-29 18:47:34.236 20472 20472 E ArmVmp : Match on catch block at 0xc3 in for 0x99
01-29 18:47:34.265 20472 20472 E ArmVmp : Match on catch block at 0xc3 in for 0x95
01-29 18:47:34.280 20472 20472 E ArmVmp : Match on catch block at 0xc3 in for 0x99
01-29 18:47:34.287 20472 20472 E ArmVmp : Match on catch block at 0xc3 in for 0x99
01-29 18:47:34.315 20472 20472 E ArmVmp : Match on catch block at 0xc3 in for 0x95
01-29 18:47:34.329 20472 20472 E ArmVmp : Match on catch block at 0xc3 in for 0x99
01-29 18:47:34.335 20472 20472 E ArmVmp : Match on catch block at 0xc3 in for 0x99
01-29 18:47:34.366 20472 20472 E ArmVmp : Match on catch block at 0xc3 in for 0x95
01-29 18:47:34.382 20472 20472 E ArmVmp : Match on catch block at 0xc3 in for 0x99
01-29 18:47:34.389 20472 20472 E ArmVmp : Match on catch block at 0xc3 in for 0x99
01-29 18:47:34.416 20472 20472 E ArmVmp : Match on catch block at 0xc3 in for 0x91
01-29 18:47:34.432 20472 20472 E ArmVmp : Match on catch block at 0xc3 in for 0x95
01-29 18:47:34.442 20472 20472 E ArmVmp : Match on catch block at 0xc3 in for 0x95
01-29 18:47:34.466 20472 20472 E ArmVmp : Match on catch block at 0xc3 in for 0x91
01-29 18:47:34.477 20472 20472 E ArmVmp : Match on catch block at 0xc3 in for 0x95
01-29 18:47:34.491 20472 20472 E ArmVmp : Match on catch block at 0xc3 in for 0x95
01-29 18:47:34.517 20472 20472 E ArmVmp : Match on catch block at 0xc3 in for 0x91
01-29 18:47:34.534 20472 20472 E ArmVmp : Match on catch block at 0xc3 in for 0x95
01-29 18:47:34.541 20472 20472 E ArmVmp : Match on catch block at 0xc3 in for 0x95
01-29 18:47:34.567 20472 20472 E ArmVmp : Match on catch block at 0xc3 in for 0x91
01-29 18:47:34.578 20472 20472 E ArmVmp : Match on catch block at 0xc3 in for 0x95
01-29 18:47:34.590 20472 20472 E ArmVmp : Match on catch block at 0xc3 in for 0x95
01-29 18:47:34.624 20472 20472 E ArmVmp : Match on catch block at 0xc3 in for 0x91
01-29 18:47:34.635 20472 20472 E ArmVmp : Match on catch block at 0xc3 in for 0x95
01-29 18:47:34.644 20472 20472 E ArmVmp : Match on catch block at 0xc3 in for 0x95
01-29 18:47:34.669 20472 20472 E ArmVmp : Match on catch block at 0xc3 in for 0x99
01-29 18:47:34.690 20472 20472 E ArmVmp : Match on catch block at 0xc3 in for 0x91
01-29 18:47:34.705 20472 20472 E ArmVmp : Match on catch block at 0xc3 in for 0x91
01-29 18:47:34.758 20472 20472 E ArmVmp : Match on catch block at 0xc3 in for 0x91
01-29 18:47:34.772 20472 20472 E ArmVmp : Match on catch block at 0xc3 in for 0x95
01-29 18:47:34.778 20472 20472 E ArmVmp : Match on catch block at 0xc3 in for 0x95
01-29 18:47:34.803 20472 20472 E ArmVmp : Match on catch block at 0xc3 in for 0x91
01-29 18:47:34.818 20472 20472 E ArmVmp : Match on catch block at 0xc3 in for 0x95
01-29 18:47:34.825 20472 20472 E ArmVmp : Match on catch block at 0xc3 in for 0x95
01-29 18:47:34.852 20472 20472 E ArmVmp : Match on catch block at 0xc3 in for 0x95
01-29 18:47:34.870 20472 20472 E ArmVmp : Match on catch block at 0xc3 in for 0x99
01-29 18:47:34.879 20472 20472 E ArmVmp : Match on catch block at 0xc3 in for 0x99
01-29 18:47:34.903 20472 20472 E ArmVmp : Match on catch block at 0xc3 in for 0x95
01-29 18:47:34.918 20472 20472 E ArmVmp : Match on catch block at 0xc3 in for 0x99
01-29 18:47:34.927 20472 20472 E ArmVmp : Match on catch block at 0xc3 in for 0x99
01-29 18:47:35.121 20472 20472 E ArmVmp : Match on catch block at 0xc3 in for 0x91
01-29 18:47:35.130 20472 20472 E ArmVmp : Match on catch block at 0xc3 in for 0x95
01-29 18:47:35.137 20472 20472 E ArmVmp : Match on catch block at 0xc3 in for 0x95
01-29 18:47:35.615 20472 20472 E ArmVmp : Match on catch block at 0xc3 in for 0x95
01-29 18:47:35.637 20472 20472 E ArmVmp : Match on catch block at 0xc3 in for 0x99
01-29 18:47:35.645 20472 20472 E ArmVmp : Match on catch block at 0xc3 in for 0x99
01-29 18:47:35.679 20472 20472 E ArmVmp : Match on catch block at 0xc3 in for 0x99
01-29 18:47:35.694 20472 20472 E ArmVmp : Match on catch block at 0xc3 in for 0x91
01-29 18:47:35.704 20472 20472 E ArmVmp : Match on catch block at 0xc3 in for 0x91
01-29 18:47:35.723 20472 20472 E ArmVmp : Match on catch block at 0xc3 in for 0x95
01-29 18:47:35.736 20472 20472 E ArmVmp : Match on catch block at 0xc3 in for 0x99
01-29 18:47:35.748 20472 20472 E ArmVmp : Match on catch block at 0xc3 in for 0x99
01-29 18:47:35.778 20472 20472 E ArmVmp : Match on catch block at 0xc3 in for 0x91
01-29 18:47:35.788 20472 20472 E ArmVmp : Match on catch block at 0xc3 in for 0x95
01-29 18:47:35.804 20472 20472 E ArmVmp : Match on catch block at 0xc3 in for 0x95
01-29 18:47:35.825 20472 20472 E ArmVmp : Match on catch block at 0xc3 in for 0x99
01-29 18:47:35.838 20472 20472 E ArmVmp : Match on catch block at 0xc3 in for 0x91
01-29 18:47:35.846 20472 20472 E ArmVmp : Match on catch block at 0xc3 in for 0x91
01-29 18:47:35.875 20472 20472 E ArmVmp : Match on catch block at 0xc3 in for 0x95
01-29 18:47:35.901 20472 20472 E ArmVmp : Match on catch block at 0xc3 in for 0x99
01-29 18:47:35.912 20472 20472 E ArmVmp : Match on catch block at 0xc3 in for 0x99
01-29 18:47:35.940 20472 20472 E ArmVmp : Match on catch block at 0xc3 in for 0x95
01-29 18:47:35.950 20472 20472 E ArmVmp : Match on catch block at 0xc3 in for 0x99
01-29 18:47:35.959 20472 20472 E ArmVmp : Match on catch block at 0xc3 in for 0x99
01-29 18:47:36.108 20472 20472 E ArmVmp : Match on catch block at 0xc3 in for 0x95
01-29 18:47:36.118 20472 20472 E ArmVmp : Match on catch block at 0xc3 in for 0x99
01-29 18:47:36.127 20472 20472 E ArmVmp : Match on catch block at 0xc3 in for 0x99
01-29 18:47:36.343 20472 20472 E ArmVmp : Match on catch block at 0xc3 in for 0x95
01-29 18:47:36.354 20472 20472 E ArmVmp : Match on catch block at 0xc3 in for 0x99
01-29 18:47:36.362 20472 20472 E ArmVmp : Match on catch block at 0xc3 in for 0x99
01-29 18:47:36.376 20472 20472 E ArmVmp : Match on catch block at 0xc3 in for 0x91
01-29 18:47:36.386 20472 20472 E ArmVmp : Match on catch block at 0xc3 in for 0x95
01-29 18:47:36.411 20472 20472 E ArmVmp : Match on catch block at 0xc3 in for 0x95
01-29 18:47:36.424 20472 20472 E ArmVmp : Match on catch block at 0xc3 in for 0x99
01-29 18:47:36.442 20472 20472 E ArmVmp : Match on catch block at 0xc3 in for 0x91
01-29 18:47:36.454 20472 20472 E ArmVmp : Match on catch block at 0xc3 in for 0x91
01-29 18:47:36.467 20472 20472 E ArmVmp : Match on catch block at 0xc3 in for 0x95
01-29 18:47:36.483 20472 20472 E ArmVmp : Match on catch block at 0xc3 in for 0x99
01-29 18:47:36.492 20472 20472 E ArmVmp : Match on catch block at 0xc3 in for 0x99
01-29 18:47:36.505 20472 20472 E ArmVmp : Match on catch block at 0xc3 in for 0x91
01-29 18:47:36.516 20472 20472 E ArmVmp : Match on catch block at 0xc3 in for 0x95
01-29 18:47:36.526 20472 20472 E ArmVmp : Match on catch block at 0xc3 in for 0x95
01-29 18:47:36.538 20472 20472 E ArmVmp : Match on catch block at 0xc3 in for 0x99
01-29 18:47:36.553 20472 20472 E ArmVmp : Match on catch block at 0xc3 in for 0x91
01-29 18:47:36.562 20472 20472 E ArmVmp : Match on catch block at 0xc3 in for 0x91
01-29 18:47:36.575 20472 20472 E ArmVmp : Match on catch block at 0xc3 in for 0x95
01-29 18:47:36.592 20472 20472 E ArmVmp : Match on catch block at 0xc3 in for 0x99
01-29 18:47:36.598 20472 20472 E ArmVmp : Match on catch block at 0xc3 in for 0x99
01-29 18:47:36.608 20472 20472 E ArmVmp : Match on catch block at 0xc3 in for 0x91
01-29 18:47:36.624 20472 20472 E ArmVmp : Match on catch block at 0xc3 in for 0x95
01-29 18:47:36.633 20472 20472 E ArmVmp : Match on catch block at 0xc3 in for 0x95
01-29 18:47:36.646 20472 20472 E ArmVmp : Match on catch block at 0xc3 in for 0x99
01-29 18:47:36.657 20472 20472 E ArmVmp : Match on catch block at 0xc3 in for 0x91
01-29 18:47:36.664 20472 20472 E ArmVmp : Match on catch block at 0xc3 in for 0x91
01-29 18:47:36.845 20472 20472 E ArmVmp : Match on catch block at 0xc3 in for 0x95
01-29 18:47:36.855 20472 20472 E ArmVmp : Match on catch block at 0xc3 in for 0x99
01-29 18:47:36.863 20472 20472 E ArmVmp : Match on catch block at 0xc3 in for 0x99
01-29 18:47:36.902 20472 20472 E ArmVmp : Match on catch block at 0xc3 in for 0x91
01-29 18:47:36.927 20472 20472 E ArmVmp : Match on catch block at 0xc3 in for 0x95
01-29 18:47:36.935 20472 20472 E ArmVmp : Match on catch block at 0xc3 in for 0x95
01-29 18:47:36.964 20472 20472 E ArmVmp : Match on catch block at 0xc3 in for 0x99
01-29 18:47:36.978 20472 20472 E ArmVmp : Match on catch block at 0xc3 in for 0x91
01-29 18:47:36.987 20472 20472 E ArmVmp : Match on catch block at 0xc3 in for 0x91
01-29 18:47:37.014 20472 20472 E ArmVmp : Match on catch block at 0xc3 in for 0x95
01-29 18:47:37.025 20472 20472 E ArmVmp : Match on catch block at 0xc3 in for 0x99
01-29 18:47:37.034 20472 20472 E ArmVmp : Match on catch block at 0xc3 in for 0x99
01-29 18:47:37.069 20472 20472 E ArmVmp : Match on catch block at 0xc3 in for 0x91
01-29 18:47:37.079 20472 20472 E ArmVmp : Match on catch block at 0xc3 in for 0x95
01-29 18:47:37.085 20472 20472 E ArmVmp : Match on catch block at 0xc3 in for 0x95
01-29 18:47:37.097 20472 20472 E ArmVmp : Match on catch block at 0xc3 in for 0x99
01-29 18:47:37.110 20472 20472 E ArmVmp : Match on catch block at 0xc3 in for 0x91
01-29 18:47:37.117 20472 20472 E ArmVmp : Match on catch block at 0xc3 in for 0x91
01-29 18:47:37.148 20472 20472 E ArmVmp : Match on catch block at 0xc3 in for 0x95
01-29 18:47:37.158 20472 20472 E ArmVmp : Match on catch block at 0xc3 in for 0x99
01-29 18:47:37.168 20472 20472 E ArmVmp : Match on catch block at 0xc3 in for 0x99
01-29 18:47:37.401 20472 20472 E ArmVmp : Match on catch block at 0xc3 in for 0x91
01-29 18:47:37.421 20472 20472 E ArmVmp : Match on catch block at 0xc3 in for 0x95
01-29 18:47:37.433 20472 20472 E ArmVmp : Match on catch block at 0xc3 in for 0x95
01-29 18:47:37.902 20472 20472 E ArmVmp : Match on catch block at 0xc3 in for 0x99
01-29 18:47:37.919 20472 20472 E ArmVmp : Match on catch block at 0xc3 in for 0x91
01-29 18:47:37.935 20472 20472 E ArmVmp : Match on catch block at 0xc3 in for 0x91
01-29 18:47:38.011 20472 20472 E ArmVmp : Match on catch block at 0xc3 in for 0x91
01-29 18:47:38.048 20472 20472 E ArmVmp : Match on catch block at 0xc3 in for 0x95
01-29 18:47:38.054 20472 20472 E ArmVmp : Match on catch block at 0xc3 in for 0x95
01-29 18:47:38.085 20472 20472 E ArmVmp : Match on catch block at 0xc3 in for 0x91
01-29 18:47:38.095 20472 20472 E ArmVmp : Match on catch block at 0xc3 in for 0x95
01-29 18:47:38.106 20472 20472 E ArmVmp : Match on catch block at 0xc3 in for 0x95
01-29 18:47:38.135 20472 20472 E ArmVmp : Match on catch block at 0xc3 in for 0x91
01-29 18:47:38.149 20472 20472 E ArmVmp : Match on catch block at 0xc3 in for 0x95
01-29 18:47:38.156 20472 20472 E ArmVmp : Match on catch block at 0xc3 in for 0x95
01-29 18:47:38.186 20472 20472 E ArmVmp : Match on catch block at 0xc3 in for 0x91
01-29 18:47:38.215 20472 20472 E ArmVmp : Match on catch block at 0xc3 in for 0x95
01-29 18:47:38.231 20472 20472 E ArmVmp : Match on catch block at 0xc3 in for 0x95
01-29 18:47:38.276 20472 20472 E ArmVmp : Match on catch block at 0xc3 in for 0x95
01-29 18:47:38.289 20472 20472 E ArmVmp : Match on catch block at 0xc3 in for 0x99
01-29 18:47:38.297 20472 20472 E ArmVmp : Match on catch block at 0xc3 in for 0x99
01-29 18:47:38.321 20472 20472 E ArmVmp : Match on catch block at 0xc3 in for 0x95
01-29 18:47:38.334 20472 20472 E ArmVmp : Match on catch block at 0xc3 in for 0x99
01-29 18:47:38.345 20472 20472 E ArmVmp : Match on catch block at 0xc3 in for 0x99
01-29 18:47:38.371 20472 20472 E ArmVmp : Match on catch block at 0xc3 in for 0x95
01-29 18:47:38.384 20472 20472 E ArmVmp : Match on catch block at 0xc3 in for 0x99
01-29 18:47:38.397 20472 20472 E ArmVmp : Match on catch block at 0xc3 in for 0x99
01-29 18:47:38.423 20472 20472 E ArmVmp : Match on catch block at 0xc3 in for 0x95
01-29 18:47:38.438 20472 20472 E ArmVmp : Match on catch block at 0xc3 in for 0x99
01-29 18:47:38.450 20472 20472 E ArmVmp : Match on catch block at 0xc3 in for 0x99
01-29 18:47:38.471 20472 20472 E ArmVmp : Match on catch block at 0xc3 in for 0x91
01-29 18:47:38.481 20472 20472 E ArmVmp : Match on catch block at 0xc3 in for 0x95
01-29 18:47:38.489 20472 20472 E ArmVmp : Match on catch block at 0xc3 in for 0x95
01-29 18:47:38.505 20472 20472 E ArmVmp : Match on catch block at 0xc3 in for 0x99
01-29 18:47:38.516 20472 20472 E ArmVmp : Match on catch block at 0xc3 in for 0x91
01-29 18:47:38.530 20472 20472 E ArmVmp : Match on catch block at 0xc3 in for 0x91
01-29 18:47:38.554 20472 20472 E ArmVmp : Match on catch block at 0xc3 in for 0x95
01-29 18:47:38.564 20472 20472 E ArmVmp : Match on catch block at 0xc3 in for 0x99
01-29 18:47:38.570 20472 20472 E ArmVmp : Match on catch block at 0xc3 in for 0x99
01-29 18:47:38.772 20472 20472 E ArmVmp : Match on catch block at 0xc3 in for 0x91
01-29 18:47:38.781 20472 20472 E ArmVmp : Match on catch block at 0xc3 in for 0x95
01-29 18:47:38.787 20472 20472 E ArmVmp : Match on catch block at 0xc3 in for 0x95
01-29 18:47:39.198 20472 20472 E ArmVmp : Match on catch block at 0xc3 in for 0x95
01-29 18:47:39.211 20472 20472 E ArmVmp : Match on catch block at 0xc3 in for 0x99
01-29 18:47:39.223 20472 20472 E ArmVmp : Match on catch block at 0xc3 in for 0x99
01-29 18:47:39.279 20472 20472 E ArmVmp : Match on catch block at 0xc3 in for 0x99
01-29 18:47:39.291 20472 20472 E ArmVmp : Match on catch block at 0xc3 in for 0x91
01-29 18:47:39.302 20472 20472 E ArmVmp : Match on catch block at 0xc3 in for 0x91
01-29 18:47:39.325 20472 20472 E ArmVmp : Match on catch block at 0xc3 in for 0x95
01-29 18:47:39.335 20472 20472 E ArmVmp : Match on catch block at 0xc3 in for 0x99
01-29 18:47:39.349 20472 20472 E ArmVmp : Match on catch block at 0xc3 in for 0x99
01-29 18:47:39.368 20472 20472 E ArmVmp : Match on catch block at 0xc3 in for 0x91
01-29 18:47:39.386 20472 20472 E ArmVmp : Match on catch block at 0xc3 in for 0x95
01-29 18:47:39.395 20472 20472 E ArmVmp : Match on catch block at 0xc3 in for 0x95
01-29 18:47:39.425 20472 20472 E ArmVmp : Match on catch block at 0xc3 in for 0x99
01-29 18:47:39.434 20472 20472 E ArmVmp : Match on catch block at 0xc3 in for 0x91
01-29 18:47:39.441 20472 20472 E ArmVmp : Match on catch block at 0xc3 in for 0x91
01-29 18:47:39.460 20472 20472 E ArmVmp : Match on catch block at 0xc3 in for 0x95
01-29 18:47:39.469 20472 20472 E ArmVmp : Match on catch block at 0xc3 in for 0x99
01-29 18:47:39.475 20472 20472 E ArmVmp : Match on catch block at 0xc3 in for 0x99
01-29 18:47:39.677 20472 20472 E ArmVmp : Match on catch block at 0xc3 in for 0x91
01-29 18:47:39.686 20472 20472 E ArmVmp : Match on catch block at 0xc3 in for 0x95
01-29 18:47:39.692 20472 20472 E ArmVmp : Match on catch block at 0xc3 in for 0x95
01-29 18:47:40.012 20472 20472 E ArmVmp : Match on catch block at 0xc3 in for 0x91
01-29 18:47:40.040 20472 20472 E ArmVmp : Match on catch block at 0xc3 in for 0x95
01-29 18:47:40.069 20472 20472 E ArmVmp : Match on catch block at 0xc3 in for 0x95
01-29 18:47:40.498 20472 20472 E ArmVmp : Match on catch block at 0xc3 in for 0x99
01-29 18:47:40.515 20472 20472 E ArmVmp : Match on catch block at 0xc3 in for 0x91
01-29 18:47:40.528 20472 20472 E ArmVmp : Match on catch block at 0xc3 in for 0x91
01-29 18:47:41.003 20472 20472 E ArmVmp : Match on catch block at 0xc3 in for 0x95
01-29 18:47:41.037 20472 20472 E ArmVmp : Match on catch block at 0xc3 in for 0x99
01-29 18:47:41.094 20472 20472 E ArmVmp : Match on catch block at 0xc3 in for 0x99
01-29 18:47:41.119 20472 20472 E ArmVmp : Match on catch block at 0xc3 in for 0x99
01-29 18:47:41.131 20472 20472 E ArmVmp : Match on catch block at 0xc3 in for 0x91
01-29 18:47:41.154 20472 20472 E ArmVmp : Match on catch block at 0xc3 in for 0x91
01-29 18:47:41.202 20472 20472 E ArmVmp : Match on catch block at 0xc3 in for 0x91
01-29 18:47:41.226 20472 20472 E ArmVmp : Match on catch block at 0xc3 in for 0x95
01-29 18:47:41.242 20472 20472 E ArmVmp : Match on catch block at 0xc3 in for 0x95
01-29 18:47:41.259 20472 20472 W IInputConnectionWrapper: getTextBeforeCursor on
inactive InputConnection
01-29 18:47:41.308 20472 20472 E ArmVmp : Match on catch block at 0xc3 in for 0x91
01-29 18:47:41.321 20472 20472 E ArmVmp : Match on catch block at 0xc3 in for 0x95
01-29 18:47:41.341 20472 20472 E ArmVmp : Match on catch block at 0xc3 in for 0x91
01-29 18:47:41.356 20472 20472 E ArmVmp : Match on catch block at 0xc3 in for 0x95
01-29 18:47:41.363 20472 20472 W IInputConnectionWrapper: getTextAfterCursor on
inactive InputConnection
01-29 18:47:41.369 20472 20472 E ArmVmp : Match on catch block at 0xc3 in for 0x91
01-29 18:47:41.381 20472 20472 E ArmVmp : Match on catch block at 0xc3 in for 0x95
01-29 18:47:41.389 20472 20472 W IInputConnectionWrapper: getSelectedText on
inactive InputConnection
01-29 18:47:41.403 20472 20472 E ArmVmp : Match on catch block at 0xc3 in for 0x91
01-29 18:47:41.419 20472 20472 E ArmVmp : Match on catch block at 0xc3 in for 0x95
01-29 18:47:41.437 20472 20472 E ArmVmp : Match on catch block at 0xc3 in for 0x91
01-29 18:47:41.465 20472 20472 E ArmVmp : Match on catch block at 0xc3 in for 0x95
01-29 18:47:41.875 20472 20472 E ArmVmp : Match on catch block at 0xc3 in for 0x95
01-29 18:47:41.888 20472 20472 E ArmVmp : Match on catch block at 0xc3 in for 0x99
01-29 18:47:41.912 20472 20472 E ArmVmp : Match on catch block at 0xc3 in for 0x95
01-29 18:47:41.925 20472 20472 E ArmVmp : Match on catch block at 0xc3 in for 0x99
01-29 18:47:41.978 20472 20472 E ArmVmp : Match on catch block at 0xc3 in for 0x91
01-29 18:47:41.992 20472 20472 E ArmVmp : Match on catch block at 0xc3 in for 0x95
01-29 18:47:42.013 20472 20472 E ArmVmp : Match on catch block at 0xc3 in for 0x91
01-29 18:47:42.035 20472 20472 E ArmVmp : Match on catch block at 0xc3 in for 0x95
01-29 18:47:42.463 20472 20472 E ArmVmp : Match on catch block at 0xc3 in for 0x91
01-29 18:47:42.477 20472 20472 E ArmVmp : Match on catch block at 0xc3 in for 0x95
01-29 18:47:42.967 20472 20472 E ArmVmp : Match on catch block at 0xc3 in for 0x91
01-29 18:47:43.011 20472 20472 E ArmVmp : Match on catch block at 0xc3 in for 0x95
01-29 18:47:43.131 20472 20472 E ArmVmp : Match on catch block at 0xc3 in for 0x95
01-29 18:47:43.141 20472 20472 E ArmVmp : Match on catch block at 0xc3 in for 0x99
01-29 18:47:43.172 20472 20472 E ArmVmp : Match on catch block at 0xc3 in for 0x91
01-29 18:47:43.195 20472 20472 E ArmVmp : Match on catch block at 0xc3 in for 0x95
01-29 18:47:43.208 20472 20542 W MediaPlayer: Use of stream types is deprecated for
operations other than volume control
01-29 18:47:43.208 20472 20542 W MediaPlayer: See the documentation of
setAudioStreamType() for what to use instead with android.media.AudioAttributes to
qualify your playback use case
01-29 18:47:43.248 20472 20472 E ArmVmp : Match on catch block at 0xc3 in for 0x99
01-29 18:47:43.266 20472 20472 E ArmVmp : Match on catch block at 0xc3 in for 0x91
01-29 18:47:43.289 20472 20472 E ArmVmp : Match on catch block at 0xc3 in for 0x95
01-29 18:47:43.300 20472 20472 E ArmVmp : Match on catch block at 0xc3 in for 0x99
01-29 18:47:43.317 20472 20472 E ArmVmp : Match on catch block at 0xc3 in for 0x91
01-29 18:47:43.329 20472 20472 E ArmVmp : Match on catch block at 0xc3 in for 0x95
01-29 18:47:43.344 20472 20472 E ArmVmp : Match on catch block at 0xc3 in for 0x99
01-29 18:47:43.356 20472 20472 E ArmVmp : Match on catch block at 0xc3 in for 0x91
01-29 18:47:43.383 20472 20472 E ArmVmp : Match on catch block at 0xc3 in for 0x95
01-29 18:47:43.395 20472 20472 E ArmVmp : Match on catch block at 0xc3 in for 0x99
01-29 18:47:43.422 20472 20472 E ArmVmp : Match on catch block at 0xc3 in for 0x91
01-29 18:47:43.439 20472 20472 E ArmVmp : Match on catch block at 0xc3 in for 0x95
01-29 18:47:43.527 20472 20472 E ArmVmp : Match on catch block at 0xc3 in for 0x99
01-29 18:47:43.538 20472 20472 E ArmVmp : Match on catch block at 0xc3 in for 0x91
01-29 18:47:43.553 20472 20472 E ArmVmp : Match on catch block at 0xc3 in for 0x91
01-29 18:47:43.575 20472 20472 E ArmVmp : Match on catch block at 0xc3 in for 0x95
01-29 18:47:43.620 20472 20472 E ArmVmp : Match on catch block at 0xc3 in for 0x99
01-29 18:47:43.630 20472 20472 E ArmVmp : Match on catch block at 0xc3 in for 0x91
01-29 18:47:43.664 20472 20472 E ArmVmp : Match on catch block at 0xc3 in for 0x95
01-29 18:47:43.679 20472 20472 E ArmVmp : Match on catch block at 0xc3 in for 0x99
01-29 18:47:43.706 20472 20472 E ArmVmp : Match on catch block at 0xc3 in for 0x91
01-29 18:47:43.742 20472 20472 E ArmVmp : Match on catch block at 0xc3 in for 0x95
01-29 18:47:43.766 20472 20472 E ArmVmp : Match on catch block at 0xc3 in for 0x99
01-29 18:47:43.788 20472 20472 E ArmVmp : Match on catch block at 0xc3 in for 0x91
01-29 18:47:43.803 20472 20472 E ArmVmp : Match on catch block at 0xc3 in for 0x95
01-29 18:47:43.830 20472 20472 E ArmVmp : Match on catch block at 0xc3 in for 0x99
01-29 18:47:43.853 20472 20472 E ArmVmp : Match on catch block at 0xc3 in for 0x91
01-29 18:47:43.872 20472 20472 E ArmVmp : Match on catch block at 0xc3 in for 0x95
01-29 18:47:43.893 20472 20472 E ArmVmp : Match on catch block at 0xc3 in for 0x99
01-29 18:47:43.920 20472 20472 E ArmVmp : Match on catch block at 0xc3 in for 0x91
01-29 18:47:43.954 20472 20472 E ArmVmp : Match on catch block at 0xc3 in for 0x95
01-29 18:47:43.970 20472 20472 E ArmVmp : Match on catch block at 0xc3 in for 0x99
01-29 18:47:44.008 20472 20472 E ArmVmp : Match on catch block at 0xc3 in for 0x91
01-29 18:47:44.025 20472 20472 E ArmVmp : Match on catch block at 0xc3 in for 0x95
01-29 18:47:44.061 20472 20472 E ArmVmp : Match on catch block at 0xc3 in for 0x99
01-29 18:47:44.072 20472 20472 E ArmVmp : Match on catch block at 0xc3 in for 0x91
01-29 18:47:44.108 20472 20472 E ArmVmp : Match on catch block at 0xc3 in for 0x95
01-29 18:47:44.141 20472 20472 E ArmVmp : Match on catch block at 0xc3 in for 0x99
01-29 18:47:44.184 20472 20472 E ArmVmp : Match on catch block at 0xc3 in for 0x91
01-29 18:47:44.195 20472 20472 E ArmVmp : Match on catch block at 0xc3 in for 0x95
01-29 18:47:44.231 20472 20472 E ArmVmp : Match on catch block at 0xc3 in for 0x95
01-29 18:47:44.246 20472 20472 E ArmVmp : Match on catch block at 0xc3 in for 0x99
01-29 18:47:44.460 20472 20472 E ArmVmp : Match on catch block at 0xc3 in for 0x99
01-29 18:47:44.470 20472 20472 E ArmVmp : Match on catch block at 0xc3 in for 0x91
01-29 18:47:44.484 20472 20472 E ArmVmp : Match on catch block at 0xc3 in for 0x95
01-29 18:47:44.495 20472 20472 E ArmVmp : Match on catch block at 0xc3 in for 0x99
01-29 18:47:44.519 20472 20472 E ArmVmp : Match on catch block at 0xc3 in for 0x91
01-29 18:47:44.534 20472 20472 E ArmVmp : Match on catch block at 0xc3 in for 0x95
01-29 18:47:44.554 20472 20472 E ArmVmp : Match on catch block at 0xc3 in for 0x99
01-29 18:47:44.570 20472 20472 E ArmVmp : Match on catch block at 0xc3 in for 0x91
01-29 18:47:44.588 20472 20472 E ArmVmp : Match on catch block at 0xc3 in for 0x95
01-29 18:47:44.601 20472 20472 E ArmVmp : Match on catch block at 0xc3 in for 0x99
01-29 18:47:44.619 20472 20472 E ArmVmp : Match on catch block at 0xc3 in for 0x91
01-29 18:47:44.634 20472 20472 E ArmVmp : Match on catch block at 0xc3 in for 0x95
01-29 18:47:44.656 20472 20472 E ArmVmp : Match on catch block at 0xc3 in for 0x95
01-29 18:47:44.674 20472 20472 E ArmVmp : Match on catch block at 0xc3 in for 0x99
01-29 18:47:44.758 20472 20472 E ArmVmp : Match on catch block at 0xc3 in for 0x99
01-29 18:47:44.767 20472 20472 E ArmVmp : Match on catch block at 0xc3 in for 0x91
01-29 18:47:44.780 20472 20472 E ArmVmp : Match on catch block at 0xc3 in for 0x95
01-29 18:47:44.791 20472 20472 E ArmVmp : Match on catch block at 0xc3 in for 0x99
01-29 18:47:44.805 20472 20472 E ArmVmp : Match on catch block at 0xc3 in for 0x91
01-29 18:47:44.829 20472 20472 E ArmVmp : Match on catch block at 0xc3 in for 0x95
01-29 18:47:44.856 20472 20472 E ArmVmp : Match on catch block at 0xc3 in for 0x99
01-29 18:47:44.874 20472 20472 E ArmVmp : Match on catch block at 0xc3 in for 0x91
01-29 18:47:45.075 20472 20472 E ArmVmp : Match on catch block at 0xc3 in for 0x91
01-29 18:47:45.087 20472 20472 E ArmVmp : Match on catch block at 0xc3 in for 0x95
01-29 18:47:45.104 20472 20472 E ArmVmp : Match on catch block at 0xc3 in for 0x99
01-29 18:47:45.112 20472 20472 E ArmVmp : Match on catch block at 0xc3 in for 0x91
01-29 18:47:45.125 20472 20472 E ArmVmp : Match on catch block at 0xc3 in for 0x95
01-29 18:47:45.143 20472 20472 E ArmVmp : Match on catch block at 0xc3 in for 0x99
01-29 18:47:45.170 20472 20472 E ArmVmp : Match on catch block at 0xc3 in for 0x99
01-29 18:47:45.186 20472 20472 E ArmVmp : Match on catch block at 0xc3 in for 0x91
01-29 18:47:45.332 20472 20472 E ArmVmp : Match on catch block at 0xc3 in for 0x95
01-29 18:47:45.343 20472 20472 E ArmVmp : Match on catch block at 0xc3 in for 0x99
01-29 18:47:45.362 20472 20472 E ArmVmp : Match on catch block at 0xc3 in for 0x99
01-29 18:47:45.373 20472 20472 E ArmVmp : Match on catch block at 0xc3 in for 0x91
01-29 18:47:45.395 20472 20472 E ArmVmp : Match on catch block at 0xc3 in for 0x99
01-29 18:47:45.415 20472 20472 E ArmVmp : Match on catch block at 0xc3 in for 0x91
01-29 18:47:45.434 20472 20472 E ArmVmp : Match on catch block at 0xc3 in for 0x99
01-29 18:47:45.450 20472 20472 E ArmVmp : Match on catch block at 0xc3 in for 0x91
01-29 18:47:45.586 20472 20472 E ArmVmp : Match on catch block at 0xc3 in for 0x95
01-29 18:47:45.595 20472 20472 E ArmVmp : Match on catch block at 0xc3 in for 0x99
01-29 18:47:45.608 20472 20472 E ArmVmp : Match on catch block at 0xc3 in for 0x95
01-29 18:47:45.618 20472 20472 E ArmVmp : Match on catch block at 0xc3 in for 0x99
01-29 18:47:45.633 20472 20472 E ArmVmp : Match on catch block at 0xc3 in for 0x95
01-29 18:47:45.644 20472 20472 E ArmVmp : Match on catch block at 0xc3 in for 0x99
01-29 18:47:45.660 20472 20472 E ArmVmp : Match on catch block at 0xc3 in for 0x95
01-29 18:47:45.675 20472 20472 E ArmVmp : Match on catch block at 0xc3 in for 0x99
01-29 18:47:45.694 20472 20472 E ArmVmp : Match on catch block at 0xc3 in for 0x95
01-29 18:47:45.705 20472 20472 E ArmVmp : Match on catch block at 0xc3 in for 0x99
01-29 18:47:45.727 20472 20472 E ArmVmp : Match on catch block at 0xc3 in for 0x95
01-29 18:47:45.741 20472 20472 E ArmVmp : Match on catch block at 0xc3 in for 0x99
01-29 18:47:45.757 20472 20472 E ArmVmp : Match on catch block at 0xc3 in for 0x95
01-29 18:47:45.771 20472 20472 E ArmVmp : Match on catch block at 0xc3 in for 0x99
01-29 18:47:45.916 20472 20472 E ArmVmp : Match on catch block at 0xc3 in for 0x91
01-29 18:47:45.925 20472 20472 E ArmVmp : Match on catch block at 0xc3 in for 0x95
01-29 18:47:45.949 20472 20472 E ArmVmp : Match on catch block at 0xc3 in for 0x91
01-29 18:47:45.960 20472 20472 E ArmVmp : Match on catch block at 0xc3 in for 0x95
01-29 18:47:45.975 20472 20472 E ArmVmp : Match on catch block at 0xc3 in for 0x95
01-29 18:47:45.986 20472 20472 E ArmVmp : Match on catch block at 0xc3 in for 0x99
01-29 18:47:46.122 20472 20472 E ArmVmp : Match on catch block at 0xc3 in for 0x95
01-29 18:47:46.132 20472 20472 E ArmVmp : Match on catch block at 0xc3 in for 0x99
01-29 18:47:46.358 20472 20472 E ArmVmp : Match on catch block at 0xc3 in for 0x91
01-29 18:47:46.369 20472 20472 E ArmVmp : Match on catch block at 0xc3 in for 0x95
01-29 18:47:46.597 20472 20472 E ArmVmp : Match on catch block at 0xc3 in for 0x95
01-29 18:47:46.607 20472 20472 E ArmVmp : Match on catch block at 0xc3 in for 0x99
01-29 18:47:46.627 20472 20472 E ArmVmp : Match on catch block at 0xc3 in for 0x95
01-29 18:47:46.641 20472 20472 E ArmVmp : Match on catch block at 0xc3 in for 0x99
01-29 18:47:46.757 20472 20472 E ArmVmp : Match on catch block at 0xc3 in for 0x99
01-29 18:47:46.767 20472 20472 E ArmVmp : Match on catch block at 0xc3 in for 0x91
01-29 18:47:47.021 20472 20472 E ArmVmp : Match on catch block at 0xc3 in for 0x99
01-29 18:47:47.029 20472 20472 E ArmVmp : Match on catch block at 0xc3 in for 0x91
01-29 18:47:47.350 20472 20472 E ArmVmp : Match on catch block at 0xc3 in for 0x91
01-29 18:47:47.359 20472 20472 E ArmVmp : Match on catch block at 0xc3 in for 0x95
01-29 18:47:47.384 20472 20472 E ArmVmp : Match on catch block at 0xc3 in for 0x95
01-29 18:47:47.393 20472 20472 E ArmVmp : Match on catch block at 0xc3 in for 0x99
01-29 18:47:47.412 20472 20472 E ArmVmp : Match on catch block at 0xc3 in for 0x95
01-29 18:47:47.425 20472 20472 E ArmVmp : Match on catch block at 0xc3 in for 0x99
01-29 18:47:47.550 20472 20472 E ArmVmp : Match on catch block at 0xc3 in for 0x91
01-29 18:47:47.558 20472 20472 E ArmVmp : Match on catch block at 0xc3 in for 0x95
01-29 18:47:47.775 20472 20472 E ArmVmp : Match on catch block at 0xc3 in for 0x95
01-29 18:47:47.784 20472 20472 E ArmVmp : Match on catch block at 0xc3 in for 0x99
01-29 18:47:47.909 20472 20472 E ArmVmp : Match on catch block at 0xc3 in for 0x99
01-29 18:47:47.918 20472 20472 E ArmVmp : Match on catch block at 0xc3 in for 0x91
01-29 18:47:48.030 20472 20472 E ArmVmp : Match on catch block at 0xc3 in for 0x99
01-29 18:47:48.038 20472 20472 E ArmVmp : Match on catch block at 0xc3 in for 0x91
01-29 18:47:48.279 20472 20472 E ArmVmp : Match on catch block at 0xc3 in for 0x95
01-29 18:47:48.288 20472 20472 E ArmVmp : Match on catch block at 0xc3 in for 0x99
01-29 18:47:48.313 20472 20472 E ArmVmp : Match on catch block at 0xc3 in for 0x99
01-29 18:47:48.321 20472 20472 E ArmVmp : Match on catch block at 0xc3 in for 0x91
01-29 18:47:48.443 20472 20472 E ArmVmp : Match on catch block at 0xc3 in for 0x91
01-29 18:47:48.452 20472 20472 E ArmVmp : Match on catch block at 0xc3 in for 0x95
01-29 18:47:48.658 20472 20472 E ArmVmp : Match on catch block at 0xc3 in for 0x91
01-29 18:47:48.666 20472 20472 E ArmVmp : Match on catch block at 0xc3 in for 0x95
01-29 18:47:48.898 20472 20472 E ArmVmp : Match on catch block at 0xc3 in for 0x91
01-29 18:47:48.908 20472 20472 E ArmVmp : Match on catch block at 0xc3 in for 0x95
01-29 18:47:49.031 20472 20472 E ArmVmp : Match on catch block at 0xc3 in for 0x91
01-29 18:47:49.039 20472 20472 E ArmVmp : Match on catch block at 0xc3 in for 0x95
01-29 18:47:49.182 20472 20472 E ArmVmp : Match on catch block at 0xc3 in for 0x99
01-29 18:47:49.195 20472 20472 E ArmVmp : Match on catch block at 0xc3 in for 0x91
01-29 18:47:49.449 20472 20472 E ArmVmp : Match on catch block at 0xc3 in for 0x91
01-29 18:47:49.459 20472 20472 E ArmVmp : Match on catch block at 0xc3 in for 0x95
01-29 18:47:49.705 20472 20472 E ArmVmp : Match on catch block at 0xc3 in for 0x95
01-29 18:47:49.715 20472 20472 E ArmVmp : Match on catch block at 0xc3 in for 0x99
01-29 18:47:49.959 20472 20472 E ArmVmp : Match on catch block at 0xc3 in for 0x99
01-29 18:47:49.971 20472 20472 E ArmVmp : Match on catch block at 0xc3 in for 0x91
01-29 18:47:50.112 20472 20472 E ArmVmp : Match on catch block at 0xc3 in for 0x91
01-29 18:47:50.129 20472 20472 E ArmVmp : Match on catch block at 0xc3 in for 0x95
01-29 18:47:50.243 20472 20472 E ArmVmp : Match on catch block at 0xc3 in for 0x91
01-29 18:47:50.258 20472 20472 E ArmVmp : Match on catch block at 0xc3 in for 0x95
01-29 18:47:50.328 20472 20472 E ArmVmp : Match on catch block at 0xc3 in for 0x91
01-29 18:47:50.339 20472 20472 E ArmVmp : Match on catch block at 0xc3 in for 0x95
01-29 18:47:50.392 20472 20472 E ArmVmp : Match on catch block at 0xc3 in for 0x91
01-29 18:47:50.407 20472 20472 E ArmVmp : Match on catch block at 0xc3 in for 0x95
01-29 18:47:50.459 20472 20472 E ArmVmp : Match on catch block at 0xc3 in for 0x91
01-29 18:47:50.471 20472 20472 E ArmVmp : Match on catch block at 0xc3 in for 0x95
01-29 18:47:50.491 20472 20472 E ArmVmp : Match on catch block at 0xc3 in for 0x91
01-29 18:47:50.502 20472 20472 E ArmVmp : Match on catch block at 0xc3 in for 0x95
01-29 18:47:50.529 20472 20472 E ArmVmp : Match on catch block at 0xc3 in for 0x91
01-29 18:47:50.541 20472 20472 E ArmVmp : Match on catch block at 0xc3 in for 0x95
01-29 18:47:50.600 20472 20472 E ArmVmp : Match on catch block at 0xc3 in for 0x91
01-29 18:47:50.612 20472 20472 E ArmVmp : Match on catch block at 0xc3 in for 0x95
01-29 18:47:50.634 20472 20472 E ArmVmp : Match on catch block at 0xc3 in for 0x91
01-29 18:47:50.645 20472 20472 E ArmVmp : Match on catch block at 0xc3 in for 0x95
01-29 18:47:50.672 20472 20472 E ArmVmp : Match on catch block at 0xc3 in for 0x91
01-29 18:47:50.683 20472 20472 E ArmVmp : Match on catch block at 0xc3 in for 0x95
01-29 18:47:50.707 20472 20472 E ArmVmp : Match on catch block at 0xc3 in for 0x91
01-29 18:47:50.722 20472 20472 E ArmVmp : Match on catch block at 0xc3 in for 0x95
01-29 18:47:50.747 20472 20472 E ArmVmp : Match on catch block at 0xc3 in for 0x91
01-29 18:47:50.756 20472 20472 E ArmVmp : Match on catch block at 0xc3 in for 0x95
01-29 18:47:50.866 20472 20472 E ArmVmp : Match on catch block at 0xc3 in for 0x95
01-29 18:47:50.877 20472 20472 E ArmVmp : Match on catch block at 0xc3 in for 0x99
01-29 18:47:50.900 20472 20472 E ArmVmp : Match on catch block at 0xc3 in for 0x95
01-29 18:47:50.910 20472 20472 E ArmVmp : Match on catch block at 0xc3 in for 0x99
01-29 18:47:50.933 20472 20472 E ArmVmp : Match on catch block at 0xc3 in for 0x95
01-29 18:47:50.941 20472 20472 E ArmVmp : Match on catch block at 0xc3 in for 0x99
01-29 18:47:50.965 20472 20472 E ArmVmp : Match on catch block at 0xc3 in for 0x95
01-29 18:47:50.980 20472 20472 E ArmVmp : Match on catch block at 0xc3 in for 0x99
01-29 18:47:51.009 20472 20472 E ArmVmp : Match on catch block at 0xc3 in for 0x95
01-29 18:47:51.021 20472 20472 E ArmVmp : Match on catch block at 0xc3 in for 0x99
01-29 18:47:51.053 20472 20472 E ArmVmp : Match on catch block at 0xc3 in for 0x95
01-29 18:47:51.068 20472 20472 E ArmVmp : Match on catch block at 0xc3 in for 0x99
01-29 18:47:51.098 20472 20472 E ArmVmp : Match on catch block at 0xc3 in for 0x95
01-29 18:47:51.108 20472 20472 E ArmVmp : Match on catch block at 0xc3 in for 0x99
01-29 18:47:51.133 20472 20472 E ArmVmp : Match on catch block at 0xc3 in for 0x95
01-29 18:47:51.146 20472 20472 E ArmVmp : Match on catch block at 0xc3 in for 0x99
01-29 18:47:51.206 20472 20472 E ArmVmp : Match on catch block at 0xc3 in for 0x95
01-29 18:47:51.216 20472 20472 E ArmVmp : Match on catch block at 0xc3 in for 0x99
01-29 18:47:51.240 20472 20472 E ArmVmp : Match on catch block at 0xc3 in for 0x95
01-29 18:47:51.253 20472 20472 E ArmVmp : Match on catch block at 0xc3 in for 0x99
01-29 18:47:51.280 20472 20472 E ArmVmp : Match on catch block at 0xc3 in for 0x95
01-29 18:47:51.292 20472 20472 E ArmVmp : Match on catch block at 0xc3 in for 0x99
01-29 18:47:51.311 20472 20472 E ArmVmp : Match on catch block at 0xc3 in for 0x95
01-29 18:47:51.327 20472 20472 E ArmVmp : Match on catch block at 0xc3 in for 0x99
01-29 18:47:51.353 20472 20472 E ArmVmp : Match on catch block at 0xc3 in for 0x95
01-29 18:47:51.366 20472 20472 E ArmVmp : Match on catch block at 0xc3 in for 0x99
01-29 18:47:51.394 20472 20472 E ArmVmp : Match on catch block at 0xc3 in for 0x95
01-29 18:47:51.411 20472 20472 E ArmVmp : Match on catch block at 0xc3 in for 0x99
01-29 18:47:51.428 20472 20472 E ArmVmp : Match on catch block at 0xc3 in for 0x95
01-29 18:47:51.442 20472 20472 E ArmVmp : Match on catch block at 0xc3 in for 0x99
01-29 18:47:51.457 20472 20472 E ArmVmp : Match on catch block at 0xc3 in for 0x99
01-29 18:47:51.471 20472 20472 E ArmVmp : Match on catch block at 0xc3 in for 0x91
01-29 18:47:52.070 20472 20472 E ArmVmp : Match on catch block at 0xc3 in for 0x99
01-29 18:47:52.093 20472 20472 E ArmVmp : Match on catch block at 0xc3 in for 0x91
01-29 18:47:52.139 20472 20472 E ArmVmp : Match on catch block at 0xc3 in for 0x91
01-29 18:47:52.158 20472 20472 E ArmVmp : Match on catch block at 0xc3 in for 0x95
01-29 18:47:52.647 20472 20472 E ArmVmp : Match on catch block at 0xc3 in for 0x95
01-29 18:47:52.662 20472 20472 E ArmVmp : Match on catch block at 0xc3 in for 0x99
01-29 18:47:52.938 20472 20472 E ArmVmp : Match on catch block at 0xc3 in for 0x95
01-29 18:47:52.965 20472 20472 E ArmVmp : Match on catch block at 0xc3 in for 0x99
01-29 18:47:53.188 20472 20472 E ArmVmp : Match on catch block at 0xc3 in for 0x95
01-29 18:47:53.203 20472 20472 E ArmVmp : Match on catch block at 0xc3 in for 0x99
01-29 18:47:53.226 20472 20536 W com.mbwhatsapp: Accessing hidden method
Lcom/android/org/conscrypt/ConscryptEngineSocket;->setUseSessionTickets(Z)V
(greylist-max-q,core-platform-api, reflection, denied)
01-29 18:47:53.231 20472 20536 W com.mbwhatsapp: Accessing hidden method
Lcom/android/org/conscrypt/OpenSSLSocketImpl;->setUseSessionTickets(Z)V (greylist-
max-q,core-platform-api, reflection, denied)
01-29 18:47:53.232 20472 20536 W com.mbwhatsapp: Accessing hidden method
Lcom/android/org/conscrypt/AbstractConscryptSocket;->setUseSessionTickets(Z)V
(greylist-max-q, reflection, denied)
01-29 18:47:53.232 20472 20536 W com.mbwhatsapp: Accessing hidden method
Lcom/android/org/conscrypt/ConscryptEngineSocket;->setHostname(Ljava/lang/String;)V
(greylist-max-q,core-platform-api, reflection, denied)
01-29 18:47:53.233 20472 20536 W com.mbwhatsapp: Accessing hidden method
Lcom/android/org/conscrypt/OpenSSLSocketImpl;->setHostname(Ljava/lang/String;)V
(greylist-max-q,core-platform-api, reflection, denied)
01-29 18:47:53.233 20472 20536 W com.mbwhatsapp: Accessing hidden method
Lcom/android/org/conscrypt/AbstractConscryptSocket;->setHostname(Ljava/lang/
String;)V (greylist-max-q, reflection, denied)
01-29 18:47:53.240 20472 20536 W com.mbwhatsapp: Accessing hidden method
Lcom/android/org/conscrypt/OpenSSLSocketImpl;->setAlpnProtocols([B)V (greylist-max-
q,core-platform-api, reflection, denied)
01-29 18:47:53.240 20472 20536 W com.mbwhatsapp: Accessing hidden method
Lcom/android/org/conscrypt/AbstractConscryptSocket;->setAlpnProtocols([B)V
(greylist-max-q, reflection, denied)
01-29 18:47:53.406 20472 20533 E com.mbwhatsapp: Shared attribute region not
available to be mapped
01-29 18:47:53.517 20472 20533 E com.mbwhatsapp: Shared attribute region not
available to be mapped
01-29 18:47:53.633 20472 20472 E ArmVmp : Match on catch block at 0xc3 in for 0x99
01-29 18:47:53.661 20472 20472 E ArmVmp : Match on catch block at 0xc3 in for 0x91
01-29 18:47:53.684 20472 20472 W IInputConnectionWrapper: requestCursorAnchorInfo
on inactive InputConnection
01-29 18:47:53.692 20472 20472 E ArmVmp : Match on catch block at 0xc3 in for 0x91
01-29 18:47:53.725 20472 20472 E ArmVmp : Match on catch block at 0xc3 in for 0x95
01-29 18:47:53.788 20472 20533 E com.mbwhatsapp: Shared attribute region not
available to be mapped
01-29 18:47:53.795 20472 20472 E ArmVmp : Match on catch block at 0xc3 in for 0x91
01-29 18:47:53.823 20472 20472 E ArmVmp : Match on catch block at 0xc3 in for 0x95
01-29 18:47:53.871 20472 20472 E ArmVmp : Match on catch block at 0xc3 in for 0x95
01-29 18:47:53.894 20472 20472 E ArmVmp : Match on catch block at 0xc3 in for 0x99
01-29 18:47:53.919 20472 20472 E ArmVmp : Match on catch block at 0xc3 in for 0x91
01-29 18:47:53.948 20472 20472 E ArmVmp : Match on catch block at 0xc3 in for 0x95
01-29 18:47:54.031 20472 20533 W libEGL : EGLNativeWindowType 0x78353808
disconnect failed
01-29 18:47:55.746 20472 20533 E com.mbwhatsapp: Shared attribute region not
available to be mapped
01-29 18:47:55.823 20472 20533 E com.mbwhatsapp: Shared attribute region not
available to be mapped
01-29 18:47:55.895 20472 20533 W libEGL : EGLNativeWindowType 0x78353808
disconnect failed
01-29 18:47:55.907 20472 20533 E com.mbwhatsapp: Shared attribute region not
available to be mapped
01-29 18:47:56.593 20472 20533 E com.mbwhatsapp: Shared attribute region not
available to be mapped
01-29 18:47:56.609 20472 20533 E com.mbwhatsapp: Shared attribute region not
available to be mapped
01-29 18:47:56.663 20472 20533 W libEGL : EGLNativeWindowType 0x78353808
disconnect failed
01-29 18:47:56.865 20472 20472 E ArmVmp : Match on catch block at 0x8d in for 0xf5
01-29 18:47:56.892 20472 20472 E ArmVmp : Match on catch block at 0x8d in for 0xf1
01-29 18:47:57.009 20472 20472 E ArmVmp : Match on catch block at 0x8d in for 0xf1
01-29 18:47:57.029 20472 20472 E ArmVmp : Match on catch block at 0x8d in for 0xf5
01-29 18:47:57.651 20472 20533 E com.mbwhatsapp: Shared attribute region not
available to be mapped
01-29 18:47:57.735 20472 20533 E com.mbwhatsapp: Shared attribute region not
available to be mapped
01-29 18:47:57.832 20472 20533 E com.mbwhatsapp: Shared attribute region not
available to be mapped
01-29 18:47:58.200 20472 20533 W libEGL : EGLNativeWindowType 0x7073a008
disconnect failed
01-29 18:48:00.770 20472 20472 E ArmVmp : Match on catch block at 0x8d in for 0xf5
01-29 18:48:01.253 20472 20533 E com.mbwhatsapp: Shared attribute region not
available to be mapped
01-29 18:48:01.338 20472 20533 E com.mbwhatsapp: Shared attribute region not
available to be mapped
01-29 18:48:01.368 20472 20533 E com.mbwhatsapp: Shared attribute region not
available to be mapped
01-29 18:48:01.795 20472 20533 W libEGL : EGLNativeWindowType 0x78353808
disconnect failed
01-29 18:48:03.755 20472 20472 E ArmVmp : Match on catch block at 0x0a in for 0xd9
01-29 18:48:03.786 20472 20472 E ArmVmp : Match on catch block at 0x8d in for 0xf5
01-29 18:48:03.822 20472 20472 E ArmVmp : Match on catch block at 0x0a in for 0xc5
01-29 18:48:04.121 20472 20472 E ArmVmp : Match on catch block at 0x0a in for 0x99
01-29 18:48:04.166 20472 20472 E ArmVmp : Match on catch block at 0x0a in for 0xc9
