01-30 18:21:58.919 19460 19460 E ArmVmp : Match on catch block at 0xc3 in for 0x95
01-30 18:21:58.944 19460 19460 E ArmVmp : Match on catch block at 0xc3 in for 0x95
01-30 18:21:58.966 19460 19460 E ArmVmp : Match on catch block at 0xc3 in for 0x99
01-30 18:21:59.212 19460 19460 E ArmVmp : Match on catch block at 0xc3 in for 0x95
01-30 18:21:59.224 19460 19460 E ArmVmp : Match on catch block at 0xc3 in for 0x99
01-30 18:21:59.714 19460 19460 E ArmVmp : Match on catch block at 0xc3 in for 0x99
01-30 18:21:59.723 19460 19460 E ArmVmp : Match on catch block at 0xc3 in for 0x91
01-30 18:22:00.216 19460 19460 E ArmVmp : Match on catch block at 0xc3 in for 0x91
01-30 18:22:00.225 19460 19460 E ArmVmp : Match on catch block at 0xc3 in for 0x95
01-30 18:22:00.755 19460 19460 E ArmVmp : Match on catch block at 0xc3 in for 0x95
01-30 18:22:00.766 19460 19460 E ArmVmp : Match on catch block at 0xc3 in for 0x99
01-30 18:22:00.782 19460 19460 E ArmVmp : Match on catch block at 0xc3 in for 0x99
01-30 18:22:00.792 19460 19460 E ArmVmp : Match on catch block at 0xc3 in for 0x91
01-30 18:22:01.091 19460 19460 E ArmVmp : Match on catch block at 0xc3 in for 0x91
01-30 18:22:01.149 19460 19460 E ArmVmp : Match on catch block at 0xc3 in for 0x95
01-30 18:22:01.205 19460 19460 E ArmVmp : Match on catch block at 0xc3 in for 0x95
01-30 18:22:01.219 19460 19519 W libEGL : EGLNativeWindowType 0x771e2008
disconnect failed
01-30 18:22:01.241 19460 19460 E ArmVmp : Match on catch block at 0xc3 in for 0x99
01-30 18:22:01.271 19460 19519 E com.mbwhatsapp: Shared attribute region not
available to be mapped
01-30 18:22:01.305 19460 19460 E ArmVmp : Match on catch block at 0xc3 in for 0x99
01-30 18:22:01.325 19460 19460 E ArmVmp : Match on catch block at 0xc3 in for 0x91
01-30 18:22:01.343 19460 19519 E com.mbwhatsapp: Shared attribute region not
available to be mapped
01-30 18:22:01.808 19460 19460 E ArmVmp : Match on catch block at 0xc3 in for 0x91
01-30 18:22:01.818 19460 19460 E ArmVmp : Match on catch block at 0xc3 in for 0x95
01-30 18:22:02.311 19460 19460 E ArmVmp : Match on catch block at 0xc3 in for 0x95
01-30 18:22:02.321 19460 19460 E ArmVmp : Match on catch block at 0xc3 in for 0x99
01-30 18:22:02.550 19460 19460 E ArmVmp : Match on catch block at 0xc3 in for 0x91
01-30 18:22:02.566 19460 19460 E ArmVmp : Match on catch block at 0xc3 in for 0x95
01-30 18:22:02.615 19460 19460 E ArmVmp : Match on catch block at 0xc3 in for 0x91
01-30 18:22:02.629 19460 19460 E ArmVmp : Match on catch block at 0xc3 in for 0x95
01-30 18:22:02.646 19460 19460 E ArmVmp : Match on catch block at 0xc3 in for 0x95
01-30 18:22:02.647 19460 19519 E com.mbwhatsapp: Shared attribute region not
available to be mapped
01-30 18:22:02.668 19460 19460 E ArmVmp : Match on catch block at 0xc3 in for 0x99
01-30 18:22:02.699 19460 19460 E ArmVmp : Match on catch block at 0xc3 in for 0x99
01-30 18:22:02.734 19460 19460 E ArmVmp : Match on catch block at 0xc3 in for 0x91
01-30 18:22:02.751 19460 19460 E ArmVmp : Match on catch block at 0xc3 in for 0x91
01-30 18:22:02.773 19460 19460 E ArmVmp : Match on catch block at 0xc3 in for 0x95
01-30 18:22:02.797 19460 19460 E ArmVmp : Match on catch block at 0xc3 in for 0x95
01-30 18:22:02.811 19460 19460 E ArmVmp : Match on catch block at 0xc3 in for 0x99
01-30 18:22:02.834 19460 19460 E ArmVmp : Match on catch block at 0xc3 in for 0x99
01-30 18:22:02.850 19460 19460 E ArmVmp : Match on catch block at 0xc3 in for 0x91
01-30 18:22:02.865 19460 19460 E ArmVmp : Match on catch block at 0xc3 in for 0x91
01-30 18:22:02.891 19460 19460 E ArmVmp : Match on catch block at 0xc3 in for 0x95
01-30 18:22:02.933 19460 19460 E ArmVmp : Match on catch block at 0xc3 in for 0x95
01-30 18:22:02.946 19460 19460 E ArmVmp : Match on catch block at 0xc3 in for 0x99
01-30 18:22:02.966 19460 19460 E ArmVmp : Match on catch block at 0xc3 in for 0x91
01-30 18:22:02.976 19460 19525 W com.mbwhatsapp: Accessing hidden method
Lcom/android/org/conscrypt/ConscryptEngineSocket;->setUseSessionTickets(Z)V
(greylist-max-q,core-platform-api, reflection, denied)
01-30 18:22:02.976 19460 19525 W com.mbwhatsapp: Accessing hidden method
Lcom/android/org/conscrypt/OpenSSLSocketImpl;->setUseSessionTickets(Z)V (greylist-
max-q,core-platform-api, reflection, denied)
01-30 18:22:02.977 19460 19525 W com.mbwhatsapp: Accessing hidden method
Lcom/android/org/conscrypt/AbstractConscryptSocket;->setUseSessionTickets(Z)V
(greylist-max-q, reflection, denied)
01-30 18:22:02.977 19460 19525 W com.mbwhatsapp: Accessing hidden method
Lcom/android/org/conscrypt/ConscryptEngineSocket;->setHostname(Ljava/lang/String;)V
(greylist-max-q,core-platform-api, reflection, denied)
01-30 18:22:02.977 19460 19525 W com.mbwhatsapp: Accessing hidden method
Lcom/android/org/conscrypt/OpenSSLSocketImpl;->setHostname(Ljava/lang/String;)V
(greylist-max-q,core-platform-api, reflection, denied)
01-30 18:22:02.977 19460 19525 W com.mbwhatsapp: Accessing hidden method
Lcom/android/org/conscrypt/AbstractConscryptSocket;->setHostname(Ljava/lang/
String;)V (greylist-max-q, reflection, denied)
01-30 18:22:02.985 19460 19525 W com.mbwhatsapp: Accessing hidden method
Lcom/android/org/conscrypt/OpenSSLSocketImpl;->setAlpnProtocols([B)V (greylist-max-
q,core-platform-api, reflection, denied)
01-30 18:22:02.986 19460 19525 W com.mbwhatsapp: Accessing hidden method
Lcom/android/org/conscrypt/AbstractConscryptSocket;->setAlpnProtocols([B)V
(greylist-max-q, reflection, denied)
01-30 18:22:02.986 19460 19460 E ArmVmp : Match on catch block at 0xc3 in for 0x95
01-30 18:22:03.467 19460 19460 E ArmVmp : Match on catch block at 0xc3 in for 0x95
01-30 18:22:03.476 19460 19460 E ArmVmp : Match on catch block at 0xc3 in for 0x99
01-30 18:22:03.651 19460 19460 E ArmVmp : Match on catch block at 0xc3 in for 0x91
01-30 18:22:03.675 19460 19460 E ArmVmp : Match on catch block at 0xc3 in for 0x95
01-30 18:22:03.952 19460 19460 E ArmVmp : Match on catch block at 0xc3 in for 0x99
01-30 18:22:03.970 19460 19460 E ArmVmp : Match on catch block at 0xc3 in for 0x91
01-30 18:22:04.221 19460 19460 E ArmVmp : Match on catch block at 0xc3 in for 0x95
01-30 18:22:04.236 19460 19460 E ArmVmp : Match on catch block at 0xc3 in for 0x99
01-30 18:22:04.389 19460 19460 E ArmVmp : Match on catch block at 0xc3 in for 0x91
01-30 18:22:04.406 19460 19460 E ArmVmp : Match on catch block at 0xc3 in for 0x95
01-30 18:22:04.623 19460 19460 E ArmVmp : Match on catch block at 0xc3 in for 0x99
01-30 18:22:04.635 19460 19460 E ArmVmp : Match on catch block at 0xc3 in for 0x91
01-30 18:22:04.891 19460 19460 E ArmVmp : Match on catch block at 0xc3 in for 0x95
01-30 18:22:04.902 19460 19460 E ArmVmp : Match on catch block at 0xc3 in for 0x99
01-30 18:22:05.059 19460 19460 E ArmVmp : Match on catch block at 0xc3 in for 0x91
01-30 18:22:05.074 19460 19460 E ArmVmp : Match on catch block at 0xc3 in for 0x95
01-30 18:22:05.092 19460 19460 E ArmVmp : Match on catch block at 0xc3 in for 0x99
01-30 18:22:05.102 19460 19460 E ArmVmp : Match on catch block at 0xc3 in for 0x91
01-30 18:22:05.126 19460 19460 E ArmVmp : Match on catch block at 0xc3 in for 0x91
01-30 18:22:05.140 19460 19460 E ArmVmp : Match on catch block at 0xc3 in for 0x95
01-30 18:22:05.161 19460 19460 E ArmVmp : Match on catch block at 0xc3 in for 0x95
01-30 18:22:05.179 19460 19460 E ArmVmp : Match on catch block at 0xc3 in for 0x99
01-30 18:22:05.191 19460 19460 E ArmVmp : Match on catch block at 0xc3 in for 0x99
01-30 18:22:05.204 19460 19460 E ArmVmp : Match on catch block at 0xc3 in for 0x91
01-30 18:22:05.205 19460 19485 E FirebaseInstanceId: Token retrieval failed without
exception message. Will retry token retrieval
01-30 18:22:05.227 19460 19460 E ArmVmp : Match on catch block at 0xc3 in for 0x91
01-30 18:22:05.237 19460 19460 E ArmVmp : Match on catch block at 0xc3 in for 0x95
01-30 18:22:05.251 19460 19460 E ArmVmp : Match on catch block at 0xc3 in for 0x95
01-30 18:22:05.264 19460 19460 E ArmVmp : Match on catch block at 0xc3 in for 0x99
01-30 18:22:05.278 19460 19460 E ArmVmp : Match on catch block at 0xc3 in for 0x99
01-30 18:22:05.291 19460 19460 E ArmVmp : Match on catch block at 0xc3 in for 0x91
01-30 18:22:05.321 19460 19460 E ArmVmp : Match on catch block at 0xc3 in for 0x91
01-30 18:22:05.331 19460 19460 E ArmVmp : Match on catch block at 0xc3 in for 0x95
01-30 18:22:05.343 19460 19460 E ArmVmp : Match on catch block at 0xc3 in for 0x95
01-30 18:22:05.356 19460 19460 E ArmVmp : Match on catch block at 0xc3 in for 0x99
01-30 18:22:05.373 19460 19460 E ArmVmp : Match on catch block at 0xc3 in for 0x99
01-30 18:22:05.384 19460 19460 E ArmVmp : Match on catch block at 0xc3 in for 0x91
01-30 18:22:05.395 19460 19460 E ArmVmp : Match on catch block at 0xc3 in for 0x91
01-30 18:22:05.409 19460 19460 E ArmVmp : Match on catch block at 0xc3 in for 0x95
01-30 18:22:05.423 19460 19460 E ArmVmp : Match on catch block at 0xc3 in for 0x95
01-30 18:22:05.445 19460 19460 E ArmVmp : Match on catch block at 0xc3 in for 0x99
01-30 18:22:05.478 19460 19460 E ArmVmp : Match on catch block at 0xc3 in for 0x99
01-30 18:22:05.493 19460 19460 E ArmVmp : Match on catch block at 0xc3 in for 0x91
01-30 18:22:05.596 19460 19460 E ArmVmp : Match on catch block at 0xc3 in for 0x95
01-30 18:22:05.606 19460 19460 E ArmVmp : Match on catch block at 0xc3 in for 0x99
01-30 18:22:05.931 19460 19460 E ArmVmp : Match on catch block at 0xc3 in for 0x91
01-30 18:22:05.948 19460 19460 E ArmVmp : Match on catch block at 0xc3 in for 0x95
01-30 18:22:06.130 19460 19460 E ArmVmp : Match on catch block at 0xc3 in for 0x99
01-30 18:22:06.139 19460 19460 E ArmVmp : Match on catch block at 0xc3 in for 0x91
01-30 18:22:06.448 19460 19492 W MessengerIpcClient: Timing out request: 1
01-30 18:22:06.533 19460 19460 E ArmVmp : Match on catch block at 0xc3 in for 0x95
01-30 18:22:06.548 19460 19460 E ArmVmp : Match on catch block at 0xc3 in for 0x99
01-30 18:22:06.717 19460 19460 E ArmVmp : Match on catch block at 0xc3 in for 0x91
01-30 18:22:06.727 19460 19460 E ArmVmp : Match on catch block at 0xc3 in for 0x95
01-30 18:22:06.919 19460 19460 E ArmVmp : Match on catch block at 0xc3 in for 0x99
01-30 18:22:06.932 19460 19460 E ArmVmp : Match on catch block at 0xc3 in for 0x91
01-30 18:22:07.119 19460 19460 E ArmVmp : Match on catch block at 0xc3 in for 0x95
01-30 18:22:07.130 19460 19460 E ArmVmp : Match on catch block at 0xc3 in for 0x99
01-30 18:22:07.622 19460 19460 E ArmVmp : Match on catch block at 0xc3 in for 0x99
01-30 18:22:07.630 19460 19460 E ArmVmp : Match on catch block at 0xc3 in for 0x91
01-30 18:22:08.109 19460 19460 E ArmVmp : Match on catch block at 0xc3 in for 0x95
01-30 18:22:08.133 19460 19460 E ArmVmp : Match on catch block at 0xc3 in for 0x99
01-30 18:22:08.612 19460 19460 E ArmVmp : Match on catch block at 0xc3 in for 0x99
01-30 18:22:08.628 19460 19460 E ArmVmp : Match on catch block at 0xc3 in for 0x91
01-30 18:22:09.113 19460 19460 E ArmVmp : Match on catch block at 0xc3 in for 0x91
01-30 18:22:09.121 19460 19460 E ArmVmp : Match on catch block at 0xc3 in for 0x95
01-30 18:22:09.280 19460 19460 E ArmVmp : Match on catch block at 0xc3 in for 0x99
01-30 18:22:09.292 19460 19460 E ArmVmp : Match on catch block at 0xc3 in for 0x91
01-30 18:22:09.448 19460 19460 E ArmVmp : Match on catch block at 0xc3 in for 0x95
01-30 18:22:09.457 19460 19460 E ArmVmp : Match on catch block at 0xc3 in for 0x99
01-30 18:22:09.600 19460 19460 E ArmVmp : Match on catch block at 0xc3 in for 0x91
01-30 18:22:09.617 19460 19460 E ArmVmp : Match on catch block at 0xc3 in for 0x95
01-30 18:22:09.817 19460 19460 E ArmVmp : Match on catch block at 0xc3 in for 0x99
01-30 18:22:09.829 19460 19460 E ArmVmp : Match on catch block at 0xc3 in for 0x91
01-30 18:22:10.051 19460 19460 E ArmVmp : Match on catch block at 0xc3 in for 0x95
01-30 18:22:10.061 19460 19460 E ArmVmp : Match on catch block at 0xc3 in for 0x99
01-30 18:22:10.556 19460 19460 E ArmVmp : Match on catch block at 0xc3 in for 0x99
01-30 18:22:10.567 19460 19460 E ArmVmp : Match on catch block at 0xc3 in for 0x91
01-30 18:22:10.656 19460 19460 E ArmVmp : Match on catch block at 0xc3 in for 0x95
01-30 18:22:10.667 19460 19460 E ArmVmp : Match on catch block at 0xc3 in for 0x99
01-30 18:22:11.140 19460 19460 E ArmVmp : Match on catch block at 0xc3 in for 0x99
01-30 18:22:11.148 19460 19460 E ArmVmp : Match on catch block at 0xc3 in for 0x91
01-30 18:22:11.642 19460 19460 E ArmVmp : Match on catch block at 0xc3 in for 0x91
01-30 18:22:11.651 19460 19460 E ArmVmp : Match on catch block at 0xc3 in for 0x95
01-30 18:22:12.111 19460 19460 E ArmVmp : Match on catch block at 0xc3 in for 0x99
01-30 18:22:12.122 19460 19460 E ArmVmp : Match on catch block at 0xc3 in for 0x91
01-30 18:22:12.615 19460 19460 E ArmVmp : Match on catch block at 0xc3 in for 0x91
01-30 18:22:12.623 19460 19460 E ArmVmp : Match on catch block at 0xc3 in for 0x95
01-30 18:22:12.918 19460 19460 E ArmVmp : Match on catch block at 0xc3 in for 0x95
01-30 18:22:12.928 19460 19460 E ArmVmp : Match on catch block at 0xc3 in for 0x99
01-30 18:22:13.401 19460 19460 E ArmVmp : Match on catch block at 0xc3 in for 0x99
01-30 18:22:13.410 19460 19460 E ArmVmp : Match on catch block at 0xc3 in for 0x91
01-30 18:22:13.471 19460 19460 E ArmVmp : Match on catch block at 0xc3 in for 0x95
01-30 18:22:13.488 19460 19460 E ArmVmp : Match on catch block at 0xc3 in for 0x99
01-30 18:22:13.971 19460 19460 E ArmVmp : Match on catch block at 0xc3 in for 0x99
01-30 18:22:13.981 19460 19460 E ArmVmp : Match on catch block at 0xc3 in for 0x91
01-30 18:22:14.474 19460 19460 E ArmVmp : Match on catch block at 0xc3 in for 0x91
01-30 18:22:14.482 19460 19460 E ArmVmp : Match on catch block at 0xc3 in for 0x95
01-30 18:22:14.691 19460 19460 E ArmVmp : Match on catch block at 0xc3 in for 0x99
01-30 18:22:14.704 19460 19460 E ArmVmp : Match on catch block at 0xc3 in for 0x91
01-30 18:22:14.723 19460 19460 E ArmVmp : Match on catch block at 0xc3 in for 0x91
01-30 18:22:14.737 19460 19460 E ArmVmp : Match on catch block at 0xc3 in for 0x95
01-30 18:22:15.144 19460 19460 E ArmVmp : Match on catch block at 0xc3 in for 0x95
01-30 18:22:15.152 19460 19460 E ArmVmp : Match on catch block at 0xc3 in for 0x99
01-30 18:22:15.649 19460 19460 E ArmVmp : Match on catch block at 0xc3 in for 0x99
01-30 18:22:15.662 19460 19460 E ArmVmp : Match on catch block at 0xc3 in for 0x91
01-30 18:22:16.149 19460 19460 E ArmVmp : Match on catch block at 0xc3 in for 0x91
01-30 18:22:16.161 19460 19460 E ArmVmp : Match on catch block at 0xc3 in for 0x95
01-30 18:22:16.251 19460 19460 E ArmVmp : Match on catch block at 0xc3 in for 0x95
01-30 18:22:16.296 19460 19460 E ArmVmp : Match on catch block at 0xc3 in for 0x99
01-30 18:22:16.344 19460 19460 E ArmVmp : Match on catch block at 0xc3 in for 0x95
01-30 18:22:16.357 19460 19460 E ArmVmp : Match on catch block at 0xc3 in for 0x99
01-30 18:22:16.370 19460 19460 E ArmVmp : Match on catch block at 0xc3 in for 0x99
01-30 18:22:16.389 19460 19460 E ArmVmp : Match on catch block at 0xc3 in for 0x91
01-30 18:22:16.402 19460 19460 E ArmVmp : Match on catch block at 0xc3 in for 0x91
01-30 18:22:16.424 19460 19460 E ArmVmp : Match on catch block at 0xc3 in for 0x95
01-30 18:22:16.437 19460 19460 E ArmVmp : Match on catch block at 0xc3 in for 0x95
01-30 18:22:16.454 19460 19460 E ArmVmp : Match on catch block at 0xc3 in for 0x99
01-30 18:22:16.468 19460 19460 E ArmVmp : Match on catch block at 0xc3 in for 0x99
01-30 18:22:16.487 19460 19460 E ArmVmp : Match on catch block at 0xc3 in for 0x91
01-30 18:22:16.523 19460 19460 E ArmVmp : Match on catch block at 0xc3 in for 0x91
01-30 18:22:16.541 19460 19460 E ArmVmp : Match on catch block at 0xc3 in for 0x95
01-30 18:22:16.820 19460 19460 E ArmVmp : Match on catch block at 0xc3 in for 0x95
01-30 18:22:16.828 19460 19460 E ArmVmp : Match on catch block at 0xc3 in for 0x99
01-30 18:22:17.322 19460 19460 E ArmVmp : Match on catch block at 0xc3 in for 0x99
01-30 18:22:17.330 19460 19460 E ArmVmp : Match on catch block at 0xc3 in for 0x91
01-30 18:22:17.825 19460 19460 E ArmVmp : Match on catch block at 0xc3 in for 0x91
01-30 18:22:17.834 19460 19460 E ArmVmp : Match on catch block at 0xc3 in for 0x95
01-30 18:22:18.328 19460 19460 E ArmVmp : Match on catch block at 0xc3 in for 0x95
01-30 18:22:18.337 19460 19460 E ArmVmp : Match on catch block at 0xc3 in for 0x99
01-30 18:22:18.630 19460 19460 E ArmVmp : Match on catch block at 0xc3 in for 0x91
01-30 18:22:18.655 19460 19460 E ArmVmp : Match on catch block at 0xc3 in for 0x95
01-30 18:22:19.131 19460 19460 E ArmVmp : Match on catch block at 0xc3 in for 0x95
01-30 18:22:19.141 19460 19460 E ArmVmp : Match on catch block at 0xc3 in for 0x99
01-30 18:22:19.266 19460 19460 E ArmVmp : Match on catch block at 0xc3 in for 0x91
01-30 18:22:19.277 19460 19460 E ArmVmp : Match on catch block at 0xc3 in for 0x95
01-30 18:22:19.768 19460 19460 E ArmVmp : Match on catch block at 0xc3 in for 0x95
01-30 18:22:19.777 19460 19460 E ArmVmp : Match on catch block at 0xc3 in for 0x99
01-30 18:22:20.138 19460 19460 E ArmVmp : Match on catch block at 0xc3 in for 0x91
01-30 18:22:20.160 19460 19460 E ArmVmp : Match on catch block at 0xc3 in for 0x95
01-30 18:22:20.640 19460 19460 E ArmVmp : Match on catch block at 0xc3 in for 0x95
01-30 18:22:20.649 19460 19460 E ArmVmp : Match on catch block at 0xc3 in for 0x99
01-30 18:22:20.976 19460 19460 E ArmVmp : Match on catch block at 0xc3 in for 0x91
01-30 18:22:20.985 19460 19460 E ArmVmp : Match on catch block at 0xc3 in for 0x95
01-30 18:22:21.478 19460 19460 E ArmVmp : Match on catch block at 0xc3 in for 0x95
01-30 18:22:21.487 19460 19460 E ArmVmp : Match on catch block at 0xc3 in for 0x99
01-30 18:22:21.545 19460 19460 E ArmVmp : Match on catch block at 0xc3 in for 0x91
01-30 18:22:21.562 19460 19460 E ArmVmp : Match on catch block at 0xc3 in for 0x95
01-30 18:22:22.048 19460 19460 E ArmVmp : Match on catch block at 0xc3 in for 0x95
01-30 18:22:22.057 19460 19460 E ArmVmp : Match on catch block at 0xc3 in for 0x99
01-30 18:22:22.549 19460 19460 E ArmVmp : Match on catch block at 0xc3 in for 0x99
01-30 18:22:22.560 19460 19460 E ArmVmp : Match on catch block at 0xc3 in for 0x91
01-30 18:22:22.751 19460 19460 E ArmVmp : Match on catch block at 0xc3 in for 0x95
01-30 18:22:22.768 19460 19460 E ArmVmp : Match on catch block at 0xc3 in for 0x99
01-30 18:22:23.170 19460 19460 E ArmVmp : Match on catch block at 0xc3 in for 0x99
01-30 18:22:23.180 19460 19460 E ArmVmp : Match on catch block at 0xc3 in for 0x91
01-30 18:22:23.505 19460 19460 E ArmVmp : Match on catch block at 0xc3 in for 0x95
01-30 18:22:23.519 19460 19460 E ArmVmp : Match on catch block at 0xc3 in for 0x99
01-30 18:22:23.874 19460 19460 E ArmVmp : Match on catch block at 0xc3 in for 0x91
01-30 18:22:23.888 19460 19460 E ArmVmp : Match on catch block at 0xc3 in for 0x95
01-30 18:22:24.376 19460 19460 E ArmVmp : Match on catch block at 0xc3 in for 0x95
01-30 18:22:24.387 19460 19460 E ArmVmp : Match on catch block at 0xc3 in for 0x99
01-30 18:22:24.427 19460 19460 E ArmVmp : Match on catch block at 0xc3 in for 0x91
01-30 18:22:24.443 19460 19460 E ArmVmp : Match on catch block at 0xc3 in for 0x95
01-30 18:22:24.628 19460 19460 E ArmVmp : Match on catch block at 0xc3 in for 0x99
01-30 18:22:24.645 19460 19460 E ArmVmp : Match on catch block at 0xc3 in for 0x91
01-30 18:22:24.780 19460 19460 E ArmVmp : Match on catch block at 0xc3 in for 0x95
01-30 18:22:24.804 19460 19460 E ArmVmp : Match on catch block at 0xc3 in for 0x99
01-30 18:22:25.332 19460 19460 E ArmVmp : Match on catch block at 0xc3 in for 0x91
01-30 18:22:25.343 19460 19460 E ArmVmp : Match on catch block at 0xc3 in for 0x95
01-30 18:22:25.372 19460 19460 E ArmVmp : Match on catch block at 0xc3 in for 0x95
01-30 18:22:25.384 19460 19460 E ArmVmp : Match on catch block at 0xc3 in for 0x99
01-30 18:22:25.783 19460 19460 E ArmVmp : Match on catch block at 0xc3 in for 0x99
01-30 18:22:25.800 19460 19460 E ArmVmp : Match on catch block at 0xc3 in for 0x91
01-30 18:22:26.269 19460 19460 E ArmVmp : Match on catch block at 0xc3 in for 0x91
01-30 18:22:26.279 19460 19460 E ArmVmp : Match on catch block at 0xc3 in for 0x95
01-30 18:22:26.588 19460 19460 E ArmVmp : Match on catch block at 0xc3 in for 0x99
01-30 18:22:26.598 19460 19460 E ArmVmp : Match on catch block at 0xc3 in for 0x91
01-30 18:22:26.822 19460 19460 E ArmVmp : Match on catch block at 0xc3 in for 0x95
01-30 18:22:26.832 19460 19460 E ArmVmp : Match on catch block at 0xc3 in for 0x99
01-30 18:22:26.890 19460 19460 E ArmVmp : Match on catch block at 0xc3 in for 0x99
01-30 18:22:26.903 19460 19460 E ArmVmp : Match on catch block at 0xc3 in for 0x91
01-30 18:22:26.923 19460 19460 E ArmVmp : Match on catch block at 0xc3 in for 0x91
01-30 18:22:26.938 19460 19460 E ArmVmp : Match on catch block at 0xc3 in for 0x95
01-30 18:22:26.961 19460 19460 E ArmVmp : Match on catch block at 0xc3 in for 0x95
01-30 18:22:26.979 19460 19460 E ArmVmp : Match on catch block at 0xc3 in for 0x99
01-30 18:22:26.996 19460 19460 E ArmVmp : Match on catch block at 0xc3 in for 0x99
01-30 18:22:27.025 19460 19460 E ArmVmp : Match on catch block at 0xc3 in for 0x91
01-30 18:22:27.042 19460 19460 E ArmVmp : Match on catch block at 0xc3 in for 0x91
01-30 18:22:27.072 19460 19460 E ArmVmp : Match on catch block at 0xc3 in for 0x95
01-30 18:22:27.097 19460 19460 E ArmVmp : Match on catch block at 0xc3 in for 0x99
01-30 18:22:27.119 19460 19460 E ArmVmp : Match on catch block at 0xc3 in for 0x91
01-30 18:22:27.141 19460 19460 E ArmVmp : Match on catch block at 0xc3 in for 0x91
01-30 18:22:27.180 19460 19460 E ArmVmp : Match on catch block at 0xc3 in for 0x95
01-30 18:22:27.610 19460 19460 E ArmVmp : Match on catch block at 0xc3 in for 0x95
01-30 18:22:27.620 19460 19460 E ArmVmp : Match on catch block at 0xc3 in for 0x99
01-30 18:22:27.812 19460 19460 E ArmVmp : Match on catch block at 0xc3 in for 0x91
01-30 18:22:27.832 19460 19460 E ArmVmp : Match on catch block at 0xc3 in for 0x95
01-30 18:22:27.862 19460 19460 E ArmVmp : Match on catch block at 0xc3 in for 0x99
01-30 18:22:27.873 19460 19460 E ArmVmp : Match on catch block at 0xc3 in for 0x91
01-30 18:22:28.148 19460 19525 W com.mbwhatsapp: Accessing hidden method
Lcom/android/org/conscrypt/ConscryptEngineSocket;->setUseSessionTickets(Z)V
(greylist-max-q,core-platform-api, reflection, denied)
01-30 18:22:28.148 19460 19525 W com.mbwhatsapp: Accessing hidden method
Lcom/android/org/conscrypt/OpenSSLSocketImpl;->setUseSessionTickets(Z)V (greylist-
max-q,core-platform-api, reflection, denied)
01-30 18:22:28.148 19460 19525 W com.mbwhatsapp: Accessing hidden method
Lcom/android/org/conscrypt/AbstractConscryptSocket;->setUseSessionTickets(Z)V
(greylist-max-q, reflection, denied)
01-30 18:22:28.148 19460 19525 W com.mbwhatsapp: Accessing hidden method
Lcom/android/org/conscrypt/ConscryptEngineSocket;->setHostname(Ljava/lang/String;)V
(greylist-max-q,core-platform-api, reflection, denied)
01-30 18:22:28.149 19460 19525 W com.mbwhatsapp: Accessing hidden method
Lcom/android/org/conscrypt/OpenSSLSocketImpl;->setHostname(Ljava/lang/String;)V
(greylist-max-q,core-platform-api, reflection, denied)
01-30 18:22:28.149 19460 19525 W com.mbwhatsapp: Accessing hidden method
Lcom/android/org/conscrypt/AbstractConscryptSocket;->setHostname(Ljava/lang/
String;)V (greylist-max-q, reflection, denied)
01-30 18:22:28.149 19460 19525 W com.mbwhatsapp: Accessing hidden method
Lcom/android/org/conscrypt/OpenSSLSocketImpl;->setAlpnProtocols([B)V (greylist-max-
q,core-platform-api, reflection, denied)
01-30 18:22:28.149 19460 19525 W com.mbwhatsapp: Accessing hidden method
Lcom/android/org/conscrypt/AbstractConscryptSocket;->setAlpnProtocols([B)V
(greylist-max-q, reflection, denied)
01-30 18:22:28.364 19460 19460 E ArmVmp : Match on catch block at 0xc3 in for 0x91
01-30 18:22:28.373 19460 19460 E ArmVmp : Match on catch block at 0xc3 in for 0x95
01-30 18:22:28.481 19460 19460 E ArmVmp : Match on catch block at 0xc3 in for 0x95
01-30 18:22:28.491 19460 19460 E ArmVmp : Match on catch block at 0xc3 in for 0x99
01-30 18:22:28.565 19460 19460 E ArmVmp : Match on catch block at 0xc3 in for 0x95
01-30 18:22:28.585 19460 19460 E ArmVmp : Match on catch block at 0xc3 in for 0x99
01-30 18:22:28.642 19460 19460 E ArmVmp : Match on catch block at 0xc3 in for 0x99
01-30 18:22:28.654 19460 19460 E ArmVmp : Match on catch block at 0xc3 in for 0x91
01-30 18:22:28.677 19460 19460 E ArmVmp : Match on catch block at 0xc3 in for 0x91
01-30 18:22:28.692 19460 19460 E ArmVmp : Match on catch block at 0xc3 in for 0x95
01-30 18:22:28.737 19460 19460 E ArmVmp : Match on catch block at 0xc3 in for 0x95
01-30 18:22:28.755 19460 19460 E ArmVmp : Match on catch block at 0xc3 in for 0x99
01-30 18:22:28.768 19460 19460 E ArmVmp : Match on catch block at 0xc3 in for 0x99
01-30 18:22:28.802 19460 19460 E ArmVmp : Match on catch block at 0xc3 in for 0x91
01-30 18:22:28.834 19460 19460 E ArmVmp : Match on catch block at 0xc3 in for 0x91
01-30 18:22:28.848 19460 19460 E ArmVmp : Match on catch block at 0xc3 in for 0x95
01-30 18:22:29.114 19460 19460 E ArmVmp : Match on catch block at 0xc3 in for 0x91
01-30 18:22:29.125 19460 19460 E ArmVmp : Match on catch block at 0xc3 in for 0x95
01-30 18:22:29.157 19460 19460 E ArmVmp : Match on catch block at 0xc3 in for 0x95
01-30 18:22:29.182 19460 19460 E ArmVmp : Match on catch block at 0xc3 in for 0x99
01-30 18:22:29.240 19460 19460 E ArmVmp : Match on catch block at 0xc3 in for 0x95
01-30 18:22:29.253 19460 19460 E ArmVmp : Match on catch block at 0xc3 in for 0x99
01-30 18:22:29.662 19460 19460 E ArmVmp : Match on catch block at 0xc3 in for 0x95
01-30 18:22:29.672 19460 19460 E ArmVmp : Match on catch block at 0xc3 in for 0x99
01-30 18:22:29.688 19460 19460 E ArmVmp : Match on catch block at 0xc3 in for 0x99
01-30 18:22:29.708 19460 19460 E ArmVmp : Match on catch block at 0xc3 in for 0x91
01-30 18:22:29.716 19460 19559 W MediaPlayer: Use of stream types is deprecated for
operations other than volume control
01-30 18:22:29.716 19460 19559 W MediaPlayer: See the documentation of
setAudioStreamType() for what to use instead with android.media.AudioAttributes to
qualify your playback use case
01-30 18:22:29.739 19460 19460 E ArmVmp : Match on catch block at 0xc3 in for 0x99
01-30 18:22:29.753 19460 19460 E ArmVmp : Match on catch block at 0xc3 in for 0x91
01-30 18:22:30.186 19460 19460 E ArmVmp : Match on catch block at 0xc3 in for 0x95
01-30 18:22:30.201 19460 19460 E ArmVmp : Match on catch block at 0xc3 in for 0x99
01-30 18:22:30.291 19460 19460 E ArmVmp : Match on catch block at 0xc3 in for 0x99
01-30 18:22:30.306 19460 19460 E ArmVmp : Match on catch block at 0xc3 in for 0x91
01-30 18:22:30.377 19460 19460 E ArmVmp : Match on catch block at 0xc3 in for 0x99
01-30 18:22:30.449 19460 19460 E ArmVmp : Match on catch block at 0xc3 in for 0x91
01-30 18:22:30.482 19460 19460 E ArmVmp : Match on catch block at 0xc3 in for 0x95
01-30 18:22:30.504 19460 19460 E ArmVmp : Match on catch block at 0xc3 in for 0x99
01-30 18:22:30.533 19460 19460 E ArmVmp : Match on catch block at 0xc3 in for 0x99
01-30 18:22:30.565 19460 19460 E ArmVmp : Match on catch block at 0xc3 in for 0x91
01-30 18:22:30.860 19460 19460 E ArmVmp : Match on catch block at 0xc3 in for 0x99
01-30 18:22:30.871 19460 19460 E ArmVmp : Match on catch block at 0xc3 in for 0x91
01-30 18:22:31.071 19460 19460 E ArmVmp : Match on catch block at 0x4c in for 0xf1
01-30 18:22:31.088 19460 19460 E ArmVmp : Match on catch block at 0xc3 in for 0x99
01-30 18:22:31.102 19460 19460 E ArmVmp : Match on catch block at 0xc3 in for 0x91
01-30 18:22:31.159 19460 19460 E ArmVmp : Match on catch block at 0xc3 in for 0x95
01-30 18:22:31.187 19460 19460 E ArmVmp : Match on catch block at 0xc3 in for 0x99
01-30 18:22:31.239 19460 19460 E ArmVmp : Match on catch block at 0xc3 in for 0x99
01-30 18:22:31.265 19460 19460 E ArmVmp : Match on catch block at 0xc3 in for 0x91
01-30 18:22:31.317 19460 19460 E ArmVmp : Match on catch block at 0xc3 in for 0x91
01-30 18:22:31.338 19460 19460 E ArmVmp : Match on catch block at 0xc3 in for 0x95
01-30 18:22:31.357 19460 19460 E ArmVmp : Match on catch block at 0xc3 in for 0x99
01-30 18:22:31.387 19460 19460 E ArmVmp : Match on catch block at 0xc3 in for 0x91
01-30 18:22:31.661 19460 19460 E ArmVmp : Match on catch block at 0xc3 in for 0x95
01-30 18:22:31.674 19460 19460 E ArmVmp : Match on catch block at 0xc3 in for 0x99
01-30 18:22:31.806 19460 19460 E ArmVmp : Match on catch block at 0xc3 in for 0x99
01-30 18:22:31.816 19460 19460 E ArmVmp : Match on catch block at 0xc3 in for 0x91
01-30 18:22:31.838 19460 19460 E ArmVmp : Match on catch block at 0xc3 in for 0x95
01-30 18:22:31.848 19460 19460 E ArmVmp : Match on catch block at 0xc3 in for 0x99
01-30 18:22:31.864 19460 19460 E ArmVmp : Match on catch block at 0xc3 in for 0x99
01-30 18:22:31.893 19460 19460 E ArmVmp : Match on catch block at 0xc3 in for 0x91
01-30 18:22:31.917 19460 19460 E ArmVmp : Match on catch block at 0xc3 in for 0x91
01-30 18:22:31.928 19460 19460 E ArmVmp : Match on catch block at 0xc3 in for 0x95
01-30 18:22:32.235 19460 19460 E ArmVmp : Match on catch block at 0xc3 in for 0x99
01-30 18:22:32.251 19460 19460 E ArmVmp : Match on catch block at 0xc3 in for 0x91
01-30 18:22:32.292 19460 19460 E ArmVmp : Match on catch block at 0xc3 in for 0x99
01-30 18:22:32.303 19460 19460 E ArmVmp : Match on catch block at 0xc3 in for 0x91
01-30 18:22:32.327 19460 19460 E ArmVmp : Match on catch block at 0xc3 in for 0x91
01-30 18:22:32.339 19460 19460 E ArmVmp : Match on catch block at 0xc3 in for 0x95
01-30 18:22:32.418 19460 19460 E ArmVmp : Match on catch block at 0xc3 in for 0x95
01-30 18:22:32.437 19460 19460 E ArmVmp : Match on catch block at 0xc3 in for 0x99
01-30 18:22:32.487 19460 19460 E ArmVmp : Match on catch block at 0xc3 in for 0x99
01-30 18:22:32.525 19460 19460 E ArmVmp : Match on catch block at 0xc3 in for 0x91
01-30 18:22:32.773 19460 19519 E com.mbwhatsapp: Shared attribute region not
available to be mapped
01-30 18:22:32.820 19460 19460 E ArmVmp : Match on catch block at 0xc3 in for 0x99
01-30 18:22:32.834 19460 19460 E ArmVmp : Match on catch block at 0xc3 in for 0x91
01-30 18:22:32.917 19460 19519 E com.mbwhatsapp: Shared attribute region not
available to be mapped
01-30 18:22:33.059 19460 19460 E ArmVmp : Match on catch block at 0xc3 in for 0x99
01-30 18:22:33.070 19460 19460 E ArmVmp : Match on catch block at 0xc3 in for 0x91
01-30 18:22:33.131 19460 19519 E com.mbwhatsapp: Shared attribute region not
available to be mapped
01-30 18:22:33.140 19460 19460 E ArmVmp : Match on catch block at 0xc3 in for 0x91
01-30 18:22:33.152 19460 19460 E ArmVmp : Match on catch block at 0xc3 in for 0x95
01-30 18:22:33.294 19460 19460 E ArmVmp : Match on catch block at 0x5b in for 0x75
01-30 18:22:33.379 19460 19460 E ArmVmp : Match on catch block at 0x5b in for 0x75
01-30 18:22:33.460 19460 19460 E ArmVmp : Match on catch block at 0x5b in for 0x75
01-30 18:22:33.541 19460 19460 E ArmVmp : Match on catch block at 0xc3 in for 0x91
01-30 18:22:33.560 19460 19460 E ArmVmp : Match on catch block at 0xc3 in for 0x95
01-30 18:22:33.705 19460 19519 W libEGL : EGLNativeWindowType 0x771e2008
disconnect failed
01-30 18:22:33.980 19460 19460 W pool-7-thread-1: type=1400 audit(0.0:307017): avc:
granted { execute } for
path="/data/data/com.mbwhatsapp/files/decompressed/libs.spk.zst/libgifimage.so"
dev="dm-11" ino=106574 scontext=u:r:untrusted_app:s0:c227,c256,c512,c768
tcontext=u:object_r:app_data_file:s0:c227,c256,c512,c768 tclass=file
app=com.mbwhatsapp
01-30 18:22:37.046 19460 19460 E ArmVmp : Match on catch block at 0x4c in for 0xd1
01-30 18:22:37.074 19460 19460 E ArmVmp : Match on catch block at 0x8d in for 0xd9
01-30 18:22:37.097 19460 19460 E ArmVmp : Match on catch block at 0x8d in for 0xd9
01-30 18:22:37.249 19460 19460 E ArmVmp : Match on catch block at 0x0a in for 0xb1
01-30 18:22:37.260 19460 19460 E ArmVmp : Match on catch block at 0x0a in for 0xb9
01-30 18:22:38.316 19460 19460 E ArmVmp : Match on catch block at 0xc3 in for 0xa9
01-30 18:22:38.336 19460 19460 E ArmVmp : Match on catch block at 0xc3 in for 0xa9
01-30 18:22:38.382 19460 19519 E com.mbwhatsapp: Shared attribute region not
available to be mapped
01-30 18:22:38.416 19460 19460 W MessengerIpcClient: Received response for unknown
request: 1
01-30 18:22:38.485 19460 19460 E ArmVmp : Match on catch block at 0xc3 in for 0x91
01-30 18:22:38.496 19460 19460 E ArmVmp : Match on catch block at 0xc3 in for 0x95
01-30 18:22:38.507 19460 19460 E ArmVmp : Match on catch block at 0xc3 in for 0x95
01-30 18:22:38.527 19460 19519 E com.mbwhatsapp: Shared attribute region not
available to be mapped
01-30 18:22:38.557 19460 19460 E ArmVmp : Match on catch block at 0xc3 in for 0x99
01-30 18:22:38.582 19460 19460 E ArmVmp : Match on catch block at 0xc3 in for 0x91
01-30 18:22:38.593 19460 19460 E ArmVmp : Match on catch block at 0xc3 in for 0x91
01-30 18:22:38.610 19460 19519 E com.mbwhatsapp: Shared attribute region not
available to be mapped
01-30 18:22:38.721 19460 19460 E ArmVmp : Match on catch block at 0xc3 in for 0x99
01-30 18:22:38.737 19460 19460 E ArmVmp : Match on catch block at 0xc3 in for 0x91
01-30 18:22:38.748 19460 19460 E ArmVmp : Match on catch block at 0xc3 in for 0x91
01-30 18:22:38.764 19460 19460 E ArmVmp : Match on catch block at 0xc3 in for 0x95
01-30 18:22:38.775 19460 19460 E ArmVmp : Match on catch block at 0xc3 in for 0x99
01-30 18:22:38.787 19460 19460 E ArmVmp : Match on catch block at 0xc3 in for 0x99
01-30 18:22:38.842 19460 19460 E ArmVmp : Match on catch block at 0xc3 in for 0x91
01-30 18:22:38.869 19460 19460 E ArmVmp : Match on catch block at 0xc3 in for 0x95
01-30 18:22:38.887 19460 19460 E ArmVmp : Match on catch block at 0xc3 in for 0x95
01-30 18:22:38.929 19460 19460 E ArmVmp : Match on catch block at 0xc3 in for 0x95
01-30 18:22:38.950 19460 19460 E ArmVmp : Match on catch block at 0xc3 in for 0x99
01-30 18:22:38.963 19460 19460 E ArmVmp : Match on catch block at 0xc3 in for 0x99
01-30 18:22:39.003 19460 19519 W libEGL : EGLNativeWindowType 0x766fec08
disconnect failed
01-30 18:22:39.097 19460 19460 E ArmVmp : Match on catch block at 0xc3 in for 0x91
01-30 18:22:39.114 19460 19460 E ArmVmp : Match on catch block at 0xc3 in for 0x95
01-30 18:22:39.121 19460 19460 E ArmVmp : Match on catch block at 0xc3 in for 0x95
01-30 18:22:39.204 19460 19460 E ArmVmp : Match on catch block at 0xc3 in for 0x91
01-30 18:22:39.219 19460 19460 E ArmVmp : Match on catch block at 0xc3 in for 0x95
01-30 18:22:39.229 19460 19460 E ArmVmp : Match on catch block at 0xc3 in for 0x95
01-30 18:22:39.246 19460 19460 E ArmVmp : Match on catch block at 0xc3 in for 0x99
01-30 18:22:39.265 19460 19460 E ArmVmp : Match on catch block at 0xc3 in for 0x91
01-30 18:22:39.274 19460 19460 E ArmVmp : Match on catch block at 0xc3 in for 0x91
01-30 18:22:39.295 19460 19460 E ArmVmp : Match on catch block at 0xc3 in for 0x95
01-30 18:22:39.313 19460 19460 E ArmVmp : Match on catch block at 0xc3 in for 0x99
01-30 18:22:39.328 19460 19460 E ArmVmp : Match on catch block at 0xc3 in for 0x99
01-30 18:22:39.356 19460 19460 E ArmVmp : Match on catch block at 0xc3 in for 0x91
01-30 18:22:39.372 19460 19460 E ArmVmp : Match on catch block at 0xc3 in for 0x95
01-30 18:22:39.386 19460 19460 E ArmVmp : Match on catch block at 0xc3 in for 0x95
01-30 18:22:39.403 19460 19460 E ArmVmp : Match on catch block at 0xc3 in for 0x99
01-30 18:22:39.426 19460 19460 E ArmVmp : Match on catch block at 0xc3 in for 0x91
01-30 18:22:39.436 19460 19460 E ArmVmp : Match on catch block at 0xc3 in for 0x91
01-30 18:22:39.497 19460 19460 E ArmVmp : Match on catch block at 0xc3 in for 0x95
01-30 18:22:39.510 19460 19460 E ArmVmp : Match on catch block at 0xc3 in for 0x99
01-30 18:22:39.529 19460 19460 E ArmVmp : Match on catch block at 0xc3 in for 0x99
01-30 18:22:39.723 19460 19519 E com.mbwhatsapp: Shared attribute region not
available to be mapped
01-30 18:22:39.839 19460 19519 E com.mbwhatsapp: Shared attribute region not
available to be mapped
01-30 18:22:39.842 19460 19460 E ArmVmp : Match on catch block at 0xc3 in for 0x99
01-30 18:22:39.900 19460 19460 E ArmVmp : Match on catch block at 0xc3 in for 0x91
01-30 18:22:39.907 19460 19460 E ArmVmp : Match on catch block at 0xc3 in for 0x91
01-30 18:22:39.982 19460 19519 E com.mbwhatsapp: Shared attribute region not
available to be mapped
01-30 18:22:40.298 19460 19519 W libEGL : EGLNativeWindowType 0x771e2008
disconnect failed
01-30 18:22:40.319 19460 19460 E ArmVmp : Match on catch block at 0xc3 in for 0x95
01-30 18:22:40.331 19460 19460 E ArmVmp : Match on catch block at 0xc3 in for 0x99
01-30 18:22:40.347 19460 19460 E ArmVmp : Match on catch block at 0xc3 in for 0x99
01-30 18:22:42.048 19460 19460 E ArmVmp : Match on catch block at 0x8d in for 0xd1
01-30 18:22:42.067 19460 19460 E ArmVmp : Match on catch block at 0x8d in for 0xd9
01-30 18:22:42.115 19460 19460 E ArmVmp : Match on catch block at 0x8d in for 0xd5
01-30 18:22:42.132 19460 19460 E ArmVmp : Match on catch block at 0x8d in for 0xd1
01-30 18:22:42.192 19460 19519 E com.mbwhatsapp: Shared attribute region not
available to be mapped
01-30 18:22:42.330 19460 19460 W BottomSheetBehavior: BottomSheetBehavior now
supports multiple callbacks. `setBottomSheetCallback()` removes all existing
callbacks, including ones set internally by library authors, which may result in
unintended behavior. This may change in the future. Please use
`addBottomSheetCallback()` and `removeBottomSheetCallback()` instead to set your
own callbacks.
01-30 18:22:42.331 19460 19460 W BottomSheetBehavior: BottomSheetBehavior now
supports multiple callbacks. `setBottomSheetCallback()` removes all existing
callbacks, including ones set internally by library authors, which may result in
unintended behavior. This may change in the future. Please use
`addBottomSheetCallback()` and `removeBottomSheetCallback()` instead to set your
own callbacks.
01-30 18:22:42.741 19460 19460 W BottomSheetBehavior: BottomSheetBehavior now
supports multiple callbacks. `setBottomSheetCallback()` removes all existing
callbacks, including ones set internally by library authors, which may result in
unintended behavior. This may change in the future. Please use
`addBottomSheetCallback()` and `removeBottomSheetCallback()` instead to set your
own callbacks.
01-30 18:22:42.741 19460 19460 W BottomSheetBehavior: BottomSheetBehavior now
supports multiple callbacks. `setBottomSheetCallback()` removes all existing
callbacks, including ones set internally by library authors, which may result in
unintended behavior. This may change in the future. Please use
`addBottomSheetCallback()` and `removeBottomSheetCallback()` instead to set your
own callbacks.
01-30 18:22:42.800 19460 19519 W libEGL : EGLNativeWindowType 0x771e2008
disconnect failed
01-30 18:22:42.801 19460 19460 E RecyclerView: No adapter attached; skipping layout
01-30 18:22:42.802 19460 19460 E RecyclerView: No adapter attached; skipping layout
01-30 18:22:42.840 19460 19519 E com.mbwhatsapp: Shared attribute region not
available to be mapped
01-30 18:22:43.525 19460 19519 E com.mbwhatsapp: Shared attribute region not
available to be mapped
01-30 18:22:43.572 19460 19519 W libEGL : EGLNativeWindowType 0x766fec08
disconnect failed
01-30 18:22:43.597 19460 19519 E com.mbwhatsapp: Shared attribute region not
available to be mapped
01-30 18:22:43.669 19460 19519 E com.mbwhatsapp: Shared attribute region not
available to be mapped
01-30 18:22:43.707 19460 19519 E com.mbwhatsapp: Shared attribute region not
available to be mapped
01-30 18:22:43.743 19460 19519 E com.mbwhatsapp: Shared attribute region not
available to be mapped
01-30 18:22:48.271 19460 19749 W AudioCapabilities: Unsupported mime audio/mpeg-L1
01-30 18:22:48.274 19460 19749 W AudioCapabilities: Unsupported mime audio/mpeg-L2
01-30 18:22:48.303 19460 19749 W VideoCapabilities: Unrecognized profile/level
32768/2 for video/mp4v-es
01-30 18:22:48.303 19460 19749 W VideoCapabilities: Unrecognized profile/level
32768/64 for video/mp4v-es
01-30 18:22:48.425 19460 19754 E ACodec : [OMX.sprd.h264.decoder] setPortMode on
output to DynamicANWBuffer failed w/ err -2147483648
01-30 18:22:48.427 19460 19754 E ACodec : video width is 576, hegiht is 1024
01-30 18:22:48.537 19460 19754 W Gralloc4: allocator 3.x is not supported
01-30 18:22:48.538 19460 19754 W Gralloc3: allocator 3.x is not supported
01-30 18:22:48.845 19460 19758 W Codec2Client: query -- param skipped: index =
1107298332.
01-30 18:22:48.845 19460 19758 W CCodec : This behavior is subject to change. It
is recommended that app developers double check whether the requested max input
size is in reasonable range.
01-30 18:22:48.848 19460 19758 W Codec2Client: query -- param skipped: index =
1342179345.
01-30 18:22:48.848 19460 19758 W Codec2Client: query -- param skipped: index =
2415921170.
01-30 18:22:48.848 19460 19758 W Codec2Client: query -- param skipped: index =
1610614798.
01-30 18:22:48.856 19460 19758 E FMQ : grantorIdx must be less than 3
01-30 18:22:48.858 19460 19758 E FMQ : grantorIdx must be less than 3
01-30 18:22:48.874 19460 19758 E ion : ioctl c0044901 failed with code -1:
Inappropriate ioctl for device
01-30 18:22:48.887 19460 19758 E FMQ : grantorIdx must be less than 3
01-30 18:22:48.942 19460 19755 E FMQ : grantorIdx must be less than 3
01-30 18:22:49.122 19460 19519 E com.mbwhatsapp: Shared attribute region not
available to be mapped
01-30 18:22:49.354 19460 19749 W AudioTrack: getTimestamp_l(587): retrograde
timestamp time corrected, 368859498778247 < 368859848549054
01-30 18:22:49.710 19460 19519 E com.mbwhatsapp: Shared attribute region not
available to be mapped
01-30 18:22:49.826 19460 19519 E com.mbwhatsapp: Shared attribute region not
available to be mapped
01-30 18:22:49.870 19460 19519 E com.mbwhatsapp: Shared attribute region not
available to be mapped
01-30 18:22:49.942 19460 19519 E com.mbwhatsapp: Shared attribute region not
available to be mapped
01-30 18:22:49.992 19460 19519 E com.mbwhatsapp: Shared attribute region not
available to be mapped
01-30 18:22:50.083 19460 19519 E com.mbwhatsapp: Shared attribute region not
available to be mapped
01-30 18:22:50.129 19460 19519 E com.mbwhatsapp: Shared attribute region not
available to be mapped
01-30 18:22:50.267 19460 19519 E com.mbwhatsapp: Shared attribute region not
available to be mapped
01-30 18:22:50.403 19460 19519 E com.mbwhatsapp: Shared attribute region not
available to be mapped
01-30 18:22:50.782 19460 19519 E com.mbwhatsapp: Shared attribute region not
available to be mapped
--------- beginning of system
--------- beginning of main
--------- beginning of crash
01-30 19:02:37.104 19460 19472 F libc : Fatal signal 7 (SIGBUS), code 2
(BUS_ADRERR), fault addr 0x801019ac in tid 19472 (HeapTaskDaemon), pid 19460
(com.mbwhatsapp)
01-30 19:02:37.847 22903 22903 F DEBUG : *** *** *** *** *** *** *** *** *** ***
*** *** *** *** *** ***
01-30 19:02:37.847 22903 22903 F DEBUG : Native Crash TIME: 370122588
01-30 19:02:37.848 22903 22903 F DEBUG : *** *** *** *** *** *** *** *** *** ***
*** *** *** *** *** ***
01-30 19:02:37.848 22903 22903 F DEBUG : Build fingerprint:
'Lanix/X860/X860:11/RP1A.201005.001/X860_OPEN_SW_11:user/release-keys'
01-30 19:02:37.848 22903 22903 F DEBUG : Revision: '0'
01-30 19:02:37.848 22903 22903 F DEBUG : ABI: 'arm'
01-30 19:02:37.856 22903 22903 F DEBUG : Timestamp: 2024-01-30 19:02:37-0600
01-30 19:02:37.856 22903 22903 F DEBUG : pid: 19460, tid: 19472, name:
HeapTaskDaemon >>> com.mbwhatsapp <<<
01-30 19:02:37.856 22903 22903 F DEBUG : uid: 10227
01-30 19:02:37.857 22903 22903 F DEBUG : signal 7 (SIGBUS), code 2 (BUS_ADRERR),
fault addr 0x801019ac
01-30 19:02:37.857 22903 22903 F DEBUG : r0 8322c247 r1 93c92be8 r2
93c92be8 r3 00200000
01-30 19:02:37.857 22903 22903 F DEBUG : r4 801019ac r5 801019ac r6
93c92be8 r7 ffffffff
01-30 19:02:37.857 22903 22903 F DEBUG : r8 a4b4e6e8 r9 93c92be8 r10
a1480a15 r11 a7b3b2b4
01-30 19:02:37.857 22903 22903 F DEBUG : ip a95ad800 sp 93c92ba0 lr
a47f64ef pc a47f658a
01-30 19:02:38.077 22903 22903 F DEBUG : backtrace:
01-30 19:02:38.078 22903 22903 F DEBUG : #00 pc 001b158a
/apex/com.android.art/lib/libart.so (void
art::mirror::Object::VisitReferences<true, (art::VerifyObjectFlags)0,
(art::ReadBarrierOption)1,
art::gc::collector::ConcurrentCopying::ComputeLiveBytesAndMarkRefFieldsVisitor<true
>,
art::gc::collector::ConcurrentCopying::ComputeLiveBytesAndMarkRefFieldsVisitor<true
>
>(art::gc::collector::ConcurrentCopying::ComputeLiveBytesAndMarkRefFieldsVisitor<tr
ue> const&,
art::gc::collector::ConcurrentCopying::ComputeLiveBytesAndMarkRefFieldsVisitor<true
> const&)+26) (BuildId: 663926f49bf726bd9dd12481e443829e)
01-30 19:02:38.078 22903 22903 F DEBUG : #01 pc 001b14eb
/apex/com.android.art/lib/libart.so
(art::gc::collector::ConcurrentCopying::AddLiveBytesAndScanRef(art::mirror::Object*
)+134) (BuildId: 663926f49bf726bd9dd12481e443829e)
01-30 19:02:38.078 22903 22903 F DEBUG : #02 pc 001b26fd
/apex/com.android.art/lib/libart.so
(art::gc::collector::ConcurrentCopying::ProcessMarkStackForMarkingAndComputeLiveByt
es()+628) (BuildId: 663926f49bf726bd9dd12481e443829e)
01-30 19:02:38.079 22903 22903 F DEBUG : #03 pc 001acb85
/apex/com.android.art/lib/libart.so
(art::gc::collector::ConcurrentCopying::MarkingPhase()+732) (BuildId:
663926f49bf726bd9dd12481e443829e)
01-30 19:02:38.079 22903 22903 F DEBUG : #04 pc 001ac117
/apex/com.android.art/lib/libart.so
(art::gc::collector::ConcurrentCopying::RunPhases()+178) (BuildId:
663926f49bf726bd9dd12481e443829e)
01-30 19:02:38.079 22903 22903 F DEBUG : #05 pc 001c6965
/apex/com.android.art/lib/libart.so
(art::gc::collector::GarbageCollector::Run(art::gc::GcCause, bool)+224) (BuildId:
663926f49bf726bd9dd12481e443829e)
01-30 19:02:38.079 22903 22903 F DEBUG : #06 pc 001dc05f
/apex/com.android.art/lib/libart.so
(art::gc::Heap::CollectGarbageInternal(art::gc::collector::GcType,
art::gc::GcCause, bool)+2814) (BuildId: 663926f49bf726bd9dd12481e443829e)
01-30 19:02:38.080 22903 22903 F DEBUG : #07 pc 001eb697
/apex/com.android.art/lib/libart.so (art::gc::Heap::ConcurrentGC(art::Thread*,
art::gc::GcCause, bool)+66) (BuildId: 663926f49bf726bd9dd12481e443829e)
01-30 19:02:38.080 22903 22903 F DEBUG : #08 pc 001efb4b
/apex/com.android.art/lib/libart.so
(art::gc::Heap::ConcurrentGCTask::Run(art::Thread*)+18) (BuildId:
663926f49bf726bd9dd12481e443829e)
01-30 19:02:38.080 22903 22903 F DEBUG : #09 pc 0021a3ef
/apex/com.android.art/lib/libart.so
(art::gc::TaskProcessor::RunAllTasks(art::Thread*)+34) (BuildId:
663926f49bf726bd9dd12481e443829e)
01-30 19:02:38.080 22903 22903 F DEBUG : #10 pc 00010623
/apex/com.android.art/javalib/arm/boot-core-libart.oat (art_jni_trampoline+74)
(BuildId: 2a9d740879e8dfff44627f4cfd3453cf5065bdaf)
01-30 19:02:38.080 22903 22903 F DEBUG : #11 pc 00047a75
/apex/com.android.art/javalib/arm/boot-core-libart.oat
(java.lang.Daemons$HeapTaskDaemon.runInternal+172) (BuildId:
2a9d740879e8dfff44627f4cfd3453cf5065bdaf)
01-30 19:02:38.081 22903 22903 F DEBUG : #12 pc 0001d53b
/apex/com.android.art/javalib/arm/boot-core-libart.oat
(java.lang.Daemons$Daemon.run+146) (BuildId:
2a9d740879e8dfff44627f4cfd3453cf5065bdaf)
01-30 19:02:38.081 22903 22903 F DEBUG : #13 pc 0012fb41
/apex/com.android.art/javalib/arm/boot.oat (java.lang.Thread.run+64) (BuildId:
db323a8150dc6b7b27af6c4d9de0c06894f308a2)
01-30 19:02:38.081 22903 22903 F DEBUG : #14 pc 000d3bd5
/apex/com.android.art/lib/libart.so (art_quick_invoke_stub_internal+68) (BuildId:
663926f49bf726bd9dd12481e443829e)
01-30 19:02:38.081 22903 22903 F DEBUG : #15 pc 004f7759
/apex/com.android.art/lib/libart.so!libart.so (offset 0x426000)
(art_quick_invoke_stub+280) (BuildId: 663926f49bf726bd9dd12481e443829e)
01-30 19:02:38.081 22903 22903 F DEBUG : #16 pc 0012bdf7
/apex/com.android.art/lib/libart.so (art::ArtMethod::Invoke(art::Thread*, unsigned
int*, unsigned int, art::JValue*, char const*)+142) (BuildId:
663926f49bf726bd9dd12481e443829e)
01-30 19:02:38.082 22903 22903 F DEBUG : #17 pc 00403c7d
/apex/com.android.art/lib/libart.so (art::JValue
art::InvokeVirtualOrInterfaceWithJValues<art::ArtMethod*>(art::ScopedObjectAccessAl
readyRunnable const&, _jobject*, art::ArtMethod*, jvalue const*)+372) (BuildId:
663926f49bf726bd9dd12481e443829e)
01-30 19:02:38.082 22903 22903 F DEBUG : #18 pc 00403d8b
/apex/com.android.art/lib/libart.so (art::JValue
art::InvokeVirtualOrInterfaceWithJValues<_jmethodID*>(art::ScopedObjectAccessAlread
yRunnable const&, _jobject*, _jmethodID*, jvalue const*)+42) (BuildId:
663926f49bf726bd9dd12481e443829e)
01-30 19:02:38.082 22903 22903 F DEBUG : #19 pc 00445b1b
/apex/com.android.art/lib/libart.so!libart.so (offset 0x426000)
(art::Thread::CreateCallback(void*)+1090) (BuildId:
663926f49bf726bd9dd12481e443829e)
01-30 19:02:38.082 22903 22903 F DEBUG : #20 pc 000aaeff
/apex/com.android.runtime/lib/bionic/libc.so!libc.so (offset 0x5d000)
(__pthread_start(void*)+40) (BuildId: 5d4259ea3d69ac869057f94ac4f63de5)
01-30 19:02:38.082 22903 22903 F DEBUG : #21 pc 00063bfd
/apex/com.android.runtime/lib/bionic/libc.so!libc.so (offset 0x5d000)
(__start_thread+30) (BuildId: 5d4259ea3d69ac869057f94ac4f63de5)
01-30 19:02:44.196 22918 22918 E com.mbwhatsapp: Not starting debugger since
process cannot load the jdwp agent.
01-30 19:02:44.445 22918 22918 W System.err: java.lang.ClassNotFoundException:
mbmodsd.mbmodsw.ui.views.btn.BtnBK
01-30 19:02:44.445 22918 22918 W System.err: at
java.lang.Runtime.nativeLoad(Native Method)
01-30 19:02:44.446 22918 22918 W System.err: at
java.lang.Runtime.nativeLoad(Runtime.java:1131)
01-30 19:02:44.446 22918 22918 W System.err: at
java.lang.Runtime.loadLibrary0(Runtime.java:1085)
01-30 19:02:44.446 22918 22918 W System.err: at
java.lang.Runtime.loadLibrary0(Runtime.java:1008)
01-30 19:02:44.446 22918 22918 W System.err: at
