dev="dm-11" ino=106577 scontext=u:r:untrusted_app:s0:c227,c256,c512,c768
tcontext=u:object_r:app_data_file:s0:c227,c256,c512,c768 tclass=file
app=com.mbwhatsapp
01-29 07:25:48.006 15951 15951 W CheckTime: App running slow: Executing
handleBindApplication : callApplicationOnCreate took 1628ms
01-29 07:25:48.062 15951 15951 W com.mbwhatsapp: Class X.0eU failed lock
verification and will run slower.
01-29 07:25:48.062 15951 15951 W com.mbwhatsapp: Common causes for lock
verification issues are non-optimized dex code
01-29 07:25:48.062 15951 15951 W com.mbwhatsapp: and incorrect proguard
optimizations.
01-29 07:25:48.076 15951 16006 W com.mbwhatsapp: Class X.2rL failed lock
verification and will run slower.
01-29 07:25:48.890 15951 15951 W com.mbwhatsapp: Class com.mbwhatsapp.HomeActivity
failed lock verification and will run slower.
01-29 07:25:49.096 15951 15951 W CheckTime: App running slow: Executing instantiate
activity took 359ms
01-29 07:25:49.364 15951 15951 E ArmVmp : Match on catch block at 0x8d in for 0xd9
01-29 07:25:49.548 15951 15951 E ArmVmp : Match on catch block at 0x4c in for 0xd1
01-29 07:25:49.615 15951 15951 E ArmVmp : Match on catch block at 0x8d in for 0xd5
01-29 07:25:50.375 15951 15951 E ArmVmp : Match on catch block at 0x0a in for 0xb1
01-29 07:25:50.441 15951 15951 E ArmVmp : Match on catch block at 0x0a in for
0x129
01-29 07:25:50.548 15951 16016 W com.mbwhatsapp: Accessing hidden method
Lcom/android/org/conscrypt/ConscryptEngineSocket;->setUseSessionTickets(Z)V
(greylist-max-q,core-platform-api, reflection, denied)
01-29 07:25:50.549 15951 16016 W com.mbwhatsapp: Accessing hidden method
Lcom/android/org/conscrypt/OpenSSLSocketImpl;->setUseSessionTickets(Z)V (greylist-
max-q,core-platform-api, reflection, denied)
01-29 07:25:50.549 15951 16016 W com.mbwhatsapp: Accessing hidden method
Lcom/android/org/conscrypt/AbstractConscryptSocket;->setUseSessionTickets(Z)V
(greylist-max-q, reflection, denied)
01-29 07:25:50.550 15951 16016 W com.mbwhatsapp: Accessing hidden method
Lcom/android/org/conscrypt/ConscryptEngineSocket;->setHostname(Ljava/lang/String;)V
(greylist-max-q,core-platform-api, reflection, denied)
01-29 07:25:50.550 15951 16016 W com.mbwhatsapp: Accessing hidden method
Lcom/android/org/conscrypt/OpenSSLSocketImpl;->setHostname(Ljava/lang/String;)V
(greylist-max-q,core-platform-api, reflection, denied)
01-29 07:25:50.550 15951 16016 W com.mbwhatsapp: Accessing hidden method
Lcom/android/org/conscrypt/AbstractConscryptSocket;->setHostname(Ljava/lang/
String;)V (greylist-max-q, reflection, denied)
01-29 07:25:50.551 15951 16016 W com.mbwhatsapp: Accessing hidden method
Lcom/android/org/conscrypt/OpenSSLSocketImpl;->setAlpnProtocols([B)V (greylist-max-
q,core-platform-api, reflection, denied)
01-29 07:25:50.551 15951 16016 W com.mbwhatsapp: Accessing hidden method
Lcom/android/org/conscrypt/AbstractConscryptSocket;->setAlpnProtocols([B)V
(greylist-max-q, reflection, denied)
01-29 07:25:50.785 15951 16016 W com.mbwhatsapp: Accessing hidden method
Lcom/android/org/conscrypt/OpenSSLSocketImpl;->getAlpnSelectedProtocol()[B
(greylist-max-q,core-platform-api, reflection, denied)
01-29 07:25:50.785 15951 16016 W com.mbwhatsapp: Accessing hidden method
Lcom/android/org/conscrypt/AbstractConscryptSocket;->getAlpnSelectedProtocol()[B
(greylist-max-q, reflection, denied)
01-29 07:26:02.688 15951 15951 W CheckTime: App running slow: Executing activity
onCreate took 13474ms
01-29 07:26:02.922 15951 15951 W CheckTime: App running slow: Executing
com.mbwhatsapp.yo.WidgetProvider scheduleReceive took 12633ms
01-29 07:26:02.923 15951 15951 W ActivityThread: Main thread can not be idle for a
long time.
01-29 07:26:04.431 15951 15951 E ArmVmp : Match on catch block at 0x8d in for 0xe9
01-29 07:26:04.977 15951 15951 E ArmVmp : Match on catch block at 0x8d in for 0xe9
01-29 07:26:05.198 15951 15951 E ArmVmp : Match on catch block at 0x8d in for 0xe5
01-29 07:26:05.400 15951 15951 E ArmVmp : Match on catch block at 0x8d in for 0xe9
01-29 07:26:05.629 15951 15951 E ArmVmp : Match on catch block at 0x8d in for 0xe9
01-29 07:26:05.832 15951 15951 E ArmVmp : Match on catch block at 0x8d in for 0xe9
01-29 07:26:06.036 15951 15951 E ArmVmp : Match on catch block at 0x8d in for 0xe9
01-29 07:26:06.239 15951 15951 E ArmVmp : Match on catch block at 0x8d in for 0xe9
01-29 07:26:06.364 15951 15951 E RecyclerView: No adapter attached; skipping layout
01-29 07:26:06.456 15951 15951 E OpenGLRenderer: ~SkiaDisplayList() ##### pid =
15951
01-29 07:26:06.471 15951 16012 W Gralloc3: mapper 3.x is not supported
01-29 07:26:06.484 15951 16012 E com.mbwhatsapp: Shared attribute region not
available to be mapped
01-29 07:26:06.730 15951 15951 E RecyclerView: No adapter attached; skipping layout
01-29 07:26:06.762 15951 16012 E com.mbwhatsapp: Shared attribute region not
available to be mapped
01-29 07:26:06.839 15951 15951 E ArmVmp : Match on catch block at 0x0a in for 0xc9
01-29 07:26:06.970 15951 16012 W libEGL : EGLNativeWindowType 0xa8594408
disconnect failed
01-29 07:26:07.685 15951 15951 E ArmVmp : Match on catch block at 0x8d in for
0x111
01-29 07:26:07.732 15951 15951 E ArmVmp : Match on catch block at 0x8d in for
0x119
01-29 07:26:07.760 15951 15951 E ArmVmp : Match on catch block at 0x8d in for
0x115
01-29 07:26:07.784 15951 15951 E ArmVmp : Match on catch block at 0x8d in for
0x111
01-29 07:26:07.885 15951 16079 W LOTTIE : Animation contains merge paths. Merge
paths are only supported on KitKat+ and must be manually enabled by calling
enableMergePathsForKitKatAndAbove().
01-29 07:26:08.235 15951 16012 E com.mbwhatsapp: Shared attribute region not
available to be mapped
01-29 07:26:08.425 15951 16012 E com.mbwhatsapp: Shared attribute region not
available to be mapped
01-29 07:26:08.523 15951 15951 W LOTTIE : Animation contains merge paths but they
are disabled.
01-29 07:26:08.546 15951 16082 W com.mbwhatsapp: Verification of void X.3e2.run()
took 215.826ms (18033.01 bytecodes/s) (64216B approximate peak alloc)
01-29 07:26:08.679 15951 15951 E ArmVmp : Match on catch block at 0x8d in for 0xd9
01-29 07:26:08.742 15951 15951 E ArmVmp : Match on catch block at 0x8d in for 0xd9
01-29 07:26:08.890 15951 16012 E com.mbwhatsapp: Shared attribute region not
available to be mapped
01-29 07:26:09.020 15951 15975 W LibraryVersion: Failed to get app version for
libraryName: firebase-iid
01-29 07:26:09.512 15951 15951 E ArmVmp : Match on catch block at 0x5b in for 0x75
01-29 07:26:09.646 15951 15951 E ArmVmp : Match on catch block at 0x5b in for 0x79
01-29 07:26:09.692 15951 15951 E ArmVmp : Match on catch block at 0x5b in for 0x75
01-29 07:26:23.838 15951 15951 W com.mbwhatsapp: Verification of void
X.5pH.A1Z(android.os.Bundle) took 228.028ms (44437.50 bytecodes/s) (163536B
approximate peak alloc)
01-29 07:26:24.261 15951 16120 E RenderScript: Failed loading RS driver: dlopen
failed: library "libRSDriverArm.so" not found
01-29 07:26:24.261 15951 16120 E RenderScript: Failed to load runtime
libRSDriverArm.so, loading default
01-29 07:26:24.839 15951 15951 E ArmVmp : Match on catch block at 0x4c in for 0xd5
01-29 07:26:24.866 15951 15951 E ArmVmp : Match on catch block at 0x8d in for 0xd1
01-29 07:26:24.885 15951 15951 E ArmVmp : Match on catch block at 0x8d in for 0xd1
01-29 07:26:24.936 15951 15951 W CheckTime: App running slow: Executing activity
onCreate took 1504ms
01-29 07:26:25.013 15951 15951 E ArmVmp : Match on catch block at 0x0a in for 0xb9
01-29 07:26:25.028 15951 15951 E ArmVmp : Match on catch block at 0x0a in for 0xb9
01-29 07:26:26.574 15951 15951 E ArmVmp : Match on catch block at 0xc3 in for 0xa5
01-29 07:26:26.590 15951 15951 E ArmVmp : Match on catch block at 0xc3 in for 0xa1
01-29 07:26:26.657 15951 16012 E com.mbwhatsapp: Shared attribute region not
available to be mapped
01-29 07:26:26.860 15951 15951 E ArmVmp : Match on catch block at 0xc3 in for 0x91
01-29 07:26:26.872 15951 15951 E ArmVmp : Match on catch block at 0xc3 in for 0x99
01-29 07:26:26.914 15951 16012 E com.mbwhatsapp: Shared attribute region not
available to be mapped
01-29 07:26:27.059 15951 15951 E ArmVmp : Match on catch block at 0xc3 in for 0x95
01-29 07:26:27.070 15951 15951 E ArmVmp : Match on catch block at 0xc3 in for 0x99
01-29 07:26:27.088 15951 16012 E com.mbwhatsapp: Shared attribute region not
available to be mapped
01-29 07:26:27.146 15951 15951 E ArmVmp : Match on catch block at 0xc3 in for 0x95
01-29 07:26:27.161 15951 15951 E ArmVmp : Match on catch block at 0xc3 in for 0x99
01-29 07:26:27.183 15951 15951 E ArmVmp : Match on catch block at 0xc3 in for 0x99
01-29 07:26:27.197 15951 15951 E ArmVmp : Match on catch block at 0xc3 in for 0x91
01-29 07:26:27.225 15951 15951 E ArmVmp : Match on catch block at 0xc3 in for 0x91
01-29 07:26:27.252 15951 15951 E ArmVmp : Match on catch block at 0xc3 in for 0x95
01-29 07:26:27.300 15951 16012 W libEGL : EGLNativeWindowType 0xa8594408
disconnect failed
01-29 07:26:27.352 15951 15951 E ArmVmp : Match on catch block at 0xc3 in for 0x95
01-29 07:26:27.366 15951 15951 E ArmVmp : Match on catch block at 0xc3 in for 0x99
01-29 07:26:27.485 15951 15951 E ArmVmp : Match on catch block at 0xc3 in for 0x99
01-29 07:26:27.497 15951 15951 E ArmVmp : Match on catch block at 0xc3 in for 0x91
01-29 07:26:27.990 15951 15951 E ArmVmp : Match on catch block at 0xc3 in for 0x91
01-29 07:26:28.041 15951 15951 E ArmVmp : Match on catch block at 0xc3 in for 0x95
01-29 07:26:28.489 15951 15951 E ArmVmp : Match on catch block at 0xc3 in for 0x91
01-29 07:26:28.499 15951 15951 E ArmVmp : Match on catch block at 0xc3 in for 0x95
01-29 07:26:28.723 15951 15951 E ArmVmp : Match on catch block at 0xc3 in for 0x95
01-29 07:26:28.733 15951 15951 E ArmVmp : Match on catch block at 0xc3 in for 0x99
01-29 07:26:28.744 15951 15951 E ArmVmp : Match on catch block at 0xc3 in for 0x99
01-29 07:26:28.756 15951 15951 E ArmVmp : Match on catch block at 0xc3 in for 0x91
01-29 07:26:28.775 15951 15951 E ArmVmp : Match on catch block at 0xc3 in for 0x91
01-29 07:26:28.791 15951 15951 E ArmVmp : Match on catch block at 0xc3 in for 0x95
01-29 07:26:28.807 15951 15951 E ArmVmp : Match on catch block at 0xc3 in for 0x95
01-29 07:26:28.820 15951 15951 E ArmVmp : Match on catch block at 0xc3 in for 0x99
01-29 07:26:28.841 15951 15951 E ArmVmp : Match on catch block at 0xc3 in for 0x99
01-29 07:26:28.853 15951 15951 E ArmVmp : Match on catch block at 0xc3 in for 0x91
01-29 07:26:28.868 15951 15951 E ArmVmp : Match on catch block at 0xc3 in for 0x91
01-29 07:26:28.885 15951 15951 E ArmVmp : Match on catch block at 0xc3 in for 0x95
01-29 07:26:28.900 15951 15951 E ArmVmp : Match on catch block at 0xc3 in for 0x95
01-29 07:26:28.917 15951 15951 E ArmVmp : Match on catch block at 0xc3 in for 0x99
01-29 07:26:28.931 15951 15951 E ArmVmp : Match on catch block at 0xc3 in for 0x99
01-29 07:26:28.949 15951 15951 E ArmVmp : Match on catch block at 0xc3 in for 0x91
01-29 07:26:28.962 15951 15951 E ArmVmp : Match on catch block at 0xc3 in for 0x91
01-29 07:26:28.976 15951 15951 E ArmVmp : Match on catch block at 0xc3 in for 0x95
01-29 07:26:28.993 15951 15951 E ArmVmp : Match on catch block at 0xc3 in for 0x95
01-29 07:26:29.009 15951 15951 E ArmVmp : Match on catch block at 0xc3 in for 0x99
01-29 07:26:29.026 15951 15951 E ArmVmp : Match on catch block at 0xc3 in for 0x99
01-29 07:26:29.035 15951 15951 E ArmVmp : Match on catch block at 0xc3 in for 0x91
01-29 07:26:29.528 15951 15951 E ArmVmp : Match on catch block at 0xc3 in for 0x91
01-29 07:26:29.536 15951 15951 E ArmVmp : Match on catch block at 0xc3 in for 0x95
01-29 07:26:30.030 15951 15951 E ArmVmp : Match on catch block at 0xc3 in for 0x95
01-29 07:26:30.040 15951 15951 E ArmVmp : Match on catch block at 0xc3 in for 0x99
01-29 07:26:30.535 15951 15951 E ArmVmp : Match on catch block at 0xc3 in for 0x99
01-29 07:26:30.543 15951 15951 E ArmVmp : Match on catch block at 0xc3 in for 0x91
01-29 07:26:30.656 15951 15951 E ArmVmp : Match on catch block at 0xc3 in for 0x95
01-29 07:26:30.669 15951 15951 E ArmVmp : Match on catch block at 0xc3 in for 0x99
01-29 07:26:30.690 15951 15951 E ArmVmp : Match on catch block at 0xc3 in for 0x99
01-29 07:26:30.708 15951 15951 E ArmVmp : Match on catch block at 0xc3 in for 0x91
01-29 07:26:31.036 15951 15951 E ArmVmp : Match on catch block at 0xc3 in for 0x91
01-29 07:26:31.047 15951 15951 E ArmVmp : Match on catch block at 0xc3 in for 0x95
01-29 07:26:31.522 15951 15951 E ArmVmp : Match on catch block at 0xc3 in for 0x95
01-29 07:26:31.537 15951 15951 E ArmVmp : Match on catch block at 0xc3 in for 0x99
01-29 07:26:31.830 15951 15951 E ArmVmp : Match on catch block at 0xc3 in for 0x95
01-29 07:26:31.852 15951 15951 E ArmVmp : Match on catch block at 0xc3 in for 0x99
01-29 07:26:31.951 15951 15951 E ArmVmp : Match on catch block at 0xc3 in for 0x99
01-29 07:26:31.963 15951 16012 W libEGL : EGLNativeWindowType 0x7695e808
disconnect failed
01-29 07:26:31.980 15951 15951 E ArmVmp : Match on catch block at 0xc3 in for 0x91
01-29 07:26:32.007 15951 16012 E com.mbwhatsapp: Shared attribute region not
available to be mapped
01-29 07:26:32.042 15951 15951 E ArmVmp : Match on catch block at 0xc3 in for 0x91
01-29 07:26:32.066 15951 15951 E ArmVmp : Match on catch block at 0xc3 in for 0x95
01-29 07:26:32.078 15951 16012 E com.mbwhatsapp: Shared attribute region not
available to be mapped
01-29 07:26:32.544 15951 15951 E ArmVmp : Match on catch block at 0xc3 in for 0x95
01-29 07:26:32.559 15951 15951 E ArmVmp : Match on catch block at 0xc3 in for 0x99
01-29 07:26:33.047 15951 15951 E ArmVmp : Match on catch block at 0xc3 in for 0x99
01-29 07:26:33.057 15951 15951 E ArmVmp : Match on catch block at 0xc3 in for 0x91
01-29 07:26:33.380 15951 15951 E ArmVmp : Match on catch block at 0xc3 in for 0x95
01-29 07:26:33.395 15951 15951 E ArmVmp : Match on catch block at 0xc3 in for 0x99
01-29 07:26:33.453 15951 15951 E ArmVmp : Match on catch block at 0xc3 in for 0x95
01-29 07:26:33.473 15951 15951 E ArmVmp : Match on catch block at 0xc3 in for 0x99
01-29 07:26:33.506 15951 15951 E ArmVmp : Match on catch block at 0xc3 in for 0x99
01-29 07:26:33.540 15951 15951 E ArmVmp : Match on catch block at 0xc3 in for 0x91
01-29 07:26:33.578 15951 15951 E ArmVmp : Match on catch block at 0xc3 in for 0x95
01-29 07:26:33.594 15951 15951 E ArmVmp : Match on catch block at 0xc3 in for 0x99
01-29 07:26:33.614 15951 15951 E ArmVmp : Match on catch block at 0xc3 in for 0x99
01-29 07:26:33.616 15951 16012 E com.mbwhatsapp: Shared attribute region not
available to be mapped
01-29 07:26:33.632 15951 15951 E ArmVmp : Match on catch block at 0xc3 in for 0x91
01-29 07:26:33.650 15951 15951 E ArmVmp : Match on catch block at 0xc3 in for 0x91
01-29 07:26:33.671 15951 15951 E ArmVmp : Match on catch block at 0xc3 in for 0x95
01-29 07:26:33.984 15951 15951 E ArmVmp : Match on catch block at 0xc3 in for 0x99
01-29 07:26:33.995 15951 15951 E ArmVmp : Match on catch block at 0xc3 in for 0x91
01-29 07:26:34.169 15951 15951 E ArmVmp : Match on catch block at 0xc3 in for 0x95
01-29 07:26:34.184 15951 15951 E ArmVmp : Match on catch block at 0xc3 in for 0x99
01-29 07:26:34.438 15951 15951 E ArmVmp : Match on catch block at 0xc3 in for 0x91
01-29 07:26:34.488 15951 15951 E ArmVmp : Match on catch block at 0xc3 in for 0x95
01-29 07:26:34.656 15951 15951 E ArmVmp : Match on catch block at 0xc3 in for 0x99
01-29 07:26:34.669 15951 15951 E ArmVmp : Match on catch block at 0xc3 in for 0x91
01-29 07:26:35.162 15951 15951 E ArmVmp : Match on catch block at 0xc3 in for 0x91
01-29 07:26:35.183 15951 15951 E ArmVmp : Match on catch block at 0xc3 in for 0x95
01-29 07:26:35.597 15951 15951 E ArmVmp : Match on catch block at 0xc3 in for 0x99
01-29 07:26:35.621 15951 15951 E ArmVmp : Match on catch block at 0xc3 in for 0x91
01-29 07:26:35.695 15951 15951 E ArmVmp : Match on catch block at 0xc3 in for 0x99
01-29 07:26:35.726 15951 15951 E ArmVmp : Match on catch block at 0xc3 in for 0x91
01-29 07:26:35.743 15951 15951 W IInputConnectionWrapper: getTextBeforeCursor on
inactive InputConnection
01-29 07:26:35.749 15951 15951 E ArmVmp : Match on catch block at 0xc3 in for 0x91
01-29 07:26:35.782 15951 15951 E ArmVmp : Match on catch block at 0xc3 in for 0x95
01-29 07:26:35.792 15951 15951 W IInputConnectionWrapper: getTextAfterCursor on
inactive InputConnection
01-29 07:26:35.851 15951 15951 E ArmVmp : Match on catch block at 0xc3 in for 0x91
01-29 07:26:35.865 15951 15951 E ArmVmp : Match on catch block at 0xc3 in for 0x95
01-29 07:26:35.875 15951 15951 W IInputConnectionWrapper: getSelectedText on
inactive InputConnection
01-29 07:26:35.881 15951 15951 E ArmVmp : Match on catch block at 0xc3 in for 0x95
01-29 07:26:35.892 15951 15951 E ArmVmp : Match on catch block at 0xc3 in for 0x99
01-29 07:26:35.911 15951 15951 E ArmVmp : Match on catch block at 0xc3 in for 0x99
01-29 07:26:35.927 15951 15951 E ArmVmp : Match on catch block at 0xc3 in for 0x91
01-29 07:26:35.945 15951 15951 E ArmVmp : Match on catch block at 0xc3 in for 0x91
01-29 07:26:35.962 15951 15951 E ArmVmp : Match on catch block at 0xc3 in for 0x95
01-29 07:26:36.262 15951 15951 E ArmVmp : Match on catch block at 0xc3 in for 0x99
01-29 07:26:36.279 15951 15951 E ArmVmp : Match on catch block at 0xc3 in for 0x91
01-29 07:26:36.314 15951 15951 E ArmVmp : Match on catch block at 0xc3 in for 0x95
01-29 07:26:36.335 15951 15951 E ArmVmp : Match on catch block at 0xc3 in for 0x99
01-29 07:26:36.816 15951 15951 E ArmVmp : Match on catch block at 0xc3 in for 0x91
01-29 07:26:36.825 15951 15951 E ArmVmp : Match on catch block at 0xc3 in for 0x95
01-29 07:26:37.322 15951 15951 E ArmVmp : Match on catch block at 0xc3 in for 0x95
01-29 07:26:37.339 15951 15951 E ArmVmp : Match on catch block at 0xc3 in for 0x99
01-29 07:26:37.721 15951 15951 E ArmVmp : Match on catch block at 0xc3 in for 0x99
01-29 07:26:37.734 15951 15951 E ArmVmp : Match on catch block at 0xc3 in for 0x91
01-29 07:26:37.756 15951 15951 E ArmVmp : Match on catch block at 0xc3 in for 0x91
01-29 07:26:37.772 15951 15951 E ArmVmp : Match on catch block at 0xc3 in for 0x95
01-29 07:26:37.791 15951 15951 E ArmVmp : Match on catch block at 0xc3 in for 0x95
01-29 07:26:37.810 15951 15951 E ArmVmp : Match on catch block at 0xc3 in for 0x99
01-29 07:26:37.825 15951 15951 E ArmVmp : Match on catch block at 0xc3 in for 0x99
01-29 07:26:37.843 15951 15951 E ArmVmp : Match on catch block at 0xc3 in for 0x91
01-29 07:26:37.857 15951 15951 E ArmVmp : Match on catch block at 0xc3 in for 0x91
01-29 07:26:37.876 15951 15951 E ArmVmp : Match on catch block at 0xc3 in for 0x95
01-29 07:26:37.889 15951 15951 E ArmVmp : Match on catch block at 0xc3 in for 0x95
01-29 07:26:37.908 15951 15951 E ArmVmp : Match on catch block at 0xc3 in for 0x99
01-29 07:26:37.923 15951 15951 E ArmVmp : Match on catch block at 0xc3 in for 0x99
01-29 07:26:37.936 15951 15951 E ArmVmp : Match on catch block at 0xc3 in for 0x91
01-29 07:26:37.956 15951 15951 E ArmVmp : Match on catch block at 0xc3 in for 0x91
01-29 07:26:37.970 15951 15951 E ArmVmp : Match on catch block at 0xc3 in for 0x95
01-29 07:26:37.990 15951 15951 E ArmVmp : Match on catch block at 0xc3 in for 0x95
01-29 07:26:38.003 15951 15951 E ArmVmp : Match on catch block at 0xc3 in for 0x99
01-29 07:26:38.378 15951 15951 E ArmVmp : Match on catch block at 0xc3 in for 0x99
01-29 07:26:38.412 15951 15951 E ArmVmp : Match on catch block at 0xc3 in for 0x91
01-29 07:26:38.521 15951 15951 E ArmVmp : Match on catch block at 0xc3 in for 0x91
01-29 07:26:38.531 15951 15951 E ArmVmp : Match on catch block at 0xc3 in for 0x95
01-29 07:26:38.550 15951 15951 E ArmVmp : Match on catch block at 0xc3 in for 0x95
01-29 07:26:38.567 15951 15951 E ArmVmp : Match on catch block at 0xc3 in for 0x99
01-29 07:26:38.567 15951 16030 W MediaPlayer: Use of stream types is deprecated for
operations other than volume control
01-29 07:26:38.567 15951 16030 W MediaPlayer: See the documentation of
setAudioStreamType() for what to use instead with android.media.AudioAttributes to
qualify your playback use case
01-29 07:26:38.877 15951 15951 E ArmVmp : Match on catch block at 0xc3 in for 0x91
01-29 07:26:38.887 15951 15951 E ArmVmp : Match on catch block at 0xc3 in for 0x95
01-29 07:26:39.366 15951 15951 E ArmVmp : Match on catch block at 0xc3 in for 0x99
01-29 07:26:39.381 15951 15951 E ArmVmp : Match on catch block at 0xc3 in for 0x91
01-29 07:26:39.764 15951 15951 E ArmVmp : Match on catch block at 0xc3 in for 0x91
01-29 07:26:39.789 15951 15951 E ArmVmp : Match on catch block at 0xc3 in for 0x95
01-29 07:26:39.834 15951 15951 E ArmVmp : Match on catch block at 0xc3 in for 0x95
01-29 07:26:39.851 15951 15951 E ArmVmp : Match on catch block at 0xc3 in for 0x99
01-29 07:26:39.929 15951 15951 E ArmVmp : Match on catch block at 0x4c in for 0xd1
01-29 07:26:39.945 15951 15951 E ArmVmp : Match on catch block at 0xc3 in for 0x99
01-29 07:26:39.961 15951 15951 E ArmVmp : Match on catch block at 0xc3 in for 0x91
01-29 07:26:39.995 15951 15951 E ArmVmp : Match on catch block at 0xc3 in for 0x99
01-29 07:26:40.013 15951 15951 E ArmVmp : Match on catch block at 0xc3 in for 0x91
01-29 07:26:40.032 15951 15951 E ArmVmp : Match on catch block at 0xc3 in for 0x95
01-29 07:26:40.058 15951 15951 E ArmVmp : Match on catch block at 0xc3 in for 0x99
01-29 07:26:40.248 15951 15951 E ArmVmp : Match on catch block at 0xc3 in for 0x99
01-29 07:26:40.262 15951 15951 E ArmVmp : Match on catch block at 0xc3 in for 0x91
01-29 07:26:40.302 15951 15951 E ArmVmp : Match on catch block at 0xc3 in for 0x95
01-29 07:26:40.334 15951 15951 E ArmVmp : Match on catch block at 0xc3 in for 0x99
01-29 07:26:40.406 15951 15951 E ArmVmp : Match on catch block at 0xc3 in for 0x91
01-29 07:26:40.423 15951 15951 E ArmVmp : Match on catch block at 0xc3 in for 0x95
01-29 07:26:40.440 15951 15951 E ArmVmp : Match on catch block at 0xc3 in for 0x95
01-29 07:26:40.452 15951 15951 E ArmVmp : Match on catch block at 0xc3 in for 0x99
01-29 07:26:40.468 15951 15951 E ArmVmp : Match on catch block at 0xc3 in for 0x99
01-29 07:26:40.488 15951 15951 E ArmVmp : Match on catch block at 0xc3 in for 0x91
01-29 07:26:40.502 15951 15951 E ArmVmp : Match on catch block at 0xc3 in for 0x91
01-29 07:26:40.518 15951 15951 E ArmVmp : Match on catch block at 0xc3 in for 0x95
01-29 07:26:40.753 15951 15951 E ArmVmp : Match on catch block at 0xc3 in for 0x95
01-29 07:26:40.762 15951 15951 E ArmVmp : Match on catch block at 0xc3 in for 0x99
01-29 07:26:40.771 15951 15951 E ArmVmp : Match on catch block at 0xc3 in for 0x99
01-29 07:26:40.781 15951 15951 E ArmVmp : Match on catch block at 0xc3 in for 0x91
01-29 07:26:40.792 15951 15951 E ArmVmp : Match on catch block at 0xc3 in for 0x91
01-29 07:26:40.802 15951 15951 E ArmVmp : Match on catch block at 0xc3 in for 0x95
01-29 07:26:40.821 15951 15951 E ArmVmp : Match on catch block at 0xc3 in for 0x95
01-29 07:26:40.833 15951 15951 E ArmVmp : Match on catch block at 0xc3 in for 0x99
01-29 07:26:40.856 15951 15951 E ArmVmp : Match on catch block at 0xc3 in for 0x99
01-29 07:26:40.877 15951 15951 E ArmVmp : Match on catch block at 0xc3 in for 0x91
01-29 07:26:40.891 15951 15951 E ArmVmp : Match on catch block at 0xc3 in for 0x91
01-29 07:26:40.911 15951 15951 E ArmVmp : Match on catch block at 0xc3 in for 0x95
01-29 07:26:40.924 15951 15951 E ArmVmp : Match on catch block at 0xc3 in for 0x95
01-29 07:26:40.938 15951 15951 E ArmVmp : Match on catch block at 0xc3 in for 0x99
01-29 07:26:40.956 15951 15951 E ArmVmp : Match on catch block at 0xc3 in for 0x99
01-29 07:26:40.970 15951 15951 E ArmVmp : Match on catch block at 0xc3 in for 0x91
01-29 07:26:40.987 15951 15951 E ArmVmp : Match on catch block at 0xc3 in for 0x91
01-29 07:26:41.002 15951 15951 E ArmVmp : Match on catch block at 0xc3 in for 0x95
01-29 07:26:41.022 15951 15951 E ArmVmp : Match on catch block at 0xc3 in for 0x95
01-29 07:26:41.031 15951 15951 E ArmVmp : Match on catch block at 0xc3 in for 0x99
01-29 07:26:41.380 15951 15951 E ArmVmp : Match on catch block at 0xc3 in for 0x95
01-29 07:26:41.399 15951 15951 E ArmVmp : Match on catch block at 0xc3 in for 0x99
01-29 07:26:41.425 15951 15951 E ArmVmp : Match on catch block at 0xc3 in for 0x99
01-29 07:26:41.483 15951 15951 E ArmVmp : Match on catch block at 0xc3 in for 0x91
01-29 07:26:41.546 15951 15951 E ArmVmp : Match on catch block at 0xc3 in for 0x91
01-29 07:26:41.561 15951 15951 E ArmVmp : Match on catch block at 0xc3 in for 0x95
01-29 07:26:41.586 15951 15951 E ArmVmp : Match on catch block at 0xc3 in for 0x99
01-29 07:26:41.606 15951 15951 E ArmVmp : Match on catch block at 0xc3 in for 0x91
01-29 07:26:41.621 15951 15951 E ArmVmp : Match on catch block at 0xc3 in for 0x95
01-29 07:26:41.639 15951 15951 E ArmVmp : Match on catch block at 0xc3 in for 0x99
01-29 07:26:41.686 15951 15951 E ArmVmp : Match on catch block at 0xc3 in for 0x99
01-29 07:26:41.699 15951 15951 E ArmVmp : Match on catch block at 0xc3 in for 0x91
01-29 07:26:41.719 15951 15951 E ArmVmp : Match on catch block at 0xc3 in for 0x95
01-29 07:26:41.744 15951 15951 E ArmVmp : Match on catch block at 0xc3 in for 0x99
01-29 07:26:41.820 15951 15951 E ArmVmp : Match on catch block at 0xc3 in for 0x91
01-29 07:26:41.838 15951 15951 E ArmVmp : Match on catch block at 0xc3 in for 0x95
01-29 07:26:41.900 15951 15951 E ArmVmp : Match on catch block at 0xc3 in for 0x99
01-29 07:26:41.926 15951 15951 E ArmVmp : Match on catch block at 0xc3 in for 0x91
01-29 07:26:42.078 15951 15951 E ArmVmp : Match on catch block at 0xc3 in for 0x91
01-29 07:26:42.088 15951 15951 E ArmVmp : Match on catch block at 0xc3 in for 0x95
01-29 07:26:42.490 15951 16012 E com.mbwhatsapp: Shared attribute region not
available to be mapped
01-29 07:26:42.583 15951 16012 E com.mbwhatsapp: Shared attribute region not
available to be mapped
01-29 07:26:42.658 15951 16012 E com.mbwhatsapp: Shared attribute region not
available to be mapped
01-29 07:26:42.661 15951 15951 E ArmVmp : Match on catch block at 0xc3 in for 0x91
01-29 07:26:42.681 15951 15951 E ArmVmp : Match on catch block at 0xc3 in for 0x95
01-29 07:26:42.768 15951 15951 E ArmVmp : Match on catch block at 0xc3 in for 0x99
01-29 07:26:42.806 15951 15951 E ArmVmp : Match on catch block at 0xc3 in for 0x91
01-29 07:26:42.902 15951 15951 E ArmVmp : Match on catch block at 0xc3 in for 0x91
01-29 07:26:42.929 15951 15951 E ArmVmp : Match on catch block at 0xc3 in for 0x95
01-29 07:26:43.002 15951 15951 E ArmVmp : Match on catch block at 0xc3 in for 0x95
01-29 07:26:43.022 15951 15951 E ArmVmp : Match on catch block at 0xc3 in for 0x99
01-29 07:26:43.117 15951 16012 W libEGL : EGLNativeWindowType 0x7695e808
disconnect failed
01-29 07:26:49.689 15951 15951 E ArmVmp : Match on catch block at 0x4c in for 0xd5
01-29 07:26:49.718 15951 15951 E ArmVmp : Match on catch block at 0x8d in for 0xd1
01-29 07:26:49.741 15951 15951 E ArmVmp : Match on catch block at 0x8d in for 0xd1
01-29 07:26:49.844 15951 15951 E ArmVmp : Match on catch block at 0x0a in for 0xb5
01-29 07:26:49.857 15951 15951 E ArmVmp : Match on catch block at 0x0a in for 0xb1
01-29 07:26:50.403 15951 15951 E ArmVmp : Match on catch block at 0xc3 in for 0xa5
01-29 07:26:50.409 15951 15951 E ArmVmp : Match on catch block at 0xc3 in for 0xa5
01-29 07:26:50.417 15951 15951 E ArmVmp : Match on catch block at 0xc3 in for 0xa5
01-29 07:26:50.452 15951 16012 E com.mbwhatsapp: Shared attribute region not
available to be mapped
01-29 07:26:50.561 15951 15951 E ArmVmp : Match on catch block at 0xc3 in for 0x99
01-29 07:26:50.588 15951 15951 E ArmVmp : Match on catch block at 0xc3 in for 0x91
01-29 07:26:50.600 15951 15951 E ArmVmp : Match on catch block at 0xc3 in for 0x91
01-29 07:26:50.618 15951 16012 E com.mbwhatsapp: Shared attribute region not
available to be mapped
01-29 07:26:50.678 15951 15951 E ArmVmp : Match on catch block at 0xc3 in for 0x91
01-29 07:26:50.687 15951 15951 E ArmVmp : Match on catch block at 0xc3 in for 0x95
01-29 07:26:50.701 15951 15951 E ArmVmp : Match on catch block at 0xc3 in for 0x95
01-29 07:26:50.715 15951 16012 E com.mbwhatsapp: Shared attribute region not
available to be mapped
01-29 07:26:50.787 15951 15951 E ArmVmp : Match on catch block at 0xc3 in for 0x99
01-29 07:26:50.797 15951 15951 E ArmVmp : Match on catch block at 0xc3 in for 0x91
01-29 07:26:50.813 15951 15951 E ArmVmp : Match on catch block at 0xc3 in for 0x91
01-29 07:26:50.868 15951 15951 E ArmVmp : Match on catch block at 0xc3 in for 0x91
01-29 07:26:50.877 15951 15951 E ArmVmp : Match on catch block at 0xc3 in for 0x95
01-29 07:26:50.889 15951 15951 E ArmVmp : Match on catch block at 0xc3 in for 0x95
01-29 07:26:50.924 15951 15951 E ArmVmp : Match on catch block at 0xc3 in for 0x95
01-29 07:26:50.933 15951 15951 E ArmVmp : Match on catch block at 0xc3 in for 0x99
01-29 07:26:50.945 15951 15951 E ArmVmp : Match on catch block at 0xc3 in for 0x99
01-29 07:26:51.031 15951 15951 E ArmVmp : Match on catch block at 0xc3 in for 0x99
01-29 07:26:51.049 15951 15951 E ArmVmp : Match on catch block at 0xc3 in for 0x91
01-29 07:26:51.058 15951 15951 E ArmVmp : Match on catch block at 0xc3 in for 0x91
01-29 07:26:51.149 15951 15951 E ArmVmp : Match on catch block at 0xc3 in for 0x99
01-29 07:26:51.158 15951 15951 E ArmVmp : Match on catch block at 0xc3 in for 0x91
01-29 07:26:51.164 15951 15951 E ArmVmp : Match on catch block at 0xc3 in for 0x91
01-29 07:26:51.187 15951 16012 W libEGL : EGLNativeWindowType 0x70121408
disconnect failed
01-29 07:26:51.233 15951 15951 E ArmVmp : Match on catch block at 0xc3 in for 0x91
01-29 07:26:51.251 15951 15951 E ArmVmp : Match on catch block at 0xc3 in for 0x95
01-29 07:26:51.266 15951 15951 E ArmVmp : Match on catch block at 0xc3 in for 0x95
01-29 07:26:51.294 15951 15951 E ArmVmp : Match on catch block at 0xc3 in for 0x95
01-29 07:26:51.301 15951 15951 E ArmVmp : Match on catch block at 0xc3 in for 0x99
01-29 07:26:51.308 15951 15951 E ArmVmp : Match on catch block at 0xc3 in for 0x99
01-29 07:26:51.798 15951 15951 E ArmVmp : Match on catch block at 0xc3 in for 0x99
01-29 07:26:51.827 15951 15951 E ArmVmp : Match on catch block at 0xc3 in for 0x91
01-29 07:26:51.840 15951 15951 E ArmVmp : Match on catch block at 0xc3 in for 0x91
01-29 07:26:52.180 15951 15951 E ArmVmp : Match on catch block at 0xc3 in for 0x91
01-29 07:26:52.189 15951 15951 E ArmVmp : Match on catch block at 0xc3 in for 0x95
01-29 07:26:52.198 15951 15951 E ArmVmp : Match on catch block at 0xc3 in for 0x95
01-29 07:26:52.249 15951 15951 E ArmVmp : Match on catch block at 0xc3 in for 0x99
01-29 07:26:52.267 15951 15951 E ArmVmp : Match on catch block at 0xc3 in for 0x91
01-29 07:26:52.295 15951 15951 E ArmVmp : Match on catch block at 0xc3 in for 0x91
01-29 07:26:52.315 15951 15951 E ArmVmp : Match on catch block at 0xc3 in for 0x95
01-29 07:26:52.325 15951 15951 E ArmVmp : Match on catch block at 0xc3 in for 0x99
01-29 07:26:52.331 15951 15951 E ArmVmp : Match on catch block at 0xc3 in for 0x99
01-29 07:26:52.347 15951 15951 E ArmVmp : Match on catch block at 0xc3 in for 0x91
01-29 07:26:52.360 15951 15951 E ArmVmp : Match on catch block at 0xc3 in for 0x95
01-29 07:26:52.368 15951 15951 E ArmVmp : Match on catch block at 0xc3 in for 0x95
01-29 07:26:52.378 15951 15951 E ArmVmp : Match on catch block at 0xc3 in for 0x99
01-29 07:26:52.392 15951 15951 E ArmVmp : Match on catch block at 0xc3 in for 0x91
01-29 07:26:52.407 15951 15951 E ArmVmp : Match on catch block at 0xc3 in for 0x91
01-29 07:26:52.421 15951 15951 E ArmVmp : Match on catch block at 0xc3 in for 0x95
01-29 07:26:52.433 15951 15951 E ArmVmp : Match on catch block at 0xc3 in for 0x99
01-29 07:26:52.440 15951 15951 E ArmVmp : Match on catch block at 0xc3 in for 0x99
01-29 07:26:52.456 15951 15951 E ArmVmp : Match on catch block at 0xc3 in for 0x91
01-29 07:26:52.464 15951 15951 E ArmVmp : Match on catch block at 0xc3 in for 0x95
01-29 07:26:52.474 15951 15951 E ArmVmp : Match on catch block at 0xc3 in for 0x95
01-29 07:26:52.485 15951 15951 E ArmVmp : Match on catch block at 0xc3 in for 0x99
01-29 07:26:52.500 15951 15951 E ArmVmp : Match on catch block at 0xc3 in for 0x91
01-29 07:26:52.511 15951 15951 E ArmVmp : Match on catch block at 0xc3 in for 0x91
01-29 07:26:52.543 15951 15951 E ArmVmp : Match on catch block at 0xc3 in for 0x95
01-29 07:26:52.555 15951 15951 E ArmVmp : Match on catch block at 0xc3 in for 0x99
01-29 07:26:52.566 15951 15951 E ArmVmp : Match on catch block at 0xc3 in for 0x99
01-29 07:26:52.584 15951 15951 E ArmVmp : Match on catch block at 0xc3 in for 0x91
01-29 07:26:52.593 15951 15951 E ArmVmp : Match on catch block at 0xc3 in for 0x95
01-29 07:26:52.609 15951 15951 E ArmVmp : Match on catch block at 0xc3 in for 0x95
01-29 07:26:52.853 15951 15951 E ArmVmp : Match on catch block at 0xc3 in for 0x99
01-29 07:26:52.864 15951 15951 E ArmVmp : Match on catch block at 0xc3 in for 0x91
01-29 07:26:52.871 15951 15951 E ArmVmp : Match on catch block at 0xc3 in for 0x91
01-29 07:26:53.356 15951 15951 E ArmVmp : Match on catch block at 0xc3 in for 0x91
01-29 07:26:53.381 15951 15951 E ArmVmp : Match on catch block at 0xc3 in for 0x95
01-29 07:26:53.396 15951 15951 E ArmVmp : Match on catch block at 0xc3 in for 0x95
01-29 07:26:53.859 15951 15951 E ArmVmp : Match on catch block at 0xc3 in for 0x99
01-29 07:26:53.885 15951 15951 E ArmVmp : Match on catch block at 0xc3 in for 0x91
01-29 07:26:53.905 15951 15951 E ArmVmp : Match on catch block at 0xc3 in for 0x91
01-29 07:26:54.362 15951 15951 E ArmVmp : Match on catch block at 0xc3 in for 0x95
01-29 07:26:54.390 15951 15951 E ArmVmp : Match on catch block at 0xc3 in for 0x99
01-29 07:26:54.405 15951 15951 E ArmVmp : Match on catch block at 0xc3 in for 0x99
01-29 07:26:54.863 15951 15951 E ArmVmp : Match on catch block at 0xc3 in for 0x91
01-29 07:26:54.873 15951 15951 E ArmVmp : Match on catch block at 0xc3 in for 0x95
01-29 07:26:54.885 15951 15951 E ArmVmp : Match on catch block at 0xc3 in for 0x95
01-29 07:26:55.366 15951 15951 E ArmVmp : Match on catch block at 0xc3 in for 0x99
01-29 07:26:55.406 15951 15951 E ArmVmp : Match on catch block at 0xc3 in for 0x91
01-29 07:26:55.425 15951 15951 E ArmVmp : Match on catch block at 0xc3 in for 0x91
01-29 07:26:55.869 15951 15951 E ArmVmp : Match on catch block at 0xc3 in for 0x95
01-29 07:26:55.891 15951 15951 E ArmVmp : Match on catch block at 0xc3 in for 0x99
01-29 07:26:55.909 15951 15951 E ArmVmp : Match on catch block at 0xc3 in for 0x99
01-29 07:26:56.305 15951 15951 E ArmVmp : Match on catch block at 0xc3 in for 0x91
01-29 07:26:56.315 15951 15951 E ArmVmp : Match on catch block at 0xc3 in for 0x95
01-29 07:26:56.321 15951 15951 E ArmVmp : Match on catch block at 0xc3 in for 0x95
01-29 07:26:56.334 15951 15951 E ArmVmp : Match on catch block at 0xc3 in for 0x99
01-29 07:26:56.349 15951 15951 E ArmVmp : Match on catch block at 0xc3 in for 0x91
01-29 07:26:56.380 15951 15951 E ArmVmp : Match on catch block at 0xc3 in for 0x91
01-29 07:26:56.443 15951 15951 E ArmVmp : Match on catch block at 0xc3 in for 0x95
01-29 07:26:56.451 15951 15951 E ArmVmp : Match on catch block at 0xc3 in for 0x99
01-29 07:26:56.467 15951 15951 E ArmVmp : Match on catch block at 0xc3 in for 0x99
01-29 07:26:56.488 15951 15951 E ArmVmp : Match on catch block at 0xc3 in for 0x91
01-29 07:26:56.496 15951 15951 E ArmVmp : Match on catch block at 0xc3 in for 0x95
01-29 07:26:56.505 15951 15951 E ArmVmp : Match on catch block at 0xc3 in for 0x95
01-29 07:26:57.060 15951 16012 E com.mbwhatsapp: Shared attribute region not
available to be mapped
01-29 07:26:57.135 15951 16012 E com.mbwhatsapp: Shared attribute region not
available to be mapped
01-29 07:26:57.138 15951 15951 E ArmVmp : Match on catch block at 0xc3 in for 0x91
01-29 07:26:57.147 15951 15951 E ArmVmp : Match on catch block at 0xc3 in for 0x95
01-29 07:26:57.152 15951 15951 E ArmVmp : Match on catch block at 0xc3 in for 0x95
01-29 07:26:57.177 15951 15951 E ArmVmp : Match on catch block at 0xc3 in for 0x99
01-29 07:26:57.183 15951 15951 E ArmVmp : Match on catch block at 0xc3 in for 0x91
01-29 07:26:57.189 15951 15951 E ArmVmp : Match on catch block at 0xc3 in for 0x91
01-29 07:26:57.218 15951 16012 W libEGL : EGLNativeWindowType 0x6fc5dc08
disconnect failed
01-29 07:26:57.246 15951 16012 E com.mbwhatsapp: Shared attribute region not
available to be mapped
01-29 07:26:57.276 15951 15951 E ArmVmp : Match on catch block at 0xc3 in for 0x91
01-29 07:26:57.298 15951 15951 E ArmVmp : Match on catch block at 0xc3 in for 0x95
01-29 07:26:57.309 15951 15951 E ArmVmp : Match on catch block at 0xc3 in for 0x95
01-29 07:26:58.063 15951 15951 E ArmVmp : Match on catch block at 0xc3 in for 0x99
01-29 07:26:58.089 15951 15951 E ArmVmp : Match on catch block at 0xc3 in for 0x91
01-29 07:26:58.107 15951 15951 E ArmVmp : Match on catch block at 0xc3 in for 0x91
01-29 07:26:58.125 15951 15951 E ArmVmp : Match on catch block at 0xc3 in for 0x95
01-29 07:26:58.166 15951 15951 E ArmVmp : Match on catch block at 0xc3 in for 0x99
01-29 07:26:58.175 15951 15951 E ArmVmp : Match on catch block at 0xc3 in for 0x99
01-29 07:26:58.186 15951 15951 E ArmVmp : Match on catch block at 0xc3 in for 0x91
01-29 07:26:58.196 15951 15951 E ArmVmp : Match on catch block at 0xc3 in for 0x95
01-29 07:26:58.204 15951 15951 E ArmVmp : Match on catch block at 0xc3 in for 0x95
01-29 07:26:58.219 15951 15951 E ArmVmp : Match on catch block at 0xc3 in for 0x99
01-29 07:26:58.243 15951 15951 E ArmVmp : Match on catch block at 0xc3 in for 0x91
01-29 07:26:58.259 15951 15951 E ArmVmp : Match on catch block at 0xc3 in for 0x91
01-29 07:26:58.269 15951 15951 E ArmVmp : Match on catch block at 0xc3 in for 0x95
01-29 07:26:58.280 15951 15951 E ArmVmp : Match on catch block at 0xc3 in for 0x99
01-29 07:26:58.285 15951 15951 E ArmVmp : Match on catch block at 0xc3 in for 0x99
01-29 07:26:58.297 15951 15951 E ArmVmp : Match on catch block at 0xc3 in for 0x91
01-29 07:26:58.310 15951 15951 E ArmVmp : Match on catch block at 0xc3 in for 0x95
01-29 07:26:58.319 15951 15951 E ArmVmp : Match on catch block at 0xc3 in for 0x95
01-29 07:26:58.710 15951 16012 E com.mbwhatsapp: Shared attribute region not
available to be mapped
01-29 07:26:58.784 15951 16012 E com.mbwhatsapp: Shared attribute region not
available to be mapped
01-29 07:27:00.482 15951 16012 W libEGL : EGLNativeWindowType 0x6fc5dc08
disconnect failed
01-29 07:27:00.567 15951 15951 W InputEventReceiver: Attempted to finish an input
event but the input event receiver has already been disposed.
01-29 07:27:00.658 15951 15951 E ArmVmp : Match on catch block at 0xc3 in for 0x99
01-29 07:27:00.664 15951 15951 E ArmVmp : Match on catch block at 0xc3 in for 0x91
01-29 07:27:00.669 15951 15951 E ArmVmp : Match on catch block at 0xc3 in for 0x91
01-29 07:27:00.960 15951 15951 E ArmVmp : Match on catch block at 0xc3 in for 0x91
01-29 07:27:00.967 15951 15951 E ArmVmp : Match on catch block at 0xc3 in for 0x95
01-29 07:27:00.975 15951 15951 E ArmVmp : Match on catch block at 0xc3 in for 0x95
01-29 07:27:01.013 15951 15951 E ArmVmp : Match on catch block at 0xc3 in for 0x99
01-29 07:27:01.057 15951 15951 E ArmVmp : Match on catch block at 0xc3 in for 0x91
01-29 07:27:01.070 15951 15951 E ArmVmp : Match on catch block at 0xc3 in for 0x91
01-29 07:27:01.145 15951 15951 E ArmVmp : Match on catch block at 0xc3 in for 0x95
01-29 07:27:01.157 15951 15951 E ArmVmp : Match on catch block at 0xc3 in for 0x99
01-29 07:27:01.166 15951 15951 E ArmVmp : Match on catch block at 0xc3 in for 0x99
01-29 07:27:01.649 15951 15951 E ArmVmp : Match on catch block at 0xc3 in for 0x91
01-29 07:27:01.661 15951 15951 E ArmVmp : Match on catch block at 0xc3 in for 0x95
01-29 07:27:01.675 15951 15951 E ArmVmp : Match on catch block at 0xc3 in for 0x95
01-29 07:27:02.152 15951 15951 E ArmVmp : Match on catch block at 0xc3 in for 0x99
01-29 07:27:02.179 15951 15951 E ArmVmp : Match on catch block at 0xc3 in for 0x91
01-29 07:27:02.192 15951 15951 E ArmVmp : Match on catch block at 0xc3 in for 0x91
01-29 07:27:02.657 15951 15951 E ArmVmp : Match on catch block at 0xc3 in for 0x95
01-29 07:27:02.688 15951 15951 E ArmVmp : Match on catch block at 0xc3 in for 0x99
01-29 07:27:02.706 15951 15951 E ArmVmp : Match on catch block at 0xc3 in for 0x99
01-29 07:27:02.848 15951 15951 E ArmVmp : Match on catch block at 0xc3 in for 0x95
01-29 07:27:02.860 15951 15951 E ArmVmp : Match on catch block at 0xc3 in for 0x99
01-29 07:27:02.884 15951 15951 E ArmVmp : Match on catch block at 0xc3 in for 0x99
01-29 07:27:02.921 15951 15951 E ArmVmp : Match on catch block at 0xc3 in for 0x99
01-29 07:27:02.931 15951 15951 E ArmVmp : Match on catch block at 0xc3 in for 0x91
01-29 07:27:02.942 15951 15951 E ArmVmp : Match on catch block at 0xc3 in for 0x91
01-29 07:27:02.954 15951 15951 E ArmVmp : Match on catch block at 0xc3 in for 0x95
01-29 07:27:02.972 15951 15951 E ArmVmp : Match on catch block at 0xc3 in for 0x99
01-29 07:27:02.979 15951 15951 E ArmVmp : Match on catch block at 0xc3 in for 0x99
01-29 07:27:03.001 15951 15951 E ArmVmp : Match on catch block at 0xc3 in for 0x99
01-29 07:27:03.012 15951 15951 E ArmVmp : Match on catch block at 0xc3 in for 0x91
01-29 07:27:03.020 15951 15951 E ArmVmp : Match on catch block at 0xc3 in for 0x91
01-29 07:27:03.045 15951 15951 E ArmVmp : Match on catch block at 0xc3 in for 0x95
01-29 07:27:03.059 15951 15951 E ArmVmp : Match on catch block at 0xc3 in for 0x99
01-29 07:27:03.067 15951 15951 E ArmVmp : Match on catch block at 0xc3 in for 0x99
01-29 07:27:03.119 15951 15951 E ArmVmp : Match on catch block at 0xc3 in for 0x91
01-29 07:27:03.128 15951 15951 E ArmVmp : Match on catch block at 0xc3 in for 0x95
01-29 07:27:03.136 15951 15951 E ArmVmp : Match on catch block at 0xc3 in for 0x95
01-29 07:27:03.186 15951 15951 E ArmVmp : Match on catch block at 0xc3 in for 0x99
01-29 07:27:03.200 15951 15951 E ArmVmp : Match on catch block at 0xc3 in for 0x91
01-29 07:27:03.213 15951 15951 E ArmVmp : Match on catch block at 0xc3 in for 0x91
01-29 07:27:03.342 15951 15951 E ArmVmp : Match on catch block at 0xc3 in for 0x95
01-29 07:27:03.367 15951 15951 E ArmVmp : Match on catch block at 0xc3 in for 0x99
01-29 07:27:03.388 15951 15951 E ArmVmp : Match on catch block at 0xc3 in for 0x99
01-29 07:27:03.566 15951 16012 E com.mbwhatsapp: Shared attribute region not
available to be mapped
01-29 07:27:03.660 15951 16012 E com.mbwhatsapp: Shared attribute region not
available to be mapped
01-29 07:27:03.780 15951 16012 E com.mbwhatsapp: Shared attribute region not
available to be mapped
01-29 07:27:04.062 15951 16012 W libEGL : EGLNativeWindowType 0x6fc5c008
disconnect failed
01-29 07:27:04.098 15951 15951 E ArmVmp : Match on catch block at 0xc3 in for 0x91
01-29 07:27:04.112 15951 15951 E ArmVmp : Match on catch block at 0xc3 in for 0x95
01-29 07:27:04.128 15951 15951 E ArmVmp : Match on catch block at 0xc3 in for 0x95
01-29 07:27:05.482 15951 15951 E ArmVmp : Match on catch block at 0x4c in for 0xd9
01-29 07:27:05.507 15951 15951 E ArmVmp : Match on catch block at 0x8d in for 0xd5
01-29 07:27:05.526 15951 15951 E ArmVmp : Match on catch block at 0x8d in for 0xd5
01-29 07:27:05.634 15951 15951 E ArmVmp : Match on catch block at 0x0a in for 0xb9
01-29 07:27:05.645 15951 15951 E ArmVmp : Match on catch block at 0x0a in for 0xb5
01-29 07:27:05.993 15951 15966 W System : A resource failed to call release.
01-29 07:27:05.994 15951 15966 W System : A resource failed to call release.
01-29 07:27:06.610 15951 15951 E ArmVmp : Match on catch block at 0xc3 in for 0xa5
01-29 07:27:06.620 15951 15951 E ArmVmp : Match on catch block at 0xc3 in for 0xa5
01-29 07:27:06.654 15951 16012 E com.mbwhatsapp: Shared attribute region not
available to be mapped
01-29 07:27:06.797 15951 15951 E ArmVmp : Match on catch block at 0xc3 in for 0x99
01-29 07:27:06.808 15951 15951 E ArmVmp : Match on catch block at 0xc3 in for 0x91
01-29 07:27:06.838 15951 16012 E com.mbwhatsapp: Shared attribute region not
available to be mapped
01-29 07:27:06.898 15951 15951 E ArmVmp : Match on catch block at 0xc3 in for 0x99
01-29 07:27:06.915 15951 15951 E ArmVmp : Match on catch block at 0xc3 in for 0x91
01-29 07:27:06.932 15951 16012 E com.mbwhatsapp: Shared attribute region not
available to be mapped
01-29 07:27:07.021 15951 15951 E ArmVmp : Match on catch block at 0xc3 in for 0x95
01-29 07:27:07.032 15951 15951 E ArmVmp : Match on catch block at 0xc3 in for 0x99
01-29 07:27:07.076 15951 15951 E ArmVmp : Match on catch block at 0xc3 in for 0x99
01-29 07:27:07.092 15951 15951 E ArmVmp : Match on catch block at 0xc3 in for 0x91
01-29 07:27:07.109 15951 15951 E ArmVmp : Match on catch block at 0xc3 in for 0x91
01-29 07:27:07.125 15951 15951 E ArmVmp : Match on catch block at 0xc3 in for 0x95
01-29 07:27:07.142 15951 15951 E ArmVmp : Match on catch block at 0xc3 in for 0x95
01-29 07:27:07.170 15951 15951 E ArmVmp : Match on catch block at 0xc3 in for 0x99
01-29 07:27:07.230 15951 15951 E ArmVmp : Match on catch block at 0xc3 in for 0x99
01-29 07:27:07.242 15951 15951 E ArmVmp : Match on catch block at 0xc3 in for 0x91
01-29 07:27:07.267 15951 16012 W libEGL : EGLNativeWindowType 0x70121408
disconnect failed
01-29 07:27:07.481 15951 15951 E ArmVmp : Match on catch block at 0xc3 in for 0x91
01-29 07:27:07.497 15951 15951 E ArmVmp : Match on catch block at 0xc3 in for 0x95
01-29 07:27:07.983 15951 15951 E ArmVmp : Match on catch block at 0xc3 in for 0x91
01-29 07:27:08.026 15951 15951 E ArmVmp : Match on catch block at 0xc3 in for 0x95
01-29 07:27:08.155 15951 15951 E ArmVmp : Match on catch block at 0xc3 in for 0x99
01-29 07:27:08.177 15951 15951 E ArmVmp : Match on catch block at 0xc3 in for 0x91
01-29 07:27:08.235 15951 15951 E ArmVmp : Match on catch block at 0xc3 in for 0x91
01-29 07:27:08.256 15951 15951 E ArmVmp : Match on catch block at 0xc3 in for 0x95
01-29 07:27:08.374 15951 15951 E ArmVmp : Match on catch block at 0xc3 in for 0x95
01-29 07:27:08.386 15951 15951 E ArmVmp : Match on catch block at 0xc3 in for 0x99
01-29 07:27:08.513 15951 16012 E com.mbwhatsapp: Shared attribute region not
available to be mapped
01-29 07:27:08.593 15951 16012 E com.mbwhatsapp: Shared attribute region not
available to be mapped
01-29 07:27:08.680 15951 16012 E com.mbwhatsapp: Shared attribute region not
available to be mapped
01-29 07:27:09.004 15951 16012 W libEGL : EGLNativeWindowType 0x6fc5dc08
disconnect failed
01-29 07:27:09.037 15951 15951 E ArmVmp : Match on catch block at 0xc3 in for 0x99
01-29 07:27:09.045 15951 15951 E ArmVmp : Match on catch block at 0xc3 in for 0x91
01-29 07:27:10.154 15951 15951 E ArmVmp : Match on catch block at 0x4c in for 0xd1
01-29 07:27:10.180 15951 15951 E ArmVmp : Match on catch block at 0x8d in for 0xd9
01-29 07:27:10.199 15951 15951 E ArmVmp : Match on catch block at 0x8d in for 0xd9
01-29 07:27:10.270 15951 15951 E ArmVmp : Match on catch block at 0x0a in for 0xb1
01-29 07:27:10.280 15951 15951 E ArmVmp : Match on catch block at 0x0a in for 0xb9
01-29 07:27:10.572 15951 15951 E ArmVmp : Match on catch block at 0xc3 in for 0xa5
01-29 07:27:10.578 15951 15951 E ArmVmp : Match on catch block at 0xc3 in for 0xa5
01-29 07:27:10.603 15951 16012 E com.mbwhatsapp: Shared attribute region not
available to be mapped
01-29 07:27:10.692 15951 15951 E ArmVmp : Match on catch block at 0xc3 in for 0x99
01-29 07:27:10.702 15951 15951 E ArmVmp : Match on catch block at 0xc3 in for 0x91
01-29 07:27:10.725 15951 16012 E com.mbwhatsapp: Shared attribute region not
available to be mapped
01-29 07:27:10.771 15951 15951 E ArmVmp : Match on catch block at 0xc3 in for 0x91
01-29 07:27:10.783 15951 15951 E ArmVmp : Match on catch block at 0xc3 in for 0x95
01-29 07:27:10.799 15951 16012 E com.mbwhatsapp: Shared attribute region not
available to be mapped
01-29 07:27:10.870 15951 15951 E ArmVmp : Match on catch block at 0xc3 in for 0x95
01-29 07:27:10.878 15951 15951 E ArmVmp : Match on catch block at 0xc3 in for 0x99
01-29 07:27:10.932 15951 15951 E ArmVmp : Match on catch block at 0xc3 in for 0x99
01-29 07:27:10.947 15951 15951 E ArmVmp : Match on catch block at 0xc3 in for 0x91
01-29 07:27:11.088 15951 16012 W libEGL : EGLNativeWindowType 0x70121408
disconnect failed
01-29 07:27:11.179 15951 15951 E ArmVmp : Match on catch block at 0xc3 in for 0x91
01-29 07:27:11.190 15951 15951 E ArmVmp : Match on catch block at 0xc3 in for 0x95
01-29 07:27:11.213 15951 15951 E ArmVmp : Match on catch block at 0xc3 in for 0x95
01-29 07:27:11.225 15951 15951 E ArmVmp : Match on catch block at 0xc3 in for 0x99
01-29 07:27:11.248 15951 15951 E ArmVmp : Match on catch block at 0xc3 in for 0x99
01-29 07:27:11.254 15951 15951 E ArmVmp : Match on catch block at 0xc3 in for 0x91
01-29 07:27:11.264 15951 15951 E ArmVmp : Match on catch block at 0xc3 in for 0x91
01-29 07:27:11.274 15951 15951 E ArmVmp : Match on catch block at 0xc3 in for 0x95
01-29 07:27:11.297 15951 15951 E ArmVmp : Match on catch block at 0xc3 in for 0x95
01-29 07:27:11.304 15951 15951 E ArmVmp : Match on catch block at 0xc3 in for 0x99
01-29 07:27:11.314 15951 15951 E ArmVmp : Match on catch block at 0xc3 in for 0x99
01-29 07:27:11.325 15951 15951 E ArmVmp : Match on catch block at 0xc3 in for 0x91
01-29 07:27:11.347 15951 15951 E ArmVmp : Match on catch block at 0xc3 in for 0x91
01-29 07:27:11.359 15951 15951 E ArmVmp : Match on catch block at 0xc3 in for 0x95
01-29 07:27:11.380 15951 15951 E ArmVmp : Match on catch block at 0xc3 in for 0x95
01-29 07:27:11.390 15951 15951 E ArmVmp : Match on catch block at 0xc3 in for 0x99
01-29 07:27:11.415 15951 15951 E ArmVmp : Match on catch block at 0xc3 in for 0x99
01-29 07:27:11.423 15951 15951 E ArmVmp : Match on catch block at 0xc3 in for 0x91
01-29 07:27:11.448 15951 15951 E ArmVmp : Match on catch block at 0xc3 in for 0x91
01-29 07:27:11.459 15951 15951 E ArmVmp : Match on catch block at 0xc3 in for 0x95
01-29 07:27:11.481 15951 15951 E ArmVmp : Match on catch block at 0xc3 in for 0x95
