01-29 07:27:11.492 15951 15951 E ArmVmp : Match on catch block at 0xc3 in for 0x99
01-29 07:27:11.515 15951 15951 E ArmVmp : Match on catch block at 0xc3 in for 0x99
01-29 07:27:11.523 15951 15951 E ArmVmp : Match on catch block at 0xc3 in for 0x91
01-29 07:27:11.886 15951 15951 E ArmVmp : Match on catch block at 0xc3 in for 0x91
01-29 07:27:11.907 15951 15951 E ArmVmp : Match on catch block at 0xc3 in for 0x95
01-29 07:27:12.374 15951 15951 E ArmVmp : Match on catch block at 0xc3 in for 0x95
01-29 07:27:12.388 15951 15951 E ArmVmp : Match on catch block at 0xc3 in for 0x99
01-29 07:27:12.406 15951 15951 E ArmVmp : Match on catch block at 0xc3 in for 0x99
01-29 07:27:12.423 15951 15951 E ArmVmp : Match on catch block at 0xc3 in for 0x91
01-29 07:27:12.447 15951 15951 E ArmVmp : Match on catch block at 0xc3 in for 0x91
01-29 07:27:12.474 15951 15951 E ArmVmp : Match on catch block at 0xc3 in for 0x95
01-29 07:27:12.495 15951 15951 E ArmVmp : Match on catch block at 0xc3 in for 0x95
01-29 07:27:12.511 15951 15951 E ArmVmp : Match on catch block at 0xc3 in for 0x99
01-29 07:27:12.529 15951 15951 E ArmVmp : Match on catch block at 0xc3 in for 0x99
01-29 07:27:12.547 15951 15951 E ArmVmp : Match on catch block at 0xc3 in for 0x91
01-29 07:27:12.562 15951 15951 E ArmVmp : Match on catch block at 0xc3 in for 0x91
01-29 07:27:12.578 15951 15951 E ArmVmp : Match on catch block at 0xc3 in for 0x95
01-29 07:27:12.590 15951 15951 E ArmVmp : Match on catch block at 0xc3 in for 0x95
01-29 07:27:12.602 15951 15951 E ArmVmp : Match on catch block at 0xc3 in for 0x99
01-29 07:27:12.620 15951 15951 E ArmVmp : Match on catch block at 0xc3 in for 0x99
01-29 07:27:12.631 15951 15951 E ArmVmp : Match on catch block at 0xc3 in for 0x91
01-29 07:27:12.908 15951 15951 E ArmVmp : Match on catch block at 0xc3 in for 0x91
01-29 07:27:12.924 15951 15951 E ArmVmp : Match on catch block at 0xc3 in for 0x95
01-29 07:27:13.411 15951 15951 E ArmVmp : Match on catch block at 0xc3 in for 0x91
01-29 07:27:13.443 15951 15951 E ArmVmp : Match on catch block at 0xc3 in for 0x95
01-29 07:27:13.914 15951 15951 E ArmVmp : Match on catch block at 0xc3 in for 0x95
01-29 07:27:13.952 15951 15951 E ArmVmp : Match on catch block at 0xc3 in for 0x99
01-29 07:27:14.421 15951 15951 E ArmVmp : Match on catch block at 0xc3 in for 0x99
01-29 07:27:14.447 15951 15951 E ArmVmp : Match on catch block at 0xc3 in for 0x91
01-29 07:27:14.922 15951 15951 E ArmVmp : Match on catch block at 0xc3 in for 0x91
01-29 07:27:14.947 15951 15951 E ArmVmp : Match on catch block at 0xc3 in for 0x95
01-29 07:27:15.421 15951 15951 E ArmVmp : Match on catch block at 0xc3 in for 0x95
01-29 07:27:15.435 15951 15951 E ArmVmp : Match on catch block at 0xc3 in for 0x99
01-29 07:27:15.924 15951 15951 E ArmVmp : Match on catch block at 0xc3 in for 0x99
01-29 07:27:15.946 15951 15951 E ArmVmp : Match on catch block at 0xc3 in for 0x91
01-29 07:27:16.427 15951 15951 E ArmVmp : Match on catch block at 0xc3 in for 0x91
01-29 07:27:16.441 15951 15951 E ArmVmp : Match on catch block at 0xc3 in for 0x95
01-29 07:27:16.931 15951 15951 E ArmVmp : Match on catch block at 0xc3 in for 0x95
01-29 07:27:16.957 15951 15951 E ArmVmp : Match on catch block at 0xc3 in for 0x99
01-29 07:27:17.416 15951 15951 E ArmVmp : Match on catch block at 0xc3 in for 0x99
01-29 07:27:17.450 15951 15951 E ArmVmp : Match on catch block at 0xc3 in for 0x91
01-29 07:27:17.667 15951 15951 E ArmVmp : Match on catch block at 0xc3 in for 0x99
01-29 07:27:17.675 15951 15951 E ArmVmp : Match on catch block at 0xc3 in for 0x91
01-29 07:27:17.719 15951 15951 E ArmVmp : Match on catch block at 0xc3 in for 0x91
01-29 07:27:17.731 15951 15951 E ArmVmp : Match on catch block at 0xc3 in for 0x95
01-29 07:27:17.916 15951 15951 E ArmVmp : Match on catch block at 0xc3 in for 0x95
01-29 07:27:17.927 15951 15951 E ArmVmp : Match on catch block at 0xc3 in for 0x99
01-29 07:27:18.421 15951 15951 E ArmVmp : Match on catch block at 0xc3 in for 0x99
01-29 07:27:18.436 15951 15951 E ArmVmp : Match on catch block at 0xc3 in for 0x91
01-29 07:27:18.887 15951 15951 E ArmVmp : Match on catch block at 0xc3 in for 0x99
01-29 07:27:18.895 15951 15951 E ArmVmp : Match on catch block at 0xc3 in for 0x91
01-29 07:27:18.925 15951 15951 E ArmVmp : Match on catch block at 0xc3 in for 0x91
01-29 07:27:18.941 15951 15951 E ArmVmp : Match on catch block at 0xc3 in for 0x95
01-29 07:27:18.973 15951 15951 E ArmVmp : Match on catch block at 0xc3 in for 0x95
01-29 07:27:19.012 15951 15951 E ArmVmp : Match on catch block at 0xc3 in for 0x99
01-29 07:27:19.422 15951 15951 E ArmVmp : Match on catch block at 0xc3 in for 0x99
01-29 07:27:19.429 15951 15951 E ArmVmp : Match on catch block at 0xc3 in for 0x91
01-29 07:27:19.546 15951 15951 E ArmVmp : Match on catch block at 0xc3 in for 0x99
01-29 07:27:19.553 15951 15951 E ArmVmp : Match on catch block at 0xc3 in for 0x91
01-29 07:27:19.624 15951 15951 E ArmVmp : Match on catch block at 0xc3 in for 0x91
01-29 07:27:19.632 15951 15951 E ArmVmp : Match on catch block at 0xc3 in for 0x95
01-29 07:27:19.926 15951 15951 E ArmVmp : Match on catch block at 0xc3 in for 0x95
01-29 07:27:19.935 15951 15951 E ArmVmp : Match on catch block at 0xc3 in for 0x99
01-29 07:27:20.093 15951 15951 E ArmVmp : Match on catch block at 0xc3 in for 0x95
01-29 07:27:20.101 15951 15951 E ArmVmp : Match on catch block at 0xc3 in for 0x99
01-29 07:27:20.161 15951 15951 E ArmVmp : Match on catch block at 0xc3 in for 0x99
01-29 07:27:20.170 15951 15951 E ArmVmp : Match on catch block at 0xc3 in for 0x91
01-29 07:27:20.295 15951 15951 E ArmVmp : Match on catch block at 0xc3 in for 0x99
01-29 07:27:20.311 15951 15951 E ArmVmp : Match on catch block at 0xc3 in for 0x91
01-29 07:27:20.363 15951 15951 E ArmVmp : Match on catch block at 0xc3 in for 0x91
01-29 07:27:20.377 15951 15951 E ArmVmp : Match on catch block at 0xc3 in for 0x95
01-29 07:27:20.429 15951 15951 E ArmVmp : Match on catch block at 0xc3 in for 0x95
01-29 07:27:20.444 15951 15951 E ArmVmp : Match on catch block at 0xc3 in for 0x99
01-29 07:27:20.484 15951 15951 E ArmVmp : Match on catch block at 0xc3 in for 0x95
01-29 07:27:20.491 15951 15951 E ArmVmp : Match on catch block at 0xc3 in for 0x99
01-29 07:27:20.562 15951 15951 E ArmVmp : Match on catch block at 0xc3 in for 0x99
01-29 07:27:20.575 15951 15951 E ArmVmp : Match on catch block at 0xc3 in for 0x91
01-29 07:27:20.647 15951 15951 E ArmVmp : Match on catch block at 0xc3 in for 0x99
01-29 07:27:20.661 15951 15951 E ArmVmp : Match on catch block at 0xc3 in for 0x91
01-29 07:27:20.715 15951 15951 E ArmVmp : Match on catch block at 0xc3 in for 0x91
01-29 07:27:20.730 15951 15951 E ArmVmp : Match on catch block at 0xc3 in for 0x95
01-29 07:27:20.835 15951 15951 E ArmVmp : Match on catch block at 0xc3 in for 0x91
01-29 07:27:20.843 15951 15951 E ArmVmp : Match on catch block at 0xc3 in for 0x95
01-29 07:27:20.900 15951 15951 E ArmVmp : Match on catch block at 0xc3 in for 0x95
01-29 07:27:20.913 15951 15951 E ArmVmp : Match on catch block at 0xc3 in for 0x99
01-29 07:27:20.927 15951 15951 E ArmVmp : Match on catch block at 0xc3 in for 0x99
01-29 07:27:20.943 15951 15951 E ArmVmp : Match on catch block at 0xc3 in for 0x91
01-29 07:27:21.004 15951 15951 E ArmVmp : Match on catch block at 0xc3 in for 0x99
01-29 07:27:21.016 15951 15951 E ArmVmp : Match on catch block at 0xc3 in for 0x91
01-29 07:27:21.066 15951 15951 E ArmVmp : Match on catch block at 0xc3 in for 0x91
01-29 07:27:21.077 15951 15951 E ArmVmp : Match on catch block at 0xc3 in for 0x95
01-29 07:27:21.157 15951 15951 E ArmVmp : Match on catch block at 0xc3 in for 0x91
01-29 07:27:21.172 15951 15951 E ArmVmp : Match on catch block at 0xc3 in for 0x95
01-29 07:27:21.234 15951 15951 E ArmVmp : Match on catch block at 0xc3 in for 0x95
01-29 07:27:21.245 15951 15951 E ArmVmp : Match on catch block at 0xc3 in for 0x99
01-29 07:27:21.335 15951 15951 E ArmVmp : Match on catch block at 0xc3 in for 0x95
01-29 07:27:21.352 15951 15951 E ArmVmp : Match on catch block at 0xc3 in for 0x99
01-29 07:27:21.400 15951 15951 E ArmVmp : Match on catch block at 0xc3 in for 0x99
01-29 07:27:21.415 15951 15951 E ArmVmp : Match on catch block at 0xc3 in for 0x91
01-29 07:27:21.451 15951 15951 E ArmVmp : Match on catch block at 0xc3 in for 0x91
01-29 07:27:21.463 15951 15951 E ArmVmp : Match on catch block at 0xc3 in for 0x95
01-29 07:27:21.906 15951 15951 E ArmVmp : Match on catch block at 0xc3 in for 0x91
01-29 07:27:21.913 15951 15951 E ArmVmp : Match on catch block at 0xc3 in for 0x95
01-29 07:27:21.940 15951 15951 E ArmVmp : Match on catch block at 0xc3 in for 0x95
01-29 07:27:21.953 15951 15951 E ArmVmp : Match on catch block at 0xc3 in for 0x99
01-29 07:27:22.702 15951 15951 E ArmVmp : Match on catch block at 0xc3 in for 0x95
01-29 07:27:22.712 15951 15951 E ArmVmp : Match on catch block at 0xc3 in for 0x99
01-29 07:27:22.850 15951 15951 E ArmVmp : Match on catch block at 0xc3 in for 0x99
01-29 07:27:22.863 15951 15951 E ArmVmp : Match on catch block at 0xc3 in for 0x91
01-29 07:27:22.947 15951 16012 E com.mbwhatsapp: Shared attribute region not
available to be mapped
01-29 07:27:22.958 15951 15951 E ArmVmp : Match on catch block at 0xc3 in for 0x95
01-29 07:27:22.966 15951 15951 E ArmVmp : Match on catch block at 0xc3 in for 0x99
01-29 07:27:23.011 15951 16012 E com.mbwhatsapp: Shared attribute region not
available to be mapped
01-29 07:27:23.015 15951 15951 E ArmVmp : Match on catch block at 0xc3 in for 0x91
01-29 07:27:23.034 15951 15951 E ArmVmp : Match on catch block at 0xc3 in for 0x95
01-29 07:27:23.062 15951 15951 E ArmVmp : Match on catch block at 0xc3 in for 0x91
01-29 07:27:23.080 15951 15951 E ArmVmp : Match on catch block at 0xc3 in for 0x95
01-29 07:27:23.125 15951 16012 W libEGL : EGLNativeWindowType 0x70121408
disconnect failed
01-29 07:27:23.138 15951 16012 E com.mbwhatsapp: Shared attribute region not
available to be mapped
01-29 07:27:23.192 15951 16012 E com.mbwhatsapp: Shared attribute region not
available to be mapped
01-29 07:27:23.193 15951 15951 E ArmVmp : Match on catch block at 0xc3 in for 0x91
01-29 07:27:23.208 15951 15951 E ArmVmp : Match on catch block at 0xc3 in for 0x95
01-29 07:27:23.243 15951 16012 E com.mbwhatsapp: Shared attribute region not
available to be mapped
01-29 07:27:23.291 15951 15951 E ArmVmp : Match on catch block at 0xc3 in for 0x95
01-29 07:27:23.308 15951 15951 E ArmVmp : Match on catch block at 0xc3 in for 0x99
01-29 07:27:23.799 15951 15951 E ArmVmp : Match on catch block at 0xc3 in for 0x99
01-29 07:27:23.811 15951 15951 E ArmVmp : Match on catch block at 0xc3 in for 0x91
01-29 07:27:23.857 15951 16012 W libEGL : EGLNativeWindowType 0x70121408
disconnect failed
01-29 07:27:23.870 15951 15951 W InputEventReceiver: Attempted to finish an input
event but the input event receiver has already been disposed.
01-29 07:27:23.977 15951 15951 E ArmVmp : Match on catch block at 0xc3 in for 0x91
01-29 07:27:23.988 15951 15951 E ArmVmp : Match on catch block at 0xc3 in for 0x95
01-29 07:27:24.005 15951 15951 E ArmVmp : Match on catch block at 0xc3 in for 0x95
01-29 07:27:24.011 15951 15951 E ArmVmp : Match on catch block at 0xc3 in for 0x99
01-29 07:27:24.028 15951 15951 E ArmVmp : Match on catch block at 0xc3 in for 0x99
01-29 07:27:24.042 15951 15951 E ArmVmp : Match on catch block at 0xc3 in for 0x91
01-29 07:27:24.056 15951 15951 E ArmVmp : Match on catch block at 0xc3 in for 0x91
01-29 07:27:24.079 15951 15951 E ArmVmp : Match on catch block at 0xc3 in for 0x95
01-29 07:27:24.093 15951 15951 E ArmVmp : Match on catch block at 0xc3 in for 0x95
01-29 07:27:24.100 15951 15951 E ArmVmp : Match on catch block at 0xc3 in for 0x99
01-29 07:27:24.115 15951 15951 E ArmVmp : Match on catch block at 0xc3 in for 0x99
01-29 07:27:24.125 15951 15951 E ArmVmp : Match on catch block at 0xc3 in for 0x91
01-29 07:27:24.140 15951 15951 E ArmVmp : Match on catch block at 0xc3 in for 0x91
01-29 07:27:24.159 15951 15951 E ArmVmp : Match on catch block at 0xc3 in for 0x95
01-29 07:27:24.176 15951 15951 E ArmVmp : Match on catch block at 0xc3 in for 0x95
01-29 07:27:24.190 15951 15951 E ArmVmp : Match on catch block at 0xc3 in for 0x99
01-29 07:27:24.206 15951 15951 E ArmVmp : Match on catch block at 0xc3 in for 0x99
01-29 07:27:24.221 15951 15951 E ArmVmp : Match on catch block at 0xc3 in for 0x91
01-29 07:27:24.234 15951 15951 E ArmVmp : Match on catch block at 0xc3 in for 0x91
01-29 07:27:24.243 15951 15951 E ArmVmp : Match on catch block at 0xc3 in for 0x95
01-29 07:27:24.256 15951 15951 E ArmVmp : Match on catch block at 0xc3 in for 0x95
01-29 07:27:24.267 15951 15951 E ArmVmp : Match on catch block at 0xc3 in for 0x99
01-29 07:27:24.290 15951 15951 E ArmVmp : Match on catch block at 0xc3 in for 0x99
01-29 07:27:24.297 15951 15951 E ArmVmp : Match on catch block at 0xc3 in for 0x91
01-29 07:27:24.309 15951 15951 E ArmVmp : Match on catch block at 0xc3 in for 0x91
01-29 07:27:24.316 15951 15951 E ArmVmp : Match on catch block at 0xc3 in for 0x95
01-29 07:27:24.822 15951 15951 E ArmVmp : Match on catch block at 0xc3 in for 0x95
01-29 07:27:24.835 15951 15951 E ArmVmp : Match on catch block at 0xc3 in for 0x99
01-29 07:27:25.322 15951 15951 E ArmVmp : Match on catch block at 0xc3 in for 0x99
01-29 07:27:25.335 15951 15951 E ArmVmp : Match on catch block at 0xc3 in for 0x91
01-29 07:27:25.527 15951 15951 E ArmVmp : Match on catch block at 0xc3 in for 0x91
01-29 07:27:25.551 15951 15951 E ArmVmp : Match on catch block at 0xc3 in for 0x95
01-29 07:27:25.572 15951 15951 E ArmVmp : Match on catch block at 0xc3 in for 0x95
01-29 07:27:25.583 15951 15951 E ArmVmp : Match on catch block at 0xc3 in for 0x99
01-29 07:27:25.605 15951 15951 E ArmVmp : Match on catch block at 0xc3 in for 0x99
01-29 07:27:25.629 15951 15951 E ArmVmp : Match on catch block at 0xc3 in for 0x91
01-29 07:27:25.645 15951 15951 E ArmVmp : Match on catch block at 0xc3 in for 0x91
01-29 07:27:25.660 15951 15951 E ArmVmp : Match on catch block at 0xc3 in for 0x95
01-29 07:27:25.673 15951 15951 E ArmVmp : Match on catch block at 0xc3 in for 0x95
01-29 07:27:25.685 15951 15951 E ArmVmp : Match on catch block at 0xc3 in for 0x99
01-29 07:27:25.706 15951 15951 E ArmVmp : Match on catch block at 0xc3 in for 0x99
01-29 07:27:25.712 15951 15951 E ArmVmp : Match on catch block at 0xc3 in for 0x91
01-29 07:27:25.724 15951 15951 E ArmVmp : Match on catch block at 0xc3 in for 0x91
01-29 07:27:25.740 15951 15951 E ArmVmp : Match on catch block at 0xc3 in for 0x95
01-29 07:27:25.758 15951 15951 E ArmVmp : Match on catch block at 0xc3 in for 0x95
01-29 07:27:25.770 15951 15951 E ArmVmp : Match on catch block at 0xc3 in for 0x99
01-29 07:27:25.791 15951 15951 E ArmVmp : Match on catch block at 0xc3 in for 0x99
01-29 07:27:25.802 15951 15951 E ArmVmp : Match on catch block at 0xc3 in for 0x91
01-29 07:27:25.824 15951 15951 E ArmVmp : Match on catch block at 0xc3 in for 0x91
01-29 07:27:25.832 15951 15951 E ArmVmp : Match on catch block at 0xc3 in for 0x95
01-29 07:27:26.329 15951 15951 E ArmVmp : Match on catch block at 0xc3 in for 0x95
01-29 07:27:26.344 15951 15951 E ArmVmp : Match on catch block at 0xc3 in for 0x99
01-29 07:27:26.832 15951 15951 E ArmVmp : Match on catch block at 0xc3 in for 0x99
01-29 07:27:26.854 15951 15951 E ArmVmp : Match on catch block at 0xc3 in for 0x91
01-29 07:27:27.335 15951 15951 E ArmVmp : Match on catch block at 0xc3 in for 0x91
01-29 07:27:27.365 15951 15951 E ArmVmp : Match on catch block at 0xc3 in for 0x95
01-29 07:27:27.837 15951 15951 E ArmVmp : Match on catch block at 0xc3 in for 0x95
01-29 07:27:27.865 15951 15951 E ArmVmp : Match on catch block at 0xc3 in for 0x99
01-29 07:27:28.341 15951 15951 E ArmVmp : Match on catch block at 0xc3 in for 0x99
01-29 07:27:28.356 15951 15951 E ArmVmp : Match on catch block at 0xc3 in for 0x91
01-29 07:27:28.378 15951 15951 E ArmVmp : Match on catch block at 0xc3 in for 0x95
01-29 07:27:28.392 15951 15951 E ArmVmp : Match on catch block at 0xc3 in for 0x99
01-29 07:27:28.414 15951 15951 E ArmVmp : Match on catch block at 0xc3 in for 0x99
01-29 07:27:28.427 15951 15951 E ArmVmp : Match on catch block at 0xc3 in for 0x91
01-29 07:27:28.462 15951 15951 E ArmVmp : Match on catch block at 0xc3 in for 0x91
01-29 07:27:28.477 15951 15951 E ArmVmp : Match on catch block at 0xc3 in for 0x95
01-29 07:27:28.497 15951 15951 E ArmVmp : Match on catch block at 0xc3 in for 0x95
01-29 07:27:28.508 15951 15951 E ArmVmp : Match on catch block at 0xc3 in for 0x99
01-29 07:27:29.097 15951 16012 E com.mbwhatsapp: Shared attribute region not
available to be mapped
01-29 07:27:29.163 15951 16012 E com.mbwhatsapp: Shared attribute region not
available to be mapped
01-29 07:27:29.166 15951 15951 E ArmVmp : Match on catch block at 0xc3 in for 0x95
01-29 07:27:29.176 15951 15951 E ArmVmp : Match on catch block at 0xc3 in for 0x99
01-29 07:27:29.192 15951 15951 E ArmVmp : Match on catch block at 0xc3 in for 0x99
01-29 07:27:29.202 15951 15951 E ArmVmp : Match on catch block at 0xc3 in for 0x91
01-29 07:27:29.232 15951 16012 W libEGL : EGLNativeWindowType 0x70121408
disconnect failed
01-29 07:27:29.254 15951 16012 E com.mbwhatsapp: Shared attribute region not
available to be mapped
01-29 07:27:29.310 15951 16012 W libEGL : EGLNativeWindowType 0x70121408
disconnect failed
01-29 07:27:29.328 15951 15951 W InputEventReceiver: Attempted to finish an input
event but the input event receiver has already been disposed.
01-29 07:27:29.402 15951 15951 E ArmVmp : Match on catch block at 0xc3 in for 0x91
01-29 07:27:29.411 15951 15951 E ArmVmp : Match on catch block at 0xc3 in for 0x95
01-29 07:27:29.898 15951 15951 E ArmVmp : Match on catch block at 0xc3 in for 0x95
01-29 07:27:29.928 15951 15951 E ArmVmp : Match on catch block at 0xc3 in for 0x99
01-29 07:27:30.065 15951 15951 E ArmVmp : Match on catch block at 0xc3 in for 0x99
01-29 07:27:30.077 15951 15951 E ArmVmp : Match on catch block at 0xc3 in for 0x91
01-29 07:27:30.099 15951 15951 E ArmVmp : Match on catch block at 0xc3 in for 0x91
01-29 07:27:30.112 15951 15951 E ArmVmp : Match on catch block at 0xc3 in for 0x95
01-29 07:27:30.155 15951 15951 E ArmVmp : Match on catch block at 0xc3 in for 0x91
01-29 07:27:30.169 15951 15951 E ArmVmp : Match on catch block at 0xc3 in for 0x95
01-29 07:27:30.219 15951 15951 E ArmVmp : Match on catch block at 0xc3 in for 0x99
01-29 07:27:30.225 15951 15951 E ArmVmp : Match on catch block at 0xc3 in for 0x91
01-29 07:27:30.240 15951 15951 E ArmVmp : Match on catch block at 0xc3 in for 0x91
01-29 07:27:30.250 15951 15951 E ArmVmp : Match on catch block at 0xc3 in for 0x95
01-29 07:27:30.286 15951 15951 E ArmVmp : Match on catch block at 0xc3 in for 0x95
01-29 07:27:30.294 15951 15951 E ArmVmp : Match on catch block at 0xc3 in for 0x99
01-29 07:27:30.318 15951 15951 E ArmVmp : Match on catch block at 0xc3 in for 0x99
01-29 07:27:30.323 15951 15951 E ArmVmp : Match on catch block at 0xc3 in for 0x91
01-29 07:27:30.398 15951 15951 E ArmVmp : Match on catch block at 0xc3 in for 0x91
01-29 07:27:30.411 15951 15951 E ArmVmp : Match on catch block at 0xc3 in for 0x95
01-29 07:27:30.896 15951 16012 E com.mbwhatsapp: Shared attribute region not
available to be mapped
01-29 07:27:30.963 15951 16012 E com.mbwhatsapp: Shared attribute region not
available to be mapped
01-29 07:27:30.970 15951 15951 E ArmVmp : Match on catch block at 0xc3 in for 0x91
01-29 07:27:30.979 15951 15951 E ArmVmp : Match on catch block at 0xc3 in for 0x95
01-29 07:27:31.019 15951 16012 W libEGL : EGLNativeWindowType 0x70121408
disconnect failed
01-29 07:27:31.044 15951 16012 E com.mbwhatsapp: Shared attribute region not
available to be mapped
01-29 07:27:31.892 15951 15951 E ArmVmp : Match on catch block at 0xc3 in for 0x91
01-29 07:27:31.921 15951 15951 E ArmVmp : Match on catch block at 0xc3 in for 0x95
01-29 07:27:31.940 15951 15951 E ArmVmp : Match on catch block at 0xc3 in for 0x95
01-29 07:27:31.964 15951 15951 E ArmVmp : Match on catch block at 0xc3 in for 0x99
01-29 07:27:31.980 15951 15951 E ArmVmp : Match on catch block at 0xc3 in for 0x99
01-29 07:27:32.000 15951 15951 E ArmVmp : Match on catch block at 0xc3 in for 0x91
01-29 07:27:32.041 15951 15951 E ArmVmp : Match on catch block at 0xc3 in for 0x91
01-29 07:27:32.054 15951 15951 E ArmVmp : Match on catch block at 0xc3 in for 0x95
01-29 07:27:32.072 15951 15951 E ArmVmp : Match on catch block at 0xc3 in for 0x95
01-29 07:27:32.081 15951 15951 E ArmVmp : Match on catch block at 0xc3 in for 0x99
01-29 07:27:32.095 15951 15951 E ArmVmp : Match on catch block at 0xc3 in for 0x99
01-29 07:27:32.107 15951 15951 E ArmVmp : Match on catch block at 0xc3 in for 0x91
01-29 07:27:32.123 15951 15951 E ArmVmp : Match on catch block at 0xc3 in for 0x91
01-29 07:27:32.137 15951 15951 E ArmVmp : Match on catch block at 0xc3 in for 0x95
01-29 07:27:32.158 15951 15951 E ArmVmp : Match on catch block at 0xc3 in for 0x95
01-29 07:27:32.166 15951 15951 E ArmVmp : Match on catch block at 0xc3 in for 0x99
01-29 07:27:32.541 15951 16012 E com.mbwhatsapp: Shared attribute region not
available to be mapped
01-29 07:27:32.594 15951 16012 E com.mbwhatsapp: Shared attribute region not
available to be mapped
01-29 07:27:37.246 15951 16012 W libEGL : EGLNativeWindowType 0x70121408
disconnect failed
01-29 07:27:37.276 15951 15951 W InputEventReceiver: Attempted to finish an input
event but the input event receiver has already been disposed.
01-29 07:27:37.399 15951 15951 E ArmVmp : Match on catch block at 0xc3 in for 0x91
01-29 07:27:37.410 15951 15951 E ArmVmp : Match on catch block at 0xc3 in for 0x95
01-29 07:27:37.873 15951 15951 E ArmVmp : Match on catch block at 0xc3 in for 0x95
01-29 07:27:37.916 15951 15951 E ArmVmp : Match on catch block at 0xc3 in for 0x99
01-29 07:27:37.959 15951 15951 E ArmVmp : Match on catch block at 0xc3 in for 0x95
01-29 07:27:37.976 15951 15951 E ArmVmp : Match on catch block at 0xc3 in for 0x99
01-29 07:27:38.021 15951 15951 E ArmVmp : Match on catch block at 0xc3 in for 0x99
01-29 07:27:38.030 15951 15951 E ArmVmp : Match on catch block at 0xc3 in for 0x91
01-29 07:27:38.357 15951 15951 E ArmVmp : Match on catch block at 0xc3 in for 0x91
01-29 07:27:38.374 15951 15951 E ArmVmp : Match on catch block at 0xc3 in for 0x95
01-29 07:27:38.780 15951 15951 E ArmVmp : Match on catch block at 0xc3 in for 0x91
01-29 07:27:38.789 15951 15951 E ArmVmp : Match on catch block at 0xc3 in for 0x95
01-29 07:27:38.863 15951 15951 E ArmVmp : Match on catch block at 0xc3 in for 0x95
01-29 07:27:38.882 15951 15951 E ArmVmp : Match on catch block at 0xc3 in for 0x99
01-29 07:27:38.915 15951 15951 E ArmVmp : Match on catch block at 0xc3 in for 0x99
01-29 07:27:38.928 15951 15951 E ArmVmp : Match on catch block at 0xc3 in for 0x91
01-29 07:27:39.190 15951 15951 E ArmVmp : Match on catch block at 0xc3 in for 0x99
01-29 07:27:39.209 15951 15951 E ArmVmp : Match on catch block at 0xc3 in for 0x91
01-29 07:27:39.277 15951 15951 E ArmVmp : Match on catch block at 0xc3 in for 0x91
01-29 07:27:39.289 15951 15951 E ArmVmp : Match on catch block at 0xc3 in for 0x95
01-29 07:27:39.412 15951 15951 E ArmVmp : Match on catch block at 0xc3 in for 0x95
01-29 07:27:39.422 15951 15951 E ArmVmp : Match on catch block at 0xc3 in for 0x99
01-29 07:27:39.465 15951 15951 E ArmVmp : Match on catch block at 0xc3 in for 0x95
01-29 07:27:39.474 15951 15951 E ArmVmp : Match on catch block at 0xc3 in for 0x99
01-29 07:27:39.529 15951 15951 E ArmVmp : Match on catch block at 0xc3 in for 0x99
01-29 07:27:39.540 15951 15951 E ArmVmp : Match on catch block at 0xc3 in for 0x91
01-29 07:27:39.764 15951 15951 E ArmVmp : Match on catch block at 0xc3 in for 0x99
01-29 07:27:39.778 15951 15951 E ArmVmp : Match on catch block at 0xc3 in for 0x91
01-29 07:27:39.831 15951 15951 E ArmVmp : Match on catch block at 0xc3 in for 0x91
01-29 07:27:39.843 15951 15951 E ArmVmp : Match on catch block at 0xc3 in for 0x95
01-29 07:27:39.917 15951 15951 E ArmVmp : Match on catch block at 0xc3 in for 0x95
01-29 07:27:39.924 15951 15951 E ArmVmp : Match on catch block at 0xc3 in for 0x99
01-29 07:27:40.018 15951 15951 E ArmVmp : Match on catch block at 0xc3 in for 0x95
01-29 07:27:40.026 15951 15951 E ArmVmp : Match on catch block at 0xc3 in for 0x99
01-29 07:27:40.082 15951 15951 E ArmVmp : Match on catch block at 0xc3 in for 0x99
01-29 07:27:40.092 15951 15951 E ArmVmp : Match on catch block at 0xc3 in for 0x91
01-29 07:27:40.272 15951 15951 E ArmVmp : Match on catch block at 0xc3 in for 0x99
01-29 07:27:40.288 15951 15951 E ArmVmp : Match on catch block at 0xc3 in for 0x91
01-29 07:27:40.333 15951 15951 E ArmVmp : Match on catch block at 0xc3 in for 0x91
01-29 07:27:40.344 15951 15951 E ArmVmp : Match on catch block at 0xc3 in for 0x95
01-29 07:27:40.419 15951 15951 E ArmVmp : Match on catch block at 0xc3 in for 0x95
01-29 07:27:40.426 15951 15951 E ArmVmp : Match on catch block at 0xc3 in for 0x99
01-29 07:27:40.502 15951 15951 E ArmVmp : Match on catch block at 0xc3 in for 0x95
01-29 07:27:40.512 15951 15951 E ArmVmp : Match on catch block at 0xc3 in for 0x99
01-29 07:27:40.569 15951 15951 E ArmVmp : Match on catch block at 0xc3 in for 0x99
01-29 07:27:40.580 15951 15951 E ArmVmp : Match on catch block at 0xc3 in for 0x91
01-29 07:27:40.755 15951 15951 E ArmVmp : Match on catch block at 0xc3 in for 0x99
01-29 07:27:40.766 15951 15951 E ArmVmp : Match on catch block at 0xc3 in for 0x91
01-29 07:27:40.923 15951 15951 E ArmVmp : Match on catch block at 0xc3 in for 0x91
01-29 07:27:40.942 15951 15951 E ArmVmp : Match on catch block at 0xc3 in for 0x95
01-29 07:27:41.448 15951 15951 E ArmVmp : Match on catch block at 0xc3 in for 0x91
01-29 07:27:41.457 15951 15951 E ArmVmp : Match on catch block at 0xc3 in for 0x95
01-29 07:27:41.534 15951 15951 E ArmVmp : Match on catch block at 0xc3 in for 0x91
01-29 07:27:41.550 15951 15951 E ArmVmp : Match on catch block at 0xc3 in for 0x95
01-29 07:27:41.602 15951 15951 E ArmVmp : Match on catch block at 0xc3 in for 0x95
01-29 07:27:41.614 15951 15951 E ArmVmp : Match on catch block at 0xc3 in for 0x99
01-29 07:27:41.674 15951 16012 E com.mbwhatsapp: Shared attribute region not
available to be mapped
01-29 07:27:41.686 15951 16012 E com.mbwhatsapp: Shared attribute region not
available to be mapped
01-29 07:27:41.690 15951 15951 E ArmVmp : Match on catch block at 0xc3 in for 0x99
01-29 07:27:41.703 15951 15951 E ArmVmp : Match on catch block at 0xc3 in for 0x91
01-29 07:27:41.724 15951 15951 E ArmVmp : Match on catch block at 0xc3 in for 0x91
01-29 07:27:41.736 15951 15951 E ArmVmp : Match on catch block at 0xc3 in for 0x95
01-29 07:27:41.760 15951 16012 E com.mbwhatsapp: Shared attribute region not
available to be mapped
01-29 07:27:41.788 15951 16012 W libEGL : EGLNativeWindowType 0x70121408
disconnect failed
01-29 07:27:41.799 15951 16012 E com.mbwhatsapp: Shared attribute region not
available to be mapped
01-29 07:27:41.828 15951 15951 E ArmVmp : Match on catch block at 0xc3 in for 0x95
01-29 07:27:41.836 15951 15951 E ArmVmp : Match on catch block at 0xc3 in for 0x99
01-29 07:27:41.864 15951 16012 E com.mbwhatsapp: Shared attribute region not
available to be mapped
01-29 07:27:41.865 15951 15951 E ArmVmp : Match on catch block at 0xc3 in for 0x99
01-29 07:27:41.879 15951 15951 E ArmVmp : Match on catch block at 0xc3 in for 0x91
01-29 07:27:41.918 15951 16012 E com.mbwhatsapp: Shared attribute region not
available to be mapped
01-29 07:27:42.090 15951 15951 E ArmVmp : Match on catch block at 0xc3 in for 0x91
01-29 07:27:42.105 15951 15951 E ArmVmp : Match on catch block at 0xc3 in for 0x95
01-29 07:27:42.428 15951 15951 E ArmVmp : Match on catch block at 0xc3 in for 0x95
01-29 07:27:42.437 15951 15951 E ArmVmp : Match on catch block at 0xc3 in for 0x99
01-29 07:27:42.495 15951 15951 E ArmVmp : Match on catch block at 0xc3 in for 0x95
01-29 07:27:42.502 15951 15951 E ArmVmp : Match on catch block at 0xc3 in for 0x99
01-29 07:27:42.595 15951 15951 E ArmVmp : Match on catch block at 0xc3 in for 0x99
01-29 07:27:42.601 15951 15951 E ArmVmp : Match on catch block at 0xc3 in for 0x91
01-29 07:27:42.654 15951 16012 W libEGL : EGLNativeWindowType 0x70121408
disconnect failed
01-29 07:27:42.663 15951 15951 W InputEventReceiver: Attempted to finish an input
event but the input event receiver has already been disposed.
01-29 07:27:42.739 15951 15951 E ArmVmp : Match on catch block at 0xc3 in for 0x91
01-29 07:27:42.758 15951 15951 E ArmVmp : Match on catch block at 0xc3 in for 0x95
01-29 07:27:42.785 15951 15951 E ArmVmp : Match on catch block at 0xc3 in for 0x95
01-29 07:27:42.807 15951 15951 E ArmVmp : Match on catch block at 0xc3 in for 0x99
01-29 07:27:42.824 15951 15951 E ArmVmp : Match on catch block at 0xc3 in for 0x99
01-29 07:27:42.849 15951 15951 E ArmVmp : Match on catch block at 0xc3 in for 0x91
01-29 07:27:42.860 15951 15951 E ArmVmp : Match on catch block at 0xc3 in for 0x91
01-29 07:27:42.879 15951 15951 E ArmVmp : Match on catch block at 0xc3 in for 0x95
01-29 07:27:42.897 15951 15951 E ArmVmp : Match on catch block at 0xc3 in for 0x95
01-29 07:27:42.913 15951 15951 E ArmVmp : Match on catch block at 0xc3 in for 0x99
01-29 07:27:42.930 15951 15951 E ArmVmp : Match on catch block at 0xc3 in for 0x99
01-29 07:27:42.958 15951 15951 E ArmVmp : Match on catch block at 0xc3 in for 0x91
01-29 07:27:42.975 15951 15951 E ArmVmp : Match on catch block at 0xc3 in for 0x91
01-29 07:27:42.983 15951 15951 E ArmVmp : Match on catch block at 0xc3 in for 0x95
01-29 07:27:42.998 15951 15951 E ArmVmp : Match on catch block at 0xc3 in for 0x95
01-29 07:27:43.014 15951 15951 E ArmVmp : Match on catch block at 0xc3 in for 0x99
01-29 07:27:43.034 15951 15951 E ArmVmp : Match on catch block at 0xc3 in for 0x99
01-29 07:27:43.051 15951 15951 E ArmVmp : Match on catch block at 0xc3 in for 0x91
01-29 07:27:43.069 15951 15951 E ArmVmp : Match on catch block at 0xc3 in for 0x91
01-29 07:27:43.085 15951 15951 E ArmVmp : Match on catch block at 0xc3 in for 0x95
01-29 07:27:43.098 15951 15951 E ArmVmp : Match on catch block at 0xc3 in for 0x95
01-29 07:27:43.104 15951 15951 E ArmVmp : Match on catch block at 0xc3 in for 0x99
01-29 07:27:43.117 15951 15951 E ArmVmp : Match on catch block at 0xc3 in for 0x99
01-29 07:27:43.129 15951 15951 E ArmVmp : Match on catch block at 0xc3 in for 0x91
01-29 07:27:43.529 15951 15951 E ArmVmp : Match on catch block at 0xc3 in for 0x95
01-29 07:27:43.545 15951 15951 E ArmVmp : Match on catch block at 0xc3 in for 0x99
01-29 07:27:43.590 15951 15951 E ArmVmp : Match on catch block at 0xc3 in for 0x99
01-29 07:27:43.607 15951 15951 E ArmVmp : Match on catch block at 0xc3 in for 0x91
01-29 07:27:43.710 15951 15951 E ArmVmp : Match on catch block at 0xc3 in for 0x91
01-29 07:27:43.722 15951 15951 E ArmVmp : Match on catch block at 0xc3 in for 0x95
01-29 07:27:43.864 15951 16012 E com.mbwhatsapp: Shared attribute region not
available to be mapped
01-29 07:27:43.994 15951 16012 E com.mbwhatsapp: Shared attribute region not
available to be mapped
01-29 07:27:44.113 15951 16012 E com.mbwhatsapp: Shared attribute region not
available to be mapped
01-29 07:27:44.577 15951 16012 W libEGL : EGLNativeWindowType 0x6fc61408
disconnect failed
01-29 07:27:44.593 15951 15951 E ArmVmp : Match on catch block at 0xc3 in for 0x95
01-29 07:27:44.609 15951 15951 E ArmVmp : Match on catch block at 0xc3 in for 0x99
01-29 07:27:46.498 15951 16012 E com.mbwhatsapp: Shared attribute region not
available to be mapped
01-29 07:27:46.550 15951 16012 E com.mbwhatsapp: Shared attribute region not
available to be mapped
01-29 07:27:46.915 15951 16012 E com.mbwhatsapp: Shared attribute region not
available to be mapped
01-29 07:27:47.005 15951 15951 W pool-6-thread-1: type=1400 audit(0.0:201379): avc:
granted { execute } for
path="/data/data/com.mbwhatsapp/files/decompressed/libs.spk.zst/libgifimage.so"
dev="dm-11" ino=106574 scontext=u:r:untrusted_app:s0:c227,c256,c512,c768
tcontext=u:object_r:app_data_file:s0:c227,c256,c512,c768 tclass=file
app=com.mbwhatsapp
01-29 07:27:47.194 15951 16012 W libEGL : EGLNativeWindowType 0x70121408
disconnect failed
01-29 07:27:48.534 15951 15951 E ArmVmp : Match on catch block at 0x8d in for 0xd9
01-29 07:27:48.571 15951 15951 E ArmVmp : Match on catch block at 0x8d in for 0xd5
01-29 07:27:48.658 15951 16012 E com.mbwhatsapp: Shared attribute region not
available to be mapped
01-29 07:27:48.872 15951 15951 W BottomSheetBehavior: BottomSheetBehavior now
supports multiple callbacks. `setBottomSheetCallback()` removes all existing
callbacks, including ones set internally by library authors, which may result in
unintended behavior. This may change in the future. Please use
`addBottomSheetCallback()` and `removeBottomSheetCallback()` instead to set your
own callbacks.
01-29 07:27:48.874 15951 15951 W BottomSheetBehavior: BottomSheetBehavior now
supports multiple callbacks. `setBottomSheetCallback()` removes all existing
callbacks, including ones set internally by library authors, which may result in
unintended behavior. This may change in the future. Please use
`addBottomSheetCallback()` and `removeBottomSheetCallback()` instead to set your
own callbacks.
01-29 07:27:49.416 15951 15951 W BottomSheetBehavior: BottomSheetBehavior now
supports multiple callbacks. `setBottomSheetCallback()` removes all existing
callbacks, including ones set internally by library authors, which may result in
unintended behavior. This may change in the future. Please use
`addBottomSheetCallback()` and `removeBottomSheetCallback()` instead to set your
own callbacks.
01-29 07:27:49.416 15951 15951 W BottomSheetBehavior: BottomSheetBehavior now
supports multiple callbacks. `setBottomSheetCallback()` removes all existing
callbacks, including ones set internally by library authors, which may result in
unintended behavior. This may change in the future. Please use
`addBottomSheetCallback()` and `removeBottomSheetCallback()` instead to set your
own callbacks.
01-29 07:27:49.509 15951 15951 W BottomSheetBehavior: BottomSheetBehavior now
supports multiple callbacks. `setBottomSheetCallback()` removes all existing
callbacks, including ones set internally by library authors, which may result in
unintended behavior. This may change in the future. Please use
`addBottomSheetCallback()` and `removeBottomSheetCallback()` instead to set your
own callbacks.
01-29 07:27:49.510 15951 15951 W BottomSheetBehavior: BottomSheetBehavior now
supports multiple callbacks. `setBottomSheetCallback()` removes all existing
callbacks, including ones set internally by library authors, which may result in
unintended behavior. This may change in the future. Please use
`addBottomSheetCallback()` and `removeBottomSheetCallback()` instead to set your
own callbacks.
01-29 07:27:49.560 15951 16012 W libEGL : EGLNativeWindowType 0x70121408
disconnect failed
01-29 07:27:49.620 15951 16012 E com.mbwhatsapp: Shared attribute region not
available to be mapped
01-29 07:27:49.671 15951 16012 W libEGL : EGLNativeWindowType 0x6fc61408
disconnect failed
01-29 07:27:49.685 15951 16012 E com.mbwhatsapp: Shared attribute region not
available to be mapped
01-29 07:27:50.100 15951 16012 E com.mbwhatsapp: Shared attribute region not
available to be mapped
01-29 07:27:50.160 15951 16012 E com.mbwhatsapp: Shared attribute region not
available to be mapped
01-29 07:27:50.214 15951 16012 E com.mbwhatsapp: Shared attribute region not
available to be mapped
01-29 07:27:50.296 15951 16012 E com.mbwhatsapp: Shared attribute region not
available to be mapped
01-29 07:27:50.329 15951 16211 W AudioCapabilities: Unsupported mime audio/mpeg-L1
01-29 07:27:50.344 15951 16211 W AudioCapabilities: Unsupported mime audio/mpeg-L2
01-29 07:27:50.410 15951 16211 W VideoCapabilities: Unrecognized profile/level
32768/2 for video/mp4v-es
01-29 07:27:50.410 15951 16211 W VideoCapabilities: Unrecognized profile/level
32768/64 for video/mp4v-es
01-29 07:27:50.499 15951 15966 W System : A resource failed to call release.
01-29 07:27:50.510 15951 15966 W System : A resource failed to call release.
01-29 07:27:50.510 15951 15966 W System : A resource failed to call release.
01-29 07:27:50.678 15951 16224 E ACodec : [OMX.sprd.h264.decoder] setPortMode on
output to DynamicANWBuffer failed w/ err -2147483648
01-29 07:27:50.679 15951 16224 E ACodec : video width is 576, hegiht is 1024
01-29 07:27:50.824 15951 15966 W System : A resource failed to call release.
01-29 07:27:50.827 15951 15966 W System : A resource failed to call release.
01-29 07:27:50.827 15951 15966 W System : A resource failed to call release.
01-29 07:27:50.840 15951 16224 W Gralloc4: allocator 3.x is not supported
01-29 07:27:50.847 15951 16224 W Gralloc3: allocator 3.x is not supported
01-29 07:27:51.161 15951 16228 W Codec2Client: query -- param skipped: index =
1107298332.
01-29 07:27:51.161 15951 16228 W CCodec : This behavior is subject to change. It
is recommended that app developers double check whether the requested max input
size is in reasonable range.
01-29 07:27:51.164 15951 16228 W Codec2Client: query -- param skipped: index =
1342179345.
01-29 07:27:51.165 15951 16228 W Codec2Client: query -- param skipped: index =
2415921170.
01-29 07:27:51.165 15951 16228 W Codec2Client: query -- param skipped: index =
1610614798.
01-29 07:27:51.168 15951 16228 E FMQ : grantorIdx must be less than 3
01-29 07:27:51.168 15951 16228 E FMQ : grantorIdx must be less than 3
01-29 07:27:51.178 15951 16228 E ion : ioctl c0044901 failed with code -1:
Inappropriate ioctl for device
01-29 07:27:51.219 15951 16228 E FMQ : grantorIdx must be less than 3
01-29 07:27:51.259 15951 16225 E FMQ : grantorIdx must be less than 3
01-29 07:27:51.360 15951 16012 E com.mbwhatsapp: Shared attribute region not
available to be mapped
01-29 07:27:51.918 15951 16012 E com.mbwhatsapp: Shared attribute region not
available to be mapped
01-29 07:27:51.979 15951 16012 E com.mbwhatsapp: Shared attribute region not
available to be mapped
01-29 07:27:52.041 15951 16012 E com.mbwhatsapp: Shared attribute region not
available to be mapped
01-29 07:27:52.064 15951 16012 E com.mbwhatsapp: Shared attribute region not
available to be mapped
01-29 07:27:52.109 15951 16012 E com.mbwhatsapp: Shared attribute region not
available to be mapped
01-29 07:27:52.143 15951 16012 E com.mbwhatsapp: Shared attribute region not
available to be mapped
01-29 07:27:52.261 15951 16012 E com.mbwhatsapp: Shared attribute region not
available to be mapped
01-29 07:27:52.370 15951 16012 E com.mbwhatsapp: Shared attribute region not
available to be mapped
01-29 07:27:52.438 15951 16012 E com.mbwhatsapp: Shared attribute region not
available to be mapped
01-29 07:27:53.201 15951 16012 E com.mbwhatsapp: Shared attribute region not
available to be mapped
01-29 07:27:53.310 15951 16012 E com.mbwhatsapp: Shared attribute region not
available to be mapped
01-29 07:27:54.095 15951 16012 E com.mbwhatsapp: Shared attribute region not
available to be mapped
--------- beginning of system
--------- beginning of main
01-29 07:33:38.689 15951 16012 E com.mbwhatsapp: Shared attribute region not
available to be mapped
01-29 07:33:38.738 15951 16012 E com.mbwhatsapp: Shared attribute region not
available to be mapped
01-29 07:33:39.729 15951 16012 E com.mbwhatsapp: Shared attribute region not
available to be mapped
01-29 07:33:40.320 15951 16012 W libEGL : EGLNativeWindowType 0x6fc5f808
disconnect failed
01-29 07:33:41.760 16686 16686 E com.mbwhatsapp: Not starting debugger since
process cannot load the jdwp agent.
01-29 07:33:42.128 16686 16686 W System.err: java.lang.ClassNotFoundException:
mbmodsd.mbmodsw.ui.views.btn.BtnBK
01-29 07:33:42.128 16686 16686 W System.err: at
java.lang.Runtime.nativeLoad(Native Method)
01-29 07:33:42.129 16686 16686 W System.err: at
java.lang.Runtime.nativeLoad(Runtime.java:1131)
01-29 07:33:42.129 16686 16686 W System.err: at
java.lang.Runtime.loadLibrary0(Runtime.java:1085)
01-29 07:33:42.129 16686 16686 W System.err: at
java.lang.Runtime.loadLibrary0(Runtime.java:1008)
01-29 07:33:42.129 16686 16686 W System.err: at
java.lang.System.loadLibrary(System.java:1664)
01-29 07:33:42.129 16686 16686 W System.err: at arm.EpicVm.<clinit>(Unknown
Source:2)
01-29 07:33:42.129 16686 16686 W System.err: at
java.lang.Class.newInstance(Native Method)
01-29 07:33:42.129 16686 16686 W System.err: at
android.app.AppComponentFactory.instantiateApplication(AppComponentFactory.java:76)
01-29 07:33:42.129 16686 16686 W System.err: at
androidx.core.app.CoreComponentFactory.instantiateApplication(Unknown Source:0)
01-29 07:33:42.129 16686 16686 W System.err: at
android.app.Instrumentation.newApplication(Instrumentation.java:1158)
01-29 07:33:42.130 16686 16686 W System.err: at
android.app.LoadedApk.makeApplication(LoadedApk.java:1268)
01-29 07:33:42.130 16686 16686 W System.err: at
android.app.ActivityThread.handleBindApplication(ActivityThread.java:6901)
01-29 07:33:42.130 16686 16686 W System.err: at
android.app.ActivityThread.access$1400(ActivityThread.java:260)
01-29 07:33:42.130 16686 16686 W System.err: at
android.app.ActivityThread$H.handleMessage(ActivityThread.java:1977)
01-29 07:33:42.130 16686 16686 W System.err: at
android.os.Handler.dispatchMessage(Handler.java:106)
01-29 07:33:42.130 16686 16686 W System.err: at
android.os.Looper.loop(Looper.java:223)
01-29 07:33:42.130 16686 16686 W System.err: at
android.app.ActivityThread.main(ActivityThread.java:7977)
01-29 07:33:42.130 16686 16686 W System.err: at
java.lang.reflect.Method.invoke(Native Method)
01-29 07:33:42.130 16686 16686 W System.err: at
com.android.internal.os.RuntimeInit$MethodAndArgsCaller.run(RuntimeInit.java:603)
01-29 07:33:42.130 16686 16686 W System.err: at
com.android.internal.os.ZygoteInit.main(ZygoteInit.java:947)
01-29 07:33:42.152 16686 16686 E CustomActivityOnCrash: IMPORTANT WARNING! You
already have an UncaughtExceptionHandler, are you sure this is correct? If you use
a custom UncaughtExceptionHandler, you must initialize it AFTER
CustomActivityOnCrash! Installing anyway, but your original handler will not be
called.
01-29 07:33:42.962 16686 16686 W com.mbwhatsapp: Accessing hidden method
Lcom/android/org/conscrypt/OpenSSLSocketImpl;->setUseSessionTickets(Z)V (greylist-
max-q,core-platform-api, reflection, denied)
01-29 07:33:42.962 16686 16686 W com.mbwhatsapp: Accessing hidden method
Lcom/android/org/conscrypt/AbstractConscryptSocket;->setUseSessionTickets(Z)V
(greylist-max-q, reflection, denied)
01-29 07:33:43.105 16686 16686 W com.mbwhatsapp: type=1400 audit(0.0:202320): avc:
granted { execute } for
path="/data/data/com.mbwhatsapp/files/decompressed/libs.spk.zst/libc++_shared.so"
dev="dm-11" ino=107961 scontext=u:r:untrusted_app:s0:c227,c256,c512,c768
tcontext=u:object_r:app_data_file:s0:c227,c256,c512,c768 tclass=file
app=com.mbwhatsapp
01-29 07:33:43.105 16686 16686 W com.mbwhatsapp: type=1400 audit(0.0:202321): avc:
granted { execute } for
path="/data/data/com.mbwhatsapp/files/decompressed/libs.spk.zst/libvlc.so" dev="dm-
11" ino=106487 scontext=u:r:untrusted_app:s0:c227,c256,c512,c768
tcontext=u:object_r:app_data_file:s0:c227,c256,c512,c768 tclass=file
app=com.mbwhatsapp
01-29 07:33:43.145 16686 16686 W com.mbwhatsapp: type=1400 audit(0.0:202322): avc:
granted { execute } for
path="/data/data/com.mbwhatsapp/files/decompressed/libs.spk.zst/libwhatsapp.so"
dev="dm-11" ino=106577 scontext=u:r:untrusted_app:s0:c227,c256,c512,c768
tcontext=u:object_r:app_data_file:s0:c227,c256,c512,c768 tclass=file
app=com.mbwhatsapp
01-29 07:33:43.235 16686 16686 W com.mbwhatsapp: type=1400 audit(0.0:202323): avc:
granted { execute } for
path="/data/data/com.mbwhatsapp/files/decompressed/libs.spk.zst/libcurve25519.so"
dev="dm-11" ino=106571 scontext=u:r:untrusted_app:s0:c227,c256,c512,c768
tcontext=u:object_r:app_data_file:s0:c227,c256,c512,c768 tclass=file
app=com.mbwhatsapp
01-29 07:33:43.255 16686 16686 W com.mbwhatsapp: type=1400 audit(0.0:202324): avc:
granted { execute } for
path="/data/data/com.mbwhatsapp/files/decompressed/libs.spk.zst/libwhatsapp.so"
dev="dm-11" ino=106577 scontext=u:r:untrusted_app:s0:c227,c256,c512,c768
tcontext=u:object_r:app_data_file:s0:c227,c256,c512,c768 tclass=file
app=com.mbwhatsapp
01-29 07:33:43.482 16686 16686 W CheckTime: App running slow: Executing
handleBindApplication : callApplicationOnCreate took 1245ms
01-29 07:33:43.534 16686 16686 W com.mbwhatsapp: Class X.0eU failed lock
verification and will run slower.
01-29 07:33:43.534 16686 16686 W com.mbwhatsapp: Common causes for lock
verification issues are non-optimized dex code
01-29 07:33:43.534 16686 16686 W com.mbwhatsapp: and incorrect proguard
optimizations.
01-29 07:33:43.615 16686 16742 W com.mbwhatsapp: Class X.2rL failed lock
verification and will run slower.
01-29 07:33:44.305 16686 16686 W com.mbwhatsapp: Class com.mbwhatsapp.HomeActivity
failed lock verification and will run slower.
01-29 07:33:44.435 16686 16686 E ArmVmp : Match on catch block at 0x8d in for 0xd1
01-29 07:33:44.601 16686 16686 E ArmVmp : Match on catch block at 0x4c in for 0xd5
01-29 07:33:44.661 16686 16686 E ArmVmp : Match on catch block at 0x8d in for 0xd9
01-29 07:33:45.319 16686 16686 E ArmVmp : Match on catch block at 0x0a in for 0xb5
01-29 07:33:45.377 16686 16686 E ArmVmp : Match on catch block at 0x0a in for
0x125
01-29 07:33:45.848 16686 16761 W com.mbwhatsapp: Accessing hidden method
Lcom/android/org/conscrypt/ConscryptEngineSocket;->setUseSessionTickets(Z)V
(greylist-max-q,core-platform-api, reflection, denied)
01-29 07:33:45.848 16686 16761 W com.mbwhatsapp: Accessing hidden method
Lcom/android/org/conscrypt/OpenSSLSocketImpl;->setUseSessionTickets(Z)V (greylist-
max-q,core-platform-api, reflection, denied)
01-29 07:33:45.849 16686 16761 W com.mbwhatsapp: Accessing hidden method
Lcom/android/org/conscrypt/AbstractConscryptSocket;->setUseSessionTickets(Z)V
(greylist-max-q, reflection, denied)
01-29 07:33:45.849 16686 16761 W com.mbwhatsapp: Accessing hidden method
Lcom/android/org/conscrypt/ConscryptEngineSocket;->setHostname(Ljava/lang/String;)V
(greylist-max-q,core-platform-api, reflection, denied)
01-29 07:33:45.849 16686 16761 W com.mbwhatsapp: Accessing hidden method
Lcom/android/org/conscrypt/OpenSSLSocketImpl;->setHostname(Ljava/lang/String;)V
(greylist-max-q,core-platform-api, reflection, denied)
01-29 07:33:45.850 16686 16761 W com.mbwhatsapp: Accessing hidden method
Lcom/android/org/conscrypt/AbstractConscryptSocket;->setHostname(Ljava/lang/
String;)V (greylist-max-q, reflection, denied)
01-29 07:33:45.851 16686 16761 W com.mbwhatsapp: Accessing hidden method
Lcom/android/org/conscrypt/OpenSSLSocketImpl;->setAlpnProtocols([B)V (greylist-max-
q,core-platform-api, reflection, denied)
01-29 07:33:45.851 16686 16761 W com.mbwhatsapp: Accessing hidden method
Lcom/android/org/conscrypt/AbstractConscryptSocket;->setAlpnProtocols([B)V
(greylist-max-q, reflection, denied)
01-29 07:33:46.231 16686 16686 W CheckTime: App running slow: Executing activity
onCreate took 1906ms
01-29 07:33:46.395 16686 16686 W CheckTime: App running slow: Executing
com.mbwhatsapp.yo.WidgetProvider scheduleReceive took 1157ms
01-29 07:33:46.395 16686 16686 W ActivityThread: Main thread can not be idle for a
long time.
01-29 07:33:47.007 16686 16761 W com.mbwhatsapp: Accessing hidden method
Lcom/android/org/conscrypt/OpenSSLSocketImpl;->getAlpnSelectedProtocol()[B
(greylist-max-q,core-platform-api, reflection, denied)
01-29 07:33:47.027 16686 16761 W com.mbwhatsapp: Accessing hidden method
Lcom/android/org/conscrypt/AbstractConscryptSocket;->getAlpnSelectedProtocol()[B
(greylist-max-q, reflection, denied)
01-29 07:33:48.024 16686 16686 E ArmVmp : Match on catch block at 0x8d in for 0xe1
01-29 07:33:48.586 16686 16686 E ArmVmp : Match on catch block at 0x8d in for 0xe9
01-29 07:33:48.905 16686 16686 E ArmVmp : Match on catch block at 0x8d in for 0xe1
01-29 07:33:49.139 16686 16686 E ArmVmp : Match on catch block at 0x8d in for 0xe5
01-29 07:33:49.372 16686 16686 E ArmVmp : Match on catch block at 0x8d in for 0xe9
01-29 07:33:49.634 16686 16686 E ArmVmp : Match on catch block at 0x8d in for 0xe9
01-29 07:33:49.886 16686 16686 E ArmVmp : Match on catch block at 0x8d in for 0xe9
01-29 07:33:50.119 16686 16686 E ArmVmp : Match on catch block at 0x8d in for 0xe9
01-29 07:33:50.268 16686 16686 E RecyclerView: No adapter attached; skipping layout
01-29 07:33:50.363 16686 16686 E OpenGLRenderer: ~SkiaDisplayList() ##### pid =
16686
01-29 07:33:50.377 16686 16758 W Gralloc3: mapper 3.x is not supported
01-29 07:33:50.388 16686 16758 E com.mbwhatsapp: Shared attribute region not
available to be mapped
01-29 07:33:50.488 16686 16686 E ArmVmp : Match on catch block at 0x0a in for 0xc5
01-29 07:33:50.649 16686 16686 E RecyclerView: No adapter attached; skipping layout
01-29 07:33:50.676 16686 16758 E com.mbwhatsapp: Shared attribute region not
available to be mapped
01-29 07:33:50.922 16686 16758 E com.mbwhatsapp: Shared attribute region not
available to be mapped
01-29 07:33:51.332 16686 16686 E ArmVmp : Match on catch block at 0x8d in for
0x115
01-29 07:33:51.363 16686 16686 E ArmVmp : Match on catch block at 0x8d in for
0x111
01-29 07:33:51.388 16686 16686 E ArmVmp : Match on catch block at 0x8d in for
0x119
01-29 07:33:51.410 16686 16686 E ArmVmp : Match on catch block at 0x8d in for
0x115
01-29 07:33:51.456 16686 16814 W LOTTIE : Animation contains merge paths. Merge
paths are only supported on KitKat+ and must be manually enabled by calling
enableMergePathsForKitKatAndAbove().
01-29 07:33:52.053 16686 16686 W LOTTIE : Animation contains merge paths but they
are disabled.
01-29 07:33:52.317 16686 16815 W com.mbwhatsapp: Verification of void X.3e2.run()
took 466.832ms (8337.03 bytecodes/s) (64216B approximate peak alloc)
01-29 07:33:52.496 16686 16710 W LibraryVersion: Failed to get app version for
libraryName: firebase-iid
01-29 07:33:52.610 16686 16686 E ArmVmp : Match on catch block at 0x8d in for 0xd5
