01-23 17:52:00.636 23382 23382 E ArmVmp : Match on catch block at 0xc3 in for 0x95
01-23 17:52:00.653 23382 23382 E ArmVmp : Match on catch block at 0xc3 in for 0x95
01-23 17:52:00.658 23382 23382 E ArmVmp : Match on catch block at 0xc3 in for 0x99
01-23 17:52:00.663 23382 23382 E ArmVmp : Match on catch block at 0xc3 in for 0x99
01-23 17:52:00.678 23382 23382 E ArmVmp : Match on catch block at 0xc3 in for 0x95
01-23 17:52:00.683 23382 23382 E ArmVmp : Match on catch block at 0xc3 in for 0x99
01-23 17:52:00.688 23382 23382 E ArmVmp : Match on catch block at 0xc3 in for 0x99
01-23 17:52:00.731 23382 23382 E ArmVmp : Match on catch block at 0xc3 in for 0x91
01-23 17:52:00.737 23382 23382 E ArmVmp : Match on catch block at 0xc3 in for 0x95
01-23 17:52:00.742 23382 23382 E ArmVmp : Match on catch block at 0xc3 in for 0x95
01-23 17:52:00.781 23382 23382 E ArmVmp : Match on catch block at 0xc3 in for 0x99
01-23 17:52:00.787 23382 23382 E ArmVmp : Match on catch block at 0xc3 in for 0x91
01-23 17:52:00.792 23382 23382 E ArmVmp : Match on catch block at 0xc3 in for 0x91
01-23 17:52:00.830 23382 23382 E ArmVmp : Match on catch block at 0xc3 in for 0x95
01-23 17:52:00.836 23382 23382 E ArmVmp : Match on catch block at 0xc3 in for 0x99
01-23 17:52:00.842 23382 23382 E ArmVmp : Match on catch block at 0xc3 in for 0x99
01-23 17:52:00.896 23382 23382 E ArmVmp : Match on catch block at 0xc3 in for 0x91
01-23 17:52:00.903 23382 23382 E ArmVmp : Match on catch block at 0xc3 in for 0x95
01-23 17:52:00.912 23382 23382 E ArmVmp : Match on catch block at 0xc3 in for 0x95
01-23 17:52:00.946 23382 23382 E ArmVmp : Match on catch block at 0xc3 in for 0x99
01-23 17:52:00.952 23382 23382 E ArmVmp : Match on catch block at 0xc3 in for 0x91
01-23 17:52:00.957 23382 23382 E ArmVmp : Match on catch block at 0xc3 in for 0x91
01-23 17:52:00.996 23382 23382 E ArmVmp : Match on catch block at 0xc3 in for 0x95
01-23 17:52:01.001 23382 23382 E ArmVmp : Match on catch block at 0xc3 in for 0x99
01-23 17:52:01.006 23382 23382 E ArmVmp : Match on catch block at 0xc3 in for 0x99
01-23 17:52:01.045 23382 23382 E ArmVmp : Match on catch block at 0xc3 in for 0x91
01-23 17:52:01.051 23382 23382 E ArmVmp : Match on catch block at 0xc3 in for 0x95
01-23 17:52:01.056 23382 23382 E ArmVmp : Match on catch block at 0xc3 in for 0x95
01-23 17:52:01.078 23382 23382 E ArmVmp : Match on catch block at 0xc3 in for 0x99
01-23 17:52:01.084 23382 23382 E ArmVmp : Match on catch block at 0xc3 in for 0x91
01-23 17:52:01.089 23382 23382 E ArmVmp : Match on catch block at 0xc3 in for 0x91
01-23 17:52:01.111 23382 23382 E ArmVmp : Match on catch block at 0xc3 in for 0x95
01-23 17:52:01.117 23382 23382 E ArmVmp : Match on catch block at 0xc3 in for 0x99
01-23 17:52:01.122 23382 23382 E ArmVmp : Match on catch block at 0xc3 in for 0x99
01-23 17:52:01.161 23382 23382 E ArmVmp : Match on catch block at 0xc3 in for 0x91
01-23 17:52:01.167 23382 23382 E ArmVmp : Match on catch block at 0xc3 in for 0x95
01-23 17:52:01.173 23382 23382 E ArmVmp : Match on catch block at 0xc3 in for 0x95
01-23 17:52:01.211 23382 23382 E ArmVmp : Match on catch block at 0xc3 in for 0x99
01-23 17:52:01.217 23382 23382 E ArmVmp : Match on catch block at 0xc3 in for 0x91
01-23 17:52:01.222 23382 23382 E ArmVmp : Match on catch block at 0xc3 in for 0x91
01-23 17:52:01.261 23382 23382 E ArmVmp : Match on catch block at 0xc3 in for 0x95
01-23 17:52:01.266 23382 23382 E ArmVmp : Match on catch block at 0xc3 in for 0x99
01-23 17:52:01.271 23382 23382 E ArmVmp : Match on catch block at 0xc3 in for 0x99
01-23 17:52:01.315 23382 23382 E ArmVmp : Match on catch block at 0xc3 in for 0x95
01-23 17:52:01.321 23382 23382 E ArmVmp : Match on catch block at 0xc3 in for 0x99
01-23 17:52:01.326 23382 23382 E ArmVmp : Match on catch block at 0xc3 in for 0x99
01-23 17:52:01.377 23382 23382 E ArmVmp : Match on catch block at 0xc3 in for 0x91
01-23 17:52:01.383 23382 23382 E ArmVmp : Match on catch block at 0xc3 in for 0x95
01-23 17:52:01.388 23382 23382 E ArmVmp : Match on catch block at 0xc3 in for 0x95
01-23 17:52:01.426 23382 23382 E ArmVmp : Match on catch block at 0xc3 in for 0x99
01-23 17:52:01.432 23382 23382 E ArmVmp : Match on catch block at 0xc3 in for 0x91
01-23 17:52:01.437 23382 23382 E ArmVmp : Match on catch block at 0xc3 in for 0x91
01-23 17:52:01.476 23382 23382 E ArmVmp : Match on catch block at 0xc3 in for 0x95
01-23 17:52:01.482 23382 23382 E ArmVmp : Match on catch block at 0xc3 in for 0x99
01-23 17:52:01.488 23382 23382 E ArmVmp : Match on catch block at 0xc3 in for 0x99
01-23 17:52:01.526 23382 23382 E ArmVmp : Match on catch block at 0xc3 in for 0x91
01-23 17:52:01.532 23382 23382 E ArmVmp : Match on catch block at 0xc3 in for 0x95
01-23 17:52:01.537 23382 23382 E ArmVmp : Match on catch block at 0xc3 in for 0x95
01-23 17:52:01.576 23382 23382 E ArmVmp : Match on catch block at 0xc3 in for 0x99
01-23 17:52:01.581 23382 23382 E ArmVmp : Match on catch block at 0xc3 in for 0x91
01-23 17:52:01.587 23382 23382 E ArmVmp : Match on catch block at 0xc3 in for 0x91
01-23 17:52:01.609 23382 23382 E ArmVmp : Match on catch block at 0xc3 in for 0x95
01-23 17:52:01.615 23382 23382 E ArmVmp : Match on catch block at 0xc3 in for 0x99
01-23 17:52:01.620 23382 23382 E ArmVmp : Match on catch block at 0xc3 in for 0x99
01-23 17:52:01.659 23382 23382 E ArmVmp : Match on catch block at 0xc3 in for 0x91
01-23 17:52:01.665 23382 23382 E ArmVmp : Match on catch block at 0xc3 in for 0x95
01-23 17:52:01.671 23382 23382 E ArmVmp : Match on catch block at 0xc3 in for 0x95
01-23 17:52:01.708 23382 23382 E ArmVmp : Match on catch block at 0xc3 in for 0x99
01-23 17:52:01.715 23382 23382 E ArmVmp : Match on catch block at 0xc3 in for 0x91
01-23 17:52:01.721 23382 23382 E ArmVmp : Match on catch block at 0xc3 in for 0x91
01-23 17:52:01.758 23382 23382 E ArmVmp : Match on catch block at 0xc3 in for 0x95
01-23 17:52:01.763 23382 23382 E ArmVmp : Match on catch block at 0xc3 in for 0x99
01-23 17:52:01.769 23382 23382 E ArmVmp : Match on catch block at 0xc3 in for 0x99
01-23 17:52:01.808 23382 23382 E ArmVmp : Match on catch block at 0xc3 in for 0x91
01-23 17:52:01.814 23382 23382 E ArmVmp : Match on catch block at 0xc3 in for 0x95
01-23 17:52:01.820 23382 23382 E ArmVmp : Match on catch block at 0xc3 in for 0x95
01-23 17:52:01.874 23382 23382 E ArmVmp : Match on catch block at 0xc3 in for 0x99
01-23 17:52:01.879 23382 23382 E ArmVmp : Match on catch block at 0xc3 in for 0x91
01-23 17:52:01.885 23382 23382 E ArmVmp : Match on catch block at 0xc3 in for 0x91
01-23 17:52:01.924 23382 23382 E ArmVmp : Match on catch block at 0xc3 in for 0x95
01-23 17:52:01.930 23382 23382 E ArmVmp : Match on catch block at 0xc3 in for 0x99
01-23 17:52:01.935 23382 23382 E ArmVmp : Match on catch block at 0xc3 in for 0x99
01-23 17:52:01.974 23382 23382 E ArmVmp : Match on catch block at 0xc3 in for 0x91
01-23 17:52:01.980 23382 23382 E ArmVmp : Match on catch block at 0xc3 in for 0x95
01-23 17:52:01.986 23382 23382 E ArmVmp : Match on catch block at 0xc3 in for 0x95
01-23 17:52:02.023 23382 23382 E ArmVmp : Match on catch block at 0xc3 in for 0x99
01-23 17:52:02.030 23382 23382 E ArmVmp : Match on catch block at 0xc3 in for 0x91
01-23 17:52:02.036 23382 23382 E ArmVmp : Match on catch block at 0xc3 in for 0x91
01-23 17:52:02.073 23382 23382 E ArmVmp : Match on catch block at 0xc3 in for 0x95
01-23 17:52:02.079 23382 23382 E ArmVmp : Match on catch block at 0xc3 in for 0x99
01-23 17:52:02.085 23382 23382 E ArmVmp : Match on catch block at 0xc3 in for 0x99
01-23 17:52:02.106 23382 23382 E ArmVmp : Match on catch block at 0xc3 in for 0x91
01-23 17:52:02.111 23382 23382 E ArmVmp : Match on catch block at 0xc3 in for 0x95
01-23 17:52:02.116 23382 23382 E ArmVmp : Match on catch block at 0xc3 in for 0x95
01-23 17:52:02.139 23382 23382 E ArmVmp : Match on catch block at 0xc3 in for 0x99
01-23 17:52:02.144 23382 23382 E ArmVmp : Match on catch block at 0xc3 in for 0x91
01-23 17:52:02.150 23382 23382 E ArmVmp : Match on catch block at 0xc3 in for 0x91
01-23 17:52:02.189 23382 23382 E ArmVmp : Match on catch block at 0xc3 in for 0x95
01-23 17:52:02.194 23382 23382 E ArmVmp : Match on catch block at 0xc3 in for 0x99
01-23 17:52:02.201 23382 23382 E ArmVmp : Match on catch block at 0xc3 in for 0x99
01-23 17:52:02.222 23382 23382 E ArmVmp : Match on catch block at 0xc3 in for 0x91
01-23 17:52:02.227 23382 23382 E ArmVmp : Match on catch block at 0xc3 in for 0x95
01-23 17:52:02.233 23382 23382 E ArmVmp : Match on catch block at 0xc3 in for 0x95
01-23 17:52:02.245 23382 23382 E ArmVmp : Match on catch block at 0xc3 in for 0x99
01-23 17:52:02.251 23382 23382 E ArmVmp : Match on catch block at 0xc3 in for 0x91
01-23 17:52:02.256 23382 23382 E ArmVmp : Match on catch block at 0xc3 in for 0x91
01-23 17:52:02.266 23382 23382 E ArmVmp : Match on catch block at 0xc3 in for 0x95
01-23 17:52:02.271 23382 23382 E ArmVmp : Match on catch block at 0xc3 in for 0x99
01-23 17:52:02.277 23382 23382 E ArmVmp : Match on catch block at 0xc3 in for 0x99
01-23 17:52:02.288 23382 23382 E ArmVmp : Match on catch block at 0xc3 in for 0x91
01-23 17:52:02.294 23382 23382 E ArmVmp : Match on catch block at 0xc3 in for 0x95
01-23 17:52:02.299 23382 23382 E ArmVmp : Match on catch block at 0xc3 in for 0x95
01-23 17:52:02.316 23382 23382 E ArmVmp : Match on catch block at 0xc3 in for 0x91
01-23 17:52:02.322 23382 23382 E ArmVmp : Match on catch block at 0xc3 in for 0x95
01-23 17:52:02.328 23382 23382 E ArmVmp : Match on catch block at 0xc3 in for 0x95
01-23 17:52:02.338 23382 23382 E ArmVmp : Match on catch block at 0xc3 in for 0x99
01-23 17:52:02.344 23382 23382 E ArmVmp : Match on catch block at 0xc3 in for 0x91
01-23 17:52:02.349 23382 23382 E ArmVmp : Match on catch block at 0xc3 in for 0x91
01-23 17:52:02.359 23382 23382 E ArmVmp : Match on catch block at 0xc3 in for 0x95
01-23 17:52:02.364 23382 23382 E ArmVmp : Match on catch block at 0xc3 in for 0x99
01-23 17:52:02.369 23382 23382 E ArmVmp : Match on catch block at 0xc3 in for 0x99
01-23 17:52:02.379 23382 23382 E ArmVmp : Match on catch block at 0xc3 in for 0x91
01-23 17:52:02.385 23382 23382 E ArmVmp : Match on catch block at 0xc3 in for 0x95
01-23 17:52:02.390 23382 23382 E ArmVmp : Match on catch block at 0xc3 in for 0x95
01-23 17:52:02.405 23382 23382 E ArmVmp : Match on catch block at 0xc3 in for 0x99
01-23 17:52:02.410 23382 23382 E ArmVmp : Match on catch block at 0xc3 in for 0x91
01-23 17:52:02.415 23382 23382 E ArmVmp : Match on catch block at 0xc3 in for 0x91
01-23 17:52:02.424 23382 23382 E ArmVmp : Match on catch block at 0xc3 in for 0x95
01-23 17:52:02.430 23382 23382 E ArmVmp : Match on catch block at 0xc3 in for 0x99
01-23 17:52:02.434 23382 23382 E ArmVmp : Match on catch block at 0xc3 in for 0x99
01-23 17:52:02.444 23382 23382 E ArmVmp : Match on catch block at 0xc3 in for 0x91
01-23 17:52:02.450 23382 23382 E ArmVmp : Match on catch block at 0xc3 in for 0x95
01-23 17:52:02.455 23382 23382 E ArmVmp : Match on catch block at 0xc3 in for 0x95
01-23 17:52:02.471 23382 23382 E ArmVmp : Match on catch block at 0xc3 in for 0x99
01-23 17:52:02.476 23382 23382 E ArmVmp : Match on catch block at 0xc3 in for 0x91
01-23 17:52:02.481 23382 23382 E ArmVmp : Match on catch block at 0xc3 in for 0x91
01-23 17:52:02.489 23382 23382 E ArmVmp : Match on catch block at 0xc3 in for 0x95
01-23 17:52:02.495 23382 23382 E ArmVmp : Match on catch block at 0xc3 in for 0x99
01-23 17:52:02.499 23382 23382 E ArmVmp : Match on catch block at 0xc3 in for 0x99
01-23 17:52:02.520 23382 23382 E ArmVmp : Match on catch block at 0xc3 in for 0x91
01-23 17:52:02.526 23382 23382 E ArmVmp : Match on catch block at 0xc3 in for 0x95
01-23 17:52:02.531 23382 23382 E ArmVmp : Match on catch block at 0xc3 in for 0x95
01-23 17:52:02.570 23382 23382 E ArmVmp : Match on catch block at 0xc3 in for 0x99
01-23 17:52:02.576 23382 23382 E ArmVmp : Match on catch block at 0xc3 in for 0x91
01-23 17:52:02.581 23382 23382 E ArmVmp : Match on catch block at 0xc3 in for 0x91
01-23 17:52:02.603 23382 23382 E ArmVmp : Match on catch block at 0xc3 in for 0x95
01-23 17:52:02.611 23382 23382 E ArmVmp : Match on catch block at 0xc3 in for 0x99
01-23 17:52:02.617 23382 23382 E ArmVmp : Match on catch block at 0xc3 in for 0x99
01-23 17:52:02.636 23382 23382 E ArmVmp : Match on catch block at 0xc3 in for 0x91
01-23 17:52:02.641 23382 23382 E ArmVmp : Match on catch block at 0xc3 in for 0x95
01-23 17:52:02.646 23382 23382 E ArmVmp : Match on catch block at 0xc3 in for 0x95
01-23 17:52:02.687 23382 23382 E ArmVmp : Match on catch block at 0xc3 in for 0x99
01-23 17:52:02.693 23382 23382 E ArmVmp : Match on catch block at 0xc3 in for 0x91
01-23 17:52:02.698 23382 23382 E ArmVmp : Match on catch block at 0xc3 in for 0x91
01-23 17:52:02.736 23382 23382 E ArmVmp : Match on catch block at 0xc3 in for 0x95
01-23 17:52:02.742 23382 23382 E ArmVmp : Match on catch block at 0xc3 in for 0x99
01-23 17:52:02.748 23382 23382 E ArmVmp : Match on catch block at 0xc3 in for 0x99
01-23 17:52:02.785 23382 23382 E ArmVmp : Match on catch block at 0xc3 in for 0x91
01-23 17:52:02.791 23382 23382 E ArmVmp : Match on catch block at 0xc3 in for 0x95
01-23 17:52:02.797 23382 23382 E ArmVmp : Match on catch block at 0xc3 in for 0x95
01-23 17:52:02.835 23382 23382 E ArmVmp : Match on catch block at 0xc3 in for 0x99
01-23 17:52:02.841 23382 23382 E ArmVmp : Match on catch block at 0xc3 in for 0x91
01-23 17:52:02.847 23382 23382 E ArmVmp : Match on catch block at 0xc3 in for 0x91
01-23 17:52:02.901 23382 23382 E ArmVmp : Match on catch block at 0xc3 in for 0x95
01-23 17:52:02.907 23382 23382 E ArmVmp : Match on catch block at 0xc3 in for 0x99
01-23 17:52:02.913 23382 23382 E ArmVmp : Match on catch block at 0xc3 in for 0x99
01-23 17:52:02.951 23382 23382 E ArmVmp : Match on catch block at 0xc3 in for 0x91
01-23 17:52:02.956 23382 23382 E ArmVmp : Match on catch block at 0xc3 in for 0x95
01-23 17:52:02.962 23382 23382 E ArmVmp : Match on catch block at 0xc3 in for 0x95
01-23 17:52:03.001 23382 23382 E ArmVmp : Match on catch block at 0xc3 in for 0x99
01-23 17:52:03.007 23382 23382 E ArmVmp : Match on catch block at 0xc3 in for 0x91
01-23 17:52:03.012 23382 23382 E ArmVmp : Match on catch block at 0xc3 in for 0x91
01-23 17:52:03.050 23382 23382 E ArmVmp : Match on catch block at 0xc3 in for 0x95
01-23 17:52:03.055 23382 23382 E ArmVmp : Match on catch block at 0xc3 in for 0x99
01-23 17:52:03.061 23382 23382 E ArmVmp : Match on catch block at 0xc3 in for 0x99
01-23 17:52:03.100 23382 23382 E ArmVmp : Match on catch block at 0xc3 in for 0x91
01-23 17:52:03.106 23382 23382 E ArmVmp : Match on catch block at 0xc3 in for 0x95
01-23 17:52:03.112 23382 23382 E ArmVmp : Match on catch block at 0xc3 in for 0x95
01-23 17:52:03.134 23382 23382 E ArmVmp : Match on catch block at 0xc3 in for 0x99
01-23 17:52:03.139 23382 23382 E ArmVmp : Match on catch block at 0xc3 in for 0x91
01-23 17:52:03.144 23382 23382 E ArmVmp : Match on catch block at 0xc3 in for 0x91
01-23 17:52:03.166 23382 23382 E ArmVmp : Match on catch block at 0xc3 in for 0x95
01-23 17:52:03.172 23382 23382 E ArmVmp : Match on catch block at 0xc3 in for 0x99
01-23 17:52:03.177 23382 23382 E ArmVmp : Match on catch block at 0xc3 in for 0x99
01-23 17:52:03.217 23382 23382 E ArmVmp : Match on catch block at 0xc3 in for 0x91
01-23 17:52:03.223 23382 23382 E ArmVmp : Match on catch block at 0xc3 in for 0x95
01-23 17:52:03.228 23382 23382 E ArmVmp : Match on catch block at 0xc3 in for 0x95
01-23 17:52:03.267 23382 23382 E ArmVmp : Match on catch block at 0xc3 in for 0x99
01-23 17:52:03.273 23382 23382 E ArmVmp : Match on catch block at 0xc3 in for 0x91
01-23 17:52:03.279 23382 23382 E ArmVmp : Match on catch block at 0xc3 in for 0x91
01-23 17:52:03.316 23382 23382 E ArmVmp : Match on catch block at 0xc3 in for 0x99
01-23 17:52:03.322 23382 23382 E ArmVmp : Match on catch block at 0xc3 in for 0x91
01-23 17:52:03.328 23382 23382 E ArmVmp : Match on catch block at 0xc3 in for 0x91
01-23 17:52:03.381 23382 23382 E ArmVmp : Match on catch block at 0xc3 in for 0x95
01-23 17:52:03.386 23382 23382 E ArmVmp : Match on catch block at 0xc3 in for 0x99
01-23 17:52:03.393 23382 23382 E ArmVmp : Match on catch block at 0xc3 in for 0x99
01-23 17:52:03.431 23382 23382 E ArmVmp : Match on catch block at 0xc3 in for 0x91
01-23 17:52:03.436 23382 23382 E ArmVmp : Match on catch block at 0xc3 in for 0x95
01-23 17:52:03.440 23382 23382 E ArmVmp : Match on catch block at 0xc3 in for 0x95
01-23 17:52:03.482 23382 23382 E ArmVmp : Match on catch block at 0xc3 in for 0x99
01-23 17:52:03.488 23382 23382 E ArmVmp : Match on catch block at 0xc3 in for 0x91
01-23 17:52:03.496 23382 23382 E ArmVmp : Match on catch block at 0xc3 in for 0x91
01-23 17:52:03.531 23382 23382 E ArmVmp : Match on catch block at 0xc3 in for 0x95
01-23 17:52:03.537 23382 23382 E ArmVmp : Match on catch block at 0xc3 in for 0x99
01-23 17:52:03.543 23382 23382 E ArmVmp : Match on catch block at 0xc3 in for 0x99
01-23 17:52:03.581 23382 23382 E ArmVmp : Match on catch block at 0xc3 in for 0x91
01-23 17:52:03.587 23382 23382 E ArmVmp : Match on catch block at 0xc3 in for 0x95
01-23 17:52:03.592 23382 23382 E ArmVmp : Match on catch block at 0xc3 in for 0x95
01-23 17:52:03.631 23382 23382 E ArmVmp : Match on catch block at 0xc3 in for 0x99
01-23 17:52:03.637 23382 23382 E ArmVmp : Match on catch block at 0xc3 in for 0x91
01-23 17:52:03.642 23382 23382 E ArmVmp : Match on catch block at 0xc3 in for 0x91
01-23 17:52:03.664 23382 23382 E ArmVmp : Match on catch block at 0xc3 in for 0x95
01-23 17:52:03.669 23382 23382 E ArmVmp : Match on catch block at 0xc3 in for 0x99
01-23 17:52:03.675 23382 23382 E ArmVmp : Match on catch block at 0xc3 in for 0x99
01-23 17:52:03.713 23382 23382 E ArmVmp : Match on catch block at 0xc3 in for 0x91
01-23 17:52:03.718 23382 23382 E ArmVmp : Match on catch block at 0xc3 in for 0x95
01-23 17:52:03.724 23382 23382 E ArmVmp : Match on catch block at 0xc3 in for 0x95
01-23 17:52:03.763 23382 23382 E ArmVmp : Match on catch block at 0xc3 in for 0x99
01-23 17:52:03.768 23382 23382 E ArmVmp : Match on catch block at 0xc3 in for 0x91
01-23 17:52:03.773 23382 23382 E ArmVmp : Match on catch block at 0xc3 in for 0x91
01-23 17:52:03.813 23382 23382 E ArmVmp : Match on catch block at 0xc3 in for 0x95
01-23 17:52:03.819 23382 23382 E ArmVmp : Match on catch block at 0xc3 in for 0x99
01-23 17:52:03.824 23382 23382 E ArmVmp : Match on catch block at 0xc3 in for 0x99
01-23 17:52:03.863 23382 23382 E ArmVmp : Match on catch block at 0xc3 in for 0x91
01-23 17:52:03.869 23382 23382 E ArmVmp : Match on catch block at 0xc3 in for 0x95
01-23 17:52:03.874 23382 23382 E ArmVmp : Match on catch block at 0xc3 in for 0x95
01-23 17:52:03.929 23382 23382 E ArmVmp : Match on catch block at 0xc3 in for 0x99
01-23 17:52:03.935 23382 23382 E ArmVmp : Match on catch block at 0xc3 in for 0x91
01-23 17:52:03.940 23382 23382 E ArmVmp : Match on catch block at 0xc3 in for 0x91
01-23 17:52:03.979 23382 23382 E ArmVmp : Match on catch block at 0xc3 in for 0x95
01-23 17:52:03.985 23382 23382 E ArmVmp : Match on catch block at 0xc3 in for 0x99
01-23 17:52:03.990 23382 23382 E ArmVmp : Match on catch block at 0xc3 in for 0x99
01-23 17:52:04.029 23382 23382 E ArmVmp : Match on catch block at 0xc3 in for 0x91
01-23 17:52:04.035 23382 23382 E ArmVmp : Match on catch block at 0xc3 in for 0x95
01-23 17:52:04.040 23382 23382 E ArmVmp : Match on catch block at 0xc3 in for 0x95
01-23 17:52:04.078 23382 23382 E ArmVmp : Match on catch block at 0xc3 in for 0x99
01-23 17:52:04.084 23382 23382 E ArmVmp : Match on catch block at 0xc3 in for 0x91
01-23 17:52:04.090 23382 23382 E ArmVmp : Match on catch block at 0xc3 in for 0x91
01-23 17:52:04.128 23382 23382 E ArmVmp : Match on catch block at 0xc3 in for 0x95
01-23 17:52:04.134 23382 23382 E ArmVmp : Match on catch block at 0xc3 in for 0x99
01-23 17:52:04.139 23382 23382 E ArmVmp : Match on catch block at 0xc3 in for 0x99
01-23 17:52:04.178 23382 23382 E ArmVmp : Match on catch block at 0xc3 in for 0x91
01-23 17:52:04.184 23382 23382 E ArmVmp : Match on catch block at 0xc3 in for 0x95
01-23 17:52:04.190 23382 23382 E ArmVmp : Match on catch block at 0xc3 in for 0x95
01-23 17:52:04.244 23382 23382 E ArmVmp : Match on catch block at 0xc3 in for 0x99
01-23 17:52:04.249 23382 23382 E ArmVmp : Match on catch block at 0xc3 in for 0x91
01-23 17:52:04.256 23382 23382 E ArmVmp : Match on catch block at 0xc3 in for 0x91
01-23 17:52:04.294 23382 23382 E ArmVmp : Match on catch block at 0xc3 in for 0x95
01-23 17:52:04.299 23382 23382 E ArmVmp : Match on catch block at 0xc3 in for 0x99
01-23 17:52:04.305 23382 23382 E ArmVmp : Match on catch block at 0xc3 in for 0x99
01-23 17:52:04.344 23382 23382 E ArmVmp : Match on catch block at 0xc3 in for 0x95
01-23 17:52:04.352 23382 23382 E ArmVmp : Match on catch block at 0xc3 in for 0x99
01-23 17:52:04.358 23382 23382 E ArmVmp : Match on catch block at 0xc3 in for 0x99
01-23 17:52:04.393 23382 23382 E ArmVmp : Match on catch block at 0xc3 in for 0x91
01-23 17:52:04.398 23382 23382 E ArmVmp : Match on catch block at 0xc3 in for 0x95
01-23 17:52:04.405 23382 23382 E ArmVmp : Match on catch block at 0xc3 in for 0x95
01-23 17:52:04.443 23382 23382 E ArmVmp : Match on catch block at 0xc3 in for 0x99
01-23 17:52:04.448 23382 23382 E ArmVmp : Match on catch block at 0xc3 in for 0x91
01-23 17:52:04.453 23382 23382 E ArmVmp : Match on catch block at 0xc3 in for 0x91
01-23 17:52:04.509 23382 23382 E ArmVmp : Match on catch block at 0xc3 in for 0x95
01-23 17:52:04.515 23382 23382 E ArmVmp : Match on catch block at 0xc3 in for 0x99
01-23 17:52:04.520 23382 23382 E ArmVmp : Match on catch block at 0xc3 in for 0x99
01-23 17:52:04.559 23382 23382 E ArmVmp : Match on catch block at 0xc3 in for 0x91
01-23 17:52:04.565 23382 23382 E ArmVmp : Match on catch block at 0xc3 in for 0x95
01-23 17:52:04.571 23382 23382 E ArmVmp : Match on catch block at 0xc3 in for 0x95
01-23 17:52:04.609 23382 23382 E ArmVmp : Match on catch block at 0xc3 in for 0x99
01-23 17:52:04.614 23382 23382 E ArmVmp : Match on catch block at 0xc3 in for 0x91
01-23 17:52:04.619 23382 23382 E ArmVmp : Match on catch block at 0xc3 in for 0x91
01-23 17:52:04.642 23382 23382 E ArmVmp : Match on catch block at 0xc3 in for 0x95
01-23 17:52:04.647 23382 23382 E ArmVmp : Match on catch block at 0xc3 in for 0x99
01-23 17:52:04.653 23382 23382 E ArmVmp : Match on catch block at 0xc3 in for 0x99
01-23 17:52:04.675 23382 23382 E ArmVmp : Match on catch block at 0xc3 in for 0x91
01-23 17:52:04.680 23382 23382 E ArmVmp : Match on catch block at 0xc3 in for 0x95
01-23 17:52:04.685 23382 23382 E ArmVmp : Match on catch block at 0xc3 in for 0x95
01-23 17:52:04.725 23382 23382 E ArmVmp : Match on catch block at 0xc3 in for 0x99
01-23 17:52:04.730 23382 23382 E ArmVmp : Match on catch block at 0xc3 in for 0x91
01-23 17:52:04.735 23382 23382 E ArmVmp : Match on catch block at 0xc3 in for 0x91
01-23 17:52:04.774 23382 23382 E ArmVmp : Match on catch block at 0xc3 in for 0x95
01-23 17:52:04.780 23382 23382 E ArmVmp : Match on catch block at 0xc3 in for 0x99
01-23 17:52:04.786 23382 23382 E ArmVmp : Match on catch block at 0xc3 in for 0x99
01-23 17:52:04.824 23382 23382 E ArmVmp : Match on catch block at 0xc3 in for 0x91
01-23 17:52:04.831 23382 23382 E ArmVmp : Match on catch block at 0xc3 in for 0x95
01-23 17:52:04.837 23382 23382 E ArmVmp : Match on catch block at 0xc3 in for 0x95
01-23 17:52:04.874 23382 23382 E ArmVmp : Match on catch block at 0xc3 in for 0x99
01-23 17:52:04.879 23382 23382 E ArmVmp : Match on catch block at 0xc3 in for 0x91
01-23 17:52:04.885 23382 23382 E ArmVmp : Match on catch block at 0xc3 in for 0x91
01-23 17:52:04.924 23382 23382 E ArmVmp : Match on catch block at 0xc3 in for 0x95
01-23 17:52:04.930 23382 23382 E ArmVmp : Match on catch block at 0xc3 in for 0x99
01-23 17:52:04.936 23382 23382 E ArmVmp : Match on catch block at 0xc3 in for 0x99
01-23 17:52:04.990 23382 23382 E ArmVmp : Match on catch block at 0xc3 in for 0x91
01-23 17:52:04.996 23382 23382 E ArmVmp : Match on catch block at 0xc3 in for 0x95
01-23 17:52:05.002 23382 23382 E ArmVmp : Match on catch block at 0xc3 in for 0x95
01-23 17:52:05.040 23382 23382 E ArmVmp : Match on catch block at 0xc3 in for 0x99
01-23 17:52:05.046 23382 23382 E ArmVmp : Match on catch block at 0xc3 in for 0x91
01-23 17:52:05.051 23382 23382 E ArmVmp : Match on catch block at 0xc3 in for 0x91
01-23 17:52:05.089 23382 23382 E ArmVmp : Match on catch block at 0xc3 in for 0x95
01-23 17:52:05.094 23382 23382 E ArmVmp : Match on catch block at 0xc3 in for 0x99
01-23 17:52:05.099 23382 23382 E ArmVmp : Match on catch block at 0xc3 in for 0x99
01-23 17:52:05.139 23382 23382 E ArmVmp : Match on catch block at 0xc3 in for 0x91
01-23 17:52:05.144 23382 23382 E ArmVmp : Match on catch block at 0xc3 in for 0x95
01-23 17:52:05.150 23382 23382 E ArmVmp : Match on catch block at 0xc3 in for 0x95
01-23 17:52:05.172 23382 23382 E ArmVmp : Match on catch block at 0xc3 in for 0x99
01-23 17:52:05.178 23382 23382 E ArmVmp : Match on catch block at 0xc3 in for 0x91
01-23 17:52:05.184 23382 23382 E ArmVmp : Match on catch block at 0xc3 in for 0x91
01-23 17:52:05.205 23382 23382 E ArmVmp : Match on catch block at 0xc3 in for 0x95
01-23 17:52:05.210 23382 23382 E ArmVmp : Match on catch block at 0xc3 in for 0x99
01-23 17:52:05.215 23382 23382 E ArmVmp : Match on catch block at 0xc3 in for 0x99
01-23 17:52:05.256 23382 23382 E ArmVmp : Match on catch block at 0xc3 in for 0x91
01-23 17:52:05.262 23382 23382 E ArmVmp : Match on catch block at 0xc3 in for 0x95
01-23 17:52:05.267 23382 23382 E ArmVmp : Match on catch block at 0xc3 in for 0x95
01-23 17:52:05.305 23382 23382 E ArmVmp : Match on catch block at 0xc3 in for 0x99
01-23 17:52:05.310 23382 23382 E ArmVmp : Match on catch block at 0xc3 in for 0x91
01-23 17:52:05.316 23382 23382 E ArmVmp : Match on catch block at 0xc3 in for 0x91
01-23 17:52:05.358 23382 23382 E ArmVmp : Match on catch block at 0xc3 in for 0x99
01-23 17:52:05.364 23382 23382 E ArmVmp : Match on catch block at 0xc3 in for 0x91
01-23 17:52:05.369 23382 23382 E ArmVmp : Match on catch block at 0xc3 in for 0x91
01-23 17:52:05.421 23382 23382 E ArmVmp : Match on catch block at 0xc3 in for 0x95
01-23 17:52:05.427 23382 23382 E ArmVmp : Match on catch block at 0xc3 in for 0x99
01-23 17:52:05.432 23382 23382 E ArmVmp : Match on catch block at 0xc3 in for 0x99
01-23 17:52:05.470 23382 23382 E ArmVmp : Match on catch block at 0xc3 in for 0x91
01-23 17:52:05.475 23382 23382 E ArmVmp : Match on catch block at 0xc3 in for 0x95
01-23 17:52:05.480 23382 23382 E ArmVmp : Match on catch block at 0xc3 in for 0x95
01-23 17:52:05.520 23382 23382 E ArmVmp : Match on catch block at 0xc3 in for 0x99
01-23 17:52:05.526 23382 23382 E ArmVmp : Match on catch block at 0xc3 in for 0x91
01-23 17:52:05.532 23382 23382 E ArmVmp : Match on catch block at 0xc3 in for 0x91
01-23 17:52:05.570 23382 23382 E ArmVmp : Match on catch block at 0xc3 in for 0x95
01-23 17:52:05.575 23382 23382 E ArmVmp : Match on catch block at 0xc3 in for 0x99
01-23 17:52:05.580 23382 23382 E ArmVmp : Match on catch block at 0xc3 in for 0x99
01-23 17:52:05.620 23382 23382 E ArmVmp : Match on catch block at 0xc3 in for 0x91
01-23 17:52:05.625 23382 23382 E ArmVmp : Match on catch block at 0xc3 in for 0x95
01-23 17:52:05.631 23382 23382 E ArmVmp : Match on catch block at 0xc3 in for 0x95
01-23 17:52:05.669 23382 23382 E ArmVmp : Match on catch block at 0xc3 in for 0x99
01-23 17:52:05.675 23382 23382 E ArmVmp : Match on catch block at 0xc3 in for 0x91
01-23 17:52:05.681 23382 23382 E ArmVmp : Match on catch block at 0xc3 in for 0x91
01-23 17:52:05.702 23382 23382 E ArmVmp : Match on catch block at 0xc3 in for 0x95
01-23 17:52:05.708 23382 23382 E ArmVmp : Match on catch block at 0xc3 in for 0x99
01-23 17:52:05.713 23382 23382 E ArmVmp : Match on catch block at 0xc3 in for 0x99
01-23 17:52:05.752 23382 23382 E ArmVmp : Match on catch block at 0xc3 in for 0x91
01-23 17:52:05.759 23382 23382 E ArmVmp : Match on catch block at 0xc3 in for 0x95
01-23 17:52:05.764 23382 23382 E ArmVmp : Match on catch block at 0xc3 in for 0x95
01-23 17:52:05.802 23382 23382 E ArmVmp : Match on catch block at 0xc3 in for 0x99
01-23 17:52:05.807 23382 23382 E ArmVmp : Match on catch block at 0xc3 in for 0x91
01-23 17:52:05.813 23382 23382 E ArmVmp : Match on catch block at 0xc3 in for 0x91
01-23 17:52:05.852 23382 23382 E ArmVmp : Match on catch block at 0xc3 in for 0x95
01-23 17:52:05.858 23382 23382 E ArmVmp : Match on catch block at 0xc3 in for 0x99
01-23 17:52:05.864 23382 23382 E ArmVmp : Match on catch block at 0xc3 in for 0x99
01-23 17:52:05.901 23382 23382 E ArmVmp : Match on catch block at 0xc3 in for 0x91
01-23 17:52:05.906 23382 23382 E ArmVmp : Match on catch block at 0xc3 in for 0x95
01-23 17:52:05.911 23382 23382 E ArmVmp : Match on catch block at 0xc3 in for 0x95
01-23 17:52:05.967 23382 23382 E ArmVmp : Match on catch block at 0xc3 in for 0x99
01-23 17:52:05.973 23382 23382 E ArmVmp : Match on catch block at 0xc3 in for 0x91
01-23 17:52:05.978 23382 23382 E ArmVmp : Match on catch block at 0xc3 in for 0x91
01-23 17:52:06.017 23382 23382 E ArmVmp : Match on catch block at 0xc3 in for 0x95
01-23 17:52:06.023 23382 23382 E ArmVmp : Match on catch block at 0xc3 in for 0x99
01-23 17:52:06.028 23382 23382 E ArmVmp : Match on catch block at 0xc3 in for 0x99
01-23 17:52:06.067 23382 23382 E ArmVmp : Match on catch block at 0xc3 in for 0x91
01-23 17:52:06.072 23382 23382 E ArmVmp : Match on catch block at 0xc3 in for 0x95
01-23 17:52:06.077 23382 23382 E ArmVmp : Match on catch block at 0xc3 in for 0x95
01-23 17:52:06.117 23382 23382 E ArmVmp : Match on catch block at 0xc3 in for 0x99
01-23 17:52:06.123 23382 23382 E ArmVmp : Match on catch block at 0xc3 in for 0x91
01-23 17:52:06.128 23382 23382 E ArmVmp : Match on catch block at 0xc3 in for 0x91
01-23 17:52:06.166 23382 23382 E ArmVmp : Match on catch block at 0xc3 in for 0x95
01-23 17:52:06.172 23382 23382 E ArmVmp : Match on catch block at 0xc3 in for 0x99
01-23 17:52:06.177 23382 23382 E ArmVmp : Match on catch block at 0xc3 in for 0x99
01-23 17:52:06.200 23382 23382 E ArmVmp : Match on catch block at 0xc3 in for 0x91
01-23 17:52:06.205 23382 23382 E ArmVmp : Match on catch block at 0xc3 in for 0x95
01-23 17:52:06.210 23382 23382 E ArmVmp : Match on catch block at 0xc3 in for 0x95
01-23 17:52:06.232 23382 23382 E ArmVmp : Match on catch block at 0xc3 in for 0x99
01-23 17:52:06.237 23382 23382 E ArmVmp : Match on catch block at 0xc3 in for 0x91
01-23 17:52:06.243 23382 23382 E ArmVmp : Match on catch block at 0xc3 in for 0x91
01-23 17:52:06.282 23382 23382 E ArmVmp : Match on catch block at 0xc3 in for 0x95
01-23 17:52:06.288 23382 23382 E ArmVmp : Match on catch block at 0xc3 in for 0x99
01-23 17:52:06.294 23382 23382 E ArmVmp : Match on catch block at 0xc3 in for 0x99
01-23 17:52:06.332 23382 23382 E ArmVmp : Match on catch block at 0xc3 in for 0x91
01-23 17:52:06.338 23382 23382 E ArmVmp : Match on catch block at 0xc3 in for 0x95
01-23 17:52:06.343 23382 23382 E ArmVmp : Match on catch block at 0xc3 in for 0x95
01-23 17:52:06.386 23382 23382 E ArmVmp : Match on catch block at 0xc3 in for 0x91
01-23 17:52:06.392 23382 23382 E ArmVmp : Match on catch block at 0xc3 in for 0x95
01-23 17:52:06.398 23382 23382 E ArmVmp : Match on catch block at 0xc3 in for 0x95
01-23 17:52:06.448 23382 23382 E ArmVmp : Match on catch block at 0xc3 in for 0x99
01-23 17:52:06.454 23382 23382 E ArmVmp : Match on catch block at 0xc3 in for 0x91
01-23 17:52:06.458 23382 23382 E ArmVmp : Match on catch block at 0xc3 in for 0x91
01-23 17:52:06.498 23382 23382 E ArmVmp : Match on catch block at 0xc3 in for 0x95
01-23 17:52:06.504 23382 23382 E ArmVmp : Match on catch block at 0xc3 in for 0x99
01-23 17:52:06.509 23382 23382 E ArmVmp : Match on catch block at 0xc3 in for 0x99
01-23 17:52:06.548 23382 23382 E ArmVmp : Match on catch block at 0xc3 in for 0x91
01-23 17:52:06.554 23382 23382 E ArmVmp : Match on catch block at 0xc3 in for 0x95
01-23 17:52:06.560 23382 23382 E ArmVmp : Match on catch block at 0xc3 in for 0x95
01-23 17:52:06.597 23382 23382 E ArmVmp : Match on catch block at 0xc3 in for 0x99
01-23 17:52:06.602 23382 23382 E ArmVmp : Match on catch block at 0xc3 in for 0x91
01-23 17:52:06.607 23382 23382 E ArmVmp : Match on catch block at 0xc3 in for 0x91
01-23 17:52:06.647 23382 23382 E ArmVmp : Match on catch block at 0xc3 in for 0x95
01-23 17:52:06.652 23382 23382 E ArmVmp : Match on catch block at 0xc3 in for 0x99
01-23 17:52:06.659 23382 23382 E ArmVmp : Match on catch block at 0xc3 in for 0x99
01-23 17:52:06.697 23382 23382 E ArmVmp : Match on catch block at 0xc3 in for 0x91
01-23 17:52:06.702 23382 23382 E ArmVmp : Match on catch block at 0xc3 in for 0x95
01-23 17:52:06.707 23382 23382 E ArmVmp : Match on catch block at 0xc3 in for 0x95
01-23 17:52:06.730 23382 23382 E ArmVmp : Match on catch block at 0xc3 in for 0x99
01-23 17:52:06.735 23382 23382 E ArmVmp : Match on catch block at 0xc3 in for 0x91
01-23 17:52:06.740 23382 23382 E ArmVmp : Match on catch block at 0xc3 in for 0x91
01-23 17:52:06.779 23382 23382 E ArmVmp : Match on catch block at 0xc3 in for 0x95
01-23 17:52:06.786 23382 23382 E ArmVmp : Match on catch block at 0xc3 in for 0x99
01-23 17:52:06.791 23382 23382 E ArmVmp : Match on catch block at 0xc3 in for 0x99
01-23 17:52:06.829 23382 23382 E ArmVmp : Match on catch block at 0xc3 in for 0x91
01-23 17:52:06.835 23382 23382 E ArmVmp : Match on catch block at 0xc3 in for 0x95
01-23 17:52:06.840 23382 23382 E ArmVmp : Match on catch block at 0xc3 in for 0x95
01-23 17:52:06.879 23382 23382 E ArmVmp : Match on catch block at 0xc3 in for 0x99
01-23 17:52:06.885 23382 23382 E ArmVmp : Match on catch block at 0xc3 in for 0x91
01-23 17:52:06.891 23382 23382 E ArmVmp : Match on catch block at 0xc3 in for 0x91
01-23 17:52:06.929 23382 23382 E ArmVmp : Match on catch block at 0xc3 in for 0x95
01-23 17:52:06.934 23382 23382 E ArmVmp : Match on catch block at 0xc3 in for 0x99
01-23 17:52:06.940 23382 23382 E ArmVmp : Match on catch block at 0xc3 in for 0x99
01-23 17:52:06.979 23382 23382 E ArmVmp : Match on catch block at 0xc3 in for 0x91
01-23 17:52:06.984 23382 23382 E ArmVmp : Match on catch block at 0xc3 in for 0x95
01-23 17:52:06.991 23382 23382 E ArmVmp : Match on catch block at 0xc3 in for 0x95
01-23 17:52:07.028 23382 23382 E ArmVmp : Match on catch block at 0xc3 in for 0x99
01-23 17:52:07.034 23382 23382 E ArmVmp : Match on catch block at 0xc3 in for 0x91
01-23 17:52:07.040 23382 23382 E ArmVmp : Match on catch block at 0xc3 in for 0x91
01-23 17:52:07.095 23382 23382 E ArmVmp : Match on catch block at 0xc3 in for 0x95
01-23 17:52:07.101 23382 23382 E ArmVmp : Match on catch block at 0xc3 in for 0x99
01-23 17:52:07.107 23382 23382 E ArmVmp : Match on catch block at 0xc3 in for 0x99
01-23 17:52:07.145 23382 23382 E ArmVmp : Match on catch block at 0xc3 in for 0x91
01-23 17:52:07.151 23382 23382 E ArmVmp : Match on catch block at 0xc3 in for 0x95
01-23 17:52:07.157 23382 23382 E ArmVmp : Match on catch block at 0xc3 in for 0x95
01-23 17:52:07.194 23382 23382 E ArmVmp : Match on catch block at 0xc3 in for 0x99
01-23 17:52:07.200 23382 23382 E ArmVmp : Match on catch block at 0xc3 in for 0x91
01-23 17:52:07.205 23382 23382 E ArmVmp : Match on catch block at 0xc3 in for 0x91
01-23 17:52:07.227 23382 23382 E ArmVmp : Match on catch block at 0xc3 in for 0x95
01-23 17:52:07.232 23382 23382 E ArmVmp : Match on catch block at 0xc3 in for 0x99
01-23 17:52:07.238 23382 23382 E ArmVmp : Match on catch block at 0xc3 in for 0x99
01-23 17:52:07.260 23382 23382 E ArmVmp : Match on catch block at 0xc3 in for 0x91
01-23 17:52:07.266 23382 23382 E ArmVmp : Match on catch block at 0xc3 in for 0x95
01-23 17:52:07.271 23382 23382 E ArmVmp : Match on catch block at 0xc3 in for 0x95
01-23 17:52:07.328 23382 23382 E ArmVmp : Match on catch block at 0xc3 in for 0x95
01-23 17:52:07.334 23382 23382 E ArmVmp : Match on catch block at 0xc3 in for 0x99
01-23 17:52:07.339 23382 23382 E ArmVmp : Match on catch block at 0xc3 in for 0x99
01-23 17:52:07.677 23382 23382 E ArmVmp : Match on catch block at 0xc3 in for 0x99
01-23 17:52:07.682 23382 23382 E ArmVmp : Match on catch block at 0xc3 in for 0x91
01-23 17:52:07.685 23382 23382 E ArmVmp : Match on catch block at 0xc3 in for 0x91
01-23 17:52:07.693 23382 23382 E ArmVmp : Match on catch block at 0xc3 in for 0x95
01-23 17:52:07.697 23382 23382 E ArmVmp : Match on catch block at 0xc3 in for 0x99
01-23 17:52:07.700 23382 23382 E ArmVmp : Match on catch block at 0xc3 in for 0x99
01-23 17:52:07.723 23382 23382 E ArmVmp : Match on catch block at 0xc3 in for 0x91
01-23 17:52:07.727 23382 23382 E ArmVmp : Match on catch block at 0xc3 in for 0x95
01-23 17:52:07.731 23382 23382 E ArmVmp : Match on catch block at 0xc3 in for 0x95
01-23 17:52:07.768 23382 23382 E ArmVmp : Match on catch block at 0xc3 in for 0x91
01-23 17:52:07.774 23382 23382 E ArmVmp : Match on catch block at 0xc3 in for 0x95
01-23 17:52:07.778 23382 23382 E ArmVmp : Match on catch block at 0xc3 in for 0x95
01-23 17:52:08.064 23382 23382 E ArmVmp : Match on catch block at 0xc3 in for 0x99
01-23 17:52:08.067 23382 23382 E ArmVmp : Match on catch block at 0xc3 in for 0x91
01-23 17:52:08.073 23382 23382 E ArmVmp : Match on catch block at 0xc3 in for 0x91
01-23 17:52:08.145 23382 23382 W IInputConnectionWrapper: requestCursorAnchorInfo
on inactive InputConnection
01-23 17:52:08.546 23382 23382 E ArmVmp : Match on catch block at 0xc3 in for 0x99
01-23 17:52:08.550 23382 23382 E ArmVmp : Match on catch block at 0xc3 in for 0x91
01-23 17:52:08.553 23382 23382 E ArmVmp : Match on catch block at 0xc3 in for 0x91
01-23 17:52:09.741 23382 23382 W BottomSheetBehavior: BottomSheetBehavior now
supports multiple callbacks. `setBottomSheetCallback()` removes all existing
callbacks, including ones set internally by library authors, which may result in
unintended behavior. This may change in the future. Please use
`addBottomSheetCallback()` and `removeBottomSheetCallback()` instead to set your
own callbacks.
01-23 17:52:09.741 23382 23382 W BottomSheetBehavior: BottomSheetBehavior now
supports multiple callbacks. `setBottomSheetCallback()` removes all existing
callbacks, including ones set internally by library authors, which may result in
unintended behavior. This may change in the future. Please use
`addBottomSheetCallback()` and `removeBottomSheetCallback()` instead to set your
own callbacks.
01-23 17:52:09.823 23382 23382 W BottomSheetBehavior: BottomSheetBehavior now
supports multiple callbacks. `setBottomSheetCallback()` removes all existing
callbacks, including ones set internally by library authors, which may result in
unintended behavior. This may change in the future. Please use
`addBottomSheetCallback()` and `removeBottomSheetCallback()` instead to set your
own callbacks.
01-23 17:52:09.823 23382 23382 W BottomSheetBehavior: BottomSheetBehavior now
supports multiple callbacks. `setBottomSheetCallback()` removes all existing
callbacks, including ones set internally by library authors, which may result in
unintended behavior. This may change in the future. Please use
`addBottomSheetCallback()` and `removeBottomSheetCallback()` instead to set your
own callbacks.
01-23 17:52:09.853 23382 23382 W BottomSheetBehavior: BottomSheetBehavior now
supports multiple callbacks. `setBottomSheetCallback()` removes all existing
callbacks, including ones set internally by library authors, which may result in
unintended behavior. This may change in the future. Please use
`addBottomSheetCallback()` and `removeBottomSheetCallback()` instead to set your
own callbacks.
01-23 17:52:09.853 23382 23382 W BottomSheetBehavior: BottomSheetBehavior now
supports multiple callbacks. `setBottomSheetCallback()` removes all existing
callbacks, including ones set internally by library authors, which may result in
unintended behavior. This may change in the future. Please use
`addBottomSheetCallback()` and `removeBottomSheetCallback()` instead to set your
own callbacks.
01-23 17:52:09.885 23382 23382 E RecyclerView: No adapter attached; skipping layout
01-23 17:52:09.887 23382 23382 E RecyclerView: No adapter attached; skipping layout
01-23 17:52:09.909 23382 1701 E ACodec : [OMX.sprd.h264.decoder] setPortMode on
output to DynamicANWBuffer failed w/ err -2147483648
01-23 17:52:10.010 23382 1711 W Codec2Client: query -- param skipped: index =
1107298332.
01-23 17:52:10.010 23382 1711 W CCodec : This behavior is subject to change. It
is recommended that app developers double check whether the requested max input
size is in reasonable range.
01-23 17:52:10.013 23382 1711 W Codec2Client: query -- param skipped: index =
1342179345.
01-23 17:52:10.013 23382 1711 W Codec2Client: query -- param skipped: index =
2415921170.
01-23 17:52:10.013 23382 1711 W Codec2Client: query -- param skipped: index =
1610614798.
01-23 17:52:10.091 23382 1699 E Surface : freeAllBuffers: 8 buffers were freed
while being dequeued!
01-23 17:52:10.093 23382 1699 W MediaCodec: mapFormat: no mediaType information
01-23 17:52:10.432 23382 1696 W AudioTrack: getTimestamp_l(2383): retrograde
timestamp time corrected, 40409187102558 < 40409248278251
01-23 17:52:10.708 23382 23430 E SQLiteDatabase: Error inserting transferred=1
media_job_uuid=db1ed78d-4123-47f9-8cbb-5398fa2ed4ca transcoded=0 gif_attribution=0
first_scan_length=0 direct_path=/v/t62.7161-
24/19426070_1262815861788029_9201335946852084443_n.enc?ccb=11-
4&oh=01_AdTWcFbhPY65XQkwcCR9sAlhp76yyZVSfpFBUVIpOZmhtQ&oe=65D79069&_nc_sid=5e03e0
thumbnail_height_width_ratio=1.7777778 is_animated_sticker=0
file_hash=nv24QLMoJsIm7yKXGu0UwJTzvWm3s0xWpnKHDkBmWss=
file_path=Media/.Statuses/b434fb838a544780bb8d8f68b3e34a9d.mp4 file_size=347610
partial_media_hash=null face_x=0 face_y=0 height=1024 trim_to=0
media_key_timestamp=1706042346000 message_url=https://mmg.whatsapp.net/v/t62.7161-
24/19426070_1262815861788029_9201335946852084443_n.enc?ccb=11-
4&oh=01_AdTWcFbhPY65XQkwcCR9sAlhp76yyZVSfpFBUVIpOZmhtQ&oe=65D79069&_nc_sid=5e03e0&m
ms3=true media_caption=null trim_from=0 mime_type=video/mp4
partial_media_enc_hash=null width=576 original_file_hash=null
has_streaming_sidecar=1 autotransfer_retry_enabled=1 media_upload_handle=null
message_row_id=171 multicast_id=null
enc_file_hash=qVLQ21zi55geQhKE72M4xqEA4L4kJkkVhfOGyTv4hk0= mute_video=0
page_count=0 first_scan_sidecar=null suspicious_content=0 file_length=347610
media_name=null media_duration=9 chat_row_id=16 media_key=[B@a5c5bf6
01-23 17:52:10.708 23382 23430 E SQLiteDatabase:
android.database.sqlite.SQLiteConstraintException: UNIQUE constraint failed:
message_media.message_row_id (code 1555 SQLITE_CONSTRAINT_PRIMARYKEY)
01-23 17:52:10.708 23382 23430 E SQLiteDatabase: at
android.database.sqlite.SQLiteConnection.nativeExecuteForLastInsertedRowId(Native
Method)
01-23 17:52:10.708 23382 23430 E SQLiteDatabase: at
android.database.sqlite.SQLiteConnection.executeForLastInsertedRowId(SQLiteConnecti
on.java:940)
01-23 17:52:10.708 23382 23430 E SQLiteDatabase: at
android.database.sqlite.SQLiteSession.executeForLastInsertedRowId(SQLiteSession.jav
a:790)
01-23 17:52:10.708 23382 23430 E SQLiteDatabase: at
android.database.sqlite.SQLiteStatement.executeInsert(SQLiteStatement.java:89)
01-23 17:52:10.708 23382 23430 E SQLiteDatabase: at
android.database.sqlite.SQLiteDatabase.insertWithOnConflict(SQLiteDatabase.java:170
2)
01-23 17:52:10.708 23382 23430 E SQLiteDatabase: at
android.database.sqlite.SQLiteDatabase.insert(SQLiteDatabase.java:1571)
01-23 17:52:10.708 23382 23430 E SQLiteDatabase: at X.2tm.A08(Unknown
Source:6)
01-23 17:52:10.708 23382 23430 E SQLiteDatabase: at X.35Y.A07(Unknown
Source:212)
01-23 17:52:10.708 23382 23430 E SQLiteDatabase: at X.3QF.A14(Unknown
Source:470)
01-23 17:52:10.708 23382 23430 E SQLiteDatabase: at X.3gU.run(Unknown
Source:982)
01-23 17:52:10.708 23382 23430 E SQLiteDatabase: at
android.os.Handler.handleCallback(Handler.java:938)
01-23 17:52:10.708 23382 23430 E SQLiteDatabase: at
android.os.Handler.dispatchMessage(Handler.java:99)
01-23 17:52:10.708 23382 23430 E SQLiteDatabase: at
X.0zq.dispatchMessage(Unknown Source:4)
01-23 17:52:10.708 23382 23430 E SQLiteDatabase: at
android.os.Looper.loopOnce(Looper.java:201)
01-23 17:52:10.708 23382 23430 E SQLiteDatabase: at
android.os.Looper.loop(Looper.java:288)
01-23 17:52:10.708 23382 23430 E SQLiteDatabase: at
android.os.HandlerThread.run(HandlerThread.java:67)
01-23 17:52:27.124 23382 1696 W AudioTrack: getTimestamp_l(2383): retrograde
timestamp time corrected, 40425873317162 < 40425930921431
01-23 17:52:30.383 23382 1711 W Codec2Client: query -- param skipped: index =
1342179345.
01-23 17:52:30.383 23382 1711 W Codec2Client: query -- param skipped: index =
2415921170.
01-23 17:52:30.383 23382 1711 W Codec2Client: query -- param skipped: index =
1610614798.
01-23 17:52:30.387 23382 1699 E Surface : freeAllBuffers: 8 buffers were freed
while being dequeued!
01-23 17:52:30.439 23382 23382 W BottomSheetBehavior: BottomSheetBehavior now
supports multiple callbacks. `setBottomSheetCallback()` removes all existing
callbacks, including ones set internally by library authors, which may result in
unintended behavior. This may change in the future. Please use
`addBottomSheetCallback()` and `removeBottomSheetCallback()` instead to set your
own callbacks.
01-23 17:52:30.439 23382 23382 W BottomSheetBehavior: BottomSheetBehavior now
supports multiple callbacks. `setBottomSheetCallback()` removes all existing
callbacks, including ones set internally by library authors, which may result in
unintended behavior. This may change in the future. Please use
`addBottomSheetCallback()` and `removeBottomSheetCallback()` instead to set your
own callbacks.
01-23 17:52:30.502 23382 23382 E RecyclerView: No adapter attached; skipping layout
01-23 17:52:31.486 23382 1750 E ACodec : [OMX.sprd.h264.decoder] setPortMode on
output to DynamicANWBuffer failed w/ err -2147483648
01-23 17:52:31.527 23382 23382 W BottomSheetBehavior: BottomSheetBehavior now
supports multiple callbacks. `setBottomSheetCallback()` removes all existing
callbacks, including ones set internally by library authors, which may result in
unintended behavior. This may change in the future. Please use
`addBottomSheetCallback()` and `removeBottomSheetCallback()` instead to set your
own callbacks.
01-23 17:52:31.527 23382 23382 W BottomSheetBehavior: BottomSheetBehavior now
supports multiple callbacks. `setBottomSheetCallback()` removes all existing
callbacks, including ones set internally by library authors, which may result in
unintended behavior. This may change in the future. Please use
`addBottomSheetCallback()` and `removeBottomSheetCallback()` instead to set your
own callbacks.
01-23 17:52:31.577 23382 1753 W Codec2Client: query -- param skipped: index =
1107298332.
01-23 17:52:31.578 23382 1753 W CCodec : This behavior is subject to change. It
is recommended that app developers double check whether the requested max input
size is in reasonable range.
01-23 17:52:31.580 23382 1753 W Codec2Client: query -- param skipped: index =
1342179345.
01-23 17:52:31.580 23382 1753 W Codec2Client: query -- param skipped: index =
2415921170.
01-23 17:52:31.580 23382 1753 W Codec2Client: query -- param skipped: index =
1610614798.
01-23 17:52:31.628 23382 1749 W MediaCodec: mapFormat: no mediaType information
01-23 17:52:35.314 23382 1753 W Codec2Client: query -- param skipped: index =
1342179345.
01-23 17:52:35.314 23382 1753 W Codec2Client: query -- param skipped: index =
2415921170.
01-23 17:52:35.314 23382 1753 W Codec2Client: query -- param skipped: index =
1610614798.
01-23 17:52:35.318 23382 1749 E Surface : freeAllBuffers: 8 buffers were freed
while being dequeued!
01-23 17:52:35.372 23382 23382 W BottomSheetBehavior: BottomSheetBehavior now
supports multiple callbacks. `setBottomSheetCallback()` removes all existing
callbacks, including ones set internally by library authors, which may result in
unintended behavior. This may change in the future. Please use
`addBottomSheetCallback()` and `removeBottomSheetCallback()` instead to set your
own callbacks.
01-23 17:52:35.372 23382 23382 W BottomSheetBehavior: BottomSheetBehavior now
supports multiple callbacks. `setBottomSheetCallback()` removes all existing
callbacks, including ones set internally by library authors, which may result in
unintended behavior. This may change in the future. Please use
`addBottomSheetCallback()` and `removeBottomSheetCallback()` instead to set your
own callbacks.
01-23 17:52:35.413 23382 23382 E RecyclerView: No adapter attached; skipping layout
01-23 17:52:39.068 23382 23382 W SoundPool: Use of stream types is deprecated for
operations other than volume control
01-23 17:52:39.068 23382 23382 W SoundPool: See the documentation of SoundPool()
for what to use instead with android.media.AudioAttributes to qualify your playback
use case
01-23 17:52:39.110 23382 1769 W Codec2Client: query -- param skipped: index =
1107298332.
01-23 17:52:39.110 23382 1770 W Codec2Client: query -- param skipped: index =
1107298332.
01-23 17:52:39.111 23382 1769 W Codec2Client: query -- param skipped: index =
1342179345.
01-23 17:52:39.111 23382 1769 W Codec2Client: query -- param skipped: index =
2415921170.
01-23 17:52:39.111 23382 1770 W Codec2Client: query -- param skipped: index =
1342179345.
01-23 17:52:39.111 23382 1770 W Codec2Client: query -- param skipped: index =
2415921170.
01-23 17:52:39.114 23382 23382 W BottomSheetBehavior: BottomSheetBehavior now
supports multiple callbacks. `setBottomSheetCallback()` removes all existing
callbacks, including ones set internally by library authors, which may result in
unintended behavior. This may change in the future. Please use
`addBottomSheetCallback()` and `removeBottomSheetCallback()` instead to set your
own callbacks.
