02-12 22:03:19.021 20996 20996 E ArmVmp : Match on catch block at 0xc3 in for 0xa1
02-12 22:03:19.285 20996 20996 E ArmVmp : Match on catch block at 0xc3 in for 0xa9
02-12 22:03:19.290 20996 20996 E ArmVmp : Match on catch block at 0xc3 in for 0xa1
02-12 22:03:19.292 20996 20996 E ArmVmp : Match on catch block at 0xc3 in for 0xa1
02-12 22:03:19.313 20996 21117 W libEGL : EGLNativeWindowType 0xb400007793158bd0
disconnect failed
02-12 22:03:19.326 20996 20996 E ArmVmp : Match on catch block at 0xc3 in for 0xa1
02-12 22:03:19.329 20996 20996 E ArmVmp : Match on catch block at 0xc3 in for 0xa5
02-12 22:03:19.331 20996 20996 E ArmVmp : Match on catch block at 0xc3 in for 0xa5
02-12 22:03:19.347 20996 20996 E ArmVmp : Match on catch block at 0xc3 in for 0xa9
02-12 22:03:19.350 20996 20996 E ArmVmp : Match on catch block at 0xc3 in for 0xa1
02-12 22:03:19.352 20996 20996 E ArmVmp : Match on catch block at 0xc3 in for 0xa1
02-12 22:03:19.773 20996 20996 E ArmVmp : Match on catch block at 0xc3 in for 0xa5
02-12 22:03:19.777 20996 20996 E ArmVmp : Match on catch block at 0xc3 in for 0xa9
02-12 22:03:19.780 20996 20996 E ArmVmp : Match on catch block at 0xc3 in for 0xa9
02-12 22:03:19.985 20996 20996 E ArmVmp : Match on catch block at 0xc3 in for 0xa1
02-12 22:03:19.990 20996 20996 E ArmVmp : Match on catch block at 0xc3 in for 0xa5
02-12 22:03:19.993 20996 20996 E ArmVmp : Match on catch block at 0xc3 in for 0xa5
02-12 22:03:20.012 20996 20996 E ArmVmp : Match on catch block at 0xc3 in for 0xa1
02-12 22:03:20.014 20996 20996 E ArmVmp : Match on catch block at 0xc3 in for 0xa5
02-12 22:03:20.017 20996 20996 E ArmVmp : Match on catch block at 0xc3 in for 0xa5
02-12 22:03:20.035 20996 20996 E ArmVmp : Match on catch block at 0xc3 in for 0xa9
02-12 22:03:20.038 20996 20996 E ArmVmp : Match on catch block at 0xc3 in for 0xa1
02-12 22:03:20.062 20996 20996 E ArmVmp : Match on catch block at 0xc3 in for 0xa9
02-12 22:03:20.064 20996 20996 E ArmVmp : Match on catch block at 0xc3 in for 0xa1
02-12 22:03:20.077 20996 20996 E ArmVmp : Match on catch block at 0xc3 in for 0xa9
02-12 22:03:20.080 20996 20996 E ArmVmp : Match on catch block at 0xc3 in for 0xa1
02-12 22:03:20.088 20996 20996 E ArmVmp : Match on catch block at 0xc3 in for 0xa9
02-12 22:03:20.090 20996 20996 E ArmVmp : Match on catch block at 0xc3 in for 0xa1
02-12 22:03:20.095 20996 20996 E ArmVmp : Match on catch block at 0xc3 in for 0xa9
02-12 22:03:20.097 20996 20996 E ArmVmp : Match on catch block at 0xc3 in for 0xa1
02-12 22:03:20.106 20996 20996 E ArmVmp : Match on catch block at 0xc3 in for 0xa9
02-12 22:03:20.109 20996 20996 E ArmVmp : Match on catch block at 0xc3 in for 0xa1
02-12 22:03:20.118 20996 20996 E ArmVmp : Match on catch block at 0xc3 in for 0xa9
02-12 22:03:20.120 20996 20996 E ArmVmp : Match on catch block at 0xc3 in for 0xa1
02-12 22:03:20.129 20996 20996 E ArmVmp : Match on catch block at 0xc3 in for 0xa9
02-12 22:03:20.131 20996 20996 E ArmVmp : Match on catch block at 0xc3 in for 0xa1
02-12 22:03:20.140 20996 20996 E ArmVmp : Match on catch block at 0xc3 in for 0xa9
02-12 22:03:20.142 20996 20996 E ArmVmp : Match on catch block at 0xc3 in for 0xa1
02-12 22:03:20.155 20996 20996 E ArmVmp : Match on catch block at 0xc3 in for 0xa1
02-12 22:03:20.157 20996 20996 E ArmVmp : Match on catch block at 0xc3 in for 0xa5
02-12 22:03:20.163 20996 20996 E ArmVmp : Match on catch block at 0xc3 in for 0xa1
02-12 22:03:20.163 20996 21197 W MediaPlayer: Use of stream types is deprecated for
operations other than volume control
02-12 22:03:20.163 20996 21197 W MediaPlayer: See the documentation of
setAudioStreamType() for what to use instead with android.media.AudioAttributes to
qualify your playback use case
02-12 22:03:20.167 20996 20996 E ArmVmp : Match on catch block at 0xc3 in for 0xa5
02-12 22:03:20.173 20996 20996 E ArmVmp : Match on catch block at 0xc3 in for 0xa1
02-12 22:03:20.176 20996 20996 E ArmVmp : Match on catch block at 0xc3 in for 0xa5
02-12 22:03:20.184 20996 20996 E ArmVmp : Match on catch block at 0xc3 in for 0xa1
02-12 22:03:20.186 20996 20996 E ArmVmp : Match on catch block at 0xc3 in for 0xa5
02-12 22:03:20.195 20996 20996 E ArmVmp : Match on catch block at 0xc3 in for 0xa1
02-12 22:03:20.198 20996 20996 E ArmVmp : Match on catch block at 0xc3 in for 0xa5
02-12 22:03:20.320 20996 20996 E ArmVmp : Match on catch block at 0xc3 in for 0xa5
02-12 22:03:20.323 20996 20996 E ArmVmp : Match on catch block at 0xc3 in for 0xa9
02-12 22:03:20.331 20996 20996 E ArmVmp : Match on catch block at 0xc3 in for 0xa9
02-12 22:03:20.334 20996 20996 E ArmVmp : Match on catch block at 0xc3 in for 0xa1
02-12 22:03:20.346 20996 20996 E ArmVmp : Match on catch block at 0xc3 in for 0xa9
02-12 22:03:20.348 20996 20996 E ArmVmp : Match on catch block at 0xc3 in for 0xa1
02-12 22:03:20.469 20996 21117 W libEGL : EGLNativeWindowType 0xb400007793158bd0
disconnect failed
02-12 22:03:20.507 20996 20996 E ArmVmp : Match on catch block at 0xc3 in for 0xa1
02-12 22:03:20.510 20996 20996 E ArmVmp : Match on catch block at 0xc3 in for 0xa5
02-12 22:03:20.516 20996 20996 E ArmVmp : Match on catch block at 0xc3 in for 0xa1
02-12 22:03:20.518 20996 20996 E ArmVmp : Match on catch block at 0xc3 in for 0xa5
02-12 22:03:20.529 20996 20996 E ArmVmp : Match on catch block at 0xc3 in for 0xa1
02-12 22:03:20.531 20996 20996 E ArmVmp : Match on catch block at 0xc3 in for 0xa5
02-12 22:03:21.030 20996 20996 E ArmVmp : Match on catch block at 0xc3 in for 0xa1
02-12 22:03:21.033 20996 20996 E ArmVmp : Match on catch block at 0xc3 in for 0xa5
02-12 22:03:21.199 20996 20996 E ArmVmp : Match on catch block at 0xc3 in for 0xa9
02-12 22:03:21.202 20996 20996 E ArmVmp : Match on catch block at 0xc3 in for 0xa1
02-12 22:03:21.210 20996 20996 E ArmVmp : Match on catch block at 0xc3 in for 0xa9
02-12 22:03:21.215 20996 20996 E ArmVmp : Match on catch block at 0xc3 in for 0xa1
02-12 22:03:21.221 20996 20996 E ArmVmp : Match on catch block at 0xc3 in for 0xa9
02-12 22:03:21.224 20996 20996 E ArmVmp : Match on catch block at 0xc3 in for 0xa1
02-12 22:03:21.231 20996 20996 E ArmVmp : Match on catch block at 0xc3 in for 0xa9
02-12 22:03:21.235 20996 20996 E ArmVmp : Match on catch block at 0xc3 in for 0xa1
02-12 22:03:21.247 20996 20996 E ArmVmp : Match on catch block at 0xc3 in for 0xa9
02-12 22:03:21.249 20996 20996 E ArmVmp : Match on catch block at 0xc3 in for 0xa1
02-12 22:03:21.254 20996 20996 E ArmVmp : Match on catch block at 0xc3 in for 0xa9
02-12 22:03:21.256 20996 20996 E ArmVmp : Match on catch block at 0xc3 in for 0xa1
02-12 22:03:21.265 20996 20996 E ArmVmp : Match on catch block at 0xc3 in for 0xa9
02-12 22:03:21.267 20996 20996 E ArmVmp : Match on catch block at 0xc3 in for 0xa1
02-12 22:03:21.276 20996 20996 E ArmVmp : Match on catch block at 0xc3 in for 0xa9
02-12 22:03:21.279 20996 20996 E ArmVmp : Match on catch block at 0xc3 in for 0xa1
02-12 22:03:21.287 20996 20996 E ArmVmp : Match on catch block at 0xc3 in for 0xa9
02-12 22:03:21.289 20996 20996 E ArmVmp : Match on catch block at 0xc3 in for 0xa1
02-12 22:03:21.298 20996 20996 E ArmVmp : Match on catch block at 0xc3 in for 0xa9
02-12 22:03:21.300 20996 20996 E ArmVmp : Match on catch block at 0xc3 in for 0xa1
02-12 22:03:21.309 20996 20996 E ArmVmp : Match on catch block at 0xc3 in for 0xa9
02-12 22:03:21.311 20996 20996 E ArmVmp : Match on catch block at 0xc3 in for 0xa1
02-12 22:03:21.342 20996 20996 E ArmVmp : Match on catch block at 0xc3 in for 0xa5
02-12 22:03:21.343 20996 20996 E ArmVmp : Match on catch block at 0xc3 in for 0xa9
02-12 22:03:21.357 20996 20996 E ArmVmp : Match on catch block at 0xc3 in for 0xa5
02-12 22:03:21.359 20996 20996 E ArmVmp : Match on catch block at 0xc3 in for 0xa9
02-12 22:03:21.365 20996 20996 E ArmVmp : Match on catch block at 0xc3 in for 0xa5
02-12 22:03:21.366 20996 20996 E ArmVmp : Match on catch block at 0xc3 in for 0xa9
02-12 22:03:21.375 20996 20996 E ArmVmp : Match on catch block at 0xc3 in for 0xa5
02-12 22:03:21.378 20996 20996 E ArmVmp : Match on catch block at 0xc3 in for 0xa9
02-12 22:03:21.386 20996 20996 E ArmVmp : Match on catch block at 0xc3 in for 0xa5
02-12 22:03:21.388 20996 20996 E ArmVmp : Match on catch block at 0xc3 in for 0xa9
02-12 22:03:21.397 20996 20996 E ArmVmp : Match on catch block at 0xc3 in for 0xa5
02-12 22:03:21.400 20996 20996 E ArmVmp : Match on catch block at 0xc3 in for 0xa9
02-12 22:03:21.409 20996 20996 E ArmVmp : Match on catch block at 0xc3 in for 0xa5
02-12 22:03:21.411 20996 20996 E ArmVmp : Match on catch block at 0xc3 in for 0xa9
02-12 22:03:21.420 20996 20996 E ArmVmp : Match on catch block at 0xc3 in for 0xa5
02-12 22:03:21.422 20996 20996 E ArmVmp : Match on catch block at 0xc3 in for 0xa9
02-12 22:03:21.431 20996 20996 E ArmVmp : Match on catch block at 0xc3 in for 0xa5
02-12 22:03:21.433 20996 20996 E ArmVmp : Match on catch block at 0xc3 in for 0xa9
02-12 22:03:21.442 20996 20996 E ArmVmp : Match on catch block at 0xc3 in for 0xa5
02-12 22:03:21.444 20996 20996 E ArmVmp : Match on catch block at 0xc3 in for 0xa9
02-12 22:03:21.453 20996 20996 E ArmVmp : Match on catch block at 0xc3 in for 0xa5
02-12 22:03:21.458 20996 20996 E ArmVmp : Match on catch block at 0xc3 in for 0xa9
02-12 22:03:21.464 20996 20996 E ArmVmp : Match on catch block at 0xc3 in for 0xa5
02-12 22:03:21.467 20996 20996 E ArmVmp : Match on catch block at 0xc3 in for 0xa9
02-12 22:03:21.476 20996 20996 E ArmVmp : Match on catch block at 0xc3 in for 0xa5
02-12 22:03:21.479 20996 20996 E ArmVmp : Match on catch block at 0xc3 in for 0xa9
02-12 22:03:21.500 20996 20996 E ArmVmp : Match on catch block at 0xc3 in for 0xa5
02-12 22:03:21.502 20996 20996 E ArmVmp : Match on catch block at 0xc3 in for 0xa9
02-12 22:03:21.507 20996 20996 E ArmVmp : Match on catch block at 0xc3 in for 0xa5
02-12 22:03:21.510 20996 20996 E ArmVmp : Match on catch block at 0xc3 in for 0xa9
02-12 22:03:21.514 20996 20996 E ArmVmp : Match on catch block at 0xc3 in for 0xa5
02-12 22:03:21.516 20996 20996 E ArmVmp : Match on catch block at 0xc3 in for 0xa9
02-12 22:03:21.520 20996 20996 E ArmVmp : Match on catch block at 0xc3 in for 0xa5
02-12 22:03:21.522 20996 20996 E ArmVmp : Match on catch block at 0xc3 in for 0xa9
02-12 22:03:21.531 20996 20996 E ArmVmp : Match on catch block at 0xc3 in for 0xa5
02-12 22:03:21.533 20996 20996 E ArmVmp : Match on catch block at 0xc3 in for 0xa9
02-12 22:03:21.542 20996 20996 E ArmVmp : Match on catch block at 0xc3 in for 0xa5
02-12 22:03:21.545 20996 20996 E ArmVmp : Match on catch block at 0xc3 in for 0xa9
02-12 22:03:21.553 20996 20996 E ArmVmp : Match on catch block at 0xc3 in for 0xa5
02-12 22:03:21.556 20996 20996 E ArmVmp : Match on catch block at 0xc3 in for 0xa9
02-12 22:03:21.564 20996 20996 E ArmVmp : Match on catch block at 0xc3 in for 0xa5
02-12 22:03:21.567 20996 20996 E ArmVmp : Match on catch block at 0xc3 in for 0xa9
02-12 22:03:21.576 20996 20996 E ArmVmp : Match on catch block at 0xc3 in for 0xa5
02-12 22:03:21.578 20996 20996 E ArmVmp : Match on catch block at 0xc3 in for 0xa9
02-12 22:03:21.593 20996 20996 E ArmVmp : Match on catch block at 0xc3 in for 0xa9
02-12 22:03:21.595 20996 20996 E ArmVmp : Match on catch block at 0xc3 in for 0xa1
02-12 22:03:21.600 20996 20996 E ArmVmp : Match on catch block at 0xc3 in for 0xa9
02-12 22:03:21.603 20996 20996 E ArmVmp : Match on catch block at 0xc3 in for 0xa1
02-12 22:03:22.043 20996 20996 E ArmVmp : Match on catch block at 0xc3 in for 0xa9
02-12 22:03:22.046 20996 20996 E ArmVmp : Match on catch block at 0xc3 in for 0xa1
02-12 22:03:22.226 20996 20996 E ArmVmp : Match on catch block at 0xc3 in for 0xa1
02-12 22:03:22.229 20996 20996 E ArmVmp : Match on catch block at 0xc3 in for 0xa5
02-12 22:03:22.235 20996 20996 E ArmVmp : Match on catch block at 0xc3 in for 0xa1
02-12 22:03:22.238 20996 20996 E ArmVmp : Match on catch block at 0xc3 in for 0xa5
02-12 22:03:22.545 20996 20996 E ArmVmp : Match on catch block at 0xc3 in for 0xa1
02-12 22:03:22.548 20996 20996 E ArmVmp : Match on catch block at 0xc3 in for 0xa5
02-12 22:03:22.702 20996 20996 E ArmVmp : Match on catch block at 0xc3 in for 0xa9
02-12 22:03:22.706 20996 20996 E ArmVmp : Match on catch block at 0xc3 in for 0xa1
02-12 22:03:22.713 20996 20996 E ArmVmp : Match on catch block at 0xc3 in for 0xa9
02-12 22:03:22.717 20996 20996 E ArmVmp : Match on catch block at 0xc3 in for 0xa1
02-12 22:03:22.724 20996 20996 E ArmVmp : Match on catch block at 0xc3 in for 0xa9
02-12 22:03:22.727 20996 20996 E ArmVmp : Match on catch block at 0xc3 in for 0xa1
02-12 22:03:22.734 20996 20996 E ArmVmp : Match on catch block at 0xc3 in for 0xa9
02-12 22:03:22.737 20996 20996 E ArmVmp : Match on catch block at 0xc3 in for 0xa1
02-12 22:03:22.745 20996 20996 E ArmVmp : Match on catch block at 0xc3 in for 0xa9
02-12 22:03:22.749 20996 20996 E ArmVmp : Match on catch block at 0xc3 in for 0xa1
02-12 22:03:22.756 20996 20996 E ArmVmp : Match on catch block at 0xc3 in for 0xa9
02-12 22:03:22.760 20996 20996 E ArmVmp : Match on catch block at 0xc3 in for 0xa1
02-12 22:03:22.768 20996 20996 E ArmVmp : Match on catch block at 0xc3 in for 0xa9
02-12 22:03:22.771 20996 20996 E ArmVmp : Match on catch block at 0xc3 in for 0xa1
02-12 22:03:22.779 20996 20996 E ArmVmp : Match on catch block at 0xc3 in for 0xa9
02-12 22:03:22.782 20996 20996 E ArmVmp : Match on catch block at 0xc3 in for 0xa1
02-12 22:03:22.790 20996 20996 E ArmVmp : Match on catch block at 0xc3 in for 0xa9
02-12 22:03:22.793 20996 20996 E ArmVmp : Match on catch block at 0xc3 in for 0xa1
02-12 22:03:22.801 20996 20996 E ArmVmp : Match on catch block at 0xc3 in for 0xa9
02-12 22:03:22.804 20996 20996 E ArmVmp : Match on catch block at 0xc3 in for 0xa1
02-12 22:03:22.814 20996 20996 E ArmVmp : Match on catch block at 0xc3 in for 0xa9
02-12 22:03:22.817 20996 20996 E ArmVmp : Match on catch block at 0xc3 in for 0xa1
02-12 22:03:22.823 20996 20996 E ArmVmp : Match on catch block at 0xc3 in for 0xa9
02-12 22:03:22.826 20996 20996 E ArmVmp : Match on catch block at 0xc3 in for 0xa1
02-12 22:03:22.835 20996 20996 E ArmVmp : Match on catch block at 0xc3 in for 0xa9
02-12 22:03:22.838 20996 20996 E ArmVmp : Match on catch block at 0xc3 in for 0xa1
02-12 22:03:22.846 20996 20996 E ArmVmp : Match on catch block at 0xc3 in for 0xa9
02-12 22:03:22.848 20996 20996 E ArmVmp : Match on catch block at 0xc3 in for 0xa1
02-12 22:03:22.857 20996 20996 E ArmVmp : Match on catch block at 0xc3 in for 0xa9
02-12 22:03:22.860 20996 20996 E ArmVmp : Match on catch block at 0xc3 in for 0xa1
02-12 22:03:22.868 20996 20996 E ArmVmp : Match on catch block at 0xc3 in for 0xa9
02-12 22:03:22.871 20996 20996 E ArmVmp : Match on catch block at 0xc3 in for 0xa1
02-12 22:03:22.879 20996 20996 E ArmVmp : Match on catch block at 0xc3 in for 0xa9
02-12 22:03:22.882 20996 20996 E ArmVmp : Match on catch block at 0xc3 in for 0xa1
02-12 22:03:22.890 20996 20996 E ArmVmp : Match on catch block at 0xc3 in for 0xa9
02-12 22:03:22.893 20996 20996 E ArmVmp : Match on catch block at 0xc3 in for 0xa1
02-12 22:03:22.901 20996 20996 E ArmVmp : Match on catch block at 0xc3 in for 0xa9
02-12 22:03:22.904 20996 20996 E ArmVmp : Match on catch block at 0xc3 in for 0xa1
02-12 22:03:22.912 20996 20996 E ArmVmp : Match on catch block at 0xc3 in for 0xa9
02-12 22:03:22.915 20996 20996 E ArmVmp : Match on catch block at 0xc3 in for 0xa1
02-12 22:03:22.924 20996 20996 E ArmVmp : Match on catch block at 0xc3 in for 0xa9
02-12 22:03:22.927 20996 20996 E ArmVmp : Match on catch block at 0xc3 in for 0xa1
02-12 22:03:22.935 20996 20996 E ArmVmp : Match on catch block at 0xc3 in for 0xa9
02-12 22:03:22.939 20996 20996 E ArmVmp : Match on catch block at 0xc3 in for 0xa1
02-12 22:03:22.946 20996 20996 E ArmVmp : Match on catch block at 0xc3 in for 0xa9
02-12 22:03:22.949 20996 20996 E ArmVmp : Match on catch block at 0xc3 in for 0xa1
02-12 22:03:22.957 20996 20996 E ArmVmp : Match on catch block at 0xc3 in for 0xa9
02-12 22:03:22.960 20996 20996 E ArmVmp : Match on catch block at 0xc3 in for 0xa1
02-12 22:03:22.968 20996 20996 E ArmVmp : Match on catch block at 0xc3 in for 0xa9
02-12 22:03:22.971 20996 20996 E ArmVmp : Match on catch block at 0xc3 in for 0xa1
02-12 22:03:22.979 20996 20996 E ArmVmp : Match on catch block at 0xc3 in for 0xa9
02-12 22:03:22.982 20996 20996 E ArmVmp : Match on catch block at 0xc3 in for 0xa1
02-12 22:03:23.003 20996 20996 E ArmVmp : Match on catch block at 0xc3 in for 0xa5
02-12 22:03:23.005 20996 20996 E ArmVmp : Match on catch block at 0xc3 in for 0xa9
02-12 22:03:23.017 20996 20996 E ArmVmp : Match on catch block at 0xc3 in for 0xa5
02-12 22:03:23.019 20996 20996 E ArmVmp : Match on catch block at 0xc3 in for 0xa9
02-12 22:03:23.026 20996 20996 E ArmVmp : Match on catch block at 0xc3 in for 0xa5
02-12 22:03:23.028 20996 20996 E ArmVmp : Match on catch block at 0xc3 in for 0xa9
02-12 22:03:23.034 20996 20996 E ArmVmp : Match on catch block at 0xc3 in for 0xa5
02-12 22:03:23.037 20996 20996 E ArmVmp : Match on catch block at 0xc3 in for 0xa9
02-12 22:03:23.045 20996 20996 E ArmVmp : Match on catch block at 0xc3 in for 0xa5
02-12 22:03:23.047 20996 20996 E ArmVmp : Match on catch block at 0xc3 in for 0xa9
02-12 22:03:23.056 20996 20996 E ArmVmp : Match on catch block at 0xc3 in for 0xa5
02-12 22:03:23.058 20996 20996 E ArmVmp : Match on catch block at 0xc3 in for 0xa9
02-12 22:03:23.067 20996 20996 E ArmVmp : Match on catch block at 0xc3 in for 0xa5
02-12 22:03:23.070 20996 20996 E ArmVmp : Match on catch block at 0xc3 in for 0xa9
02-12 22:03:23.079 20996 20996 E ArmVmp : Match on catch block at 0xc3 in for 0xa5
02-12 22:03:23.081 20996 20996 E ArmVmp : Match on catch block at 0xc3 in for 0xa9
02-12 22:03:23.090 20996 20996 E ArmVmp : Match on catch block at 0xc3 in for 0xa5
02-12 22:03:23.092 20996 20996 E ArmVmp : Match on catch block at 0xc3 in for 0xa9
02-12 22:03:23.101 20996 20996 E ArmVmp : Match on catch block at 0xc3 in for 0xa5
02-12 22:03:23.103 20996 20996 E ArmVmp : Match on catch block at 0xc3 in for 0xa9
02-12 22:03:23.112 20996 20996 E ArmVmp : Match on catch block at 0xc3 in for 0xa5
02-12 22:03:23.114 20996 20996 E ArmVmp : Match on catch block at 0xc3 in for 0xa9
02-12 22:03:23.123 20996 20996 E ArmVmp : Match on catch block at 0xc3 in for 0xa5
02-12 22:03:23.126 20996 20996 E ArmVmp : Match on catch block at 0xc3 in for 0xa9
02-12 22:03:23.134 20996 20996 E ArmVmp : Match on catch block at 0xc3 in for 0xa5
02-12 22:03:23.137 20996 20996 E ArmVmp : Match on catch block at 0xc3 in for 0xa9
02-12 22:03:23.146 20996 20996 E ArmVmp : Match on catch block at 0xc3 in for 0xa5
02-12 22:03:23.148 20996 20996 E ArmVmp : Match on catch block at 0xc3 in for 0xa9
02-12 22:03:23.157 20996 20996 E ArmVmp : Match on catch block at 0xc3 in for 0xa5
02-12 22:03:23.159 20996 20996 E ArmVmp : Match on catch block at 0xc3 in for 0xa9
02-12 22:03:23.168 20996 20996 E ArmVmp : Match on catch block at 0xc3 in for 0xa5
02-12 22:03:23.170 20996 20996 E ArmVmp : Match on catch block at 0xc3 in for 0xa9
02-12 22:03:23.179 20996 20996 E ArmVmp : Match on catch block at 0xc3 in for 0xa5
02-12 22:03:23.181 20996 20996 E ArmVmp : Match on catch block at 0xc3 in for 0xa9
02-12 22:03:23.190 20996 20996 E ArmVmp : Match on catch block at 0xc3 in for 0xa5
02-12 22:03:23.192 20996 20996 E ArmVmp : Match on catch block at 0xc3 in for 0xa9
02-12 22:03:23.201 20996 20996 E ArmVmp : Match on catch block at 0xc3 in for 0xa5
02-12 22:03:23.204 20996 20996 E ArmVmp : Match on catch block at 0xc3 in for 0xa9
02-12 22:03:23.212 20996 20996 E ArmVmp : Match on catch block at 0xc3 in for 0xa5
02-12 22:03:23.215 20996 20996 E ArmVmp : Match on catch block at 0xc3 in for 0xa9
02-12 22:03:23.223 20996 20996 E ArmVmp : Match on catch block at 0xc3 in for 0xa5
02-12 22:03:23.226 20996 20996 E ArmVmp : Match on catch block at 0xc3 in for 0xa9
02-12 22:03:23.235 20996 20996 E ArmVmp : Match on catch block at 0xc3 in for 0xa5
02-12 22:03:23.238 20996 20996 E ArmVmp : Match on catch block at 0xc3 in for 0xa9
02-12 22:03:23.246 20996 20996 E ArmVmp : Match on catch block at 0xc3 in for 0xa5
02-12 22:03:23.249 20996 20996 E ArmVmp : Match on catch block at 0xc3 in for 0xa9
02-12 22:03:23.264 20996 20996 E ArmVmp : Match on catch block at 0xc3 in for 0xa9
02-12 22:03:23.266 20996 20996 E ArmVmp : Match on catch block at 0xc3 in for 0xa1
02-12 22:03:23.271 20996 20996 E ArmVmp : Match on catch block at 0xc3 in for 0xa9
02-12 22:03:23.274 20996 20996 E ArmVmp : Match on catch block at 0xc3 in for 0xa1
02-12 22:03:23.557 20996 20996 E ArmVmp : Match on catch block at 0xc3 in for 0xa9
02-12 22:03:23.562 20996 20996 E ArmVmp : Match on catch block at 0xc3 in for 0xa1
02-12 22:03:24.058 20996 20996 E ArmVmp : Match on catch block at 0xc3 in for 0xa9
02-12 22:03:24.061 20996 20996 E ArmVmp : Match on catch block at 0xc3 in for 0xa1
02-12 22:03:24.560 20996 20996 E ArmVmp : Match on catch block at 0xc3 in for 0xa9
02-12 22:03:24.564 20996 20996 E ArmVmp : Match on catch block at 0xc3 in for 0xa1
02-12 22:03:24.864 20996 20996 E ArmVmp : Match on catch block at 0xc3 in for 0xa9
02-12 22:03:24.869 20996 20996 E ArmVmp : Match on catch block at 0xc3 in for 0xa1
02-12 22:03:24.875 20996 20996 E ArmVmp : Match on catch block at 0xc3 in for 0xa9
02-12 22:03:24.878 20996 20996 E ArmVmp : Match on catch block at 0xc3 in for 0xa1
02-12 22:03:24.886 20996 20996 E ArmVmp : Match on catch block at 0xc3 in for 0xa9
02-12 22:03:24.889 20996 20996 E ArmVmp : Match on catch block at 0xc3 in for 0xa1
02-12 22:03:24.897 20996 20996 E ArmVmp : Match on catch block at 0xc3 in for 0xa9
02-12 22:03:24.900 20996 20996 E ArmVmp : Match on catch block at 0xc3 in for 0xa1
02-12 22:03:24.908 20996 20996 E ArmVmp : Match on catch block at 0xc3 in for 0xa9
02-12 22:03:24.911 20996 20996 E ArmVmp : Match on catch block at 0xc3 in for 0xa1
02-12 22:03:24.919 20996 20996 E ArmVmp : Match on catch block at 0xc3 in for 0xa9
02-12 22:03:24.921 20996 20996 E ArmVmp : Match on catch block at 0xc3 in for 0xa1
02-12 22:03:24.930 20996 20996 E ArmVmp : Match on catch block at 0xc3 in for 0xa9
02-12 22:03:24.932 20996 20996 E ArmVmp : Match on catch block at 0xc3 in for 0xa1
02-12 22:03:24.941 20996 20996 E ArmVmp : Match on catch block at 0xc3 in for 0xa9
02-12 22:03:24.944 20996 20996 E ArmVmp : Match on catch block at 0xc3 in for 0xa1
02-12 22:03:24.952 20996 20996 E ArmVmp : Match on catch block at 0xc3 in for 0xa9
02-12 22:03:24.955 20996 20996 E ArmVmp : Match on catch block at 0xc3 in for 0xa1
02-12 22:03:24.963 20996 20996 E ArmVmp : Match on catch block at 0xc3 in for 0xa9
02-12 22:03:24.967 20996 20996 E ArmVmp : Match on catch block at 0xc3 in for 0xa1
02-12 22:03:24.982 20996 20996 E ArmVmp : Match on catch block at 0xc3 in for 0xa9
02-12 22:03:24.985 20996 20996 E ArmVmp : Match on catch block at 0xc3 in for 0xa1
02-12 22:03:24.993 20996 20996 E ArmVmp : Match on catch block at 0xc3 in for 0xa9
02-12 22:03:24.996 20996 20996 E ArmVmp : Match on catch block at 0xc3 in for 0xa1
02-12 22:03:25.004 20996 20996 E ArmVmp : Match on catch block at 0xc3 in for 0xa9
02-12 22:03:25.008 20996 20996 E ArmVmp : Match on catch block at 0xc3 in for 0xa1
02-12 22:03:25.015 20996 20996 E ArmVmp : Match on catch block at 0xc3 in for 0xa9
02-12 22:03:25.019 20996 20996 E ArmVmp : Match on catch block at 0xc3 in for 0xa1
02-12 22:03:25.026 20996 20996 E ArmVmp : Match on catch block at 0xc3 in for 0xa9
02-12 22:03:25.028 20996 20996 E ArmVmp : Match on catch block at 0xc3 in for 0xa1
02-12 22:03:25.038 20996 20996 E ArmVmp : Match on catch block at 0xc3 in for 0xa9
02-12 22:03:25.040 20996 20996 E ArmVmp : Match on catch block at 0xc3 in for 0xa1
02-12 22:03:25.049 20996 20996 E ArmVmp : Match on catch block at 0xc3 in for 0xa9
02-12 22:03:25.051 20996 20996 E ArmVmp : Match on catch block at 0xc3 in for 0xa1
02-12 22:03:25.060 20996 20996 E ArmVmp : Match on catch block at 0xc3 in for 0xa9
02-12 22:03:25.063 20996 20996 E ArmVmp : Match on catch block at 0xc3 in for 0xa1
02-12 22:03:25.072 20996 20996 E ArmVmp : Match on catch block at 0xc3 in for 0xa9
02-12 22:03:25.074 20996 20996 E ArmVmp : Match on catch block at 0xc3 in for 0xa1
02-12 22:03:25.084 20996 20996 E ArmVmp : Match on catch block at 0xc3 in for 0xa1
02-12 22:03:25.087 20996 20996 E ArmVmp : Match on catch block at 0xc3 in for 0xa5
02-12 22:03:25.097 20996 20996 E ArmVmp : Match on catch block at 0xc3 in for 0xa9
02-12 22:03:25.100 20996 20996 E ArmVmp : Match on catch block at 0xc3 in for 0xa1
02-12 22:03:25.106 20996 20996 E ArmVmp : Match on catch block at 0xc3 in for 0xa9
02-12 22:03:25.108 20996 20996 E ArmVmp : Match on catch block at 0xc3 in for 0xa1
02-12 22:03:25.116 20996 20996 E ArmVmp : Match on catch block at 0xc3 in for 0xa9
02-12 22:03:25.119 20996 20996 E ArmVmp : Match on catch block at 0xc3 in for 0xa1
02-12 22:03:25.127 20996 20996 E ArmVmp : Match on catch block at 0xc3 in for 0xa9
02-12 22:03:25.130 20996 20996 E ArmVmp : Match on catch block at 0xc3 in for 0xa1
02-12 22:03:25.138 20996 20996 E ArmVmp : Match on catch block at 0xc3 in for 0xa9
02-12 22:03:25.141 20996 20996 E ArmVmp : Match on catch block at 0xc3 in for 0xa1
02-12 22:03:25.149 20996 20996 E ArmVmp : Match on catch block at 0xc3 in for 0xa9
02-12 22:03:25.152 20996 20996 E ArmVmp : Match on catch block at 0xc3 in for 0xa1
02-12 22:03:25.160 20996 20996 E ArmVmp : Match on catch block at 0xc3 in for 0xa9
02-12 22:03:25.164 20996 20996 E ArmVmp : Match on catch block at 0xc3 in for 0xa1
02-12 22:03:25.172 20996 20996 E ArmVmp : Match on catch block at 0xc3 in for 0xa9
02-12 22:03:25.174 20996 20996 E ArmVmp : Match on catch block at 0xc3 in for 0xa1
02-12 22:03:25.182 20996 20996 E ArmVmp : Match on catch block at 0xc3 in for 0xa9
02-12 22:03:25.186 20996 20996 E ArmVmp : Match on catch block at 0xc3 in for 0xa1
02-12 22:03:25.196 20996 20996 E ArmVmp : Match on catch block at 0xc3 in for 0xa9
02-12 22:03:25.199 20996 20996 E ArmVmp : Match on catch block at 0xc3 in for 0xa1
02-12 22:03:25.205 20996 20996 E ArmVmp : Match on catch block at 0xc3 in for 0xa9
02-12 22:03:25.207 20996 20996 E ArmVmp : Match on catch block at 0xc3 in for 0xa1
02-12 22:03:25.216 20996 20996 E ArmVmp : Match on catch block at 0xc3 in for 0xa9
02-12 22:03:25.219 20996 20996 E ArmVmp : Match on catch block at 0xc3 in for 0xa1
02-12 22:03:25.228 20996 20996 E ArmVmp : Match on catch block at 0xc3 in for 0xa9
02-12 22:03:25.230 20996 20996 E ArmVmp : Match on catch block at 0xc3 in for 0xa1
02-12 22:03:25.239 20996 20996 E ArmVmp : Match on catch block at 0xc3 in for 0xa9
02-12 22:03:25.241 20996 20996 E ArmVmp : Match on catch block at 0xc3 in for 0xa1
02-12 22:03:25.250 20996 20996 E ArmVmp : Match on catch block at 0xc3 in for 0xa9
02-12 22:03:25.252 20996 20996 E ArmVmp : Match on catch block at 0xc3 in for 0xa1
02-12 22:03:25.261 20996 20996 E ArmVmp : Match on catch block at 0xc3 in for 0xa9
02-12 22:03:25.263 20996 20996 E ArmVmp : Match on catch block at 0xc3 in for 0xa1
02-12 22:03:25.272 20996 20996 E ArmVmp : Match on catch block at 0xc3 in for 0xa9
02-12 22:03:25.275 20996 20996 E ArmVmp : Match on catch block at 0xc3 in for 0xa1
02-12 22:03:25.584 20996 20996 E ArmVmp : Match on catch block at 0xc3 in for 0xa9
02-12 22:03:25.590 20996 20996 E ArmVmp : Match on catch block at 0xc3 in for 0xa1
02-12 22:03:25.608 20996 20996 E ArmVmp : Match on catch block at 0xc3 in for 0xa1
02-12 22:03:25.612 20996 20996 E ArmVmp : Match on catch block at 0xc3 in for 0xa5
02-12 22:03:25.618 20996 20996 E ArmVmp : Match on catch block at 0xc3 in for 0xa1
02-12 22:03:25.622 20996 20996 E ArmVmp : Match on catch block at 0xc3 in for 0xa5
02-12 22:03:25.628 20996 20996 E ArmVmp : Match on catch block at 0xc3 in for 0xa1
02-12 22:03:25.631 20996 20996 E ArmVmp : Match on catch block at 0xc3 in for 0xa5
02-12 22:03:25.639 20996 20996 E ArmVmp : Match on catch block at 0xc3 in for 0xa1
02-12 22:03:25.641 20996 20996 E ArmVmp : Match on catch block at 0xc3 in for 0xa5
02-12 22:03:25.650 20996 20996 E ArmVmp : Match on catch block at 0xc3 in for 0xa1
02-12 22:03:25.653 20996 20996 E ArmVmp : Match on catch block at 0xc3 in for 0xa5
02-12 22:03:25.661 20996 20996 E ArmVmp : Match on catch block at 0xc3 in for 0xa1
02-12 22:03:25.664 20996 20996 E ArmVmp : Match on catch block at 0xc3 in for 0xa5
02-12 22:03:25.672 20996 20996 E ArmVmp : Match on catch block at 0xc3 in for 0xa1
02-12 22:03:25.675 20996 20996 E ArmVmp : Match on catch block at 0xc3 in for 0xa5
02-12 22:03:25.684 20996 20996 E ArmVmp : Match on catch block at 0xc3 in for 0xa1
02-12 22:03:25.686 20996 20996 E ArmVmp : Match on catch block at 0xc3 in for 0xa5
02-12 22:03:25.695 20996 20996 E ArmVmp : Match on catch block at 0xc3 in for 0xa1
02-12 22:03:25.698 20996 20996 E ArmVmp : Match on catch block at 0xc3 in for 0xa5
02-12 22:03:25.706 20996 20996 E ArmVmp : Match on catch block at 0xc3 in for 0xa1
02-12 22:03:25.709 20996 20996 E ArmVmp : Match on catch block at 0xc3 in for 0xa5
02-12 22:03:25.717 20996 20996 E ArmVmp : Match on catch block at 0xc3 in for 0xa1
02-12 22:03:25.720 20996 20996 E ArmVmp : Match on catch block at 0xc3 in for 0xa5
02-12 22:03:25.728 20996 20996 E ArmVmp : Match on catch block at 0xc3 in for 0xa1
02-12 22:03:25.731 20996 20996 E ArmVmp : Match on catch block at 0xc3 in for 0xa5
02-12 22:03:25.739 20996 20996 E ArmVmp : Match on catch block at 0xc3 in for 0xa1
02-12 22:03:25.742 20996 20996 E ArmVmp : Match on catch block at 0xc3 in for 0xa5
02-12 22:03:25.751 20996 20996 E ArmVmp : Match on catch block at 0xc3 in for 0xa1
02-12 22:03:25.753 20996 20996 E ArmVmp : Match on catch block at 0xc3 in for 0xa5
02-12 22:03:25.762 20996 20996 E ArmVmp : Match on catch block at 0xc3 in for 0xa1
02-12 22:03:25.764 20996 20996 E ArmVmp : Match on catch block at 0xc3 in for 0xa5
02-12 22:03:25.773 20996 20996 E ArmVmp : Match on catch block at 0xc3 in for 0xa1
02-12 22:03:25.776 20996 20996 E ArmVmp : Match on catch block at 0xc3 in for 0xa5
02-12 22:03:25.785 20996 20996 E ArmVmp : Match on catch block at 0xc3 in for 0xa1
02-12 22:03:25.788 20996 20996 E ArmVmp : Match on catch block at 0xc3 in for 0xa5
02-12 22:03:25.800 20996 20996 E ArmVmp : Match on catch block at 0xc3 in for 0xa5
02-12 22:03:25.803 20996 20996 E ArmVmp : Match on catch block at 0xc3 in for 0xa9
02-12 22:03:25.814 20996 20996 E ArmVmp : Match on catch block at 0xc3 in for 0xa1
02-12 22:03:25.818 20996 20996 E ArmVmp : Match on catch block at 0xc3 in for 0xa5
02-12 22:03:25.828 20996 20996 E ArmVmp : Match on catch block at 0xc3 in for 0xa1
02-12 22:03:25.831 20996 20996 E ArmVmp : Match on catch block at 0xc3 in for 0xa5
02-12 22:03:25.839 20996 20996 E ArmVmp : Match on catch block at 0xc3 in for 0xa1
02-12 22:03:25.842 20996 20996 E ArmVmp : Match on catch block at 0xc3 in for 0xa5
02-12 22:03:25.851 20996 20996 E ArmVmp : Match on catch block at 0xc3 in for 0xa1
02-12 22:03:25.854 20996 20996 E ArmVmp : Match on catch block at 0xc3 in for 0xa5
02-12 22:03:25.862 20996 20996 E ArmVmp : Match on catch block at 0xc3 in for 0xa1
02-12 22:03:25.864 20996 20996 E ArmVmp : Match on catch block at 0xc3 in for 0xa5
02-12 22:03:25.873 20996 20996 E ArmVmp : Match on catch block at 0xc3 in for 0xa1
02-12 22:03:25.876 20996 20996 E ArmVmp : Match on catch block at 0xc3 in for 0xa5
02-12 22:03:25.884 20996 20996 E ArmVmp : Match on catch block at 0xc3 in for 0xa1
02-12 22:03:25.887 20996 20996 E ArmVmp : Match on catch block at 0xc3 in for 0xa5
02-12 22:03:25.895 20996 20996 E ArmVmp : Match on catch block at 0xc3 in for 0xa1
02-12 22:03:25.898 20996 20996 E ArmVmp : Match on catch block at 0xc3 in for 0xa5
02-12 22:03:25.909 20996 20996 E ArmVmp : Match on catch block at 0xc3 in for 0xa1
02-12 22:03:25.912 20996 20996 E ArmVmp : Match on catch block at 0xc3 in for 0xa5
02-12 22:03:25.918 20996 20996 E ArmVmp : Match on catch block at 0xc3 in for 0xa1
02-12 22:03:25.921 20996 20996 E ArmVmp : Match on catch block at 0xc3 in for 0xa5
02-12 22:03:25.929 20996 20996 E ArmVmp : Match on catch block at 0xc3 in for 0xa1
02-12 22:03:25.932 20996 20996 E ArmVmp : Match on catch block at 0xc3 in for 0xa5
02-12 22:03:25.940 20996 20996 E ArmVmp : Match on catch block at 0xc3 in for 0xa1
02-12 22:03:25.943 20996 20996 E ArmVmp : Match on catch block at 0xc3 in for 0xa5
02-12 22:03:25.951 20996 20996 E ArmVmp : Match on catch block at 0xc3 in for 0xa1
02-12 22:03:25.954 20996 20996 E ArmVmp : Match on catch block at 0xc3 in for 0xa5
02-12 22:03:25.962 20996 20996 E ArmVmp : Match on catch block at 0xc3 in for 0xa1
02-12 22:03:25.964 20996 20996 E ArmVmp : Match on catch block at 0xc3 in for 0xa5
02-12 22:03:25.973 20996 20996 E ArmVmp : Match on catch block at 0xc3 in for 0xa1
02-12 22:03:25.976 20996 20996 E ArmVmp : Match on catch block at 0xc3 in for 0xa5
02-12 22:03:25.985 20996 20996 E ArmVmp : Match on catch block at 0xc3 in for 0xa1
02-12 22:03:25.988 20996 20996 E ArmVmp : Match on catch block at 0xc3 in for 0xa5
02-12 22:03:26.207 20996 20996 E ArmVmp : Match on catch block at 0xc3 in for 0xa1
02-12 22:03:26.210 20996 20996 E ArmVmp : Match on catch block at 0xc3 in for 0xa5
02-12 22:03:26.551 20996 20996 E ArmVmp : Match on catch block at 0xc3 in for 0xa1
02-12 22:03:26.554 20996 20996 E ArmVmp : Match on catch block at 0xc3 in for 0xa5
02-12 22:03:26.819 20996 20996 E ArmVmp : Match on catch block at 0xc3 in for 0xa1
02-12 22:03:26.822 20996 20996 E ArmVmp : Match on catch block at 0xc3 in for 0xa5
02-12 22:03:27.031 20996 20996 E ArmVmp : Match on catch block at 0xc3 in for 0xa1
02-12 22:03:27.034 20996 20996 E ArmVmp : Match on catch block at 0xc3 in for 0xa5
02-12 22:03:27.042 20996 20996 E ArmVmp : Match on catch block at 0xc3 in for 0xa1
02-12 22:03:27.045 20996 20996 E ArmVmp : Match on catch block at 0xc3 in for 0xa5
02-12 22:03:27.053 20996 20996 E ArmVmp : Match on catch block at 0xc3 in for 0xa1
02-12 22:03:27.057 20996 20996 E ArmVmp : Match on catch block at 0xc3 in for 0xa5
02-12 22:03:27.064 20996 20996 E ArmVmp : Match on catch block at 0xc3 in for 0xa1
02-12 22:03:27.067 20996 20996 E ArmVmp : Match on catch block at 0xc3 in for 0xa5
02-12 22:03:27.076 20996 20996 E ArmVmp : Match on catch block at 0xc3 in for 0xa1
02-12 22:03:27.081 20996 20996 E ArmVmp : Match on catch block at 0xc3 in for 0xa5
02-12 22:03:27.087 20996 20996 E ArmVmp : Match on catch block at 0xc3 in for 0xa1
02-12 22:03:27.090 20996 20996 E ArmVmp : Match on catch block at 0xc3 in for 0xa5
02-12 22:03:27.098 20996 20996 E ArmVmp : Match on catch block at 0xc3 in for 0xa1
02-12 22:03:27.103 20996 20996 E ArmVmp : Match on catch block at 0xc3 in for 0xa5
02-12 22:03:27.109 20996 20996 E ArmVmp : Match on catch block at 0xc3 in for 0xa1
02-12 22:03:27.112 20996 20996 E ArmVmp : Match on catch block at 0xc3 in for 0xa5
02-12 22:03:27.120 20996 20996 E ArmVmp : Match on catch block at 0xc3 in for 0xa1
02-12 22:03:27.126 20996 20996 E ArmVmp : Match on catch block at 0xc3 in for 0xa5
02-12 22:03:27.131 20996 20996 E ArmVmp : Match on catch block at 0xc3 in for 0xa1
02-12 22:03:27.133 20996 20996 E ArmVmp : Match on catch block at 0xc3 in for 0xa5
02-12 22:03:27.142 20996 20996 E ArmVmp : Match on catch block at 0xc3 in for 0xa1
02-12 22:03:27.145 20996 20996 E ArmVmp : Match on catch block at 0xc3 in for 0xa5
02-12 22:03:27.154 20996 20996 E ArmVmp : Match on catch block at 0xc3 in for 0xa1
02-12 22:03:27.157 20996 20996 E ArmVmp : Match on catch block at 0xc3 in for 0xa5
02-12 22:03:27.165 20996 20996 E ArmVmp : Match on catch block at 0xc3 in for 0xa1
02-12 22:03:27.168 20996 20996 E ArmVmp : Match on catch block at 0xc3 in for 0xa5
02-12 22:03:27.176 20996 20996 E ArmVmp : Match on catch block at 0xc3 in for 0xa1
02-12 22:03:27.179 20996 20996 E ArmVmp : Match on catch block at 0xc3 in for 0xa5
02-12 22:03:27.187 20996 20996 E ArmVmp : Match on catch block at 0xc3 in for 0xa1
02-12 22:03:27.190 20996 20996 E ArmVmp : Match on catch block at 0xc3 in for 0xa5
02-12 22:03:27.198 20996 20996 E ArmVmp : Match on catch block at 0xc3 in for 0xa1
02-12 22:03:27.201 20996 20996 E ArmVmp : Match on catch block at 0xc3 in for 0xa5
02-12 22:03:27.209 20996 20996 E ArmVmp : Match on catch block at 0xc3 in for 0xa1
02-12 22:03:27.212 20996 20996 E ArmVmp : Match on catch block at 0xc3 in for 0xa5
02-12 22:03:27.220 20996 20996 E ArmVmp : Match on catch block at 0xc3 in for 0xa1
02-12 22:03:27.223 20996 20996 E ArmVmp : Match on catch block at 0xc3 in for 0xa5
02-12 22:03:27.233 20996 20996 E ArmVmp : Match on catch block at 0xc3 in for 0xa1
02-12 22:03:27.239 20996 20996 E ArmVmp : Match on catch block at 0xc3 in for 0xa5
02-12 22:03:27.253 20996 20996 E ArmVmp : Match on catch block at 0xc3 in for 0xa1
02-12 22:03:27.256 20996 20996 E ArmVmp : Match on catch block at 0xc3 in for 0xa5
02-12 22:03:27.264 20996 20996 E ArmVmp : Match on catch block at 0xc3 in for 0xa1
02-12 22:03:27.267 20996 20996 E ArmVmp : Match on catch block at 0xc3 in for 0xa5
02-12 22:03:27.276 20996 20996 E ArmVmp : Match on catch block at 0xc3 in for 0xa1
02-12 22:03:27.278 20996 20996 E ArmVmp : Match on catch block at 0xc3 in for 0xa5
02-12 22:03:27.287 20996 20996 E ArmVmp : Match on catch block at 0xc3 in for 0xa1
02-12 22:03:27.289 20996 20996 E ArmVmp : Match on catch block at 0xc3 in for 0xa5
02-12 22:03:27.298 20996 20996 E ArmVmp : Match on catch block at 0xc3 in for 0xa1
02-12 22:03:27.300 20996 20996 E ArmVmp : Match on catch block at 0xc3 in for 0xa5
02-12 22:03:27.309 20996 20996 E ArmVmp : Match on catch block at 0xc3 in for 0xa1
02-12 22:03:27.311 20996 20996 E ArmVmp : Match on catch block at 0xc3 in for 0xa5
02-12 22:03:27.320 20996 20996 E ArmVmp : Match on catch block at 0xc3 in for 0xa1
02-12 22:03:27.323 20996 20996 E ArmVmp : Match on catch block at 0xc3 in for 0xa5
02-12 22:03:27.331 20996 20996 E ArmVmp : Match on catch block at 0xc3 in for 0xa1
02-12 22:03:27.334 20996 20996 E ArmVmp : Match on catch block at 0xc3 in for 0xa5
02-12 22:03:27.342 20996 20996 E ArmVmp : Match on catch block at 0xc3 in for 0xa1
02-12 22:03:27.344 20996 20996 E ArmVmp : Match on catch block at 0xc3 in for 0xa5
02-12 22:03:27.354 20996 20996 E ArmVmp : Match on catch block at 0xc3 in for 0xa1
02-12 22:03:27.357 20996 20996 E ArmVmp : Match on catch block at 0xc3 in for 0xa5
02-12 22:03:27.365 20996 20996 E ArmVmp : Match on catch block at 0xc3 in for 0xa1
02-12 22:03:27.368 20996 20996 E ArmVmp : Match on catch block at 0xc3 in for 0xa5
02-12 22:03:27.376 20996 20996 E ArmVmp : Match on catch block at 0xc3 in for 0xa1
02-12 22:03:27.379 20996 20996 E ArmVmp : Match on catch block at 0xc3 in for 0xa5
02-12 22:03:27.387 20996 20996 E ArmVmp : Match on catch block at 0xc3 in for 0xa1
02-12 22:03:27.391 20996 20996 E ArmVmp : Match on catch block at 0xc3 in for 0xa5
02-12 22:03:27.398 20996 20996 E ArmVmp : Match on catch block at 0xc3 in for 0xa1
02-12 22:03:27.401 20996 20996 E ArmVmp : Match on catch block at 0xc3 in for 0xa5
02-12 22:03:27.409 20996 20996 E ArmVmp : Match on catch block at 0xc3 in for 0xa1
02-12 22:03:27.412 20996 20996 E ArmVmp : Match on catch block at 0xc3 in for 0xa5
02-12 22:03:27.421 20996 20996 E ArmVmp : Match on catch block at 0xc3 in for 0xa1
02-12 22:03:27.423 20996 20996 E ArmVmp : Match on catch block at 0xc3 in for 0xa5
02-12 22:03:27.432 20996 20996 E ArmVmp : Match on catch block at 0xc3 in for 0xa1
02-12 22:03:27.434 20996 20996 E ArmVmp : Match on catch block at 0xc3 in for 0xa5
02-12 22:03:27.476 20996 20996 E ArmVmp : Match on catch block at 0xc3 in for 0xa1
02-12 22:03:27.479 20996 20996 E ArmVmp : Match on catch block at 0xc3 in for 0xa5
02-12 22:03:27.699 20996 20996 E ArmVmp : Match on catch block at 0xc3 in for 0xa1
02-12 22:03:27.702 20996 20996 E ArmVmp : Match on catch block at 0xc3 in for 0xa5
02-12 22:03:27.910 20996 20996 E ArmVmp : Match on catch block at 0xc3 in for 0xa1
02-12 22:03:27.914 20996 20996 E ArmVmp : Match on catch block at 0xc3 in for 0xa5
02-12 22:03:28.411 20996 20996 E ArmVmp : Match on catch block at 0xc3 in for 0xa1
02-12 22:03:28.415 20996 20996 E ArmVmp : Match on catch block at 0xc3 in for 0xa5
02-12 22:03:28.477 20996 20996 E ArmVmp : Match on catch block at 0xc3 in for 0xa1
02-12 22:03:28.480 20996 20996 E ArmVmp : Match on catch block at 0xc3 in for 0xa5
02-12 22:03:28.935 20996 20996 E ArmVmp : Match on catch block at 0xc3 in for 0xa1
02-12 22:03:28.938 20996 20996 E ArmVmp : Match on catch block at 0xc3 in for 0xa5
02-12 22:03:28.958 20996 20996 E ArmVmp : Match on catch block at 0xc3 in for 0xa1
02-12 22:03:28.961 20996 20996 E ArmVmp : Match on catch block at 0xc3 in for 0xa5
02-12 22:03:29.024 20996 20996 E ArmVmp : Match on catch block at 0xc3 in for 0xa1
02-12 22:03:29.029 20996 20996 E ArmVmp : Match on catch block at 0xc3 in for 0xa5
02-12 22:03:29.035 20996 20996 E ArmVmp : Match on catch block at 0xc3 in for 0xa9
02-12 22:03:29.039 20996 20996 E ArmVmp : Match on catch block at 0xc3 in for 0xa1
02-12 22:03:29.059 20996 21117 W libEGL : EGLNativeWindowType 0xb400007793136ad0
disconnect failed
02-12 22:03:29.537 20996 20996 E ArmVmp : Match on catch block at 0xc3 in for 0xa9
02-12 22:03:29.541 20996 20996 E ArmVmp : Match on catch block at 0xc3 in for 0xa1
02-12 22:03:29.866 20996 20996 E ArmVmp : Match on catch block at 0xc3 in for 0xa1
02-12 22:03:29.870 20996 20996 E ArmVmp : Match on catch block at 0xc3 in for 0xa5
02-12 22:03:29.899 20996 21117 W libEGL : EGLNativeWindowType 0xb400007793136ad0
disconnect failed
02-12 22:03:29.910 20996 20996 E ArmVmp : Match on catch block at 0xc3 in for 0xa5
02-12 22:03:29.913 20996 20996 E ArmVmp : Match on catch block at 0xc3 in for 0xa9
02-12 22:03:29.926 20996 20996 E ArmVmp : Match on catch block at 0xc3 in for 0xa5
02-12 22:03:29.929 20996 20996 E ArmVmp : Match on catch block at 0xc3 in for 0xa9
02-12 22:03:30.360 20996 20996 E ArmVmp : Match on catch block at 0xc3 in for 0xa5
02-12 22:03:30.364 20996 20996 E ArmVmp : Match on catch block at 0xc3 in for 0xa9
02-12 22:03:30.661 20996 20996 E ArmVmp : Match on catch block at 0xc3 in for 0xa5
02-12 22:03:30.665 20996 20996 E ArmVmp : Match on catch block at 0xc3 in for 0xa9
02-12 22:03:30.687 20996 20996 E ArmVmp : Match on catch block at 0xc3 in for 0xa5
02-12 22:03:30.689 20996 20996 E ArmVmp : Match on catch block at 0xc3 in for 0xa9
02-12 22:03:30.710 20996 20996 E ArmVmp : Match on catch block at 0xc3 in for 0xa9
02-12 22:03:30.712 20996 20996 E ArmVmp : Match on catch block at 0xc3 in for 0xa1
02-12 22:03:30.743 20996 20996 E ArmVmp : Match on catch block at 0xc3 in for 0xa5
02-12 22:03:30.746 20996 20996 E ArmVmp : Match on catch block at 0xc3 in for 0xa9
02-12 22:03:30.758 20996 20996 E ArmVmp : Match on catch block at 0xc3 in for 0xa9
02-12 22:03:30.760 20996 20996 E ArmVmp : Match on catch block at 0xc3 in for 0xa1
02-12 22:03:30.771 20996 20996 E ArmVmp : Match on catch block at 0xc3 in for 0xa5
02-12 22:03:30.774 20996 20996 E ArmVmp : Match on catch block at 0xc3 in for 0xa9
02-12 22:03:30.781 20996 20996 E ArmVmp : Match on catch block at 0xc3 in for 0xa5
02-12 22:03:30.784 20996 20996 E ArmVmp : Match on catch block at 0xc3 in for 0xa9
02-12 22:03:30.794 20996 20996 E ArmVmp : Match on catch block at 0xc3 in for 0xa5
02-12 22:03:30.796 20996 20996 E ArmVmp : Match on catch block at 0xc3 in for 0xa9
02-12 22:03:30.805 20996 20996 E ArmVmp : Match on catch block at 0xc3 in for 0xa5
02-12 22:03:30.808 20996 20996 E ArmVmp : Match on catch block at 0xc3 in for 0xa9
02-12 22:03:30.816 20996 20996 E ArmVmp : Match on catch block at 0xc3 in for 0xa5
02-12 22:03:30.819 20996 20996 E ArmVmp : Match on catch block at 0xc3 in for 0xa9
02-12 22:03:30.827 20996 20996 E ArmVmp : Match on catch block at 0xc3 in for 0xa5
02-12 22:03:30.830 20996 20996 E ArmVmp : Match on catch block at 0xc3 in for 0xa9
02-12 22:03:30.839 20996 20996 E ArmVmp : Match on catch block at 0xc3 in for 0xa5
02-12 22:03:30.841 20996 20996 E ArmVmp : Match on catch block at 0xc3 in for 0xa9
02-12 22:03:30.854 20996 20996 E ArmVmp : Match on catch block at 0xc3 in for 0xa9
02-12 22:03:30.856 20996 20996 E ArmVmp : Match on catch block at 0xc3 in for 0xa1
02-12 22:03:30.861 20996 20996 E ArmVmp : Match on catch block at 0xc3 in for 0xa9
02-12 22:03:30.864 20996 21197 W MediaPlayer: Use of stream types is deprecated for
operations other than volume control
02-12 22:03:30.864 20996 21197 W MediaPlayer: See the documentation of
setAudioStreamType() for what to use instead with android.media.AudioAttributes to
qualify your playback use case
02-12 22:03:30.865 20996 20996 E ArmVmp : Match on catch block at 0xc3 in for 0xa1
02-12 22:03:31.088 20996 20996 E ArmVmp : Match on catch block at 0xc3 in for 0xa9
02-12 22:03:31.091 20996 20996 E ArmVmp : Match on catch block at 0xc3 in for 0xa1
02-12 22:03:31.105 20996 20996 E ArmVmp : Match on catch block at 0xc3 in for 0xa1
02-12 22:03:31.107 20996 20996 E ArmVmp : Match on catch block at 0xc3 in for 0xa5
02-12 22:03:31.118 20996 20996 E ArmVmp : Match on catch block at 0xc3 in for 0xa5
02-12 22:03:31.120 20996 20996 E ArmVmp : Match on catch block at 0xc3 in for 0xa9
02-12 22:03:31.183 20996 20996 E ArmVmp : Match on catch block at 0xc3 in for 0xa1
02-12 22:03:31.185 20996 20996 E ArmVmp : Match on catch block at 0xc3 in for 0xa5
02-12 22:03:31.209 20996 20996 E ArmVmp : Match on catch block at 0xc3 in for 0xa9
02-12 22:03:31.212 20996 20996 E ArmVmp : Match on catch block at 0xc3 in for 0xa1
02-12 22:03:31.217 20996 20996 E ArmVmp : Match on catch block at 0xc3 in for 0xa9
02-12 22:03:31.219 20996 20996 E ArmVmp : Match on catch block at 0xc3 in for 0xa1
02-12 22:03:31.261 20996 21117 W libEGL : EGLNativeWindowType 0xb400007793136ad0
disconnect failed
02-12 22:03:31.280 20996 20996 E ArmVmp : Match on catch block at 0xc3 in for 0xa5
02-12 22:03:31.283 20996 20996 E ArmVmp : Match on catch block at 0xc3 in for 0xa9
02-12 22:03:31.288 20996 20996 E ArmVmp : Match on catch block at 0xc3 in for 0xa5
02-12 22:03:31.290 20996 20996 E ArmVmp : Match on catch block at 0xc3 in for 0xa9
02-12 22:03:31.659 20996 20996 E ArmVmp : Match on catch block at 0xc3 in for 0xa1
02-12 22:03:31.664 20996 20996 E ArmVmp : Match on catch block at 0xc3 in for 0xa5
02-12 22:03:31.752 20996 20996 E ArmVmp : Match on catch block at 0xc3 in for 0xa9
02-12 22:03:31.755 20996 20996 E ArmVmp : Match on catch block at 0xc3 in for 0xa1
02-12 22:03:32.179 20996 21117 W libEGL : EGLNativeWindowType 0xb4000077931c10e0
disconnect failed
02-12 22:03:32.184 20996 20996 E ArmVmp : Match on catch block at 0xc3 in for 0xa1
02-12 22:03:32.187 20996 20996 E ArmVmp : Match on catch block at 0xc3 in for 0xa5
02-12 22:03:41.498 20996 21117 W libEGL : EGLNativeWindowType 0xb400007793209700
disconnect failed
--------- beginning of main
02-13 03:19:51.929 24188 24188 E com.whatsapp: Not starting debugger since process
cannot load the jdwp agent.
02-13 03:19:52.029 24188 24188 W System.err: java.lang.ClassNotFoundException:
mbmodsd.mbmodsw.ui.views.btn.BtnBK
02-13 03:19:52.029 24188 24188 W System.err: at
java.lang.Runtime.nativeLoad(Native Method)
02-13 03:19:52.029 24188 24188 W System.err: at
java.lang.Runtime.nativeLoad(Runtime.java:1131)
02-13 03:19:52.029 24188 24188 W System.err: at
java.lang.Runtime.loadLibrary0(Runtime.java:1085)
02-13 03:19:52.029 24188 24188 W System.err: at
java.lang.Runtime.loadLibrary0(Runtime.java:1008)
02-13 03:19:52.029 24188 24188 W System.err: at
java.lang.System.loadLibrary(System.java:1664)
02-13 03:19:52.029 24188 24188 W System.err: at arm.EpicVm.<clinit>(Unknown
Source:2)
02-13 03:19:52.029 24188 24188 W System.err: at
java.lang.Class.newInstance(Native Method)
02-13 03:19:52.029 24188 24188 W System.err: at
android.app.AppComponentFactory.instantiateApplication(AppComponentFactory.java:76)
02-13 03:19:52.029 24188 24188 W System.err: at
androidx.core.app.CoreComponentFactory.instantiateApplication(Unknown Source:0)
02-13 03:19:52.029 24188 24188 W System.err: at
android.app.Instrumentation.newApplication(Instrumentation.java:1158)
02-13 03:19:52.029 24188 24188 W System.err: at
android.app.LoadedApk.makeApplication(LoadedApk.java:1268)
02-13 03:19:52.029 24188 24188 W System.err: at
android.app.ActivityThread.handleBindApplication(ActivityThread.java:6879)
02-13 03:19:52.029 24188 24188 W System.err: at
android.app.ActivityThread.access$1300(ActivityThread.java:260)
02-13 03:19:52.029 24188 24188 W System.err: at
android.app.ActivityThread$H.handleMessage(ActivityThread.java:1955)
02-13 03:19:52.029 24188 24188 W System.err: at
android.os.Handler.dispatchMessage(Handler.java:106)
02-13 03:19:52.029 24188 24188 W System.err: at
android.os.Looper.loop(Looper.java:223)
02-13 03:19:52.029 24188 24188 W System.err: at
android.app.ActivityThread.main(ActivityThread.java:7945)
02-13 03:19:52.029 24188 24188 W System.err: at
java.lang.reflect.Method.invoke(Native Method)
02-13 03:19:52.029 24188 24188 W System.err: at
com.android.internal.os.RuntimeInit$MethodAndArgsCaller.run(RuntimeInit.java:603)
02-13 03:19:52.029 24188 24188 W System.err: at
com.android.internal.os.ZygoteInit.main(ZygoteInit.java:947)
02-13 03:19:52.035 24188 24188 E CustomActivityOnCrash: IMPORTANT WARNING! You
already have an UncaughtExceptionHandler, are you sure this is correct? If you use
a custom UncaughtExceptionHandler, you must initialize it AFTER
CustomActivityOnCrash! Installing anyway, but your original handler will not be
called.
02-13 03:19:52.075 24188 24240 W LibraryVersion: Failed to get app version for
libraryName: firebase-iid
02-13 03:19:52.241 24188 24188 W com.whatsapp: Accessing hidden method
Lcom/android/org/conscrypt/OpenSSLSocketImpl;->setUseSessionTickets(Z)V (greylist-
max-q,test-api, reflection, denied)
02-13 03:19:52.242 24188 24188 W com.whatsapp: Accessing hidden method
Lcom/android/org/conscrypt/AbstractConscryptSocket;->setUseSessionTickets(Z)V
(greylist-max-q, reflection, denied)
02-13 03:19:52.254 24188 24188 W com.whatsapp: type=1400 audit(0.0:784443): avc:
granted { execute } for
