02-12 19:46:14.551 7726 7726 E ArmVmp : Match on catch block at 0xc3 in for 0xa5
02-12 19:46:14.715 7726 7726 E ArmVmp : Match on catch block at 0xc3 in for 0xa5
02-12 19:46:14.718 7726 7726 E ArmVmp : Match on catch block at 0xc3 in for 0xa9
02-12 19:46:14.719 7726 7726 E ArmVmp : Match on catch block at 0xc3 in for 0xa9
02-12 19:46:14.763 7726 7726 E ArmVmp : Match on catch block at 0xc3 in for 0xa9
02-12 19:46:14.769 7726 7726 E ArmVmp : Match on catch block at 0xc3 in for 0xa1
02-12 19:46:14.776 7726 7726 E ArmVmp : Match on catch block at 0xc3 in for 0xa1
02-12 19:46:14.840 7726 7726 E ArmVmp : Match on catch block at 0xc3 in for 0xa1
02-12 19:46:14.846 7726 7726 E ArmVmp : Match on catch block at 0xc3 in for 0xa5
02-12 19:46:14.849 7726 7726 E ArmVmp : Match on catch block at 0xc3 in for 0xa5
02-12 19:46:14.925 7726 7850 W libEGL : EGLNativeWindowType 0xb40000779313d100
disconnect failed
02-12 19:46:15.124 7726 7726 E ArmVmp : Match on catch block at 0xc3 in for 0xa9
02-12 19:46:15.127 7726 7726 E ArmVmp : Match on catch block at 0xc3 in for 0xa1
02-12 19:46:15.129 7726 7726 E ArmVmp : Match on catch block at 0xc3 in for 0xa1
02-12 19:46:15.149 7726 7726 E ArmVmp : Match on catch block at 0xc3 in for 0xa5
02-12 19:46:15.151 7726 7726 E ArmVmp : Match on catch block at 0xc3 in for 0xa9
02-12 19:46:15.155 7726 7726 E ArmVmp : Match on catch block at 0xc3 in for 0xa9
02-12 19:46:15.190 7726 7726 E ArmVmp : Match on catch block at 0xc3 in for 0xa1
02-12 19:46:15.193 7726 7726 E ArmVmp : Match on catch block at 0xc3 in for 0xa5
02-12 19:46:15.195 7726 7726 E ArmVmp : Match on catch block at 0xc3 in for 0xa5
02-12 19:46:15.685 7726 7850 W libEGL : EGLNativeWindowType 0xb400007793181300
disconnect failed
02-12 19:46:15.694 7726 7726 E ArmVmp : Match on catch block at 0xc3 in for 0xa1
02-12 19:46:15.696 7726 7726 E ArmVmp : Match on catch block at 0xc3 in for 0xa5
02-12 19:46:15.698 7726 7726 E ArmVmp : Match on catch block at 0xc3 in for 0xa5
02-12 19:46:16.528 7726 7726 E ArmVmp : Match on catch block at 0x0a in for 0xc5
02-12 19:46:16.534 7726 7726 E ArmVmp : Match on catch block at 0x0a in for 0xc1
02-12 19:46:16.768 7726 7726 W StickerImageFil: type=1400 audit(0.0:662957): avc:
granted { execute } for
path="/data/data/com.whatsapp/files/decompressed/libs.spk.zst/libstatic-webp.so"
dev="dm-12" ino=131940 scontext=u:r:untrusted_app:s0:c246,c256,c512,c768
tcontext=u:object_r:app_data_file:s0:c246,c256,c512,c768 tclass=file
app=com.whatsapp
02-12 19:46:16.840 7726 7726 E ArmVmp : Match on catch block at 0xc3 in for 0xb5
02-12 19:46:16.845 7726 7726 E ArmVmp : Match on catch block at 0xc3 in for 0xb5
02-12 19:46:16.917 7726 7726 E ArmVmp : Match on catch block at 0xc3 in for 0xa5
02-12 19:46:16.922 7726 7726 E ArmVmp : Match on catch block at 0xc3 in for 0xa9
02-12 19:46:16.965 7726 7726 E ArmVmp : Match on catch block at 0xc3 in for 0xa1
02-12 19:46:16.968 7726 7726 E ArmVmp : Match on catch block at 0xc3 in for 0xa5
02-12 19:46:16.997 7726 7726 E ArmVmp : Match on catch block at 0xc3 in for 0xa5
02-12 19:46:16.999 7726 7726 E ArmVmp : Match on catch block at 0xc3 in for 0xa9
02-12 19:46:17.329 7726 7850 W libEGL : EGLNativeWindowType 0xb40000779313d100
disconnect failed
02-12 19:46:17.373 7726 7726 E ArmVmp : Match on catch block at 0xc3 in for 0xa9
02-12 19:46:17.377 7726 7726 E ArmVmp : Match on catch block at 0xc3 in for 0xa1
02-12 19:46:17.385 7726 7726 E ArmVmp : Match on catch block at 0xc3 in for 0xa1
02-12 19:46:17.388 7726 7726 E ArmVmp : Match on catch block at 0xc3 in for 0xa5
02-12 19:46:17.396 7726 7726 E ArmVmp : Match on catch block at 0xc3 in for 0xa5
02-12 19:46:17.400 7726 7726 E ArmVmp : Match on catch block at 0xc3 in for 0xa9
02-12 19:46:17.405 7726 7726 E ArmVmp : Match on catch block at 0xc3 in for 0xa9
02-12 19:46:17.412 7726 7726 E ArmVmp : Match on catch block at 0xc3 in for 0xa1
02-12 19:46:17.428 7726 7726 E ArmVmp : Match on catch block at 0xc3 in for 0xa1
02-12 19:46:17.431 7726 7726 E ArmVmp : Match on catch block at 0xc3 in for 0xa5
02-12 19:46:17.439 7726 7726 E ArmVmp : Match on catch block at 0xc3 in for 0xa5
02-12 19:46:17.443 7726 7726 E ArmVmp : Match on catch block at 0xc3 in for 0xa9
02-12 19:46:17.451 7726 7726 E ArmVmp : Match on catch block at 0xc3 in for 0xa9
02-12 19:46:17.453 7726 7726 E ArmVmp : Match on catch block at 0xc3 in for 0xa1
02-12 19:46:17.461 7726 7726 E ArmVmp : Match on catch block at 0xc3 in for 0xa1
02-12 19:46:17.464 7726 7726 E ArmVmp : Match on catch block at 0xc3 in for 0xa5
02-12 19:46:17.472 7726 7726 E ArmVmp : Match on catch block at 0xc3 in for 0xa5
02-12 19:46:17.475 7726 7726 E ArmVmp : Match on catch block at 0xc3 in for 0xa9
02-12 19:46:17.484 7726 7726 E ArmVmp : Match on catch block at 0xc3 in for 0xa9
02-12 19:46:17.486 7726 7726 E ArmVmp : Match on catch block at 0xc3 in for 0xa1
02-12 19:46:17.495 7726 7726 E ArmVmp : Match on catch block at 0xc3 in for 0xa1
02-12 19:46:17.498 7726 7726 E ArmVmp : Match on catch block at 0xc3 in for 0xa5
02-12 19:46:17.506 7726 7726 E ArmVmp : Match on catch block at 0xc3 in for 0xa5
02-12 19:46:17.509 7726 7726 E ArmVmp : Match on catch block at 0xc3 in for 0xa9
02-12 19:46:17.518 7726 7726 E ArmVmp : Match on catch block at 0xc3 in for 0xa9
02-12 19:46:17.520 7726 7726 E ArmVmp : Match on catch block at 0xc3 in for 0xa1
02-12 19:46:17.529 7726 7726 E ArmVmp : Match on catch block at 0xc3 in for 0xa1
02-12 19:46:17.532 7726 7726 E ArmVmp : Match on catch block at 0xc3 in for 0xa5
02-12 19:46:17.541 7726 7726 E ArmVmp : Match on catch block at 0xc3 in for 0xa5
02-12 19:46:17.544 7726 7726 E ArmVmp : Match on catch block at 0xc3 in for 0xa9
02-12 19:46:17.551 7726 7726 E ArmVmp : Match on catch block at 0xc3 in for 0xa9
02-12 19:46:17.557 7726 7726 E ArmVmp : Match on catch block at 0xc3 in for 0xa1
02-12 19:46:17.563 7726 7726 E ArmVmp : Match on catch block at 0xc3 in for 0xa1
02-12 19:46:17.566 7726 7726 E ArmVmp : Match on catch block at 0xc3 in for 0xa5
02-12 19:46:17.573 7726 7726 E ArmVmp : Match on catch block at 0xc3 in for 0xa5
02-12 19:46:17.578 7726 7726 E ArmVmp : Match on catch block at 0xc3 in for 0xa9
02-12 19:46:17.584 7726 7726 E ArmVmp : Match on catch block at 0xc3 in for 0xa9
02-12 19:46:17.587 7726 7726 E ArmVmp : Match on catch block at 0xc3 in for 0xa1
02-12 19:46:17.595 7726 7726 E ArmVmp : Match on catch block at 0xc3 in for 0xa1
02-12 19:46:17.598 7726 7726 E ArmVmp : Match on catch block at 0xc3 in for 0xa5
02-12 19:46:17.607 7726 7726 E ArmVmp : Match on catch block at 0xc3 in for 0xa5
02-12 19:46:17.609 7726 7726 E ArmVmp : Match on catch block at 0xc3 in for 0xa9
02-12 19:46:17.618 7726 7726 E ArmVmp : Match on catch block at 0xc3 in for 0xa9
02-12 19:46:17.620 7726 7726 E ArmVmp : Match on catch block at 0xc3 in for 0xa1
02-12 19:46:17.629 7726 7726 E ArmVmp : Match on catch block at 0xc3 in for 0xa1
02-12 19:46:17.631 7726 7726 E ArmVmp : Match on catch block at 0xc3 in for 0xa5
02-12 19:46:17.640 7726 7726 E ArmVmp : Match on catch block at 0xc3 in for 0xa5
02-12 19:46:17.642 7726 7726 E ArmVmp : Match on catch block at 0xc3 in for 0xa9
02-12 19:46:17.651 7726 7726 E ArmVmp : Match on catch block at 0xc3 in for 0xa9
02-12 19:46:17.653 7726 7726 E ArmVmp : Match on catch block at 0xc3 in for 0xa1
02-12 19:46:17.662 7726 7726 E ArmVmp : Match on catch block at 0xc3 in for 0xa1
02-12 19:46:17.664 7726 7726 E ArmVmp : Match on catch block at 0xc3 in for 0xa5
02-12 19:46:17.673 7726 7726 E ArmVmp : Match on catch block at 0xc3 in for 0xa5
02-12 19:46:17.675 7726 7726 E ArmVmp : Match on catch block at 0xc3 in for 0xa9
02-12 19:46:17.685 7726 7726 E ArmVmp : Match on catch block at 0xc3 in for 0xa9
02-12 19:46:17.686 7726 7726 E ArmVmp : Match on catch block at 0xc3 in for 0xa1
02-12 19:46:17.996 7726 7726 E ArmVmp : Match on catch block at 0xc3 in for 0xa1
02-12 19:46:17.998 7726 7726 E ArmVmp : Match on catch block at 0xc3 in for 0xa5
02-12 19:46:18.268 7726 7726 E ArmVmp : Match on catch block at 0xc3 in for 0xa1
02-12 19:46:18.270 7726 7726 E ArmVmp : Match on catch block at 0xc3 in for 0xa5
02-12 19:46:18.275 7726 7726 E ArmVmp : Match on catch block at 0xc3 in for 0xa5
02-12 19:46:18.276 7726 7726 E ArmVmp : Match on catch block at 0xc3 in for 0xa9
02-12 19:46:18.498 7726 7726 E ArmVmp : Match on catch block at 0xc3 in for 0xa9
02-12 19:46:18.500 7726 7726 E ArmVmp : Match on catch block at 0xc3 in for 0xa1
02-12 19:46:18.641 7726 7726 E ArmVmp : Match on catch block at 0xc3 in for 0xa5
02-12 19:46:18.644 7726 7726 E ArmVmp : Match on catch block at 0xc3 in for 0xa9
02-12 19:46:18.667 7726 7726 E ArmVmp : Match on catch block at 0xc3 in for 0xa9
02-12 19:46:18.669 7726 7850 W libEGL : EGLNativeWindowType 0xb400007793141520
disconnect failed
02-12 19:46:18.670 7726 7726 E ArmVmp : Match on catch block at 0xc3 in for 0xa1
02-12 19:46:18.889 7726 7726 E ArmVmp : Match on catch block at 0xc3 in for 0xa9
02-12 19:46:18.895 7726 7726 E ArmVmp : Match on catch block at 0xc3 in for 0xa1
02-12 19:46:18.907 7726 7726 E ArmVmp : Match on catch block at 0xc3 in for 0xa1
02-12 19:46:18.912 7726 7726 E ArmVmp : Match on catch block at 0xc3 in for 0xa5
02-12 19:46:18.999 7726 7726 E ArmVmp : Match on catch block at 0xc3 in for 0xa5
02-12 19:46:19.003 7726 7726 E ArmVmp : Match on catch block at 0xc3 in for 0xa9
02-12 19:46:19.499 7726 7726 E ArmVmp : Match on catch block at 0xc3 in for 0xa9
02-12 19:46:19.502 7726 7726 E ArmVmp : Match on catch block at 0xc3 in for 0xa1
02-12 19:46:19.853 7726 7726 E ArmVmp : Match on catch block at 0xc3 in for 0xa1
02-12 19:46:19.857 7726 7726 E ArmVmp : Match on catch block at 0xc3 in for 0xa5
02-12 19:46:19.871 7726 7726 E ArmVmp : Match on catch block at 0xc3 in for 0xa1
02-12 19:46:19.874 7726 7726 E ArmVmp : Match on catch block at 0xc3 in for 0xa5
02-12 19:46:19.878 7726 7726 E ArmVmp : Match on catch block at 0xc3 in for 0xa5
02-12 19:46:19.881 7726 7726 E ArmVmp : Match on catch block at 0xc3 in for 0xa9
02-12 19:46:19.889 7726 7726 E ArmVmp : Match on catch block at 0xc3 in for 0xa9
02-12 19:46:19.892 7726 7726 E ArmVmp : Match on catch block at 0xc3 in for 0xa1
02-12 19:46:19.900 7726 7726 E ArmVmp : Match on catch block at 0xc3 in for 0xa1
02-12 19:46:19.904 7726 7726 E ArmVmp : Match on catch block at 0xc3 in for 0xa5
02-12 19:46:19.911 7726 7726 E ArmVmp : Match on catch block at 0xc3 in for 0xa5
02-12 19:46:19.914 7726 7726 E ArmVmp : Match on catch block at 0xc3 in for 0xa9
02-12 19:46:19.923 7726 7726 E ArmVmp : Match on catch block at 0xc3 in for 0xa9
02-12 19:46:19.926 7726 7726 E ArmVmp : Match on catch block at 0xc3 in for 0xa1
02-12 19:46:19.934 7726 7726 E ArmVmp : Match on catch block at 0xc3 in for 0xa1
02-12 19:46:19.936 7726 7726 E ArmVmp : Match on catch block at 0xc3 in for 0xa5
02-12 19:46:19.945 7726 7726 E ArmVmp : Match on catch block at 0xc3 in for 0xa5
02-12 19:46:19.948 7726 7726 E ArmVmp : Match on catch block at 0xc3 in for 0xa9
02-12 19:46:19.958 7726 7726 E ArmVmp : Match on catch block at 0xc3 in for 0xa9
02-12 19:46:19.961 7726 7726 E ArmVmp : Match on catch block at 0xc3 in for 0xa1
02-12 19:46:19.967 7726 7726 E ArmVmp : Match on catch block at 0xc3 in for 0xa1
02-12 19:46:19.972 7726 7726 E ArmVmp : Match on catch block at 0xc3 in for 0xa5
02-12 19:46:19.979 7726 7726 E ArmVmp : Match on catch block at 0xc3 in for 0xa5
02-12 19:46:19.984 7726 7726 E ArmVmp : Match on catch block at 0xc3 in for 0xa9
02-12 19:46:19.989 7726 7726 E ArmVmp : Match on catch block at 0xc3 in for 0xa9
02-12 19:46:19.993 7726 7726 E ArmVmp : Match on catch block at 0xc3 in for 0xa1
02-12 19:46:20.001 7726 7726 E ArmVmp : Match on catch block at 0xc3 in for 0xa1
02-12 19:46:20.007 7726 7726 E ArmVmp : Match on catch block at 0xc3 in for 0xa5
02-12 19:46:20.012 7726 7726 E ArmVmp : Match on catch block at 0xc3 in for 0xa5
02-12 19:46:20.015 7726 7726 E ArmVmp : Match on catch block at 0xc3 in for 0xa9
02-12 19:46:20.022 7726 7726 E ArmVmp : Match on catch block at 0xc3 in for 0xa9
02-12 19:46:20.027 7726 7726 E ArmVmp : Match on catch block at 0xc3 in for 0xa1
02-12 19:46:20.034 7726 7726 E ArmVmp : Match on catch block at 0xc3 in for 0xa1
02-12 19:46:20.037 7726 7726 E ArmVmp : Match on catch block at 0xc3 in for 0xa5
02-12 19:46:20.112 7726 7726 E ArmVmp : Match on catch block at 0xc3 in for 0xa5
02-12 19:46:20.115 7726 7726 E ArmVmp : Match on catch block at 0xc3 in for 0xa9
02-12 19:46:20.334 7726 7726 E ArmVmp : Match on catch block at 0xc3 in for 0xa9
02-12 19:46:20.336 7726 7726 E ArmVmp : Match on catch block at 0xc3 in for 0xa1
02-12 19:46:20.479 7726 7726 E ArmVmp : Match on catch block at 0xc3 in for 0xa1
02-12 19:46:20.481 7726 7726 E ArmVmp : Match on catch block at 0xc3 in for 0xa5
02-12 19:46:20.490 7726 7726 E ArmVmp : Match on catch block at 0xc3 in for 0xa5
02-12 19:46:20.492 7726 7726 E ArmVmp : Match on catch block at 0xc3 in for 0xa9
02-12 19:46:20.502 7726 7726 E ArmVmp : Match on catch block at 0xc3 in for 0xa9
02-12 19:46:20.505 7726 7726 E ArmVmp : Match on catch block at 0xc3 in for 0xa1
02-12 19:46:20.512 7726 7726 E ArmVmp : Match on catch block at 0xc3 in for 0xa1
02-12 19:46:20.515 7726 7726 E ArmVmp : Match on catch block at 0xc3 in for 0xa5
02-12 19:46:20.524 7726 7726 E ArmVmp : Match on catch block at 0xc3 in for 0xa5
02-12 19:46:20.527 7726 7726 E ArmVmp : Match on catch block at 0xc3 in for 0xa9
02-12 19:46:20.535 7726 7726 E ArmVmp : Match on catch block at 0xc3 in for 0xa9
02-12 19:46:20.538 7726 7726 E ArmVmp : Match on catch block at 0xc3 in for 0xa1
02-12 19:46:20.546 7726 7726 E ArmVmp : Match on catch block at 0xc3 in for 0xa1
02-12 19:46:20.549 7726 7726 E ArmVmp : Match on catch block at 0xc3 in for 0xa5
02-12 19:46:20.557 7726 7726 E ArmVmp : Match on catch block at 0xc3 in for 0xa5
02-12 19:46:20.561 7726 7726 E ArmVmp : Match on catch block at 0xc3 in for 0xa9
02-12 19:46:20.568 7726 7726 E ArmVmp : Match on catch block at 0xc3 in for 0xa9
02-12 19:46:20.572 7726 7726 E ArmVmp : Match on catch block at 0xc3 in for 0xa1
02-12 19:46:20.580 7726 7726 E ArmVmp : Match on catch block at 0xc3 in for 0xa1
02-12 19:46:20.582 7726 7726 E ArmVmp : Match on catch block at 0xc3 in for 0xa5
02-12 19:46:20.591 7726 7726 E ArmVmp : Match on catch block at 0xc3 in for 0xa5
02-12 19:46:20.594 7726 7726 E ArmVmp : Match on catch block at 0xc3 in for 0xa9
02-12 19:46:20.602 7726 7726 E ArmVmp : Match on catch block at 0xc3 in for 0xa9
02-12 19:46:20.605 7726 7726 E ArmVmp : Match on catch block at 0xc3 in for 0xa1
02-12 19:46:20.613 7726 7726 E ArmVmp : Match on catch block at 0xc3 in for 0xa1
02-12 19:46:20.617 7726 7726 E ArmVmp : Match on catch block at 0xc3 in for 0xa5
02-12 19:46:20.624 7726 7726 E ArmVmp : Match on catch block at 0xc3 in for 0xa5
02-12 19:46:20.627 7726 7726 E ArmVmp : Match on catch block at 0xc3 in for 0xa9
02-12 19:46:20.635 7726 7726 E ArmVmp : Match on catch block at 0xc3 in for 0xa9
02-12 19:46:20.639 7726 7726 E ArmVmp : Match on catch block at 0xc3 in for 0xa1
02-12 19:46:20.646 7726 7726 E ArmVmp : Match on catch block at 0xc3 in for 0xa1
02-12 19:46:20.650 7726 7726 E ArmVmp : Match on catch block at 0xc3 in for 0xa5
02-12 19:46:20.657 7726 7726 E ArmVmp : Match on catch block at 0xc3 in for 0xa5
02-12 19:46:20.660 7726 7726 E ArmVmp : Match on catch block at 0xc3 in for 0xa9
02-12 19:46:20.669 7726 7726 E ArmVmp : Match on catch block at 0xc3 in for 0xa9
02-12 19:46:20.672 7726 7726 E ArmVmp : Match on catch block at 0xc3 in for 0xa1
02-12 19:46:20.680 7726 7726 E ArmVmp : Match on catch block at 0xc3 in for 0xa1
02-12 19:46:20.683 7726 7726 E ArmVmp : Match on catch block at 0xc3 in for 0xa5
02-12 19:46:20.691 7726 7726 E ArmVmp : Match on catch block at 0xc3 in for 0xa5
02-12 19:46:20.694 7726 7726 E ArmVmp : Match on catch block at 0xc3 in for 0xa9
02-12 19:46:20.702 7726 7726 E ArmVmp : Match on catch block at 0xc3 in for 0xa9
02-12 19:46:20.705 7726 7726 E ArmVmp : Match on catch block at 0xc3 in for 0xa1
02-12 19:46:20.713 7726 7726 E ArmVmp : Match on catch block at 0xc3 in for 0xa1
02-12 19:46:20.716 7726 7726 E ArmVmp : Match on catch block at 0xc3 in for 0xa5
02-12 19:46:20.724 7726 7726 E ArmVmp : Match on catch block at 0xc3 in for 0xa5
02-12 19:46:20.728 7726 7726 E ArmVmp : Match on catch block at 0xc3 in for 0xa9
02-12 19:46:20.735 7726 7726 E ArmVmp : Match on catch block at 0xc3 in for 0xa9
02-12 19:46:20.740 7726 7726 E ArmVmp : Match on catch block at 0xc3 in for 0xa1
02-12 19:46:20.950 7726 7726 E ArmVmp : Match on catch block at 0xc3 in for 0xa1
02-12 19:46:20.956 7726 7726 E ArmVmp : Match on catch block at 0xc3 in for 0xa5
02-12 19:46:21.459 7726 7726 E ArmVmp : Match on catch block at 0xc3 in for 0xa5
02-12 19:46:21.461 7726 7726 E ArmVmp : Match on catch block at 0xc3 in for 0xa9
02-12 19:46:21.949 7726 7726 E ArmVmp : Match on catch block at 0xc3 in for 0xa9
02-12 19:46:21.954 7726 7726 E ArmVmp : Match on catch block at 0xc3 in for 0xa1
02-12 19:46:22.450 7726 7726 E ArmVmp : Match on catch block at 0xc3 in for 0xa1
02-12 19:46:22.453 7726 7726 E ArmVmp : Match on catch block at 0xc3 in for 0xa5
02-12 19:46:22.951 7726 7726 E ArmVmp : Match on catch block at 0xc3 in for 0xa5
02-12 19:46:22.954 7726 7726 E ArmVmp : Match on catch block at 0xc3 in for 0xa9
02-12 19:46:23.017 7726 7726 E ArmVmp : Match on catch block at 0xc3 in for 0xa9
02-12 19:46:23.022 7726 7726 E ArmVmp : Match on catch block at 0xc3 in for 0xa1
02-12 19:46:23.530 7726 7726 E ArmVmp : Match on catch block at 0xc3 in for 0xa1
02-12 19:46:23.534 7726 7726 E ArmVmp : Match on catch block at 0xc3 in for 0xa5
02-12 19:46:23.574 7726 7726 E ArmVmp : Match on catch block at 0xc3 in for 0xa5
02-12 19:46:23.578 7726 7726 E ArmVmp : Match on catch block at 0xc3 in for 0xa9
02-12 19:46:24.065 7726 7726 E ArmVmp : Match on catch block at 0xc3 in for 0xa9
02-12 19:46:24.069 7726 7726 E ArmVmp : Match on catch block at 0xc3 in for 0xa1
02-12 19:46:24.278 7726 7726 E ArmVmp : Match on catch block at 0xc3 in for 0xa1
02-12 19:46:24.282 7726 7726 E ArmVmp : Match on catch block at 0xc3 in for 0xa5
02-12 19:46:24.777 7726 7726 E ArmVmp : Match on catch block at 0xc3 in for 0xa5
02-12 19:46:24.780 7726 7726 E ArmVmp : Match on catch block at 0xc3 in for 0xa9
02-12 19:46:25.278 7726 7726 E ArmVmp : Match on catch block at 0xc3 in for 0xa9
02-12 19:46:25.282 7726 7726 E ArmVmp : Match on catch block at 0xc3 in for 0xa1
02-12 19:46:25.378 7726 7726 E ArmVmp : Match on catch block at 0xc3 in for 0xa1
02-12 19:46:25.382 7726 7726 E ArmVmp : Match on catch block at 0xc3 in for 0xa5
02-12 19:46:25.608 7726 7726 E ArmVmp : Match on catch block at 0xc3 in for 0xa1
02-12 19:46:25.613 7726 7726 E ArmVmp : Match on catch block at 0xc3 in for 0xa5
02-12 19:46:25.765 7726 7726 E ArmVmp : Match on catch block at 0xc3 in for 0xa5
02-12 19:46:25.772 7726 7726 E ArmVmp : Match on catch block at 0xc3 in for 0xa9
02-12 19:46:25.798 7726 7850 W libEGL : EGLNativeWindowType 0xb40000779313aef0
disconnect failed
02-12 19:46:25.827 7726 7726 E ArmVmp : Match on catch block at 0xc3 in for 0xa5
02-12 19:46:25.830 7726 7726 E ArmVmp : Match on catch block at 0xc3 in for 0xa9
02-12 19:46:25.890 7726 7726 E ArmVmp : Match on catch block at 0xc3 in for 0xa9
02-12 19:46:25.894 7726 7726 E ArmVmp : Match on catch block at 0xc3 in for 0xa1
02-12 19:46:26.335 7726 7726 E ArmVmp : Match on catch block at 0xc3 in for 0xa1
02-12 19:46:26.339 7726 7726 E ArmVmp : Match on catch block at 0xc3 in for 0xa5
02-12 19:46:26.487 7726 7726 E ArmVmp : Match on catch block at 0xc3 in for 0xa9
02-12 19:46:26.491 7726 7726 E ArmVmp : Match on catch block at 0xc3 in for 0xa1
02-12 19:46:26.520 7726 7726 E ArmVmp : Match on catch block at 0xc3 in for 0xa9
02-12 19:46:26.522 7726 7726 E ArmVmp : Match on catch block at 0xc3 in for 0xa1
02-12 19:46:26.528 7726 7726 E ArmVmp : Match on catch block at 0xc3 in for 0xa1
02-12 19:46:26.531 7726 7726 E ArmVmp : Match on catch block at 0xc3 in for 0xa5
02-12 19:46:26.981 7726 7726 E ArmVmp : Match on catch block at 0xc3 in for 0xa1
02-12 19:46:26.985 7726 7726 E ArmVmp : Match on catch block at 0xc3 in for 0xa5
02-12 19:46:26.994 7726 7726 E ArmVmp : Match on catch block at 0xc3 in for 0xa1
02-12 19:46:26.997 7726 7726 E ArmVmp : Match on catch block at 0xc3 in for 0xa5
02-12 19:46:27.002 7726 7726 E ArmVmp : Match on catch block at 0xc3 in for 0xa5
02-12 19:46:27.007 7726 7726 E ArmVmp : Match on catch block at 0xc3 in for 0xa9
02-12 19:46:27.152 7726 7726 E ArmVmp : Match on catch block at 0xc3 in for 0xa9
02-12 19:46:27.155 7726 7726 E ArmVmp : Match on catch block at 0xc3 in for 0xa1
02-12 19:46:27.183 7726 7726 E ArmVmp : Match on catch block at 0xc3 in for 0xa1
02-12 19:46:27.188 7726 7726 E ArmVmp : Match on catch block at 0xc3 in for 0xa5
02-12 19:46:27.204 7726 7726 E ArmVmp : Match on catch block at 0xc3 in for 0xa1
02-12 19:46:27.208 7726 7726 E ArmVmp : Match on catch block at 0xc3 in for 0xa5
02-12 19:46:27.213 7726 7726 E ArmVmp : Match on catch block at 0xc3 in for 0xa5
02-12 19:46:27.217 7726 7726 E ArmVmp : Match on catch block at 0xc3 in for 0xa9
02-12 19:46:27.221 7726 7726 E ArmVmp : Match on catch block at 0xc3 in for 0xa9
02-12 19:46:27.225 7726 7726 E ArmVmp : Match on catch block at 0xc3 in for 0xa1
02-12 19:46:27.232 7726 7726 E ArmVmp : Match on catch block at 0xc3 in for 0xa1
02-12 19:46:27.235 7726 7726 E ArmVmp : Match on catch block at 0xc3 in for 0xa5
02-12 19:46:27.238 7726 7726 E ArmVmp : Match on catch block at 0xc3 in for 0xa5
02-12 19:46:27.241 7726 7726 E ArmVmp : Match on catch block at 0xc3 in for 0xa9
02-12 19:46:27.248 7726 7726 E ArmVmp : Match on catch block at 0xc3 in for 0xa9
02-12 19:46:27.251 7726 7726 E ArmVmp : Match on catch block at 0xc3 in for 0xa1
02-12 19:46:27.279 7726 7726 E ArmVmp : Match on catch block at 0xc3 in for 0xa5
02-12 19:46:27.285 7726 7726 E ArmVmp : Match on catch block at 0xc3 in for 0xa9
02-12 19:46:27.300 7726 7726 E ArmVmp : Match on catch block at 0xc3 in for 0xa9
02-12 19:46:27.302 7726 7726 E ArmVmp : Match on catch block at 0xc3 in for 0xa1
02-12 19:46:27.313 7726 7726 E ArmVmp : Match on catch block at 0xc3 in for 0xa5
02-12 19:46:27.315 7726 7726 E ArmVmp : Match on catch block at 0xc3 in for 0xa9
02-12 19:46:27.320 7726 7726 E ArmVmp : Match on catch block at 0xc3 in for 0xa9
02-12 19:46:27.324 7726 7726 E ArmVmp : Match on catch block at 0xc3 in for 0xa1
02-12 19:46:27.328 7726 7726 E ArmVmp : Match on catch block at 0xc3 in for 0xa1
02-12 19:46:27.330 7726 7726 E ArmVmp : Match on catch block at 0xc3 in for 0xa5
02-12 19:46:27.337 7726 7726 E ArmVmp : Match on catch block at 0xc3 in for 0xa5
02-12 19:46:27.340 7726 7726 E ArmVmp : Match on catch block at 0xc3 in for 0xa9
02-12 19:46:27.350 7726 7726 E ArmVmp : Match on catch block at 0xc3 in for 0xa9
02-12 19:46:27.352 7726 7726 E ArmVmp : Match on catch block at 0xc3 in for 0xa1
02-12 19:46:27.359 7726 7726 E ArmVmp : Match on catch block at 0xc3 in for 0xa1
02-12 19:46:27.363 7726 7726 E ArmVmp : Match on catch block at 0xc3 in for 0xa5
02-12 19:46:27.417 7726 7726 E ArmVmp : Match on catch block at 0xc3 in for 0xa9
02-12 19:46:27.420 7726 7726 E ArmVmp : Match on catch block at 0xc3 in for 0xa1
02-12 19:46:27.428 7726 7726 E ArmVmp : Match on catch block at 0xc3 in for 0xa1
02-12 19:46:27.432 7726 7726 E ArmVmp : Match on catch block at 0xc3 in for 0xa5
02-12 19:46:27.445 7726 7902 W MediaPlayer: Use of stream types is deprecated for
operations other than volume control
02-12 19:46:27.445 7726 7902 W MediaPlayer: See the documentation of
setAudioStreamType() for what to use instead with android.media.AudioAttributes to
qualify your playback use case
02-12 19:46:27.682 7726 7726 E ArmVmp : Match on catch block at 0xc3 in for 0xa9
02-12 19:46:27.685 7726 7726 E ArmVmp : Match on catch block at 0xc3 in for 0xa1
02-12 19:46:27.885 7726 7726 E ArmVmp : Match on catch block at 0xc3 in for 0xa1
02-12 19:46:27.891 7726 7726 E ArmVmp : Match on catch block at 0xc3 in for 0xa5
02-12 19:46:27.907 7726 7726 E ArmVmp : Match on catch block at 0x0a in for 0xa1
02-12 19:46:27.921 7726 7726 E ArmVmp : Match on catch block at 0x0a in for 0xa1
02-12 19:46:27.924 7726 7726 E ArmVmp : Match on catch block at 0x0a in for 0xa1
02-12 19:46:28.591 7726 7726 E Dialog : show dialog
view=DecorView@b34a248[Conversation]
02-12 19:46:28.595 7726 7726 E ArmVmp : Match on catch block at 0xc3 in for 0xa1
02-12 19:46:28.598 7726 7726 E ArmVmp : Match on catch block at 0xc3 in for 0xa5
02-12 19:46:28.649 7726 7726 E ArmVmp : Match on catch block at 0xc3 in for 0xb5
02-12 19:46:28.697 7726 7726 E ArmVmp : Match on catch block at 0xc3 in for 0xa5
02-12 19:46:28.703 7726 7726 E ArmVmp : Match on catch block at 0xc3 in for 0xa9
02-12 19:46:28.717 7726 7726 E ArmVmp : Match on catch block at 0xc3 in for 0xa1
02-12 19:46:28.725 7726 7726 E ArmVmp : Match on catch block at 0xc3 in for 0xa5
02-12 19:46:28.727 7726 7726 E ArmVmp : Match on catch block at 0xc3 in for 0xa9
02-12 19:46:28.740 7726 7726 E ArmVmp : Match on catch block at 0xc3 in for 0xa1
02-12 19:46:29.019 7726 7726 E ArmVmp : Match on catch block at 0xc3 in for 0xa5
02-12 19:46:29.022 7726 7726 E ArmVmp : Match on catch block at 0xc3 in for 0xa9
02-12 19:46:29.035 7726 7726 E ArmVmp : Match on catch block at 0xc3 in for 0xa1
02-12 19:46:29.046 7726 7726 E ArmVmp : Match on catch block at 0xc3 in for 0xa5
02-12 19:46:29.055 7726 7726 E ArmVmp : Match on catch block at 0xc3 in for 0xa9
02-12 19:46:29.066 7726 7726 E ArmVmp : Match on catch block at 0xc3 in for 0xa1
02-12 19:46:29.074 7726 7726 E ArmVmp : Match on catch block at 0xc3 in for 0xa5
02-12 19:46:29.080 7726 7726 E ArmVmp : Match on catch block at 0xc3 in for 0xa9
02-12 19:46:29.093 7726 7726 E ArmVmp : Match on catch block at 0xc3 in for 0xa1
02-12 19:46:29.104 7726 7726 E ArmVmp : Match on catch block at 0xc3 in for 0xa5
02-12 19:46:29.112 7726 7726 E ArmVmp : Match on catch block at 0xc3 in for 0xa9
02-12 19:46:29.124 7726 7726 E ArmVmp : Match on catch block at 0xc3 in for 0xa1
02-12 19:46:29.133 7726 7726 E ArmVmp : Match on catch block at 0xc3 in for 0xa5
02-12 19:46:29.137 7726 7726 E ArmVmp : Match on catch block at 0xc3 in for 0xa9
02-12 19:46:29.148 7726 7726 E ArmVmp : Match on catch block at 0xc3 in for 0xa1
02-12 19:46:29.168 7726 7850 W libEGL : EGLNativeWindowType 0xb4000077931dedc0
disconnect failed
02-12 19:46:29.182 7726 7726 E ArmVmp : Match on catch block at 0xc3 in for 0xa9
02-12 19:46:29.186 7726 7726 E ArmVmp : Match on catch block at 0xc3 in for 0xa1
02-12 19:46:29.197 7726 7726 E ArmVmp : Match on catch block at 0xc3 in for 0xa5
02-12 19:46:29.217 7726 7726 E ArmVmp : Match on catch block at 0xc3 in for 0xa1
02-12 19:46:29.220 7726 7726 E ArmVmp : Match on catch block at 0xc3 in for 0xa5
02-12 19:46:29.242 7726 7726 E ArmVmp : Match on catch block at 0xc3 in for 0xa9
02-12 19:46:29.244 7726 7726 E ArmVmp : Match on catch block at 0xc3 in for 0xa1
02-12 19:46:29.461 7726 7840 E SQLiteDatabase: Error inserting transferred=0
media_job_uuid=472da938-1a98-49eb-9a7c-dc6f24677eaa transcoded=1 gif_attribution=0
first_scan_length=0 direct_path=null thumbnail_height_width_ratio=1.0
is_animated_sticker=0 file_hash=eVB5zx/q2a02IyilrFP/xcHQTxsSp88dphMfcqUblIM=
file_path=/data/user/0/com.whatsapp/files/Stickers/eVB5zx-q2a02IyilrFP-
xcHQTxsSp88dphMfcqUblIM=.webp file_size=60882 partial_media_hash=null face_x=0
face_y=0 height=64 trim_to=0 media_key_timestamp=0 message_url=null
media_caption=null trim_from=0 mime_type=image/webp partial_media_enc_hash=null
width=64 original_file_hash=null has_streaming_sidecar=0
autotransfer_retry_enabled=1 media_upload_handle=null message_row_id=916
multicast_id=null enc_file_hash=null mute_video=0 page_count=0
first_scan_sidecar=null suspicious_content=0 file_length=60882 media_name=eVB5zx-
q2a02IyilrFP-xcHQTxsSp88dphMfcqUblIM=.webp media_duration=0 chat_row_id=35
media_key=null
02-12 19:46:29.461 7726 7840 E SQLiteDatabase:
android.database.sqlite.SQLiteConstraintException: UNIQUE constraint failed:
message_media.message_row_id (code 1555 SQLITE_CONSTRAINT_PRIMARYKEY)
02-12 19:46:29.461 7726 7840 E SQLiteDatabase: at
android.database.sqlite.SQLiteConnection.nativeExecuteForLastInsertedRowId(Native
Method)
02-12 19:46:29.461 7726 7840 E SQLiteDatabase: at
android.database.sqlite.SQLiteConnection.executeForLastInsertedRowId(SQLiteConnecti
on.java:938)
02-12 19:46:29.461 7726 7840 E SQLiteDatabase: at
android.database.sqlite.SQLiteSession.executeForLastInsertedRowId(SQLiteSession.jav
a:790)
02-12 19:46:29.461 7726 7840 E SQLiteDatabase: at
android.database.sqlite.SQLiteStatement.executeInsert(SQLiteStatement.java:88)
02-12 19:46:29.461 7726 7840 E SQLiteDatabase: at
android.database.sqlite.SQLiteDatabase.insertWithOnConflict(SQLiteDatabase.java:170
1)
02-12 19:46:29.461 7726 7840 E SQLiteDatabase: at
android.database.sqlite.SQLiteDatabase.insert(SQLiteDatabase.java:1570)
02-12 19:46:29.461 7726 7840 E SQLiteDatabase: at X.2tm.A08(Unknown
Source:6)
02-12 19:46:29.461 7726 7840 E SQLiteDatabase: at X.35Y.A07(Unknown
Source:212)
02-12 19:46:29.461 7726 7840 E SQLiteDatabase: at X.3QF.A14(Unknown
Source:470)
02-12 19:46:29.461 7726 7840 E SQLiteDatabase: at X.3gU.run(Unknown
Source:982)
02-12 19:46:29.461 7726 7840 E SQLiteDatabase: at
android.os.Handler.handleCallback(Handler.java:938)
02-12 19:46:29.461 7726 7840 E SQLiteDatabase: at
android.os.Handler.dispatchMessage(Handler.java:99)
02-12 19:46:29.461 7726 7840 E SQLiteDatabase: at
X.0zq.dispatchMessage(Unknown Source:4)
02-12 19:46:29.461 7726 7840 E SQLiteDatabase: at
android.os.Looper.loop(Looper.java:223)
02-12 19:46:29.461 7726 7840 E SQLiteDatabase: at
android.os.HandlerThread.run(HandlerThread.java:67)
02-12 19:46:29.471 7726 7726 E ArmVmp : Match on catch block at 0xc3 in for 0xa5
02-12 19:46:29.474 7726 7726 E ArmVmp : Match on catch block at 0xc3 in for 0xa9
02-12 19:46:29.490 7726 7726 E ArmVmp : Match on catch block at 0xc3 in for 0xa1
02-12 19:46:29.493 7726 7726 E ArmVmp : Match on catch block at 0xc3 in for 0xa5
02-12 19:46:29.511 7726 7726 E ArmVmp : Match on catch block at 0xc3 in for 0xa1
02-12 19:46:29.514 7726 7726 E ArmVmp : Match on catch block at 0xc3 in for 0xa5
02-12 19:46:29.697 7726 7840 E SQLiteDatabase: Error inserting transferred=1
media_job_uuid=472da938-1a98-49eb-9a7c-dc6f24677eaa transcoded=1 gif_attribution=0
first_scan_length=0 direct_path=/v/t62.15575-
24/29954219_1083596476305512_8062325792660567485_n.enc?ccb=11-
4&oh=01_AdQMBwLzAFWy0R0vThKDbHoFsB63ljOrhEUrZn16EIjkgg&oe=65F21F76&_nc_sid=5e03e0
thumbnail_height_width_ratio=1.0 is_animated_sticker=0
file_hash=eVB5zx/q2a02IyilrFP/xcHQTxsSp88dphMfcqUblIM= file_path=Media/WhatsApp
Stickers/STK-20240211-WA0020.webp file_size=60882 partial_media_hash=null face_x=0
face_y=0 height=64 trim_to=0 media_key_timestamp=1707630516000
message_url=https://mmg.whatsapp.net/v/t62.15575-
24/29954219_1083596476305512_8062325792660567485_n.enc?ccb=11-
4&oh=01_AdQMBwLzAFWy0R0vThKDbHoFsB63ljOrhEUrZn16EIjkgg&oe=65F21F76&_nc_sid=5e03e0&m
ms3=true media_caption=null trim_from=0 mime_type=image/webp
partial_media_enc_hash=null width=64 original_file_hash=null
has_streaming_sidecar=0 autotransfer_retry_enabled=0 media_upload_handle=null
message_row_id=916 multicast_id=null
enc_file_hash=nlY6N4YZ26vcdw9YnZ/WW67YYx4nVZC4kwwhgfhFHtw= mute_video=0
page_count=0 first_scan_sidecar=null suspicious_content=0 file_length=60882
media_name=eVB5zx-q2a02IyilrFP-xcHQTxsSp88dphMfcqUblIM=.webp media_duration=0
chat_row_id=35 media_key=[B@a1efb86
02-12 19:46:29.697 7726 7840 E SQLiteDatabase:
android.database.sqlite.SQLiteConstraintException: UNIQUE constraint failed:
message_media.message_row_id (code 1555 SQLITE_CONSTRAINT_PRIMARYKEY)
02-12 19:46:29.697 7726 7840 E SQLiteDatabase: at
android.database.sqlite.SQLiteConnection.nativeExecuteForLastInsertedRowId(Native
Method)
02-12 19:46:29.697 7726 7840 E SQLiteDatabase: at
android.database.sqlite.SQLiteConnection.executeForLastInsertedRowId(SQLiteConnecti
on.java:938)
02-12 19:46:29.697 7726 7840 E SQLiteDatabase: at
android.database.sqlite.SQLiteSession.executeForLastInsertedRowId(SQLiteSession.jav
a:790)
02-12 19:46:29.697 7726 7840 E SQLiteDatabase: at
android.database.sqlite.SQLiteStatement.executeInsert(SQLiteStatement.java:88)
02-12 19:46:29.697 7726 7840 E SQLiteDatabase: at
android.database.sqlite.SQLiteDatabase.insertWithOnConflict(SQLiteDatabase.java:170
1)
02-12 19:46:29.697 7726 7840 E SQLiteDatabase: at
android.database.sqlite.SQLiteDatabase.insert(SQLiteDatabase.java:1570)
02-12 19:46:29.697 7726 7840 E SQLiteDatabase: at X.2tm.A08(Unknown
Source:6)
02-12 19:46:29.697 7726 7840 E SQLiteDatabase: at X.35Y.A07(Unknown
Source:212)
02-12 19:46:29.697 7726 7840 E SQLiteDatabase: at X.3QF.A14(Unknown
Source:470)
02-12 19:46:29.697 7726 7840 E SQLiteDatabase: at X.3gU.run(Unknown
Source:982)
02-12 19:46:29.697 7726 7840 E SQLiteDatabase: at
android.os.Handler.handleCallback(Handler.java:938)
02-12 19:46:29.697 7726 7840 E SQLiteDatabase: at
android.os.Handler.dispatchMessage(Handler.java:99)
02-12 19:46:29.697 7726 7840 E SQLiteDatabase: at
X.0zq.dispatchMessage(Unknown Source:4)
02-12 19:46:29.697 7726 7840 E SQLiteDatabase: at
android.os.Looper.loop(Looper.java:223)
02-12 19:46:29.697 7726 7840 E SQLiteDatabase: at
android.os.HandlerThread.run(HandlerThread.java:67)
02-12 19:46:29.805 7726 7726 E ArmVmp : Match on catch block at 0xc3 in for 0xa5
02-12 19:46:29.810 7726 7726 E ArmVmp : Match on catch block at 0xc3 in for 0xa9
02-12 19:46:29.817 7726 7726 E ArmVmp : Match on catch block at 0xc3 in for 0xa9
02-12 19:46:29.822 7726 7726 E ArmVmp : Match on catch block at 0xc3 in for 0xa1
02-12 19:46:29.932 7726 7726 E ArmVmp : Match on catch block at 0xc3 in for 0xa9
02-12 19:46:29.934 7726 7726 E ArmVmp : Match on catch block at 0xc3 in for 0xa1
02-12 19:46:29.940 7726 7726 E ArmVmp : Match on catch block at 0xc3 in for 0xa1
02-12 19:46:29.941 7726 7902 W MediaPlayer: Use of stream types is deprecated for
operations other than volume control
02-12 19:46:29.941 7726 7902 W MediaPlayer: See the documentation of
setAudioStreamType() for what to use instead with android.media.AudioAttributes to
qualify your playback use case
02-12 19:46:29.946 7726 7726 E ArmVmp : Match on catch block at 0xc3 in for 0xa5
02-12 19:46:31.523 7726 7726 E ArmVmp : Match on catch block at 0xc3 in for 0xa1
02-12 19:46:31.528 7726 7726 E ArmVmp : Match on catch block at 0xc3 in for 0xa5
02-12 19:46:31.537 7726 7726 E ArmVmp : Match on catch block at 0xc3 in for 0xa1
02-12 19:46:31.541 7726 7726 E ArmVmp : Match on catch block at 0xc3 in for 0xa5
02-12 19:46:31.556 7726 7726 E ArmVmp : Match on catch block at 0xc3 in for 0xa5
02-12 19:46:31.559 7726 7726 E ArmVmp : Match on catch block at 0xc3 in for 0xa9
02-12 19:46:31.567 7726 7726 E ArmVmp : Match on catch block at 0xc3 in for 0xa1
02-12 19:46:31.569 7726 7726 E ArmVmp : Match on catch block at 0xc3 in for 0xa5
02-12 19:46:31.578 7726 7726 E ArmVmp : Match on catch block at 0xc3 in for 0xa5
02-12 19:46:31.582 7726 7726 E ArmVmp : Match on catch block at 0xc3 in for 0xa9
02-12 19:46:31.590 7726 7726 E ArmVmp : Match on catch block at 0xc3 in for 0xa9
02-12 19:46:31.594 7726 7726 E ArmVmp : Match on catch block at 0xc3 in for 0xa1
02-12 19:46:31.601 7726 7726 E ArmVmp : Match on catch block at 0xc3 in for 0xa1
02-12 19:46:31.603 7726 7726 E ArmVmp : Match on catch block at 0xc3 in for 0xa5
02-12 19:46:31.612 7726 7726 E ArmVmp : Match on catch block at 0xc3 in for 0xa5
02-12 19:46:31.615 7726 7726 E ArmVmp : Match on catch block at 0xc3 in for 0xa9
02-12 19:46:31.623 7726 7726 E ArmVmp : Match on catch block at 0xc3 in for 0xa9
02-12 19:46:31.626 7726 7726 E ArmVmp : Match on catch block at 0xc3 in for 0xa1
02-12 19:46:31.634 7726 7726 E ArmVmp : Match on catch block at 0xc3 in for 0xa1
02-12 19:46:31.637 7726 7726 E ArmVmp : Match on catch block at 0xc3 in for 0xa5
02-12 19:46:31.645 7726 7726 E ArmVmp : Match on catch block at 0xc3 in for 0xa5
02-12 19:46:31.648 7726 7726 E ArmVmp : Match on catch block at 0xc3 in for 0xa9
02-12 19:46:31.656 7726 7726 E ArmVmp : Match on catch block at 0xc3 in for 0xa9
02-12 19:46:31.659 7726 7726 E ArmVmp : Match on catch block at 0xc3 in for 0xa1
02-12 19:46:31.668 7726 7726 E ArmVmp : Match on catch block at 0xc3 in for 0xa1
02-12 19:46:31.670 7726 7726 E ArmVmp : Match on catch block at 0xc3 in for 0xa5
02-12 19:46:31.679 7726 7726 E ArmVmp : Match on catch block at 0xc3 in for 0xa5
02-12 19:46:31.682 7726 7726 E ArmVmp : Match on catch block at 0xc3 in for 0xa9
02-12 19:46:31.690 7726 7726 E ArmVmp : Match on catch block at 0xc3 in for 0xa9
02-12 19:46:31.692 7726 7726 E ArmVmp : Match on catch block at 0xc3 in for 0xa1
02-12 19:46:31.701 7726 7726 E ArmVmp : Match on catch block at 0xc3 in for 0xa1
02-12 19:46:31.704 7726 7726 E ArmVmp : Match on catch block at 0xc3 in for 0xa5
02-12 19:46:31.712 7726 7726 E ArmVmp : Match on catch block at 0xc3 in for 0xa5
02-12 19:46:31.715 7726 7726 E ArmVmp : Match on catch block at 0xc3 in for 0xa9
02-12 19:46:31.723 7726 7726 E ArmVmp : Match on catch block at 0xc3 in for 0xa9
02-12 19:46:31.727 7726 7726 E ArmVmp : Match on catch block at 0xc3 in for 0xa1
02-12 19:46:31.734 7726 7726 E ArmVmp : Match on catch block at 0xc3 in for 0xa1
02-12 19:46:31.738 7726 7726 E ArmVmp : Match on catch block at 0xc3 in for 0xa5
02-12 19:46:31.746 7726 7726 E ArmVmp : Match on catch block at 0xc3 in for 0xa5
02-12 19:46:31.749 7726 7726 E ArmVmp : Match on catch block at 0xc3 in for 0xa9
02-12 19:46:31.757 7726 7726 E ArmVmp : Match on catch block at 0xc3 in for 0xa9
02-12 19:46:31.760 7726 7726 E ArmVmp : Match on catch block at 0xc3 in for 0xa1
02-12 19:46:31.768 7726 7726 E ArmVmp : Match on catch block at 0xc3 in for 0xa1
02-12 19:46:31.771 7726 7726 E ArmVmp : Match on catch block at 0xc3 in for 0xa5
02-12 19:46:31.779 7726 7726 E ArmVmp : Match on catch block at 0xc3 in for 0xa5
02-12 19:46:31.784 7726 7726 E ArmVmp : Match on catch block at 0xc3 in for 0xa9
02-12 19:46:32.090 7726 7850 W libEGL : EGLNativeWindowType 0xb40000779313aef0
disconnect failed
02-12 19:46:32.135 7726 7726 E ArmVmp : Match on catch block at 0xc3 in for 0xa1
02-12 19:46:32.139 7726 7726 E ArmVmp : Match on catch block at 0xc3 in for 0xa5
02-12 19:46:32.144 7726 7726 E ArmVmp : Match on catch block at 0xc3 in for 0xa5
02-12 19:46:32.148 7726 7726 E ArmVmp : Match on catch block at 0xc3 in for 0xa9
02-12 19:46:32.519 7726 7726 E ArmVmp : Match on catch block at 0xc3 in for 0xa5
02-12 19:46:32.521 7726 7726 E ArmVmp : Match on catch block at 0xc3 in for 0xa9
02-12 19:46:32.526 7726 7726 E ArmVmp : Match on catch block at 0xc3 in for 0xa9
02-12 19:46:32.529 7726 7726 E ArmVmp : Match on catch block at 0xc3 in for 0xa1
02-12 19:46:33.008 7726 7726 E ArmVmp : Match on catch block at 0xc3 in for 0xa5
02-12 19:46:33.013 7726 7726 E ArmVmp : Match on catch block at 0xc3 in for 0xa9
02-12 19:46:33.020 7726 7726 E ArmVmp : Match on catch block at 0xc3 in for 0xa5
02-12 19:46:33.023 7726 7726 E ArmVmp : Match on catch block at 0xc3 in for 0xa9
02-12 19:46:33.031 7726 7726 E ArmVmp : Match on catch block at 0xc3 in for 0xa9
02-12 19:46:33.034 7726 7726 E ArmVmp : Match on catch block at 0xc3 in for 0xa1
02-12 19:46:33.040 7726 7726 E ArmVmp : Match on catch block at 0xc3 in for 0xa1
02-12 19:46:33.044 7726 7726 E ArmVmp : Match on catch block at 0xc3 in for 0xa5
02-12 19:46:33.051 7726 7726 E ArmVmp : Match on catch block at 0xc3 in for 0xa5
02-12 19:46:33.054 7726 7726 E ArmVmp : Match on catch block at 0xc3 in for 0xa9
02-12 19:46:33.061 7726 7726 E ArmVmp : Match on catch block at 0xc3 in for 0xa9
02-12 19:46:33.063 7726 7726 E ArmVmp : Match on catch block at 0xc3 in for 0xa1
02-12 19:46:33.072 7726 7726 E ArmVmp : Match on catch block at 0xc3 in for 0xa5
02-12 19:46:33.074 7726 7726 E ArmVmp : Match on catch block at 0xc3 in for 0xa9
02-12 19:46:33.094 7726 7726 E ArmVmp : Match on catch block at 0xc3 in for 0xa5
02-12 19:46:33.098 7726 7726 E ArmVmp : Match on catch block at 0xc3 in for 0xa9
02-12 19:46:33.111 7726 7726 E ArmVmp : Match on catch block at 0xc3 in for 0xa9
02-12 19:46:33.117 7726 7726 E ArmVmp : Match on catch block at 0xc3 in for 0xa1
02-12 19:46:33.128 7726 7726 E ArmVmp : Match on catch block at 0xc3 in for 0xa9
02-12 19:46:33.131 7726 7726 E ArmVmp : Match on catch block at 0xc3 in for 0xa1
02-12 19:46:33.135 7726 7726 E ArmVmp : Match on catch block at 0xc3 in for 0xa5
02-12 19:46:33.139 7726 7726 E ArmVmp : Match on catch block at 0xc3 in for 0xa9
02-12 19:46:33.153 7726 7726 E ArmVmp : Match on catch block at 0xc3 in for 0xa1
02-12 19:46:33.156 7726 7726 E ArmVmp : Match on catch block at 0xc3 in for 0xa5
02-12 19:46:33.172 7726 7726 E ArmVmp : Match on catch block at 0xc3 in for 0xa9
02-12 19:46:33.176 7726 7726 E ArmVmp : Match on catch block at 0xc3 in for 0xa1
02-12 19:46:33.192 7726 7726 E ArmVmp : Match on catch block at 0xc3 in for 0xa1
02-12 19:46:33.196 7726 7726 E ArmVmp : Match on catch block at 0xc3 in for 0xa5
02-12 19:46:33.204 7726 7726 E ArmVmp : Match on catch block at 0xc3 in for 0xa1
02-12 19:46:33.208 7726 7726 E ArmVmp : Match on catch block at 0xc3 in for 0xa5
02-12 19:46:33.224 7726 7726 E ArmVmp : Match on catch block at 0xc3 in for 0xa5
02-12 19:46:33.226 7726 7726 E ArmVmp : Match on catch block at 0xc3 in for 0xa9
02-12 19:46:33.245 7726 7726 E ArmVmp : Match on catch block at 0xc3 in for 0xa5
02-12 19:46:33.247 7726 7726 E ArmVmp : Match on catch block at 0xc3 in for 0xa9
02-12 19:46:33.254 7726 7726 E ArmVmp : Match on catch block at 0xc3 in for 0xa9
02-12 19:46:33.256 7726 7726 E ArmVmp : Match on catch block at 0xc3 in for 0xa1
02-12 19:46:33.262 7726 7726 E ArmVmp : Match on catch block at 0xc3 in for 0xa5
02-12 19:46:33.264 7726 7726 E ArmVmp : Match on catch block at 0xc3 in for 0xa9
02-12 19:46:33.272 7726 7726 E ArmVmp : Match on catch block at 0xc3 in for 0xa1
02-12 19:46:33.274 7726 7726 E ArmVmp : Match on catch block at 0xc3 in for 0xa5
02-12 19:46:33.286 7726 7726 E ArmVmp : Match on catch block at 0xc3 in for 0xa5
02-12 19:46:33.288 7726 7726 E ArmVmp : Match on catch block at 0xc3 in for 0xa9
02-12 19:46:33.294 7726 7726 E ArmVmp : Match on catch block at 0xc3 in for 0xa1
02-12 19:46:33.296 7726 7726 E ArmVmp : Match on catch block at 0xc3 in for 0xa5
02-12 19:46:33.304 7726 7726 E ArmVmp : Match on catch block at 0xc3 in for 0xa5
02-12 19:46:33.307 7726 7726 E ArmVmp : Match on catch block at 0xc3 in for 0xa9
02-12 19:46:33.316 7726 7726 E ArmVmp : Match on catch block at 0xc3 in for 0xa9
02-12 19:46:33.320 7726 7726 E ArmVmp : Match on catch block at 0xc3 in for 0xa1
02-12 19:46:33.335 7726 7726 E ArmVmp : Match on catch block at 0xc3 in for 0xa5
02-12 19:46:33.340 7726 7726 E ArmVmp : Match on catch block at 0xc3 in for 0xa9
02-12 19:46:33.344 7726 7726 E ArmVmp : Match on catch block at 0xc3 in for 0xa9
02-12 19:46:33.348 7726 7726 E ArmVmp : Match on catch block at 0xc3 in for 0xa1
02-12 19:46:33.351 7726 7726 E ArmVmp : Match on catch block at 0xc3 in for 0xa1
02-12 19:46:33.356 7726 7726 E ArmVmp : Match on catch block at 0xc3 in for 0xa5
02-12 19:46:33.381 7726 7726 E ArmVmp : Match on catch block at 0xc3 in for 0xa5
02-12 19:46:33.384 7726 7726 E ArmVmp : Match on catch block at 0xc3 in for 0xa9
02-12 19:46:33.389 7726 7726 E ArmVmp : Match on catch block at 0xc3 in for 0xa1
02-12 19:46:33.391 7726 7726 E ArmVmp : Match on catch block at 0xc3 in for 0xa5
02-12 19:46:33.394 7726 7726 E ArmVmp : Match on catch block at 0xc3 in for 0xa9
02-12 19:46:33.397 7726 7726 E ArmVmp : Match on catch block at 0xc3 in for 0xa1
02-12 19:46:33.404 7726 7726 E ArmVmp : Match on catch block at 0xc3 in for 0xa5
02-12 19:46:33.407 7726 7726 E ArmVmp : Match on catch block at 0xc3 in for 0xa9
02-12 19:46:33.421 7726 7726 E ArmVmp : Match on catch block at 0xc3 in for 0xa5
02-12 19:46:33.424 7726 7726 E ArmVmp : Match on catch block at 0xc3 in for 0xa9
02-12 19:46:33.430 7726 7726 E ArmVmp : Match on catch block at 0xc3 in for 0xa1
02-12 19:46:33.433 7726 7726 E ArmVmp : Match on catch block at 0xc3 in for 0xa5
02-12 19:46:33.439 7726 7726 E ArmVmp : Match on catch block at 0xc3 in for 0xa9
02-12 19:46:33.441 7726 7726 E ArmVmp : Match on catch block at 0xc3 in for 0xa1
02-12 19:46:33.449 7726 7726 E ArmVmp : Match on catch block at 0xc3 in for 0xa5
02-12 19:46:33.453 7726 7726 E ArmVmp : Match on catch block at 0xc3 in for 0xa9
02-12 19:46:33.460 7726 7726 E ArmVmp : Match on catch block at 0xc3 in for 0xa1
02-12 19:46:33.463 7726 7726 E ArmVmp : Match on catch block at 0xc3 in for 0xa5
02-12 19:46:33.471 7726 7726 E ArmVmp : Match on catch block at 0xc3 in for 0xa9
02-12 19:46:33.474 7726 7726 E ArmVmp : Match on catch block at 0xc3 in for 0xa1
02-12 19:46:33.482 7726 7726 E ArmVmp : Match on catch block at 0xc3 in for 0xa1
02-12 19:46:33.486 7726 7726 E ArmVmp : Match on catch block at 0xc3 in for 0xa5
02-12 19:46:33.506 7726 7726 E ArmVmp : Match on catch block at 0xc3 in for 0xa5
02-12 19:46:33.509 7726 7726 E ArmVmp : Match on catch block at 0xc3 in for 0xa9
02-12 19:46:33.514 7726 7726 E ArmVmp : Match on catch block at 0xc3 in for 0xa1
02-12 19:46:33.517 7726 7726 E ArmVmp : Match on catch block at 0xc3 in for 0xa5
02-12 19:46:33.521 7726 7726 E ArmVmp : Match on catch block at 0xc3 in for 0xa9
02-12 19:46:33.525 7726 7726 E ArmVmp : Match on catch block at 0xc3 in for 0xa1
02-12 19:46:33.529 7726 7726 E ArmVmp : Match on catch block at 0xc3 in for 0xa1
02-12 19:46:33.533 7726 7726 E ArmVmp : Match on catch block at 0xc3 in for 0xa5
02-12 19:46:33.539 7726 7726 E ArmVmp : Match on catch block at 0xc3 in for 0xa5
02-12 19:46:33.542 7726 7726 E ArmVmp : Match on catch block at 0xc3 in for 0xa9
02-12 19:46:33.549 7726 7726 E ArmVmp : Match on catch block at 0xc3 in for 0xa9
02-12 19:46:33.552 7726 7726 E ArmVmp : Match on catch block at 0xc3 in for 0xa1
02-12 19:46:33.561 7726 7726 E ArmVmp : Match on catch block at 0xc3 in for 0xa1
02-12 19:46:33.565 7726 7726 E ArmVmp : Match on catch block at 0xc3 in for 0xa5
02-12 19:46:33.574 7726 7726 E ArmVmp : Match on catch block at 0xc3 in for 0xa5
02-12 19:46:33.577 7726 7726 E ArmVmp : Match on catch block at 0xc3 in for 0xa9
02-12 19:46:33.583 7726 7726 E ArmVmp : Match on catch block at 0xc3 in for 0xa9
02-12 19:46:33.585 7726 7726 E ArmVmp : Match on catch block at 0xc3 in for 0xa1
02-12 19:46:33.594 7726 7726 E ArmVmp : Match on catch block at 0xc3 in for 0xa1
02-12 19:46:33.596 7726 7726 E ArmVmp : Match on catch block at 0xc3 in for 0xa5
02-12 19:46:33.608 7726 7726 E ArmVmp : Match on catch block at 0xc3 in for 0xa9
02-12 19:46:33.611 7726 7726 E ArmVmp : Match on catch block at 0xc3 in for 0xa1
02-12 19:46:33.617 7726 7726 E ArmVmp : Match on catch block at 0xc3 in for 0xa5
02-12 19:46:33.622 7726 7726 E ArmVmp : Match on catch block at 0xc3 in for 0xa9
02-12 19:46:33.629 7726 7726 E ArmVmp : Match on catch block at 0xc3 in for 0xa9
02-12 19:46:33.634 7726 7726 E ArmVmp : Match on catch block at 0xc3 in for 0xa1
02-12 19:46:33.639 7726 7726 E ArmVmp : Match on catch block at 0xc3 in for 0xa1
02-12 19:46:33.641 7726 7726 E ArmVmp : Match on catch block at 0xc3 in for 0xa5
02-12 19:46:33.650 7726 7726 E ArmVmp : Match on catch block at 0xc3 in for 0xa5
02-12 19:46:33.654 7726 7726 E ArmVmp : Match on catch block at 0xc3 in for 0xa9
02-12 19:46:33.662 7726 7726 E ArmVmp : Match on catch block at 0xc3 in for 0xa1
02-12 19:46:33.665 7726 7726 E ArmVmp : Match on catch block at 0xc3 in for 0xa5
02-12 19:46:33.672 7726 7726 E ArmVmp : Match on catch block at 0xc3 in for 0xa9
02-12 19:46:33.674 7726 7726 E ArmVmp : Match on catch block at 0xc3 in for 0xa1
02-12 19:46:33.687 7726 7726 E ArmVmp : Match on catch block at 0xc3 in for 0xa9
02-12 19:46:33.689 7726 7726 E ArmVmp : Match on catch block at 0xc3 in for 0xa1
02-12 19:46:33.694 7726 7726 E ArmVmp : Match on catch block at 0xc3 in for 0xa5
02-12 19:46:33.696 7726 7726 E ArmVmp : Match on catch block at 0xc3 in for 0xa9
02-12 19:46:33.705 7726 7726 E ArmVmp : Match on catch block at 0xc3 in for 0xa1
02-12 19:46:33.708 7726 7726 E ArmVmp : Match on catch block at 0xc3 in for 0xa5
02-12 19:46:33.719 7726 7726 E ArmVmp : Match on catch block at 0xc3 in for 0xa9
02-12 19:46:33.721 7726 7726 E ArmVmp : Match on catch block at 0xc3 in for 0xa1
02-12 19:46:33.729 7726 7726 E ArmVmp : Match on catch block at 0xc3 in for 0xa5
02-12 19:46:33.732 7726 7726 E ArmVmp : Match on catch block at 0xc3 in for 0xa9
02-12 19:46:33.740 7726 7726 E ArmVmp : Match on catch block at 0xc3 in for 0xa1
02-12 19:46:33.744 7726 7726 E ArmVmp : Match on catch block at 0xc3 in for 0xa5
02-12 19:46:33.750 7726 7726 E ArmVmp : Match on catch block at 0xc3 in for 0xa9
02-12 19:46:33.753 7726 7726 E ArmVmp : Match on catch block at 0xc3 in for 0xa1
02-12 19:46:33.761 7726 7726 E ArmVmp : Match on catch block at 0xc3 in for 0xa5
02-12 19:46:33.763 7726 7726 E ArmVmp : Match on catch block at 0xc3 in for 0xa9
02-12 19:46:33.772 7726 7726 E ArmVmp : Match on catch block at 0xc3 in for 0xa9
02-12 19:46:33.774 7726 7726 E ArmVmp : Match on catch block at 0xc3 in for 0xa1
02-12 19:46:33.785 7726 7726 E ArmVmp : Match on catch block at 0xc3 in for 0xa9
02-12 19:46:33.789 7726 7726 E ArmVmp : Match on catch block at 0xc3 in for 0xa1
02-12 19:46:33.801 7726 7726 E ArmVmp : Match on catch block at 0xc3 in for 0xa9
02-12 19:46:33.803 7726 7726 E ArmVmp : Match on catch block at 0xc3 in for 0xa1
02-12 19:46:33.811 7726 7726 E ArmVmp : Match on catch block at 0xc3 in for 0xa9
02-12 19:46:33.813 7726 7726 E ArmVmp : Match on catch block at 0xc3 in for 0xa1
02-12 19:46:33.818 7726 7726 E ArmVmp : Match on catch block at 0xc3 in for 0xa1
02-12 19:46:33.820 7726 7726 E ArmVmp : Match on catch block at 0xc3 in for 0xa5
02-12 19:46:33.828 7726 7726 E ArmVmp : Match on catch block at 0xc3 in for 0xa5
02-12 19:46:33.830 7726 7726 E ArmVmp : Match on catch block at 0xc3 in for 0xa9
