Lcom/android/org/conscrypt/ConscryptEngineSocket;->setUseSessionTickets(Z)V
(greylist-max-q,test-api, reflection, denied)
02-13 19:52:14.211 21427 21489 W com.whatsapp: Accessing hidden method
Lcom/android/org/conscrypt/OpenSSLSocketImpl;->setUseSessionTickets(Z)V (greylist-
max-q,test-api, reflection, denied)
02-13 19:52:14.211 21427 21489 W com.whatsapp: Accessing hidden method
Lcom/android/org/conscrypt/AbstractConscryptSocket;->setUseSessionTickets(Z)V
(greylist-max-q, reflection, denied)
02-13 19:52:14.211 21427 21489 W com.whatsapp: Accessing hidden method
Lcom/android/org/conscrypt/ConscryptEngineSocket;->setHostname(Ljava/lang/String;)V
(greylist-max-q,test-api, reflection, denied)
02-13 19:52:14.211 21427 21489 W com.whatsapp: Accessing hidden method
Lcom/android/org/conscrypt/OpenSSLSocketImpl;->setHostname(Ljava/lang/String;)V
(greylist-max-q,test-api, reflection, denied)
02-13 19:52:14.211 21427 21489 W com.whatsapp: Accessing hidden method
Lcom/android/org/conscrypt/AbstractConscryptSocket;->setHostname(Ljava/lang/
String;)V (greylist-max-q, reflection, denied)
02-13 19:52:14.212 21427 21489 W com.whatsapp: Accessing hidden method
Lcom/android/org/conscrypt/OpenSSLSocketImpl;->setAlpnProtocols([B)V (greylist-max-
q,test-api, reflection, denied)
02-13 19:52:14.212 21427 21489 W com.whatsapp: Accessing hidden method
Lcom/android/org/conscrypt/AbstractConscryptSocket;->setAlpnProtocols([B)V
(greylist-max-q, reflection, denied)
--------- beginning of system
02-13 19:52:14.304 21508 21508 E com.whatsapp: Not starting debugger since process
cannot load the jdwp agent.
02-13 19:52:14.322 21427 21489 W com.whatsapp: Accessing hidden method
Lcom/android/org/conscrypt/OpenSSLSocketImpl;->getAlpnSelectedProtocol()[B
(greylist-max-q,test-api, reflection, denied)
02-13 19:52:14.322 21427 21489 W com.whatsapp: Accessing hidden method
Lcom/android/org/conscrypt/AbstractConscryptSocket;->getAlpnSelectedProtocol()[B
(greylist-max-q, reflection, denied)
02-13 19:52:15.035 21427 21427 E RecyclerView: No adapter attached; skipping layout
02-13 19:52:15.055 21427 21427 E OpenGLRenderer: ~SkiaDisplayList() ##### pid =
21427
02-13 19:52:15.199 21427 21481 E libc : Access denied finding property
"persist.vendor.sf.fbc"
02-13 19:52:15.199 21427 21481 E libc : Access denied finding property
"persist.vendor.gpu.fbc"
02-13 19:52:15.199 21427 21481 E libc : Access denied finding property
"persist.vendor.vsp.fbc"
02-13 19:52:15.278 21427 21427 E RecyclerView: No adapter attached; skipping layout
02-13 19:52:15.296 21427 21427 E ArmVmp : Match on catch block at 0x0a in for 0xd5
02-13 19:52:15.351 21427 21481 W libEGL : EGLNativeWindowType 0xb4000077930b2af0
disconnect failed
02-13 19:52:15.476 21427 21765 W LOTTIE : Animation contains merge paths. Merge
paths are only supported on KitKat+ and must be manually enabled by calling
enableMergePathsForKitKatAndAbove().
02-13 19:52:15.726 21427 21427 W LOTTIE : Animation contains merge paths but they
are disabled.
02-13 19:52:16.019 21427 21450 W LibraryVersion: Failed to get app version for
libraryName: firebase-iid
02-13 19:52:16.919 21427 21992 E RenderScript: Failed loading RS driver: dlopen
failed: library "libRSDriverArm.so" not found
02-13 19:52:16.919 21427 21992 E RenderScript: Failed to load runtime
libRSDriverArm.so, loading default
02-13 19:52:17.270 21427 21427 E ArmVmp : Match on catch block at 0x0a in for 0xc9
02-13 19:52:17.274 21427 21427 E ArmVmp : Match on catch block at 0x0a in for 0xc9
02-13 19:52:17.669 21427 21427 E ArmVmp : Match on catch block at 0xc3 in for 0xb9
02-13 19:52:17.674 21427 21427 E ArmVmp : Match on catch block at 0xc3 in for 0xb5
02-13 19:52:17.676 21427 21427 E ArmVmp : Match on catch block at 0xc3 in for 0xb5
02-13 19:52:17.721 21427 21427 E ArmVmp : Match on catch block at 0xc3 in for 0xa9
02-13 19:52:17.724 21427 21427 E ArmVmp : Match on catch block at 0xc3 in for 0xa5
02-13 19:52:17.725 21427 21427 E ArmVmp : Match on catch block at 0xc3 in for 0xa5
02-13 19:52:17.757 21427 21427 E ArmVmp : Match on catch block at 0xc3 in for 0xa9
02-13 19:52:17.759 21427 21427 E ArmVmp : Match on catch block at 0xc3 in for 0xa1
02-13 19:52:17.761 21427 21427 E ArmVmp : Match on catch block at 0xc3 in for 0xa1
02-13 19:52:17.791 21427 21427 E ArmVmp : Match on catch block at 0xc3 in for 0xa9
02-13 19:52:17.793 21427 21427 E ArmVmp : Match on catch block at 0xc3 in for 0xa1
02-13 19:52:17.795 21427 21427 E ArmVmp : Match on catch block at 0xc3 in for 0xa1
02-13 19:52:18.123 21427 21481 W libEGL : EGLNativeWindowType 0xb4000077930b4d00
disconnect failed
02-13 19:52:18.161 21427 21427 E ArmVmp : Match on catch block at 0xc3 in for 0xa9
02-13 19:52:18.166 21427 21427 E ArmVmp : Match on catch block at 0xc3 in for 0xa1
02-13 19:52:18.169 21427 21427 E ArmVmp : Match on catch block at 0xc3 in for 0xa1
02-13 19:52:18.200 21427 21427 E ArmVmp : Match on catch block at 0xc3 in for 0xa9
02-13 19:52:18.206 21427 21427 E ArmVmp : Match on catch block at 0xc3 in for 0xa1
02-13 19:52:18.210 21427 21427 E ArmVmp : Match on catch block at 0xc3 in for 0xa1
02-13 19:52:18.223 21427 21427 E ArmVmp : Match on catch block at 0xc3 in for 0xa9
02-13 19:52:18.228 21427 21427 E ArmVmp : Match on catch block at 0xc3 in for 0xa1
02-13 19:52:18.231 21427 21427 E ArmVmp : Match on catch block at 0xc3 in for 0xa1
02-13 19:52:18.262 21427 21427 E ArmVmp : Match on catch block at 0xc3 in for 0xa1
02-13 19:52:18.267 21427 21427 E ArmVmp : Match on catch block at 0xc3 in for 0xa5
02-13 19:52:18.270 21427 21427 E ArmVmp : Match on catch block at 0xc3 in for 0xa5
02-13 19:52:18.282 21427 21427 E ArmVmp : Match on catch block at 0xc3 in for 0xa9
02-13 19:52:18.286 21427 21427 E ArmVmp : Match on catch block at 0xc3 in for 0xa1
02-13 19:52:18.291 21427 21427 E ArmVmp : Match on catch block at 0xc3 in for 0xa1
02-13 19:52:18.302 21427 21427 E ArmVmp : Match on catch block at 0xc3 in for 0xa5
02-13 19:52:18.310 21427 21427 E ArmVmp : Match on catch block at 0xc3 in for 0xa9
02-13 19:52:18.315 21427 21427 E ArmVmp : Match on catch block at 0xc3 in for 0xa9
02-13 19:52:18.323 21427 21427 E ArmVmp : Match on catch block at 0xc3 in for 0xa1
02-13 19:52:18.331 21427 21427 E ArmVmp : Match on catch block at 0xc3 in for 0xa5
02-13 19:52:18.335 21427 21427 E ArmVmp : Match on catch block at 0xc3 in for 0xa5
02-13 19:52:18.345 21427 21427 E ArmVmp : Match on catch block at 0xc3 in for 0xa9
02-13 19:52:18.356 21427 21427 E ArmVmp : Match on catch block at 0xc3 in for 0xa1
02-13 19:52:18.360 21427 21427 E ArmVmp : Match on catch block at 0xc3 in for 0xa1
02-13 19:52:18.367 21427 21427 E ArmVmp : Match on catch block at 0xc3 in for 0xa5
02-13 19:52:18.371 21427 21427 E ArmVmp : Match on catch block at 0xc3 in for 0xa9
02-13 19:52:18.376 21427 21427 E ArmVmp : Match on catch block at 0xc3 in for 0xa9
02-13 19:52:18.389 21427 21427 E ArmVmp : Match on catch block at 0xc3 in for 0xa5
02-13 19:52:18.393 21427 21427 E ArmVmp : Match on catch block at 0xc3 in for 0xa9
02-13 19:52:18.397 21427 21427 E ArmVmp : Match on catch block at 0xc3 in for 0xa9
02-13 19:52:18.413 21427 21427 E ArmVmp : Match on catch block at 0xc3 in for 0xa1
02-13 19:52:18.417 21427 21427 E ArmVmp : Match on catch block at 0xc3 in for 0xa5
02-13 19:52:18.420 21427 21427 E ArmVmp : Match on catch block at 0xc3 in for 0xa5
02-13 19:52:18.435 21427 21427 E ArmVmp : Match on catch block at 0xc3 in for 0xa9
02-13 19:52:18.440 21427 21427 E ArmVmp : Match on catch block at 0xc3 in for 0xa1
02-13 19:52:18.445 21427 21427 E ArmVmp : Match on catch block at 0xc3 in for 0xa1
02-13 19:52:18.457 21427 21427 E ArmVmp : Match on catch block at 0xc3 in for 0xa5
02-13 19:52:18.462 21427 21427 E ArmVmp : Match on catch block at 0xc3 in for 0xa9
02-13 19:52:18.465 21427 21427 E ArmVmp : Match on catch block at 0xc3 in for 0xa9
02-13 19:52:18.609 21427 21427 E ArmVmp : Match on catch block at 0xc3 in for 0xa9
02-13 19:52:18.616 21427 21427 E ArmVmp : Match on catch block at 0xc3 in for 0xa1
02-13 19:52:18.619 21427 21427 E ArmVmp : Match on catch block at 0xc3 in for 0xa1
02-13 19:52:18.637 21427 21427 E ArmVmp : Match on catch block at 0xc3 in for 0xa5
02-13 19:52:18.639 21427 21481 W libEGL : EGLNativeWindowType 0xb400007793161410
disconnect failed
02-13 19:52:18.641 21427 21427 E ArmVmp : Match on catch block at 0xc3 in for 0xa9
02-13 19:52:18.644 21427 21427 E ArmVmp : Match on catch block at 0xc3 in for 0xa9
02-13 19:52:18.813 21427 21427 E ArmVmp : Match on catch block at 0xc3 in for 0xa1
02-13 19:52:18.821 21427 21427 E ArmVmp : Match on catch block at 0xc3 in for 0xa5
02-13 19:52:18.824 21427 21427 E ArmVmp : Match on catch block at 0xc3 in for 0xa5
02-13 19:52:19.026 21427 21427 E ArmVmp : Match on catch block at 0xc3 in for 0xa5
02-13 19:52:19.031 21427 21427 E ArmVmp : Match on catch block at 0xc3 in for 0xa9
02-13 19:52:19.035 21427 21427 E ArmVmp : Match on catch block at 0xc3 in for 0xa9
02-13 19:52:19.044 21427 21427 E ArmVmp : Match on catch block at 0xc3 in for 0xa1
02-13 19:52:19.051 21427 21427 E ArmVmp : Match on catch block at 0xc3 in for 0xa5
02-13 19:52:19.055 21427 21427 E ArmVmp : Match on catch block at 0xc3 in for 0xa5
02-13 19:52:19.314 21427 21427 E ArmVmp : Match on catch block at 0xc3 in for 0xa9
02-13 19:52:19.324 21427 21427 E ArmVmp : Match on catch block at 0xc3 in for 0xa1
02-13 19:52:19.327 21427 21427 E ArmVmp : Match on catch block at 0xc3 in for 0xa1
02-13 19:52:19.471 21427 21427 E ArmVmp : Match on catch block at 0xc3 in for 0xa9
02-13 19:52:19.475 21427 21427 E ArmVmp : Match on catch block at 0xc3 in for 0xa1
02-13 19:52:19.479 21427 21427 E ArmVmp : Match on catch block at 0xc3 in for 0xa1
02-13 19:52:19.514 21427 21427 E ArmVmp : Match on catch block at 0xc3 in for 0xa1
02-13 19:52:19.522 21427 21427 E ArmVmp : Match on catch block at 0xc3 in for 0xa5
02-13 19:52:19.526 21427 21427 E ArmVmp : Match on catch block at 0xc3 in for 0xa5
02-13 19:52:19.537 21427 21427 E ArmVmp : Match on catch block at 0xc3 in for 0xa9
02-13 19:52:19.544 21427 21427 E ArmVmp : Match on catch block at 0xc3 in for 0xa1
02-13 19:52:19.550 21427 21427 E ArmVmp : Match on catch block at 0xc3 in for 0xa1
02-13 19:52:19.559 21427 21427 E ArmVmp : Match on catch block at 0xc3 in for 0xa5
02-13 19:52:19.565 21427 21427 E ArmVmp : Match on catch block at 0xc3 in for 0xa9
02-13 19:52:19.568 21427 21427 E ArmVmp : Match on catch block at 0xc3 in for 0xa9
02-13 19:52:19.583 21427 21427 E ArmVmp : Match on catch block at 0xc3 in for 0xa1
02-13 19:52:19.588 21427 21427 E ArmVmp : Match on catch block at 0xc3 in for 0xa5
02-13 19:52:19.591 21427 21427 E ArmVmp : Match on catch block at 0xc3 in for 0xa5
02-13 19:52:19.603 21427 21427 E ArmVmp : Match on catch block at 0xc3 in for 0xa9
02-13 19:52:19.608 21427 21427 E ArmVmp : Match on catch block at 0xc3 in for 0xa1
02-13 19:52:19.612 21427 21427 E ArmVmp : Match on catch block at 0xc3 in for 0xa1
02-13 19:52:19.626 21427 21427 E ArmVmp : Match on catch block at 0xc3 in for 0xa5
02-13 19:52:19.632 21427 21427 E ArmVmp : Match on catch block at 0xc3 in for 0xa9
02-13 19:52:19.635 21427 21427 E ArmVmp : Match on catch block at 0xc3 in for 0xa9
02-13 19:52:19.648 21427 21427 E ArmVmp : Match on catch block at 0xc3 in for 0xa1
02-13 19:52:19.654 21427 21427 E ArmVmp : Match on catch block at 0xc3 in for 0xa5
02-13 19:52:19.659 21427 21427 E ArmVmp : Match on catch block at 0xc3 in for 0xa5
02-13 19:52:19.670 21427 21427 E ArmVmp : Match on catch block at 0xc3 in for 0xa9
02-13 19:52:19.674 21427 21427 E ArmVmp : Match on catch block at 0xc3 in for 0xa1
02-13 19:52:19.678 21427 21427 E ArmVmp : Match on catch block at 0xc3 in for 0xa1
02-13 19:52:20.126 21427 21427 E ArmVmp : Match on catch block at 0xc3 in for 0xa5
02-13 19:52:20.131 21427 21427 E ArmVmp : Match on catch block at 0xc3 in for 0xa9
02-13 19:52:20.136 21427 21427 E ArmVmp : Match on catch block at 0xc3 in for 0xa9
02-13 19:52:20.616 21427 21427 E ArmVmp : Match on catch block at 0xc3 in for 0xa9
02-13 19:52:20.626 21427 21427 E ArmVmp : Match on catch block at 0xc3 in for 0xa1
02-13 19:52:20.629 21427 21427 E ArmVmp : Match on catch block at 0xc3 in for 0xa1
02-13 19:52:20.645 21427 21427 E ArmVmp : Match on catch block at 0xc3 in for 0xa5
02-13 19:52:20.650 21427 21427 E ArmVmp : Match on catch block at 0xc3 in for 0xa9
02-13 19:52:20.654 21427 21427 E ArmVmp : Match on catch block at 0xc3 in for 0xa9
02-13 19:52:20.666 21427 21427 E ArmVmp : Match on catch block at 0xc3 in for 0xa1
02-13 19:52:20.670 21427 21427 E ArmVmp : Match on catch block at 0xc3 in for 0xa5
02-13 19:52:20.675 21427 21427 E ArmVmp : Match on catch block at 0xc3 in for 0xa5
02-13 19:52:20.683 21427 21427 E ArmVmp : Match on catch block at 0xc3 in for 0xa9
02-13 19:52:20.690 21427 21427 E ArmVmp : Match on catch block at 0xc3 in for 0xa1
02-13 19:52:20.694 21427 21427 E ArmVmp : Match on catch block at 0xc3 in for 0xa1
02-13 19:52:20.721 21427 21427 E ArmVmp : Match on catch block at 0xc3 in for 0xa1
02-13 19:52:20.726 21427 21427 E ArmVmp : Match on catch block at 0xc3 in for 0xa5
02-13 19:52:20.731 21427 21427 E ArmVmp : Match on catch block at 0xc3 in for 0xa5
02-13 19:52:20.739 21427 21427 E ArmVmp : Match on catch block at 0xc3 in for 0xa9
02-13 19:52:20.745 21427 21427 E ArmVmp : Match on catch block at 0xc3 in for 0xa1
02-13 19:52:20.749 21427 21427 E ArmVmp : Match on catch block at 0xc3 in for 0xa1
02-13 19:52:20.757 21427 21427 E ArmVmp : Match on catch block at 0xc3 in for 0xa5
02-13 19:52:20.763 21427 21427 E ArmVmp : Match on catch block at 0xc3 in for 0xa9
02-13 19:52:20.767 21427 21427 E ArmVmp : Match on catch block at 0xc3 in for 0xa9
02-13 19:52:20.774 21427 21427 E ArmVmp : Match on catch block at 0xc3 in for 0xa1
02-13 19:52:20.781 21427 21427 E ArmVmp : Match on catch block at 0xc3 in for 0xa5
02-13 19:52:20.784 21427 21427 E ArmVmp : Match on catch block at 0xc3 in for 0xa5
02-13 19:52:20.790 21427 21427 E ArmVmp : Match on catch block at 0xc3 in for 0xa9
02-13 19:52:20.796 21427 21427 E ArmVmp : Match on catch block at 0xc3 in for 0xa1
02-13 19:52:20.800 21427 21427 E ArmVmp : Match on catch block at 0xc3 in for 0xa1
02-13 19:52:20.805 21427 21427 E ArmVmp : Match on catch block at 0xc3 in for 0xa5
02-13 19:52:20.813 21427 21427 E ArmVmp : Match on catch block at 0xc3 in for 0xa9
02-13 19:52:20.815 21427 21427 E ArmVmp : Match on catch block at 0xc3 in for 0xa9
02-13 19:52:20.845 21427 21427 E ArmVmp : Match on catch block at 0xc3 in for 0xa1
02-13 19:52:20.853 21427 21427 E ArmVmp : Match on catch block at 0xc3 in for 0xa5
02-13 19:52:20.856 21427 21427 E ArmVmp : Match on catch block at 0xc3 in for 0xa5
02-13 19:52:20.868 21427 21427 E ArmVmp : Match on catch block at 0xc3 in for 0xa9
02-13 19:52:20.874 21427 21427 E ArmVmp : Match on catch block at 0xc3 in for 0xa1
02-13 19:52:20.878 21427 21427 E ArmVmp : Match on catch block at 0xc3 in for 0xa1
02-13 19:52:20.886 21427 21427 E ArmVmp : Match on catch block at 0xc3 in for 0xa5
02-13 19:52:20.894 21427 21427 E ArmVmp : Match on catch block at 0xc3 in for 0xa9
02-13 19:52:20.897 21427 21427 E ArmVmp : Match on catch block at 0xc3 in for 0xa9
02-13 19:52:20.911 21427 21427 E ArmVmp : Match on catch block at 0xc3 in for 0xa5
02-13 19:52:20.918 21427 21427 E ArmVmp : Match on catch block at 0xc3 in for 0xa9
02-13 19:52:20.923 21427 21427 E ArmVmp : Match on catch block at 0xc3 in for 0xa9
02-13 19:52:20.930 21427 21427 E ArmVmp : Match on catch block at 0xc3 in for 0xa5
02-13 19:52:20.936 21427 21427 E ArmVmp : Match on catch block at 0xc3 in for 0xa9
02-13 19:52:20.940 21427 21427 E ArmVmp : Match on catch block at 0xc3 in for 0xa9
02-13 19:52:21.274 21427 21427 E ArmVmp : Match on catch block at 0xc3 in for 0xa9
02-13 19:52:21.278 21427 21427 E ArmVmp : Match on catch block at 0xc3 in for 0xa1
02-13 19:52:21.281 21427 21427 E ArmVmp : Match on catch block at 0xc3 in for 0xa1
02-13 19:52:21.336 21427 21427 E ArmVmp : Match on catch block at 0xc3 in for 0xa9
02-13 19:52:21.341 21427 21427 E ArmVmp : Match on catch block at 0xc3 in for 0xa1
02-13 19:52:21.344 21427 21427 E ArmVmp : Match on catch block at 0xc3 in for 0xa1
02-13 19:52:21.370 21427 21427 E ArmVmp : Match on catch block at 0xc3 in for 0xa1
02-13 19:52:21.377 21427 21427 E ArmVmp : Match on catch block at 0xc3 in for 0xa5
02-13 19:52:21.389 21427 21427 E ArmVmp : Match on catch block at 0xc3 in for 0xa1
02-13 19:52:21.393 21427 21427 E ArmVmp : Match on catch block at 0xc3 in for 0xa5
02-13 19:52:21.408 21427 21427 E ArmVmp : Match on catch block at 0xc3 in for 0xa1
02-13 19:52:21.413 21427 21427 E ArmVmp : Match on catch block at 0xc3 in for 0xa5
02-13 19:52:21.429 21427 21427 E ArmVmp : Match on catch block at 0xc3 in for 0xa1
02-13 19:52:21.436 21427 21427 E ArmVmp : Match on catch block at 0xc3 in for 0xa5
02-13 19:52:21.514 21427 21427 E ArmVmp : Match on catch block at 0xc3 in for 0xa5
02-13 19:52:21.519 21427 21427 E ArmVmp : Match on catch block at 0xc3 in for 0xa9
02-13 19:52:21.545 21427 21427 E ArmVmp : Match on catch block at 0xc3 in for 0xa5
02-13 19:52:21.553 21427 21427 E ArmVmp : Match on catch block at 0xc3 in for 0xa9
02-13 19:52:21.573 21427 21427 E ArmVmp : Match on catch block at 0xc3 in for 0xa5
02-13 19:52:21.576 21427 21427 E ArmVmp : Match on catch block at 0xc3 in for 0xa9
02-13 19:52:21.584 21427 21427 E ArmVmp : Match on catch block at 0xc3 in for 0xa5
02-13 19:52:21.589 21427 21427 E ArmVmp : Match on catch block at 0xc3 in for 0xa9
02-13 19:52:21.667 21427 21427 E ArmVmp : Match on catch block at 0xc3 in for 0xa5
02-13 19:52:21.671 21427 21427 E ArmVmp : Match on catch block at 0xc3 in for 0xa9
02-13 19:52:21.679 21427 21427 E ArmVmp : Match on catch block at 0xc3 in for 0xa5
02-13 19:52:21.686 21427 21427 E ArmVmp : Match on catch block at 0xc3 in for 0xa9
02-13 19:52:21.709 21427 21498 W MediaPlayer: Use of stream types is deprecated for
operations other than volume control
02-13 19:52:21.709 21427 21498 W MediaPlayer: See the documentation of
setAudioStreamType() for what to use instead with android.media.AudioAttributes to
qualify your playback use case
02-13 19:52:21.830 21427 21427 E ArmVmp : Match on catch block at 0xc3 in for 0xa9
02-13 19:52:21.838 21427 21427 E ArmVmp : Match on catch block at 0xc3 in for 0xa1
02-13 19:52:22.123 21427 21427 E ArmVmp : Match on catch block at 0xc3 in for 0xa5
02-13 19:52:22.126 21427 21427 E ArmVmp : Match on catch block at 0xc3 in for 0xa9
02-13 19:52:22.140 21427 21427 E ArmVmp : Match on catch block at 0xc3 in for 0xa1
02-13 19:52:22.147 21427 21427 E ArmVmp : Match on catch block at 0xc3 in for 0xa5
02-13 19:52:22.163 21427 21427 E ArmVmp : Match on catch block at 0xc3 in for 0xa1
02-13 19:52:22.173 21427 21427 E ArmVmp : Match on catch block at 0xc3 in for 0xa5
02-13 19:52:22.331 21427 21427 E ArmVmp : Match on catch block at 0xc3 in for 0xa1
02-13 19:52:22.336 21427 21427 E ArmVmp : Match on catch block at 0xc3 in for 0xa5
02-13 19:52:22.739 21427 21427 E ArmVmp : Match on catch block at 0xc3 in for 0xa9
02-13 19:52:22.744 21427 21427 E ArmVmp : Match on catch block at 0xc3 in for 0xa1
02-13 19:52:22.771 21427 21427 E ArmVmp : Match on catch block at 0xc3 in for 0xa5
02-13 19:52:22.774 21427 21427 E ArmVmp : Match on catch block at 0xc3 in for 0xa9
02-13 19:52:22.786 21427 21427 E ArmVmp : Match on catch block at 0xc3 in for 0xa5
02-13 19:52:22.791 21427 21427 E ArmVmp : Match on catch block at 0xc3 in for 0xa9
02-13 19:52:22.799 21427 21427 E ArmVmp : Match on catch block at 0xc3 in for 0xa5
02-13 19:52:22.804 21427 21427 E ArmVmp : Match on catch block at 0xc3 in for 0xa9
02-13 19:52:22.809 21427 21427 E ArmVmp : Match on catch block at 0xc3 in for 0xa5
02-13 19:52:22.814 21427 21427 E ArmVmp : Match on catch block at 0xc3 in for 0xa9
02-13 19:52:22.820 21427 21427 E ArmVmp : Match on catch block at 0xc3 in for 0xa5
02-13 19:52:22.825 21427 21427 E ArmVmp : Match on catch block at 0xc3 in for 0xa9
02-13 19:52:22.831 21427 21427 E ArmVmp : Match on catch block at 0xc3 in for 0xa5
02-13 19:52:22.835 21427 21427 E ArmVmp : Match on catch block at 0xc3 in for 0xa9
02-13 19:52:22.845 21427 21427 E ArmVmp : Match on catch block at 0xc3 in for 0xa5
02-13 19:52:22.848 21427 21427 E ArmVmp : Match on catch block at 0xc3 in for 0xa9
02-13 19:52:22.855 21427 21427 E ArmVmp : Match on catch block at 0xc3 in for 0xa5
02-13 19:52:22.858 21427 21427 E ArmVmp : Match on catch block at 0xc3 in for 0xa9
02-13 19:52:22.866 21427 21427 E ArmVmp : Match on catch block at 0xc3 in for 0xa5
02-13 19:52:22.869 21427 21427 E ArmVmp : Match on catch block at 0xc3 in for 0xa9
02-13 19:52:22.876 21427 21427 E ArmVmp : Match on catch block at 0xc3 in for 0xa5
02-13 19:52:22.879 21427 21427 E ArmVmp : Match on catch block at 0xc3 in for 0xa9
02-13 19:52:22.887 21427 21427 E ArmVmp : Match on catch block at 0xc3 in for 0xa5
02-13 19:52:22.890 21427 21427 E ArmVmp : Match on catch block at 0xc3 in for 0xa9
02-13 19:52:22.898 21427 21427 E ArmVmp : Match on catch block at 0xc3 in for 0xa5
02-13 19:52:22.902 21427 21427 E ArmVmp : Match on catch block at 0xc3 in for 0xa9
02-13 19:52:22.909 21427 21427 E ArmVmp : Match on catch block at 0xc3 in for 0xa5
02-13 19:52:22.913 21427 21427 E ArmVmp : Match on catch block at 0xc3 in for 0xa9
02-13 19:52:22.921 21427 21427 E ArmVmp : Match on catch block at 0xc3 in for 0xa5
02-13 19:52:22.927 21427 21427 E ArmVmp : Match on catch block at 0xc3 in for 0xa9
02-13 19:52:23.243 21427 21427 E ArmVmp : Match on catch block at 0xc3 in for 0xa5
02-13 19:52:23.247 21427 21427 E ArmVmp : Match on catch block at 0xc3 in for 0xa9
02-13 19:52:23.447 21427 21427 E ArmVmp : Match on catch block at 0xc3 in for 0xa9
02-13 19:52:23.451 21427 21427 E ArmVmp : Match on catch block at 0xc3 in for 0xa1
02-13 19:52:23.466 21427 21427 E ArmVmp : Match on catch block at 0xc3 in for 0xa9
02-13 19:52:23.470 21427 21427 E ArmVmp : Match on catch block at 0xc3 in for 0xa1
02-13 19:52:23.477 21427 21427 E ArmVmp : Match on catch block at 0xc3 in for 0xa9
02-13 19:52:23.481 21427 21427 E ArmVmp : Match on catch block at 0xc3 in for 0xa1
02-13 19:52:23.488 21427 21427 E ArmVmp : Match on catch block at 0xc3 in for 0xa9
02-13 19:52:23.492 21427 21427 E ArmVmp : Match on catch block at 0xc3 in for 0xa1
02-13 19:52:23.499 21427 21427 E ArmVmp : Match on catch block at 0xc3 in for 0xa9
02-13 19:52:23.503 21427 21427 E ArmVmp : Match on catch block at 0xc3 in for 0xa1
02-13 19:52:23.511 21427 21427 E ArmVmp : Match on catch block at 0xc3 in for 0xa9
02-13 19:52:23.513 21427 21427 E ArmVmp : Match on catch block at 0xc3 in for 0xa1
02-13 19:52:23.522 21427 21427 E ArmVmp : Match on catch block at 0xc3 in for 0xa9
02-13 19:52:23.525 21427 21427 E ArmVmp : Match on catch block at 0xc3 in for 0xa1
02-13 19:52:23.533 21427 21427 E ArmVmp : Match on catch block at 0xc3 in for 0xa9
02-13 19:52:23.535 21427 21427 E ArmVmp : Match on catch block at 0xc3 in for 0xa1
02-13 19:52:23.544 21427 21427 E ArmVmp : Match on catch block at 0xc3 in for 0xa9
02-13 19:52:23.546 21427 21427 E ArmVmp : Match on catch block at 0xc3 in for 0xa1
02-13 19:52:23.556 21427 21427 E ArmVmp : Match on catch block at 0xc3 in for 0xa9
02-13 19:52:23.560 21427 21427 E ArmVmp : Match on catch block at 0xc3 in for 0xa1
02-13 19:52:23.566 21427 21427 E ArmVmp : Match on catch block at 0xc3 in for 0xa9
02-13 19:52:23.568 21427 21427 E ArmVmp : Match on catch block at 0xc3 in for 0xa1
02-13 19:52:23.580 21427 21427 E ArmVmp : Match on catch block at 0xc3 in for 0xa9
02-13 19:52:23.583 21427 21427 E ArmVmp : Match on catch block at 0xc3 in for 0xa1
02-13 19:52:23.588 21427 21427 E ArmVmp : Match on catch block at 0xc3 in for 0xa9
02-13 19:52:23.591 21427 21427 E ArmVmp : Match on catch block at 0xc3 in for 0xa1
02-13 19:52:23.599 21427 21427 E ArmVmp : Match on catch block at 0xc3 in for 0xa9
02-13 19:52:23.602 21427 21427 E ArmVmp : Match on catch block at 0xc3 in for 0xa1
02-13 19:52:23.611 21427 21427 E ArmVmp : Match on catch block at 0xc3 in for 0xa9
02-13 19:52:23.613 21427 21427 E ArmVmp : Match on catch block at 0xc3 in for 0xa1
02-13 19:52:23.621 21427 21427 E ArmVmp : Match on catch block at 0xc3 in for 0xa9
02-13 19:52:23.625 21427 21427 E ArmVmp : Match on catch block at 0xc3 in for 0xa1
02-13 19:52:23.632 21427 21427 E ArmVmp : Match on catch block at 0xc3 in for 0xa9
02-13 19:52:23.636 21427 21427 E ArmVmp : Match on catch block at 0xc3 in for 0xa1
02-13 19:52:23.718 21427 21427 E ArmVmp : Match on catch block at 0xc3 in for 0xa1
02-13 19:52:23.723 21427 21427 E ArmVmp : Match on catch block at 0xc3 in for 0xa5
02-13 19:52:23.735 21427 21427 E ArmVmp : Match on catch block at 0xc3 in for 0xa9
02-13 19:52:23.737 21427 21427 E ArmVmp : Match on catch block at 0xc3 in for 0xa1
02-13 19:52:23.744 21427 21427 E ArmVmp : Match on catch block at 0xc3 in for 0xa9
02-13 19:52:23.756 21427 21427 E ArmVmp : Match on catch block at 0xc3 in for 0xa1
02-13 19:52:23.767 21427 21427 E ArmVmp : Match on catch block at 0xc3 in for 0xa9
02-13 19:52:23.770 21427 21427 E ArmVmp : Match on catch block at 0xc3 in for 0xa1
02-13 19:52:23.777 21427 21427 E ArmVmp : Match on catch block at 0xc3 in for 0xa9
02-13 19:52:23.784 21427 21427 E ArmVmp : Match on catch block at 0xc3 in for 0xa1
02-13 19:52:23.788 21427 21427 E ArmVmp : Match on catch block at 0xc3 in for 0xa9
02-13 19:52:23.796 21427 21427 E ArmVmp : Match on catch block at 0xc3 in for 0xa1
02-13 19:52:23.806 21427 21427 E ArmVmp : Match on catch block at 0xc3 in for 0xa9
02-13 19:52:23.815 21427 21427 E ArmVmp : Match on catch block at 0xc3 in for 0xa1
02-13 19:52:23.830 21427 21427 E ArmVmp : Match on catch block at 0xc3 in for 0xa9
02-13 19:52:23.833 21427 21427 E ArmVmp : Match on catch block at 0xc3 in for 0xa1
02-13 19:52:23.849 21427 21427 E ArmVmp : Match on catch block at 0xc3 in for 0xa9
02-13 19:52:23.854 21427 21427 E ArmVmp : Match on catch block at 0xc3 in for 0xa1
02-13 19:52:23.861 21427 21427 E ArmVmp : Match on catch block at 0xc3 in for 0xa9
02-13 19:52:23.865 21427 21427 E ArmVmp : Match on catch block at 0xc3 in for 0xa1
02-13 19:52:23.870 21427 21427 E ArmVmp : Match on catch block at 0xc3 in for 0xa9
02-13 19:52:23.875 21427 21427 E ArmVmp : Match on catch block at 0xc3 in for 0xa1
02-13 19:52:23.883 21427 21427 E ArmVmp : Match on catch block at 0xc3 in for 0xa9
02-13 19:52:23.891 21427 21427 E ArmVmp : Match on catch block at 0xc3 in for 0xa1
02-13 19:52:23.902 21427 21427 E ArmVmp : Match on catch block at 0xc3 in for 0xa9
02-13 19:52:23.907 21427 21427 E ArmVmp : Match on catch block at 0xc3 in for 0xa1
02-13 19:52:23.915 21427 21427 E ArmVmp : Match on catch block at 0xc3 in for 0xa9
02-13 19:52:23.918 21427 21427 E ArmVmp : Match on catch block at 0xc3 in for 0xa1
02-13 19:52:23.925 21427 21427 E ArmVmp : Match on catch block at 0xc3 in for 0xa9
02-13 19:52:23.931 21427 21427 E ArmVmp : Match on catch block at 0xc3 in for 0xa1
02-13 19:52:23.938 21427 21427 E ArmVmp : Match on catch block at 0xc3 in for 0xa9
02-13 19:52:23.944 21427 21427 E ArmVmp : Match on catch block at 0xc3 in for 0xa1
02-13 19:52:23.955 21427 21427 E ArmVmp : Match on catch block at 0xc3 in for 0xa9
02-13 19:52:23.958 21427 21427 E ArmVmp : Match on catch block at 0xc3 in for 0xa1
02-13 19:52:23.967 21427 21427 E ArmVmp : Match on catch block at 0xc3 in for 0xa9
02-13 19:52:23.970 21427 21427 E ArmVmp : Match on catch block at 0xc3 in for 0xa1
02-13 19:52:23.978 21427 21427 E ArmVmp : Match on catch block at 0xc3 in for 0xa9
02-13 19:52:23.980 21427 21427 E ArmVmp : Match on catch block at 0xc3 in for 0xa1
02-13 19:52:23.989 21427 21427 E ArmVmp : Match on catch block at 0xc3 in for 0xa9
02-13 19:52:23.992 21427 21427 E ArmVmp : Match on catch block at 0xc3 in for 0xa1
02-13 19:52:24.000 21427 21427 E ArmVmp : Match on catch block at 0xc3 in for 0xa9
02-13 19:52:24.005 21427 21427 E ArmVmp : Match on catch block at 0xc3 in for 0xa1
02-13 19:52:24.022 21427 21427 E ArmVmp : Match on catch block at 0xc3 in for 0xa9
02-13 19:52:24.025 21427 21427 E ArmVmp : Match on catch block at 0xc3 in for 0xa1
02-13 19:52:24.145 21427 21427 E ArmVmp : Match on catch block at 0xc3 in for 0xa9
02-13 19:52:24.149 21427 21427 E ArmVmp : Match on catch block at 0xc3 in for 0xa1
02-13 19:52:24.635 21427 21427 E ArmVmp : Match on catch block at 0xc3 in for 0xa9
02-13 19:52:24.640 21427 21427 E ArmVmp : Match on catch block at 0xc3 in for 0xa1
02-13 19:52:24.690 21427 21427 E ArmVmp : Match on catch block at 0xc3 in for 0xa9
02-13 19:52:24.693 21427 21427 E ArmVmp : Match on catch block at 0xc3 in for 0xa1
02-13 19:52:24.836 21427 21427 E ArmVmp : Match on catch block at 0xc3 in for 0xa9
02-13 19:52:24.840 21427 21427 E ArmVmp : Match on catch block at 0xc3 in for 0xa1
02-13 19:52:24.958 21427 21427 E ArmVmp : Match on catch block at 0xc3 in for 0xa9
02-13 19:52:24.962 21427 21427 E ArmVmp : Match on catch block at 0xc3 in for 0xa1
02-13 19:52:25.292 21427 21427 E ArmVmp : Match on catch block at 0xc3 in for 0xa9
02-13 19:52:25.296 21427 21427 E ArmVmp : Match on catch block at 0xc3 in for 0xa1
02-13 19:52:25.467 21427 21427 E ArmVmp : Match on catch block at 0xc3 in for 0xa5
02-13 19:52:25.476 21427 21427 E ArmVmp : Match on catch block at 0xc3 in for 0xa9
02-13 19:52:25.609 21427 21427 E ArmVmp : Match on catch block at 0xc3 in for 0xa5
02-13 19:52:25.615 21427 21427 E ArmVmp : Match on catch block at 0xc3 in for 0xa9
02-13 19:52:25.638 21427 21481 W libEGL : EGLNativeWindowType 0xb40000779319cdd0
disconnect failed
02-13 19:52:26.077 21427 21427 E ArmVmp : Match on catch block at 0xc3 in for 0xa9
02-13 19:52:26.081 21427 21427 E ArmVmp : Match on catch block at 0xc3 in for 0xa1
02-13 19:52:26.304 21427 21427 E ArmVmp : Match on catch block at 0xc3 in for 0xa1
02-13 19:52:26.310 21427 21427 E ArmVmp : Match on catch block at 0xc3 in for 0xa5
02-13 19:52:26.451 21427 21427 E ArmVmp : Match on catch block at 0xc3 in for 0xa1
02-13 19:52:26.456 21427 21427 E ArmVmp : Match on catch block at 0xc3 in for 0xa5
02-13 19:52:26.477 21427 21427 E ArmVmp : Match on catch block at 0xc3 in for 0xa1
02-13 19:52:26.480 21427 21427 E ArmVmp : Match on catch block at 0xc3 in for 0xa5
02-13 19:52:26.493 21427 21427 E ArmVmp : Match on catch block at 0xc3 in for 0xa1
02-13 19:52:26.497 21427 21427 E ArmVmp : Match on catch block at 0xc3 in for 0xa5
02-13 19:52:26.504 21427 21427 E ArmVmp : Match on catch block at 0xc3 in for 0xa1
02-13 19:52:26.510 21427 21427 E ArmVmp : Match on catch block at 0xc3 in for 0xa5
02-13 19:52:26.516 21427 21427 E ArmVmp : Match on catch block at 0xc3 in for 0xa1
02-13 19:52:26.523 21427 21427 E ArmVmp : Match on catch block at 0xc3 in for 0xa5
02-13 19:52:26.527 21427 21427 E ArmVmp : Match on catch block at 0xc3 in for 0xa1
02-13 19:52:26.530 21427 21427 E ArmVmp : Match on catch block at 0xc3 in for 0xa5
02-13 19:52:26.538 21427 21427 E ArmVmp : Match on catch block at 0xc3 in for 0xa1
02-13 19:52:26.542 21427 21427 E ArmVmp : Match on catch block at 0xc3 in for 0xa5
02-13 19:52:26.549 21427 21427 E ArmVmp : Match on catch block at 0xc3 in for 0xa1
02-13 19:52:26.552 21427 21427 E ArmVmp : Match on catch block at 0xc3 in for 0xa5
02-13 19:52:26.561 21427 21427 E ArmVmp : Match on catch block at 0xc3 in for 0xa1
02-13 19:52:26.564 21427 21427 E ArmVmp : Match on catch block at 0xc3 in for 0xa5
02-13 19:52:26.572 21427 21427 E ArmVmp : Match on catch block at 0xc3 in for 0xa1
02-13 19:52:26.575 21427 21427 E ArmVmp : Match on catch block at 0xc3 in for 0xa5
02-13 19:52:26.585 21427 21427 E ArmVmp : Match on catch block at 0xc3 in for 0xa1
02-13 19:52:26.591 21427 21427 E ArmVmp : Match on catch block at 0xc3 in for 0xa5
02-13 19:52:26.605 21427 21427 E ArmVmp : Match on catch block at 0xc3 in for 0xa1
02-13 19:52:26.610 21427 21427 E ArmVmp : Match on catch block at 0xc3 in for 0xa5
02-13 19:52:26.617 21427 21427 E ArmVmp : Match on catch block at 0xc3 in for 0xa1
02-13 19:52:26.621 21427 21427 E ArmVmp : Match on catch block at 0xc3 in for 0xa5
02-13 19:52:26.628 21427 21427 E ArmVmp : Match on catch block at 0xc3 in for 0xa1
02-13 19:52:26.633 21427 21427 E ArmVmp : Match on catch block at 0xc3 in for 0xa5
02-13 19:52:26.639 21427 21427 E ArmVmp : Match on catch block at 0xc3 in for 0xa1
02-13 19:52:26.643 21427 21427 E ArmVmp : Match on catch block at 0xc3 in for 0xa5
02-13 19:52:26.729 21427 21427 E Dialog : show dialog
view=DecorView@d0e5975[Conversation]
02-13 19:52:26.815 21427 21427 E ArmVmp : Match on catch block at 0xc3 in for 0xa9
02-13 19:52:26.819 21427 21427 E ArmVmp : Match on catch block at 0xc3 in for 0xa1
02-13 19:52:26.847 21427 21427 E ArmVmp : Match on catch block at 0xc3 in for 0xa5
02-13 19:52:26.851 21427 21427 E ArmVmp : Match on catch block at 0xc3 in for 0xa9
02-13 19:52:26.979 21427 21427 E ArmVmp : Match on catch block at 0xc3 in for 0xa9
02-13 19:52:26.985 21427 21427 E ArmVmp : Match on catch block at 0xc3 in for 0xa1
02-13 19:52:27.035 21427 21427 E ArmVmp : Match on catch block at 0xc3 in for 0xa5
02-13 19:52:27.039 21427 21427 E ArmVmp : Match on catch block at 0xc3 in for 0xa9
02-13 19:52:27.610 21427 21481 W libEGL : EGLNativeWindowType 0xb4000077931c32f0
disconnect failed
02-13 19:52:27.661 21427 21427 E ArmVmp : Match on catch block at 0xc3 in for 0xa9
02-13 19:52:27.666 21427 21427 E ArmVmp : Match on catch block at 0xc3 in for 0xa1
02-13 19:52:28.152 21427 21427 E ArmVmp : Match on catch block at 0xc3 in for 0xa9
02-13 19:52:28.156 21427 21427 E ArmVmp : Match on catch block at 0xc3 in for 0xa1
02-13 19:52:28.254 21427 21427 E ArmVmp : Match on catch block at 0xc3 in for 0xa9
02-13 19:52:28.258 21427 21427 E ArmVmp : Match on catch block at 0xc3 in for 0xa1
02-13 19:52:28.277 21427 21427 E ArmVmp : Match on catch block at 0x0a in for 0xa5
02-13 19:52:28.281 21427 21427 E ArmVmp : Match on catch block at 0x0a in for 0xa5
02-13 19:52:28.284 21427 21427 E ArmVmp : Match on catch block at 0x0a in for 0xa5
02-13 19:52:28.289 21427 21427 E ArmVmp : Match on catch block at 0x0a in for 0xa5
02-13 19:52:28.498 21427 21427 E ArmVmp : Match on catch block at 0xc3 in for 0xa9
02-13 19:52:28.504 21427 21427 E ArmVmp : Match on catch block at 0xc3 in for 0xa1
02-13 19:52:28.510 21427 21427 E ArmVmp : Match on catch block at 0xc3 in for 0xa9
02-13 19:52:28.515 21427 21427 E ArmVmp : Match on catch block at 0xc3 in for 0xa1
02-13 19:52:28.525 21427 21427 E ArmVmp : Match on catch block at 0xc3 in for 0xa9
02-13 19:52:28.529 21427 21427 E ArmVmp : Match on catch block at 0xc3 in for 0xa1
02-13 19:52:28.536 21427 21427 E ArmVmp : Match on catch block at 0xc3 in for 0xa9
02-13 19:52:28.540 21427 21427 E ArmVmp : Match on catch block at 0xc3 in for 0xa1
02-13 19:52:28.550 21427 21427 E ArmVmp : Match on catch block at 0xc3 in for 0xa9
02-13 19:52:28.556 21427 21427 E ArmVmp : Match on catch block at 0xc3 in for 0xa1
02-13 19:52:28.565 21427 21427 E ArmVmp : Match on catch block at 0xc3 in for 0xa9
02-13 19:52:28.571 21427 21427 E ArmVmp : Match on catch block at 0xc3 in for 0xa1
02-13 19:52:28.577 21427 21427 E ArmVmp : Match on catch block at 0xc3 in for 0xa9
02-13 19:52:28.583 21427 21427 E ArmVmp : Match on catch block at 0xc3 in for 0xa1
02-13 19:52:28.589 21427 21427 E ArmVmp : Match on catch block at 0xc3 in for 0xa9
02-13 19:52:28.592 21427 21427 E ArmVmp : Match on catch block at 0xc3 in for 0xa1
02-13 19:52:28.601 21427 21427 E ArmVmp : Match on catch block at 0xc3 in for 0xa9
02-13 19:52:28.605 21427 21427 E ArmVmp : Match on catch block at 0xc3 in for 0xa1
02-13 19:52:28.610 21427 21427 E ArmVmp : Match on catch block at 0xc3 in for 0xa9
02-13 19:52:28.614 21427 21427 E ArmVmp : Match on catch block at 0xc3 in for 0xa1
02-13 19:52:28.621 21427 21427 E ArmVmp : Match on catch block at 0xc3 in for 0xa9
02-13 19:52:28.625 21427 21427 E ArmVmp : Match on catch block at 0xc3 in for 0xa1
02-13 19:52:28.633 21427 21427 E ArmVmp : Match on catch block at 0xc3 in for 0xa9
02-13 19:52:28.637 21427 21427 E ArmVmp : Match on catch block at 0xc3 in for 0xa1
02-13 19:52:28.643 21427 21427 E ArmVmp : Match on catch block at 0xc3 in for 0xa9
02-13 19:52:28.647 21427 21427 E ArmVmp : Match on catch block at 0xc3 in for 0xa1
02-13 19:52:28.654 21427 21427 E ArmVmp : Match on catch block at 0xc3 in for 0xa9
02-13 19:52:28.657 21427 21427 E ArmVmp : Match on catch block at 0xc3 in for 0xa1
02-13 19:52:28.665 21427 21427 E ArmVmp : Match on catch block at 0xc3 in for 0xa9
02-13 19:52:28.669 21427 21427 E ArmVmp : Match on catch block at 0xc3 in for 0xa1
02-13 19:52:28.676 21427 21427 E ArmVmp : Match on catch block at 0xc3 in for 0xa9
02-13 19:52:28.682 21427 21427 E ArmVmp : Match on catch block at 0xc3 in for 0xa1
02-13 19:52:28.687 21427 21427 E ArmVmp : Match on catch block at 0xc3 in for 0xa9
02-13 19:52:28.690 21427 21427 E ArmVmp : Match on catch block at 0xc3 in for 0xa1
02-13 19:52:28.698 21427 21427 E ArmVmp : Match on catch block at 0xc3 in for 0xa9
02-13 19:52:28.702 21427 21427 E ArmVmp : Match on catch block at 0xc3 in for 0xa1
02-13 19:52:28.711 21427 21427 E ArmVmp : Match on catch block at 0xc3 in for 0xa9
02-13 19:52:28.716 21427 21427 E ArmVmp : Match on catch block at 0xc3 in for 0xa1
02-13 19:52:28.721 21427 21427 E ArmVmp : Match on catch block at 0xc3 in for 0xa9
02-13 19:52:28.725 21427 21427 E ArmVmp : Match on catch block at 0xc3 in for 0xa1
02-13 19:52:28.734 21427 21427 E ArmVmp : Match on catch block at 0xc3 in for 0xa9
02-13 19:52:28.739 21427 21427 E ArmVmp : Match on catch block at 0xc3 in for 0xa1
02-13 19:52:28.747 21427 21427 E ArmVmp : Match on catch block at 0xc3 in for 0xa9
02-13 19:52:28.751 21427 21427 E ArmVmp : Match on catch block at 0xc3 in for 0xa1
02-13 19:52:28.815 21427 21427 E Dialog : show dialog
view=DecorView@f1128fb[Conversation]
02-13 19:52:28.822 21427 21427 E ArmVmp : Match on catch block at 0xc3 in for 0xa5
02-13 19:52:28.832 21427 21427 E ArmVmp : Match on catch block at 0xc3 in for 0xa9
02-13 19:52:28.860 21427 21427 E ArmVmp : Match on catch block at 0xc3 in for 0xb5
02-13 19:52:28.917 21427 21427 E ArmVmp : Match on catch block at 0xc3 in for 0xa5
02-13 19:52:28.920 21427 21427 E ArmVmp : Match on catch block at 0xc3 in for 0xa9
02-13 19:52:28.939 21427 21427 E ArmVmp : Match on catch block at 0xc3 in for 0xa1
02-13 19:52:28.949 21427 21427 E ArmVmp : Match on catch block at 0xc3 in for 0xa1
02-13 19:52:28.955 21427 21427 E ArmVmp : Match on catch block at 0xc3 in for 0xa5
02-13 19:52:28.969 21427 21427 E ArmVmp : Match on catch block at 0xc3 in for 0xa9
02-13 19:52:29.175 21427 21481 W libEGL : EGLNativeWindowType 0xb4000077931da9a0
disconnect failed
02-13 19:52:29.209 21427 21427 E ArmVmp : Match on catch block at 0xc3 in for 0xa1
02-13 19:52:29.214 21427 21427 E ArmVmp : Match on catch block at 0xc3 in for 0xa5
02-13 19:52:29.236 21427 21427 E ArmVmp : Match on catch block at 0xc3 in for 0xa9
02-13 19:52:29.260 21427 21427 E ArmVmp : Match on catch block at 0xc3 in for 0xa5
02-13 19:52:29.264 21427 21427 E ArmVmp : Match on catch block at 0xc3 in for 0xa9
02-13 19:52:29.289 21427 21427 E ArmVmp : Match on catch block at 0xc3 in for 0xa9
02-13 19:52:29.295 21427 21427 E ArmVmp : Match on catch block at 0xc3 in for 0xa1
02-13 19:52:29.620 21427 21474 E SQLiteDatabase: Error inserting transferred=0
media_job_uuid=a06ae66a-e1c8-4e24-a7dc-f3cae393b4ab transcoded=1 gif_attribution=0
first_scan_length=0 direct_path=null thumbnail_height_width_ratio=1.0
is_animated_sticker=0 file_hash=eVB5zx/q2a02IyilrFP/xcHQTxsSp88dphMfcqUblIM=
file_path=/data/user/0/com.whatsapp/files/Stickers/eVB5zx-q2a02IyilrFP-
xcHQTxsSp88dphMfcqUblIM=.webp file_size=60882 partial_media_hash=null face_x=0
face_y=0 height=64 trim_to=0 media_key_timestamp=0 message_url=null
media_caption=null trim_from=0 mime_type=image/webp partial_media_enc_hash=null
width=64 original_file_hash=null has_streaming_sidecar=0
autotransfer_retry_enabled=1 media_upload_handle=null message_row_id=1260
multicast_id=null enc_file_hash=null mute_video=0 page_count=0
first_scan_sidecar=null suspicious_content=0 file_length=60882 media_name=eVB5zx-
q2a02IyilrFP-xcHQTxsSp88dphMfcqUblIM=.webp media_duration=0 chat_row_id=27
media_key=null
02-13 19:52:29.620 21427 21474 E SQLiteDatabase:
android.database.sqlite.SQLiteConstraintException: UNIQUE constraint failed:
message_media.message_row_id (code 1555 SQLITE_CONSTRAINT_PRIMARYKEY)
02-13 19:52:29.620 21427 21474 E SQLiteDatabase: at
android.database.sqlite.SQLiteConnection.nativeExecuteForLastInsertedRowId(Native
Method)
02-13 19:52:29.620 21427 21474 E SQLiteDatabase: at
android.database.sqlite.SQLiteConnection.executeForLastInsertedRowId(SQLiteConnecti
on.java:938)
02-13 19:52:29.620 21427 21474 E SQLiteDatabase: at
android.database.sqlite.SQLiteSession.executeForLastInsertedRowId(SQLiteSession.jav
a:790)
02-13 19:52:29.620 21427 21474 E SQLiteDatabase: at
android.database.sqlite.SQLiteStatement.executeInsert(SQLiteStatement.java:88)
02-13 19:52:29.620 21427 21474 E SQLiteDatabase: at
android.database.sqlite.SQLiteDatabase.insertWithOnConflict(SQLiteDatabase.java:170
1)
02-13 19:52:29.620 21427 21474 E SQLiteDatabase: at
android.database.sqlite.SQLiteDatabase.insert(SQLiteDatabase.java:1570)
02-13 19:52:29.620 21427 21474 E SQLiteDatabase: at X.2tm.A08(Unknown
Source:6)
02-13 19:52:29.620 21427 21474 E SQLiteDatabase: at X.35Y.A07(Unknown
Source:212)
02-13 19:52:29.620 21427 21474 E SQLiteDatabase: at X.3QF.A14(Unknown
Source:470)
02-13 19:52:29.620 21427 21474 E SQLiteDatabase: at X.3gU.run(Unknown
Source:982)
02-13 19:52:29.620 21427 21474 E SQLiteDatabase: at
android.os.Handler.handleCallback(Handler.java:938)
02-13 19:52:29.620 21427 21474 E SQLiteDatabase: at
android.os.Handler.dispatchMessage(Handler.java:99)
02-13 19:52:29.620 21427 21474 E SQLiteDatabase: at
X.0zq.dispatchMessage(Unknown Source:4)
02-13 19:52:29.620 21427 21474 E SQLiteDatabase: at
android.os.Looper.loop(Looper.java:223)
02-13 19:52:29.620 21427 21474 E SQLiteDatabase: at
android.os.HandlerThread.run(HandlerThread.java:67)
02-13 19:52:29.634 21427 21427 E ArmVmp : Match on catch block at 0xc3 in for 0xa9
02-13 19:52:29.638 21427 21427 E ArmVmp : Match on catch block at 0xc3 in for 0xa1
02-13 19:52:29.659 21427 21427 E ArmVmp : Match on catch block at 0xc3 in for 0xa9
02-13 19:52:29.664 21427 21427 E ArmVmp : Match on catch block at 0xc3 in for 0xa1
02-13 19:52:29.686 21427 21481 W libEGL : EGLNativeWindowType 0xb40000779319cdd0
disconnect failed
02-13 19:52:29.722 21427 21427 E ArmVmp : Match on catch block at 0xc3 in for 0xa9
02-13 19:52:29.726 21427 21427 E ArmVmp : Match on catch block at 0xc3 in for 0xa1
02-13 19:52:29.750 21427 21427 E ArmVmp : Match on catch block at 0xc3 in for 0xa5
02-13 19:52:29.754 21427 21427 E ArmVmp : Match on catch block at 0xc3 in for 0xa9
02-13 19:52:29.767 21427 21427 E ArmVmp : Match on catch block at 0xc3 in for 0xa1
02-13 19:52:29.771 21427 21427 E ArmVmp : Match on catch block at 0xc3 in for 0xa5
02-13 19:52:29.777 21427 21427 E ArmVmp : Match on catch block at 0xc3 in for 0xa9
02-13 19:52:29.785 21427 21427 E ArmVmp : Match on catch block at 0xc3 in for 0xa1
02-13 19:52:29.799 21427 21427 E ArmVmp : Match on catch block at 0xc3 in for 0xa9
02-13 19:52:29.804 21427 21427 E ArmVmp : Match on catch block at 0xc3 in for 0xa1
02-13 19:52:29.812 21427 21427 E ArmVmp : Match on catch block at 0xc3 in for 0xa5
02-13 19:52:29.817 21427 21427 E ArmVmp : Match on catch block at 0xc3 in for 0xa9
02-13 19:52:29.823 21427 21427 E ArmVmp : Match on catch block at 0xc3 in for 0xa1
02-13 19:52:29.827 21427 21427 E ArmVmp : Match on catch block at 0xc3 in for 0xa5
02-13 19:52:29.835 21427 21427 E ArmVmp : Match on catch block at 0xc3 in for 0xa9
02-13 19:52:29.838 21427 21427 E ArmVmp : Match on catch block at 0xc3 in for 0xa1
02-13 19:52:29.864 21427 21427 E ArmVmp : Match on catch block at 0xc3 in for 0xa9
02-13 19:52:29.870 21427 21427 E ArmVmp : Match on catch block at 0xc3 in for 0xa1
02-13 19:52:29.877 21427 21427 E ArmVmp : Match on catch block at 0xc3 in for 0xa5
02-13 19:52:29.885 21427 21427 E ArmVmp : Match on catch block at 0xc3 in for 0xa9
02-13 19:52:29.911 21427 21427 E ArmVmp : Match on catch block at 0xc3 in for 0xa9
02-13 19:52:29.918 21427 21427 E ArmVmp : Match on catch block at 0xc3 in for 0xa1
02-13 19:52:29.928 21427 21427 E ArmVmp : Match on catch block at 0xc3 in for 0xa5
02-13 19:52:29.936 21427 21427 E ArmVmp : Match on catch block at 0xc3 in for 0xa9
02-13 19:52:29.950 21427 21427 E ArmVmp : Match on catch block at 0xc3 in for 0xa5
02-13 19:52:29.954 21427 21427 E ArmVmp : Match on catch block at 0xc3 in for 0xa9
02-13 19:52:29.970 21427 21427 E ArmVmp : Match on catch block at 0xc3 in for 0xa9
02-13 19:52:29.973 21427 21427 E ArmVmp : Match on catch block at 0xc3 in for 0xa1
02-13 19:52:29.982 21427 21427 E ArmVmp : Match on catch block at 0xc3 in for 0xa5
02-13 19:52:29.986 21427 21427 E ArmVmp : Match on catch block at 0xc3 in for 0xa9
02-13 19:52:29.990 21427 21427 E ArmVmp : Match on catch block at 0xc3 in for 0xa1
02-13 19:52:29.994 21427 21427 E ArmVmp : Match on catch block at 0xc3 in for 0xa5
02-13 19:52:30.004 21427 21427 E ArmVmp : Match on catch block at 0xc3 in for 0xa9
02-13 19:52:30.009 21427 21427 E ArmVmp : Match on catch block at 0xc3 in for 0xa1
02-13 19:52:30.015 21427 21427 E ArmVmp : Match on catch block at 0xc3 in for 0xa5
02-13 19:52:30.019 21427 21427 E ArmVmp : Match on catch block at 0xc3 in for 0xa9
02-13 19:52:30.029 21427 21427 E ArmVmp : Match on catch block at 0xc3 in for 0xa1
02-13 19:52:30.035 21427 21427 E ArmVmp : Match on catch block at 0xc3 in for 0xa5
02-13 19:52:30.075 21427 21427 E ArmVmp : Match on catch block at 0xc3 in for 0xa9
02-13 19:52:30.079 21427 21427 E ArmVmp : Match on catch block at 0xc3 in for 0xa1
02-13 19:52:30.089 21427 21427 E ArmVmp : Match on catch block at 0xc3 in for 0xa1
02-13 19:52:30.093 21427 21427 E ArmVmp : Match on catch block at 0xc3 in for 0xa5
02-13 19:52:30.102 21427 21427 E ArmVmp : Match on catch block at 0xc3 in for 0xa5
02-13 19:52:30.105 21427 21427 E ArmVmp : Match on catch block at 0xc3 in for 0xa9
02-13 19:52:30.122 21427 21474 E SQLiteDatabase: Error inserting transferred=1
media_job_uuid=a06ae66a-e1c8-4e24-a7dc-f3cae393b4ab transcoded=1 gif_attribution=0
first_scan_length=0 direct_path=/v/t62.15575-
24/21315208_785595006748259_1141941872070169930_n.enc?ccb=11-
4&oh=01_AdS9MHAScLQ1wPx2q4PmgdJvQbGgTyXWwoCSOdRdRAwSKA&oe=65F38320&_nc_sid=5e03e0
thumbnail_height_width_ratio=1.0 is_animated_sticker=0
file_hash=eVB5zx/q2a02IyilrFP/xcHQTxsSp88dphMfcqUblIM= file_path=Media/WhatsApp
Stickers/STK-20240211-WA0020.webp file_size=60882 partial_media_hash=null face_x=0
face_y=0 height=64 trim_to=0 media_key_timestamp=1707829244000
message_url=https://mmg.whatsapp.net/v/t62.15575-
24/21315208_785595006748259_1141941872070169930_n.enc?ccb=11-
4&oh=01_AdS9MHAScLQ1wPx2q4PmgdJvQbGgTyXWwoCSOdRdRAwSKA&oe=65F38320&_nc_sid=5e03e0&m
ms3=true media_caption=null trim_from=0 mime_type=image/webp
partial_media_enc_hash=null width=64 original_file_hash=null
has_streaming_sidecar=0 autotransfer_retry_enabled=0 media_upload_handle=null
message_row_id=1260 multicast_id=null
enc_file_hash=Ut48SNMPkJEbLDgsG9OkgBPSZDyrjvKklVN/TDnXUaY= mute_video=0
page_count=0 first_scan_sidecar=null suspicious_content=0 file_length=60882
media_name=eVB5zx-q2a02IyilrFP-xcHQTxsSp88dphMfcqUblIM=.webp media_duration=0
chat_row_id=27 media_key=[B@c3ce586
02-13 19:52:30.122 21427 21474 E SQLiteDatabase:
android.database.sqlite.SQLiteConstraintException: UNIQUE constraint failed:
message_media.message_row_id (code 1555 SQLITE_CONSTRAINT_PRIMARYKEY)
02-13 19:52:30.122 21427 21474 E SQLiteDatabase: at
android.database.sqlite.SQLiteConnection.nativeExecuteForLastInsertedRowId(Native
Method)
02-13 19:52:30.122 21427 21474 E SQLiteDatabase: at
android.database.sqlite.SQLiteConnection.executeForLastInsertedRowId(SQLiteConnecti
on.java:938)
02-13 19:52:30.122 21427 21474 E SQLiteDatabase: at
android.database.sqlite.SQLiteSession.executeForLastInsertedRowId(SQLiteSession.jav
a:790)
02-13 19:52:30.122 21427 21474 E SQLiteDatabase: at
android.database.sqlite.SQLiteStatement.executeInsert(SQLiteStatement.java:88)
02-13 19:52:30.122 21427 21474 E SQLiteDatabase: at
android.database.sqlite.SQLiteDatabase.insertWithOnConflict(SQLiteDatabase.java:170
1)
02-13 19:52:30.122 21427 21474 E SQLiteDatabase: at
android.database.sqlite.SQLiteDatabase.insert(SQLiteDatabase.java:1570)
02-13 19:52:30.122 21427 21474 E SQLiteDatabase: at X.2tm.A08(Unknown
Source:6)
02-13 19:52:30.122 21427 21474 E SQLiteDatabase: at X.35Y.A07(Unknown
Source:212)
02-13 19:52:30.122 21427 21474 E SQLiteDatabase: at X.3QF.A14(Unknown
Source:470)
02-13 19:52:30.122 21427 21474 E SQLiteDatabase: at X.3gU.run(Unknown
Source:982)
02-13 19:52:30.122 21427 21474 E SQLiteDatabase: at
android.os.Handler.handleCallback(Handler.java:938)
02-13 19:52:30.122 21427 21474 E SQLiteDatabase: at
android.os.Handler.dispatchMessage(Handler.java:99)
02-13 19:52:30.122 21427 21474 E SQLiteDatabase: at
X.0zq.dispatchMessage(Unknown Source:4)
02-13 19:52:30.122 21427 21474 E SQLiteDatabase: at
android.os.Looper.loop(Looper.java:223)
02-13 19:52:30.122 21427 21474 E SQLiteDatabase: at
android.os.HandlerThread.run(HandlerThread.java:67)
02-13 19:52:30.188 21427 21427 E ArmVmp : Match on catch block at 0xc3 in for 0xa1
02-13 19:52:30.194 21427 21427 E ArmVmp : Match on catch block at 0xc3 in for 0xa5
02-13 19:52:30.239 21427 21427 E ArmVmp : Match on catch block at 0xc3 in for 0xa5
02-13 19:52:30.243 21427 21427 E ArmVmp : Match on catch block at 0xc3 in for 0xa9
02-13 19:52:30.289 21427 21427 E ArmVmp : Match on catch block at 0xc3 in for 0xa9
02-13 19:52:30.292 21427 21427 E ArmVmp : Match on catch block at 0xc3 in for 0xa1
02-13 19:52:30.621 21427 21427 E ArmVmp : Match on catch block at 0xc3 in for 0xa9
02-13 19:52:30.626 21427 21427 E ArmVmp : Match on catch block at 0xc3 in for 0xa1
02-13 19:52:30.728 21427 21427 E ArmVmp : Match on catch block at 0xc3 in for 0xa5
