02-14 16:30:36.696 3692 3692 W com.whatsapp: Accessing hidden method
Lcom/android/org/conscrypt/OpenSSLSocketImpl;->setUseSessionTickets(Z)V (greylist-
max-q,test-api, reflection, denied)
02-14 16:30:36.696 3692 3692 W com.whatsapp: Accessing hidden method
Lcom/android/org/conscrypt/AbstractConscryptSocket;->setUseSessionTickets(Z)V
(greylist-max-q, reflection, denied)
02-14 16:30:36.767 3692 3692 W com.whatsapp: type=1400 audit(0.0:728): avc:
granted { execute } for
path="/data/data/com.whatsapp/files/decompressed/libs.spk.zst/libc++_shared.so"
dev="dm-12" ino=131813 scontext=u:r:untrusted_app:s0:c246,c256,c512,c768
tcontext=u:object_r:app_data_file:s0:c246,c256,c512,c768 tclass=file
app=com.whatsapp
02-14 16:30:36.770 3692 3692 W linker : Warning:
"/data/data/com.whatsapp/files/decompressed/libs.spk.zst/libc++_shared.so" unused
DT entry: unknown processor-specific (type 0x70000001 arg 0x0) (ignoring)
02-14 16:30:36.775 3692 3692 W com.whatsapp: type=1400 audit(0.0:729): avc:
granted { execute } for
path="/data/data/com.whatsapp/files/decompressed/libs.spk.zst/libvlc.so" dev="dm-
12" ino=146247 scontext=u:r:untrusted_app:s0:c246,c256,c512,c768
tcontext=u:object_r:app_data_file:s0:c246,c256,c512,c768 tclass=file
app=com.whatsapp
02-14 16:30:36.783 3692 3692 W com.whatsapp: type=1400 audit(0.0:730): avc:
granted { execute } for
path="/data/data/com.whatsapp/files/decompressed/libs.spk.zst/libwhatsapp.so"
dev="dm-12" ino=146426 scontext=u:r:untrusted_app:s0:c246,c256,c512,c768
tcontext=u:object_r:app_data_file:s0:c246,c256,c512,c768 tclass=file
app=com.whatsapp
02-14 16:30:36.895 3692 3692 W com.whatsapp: type=1400 audit(0.0:731): avc:
granted { execute } for
path="/data/data/com.whatsapp/files/decompressed/libs.spk.zst/libcurve25519.so"
dev="dm-12" ino=146305 scontext=u:r:untrusted_app:s0:c246,c256,c512,c768
tcontext=u:object_r:app_data_file:s0:c246,c256,c512,c768 tclass=file
app=com.whatsapp
02-14 16:30:36.915 3692 3692 W com.whatsapp: type=1400 audit(0.0:732): avc:
granted { execute } for
path="/data/data/com.whatsapp/files/decompressed/libs.spk.zst/libwhatsapp.so"
dev="dm-12" ino=146426 scontext=u:r:untrusted_app:s0:c246,c256,c512,c768
tcontext=u:object_r:app_data_file:s0:c246,c256,c512,c768 tclass=file
app=com.whatsapp
02-14 16:30:36.915 3692 3692 W com.whatsapp: type=1400 audit(0.0:733): avc:
granted { execute } for
path="/data/data/com.whatsapp/files/decompressed/libs.spk.zst/libwhatsapp.so"
dev="dm-12" ino=146426 scontext=u:r:untrusted_app:s0:c246,c256,c512,c768
tcontext=u:object_r:app_data_file:s0:c246,c256,c512,c768 tclass=file
app=com.whatsapp
02-14 16:30:37.110 3692 3692 W CheckTime: App running slow: Executing
handleBindApplication : callApplicationOnCreate took 868ms
02-14 16:30:37.142 3692 3956 W com.whatsapp: Class X.2rL failed lock verification
and will run slower.
02-14 16:30:37.142 3692 3956 W com.whatsapp: Common causes for lock verification
issues are non-optimized dex code
02-14 16:30:37.142 3692 3956 W com.whatsapp: and incorrect proguard
optimizations.
02-14 16:30:37.154 3692 3692 W com.whatsapp: Class X.0eU failed lock verification
and will run slower.
02-14 16:30:37.485 3692 3692 W com.whatsapp: Class com.whatsapp.HomeActivity
failed lock verification and will run slower.
02-14 16:30:37.509 4062 4062 E com.whatsapp: Not starting debugger since process
cannot load the jdwp agent.
02-14 16:30:37.933 3692 3692 E ArmVmp : Match on catch block at 0x0a in for 0xc1
02-14 16:30:37.964 3692 3692 E ArmVmp : Match on catch block at 0x0a in for
0x139
02-14 16:30:38.026 3692 4156 W com.whatsapp: Accessing hidden method
Lcom/android/org/conscrypt/ConscryptEngineSocket;->setUseSessionTickets(Z)V
(greylist-max-q,test-api, reflection, denied)
02-14 16:30:38.026 3692 4156 W com.whatsapp: Accessing hidden method
Lcom/android/org/conscrypt/OpenSSLSocketImpl;->setUseSessionTickets(Z)V (greylist-
max-q,test-api, reflection, denied)
02-14 16:30:38.026 3692 4156 W com.whatsapp: Accessing hidden method
Lcom/android/org/conscrypt/AbstractConscryptSocket;->setUseSessionTickets(Z)V
(greylist-max-q, reflection, denied)
02-14 16:30:38.027 3692 4156 W com.whatsapp: Accessing hidden method
Lcom/android/org/conscrypt/ConscryptEngineSocket;->setHostname(Ljava/lang/String;)V
(greylist-max-q,test-api, reflection, denied)
02-14 16:30:38.027 3692 4156 W com.whatsapp: Accessing hidden method
Lcom/android/org/conscrypt/OpenSSLSocketImpl;->setHostname(Ljava/lang/String;)V
(greylist-max-q,test-api, reflection, denied)
02-14 16:30:38.027 3692 4156 W com.whatsapp: Accessing hidden method
Lcom/android/org/conscrypt/AbstractConscryptSocket;->setHostname(Ljava/lang/
String;)V (greylist-max-q, reflection, denied)
02-14 16:30:38.029 3692 4156 W com.whatsapp: Accessing hidden method
Lcom/android/org/conscrypt/OpenSSLSocketImpl;->setAlpnProtocols([B)V (greylist-max-
q,test-api, reflection, denied)
02-14 16:30:38.029 3692 4156 W com.whatsapp: Accessing hidden method
Lcom/android/org/conscrypt/AbstractConscryptSocket;->setAlpnProtocols([B)V
(greylist-max-q, reflection, denied)
02-14 16:30:38.158 3692 4156 W com.whatsapp: Accessing hidden method
Lcom/android/org/conscrypt/OpenSSLSocketImpl;->getAlpnSelectedProtocol()[B
(greylist-max-q,test-api, reflection, denied)
02-14 16:30:38.158 3692 4156 W com.whatsapp: Accessing hidden method
Lcom/android/org/conscrypt/AbstractConscryptSocket;->getAlpnSelectedProtocol()[B
(greylist-max-q, reflection, denied)
--------- beginning of system
02-14 16:30:39.675 3692 3692 E RecyclerView: No adapter attached; skipping layout
02-14 16:30:39.706 3692 3692 E OpenGLRenderer: ~SkiaDisplayList() ##### pid =
3692
02-14 16:30:39.723 3692 4058 E libc : Access denied finding property
"persist.vendor.sf.fbc"
02-14 16:30:39.723 3692 4058 E libc : Access denied finding property
"persist.vendor.gpu.fbc"
02-14 16:30:39.723 3692 4058 E libc : Access denied finding property
"persist.vendor.vsp.fbc"
02-14 16:30:39.859 3692 3692 E RecyclerView: No adapter attached; skipping layout
02-14 16:30:39.977 3692 3692 E ArmVmp : Match on catch block at 0x0a in for 0xd1
02-14 16:30:40.048 3692 4058 W libEGL : EGLNativeWindowType 0xb40000792fc50af0
disconnect failed
02-14 16:30:40.278 3692 3764 W LibraryVersion: Failed to get app version for
libraryName: firebase-iid
02-14 16:30:40.561 3692 4481 W LOTTIE : Animation contains merge paths. Merge
paths are only supported on KitKat+ and must be manually enabled by calling
enableMergePathsForKitKatAndAbove().
02-14 16:30:40.969 3692 3692 W LOTTIE : Animation contains merge paths but they
are disabled.
02-14 16:30:41.679 3692 3692 W pool-7-thread-1: type=1400 audit(0.0:736): avc:
granted { execute } for
path="/data/data/com.whatsapp/files/decompressed/libs.spk.zst/libgifimage.so"
dev="dm-12" ino=131715 scontext=u:r:untrusted_app:s0:c246,c256,c512,c768
tcontext=u:object_r:app_data_file:s0:c246,c256,c512,c768 tclass=file
app=com.whatsapp
02-14 16:30:42.456 3692 4718 E RenderScript: Failed loading RS driver: dlopen
failed: library "libRSDriverArm.so" not found
02-14 16:30:42.456 3692 4718 E RenderScript: Failed to load runtime
libRSDriverArm.so, loading default
02-14 16:30:42.854 3692 3692 W CheckTime: App running slow: Executing activity
onCreate took 809ms
02-14 16:30:42.965 3692 3692 E ArmVmp : Match on catch block at 0x0a in for 0xc9
02-14 16:30:42.971 3692 3692 E ArmVmp : Match on catch block at 0x0a in for 0xc1
02-14 16:30:43.367 3692 3692 W StickerImageFil: type=1400 audit(0.0:738): avc:
granted { execute } for
path="/data/data/com.whatsapp/files/decompressed/libs.spk.zst/libstatic-webp.so"
dev="dm-12" ino=131940 scontext=u:r:untrusted_app:s0:c246,c256,c512,c768
tcontext=u:object_r:app_data_file:s0:c246,c256,c512,c768 tclass=file
app=com.whatsapp
02-14 16:30:43.471 3692 3692 E ArmVmp : Match on catch block at 0xc3 in for 0xb5
02-14 16:30:43.479 3692 3692 E ArmVmp : Match on catch block at 0xc3 in for 0xb1
02-14 16:30:43.486 3692 3692 E ArmVmp : Match on catch block at 0xc3 in for 0xb1
02-14 16:30:43.655 3692 3692 E ArmVmp : Match on catch block at 0xc3 in for 0xa1
02-14 16:30:43.658 3692 3692 E ArmVmp : Match on catch block at 0xc3 in for 0xa9
02-14 16:30:43.661 3692 3692 E ArmVmp : Match on catch block at 0xc3 in for 0xa9
02-14 16:30:43.729 3692 3940 E SQLiteDatabase: Error inserting transferred=1
media_job_uuid=14d17ffd-2e84-44ac-93fe-8918e2847d29 transcoded=0 gif_attribution=0
first_scan_length=16197 direct_path=/v/t62.7118-
24/13749157_1731082817419458_8209081980742649888_n.enc?ccb=11-
4&oh=01_AdQviWKB5qXmPzlNNBfzUv-SjUIBboQVAKz2rDtZ6KGvvQ&oe=65F4B79F&_nc_sid=5e03e0
thumbnail_height_width_ratio=1.8 is_animated_sticker=0
file_hash=Y0t9JBD1Toy1O4gDfkLIvv+A3gEN6iAFq1ZEFmt4v/8= file_path=Media/WhatsApp
Images/IMG-20240214-WA0014.jpg file_size=165641
partial_media_hash=tpGyU/oGKIJwUoEsAL7LrwtTfTpgEurZPgTrXPvOQFc= face_x=0 face_y=0
height=1600 trim_to=0 media_key_timestamp=1707949711000
message_url=https://mmg.whatsapp.net/v/t62.7118-
24/13749157_1731082817419458_8209081980742649888_n.enc?ccb=11-
4&oh=01_AdQviWKB5qXmPzlNNBfzUv-
SjUIBboQVAKz2rDtZ6KGvvQ&oe=65F4B79F&_nc_sid=5e03e0&mms3=true media_caption=null
trim_from=0 mime_type=image/jpeg partial_media_enc_hash=null width=900
original_file_hash=null has_streaming_sidecar=1 autotransfer_retry_enabled=1
media_upload_handle=null message_row_id=1870 multicast_id=null
enc_file_hash=rLA4rKMGbUGCScUQZX9XqduO11dmj28A3KRM25+zbtk= mute_video=0
page_count=0 first_scan_sidecar=[B@d5bef3f suspicious_content=0 file_length=165641
media_name=null media_duration=0 chat_row_id=27 media_key=[B@cc4400c
02-14 16:30:43.729 3692 3940 E SQLiteDatabase:
android.database.sqlite.SQLiteConstraintException: UNIQUE constraint failed:
message_media.message_row_id (code 1555 SQLITE_CONSTRAINT_PRIMARYKEY)
02-14 16:30:43.729 3692 3940 E SQLiteDatabase: at
android.database.sqlite.SQLiteConnection.nativeExecuteForLastInsertedRowId(Native
Method)
02-14 16:30:43.729 3692 3940 E SQLiteDatabase: at
android.database.sqlite.SQLiteConnection.executeForLastInsertedRowId(SQLiteConnecti
on.java:938)
02-14 16:30:43.729 3692 3940 E SQLiteDatabase: at
android.database.sqlite.SQLiteSession.executeForLastInsertedRowId(SQLiteSession.jav
a:790)
02-14 16:30:43.729 3692 3940 E SQLiteDatabase: at
android.database.sqlite.SQLiteStatement.executeInsert(SQLiteStatement.java:88)
02-14 16:30:43.729 3692 3940 E SQLiteDatabase: at
android.database.sqlite.SQLiteDatabase.insertWithOnConflict(SQLiteDatabase.java:170
1)
02-14 16:30:43.729 3692 3940 E SQLiteDatabase: at
android.database.sqlite.SQLiteDatabase.insert(SQLiteDatabase.java:1570)
02-14 16:30:43.729 3692 3940 E SQLiteDatabase: at X.2tm.A08(Unknown
Source:6)
02-14 16:30:43.729 3692 3940 E SQLiteDatabase: at X.35Y.A07(Unknown
Source:212)
02-14 16:30:43.729 3692 3940 E SQLiteDatabase: at X.3QF.A14(Unknown
Source:470)
02-14 16:30:43.729 3692 3940 E SQLiteDatabase: at X.3gU.run(Unknown
Source:982)
02-14 16:30:43.729 3692 3940 E SQLiteDatabase: at
android.os.Handler.handleCallback(Handler.java:938)
02-14 16:30:43.729 3692 3940 E SQLiteDatabase: at
android.os.Handler.dispatchMessage(Handler.java:99)
02-14 16:30:43.729 3692 3940 E SQLiteDatabase: at
X.0zq.dispatchMessage(Unknown Source:4)
02-14 16:30:43.729 3692 3940 E SQLiteDatabase: at
android.os.Looper.loop(Looper.java:223)
02-14 16:30:43.729 3692 3940 E SQLiteDatabase: at
android.os.HandlerThread.run(HandlerThread.java:67)
02-14 16:30:43.746 3692 3692 E ArmVmp : Match on catch block at 0xc3 in for 0xa9
02-14 16:30:43.752 3692 3692 E ArmVmp : Match on catch block at 0xc3 in for 0xa1
02-14 16:30:43.754 3692 3692 E ArmVmp : Match on catch block at 0xc3 in for 0xa1
02-14 16:30:43.813 3692 3692 E ArmVmp : Match on catch block at 0xc3 in for 0xa1
02-14 16:30:43.817 3692 3692 E ArmVmp : Match on catch block at 0xc3 in for 0xa5
02-14 16:30:43.820 3692 3692 E ArmVmp : Match on catch block at 0xc3 in for 0xa5
02-14 16:30:43.882 3692 3692 E ArmVmp : Match on catch block at 0xc3 in for 0xa1
02-14 16:30:43.888 3692 3692 E ArmVmp : Match on catch block at 0xc3 in for 0xa5
02-14 16:30:43.891 3692 3692 E ArmVmp : Match on catch block at 0xc3 in for 0xa5
02-14 16:30:44.568 3692 3692 E ArmVmp : Match on catch block at 0xc3 in for 0xa5
02-14 16:30:44.570 3692 3692 E ArmVmp : Match on catch block at 0xc3 in for 0xa9
02-14 16:30:44.572 3692 3692 E ArmVmp : Match on catch block at 0xc3 in for 0xa9
02-14 16:30:44.598 3692 3692 E ArmVmp : Match on catch block at 0xc3 in for 0xa5
02-14 16:30:44.604 3692 3692 E ArmVmp : Match on catch block at 0xc3 in for 0xa9
02-14 16:30:44.607 3692 3692 E ArmVmp : Match on catch block at 0xc3 in for 0xa9
02-14 16:30:44.673 3692 4058 W libEGL : EGLNativeWindowType 0xb40000792fc908d0
disconnect failed
02-14 16:30:44.681 3692 3692 E ArmVmp : Match on catch block at 0xc3 in for 0xa5
02-14 16:30:44.687 3692 3692 E ArmVmp : Match on catch block at 0xc3 in for 0xa9
02-14 16:30:44.693 3692 3692 E ArmVmp : Match on catch block at 0xc3 in for 0xa9
02-14 16:30:44.820 3692 3692 E ArmVmp : Match on catch block at 0xc3 in for 0xa9
02-14 16:30:44.830 3692 3692 E ArmVmp : Match on catch block at 0xc3 in for 0xa1
02-14 16:30:44.834 3692 3692 E ArmVmp : Match on catch block at 0xc3 in for 0xa1
02-14 16:30:44.842 3692 3692 E ArmVmp : Match on catch block at 0xc3 in for 0xa1
02-14 16:30:44.850 3692 3692 E ArmVmp : Match on catch block at 0xc3 in for 0xa5
02-14 16:30:44.853 3692 3692 E ArmVmp : Match on catch block at 0xc3 in for 0xa5
02-14 16:30:44.858 3692 3692 E ArmVmp : Match on catch block at 0xc3 in for 0xa9
02-14 16:30:44.865 3692 3692 E ArmVmp : Match on catch block at 0xc3 in for 0xa1
02-14 16:30:44.867 3692 3692 E ArmVmp : Match on catch block at 0xc3 in for 0xa1
02-14 16:30:44.872 3692 3692 E ArmVmp : Match on catch block at 0xc3 in for 0xa9
02-14 16:30:44.874 3692 3940 E SQLiteDatabase: Error inserting transferred=1
media_job_uuid=78193eb9-56aa-4d3b-811e-e66071ae65dc transcoded=0 gif_attribution=0
first_scan_length=12672 direct_path=/v/t62.7118-
24/35854190_900396138300614_8945506441856618579_n.enc?ccb=11-
4&oh=01_AdRXdhmx0DXNCHBBLihhVkfu7grR_Zl2EYdKuJ49x_e7Gg&oe=65F4971A&_nc_sid=5e03e0
thumbnail_height_width_ratio=1.8 is_animated_sticker=0
file_hash=x69YKMP/wl3XPP4wIRaSbquTXoRqq/1JZZXr7Gbb6ps= file_path=Media/WhatsApp
Images/IMG-20240214-WA0015.jpg file_size=118203
partial_media_hash=sKXtE7f5K11UTgrumXMiHpORPWS1CoGiPYWxygBPSNc= face_x=0 face_y=0
height=1600 trim_to=0 media_key_timestamp=1707949726000
message_url=https://mmg.whatsapp.net/v/t62.7118-
24/35854190_900396138300614_8945506441856618579_n.enc?ccb=11-
4&oh=01_AdRXdhmx0DXNCHBBLihhVkfu7grR_Zl2EYdKuJ49x_e7Gg&oe=65F4971A&_nc_sid=5e03e0&m
ms3=true media_caption=null trim_from=0 mime_type=image/jpeg
partial_media_enc_hash=null width=900 original_file_hash=null
has_streaming_sidecar=1 autotransfer_retry_enabled=1 media_upload_handle=null
message_row_id=1871 multicast_id=null
enc_file_hash=wZeN6NFLMllJe0qkBDpVeYkarQMFdMS34EiuMziSd2s= mute_video=0
page_count=0 first_scan_sidecar=[B@dd68c20 suspicious_content=0 file_length=118203
media_name=null media_duration=0 chat_row_id=27 media_key=[B@3cb99d9
02-14 16:30:44.874 3692 3940 E SQLiteDatabase:
android.database.sqlite.SQLiteConstraintException: UNIQUE constraint failed:
message_media.message_row_id (code 1555 SQLITE_CONSTRAINT_PRIMARYKEY)
02-14 16:30:44.874 3692 3940 E SQLiteDatabase: at
android.database.sqlite.SQLiteConnection.nativeExecuteForLastInsertedRowId(Native
Method)
02-14 16:30:44.874 3692 3940 E SQLiteDatabase: at
android.database.sqlite.SQLiteConnection.executeForLastInsertedRowId(SQLiteConnecti
on.java:938)
02-14 16:30:44.874 3692 3940 E SQLiteDatabase: at
android.database.sqlite.SQLiteSession.executeForLastInsertedRowId(SQLiteSession.jav
a:790)
02-14 16:30:44.874 3692 3940 E SQLiteDatabase: at
android.database.sqlite.SQLiteStatement.executeInsert(SQLiteStatement.java:88)
02-14 16:30:44.874 3692 3940 E SQLiteDatabase: at
android.database.sqlite.SQLiteDatabase.insertWithOnConflict(SQLiteDatabase.java:170
1)
02-14 16:30:44.874 3692 3940 E SQLiteDatabase: at
android.database.sqlite.SQLiteDatabase.insert(SQLiteDatabase.java:1570)
02-14 16:30:44.874 3692 3940 E SQLiteDatabase: at X.2tm.A08(Unknown
Source:6)
02-14 16:30:44.874 3692 3940 E SQLiteDatabase: at X.35Y.A07(Unknown
Source:212)
02-14 16:30:44.874 3692 3940 E SQLiteDatabase: at X.3QF.A14(Unknown
Source:470)
02-14 16:30:44.874 3692 3940 E SQLiteDatabase: at X.3gU.run(Unknown
Source:982)
02-14 16:30:44.874 3692 3940 E SQLiteDatabase: at
android.os.Handler.handleCallback(Handler.java:938)
02-14 16:30:44.874 3692 3940 E SQLiteDatabase: at
android.os.Handler.dispatchMessage(Handler.java:99)
02-14 16:30:44.874 3692 3940 E SQLiteDatabase: at
X.0zq.dispatchMessage(Unknown Source:4)
02-14 16:30:44.874 3692 3940 E SQLiteDatabase: at
android.os.Looper.loop(Looper.java:223)
02-14 16:30:44.874 3692 3940 E SQLiteDatabase: at
android.os.HandlerThread.run(HandlerThread.java:67)
02-14 16:30:44.876 3692 3692 E ArmVmp : Match on catch block at 0xc3 in for 0xa1
02-14 16:30:44.881 3692 3692 E ArmVmp : Match on catch block at 0xc3 in for 0xa1
02-14 16:30:44.898 3692 3692 E ArmVmp : Match on catch block at 0xc3 in for 0xa1
02-14 16:30:44.904 3692 3692 E ArmVmp : Match on catch block at 0xc3 in for 0xa5
02-14 16:30:44.909 3692 3692 E ArmVmp : Match on catch block at 0xc3 in for 0xa5
02-14 16:30:44.918 3692 3692 E ArmVmp : Match on catch block at 0xc3 in for 0xa5
02-14 16:30:44.923 3692 3692 E ArmVmp : Match on catch block at 0xc3 in for 0xa9
02-14 16:30:44.940 3692 3692 E ArmVmp : Match on catch block at 0xc3 in for 0xa9
02-14 16:30:44.944 3692 3692 E ArmVmp : Match on catch block at 0xc3 in for 0xa1
02-14 16:30:44.952 3692 3692 E ArmVmp : Match on catch block at 0xc3 in for 0xa9
02-14 16:30:44.957 3692 3692 E ArmVmp : Match on catch block at 0xc3 in for 0xa1
02-14 16:30:44.966 3692 3692 E ArmVmp : Match on catch block at 0xc3 in for 0xa5
02-14 16:30:44.969 3692 3692 E ArmVmp : Match on catch block at 0xc3 in for 0xa9
02-14 16:30:44.974 3692 3692 E ArmVmp : Match on catch block at 0xc3 in for 0xa1
02-14 16:30:44.977 3692 3692 E ArmVmp : Match on catch block at 0xc3 in for 0xa5
02-14 16:30:44.982 3692 3692 E ArmVmp : Match on catch block at 0xc3 in for 0xa1
02-14 16:30:44.987 3692 3692 E ArmVmp : Match on catch block at 0xc3 in for 0xa5
02-14 16:30:44.994 3692 3692 E ArmVmp : Match on catch block at 0xc3 in for 0xa9
02-14 16:30:44.998 3692 3692 E ArmVmp : Match on catch block at 0xc3 in for 0xa1
02-14 16:30:45.005 3692 3692 E ArmVmp : Match on catch block at 0xc3 in for 0xa5
02-14 16:30:45.010 3692 3692 E ArmVmp : Match on catch block at 0xc3 in for 0xa9
02-14 16:30:45.017 3692 3692 E ArmVmp : Match on catch block at 0xc3 in for 0xa1
02-14 16:30:45.019 3692 3692 E ArmVmp : Match on catch block at 0xc3 in for 0xa5
02-14 16:30:45.026 3692 3692 E ArmVmp : Match on catch block at 0xc3 in for 0xa9
02-14 16:30:45.029 3692 3692 E ArmVmp : Match on catch block at 0xc3 in for 0xa1
02-14 16:30:45.039 3692 3692 E ArmVmp : Match on catch block at 0xc3 in for 0xa5
02-14 16:30:45.041 3692 3692 E ArmVmp : Match on catch block at 0xc3 in for 0xa9
02-14 16:30:45.049 3692 3692 E ArmVmp : Match on catch block at 0xc3 in for 0xa1
02-14 16:30:45.051 3692 3692 E ArmVmp : Match on catch block at 0xc3 in for 0xa5
02-14 16:30:45.060 3692 3692 E ArmVmp : Match on catch block at 0xc3 in for 0xa9
02-14 16:30:45.063 3692 3692 E ArmVmp : Match on catch block at 0xc3 in for 0xa1
02-14 16:30:45.071 3692 3692 E ArmVmp : Match on catch block at 0xc3 in for 0xa5
02-14 16:30:45.075 3692 3692 E ArmVmp : Match on catch block at 0xc3 in for 0xa9
02-14 16:30:45.084 3692 3692 E ArmVmp : Match on catch block at 0xc3 in for 0xa1
02-14 16:30:45.090 3692 3692 E ArmVmp : Match on catch block at 0xc3 in for 0xa5
02-14 16:30:45.121 3692 3692 E ArmVmp : Match on catch block at 0xc3 in for 0xa9
02-14 16:30:45.125 3692 3692 E ArmVmp : Match on catch block at 0xc3 in for 0xa1
02-14 16:30:45.131 3692 3692 E ArmVmp : Match on catch block at 0xc3 in for 0xa9
02-14 16:30:45.135 3692 3692 E ArmVmp : Match on catch block at 0xc3 in for 0xa1
02-14 16:30:45.141 3692 3692 E ArmVmp : Match on catch block at 0xc3 in for 0xa5
02-14 16:30:45.148 3692 3692 E ArmVmp : Match on catch block at 0xc3 in for 0xa9
02-14 16:30:45.155 3692 3692 E ArmVmp : Match on catch block at 0xc3 in for 0xa1
02-14 16:30:45.158 3692 3692 E ArmVmp : Match on catch block at 0xc3 in for 0xa5
02-14 16:30:45.163 3692 3692 E ArmVmp : Match on catch block at 0xc3 in for 0xa9
02-14 16:30:45.166 3692 3692 E ArmVmp : Match on catch block at 0xc3 in for 0xa1
02-14 16:30:45.171 3692 3692 E ArmVmp : Match on catch block at 0xc3 in for 0xa5
02-14 16:30:45.176 3692 3692 E ArmVmp : Match on catch block at 0xc3 in for 0xa9
02-14 16:30:45.184 3692 3692 E ArmVmp : Match on catch block at 0xc3 in for 0xa1
02-14 16:30:45.193 3692 3692 E ArmVmp : Match on catch block at 0xc3 in for 0xa5
02-14 16:30:45.197 3692 3692 E ArmVmp : Match on catch block at 0xc3 in for 0xa9
02-14 16:30:45.201 3692 3692 E ArmVmp : Match on catch block at 0xc3 in for 0xa1
02-14 16:30:45.207 3692 3692 E ArmVmp : Match on catch block at 0xc3 in for 0xa5
02-14 16:30:45.216 3692 3692 E ArmVmp : Match on catch block at 0xc3 in for 0xa9
02-14 16:30:45.221 3692 3692 E ArmVmp : Match on catch block at 0xc3 in for 0xa1
02-14 16:30:45.227 3692 3692 E ArmVmp : Match on catch block at 0xc3 in for 0xa5
02-14 16:30:45.232 3692 3692 E ArmVmp : Match on catch block at 0xc3 in for 0xa9
02-14 16:30:45.235 3692 3692 E ArmVmp : Match on catch block at 0xc3 in for 0xa1
02-14 16:30:45.240 3692 3692 E ArmVmp : Match on catch block at 0xc3 in for 0xa5
02-14 16:30:45.244 3692 3692 E ArmVmp : Match on catch block at 0xc3 in for 0xa9
02-14 16:30:45.249 3692 3692 E ArmVmp : Match on catch block at 0xc3 in for 0xa1
02-14 16:30:45.256 3692 3692 E ArmVmp : Match on catch block at 0xc3 in for 0xa5
02-14 16:30:45.262 3692 3692 E ArmVmp : Match on catch block at 0xc3 in for 0xa5
02-14 16:30:45.265 3692 3692 E ArmVmp : Match on catch block at 0xc3 in for 0xa9
02-14 16:30:45.294 3692 3692 E ArmVmp : Match on catch block at 0xc3 in for 0xa9
02-14 16:30:45.302 3692 3692 E ArmVmp : Match on catch block at 0xc3 in for 0xa1
02-14 16:30:45.339 3692 3692 E ArmVmp : Match on catch block at 0xc3 in for 0xa1
02-14 16:30:45.343 3692 3692 E ArmVmp : Match on catch block at 0xc3 in for 0xa5
02-14 16:30:45.661 3692 3692 E ArmVmp : Match on catch block at 0xc3 in for 0xa5
02-14 16:30:45.666 3692 3692 E ArmVmp : Match on catch block at 0xc3 in for 0xa9
02-14 16:30:45.673 3692 3692 E ArmVmp : Match on catch block at 0xc3 in for 0xa9
02-14 16:30:45.680 3692 3692 E ArmVmp : Match on catch block at 0xc3 in for 0xa1
02-14 16:30:45.690 3692 3692 E ArmVmp : Match on catch block at 0xc3 in for 0xa1
02-14 16:30:45.695 3692 3692 E ArmVmp : Match on catch block at 0xc3 in for 0xa5
02-14 16:30:45.700 3692 3692 E ArmVmp : Match on catch block at 0xc3 in for 0xa5
02-14 16:30:45.706 3692 3692 E ArmVmp : Match on catch block at 0xc3 in for 0xa9
02-14 16:30:45.715 3692 3692 E ArmVmp : Match on catch block at 0xc3 in for 0xa9
02-14 16:30:45.719 3692 3692 E ArmVmp : Match on catch block at 0xc3 in for 0xa1
02-14 16:30:45.726 3692 3692 E ArmVmp : Match on catch block at 0xc3 in for 0xa1
02-14 16:30:45.734 3692 3692 E ArmVmp : Match on catch block at 0xc3 in for 0xa5
02-14 16:30:45.744 3692 3692 E ArmVmp : Match on catch block at 0xc3 in for 0xa5
02-14 16:30:45.747 3692 3692 E ArmVmp : Match on catch block at 0xc3 in for 0xa9
02-14 16:30:45.755 3692 3692 E ArmVmp : Match on catch block at 0xc3 in for 0xa9
02-14 16:30:45.762 3692 3692 E ArmVmp : Match on catch block at 0xc3 in for 0xa1
02-14 16:30:45.767 3692 3692 E ArmVmp : Match on catch block at 0xc3 in for 0xa1
02-14 16:30:45.772 3692 3692 E ArmVmp : Match on catch block at 0xc3 in for 0xa5
02-14 16:30:45.780 3692 3692 E ArmVmp : Match on catch block at 0xc3 in for 0xa5
02-14 16:30:45.784 3692 3692 E ArmVmp : Match on catch block at 0xc3 in for 0xa9
02-14 16:30:45.790 3692 3692 E ArmVmp : Match on catch block at 0xc3 in for 0xa9
02-14 16:30:45.793 3692 3692 E ArmVmp : Match on catch block at 0xc3 in for 0xa1
02-14 16:30:45.798 3692 3692 E ArmVmp : Match on catch block at 0xc3 in for 0xa1
02-14 16:30:45.802 3692 3692 E ArmVmp : Match on catch block at 0xc3 in for 0xa5
02-14 16:30:45.814 3692 3692 E ArmVmp : Match on catch block at 0xc3 in for 0xa1
02-14 16:30:45.820 3692 3692 E ArmVmp : Match on catch block at 0xc3 in for 0xa5
02-14 16:30:45.833 3692 3692 E ArmVmp : Match on catch block at 0xc3 in for 0xa5
02-14 16:30:45.837 3692 3692 E ArmVmp : Match on catch block at 0xc3 in for 0xa9
02-14 16:30:45.850 3692 3692 E ArmVmp : Match on catch block at 0xc3 in for 0xa9
02-14 16:30:45.856 3692 3692 E ArmVmp : Match on catch block at 0xc3 in for 0xa1
02-14 16:30:45.861 3692 3692 E ArmVmp : Match on catch block at 0xc3 in for 0xa1
02-14 16:30:45.865 3692 3692 E ArmVmp : Match on catch block at 0xc3 in for 0xa5
02-14 16:30:45.876 3692 3692 E ArmVmp : Match on catch block at 0xc3 in for 0xa5
02-14 16:30:45.880 3692 3692 E ArmVmp : Match on catch block at 0xc3 in for 0xa9
02-14 16:30:45.889 3692 3692 E ArmVmp : Match on catch block at 0xc3 in for 0xa1
02-14 16:30:45.891 3692 3692 E ArmVmp : Match on catch block at 0xc3 in for 0xa5
02-14 16:30:45.909 3692 3692 E ArmVmp : Match on catch block at 0xc3 in for 0xa9
02-14 16:30:45.912 3692 3692 E ArmVmp : Match on catch block at 0xc3 in for 0xa1
02-14 16:30:45.918 3692 3692 E ArmVmp : Match on catch block at 0xc3 in for 0xa1
02-14 16:30:45.921 3692 3692 E ArmVmp : Match on catch block at 0xc3 in for 0xa5
02-14 16:30:45.932 3692 3692 E ArmVmp : Match on catch block at 0xc3 in for 0xa1
02-14 16:30:45.935 3692 3692 E ArmVmp : Match on catch block at 0xc3 in for 0xa5
02-14 16:30:45.939 3692 3692 E ArmVmp : Match on catch block at 0xc3 in for 0xa5
02-14 16:30:45.941 3692 3692 E ArmVmp : Match on catch block at 0xc3 in for 0xa9
02-14 16:30:45.951 3692 3692 E ArmVmp : Match on catch block at 0xc3 in for 0xa9
02-14 16:30:45.955 3692 3692 E ArmVmp : Match on catch block at 0xc3 in for 0xa1
02-14 16:30:45.963 3692 3692 E ArmVmp : Match on catch block at 0xc3 in for 0xa1
02-14 16:30:45.966 3692 3692 E ArmVmp : Match on catch block at 0xc3 in for 0xa5
02-14 16:30:45.974 3692 3692 E ArmVmp : Match on catch block at 0xc3 in for 0xa5
02-14 16:30:45.979 3692 3692 E ArmVmp : Match on catch block at 0xc3 in for 0xa9
02-14 16:30:45.985 3692 3692 E ArmVmp : Match on catch block at 0xc3 in for 0xa9
02-14 16:30:45.987 3692 3692 E ArmVmp : Match on catch block at 0xc3 in for 0xa1
02-14 16:30:45.995 3692 3692 E ArmVmp : Match on catch block at 0xc3 in for 0xa1
02-14 16:30:46.001 3692 3692 E ArmVmp : Match on catch block at 0xc3 in for 0xa5
02-14 16:30:46.017 3692 3692 E ArmVmp : Match on catch block at 0xc3 in for 0xa5
02-14 16:30:46.019 3692 3692 E ArmVmp : Match on catch block at 0xc3 in for 0xa9
02-14 16:30:46.055 3692 3692 E ArmVmp : Match on catch block at 0xc3 in for 0xa5
02-14 16:30:46.058 3692 3692 E ArmVmp : Match on catch block at 0xc3 in for 0xa9
02-14 16:30:46.096 3692 3692 E ArmVmp : Match on catch block at 0xc3 in for 0xa9
02-14 16:30:46.100 3692 3692 E ArmVmp : Match on catch block at 0xc3 in for 0xa1
02-14 16:30:46.233 3692 3692 E ArmVmp : Match on catch block at 0xc3 in for 0xa9
02-14 16:30:46.237 3692 3692 E ArmVmp : Match on catch block at 0xc3 in for 0xa1
02-14 16:30:46.341 3692 3692 E ArmVmp : Match on catch block at 0xc3 in for 0xa1
02-14 16:30:46.346 3692 3692 E ArmVmp : Match on catch block at 0xc3 in for 0xa5
02-14 16:30:46.353 3692 3692 E ArmVmp : Match on catch block at 0xc3 in for 0xa5
02-14 16:30:46.360 3692 3692 E ArmVmp : Match on catch block at 0xc3 in for 0xa9
02-14 16:30:46.372 3692 3692 E ArmVmp : Match on catch block at 0xc3 in for 0xa9
02-14 16:30:46.378 3692 3692 E ArmVmp : Match on catch block at 0xc3 in for 0xa1
02-14 16:30:46.384 3692 3692 E ArmVmp : Match on catch block at 0xc3 in for 0xa1
02-14 16:30:46.388 3692 3692 E ArmVmp : Match on catch block at 0xc3 in for 0xa5
02-14 16:30:46.396 3692 3692 E ArmVmp : Match on catch block at 0xc3 in for 0xa5
02-14 16:30:46.400 3692 3692 E ArmVmp : Match on catch block at 0xc3 in for 0xa9
02-14 16:30:46.409 3692 3692 E ArmVmp : Match on catch block at 0xc3 in for 0xa9
02-14 16:30:46.412 3692 3692 E ArmVmp : Match on catch block at 0xc3 in for 0xa1
02-14 16:30:46.418 3692 3692 E ArmVmp : Match on catch block at 0xc3 in for 0xa1
02-14 16:30:46.421 3692 3692 E ArmVmp : Match on catch block at 0xc3 in for 0xa5
02-14 16:30:46.431 3692 3692 E ArmVmp : Match on catch block at 0xc3 in for 0xa5
02-14 16:30:46.435 3692 3692 E ArmVmp : Match on catch block at 0xc3 in for 0xa9
02-14 16:30:46.441 3692 3692 E ArmVmp : Match on catch block at 0xc3 in for 0xa9
02-14 16:30:46.445 3692 3692 E ArmVmp : Match on catch block at 0xc3 in for 0xa1
02-14 16:30:46.453 3692 3692 E ArmVmp : Match on catch block at 0xc3 in for 0xa1
02-14 16:30:46.456 3692 3692 E ArmVmp : Match on catch block at 0xc3 in for 0xa5
02-14 16:30:46.463 3692 3692 E ArmVmp : Match on catch block at 0xc3 in for 0xa5
02-14 16:30:46.467 3692 3692 E ArmVmp : Match on catch block at 0xc3 in for 0xa9
02-14 16:30:46.478 3692 3692 E ArmVmp : Match on catch block at 0xc3 in for 0xa9
02-14 16:30:46.483 3692 3692 E ArmVmp : Match on catch block at 0xc3 in for 0xa1
02-14 16:30:46.489 3692 3692 E ArmVmp : Match on catch block at 0xc3 in for 0xa1
02-14 16:30:46.493 3692 3692 E ArmVmp : Match on catch block at 0xc3 in for 0xa5
02-14 16:30:46.497 3692 3692 E ArmVmp : Match on catch block at 0xc3 in for 0xa5
02-14 16:30:46.499 3692 3692 E ArmVmp : Match on catch block at 0xc3 in for 0xa9
02-14 16:30:46.507 3692 3692 E ArmVmp : Match on catch block at 0xc3 in for 0xa9
02-14 16:30:46.512 3692 3692 E ArmVmp : Match on catch block at 0xc3 in for 0xa1
02-14 16:30:46.519 3692 3692 E ArmVmp : Match on catch block at 0xc3 in for 0xa1
02-14 16:30:46.524 3692 3692 E ArmVmp : Match on catch block at 0xc3 in for 0xa5
02-14 16:30:46.531 3692 3692 E ArmVmp : Match on catch block at 0xc3 in for 0xa5
02-14 16:30:46.533 3692 3692 E ArmVmp : Match on catch block at 0xc3 in for 0xa9
02-14 16:30:46.541 3692 3692 E ArmVmp : Match on catch block at 0xc3 in for 0xa9
02-14 16:30:46.545 3692 3692 E ArmVmp : Match on catch block at 0xc3 in for 0xa1
02-14 16:30:46.551 3692 3692 E ArmVmp : Match on catch block at 0xc3 in for 0xa1
02-14 16:30:46.554 3692 3692 E ArmVmp : Match on catch block at 0xc3 in for 0xa5
02-14 16:30:46.563 3692 3692 E ArmVmp : Match on catch block at 0xc3 in for 0xa5
02-14 16:30:46.565 3692 3692 E ArmVmp : Match on catch block at 0xc3 in for 0xa9
02-14 16:30:46.573 3692 3692 E ArmVmp : Match on catch block at 0xc3 in for 0xa9
02-14 16:30:46.576 3692 3692 E ArmVmp : Match on catch block at 0xc3 in for 0xa1
02-14 16:30:46.585 3692 3692 E ArmVmp : Match on catch block at 0xc3 in for 0xa1
02-14 16:30:46.591 3692 3692 E ArmVmp : Match on catch block at 0xc3 in for 0xa5
02-14 16:30:46.730 3692 3692 E ArmVmp : Match on catch block at 0xc3 in for 0xa5
02-14 16:30:46.734 3692 3692 E ArmVmp : Match on catch block at 0xc3 in for 0xa9
02-14 16:30:46.927 3692 3692 E ArmVmp : Match on catch block at 0xc3 in for 0xa5
02-14 16:30:46.931 3692 3692 E ArmVmp : Match on catch block at 0xc3 in for 0xa9
02-14 16:30:46.937 3692 3692 E ArmVmp : Match on catch block at 0xc3 in for 0xa9
02-14 16:30:46.944 3692 3692 E ArmVmp : Match on catch block at 0xc3 in for 0xa1
02-14 16:30:47.231 3692 3692 E ArmVmp : Match on catch block at 0xc3 in for 0xa1
02-14 16:30:47.238 3692 3692 E ArmVmp : Match on catch block at 0xc3 in for 0xa5
02-14 16:30:47.735 3692 3692 E ArmVmp : Match on catch block at 0xc3 in for 0xa5
02-14 16:30:47.741 3692 3692 E ArmVmp : Match on catch block at 0xc3 in for 0xa9
02-14 16:30:47.787 3692 3692 E ArmVmp : Match on catch block at 0xc3 in for 0xa1
02-14 16:30:47.798 3692 3692 E ArmVmp : Match on catch block at 0xc3 in for 0xa5
02-14 16:30:47.820 3692 3692 E ArmVmp : Match on catch block at 0xc3 in for 0xa5
02-14 16:30:47.826 3692 3692 E ArmVmp : Match on catch block at 0xc3 in for 0xa9
02-14 16:30:47.838 3692 4058 W libEGL : EGLNativeWindowType 0xb40000792fd03830
disconnect failed
02-14 16:30:48.234 3692 3692 E ArmVmp : Match on catch block at 0xc3 in for 0xa9
02-14 16:30:48.244 3692 3692 E ArmVmp : Match on catch block at 0xc3 in for 0xa1
02-14 16:30:48.507 3692 3692 E ArmVmp : Match on catch block at 0xc3 in for 0xa5
02-14 16:30:48.516 3692 3692 E ArmVmp : Match on catch block at 0xc3 in for 0xa9
02-14 16:30:48.536 3692 3692 E ArmVmp : Match on catch block at 0xc3 in for 0xa5
02-14 16:30:48.542 3692 3692 E ArmVmp : Match on catch block at 0xc3 in for 0xa9
02-14 16:30:48.556 3692 3692 E ArmVmp : Match on catch block at 0xc3 in for 0xa9
02-14 16:30:48.562 3692 3692 E ArmVmp : Match on catch block at 0xc3 in for 0xa1
02-14 16:30:48.573 3692 3692 E ArmVmp : Match on catch block at 0xc3 in for 0xa1
02-14 16:30:48.578 3692 3692 E ArmVmp : Match on catch block at 0xc3 in for 0xa5
02-14 16:30:48.589 3692 3692 E ArmVmp : Match on catch block at 0xc3 in for 0xa5
02-14 16:30:48.594 3692 3692 E ArmVmp : Match on catch block at 0xc3 in for 0xa9
02-14 16:30:48.612 3692 3692 E ArmVmp : Match on catch block at 0xc3 in for 0xa9
02-14 16:30:48.616 3692 3692 E ArmVmp : Match on catch block at 0xc3 in for 0xa1
02-14 16:30:48.636 3692 3692 E ArmVmp : Match on catch block at 0xc3 in for 0xa1
02-14 16:30:48.651 3692 3692 E ArmVmp : Match on catch block at 0xc3 in for 0xa5
02-14 16:30:48.669 3692 3692 E ArmVmp : Match on catch block at 0xc3 in for 0xa5
02-14 16:30:48.674 3692 3692 E ArmVmp : Match on catch block at 0xc3 in for 0xa9
02-14 16:30:48.690 3692 3692 E ArmVmp : Match on catch block at 0xc3 in for 0xa9
02-14 16:30:48.695 3692 3692 E ArmVmp : Match on catch block at 0xc3 in for 0xa1
02-14 16:30:48.700 3692 3692 E ArmVmp : Match on catch block at 0xc3 in for 0xa1
02-14 16:30:48.704 3692 3692 E ArmVmp : Match on catch block at 0xc3 in for 0xa5
02-14 16:30:48.991 3692 3692 E ArmVmp : Match on catch block at 0xc3 in for 0xa5
02-14 16:30:48.998 3692 3692 E ArmVmp : Match on catch block at 0xc3 in for 0xa9
02-14 16:30:49.379 3692 3692 E ArmVmp : Match on catch block at 0xc3 in for 0xa9
02-14 16:30:49.381 3692 3692 E ArmVmp : Match on catch block at 0xc3 in for 0xa1
02-14 16:30:49.391 3692 3692 E ArmVmp : Match on catch block at 0xc3 in for 0xa1
02-14 16:30:49.395 3692 3692 E ArmVmp : Match on catch block at 0xc3 in for 0xa5
02-14 16:30:49.400 3692 3692 E ArmVmp : Match on catch block at 0xc3 in for 0xa5
02-14 16:30:49.407 3692 3692 E ArmVmp : Match on catch block at 0xc3 in for 0xa9
02-14 16:30:49.415 3692 3692 E ArmVmp : Match on catch block at 0xc3 in for 0xa9
02-14 16:30:49.420 3692 3692 E ArmVmp : Match on catch block at 0xc3 in for 0xa1
02-14 16:30:49.426 3692 3692 E ArmVmp : Match on catch block at 0xc3 in for 0xa1
02-14 16:30:49.432 3692 3692 E ArmVmp : Match on catch block at 0xc3 in for 0xa5
02-14 16:30:49.437 3692 3692 E ArmVmp : Match on catch block at 0xc3 in for 0xa5
02-14 16:30:49.441 3692 3692 E ArmVmp : Match on catch block at 0xc3 in for 0xa9
02-14 16:30:49.448 3692 3692 E ArmVmp : Match on catch block at 0xc3 in for 0xa9
02-14 16:30:49.451 3692 3692 E ArmVmp : Match on catch block at 0xc3 in for 0xa1
02-14 16:30:49.457 3692 3692 E ArmVmp : Match on catch block at 0xc3 in for 0xa1
02-14 16:30:49.460 3692 3692 E ArmVmp : Match on catch block at 0xc3 in for 0xa5
02-14 16:30:49.468 3692 3692 E ArmVmp : Match on catch block at 0xc3 in for 0xa5
02-14 16:30:49.471 3692 3692 E ArmVmp : Match on catch block at 0xc3 in for 0xa9
02-14 16:30:49.479 3692 3692 E ArmVmp : Match on catch block at 0xc3 in for 0xa9
02-14 16:30:49.482 3692 3692 E ArmVmp : Match on catch block at 0xc3 in for 0xa1
02-14 16:30:49.490 3692 3692 E ArmVmp : Match on catch block at 0xc3 in for 0xa1
02-14 16:30:49.492 3692 3692 E ArmVmp : Match on catch block at 0xc3 in for 0xa5
02-14 16:30:49.501 3692 3692 E ArmVmp : Match on catch block at 0xc3 in for 0xa5
02-14 16:30:49.504 3692 3692 E ArmVmp : Match on catch block at 0xc3 in for 0xa9
02-14 16:30:49.513 3692 3692 E ArmVmp : Match on catch block at 0xc3 in for 0xa9
02-14 16:30:49.521 3692 3692 E ArmVmp : Match on catch block at 0xc3 in for 0xa1
02-14 16:30:49.525 3692 3692 E ArmVmp : Match on catch block at 0xc3 in for 0xa1
02-14 16:30:49.531 3692 3692 E ArmVmp : Match on catch block at 0xc3 in for 0xa5
02-14 16:30:49.539 3692 3692 E ArmVmp : Match on catch block at 0xc3 in for 0xa5
02-14 16:30:49.541 3692 3692 E ArmVmp : Match on catch block at 0xc3 in for 0xa9
02-14 16:30:49.546 3692 3692 E ArmVmp : Match on catch block at 0xc3 in for 0xa9
02-14 16:30:49.550 3692 3692 E ArmVmp : Match on catch block at 0xc3 in for 0xa1
02-14 16:30:49.558 3692 3692 E ArmVmp : Match on catch block at 0xc3 in for 0xa1
02-14 16:30:49.563 3692 3692 E ArmVmp : Match on catch block at 0xc3 in for 0xa5
02-14 16:30:49.571 3692 3692 E ArmVmp : Match on catch block at 0xc3 in for 0xa5
02-14 16:30:49.576 3692 3692 E ArmVmp : Match on catch block at 0xc3 in for 0xa9
02-14 16:30:49.582 3692 3692 E ArmVmp : Match on catch block at 0xc3 in for 0xa9
02-14 16:30:49.587 3692 3692 E ArmVmp : Match on catch block at 0xc3 in for 0xa1
02-14 16:30:49.592 3692 3692 E ArmVmp : Match on catch block at 0xc3 in for 0xa1
02-14 16:30:49.595 3692 3692 E ArmVmp : Match on catch block at 0xc3 in for 0xa5
02-14 16:30:49.603 3692 3692 E ArmVmp : Match on catch block at 0xc3 in for 0xa5
02-14 16:30:49.607 3692 3692 E ArmVmp : Match on catch block at 0xc3 in for 0xa9
02-14 16:30:49.613 3692 3692 E ArmVmp : Match on catch block at 0xc3 in for 0xa9
02-14 16:30:49.619 3692 3692 E ArmVmp : Match on catch block at 0xc3 in for 0xa1
02-14 16:30:49.625 3692 3692 E ArmVmp : Match on catch block at 0xc3 in for 0xa1
02-14 16:30:49.628 3692 3692 E ArmVmp : Match on catch block at 0xc3 in for 0xa5
02-14 16:30:49.992 3692 3692 E ArmVmp : Match on catch block at 0xc3 in for 0xa5
02-14 16:30:49.997 3692 3692 E ArmVmp : Match on catch block at 0xc3 in for 0xa9
02-14 16:30:50.259 3692 3692 E ArmVmp : Match on catch block at 0xc3 in for 0xa9
02-14 16:30:50.268 3692 3692 E ArmVmp : Match on catch block at 0xc3 in for 0xa1
02-14 16:30:50.770 3692 3692 E ArmVmp : Match on catch block at 0xc3 in for 0xa1
02-14 16:30:50.778 3692 3692 E ArmVmp : Match on catch block at 0xc3 in for 0xa5
02-14 16:30:50.793 3692 3692 E ArmVmp : Match on catch block at 0xc3 in for 0xa5
02-14 16:30:50.796 3692 3692 E ArmVmp : Match on catch block at 0xc3 in for 0xa9
02-14 16:30:51.115 3692 3692 E ArmVmp : Match on catch block at 0xc3 in for 0xa9
02-14 16:30:51.118 3692 3692 E ArmVmp : Match on catch block at 0xc3 in for 0xa1
02-14 16:30:51.871 3692 3692 E ArmVmp : Match on catch block at 0xc3 in for 0xa9
02-14 16:30:51.876 3692 3692 E ArmVmp : Match on catch block at 0xc3 in for 0xa1
02-14 16:30:52.000 3692 3692 E ArmVmp : Match on catch block at 0xc3 in for 0xa1
02-14 16:30:52.007 3692 3692 E ArmVmp : Match on catch block at 0xc3 in for 0xa5
02-14 16:30:52.041 3692 4058 W libEGL : EGLNativeWindowType 0xb40000792fd52480
disconnect failed
02-14 16:30:52.452 3692 3692 E ArmVmp : Match on catch block at 0xc3 in for 0xa1
02-14 16:30:52.456 3692 3692 E ArmVmp : Match on catch block at 0xc3 in for 0xa5
02-14 16:30:52.940 3692 3692 E ArmVmp : Match on catch block at 0xc3 in for 0xa1
02-14 16:30:52.944 3692 3692 E ArmVmp : Match on catch block at 0xc3 in for 0xa5
02-14 16:30:52.967 3692 3692 E ArmVmp : Match on catch block at 0xc3 in for 0xa9
02-14 16:30:52.970 3692 3692 E ArmVmp : Match on catch block at 0xc3 in for 0xa1
02-14 16:30:52.974 3692 3692 E ArmVmp : Match on catch block at 0xc3 in for 0xa1
02-14 16:30:52.981 3692 3692 E ArmVmp : Match on catch block at 0xc3 in for 0xa5
02-14 16:30:53.385 3692 3692 E ArmVmp : Match on catch block at 0xc3 in for 0xa1
02-14 16:30:53.391 3692 3692 E ArmVmp : Match on catch block at 0xc3 in for 0xa5
02-14 16:30:53.410 3692 3692 E ArmVmp : Match on catch block at 0xc3 in for 0xa9
02-14 16:30:53.413 3692 3692 E ArmVmp : Match on catch block at 0xc3 in for 0xa1
02-14 16:30:53.436 3692 3692 E ArmVmp : Match on catch block at 0xc3 in for 0xa1
02-14 16:30:53.442 3692 3692 E ArmVmp : Match on catch block at 0xc3 in for 0xa5
02-14 16:30:53.855 3692 3692 E ArmVmp : Match on catch block at 0xc3 in for 0xa5
02-14 16:30:53.861 3692 3692 E ArmVmp : Match on catch block at 0xc3 in for 0xa9
02-14 16:30:53.948 3692 3692 E ArmVmp : Match on catch block at 0xc3 in for 0xa1
02-14 16:30:53.956 3692 3692 E ArmVmp : Match on catch block at 0xc3 in for 0xa5
02-14 16:30:53.975 3692 3692 E ArmVmp : Match on catch block at 0xc3 in for 0xa9
02-14 16:30:53.982 3692 3692 E ArmVmp : Match on catch block at 0xc3 in for 0xa1
02-14 16:30:53.988 3692 3692 E ArmVmp : Match on catch block at 0xc3 in for 0xa1
02-14 16:30:53.993 3692 3692 E ArmVmp : Match on catch block at 0xc3 in for 0xa5
02-14 16:30:54.000 3692 3692 E ArmVmp : Match on catch block at 0xc3 in for 0xa5
02-14 16:30:54.006 3692 3692 E ArmVmp : Match on catch block at 0xc3 in for 0xa9
02-14 16:30:54.017 3692 3692 E ArmVmp : Match on catch block at 0xc3 in for 0xa9
02-14 16:30:54.021 3692 3692 E ArmVmp : Match on catch block at 0xc3 in for 0xa1
02-14 16:30:54.033 3692 3692 E ArmVmp : Match on catch block at 0xc3 in for 0xa1
02-14 16:30:54.037 3692 3692 E ArmVmp : Match on catch block at 0xc3 in for 0xa5
02-14 16:30:54.051 3692 3692 E ArmVmp : Match on catch block at 0xc3 in for 0xa5
02-14 16:30:54.056 3692 3692 E ArmVmp : Match on catch block at 0xc3 in for 0xa9
02-14 16:30:54.068 3692 3692 E ArmVmp : Match on catch block at 0xc3 in for 0xa9
02-14 16:30:54.073 3692 3692 E ArmVmp : Match on catch block at 0xc3 in for 0xa1
02-14 16:30:54.104 3692 3692 E ArmVmp : Match on catch block at 0xc3 in for 0xa1
02-14 16:30:54.106 3692 3692 E ArmVmp : Match on catch block at 0xc3 in for 0xa5
02-14 16:30:54.117 3692 3692 E ArmVmp : Match on catch block at 0xc3 in for 0xa9
02-14 16:30:54.121 3692 3692 E ArmVmp : Match on catch block at 0xc3 in for 0xa1
02-14 16:30:54.153 3692 3692 E ArmVmp : Match on catch block at 0xc3 in for 0xa9
02-14 16:30:54.157 3692 3692 E ArmVmp : Match on catch block at 0xc3 in for 0xa1
02-14 16:30:54.164 3692 3692 E ArmVmp : Match on catch block at 0xc3 in for 0xa1
02-14 16:30:54.178 3692 3692 E ArmVmp : Match on catch block at 0xc3 in for 0xa5
02-14 16:30:54.339 3692 3692 E ArmVmp : Match on catch block at 0xc3 in for 0xa5
02-14 16:30:54.349 3692 3692 E ArmVmp : Match on catch block at 0xc3 in for 0xa9
02-14 16:30:54.357 3692 3692 E ArmVmp : Match on catch block at 0xc3 in for 0xa9
02-14 16:30:54.367 3692 3692 E ArmVmp : Match on catch block at 0xc3 in for 0xa1
02-14 16:30:54.381 3692 4166 W MediaPlayer: Use of stream types is deprecated for
operations other than volume control
02-14 16:30:54.381 3692 4166 W MediaPlayer: See the documentation of
setAudioStreamType() for what to use instead with android.media.AudioAttributes to
qualify your playback use case
02-14 16:30:54.422 3692 3692 E ArmVmp : Match on catch block at 0xc3 in for 0xa9
02-14 16:30:54.429 3692 3692 E ArmVmp : Match on catch block at 0xc3 in for 0xa1
02-14 16:30:54.619 3692 3692 E ArmVmp : Match on catch block at 0xc3 in for 0xa9
02-14 16:30:54.623 3692 3692 E ArmVmp : Match on catch block at 0xc3 in for 0xa1
02-14 16:30:54.638 3692 3692 E ArmVmp : Match on catch block at 0xc3 in for 0xa9
02-14 16:30:54.643 3692 3692 E ArmVmp : Match on catch block at 0xc3 in for 0xa1
02-14 16:30:54.660 3692 3692 E ArmVmp : Match on catch block at 0xc3 in for 0xa9
02-14 16:30:54.664 3692 3692 E ArmVmp : Match on catch block at 0xc3 in for 0xa1
02-14 16:30:54.705 3692 3692 E ArmVmp : Match on catch block at 0xc3 in for 0xa1
02-14 16:30:54.710 3692 3692 E ArmVmp : Match on catch block at 0xc3 in for 0xa5
02-14 16:30:54.720 3692 3692 E ArmVmp : Match on catch block at 0xc3 in for 0xa5
02-14 16:30:54.725 3692 3692 E ArmVmp : Match on catch block at 0xc3 in for 0xa9
02-14 16:30:54.733 3692 3692 E ArmVmp : Match on catch block at 0xc3 in for 0xa9
02-14 16:30:54.738 3692 3692 E ArmVmp : Match on catch block at 0xc3 in for 0xa1
02-14 16:30:54.745 3692 3692 E ArmVmp : Match on catch block at 0xc3 in for 0xa1
02-14 16:30:54.748 3692 3692 E ArmVmp : Match on catch block at 0xc3 in for 0xa5
02-14 16:30:54.753 3692 3692 E ArmVmp : Match on catch block at 0xc3 in for 0xa5
02-14 16:30:54.757 3692 3692 E ArmVmp : Match on catch block at 0xc3 in for 0xa9
02-14 16:30:54.761 3692 3692 E ArmVmp : Match on catch block at 0xc3 in for 0xa9
02-14 16:30:54.764 3692 3692 E ArmVmp : Match on catch block at 0xc3 in for 0xa1
02-14 16:30:54.769 3692 3692 E ArmVmp : Match on catch block at 0xc3 in for 0xa1
02-14 16:30:54.772 3692 3692 E ArmVmp : Match on catch block at 0xc3 in for 0xa5
02-14 16:30:54.778 3692 3692 E ArmVmp : Match on catch block at 0xc3 in for 0xa5
02-14 16:30:54.780 3692 3692 E ArmVmp : Match on catch block at 0xc3 in for 0xa9
02-14 16:30:54.791 3692 3692 E ArmVmp : Match on catch block at 0xc3 in for 0xa9
02-14 16:30:54.794 3692 3692 E ArmVmp : Match on catch block at 0xc3 in for 0xa1
02-14 16:30:54.814 3692 3692 E ArmVmp : Match on catch block at 0xc3 in for 0xa9
02-14 16:30:54.818 3692 3692 E ArmVmp : Match on catch block at 0xc3 in for 0xa1
02-14 16:30:54.827 3692 3692 E ArmVmp : Match on catch block at 0xc3 in for 0xa1
02-14 16:30:54.830 3692 3692 E ArmVmp : Match on catch block at 0xc3 in for 0xa5
02-14 16:30:54.848 3692 4058 W libEGL : EGLNativeWindowType 0xb40000792fd52480
disconnect failed
02-14 16:30:54.871 3692 3692 E ArmVmp : Match on catch block at 0xc3 in for 0xa5
02-14 16:30:54.874 3692 3692 E ArmVmp : Match on catch block at 0xc3 in for 0xa9
02-14 16:30:54.883 3692 3692 E ArmVmp : Match on catch block at 0xc3 in for 0xa9
02-14 16:30:54.889 3692 3692 E ArmVmp : Match on catch block at 0xc3 in for 0xa1
02-14 16:30:54.896 3692 3692 E ArmVmp : Match on catch block at 0xc3 in for 0xa1
02-14 16:30:54.898 3692 3692 E ArmVmp : Match on catch block at 0xc3 in for 0xa5
02-14 16:30:54.901 3692 3692 E ArmVmp : Match on catch block at 0xc3 in for 0xa5
02-14 16:30:54.904 3692 3692 E ArmVmp : Match on catch block at 0xc3 in for 0xa9
02-14 16:30:54.912 3692 3692 E ArmVmp : Match on catch block at 0xc3 in for 0xa9
02-14 16:30:54.914 3692 3692 E ArmVmp : Match on catch block at 0xc3 in for 0xa1
02-14 16:30:54.923 3692 3692 E ArmVmp : Match on catch block at 0xc3 in for 0xa1
02-14 16:30:54.927 3692 3692 E ArmVmp : Match on catch block at 0xc3 in for 0xa5
02-14 16:30:55.335 3692 3692 E ArmVmp : Match on catch block at 0xc3 in for 0xa1
02-14 16:30:55.337 3692 3692 E ArmVmp : Match on catch block at 0xc3 in for 0xa5
02-14 16:30:55.362 3692 3692 E ArmVmp : Match on catch block at 0xc3 in for 0xa9
02-14 16:30:55.376 3692 3692 E ArmVmp : Match on catch block at 0xc3 in for 0xa1
02-14 16:30:55.446 3692 3692 E ArmVmp : Match on catch block at 0xc3 in for 0xa1
02-14 16:30:55.450 3692 3692 E ArmVmp : Match on catch block at 0xc3 in for 0xa5
02-14 16:30:56.033 3692 4058 W libEGL : EGLNativeWindowType 0xb40000792fd03830
disconnect failed
02-14 16:30:56.041 3692 3692 E ArmVmp : Match on catch block at 0xc3 in for 0xa9
02-14 16:30:56.043 3692 3692 E ArmVmp : Match on catch block at 0xc3 in for 0xa1
02-14 16:30:56.911 3692 3692 E ArmVmp : Match on catch block at 0x0a in for 0xc1
02-14 16:30:56.913 3692 3692 E ArmVmp : Match on catch block at 0x0a in for 0xc9
02-14 16:30:57.154 3692 3692 E ArmVmp : Match on catch block at 0xc3 in for 0xb5
02-14 16:30:57.157 3692 3692 E ArmVmp : Match on catch block at 0xc3 in for 0xb5
02-14 16:30:57.207 3692 3692 E ArmVmp : Match on catch block at 0xc3 in for 0xa1
02-14 16:30:57.209 3692 3692 E ArmVmp : Match on catch block at 0xc3 in for 0xa5
02-14 16:30:57.234 3692 3692 E ArmVmp : Match on catch block at 0xc3 in for 0xa9
02-14 16:30:57.236 3692 3692 E ArmVmp : Match on catch block at 0xc3 in for 0xa1
02-14 16:30:57.265 3692 3692 E ArmVmp : Match on catch block at 0xc3 in for 0xa9
02-14 16:30:57.268 3692 3692 E ArmVmp : Match on catch block at 0xc3 in for 0xa1
02-14 16:30:57.624 3692 4058 W libEGL : EGLNativeWindowType 0xb40000792fcec180
disconnect failed
02-14 16:30:57.696 3692 3692 E ArmVmp : Match on catch block at 0xc3 in for 0xa9
02-14 16:30:57.700 3692 3692 E ArmVmp : Match on catch block at 0xc3 in for 0xa1
02-14 16:30:57.767 3692 3692 E ArmVmp : Match on catch block at 0xc3 in for 0xa9
02-14 16:30:57.770 3692 3692 E ArmVmp : Match on catch block at 0xc3 in for 0xa1
02-14 16:30:57.844 3692 3692 E ArmVmp : Match on catch block at 0xc3 in for 0xa1
02-14 16:30:57.849 3692 3692 E ArmVmp : Match on catch block at 0xc3 in for 0xa5
02-14 16:30:57.860 3692 3692 E ArmVmp : Match on catch block at 0xc3 in for 0xa5
02-14 16:30:57.863 3692 3692 E ArmVmp : Match on catch block at 0xc3 in for 0xa9
02-14 16:30:57.877 3692 4058 W libEGL : EGLNativeWindowType 0xb40000792fd87810
disconnect failed
02-14 16:30:57.889 3692 3692 E ArmVmp : Match on catch block at 0xc3 in for 0xa9
02-14 16:30:57.892 3692 3692 E ArmVmp : Match on catch block at 0xc3 in for 0xa1
02-14 16:30:57.901 3692 3692 E ArmVmp : Match on catch block at 0xc3 in for 0xa1
02-14 16:30:57.904 3692 3692 E ArmVmp : Match on catch block at 0xc3 in for 0xa5
02-14 16:30:57.913 3692 3692 E ArmVmp : Match on catch block at 0xc3 in for 0xa5
02-14 16:30:57.919 3692 3692 E ArmVmp : Match on catch block at 0xc3 in for 0xa9
02-14 16:30:57.924 3692 3692 E ArmVmp : Match on catch block at 0xc3 in for 0xa9
02-14 16:30:57.928 3692 3692 E ArmVmp : Match on catch block at 0xc3 in for 0xa1
02-14 16:30:57.936 3692 3692 E ArmVmp : Match on catch block at 0xc3 in for 0xa1
02-14 16:30:57.939 3692 3692 E ArmVmp : Match on catch block at 0xc3 in for 0xa5
02-14 16:30:57.949 3692 3692 E ArmVmp : Match on catch block at 0xc3 in for 0xa5
02-14 16:30:57.951 3692 3692 E ArmVmp : Match on catch block at 0xc3 in for 0xa9
02-14 16:30:57.960 3692 3692 E ArmVmp : Match on catch block at 0xc3 in for 0xa9
02-14 16:30:57.964 3692 3692 E ArmVmp : Match on catch block at 0xc3 in for 0xa1
02-14 16:30:57.971 3692 3692 E ArmVmp : Match on catch block at 0xc3 in for 0xa1
