02-11 20:17:34.125 32048 32048 E ArmVmp : Match on catch block at 0xc3 in for 0xa5
02-11 20:17:34.134 32048 32048 E ArmVmp : Match on catch block at 0xc3 in for 0xa1
02-11 20:17:34.137 32048 32048 E ArmVmp : Match on catch block at 0xc3 in for 0xa5
02-11 20:17:34.146 32048 32048 E ArmVmp : Match on catch block at 0xc3 in for 0xa1
02-11 20:17:34.148 32048 32048 E ArmVmp : Match on catch block at 0xc3 in for 0xa5
02-11 20:17:34.157 32048 32048 E ArmVmp : Match on catch block at 0xc3 in for 0xa1
02-11 20:17:34.160 32048 32048 E ArmVmp : Match on catch block at 0xc3 in for 0xa5
02-11 20:17:34.168 32048 32048 E ArmVmp : Match on catch block at 0xc3 in for 0xa1
02-11 20:17:34.171 32048 32048 E ArmVmp : Match on catch block at 0xc3 in for 0xa5
02-11 20:17:34.179 32048 32048 E ArmVmp : Match on catch block at 0xc3 in for 0xa1
02-11 20:17:34.182 32048 32048 E ArmVmp : Match on catch block at 0xc3 in for 0xa5
02-11 20:17:34.190 32048 32048 E ArmVmp : Match on catch block at 0xc3 in for 0xa1
02-11 20:17:34.193 32048 32048 E ArmVmp : Match on catch block at 0xc3 in for 0xa5
02-11 20:17:34.201 32048 32048 E ArmVmp : Match on catch block at 0xc3 in for 0xa1
02-11 20:17:34.204 32048 32048 E ArmVmp : Match on catch block at 0xc3 in for 0xa5
02-11 20:17:34.213 32048 32048 E ArmVmp : Match on catch block at 0xc3 in for 0xa1
02-11 20:17:34.215 32048 32048 E ArmVmp : Match on catch block at 0xc3 in for 0xa5
02-11 20:17:34.224 32048 32048 E ArmVmp : Match on catch block at 0xc3 in for 0xa1
02-11 20:17:34.226 32048 32048 E ArmVmp : Match on catch block at 0xc3 in for 0xa5
02-11 20:17:34.291 32048 32048 E ArmVmp : Match on catch block at 0xc3 in for 0xa1
02-11 20:17:34.294 32048 32048 E ArmVmp : Match on catch block at 0xc3 in for 0xa5
02-11 20:17:34.792 32048 32048 E ArmVmp : Match on catch block at 0xc3 in for 0xa1
02-11 20:17:34.794 32048 32048 E ArmVmp : Match on catch block at 0xc3 in for 0xa5
02-11 20:17:35.293 32048 32048 E ArmVmp : Match on catch block at 0xc3 in for 0xa1
02-11 20:17:35.295 32048 32048 E ArmVmp : Match on catch block at 0xc3 in for 0xa5
02-11 20:17:35.793 32048 32048 E ArmVmp : Match on catch block at 0xc3 in for 0xa1
02-11 20:17:35.796 32048 32048 E ArmVmp : Match on catch block at 0xc3 in for 0xa5
02-11 20:17:36.294 32048 32048 E ArmVmp : Match on catch block at 0xc3 in for 0xa1
02-11 20:17:36.297 32048 32048 E ArmVmp : Match on catch block at 0xc3 in for 0xa5
02-11 20:17:36.788 32048 32048 E ArmVmp : Match on catch block at 0xc3 in for 0xa1
02-11 20:17:36.792 32048 32048 E ArmVmp : Match on catch block at 0xc3 in for 0xa5
02-11 20:17:36.916 32048 32048 E ArmVmp : Match on catch block at 0xc3 in for 0xa9
02-11 20:17:36.919 32048 32048 E ArmVmp : Match on catch block at 0xc3 in for 0xa1
02-11 20:17:37.012 32048 32048 E ArmVmp : Match on catch block at 0xc3 in for 0xa9
02-11 20:17:37.014 32048 32048 E ArmVmp : Match on catch block at 0xc3 in for 0xa1
02-11 20:17:37.411 32048 32517 W libEGL : EGLNativeWindowType 0xb4000077931d2160
disconnect failed
02-11 20:17:37.416 32048 32048 E ArmVmp : Match on catch block at 0xc3 in for 0xa1
02-11 20:17:37.418 32048 32048 E ArmVmp : Match on catch block at 0xc3 in for 0xa5
02-11 20:17:38.134 32048 32048 E ArmVmp : Match on catch block at 0x0a in for 0xc5
02-11 20:17:38.136 32048 32048 E ArmVmp : Match on catch block at 0x0a in for 0xc1
02-11 20:17:38.299 32048 32048 E ArmVmp : Match on catch block at 0xc3 in for 0xb9
02-11 20:17:38.302 32048 32048 E ArmVmp : Match on catch block at 0xc3 in for 0xb9
02-11 20:17:38.344 32048 32048 E ArmVmp : Match on catch block at 0xc3 in for 0xa9
02-11 20:17:38.347 32048 32048 E ArmVmp : Match on catch block at 0xc3 in for 0xa1
02-11 20:17:38.369 32048 32048 E ArmVmp : Match on catch block at 0xc3 in for 0xa1
02-11 20:17:38.372 32048 32048 E ArmVmp : Match on catch block at 0xc3 in for 0xa5
02-11 20:17:38.391 32048 32048 E ArmVmp : Match on catch block at 0xc3 in for 0xa5
02-11 20:17:38.394 32048 32048 E ArmVmp : Match on catch block at 0xc3 in for 0xa9
02-11 20:17:38.762 32048 32048 E ArmVmp : Match on catch block at 0xc3 in for 0xa1
02-11 20:17:38.765 32048 32048 E ArmVmp : Match on catch block at 0xc3 in for 0xa5
02-11 20:17:38.780 32048 32517 W libEGL : EGLNativeWindowType 0xb400007793145940
disconnect failed
02-11 20:17:38.785 32048 32048 E ArmVmp : Match on catch block at 0xc3 in for 0xa5
02-11 20:17:38.787 32048 32048 E ArmVmp : Match on catch block at 0xc3 in for 0xa9
02-11 20:17:38.815 32048 32048 E ArmVmp : Match on catch block at 0xc3 in for 0xa9
02-11 20:17:38.817 32048 32048 E ArmVmp : Match on catch block at 0xc3 in for 0xa1
02-11 20:17:38.830 32048 32048 E ArmVmp : Match on catch block at 0xc3 in for 0xa1
02-11 20:17:38.833 32048 32517 W libEGL : EGLNativeWindowType 0xb400007793189b40
disconnect failed
02-11 20:17:38.836 32048 32048 E ArmVmp : Match on catch block at 0xc3 in for 0xa5
02-11 20:17:38.888 32048 32048 E ArmVmp : Match on catch block at 0xc3 in for 0xa5
02-11 20:17:38.890 32048 32048 E ArmVmp : Match on catch block at 0xc3 in for 0xa9
02-11 20:17:38.954 32048 32048 E ArmVmp : Match on catch block at 0xc3 in for 0xa9
02-11 20:17:38.957 32048 32048 E ArmVmp : Match on catch block at 0xc3 in for 0xa1
02-11 20:17:38.966 32048 32048 E ArmVmp : Match on catch block at 0xc3 in for 0xa1
02-11 20:17:38.969 32048 32048 E ArmVmp : Match on catch block at 0xc3 in for 0xa5
02-11 20:17:38.977 32048 32048 E ArmVmp : Match on catch block at 0xc3 in for 0xa5
02-11 20:17:38.981 32048 32048 E ArmVmp : Match on catch block at 0xc3 in for 0xa9
02-11 20:17:38.988 32048 32048 E ArmVmp : Match on catch block at 0xc3 in for 0xa9
02-11 20:17:38.992 32048 32048 E ArmVmp : Match on catch block at 0xc3 in for 0xa1
02-11 20:17:39.000 32048 32048 E ArmVmp : Match on catch block at 0xc3 in for 0xa1
02-11 20:17:39.004 32048 32048 E ArmVmp : Match on catch block at 0xc3 in for 0xa5
02-11 20:17:39.010 32048 32048 E ArmVmp : Match on catch block at 0xc3 in for 0xa5
02-11 20:17:39.012 32048 32048 E ArmVmp : Match on catch block at 0xc3 in for 0xa9
02-11 20:17:39.027 32048 32048 E ArmVmp : Match on catch block at 0xc3 in for 0xa5
02-11 20:17:39.028 32048 32048 E ArmVmp : Match on catch block at 0xc3 in for 0xa9
02-11 20:17:39.032 32048 32048 E ArmVmp : Match on catch block at 0xc3 in for 0xa9
02-11 20:17:39.034 32048 32048 E ArmVmp : Match on catch block at 0xc3 in for 0xa1
02-11 20:17:39.043 32048 32048 E ArmVmp : Match on catch block at 0xc3 in for 0xa1
02-11 20:17:39.045 32048 32048 E ArmVmp : Match on catch block at 0xc3 in for 0xa5
02-11 20:17:39.055 32048 32048 E ArmVmp : Match on catch block at 0xc3 in for 0xa5
02-11 20:17:39.057 32048 32048 E ArmVmp : Match on catch block at 0xc3 in for 0xa9
02-11 20:17:39.066 32048 32048 E ArmVmp : Match on catch block at 0xc3 in for 0xa9
02-11 20:17:39.067 32048 32048 E ArmVmp : Match on catch block at 0xc3 in for 0xa1
02-11 20:17:39.077 32048 32048 E ArmVmp : Match on catch block at 0xc3 in for 0xa1
02-11 20:17:39.079 32048 32048 E ArmVmp : Match on catch block at 0xc3 in for 0xa5
02-11 20:17:39.088 32048 32048 E ArmVmp : Match on catch block at 0xc3 in for 0xa5
02-11 20:17:39.090 32048 32048 E ArmVmp : Match on catch block at 0xc3 in for 0xa9
02-11 20:17:39.099 32048 32048 E ArmVmp : Match on catch block at 0xc3 in for 0xa9
02-11 20:17:39.101 32048 32048 E ArmVmp : Match on catch block at 0xc3 in for 0xa1
02-11 20:17:39.110 32048 32048 E ArmVmp : Match on catch block at 0xc3 in for 0xa1
02-11 20:17:39.112 32048 32048 E ArmVmp : Match on catch block at 0xc3 in for 0xa5
02-11 20:17:39.121 32048 32048 E ArmVmp : Match on catch block at 0xc3 in for 0xa5
02-11 20:17:39.123 32048 32048 E ArmVmp : Match on catch block at 0xc3 in for 0xa9
02-11 20:17:39.133 32048 32048 E ArmVmp : Match on catch block at 0xc3 in for 0xa9
02-11 20:17:39.135 32048 32048 E ArmVmp : Match on catch block at 0xc3 in for 0xa1
02-11 20:17:39.144 32048 32048 E ArmVmp : Match on catch block at 0xc3 in for 0xa1
02-11 20:17:39.146 32048 32048 E ArmVmp : Match on catch block at 0xc3 in for 0xa5
02-11 20:17:39.155 32048 32048 E ArmVmp : Match on catch block at 0xc3 in for 0xa5
02-11 20:17:39.157 32048 32048 E ArmVmp : Match on catch block at 0xc3 in for 0xa9
02-11 20:17:39.166 32048 32048 E ArmVmp : Match on catch block at 0xc3 in for 0xa9
02-11 20:17:39.169 32048 32048 E ArmVmp : Match on catch block at 0xc3 in for 0xa1
02-11 20:17:39.177 32048 32048 E ArmVmp : Match on catch block at 0xc3 in for 0xa1
02-11 20:17:39.179 32048 32048 E ArmVmp : Match on catch block at 0xc3 in for 0xa5
02-11 20:17:39.188 32048 32048 E ArmVmp : Match on catch block at 0xc3 in for 0xa5
02-11 20:17:39.190 32048 32048 E ArmVmp : Match on catch block at 0xc3 in for 0xa9
02-11 20:17:39.199 32048 32048 E ArmVmp : Match on catch block at 0xc3 in for 0xa9
02-11 20:17:39.201 32048 32048 E ArmVmp : Match on catch block at 0xc3 in for 0xa1
02-11 20:17:39.210 32048 32048 E ArmVmp : Match on catch block at 0xc3 in for 0xa1
02-11 20:17:39.213 32048 32048 E ArmVmp : Match on catch block at 0xc3 in for 0xa5
02-11 20:17:39.222 32048 32048 E ArmVmp : Match on catch block at 0xc3 in for 0xa5
02-11 20:17:39.224 32048 32048 E ArmVmp : Match on catch block at 0xc3 in for 0xa9
02-11 20:17:39.233 32048 32048 E ArmVmp : Match on catch block at 0xc3 in for 0xa9
02-11 20:17:39.234 32048 32048 E ArmVmp : Match on catch block at 0xc3 in for 0xa1
02-11 20:17:39.244 32048 32048 E ArmVmp : Match on catch block at 0xc3 in for 0xa1
02-11 20:17:39.245 32048 32048 E ArmVmp : Match on catch block at 0xc3 in for 0xa5
02-11 20:17:39.255 32048 32048 E ArmVmp : Match on catch block at 0xc3 in for 0xa5
02-11 20:17:39.257 32048 32048 E ArmVmp : Match on catch block at 0xc3 in for 0xa9
02-11 20:17:39.266 32048 32048 E ArmVmp : Match on catch block at 0xc3 in for 0xa9
02-11 20:17:39.268 32048 32048 E ArmVmp : Match on catch block at 0xc3 in for 0xa1
02-11 20:17:39.389 32048 32048 E ArmVmp : Match on catch block at 0xc3 in for 0xa1
02-11 20:17:39.392 32048 32048 E ArmVmp : Match on catch block at 0xc3 in for 0xa5
02-11 20:17:39.408 32048 32048 E ArmVmp : Match on catch block at 0xc3 in for 0xa9
02-11 20:17:39.413 32048 32048 E ArmVmp : Match on catch block at 0xc3 in for 0xa1
02-11 20:17:39.419 32048 32048 E ArmVmp : Match on catch block at 0xc3 in for 0xa1
02-11 20:17:39.424 32048 32048 E ArmVmp : Match on catch block at 0xc3 in for 0xa5
02-11 20:17:39.889 32048 32048 E ArmVmp : Match on catch block at 0xc3 in for 0xa5
02-11 20:17:39.892 32048 32048 E ArmVmp : Match on catch block at 0xc3 in for 0xa9
02-11 20:17:40.098 32048 32048 E ArmVmp : Match on catch block at 0xc3 in for 0xa5
02-11 20:17:40.101 32048 32048 E ArmVmp : Match on catch block at 0xc3 in for 0xa9
02-11 20:17:40.116 32048 32048 E ArmVmp : Match on catch block at 0xc3 in for 0xa5
02-11 20:17:40.120 32048 32048 E ArmVmp : Match on catch block at 0xc3 in for 0xa9
02-11 20:17:40.135 32048 32048 E ArmVmp : Match on catch block at 0xc3 in for 0xa9
02-11 20:17:40.140 32048 32048 E ArmVmp : Match on catch block at 0xc3 in for 0xa1
02-11 20:17:40.146 32048 32048 E ArmVmp : Match on catch block at 0xc3 in for 0xa1
02-11 20:17:40.150 32048 32048 E ArmVmp : Match on catch block at 0xc3 in for 0xa5
02-11 20:17:40.158 32048 32048 E ArmVmp : Match on catch block at 0xc3 in for 0xa5
02-11 20:17:40.162 32048 32048 E ArmVmp : Match on catch block at 0xc3 in for 0xa9
02-11 20:17:40.169 32048 32048 E ArmVmp : Match on catch block at 0xc3 in for 0xa9
02-11 20:17:40.172 32048 32048 E ArmVmp : Match on catch block at 0xc3 in for 0xa1
02-11 20:17:40.180 32048 32048 E ArmVmp : Match on catch block at 0xc3 in for 0xa1
02-11 20:17:40.183 32048 32048 E ArmVmp : Match on catch block at 0xc3 in for 0xa5
02-11 20:17:40.191 32048 32048 E ArmVmp : Match on catch block at 0xc3 in for 0xa5
02-11 20:17:40.193 32048 32048 E ArmVmp : Match on catch block at 0xc3 in for 0xa9
02-11 20:17:40.205 32048 32048 E ArmVmp : Match on catch block at 0xc3 in for 0xa9
02-11 20:17:40.208 32048 32048 E ArmVmp : Match on catch block at 0xc3 in for 0xa1
02-11 20:17:40.212 32048 32048 E ArmVmp : Match on catch block at 0xc3 in for 0xa1
02-11 20:17:40.217 32048 32048 E ArmVmp : Match on catch block at 0xc3 in for 0xa5
02-11 20:17:40.224 32048 32048 E ArmVmp : Match on catch block at 0xc3 in for 0xa5
02-11 20:17:40.227 32048 32048 E ArmVmp : Match on catch block at 0xc3 in for 0xa9
02-11 20:17:40.235 32048 32048 E ArmVmp : Match on catch block at 0xc3 in for 0xa9
02-11 20:17:40.237 32048 32048 E ArmVmp : Match on catch block at 0xc3 in for 0xa1
02-11 20:17:40.246 32048 32048 E ArmVmp : Match on catch block at 0xc3 in for 0xa1
02-11 20:17:40.250 32048 32048 E ArmVmp : Match on catch block at 0xc3 in for 0xa5
02-11 20:17:40.257 32048 32048 E ArmVmp : Match on catch block at 0xc3 in for 0xa5
02-11 20:17:40.260 32048 32048 E ArmVmp : Match on catch block at 0xc3 in for 0xa9
02-11 20:17:40.269 32048 32048 E ArmVmp : Match on catch block at 0xc3 in for 0xa9
02-11 20:17:40.271 32048 32048 E ArmVmp : Match on catch block at 0xc3 in for 0xa1
02-11 20:17:40.280 32048 32048 E ArmVmp : Match on catch block at 0xc3 in for 0xa1
02-11 20:17:40.282 32048 32048 E ArmVmp : Match on catch block at 0xc3 in for 0xa5
02-11 20:17:40.603 32048 32048 E ArmVmp : Match on catch block at 0xc3 in for 0xa5
02-11 20:17:40.606 32048 32048 E ArmVmp : Match on catch block at 0xc3 in for 0xa9
02-11 20:17:41.003 32048 32048 E ArmVmp : Match on catch block at 0xc3 in for 0xa9
02-11 20:17:41.007 32048 32048 E ArmVmp : Match on catch block at 0xc3 in for 0xa1
02-11 20:17:41.014 32048 32048 E ArmVmp : Match on catch block at 0xc3 in for 0xa1
02-11 20:17:41.018 32048 32048 E ArmVmp : Match on catch block at 0xc3 in for 0xa5
02-11 20:17:41.023 32048 32048 E ArmVmp : Match on catch block at 0xc3 in for 0xa5
02-11 20:17:41.029 32048 32048 E ArmVmp : Match on catch block at 0xc3 in for 0xa9
02-11 20:17:41.033 32048 32048 E ArmVmp : Match on catch block at 0xc3 in for 0xa9
02-11 20:17:41.037 32048 32048 E ArmVmp : Match on catch block at 0xc3 in for 0xa1
02-11 20:17:41.044 32048 32048 E ArmVmp : Match on catch block at 0xc3 in for 0xa1
02-11 20:17:41.048 32048 32048 E ArmVmp : Match on catch block at 0xc3 in for 0xa5
02-11 20:17:41.058 32048 32048 E ArmVmp : Match on catch block at 0xc3 in for 0xa5
02-11 20:17:41.062 32048 32048 E ArmVmp : Match on catch block at 0xc3 in for 0xa9
02-11 20:17:41.069 32048 32048 E ArmVmp : Match on catch block at 0xc3 in for 0xa9
02-11 20:17:41.075 32048 32048 E ArmVmp : Match on catch block at 0xc3 in for 0xa1
02-11 20:17:41.081 32048 32048 E ArmVmp : Match on catch block at 0xc3 in for 0xa1
02-11 20:17:41.085 32048 32048 E ArmVmp : Match on catch block at 0xc3 in for 0xa5
02-11 20:17:41.092 32048 32048 E ArmVmp : Match on catch block at 0xc3 in for 0xa5
02-11 20:17:41.096 32048 32048 E ArmVmp : Match on catch block at 0xc3 in for 0xa9
02-11 20:17:41.104 32048 32048 E ArmVmp : Match on catch block at 0xc3 in for 0xa9
02-11 20:17:41.108 32048 32048 E ArmVmp : Match on catch block at 0xc3 in for 0xa1
02-11 20:17:41.118 32048 32048 E ArmVmp : Match on catch block at 0xc3 in for 0xa5
02-11 20:17:41.121 32048 32048 E ArmVmp : Match on catch block at 0xc3 in for 0xa9
02-11 20:17:41.127 32048 32048 E ArmVmp : Match on catch block at 0xc3 in for 0xa9
02-11 20:17:41.131 32048 32048 E ArmVmp : Match on catch block at 0xc3 in for 0xa1
02-11 20:17:41.137 32048 32048 E ArmVmp : Match on catch block at 0xc3 in for 0xa1
02-11 20:17:41.140 32048 32048 E ArmVmp : Match on catch block at 0xc3 in for 0xa5
02-11 20:17:41.149 32048 32048 E ArmVmp : Match on catch block at 0xc3 in for 0xa5
02-11 20:17:41.153 32048 32048 E ArmVmp : Match on catch block at 0xc3 in for 0xa9
02-11 20:17:41.162 32048 32048 E ArmVmp : Match on catch block at 0xc3 in for 0xa5
02-11 20:17:41.166 32048 32048 E ArmVmp : Match on catch block at 0xc3 in for 0xa9
02-11 20:17:41.170 32048 32048 E ArmVmp : Match on catch block at 0xc3 in for 0xa9
02-11 20:17:41.173 32048 32048 E ArmVmp : Match on catch block at 0xc3 in for 0xa1
02-11 20:17:41.181 32048 32048 E ArmVmp : Match on catch block at 0xc3 in for 0xa1
02-11 20:17:41.184 32048 32048 E ArmVmp : Match on catch block at 0xc3 in for 0xa5
02-11 20:17:41.193 32048 32048 E ArmVmp : Match on catch block at 0xc3 in for 0xa5
02-11 20:17:41.196 32048 32048 E ArmVmp : Match on catch block at 0xc3 in for 0xa9
02-11 20:17:41.203 32048 32048 E ArmVmp : Match on catch block at 0xc3 in for 0xa9
02-11 20:17:41.206 32048 32048 E ArmVmp : Match on catch block at 0xc3 in for 0xa1
02-11 20:17:41.215 32048 32048 E ArmVmp : Match on catch block at 0xc3 in for 0xa1
02-11 20:17:41.217 32048 32048 E ArmVmp : Match on catch block at 0xc3 in for 0xa5
02-11 20:17:41.226 32048 32048 E ArmVmp : Match on catch block at 0xc3 in for 0xa5
02-11 20:17:41.233 32048 32048 E ArmVmp : Match on catch block at 0xc3 in for 0xa9
02-11 20:17:41.238 32048 32048 E ArmVmp : Match on catch block at 0xc3 in for 0xa9
02-11 20:17:41.242 32048 32048 E ArmVmp : Match on catch block at 0xc3 in for 0xa1
02-11 20:17:41.251 32048 32048 E ArmVmp : Match on catch block at 0xc3 in for 0xa1
02-11 20:17:41.256 32048 32048 E ArmVmp : Match on catch block at 0xc3 in for 0xa5
02-11 20:17:41.261 32048 32048 E ArmVmp : Match on catch block at 0xc3 in for 0xa5
02-11 20:17:41.268 32048 32048 E ArmVmp : Match on catch block at 0xc3 in for 0xa9
02-11 20:17:41.281 32048 32048 E ArmVmp : Match on catch block at 0xc3 in for 0xa9
02-11 20:17:41.286 32048 32048 E ArmVmp : Match on catch block at 0xc3 in for 0xa1
02-11 20:17:41.293 32048 32048 E ArmVmp : Match on catch block at 0xc3 in for 0xa1
02-11 20:17:41.305 32048 32048 E ArmVmp : Match on catch block at 0xc3 in for 0xa5
02-11 20:17:41.315 32048 32048 E ArmVmp : Match on catch block at 0xc3 in for 0xa5
02-11 20:17:41.319 32048 32048 E ArmVmp : Match on catch block at 0xc3 in for 0xa9
02-11 20:17:41.616 32048 32048 E ArmVmp : Match on catch block at 0xc3 in for 0xa9
02-11 20:17:41.618 32048 32048 E ArmVmp : Match on catch block at 0xc3 in for 0xa1
02-11 20:17:42.117 32048 32048 E ArmVmp : Match on catch block at 0xc3 in for 0xa1
02-11 20:17:42.121 32048 32048 E ArmVmp : Match on catch block at 0xc3 in for 0xa5
02-11 20:17:42.618 32048 32048 E ArmVmp : Match on catch block at 0xc3 in for 0xa5
02-11 20:17:42.622 32048 32048 E ArmVmp : Match on catch block at 0xc3 in for 0xa9
02-11 20:17:42.802 32048 32048 E ArmVmp : Match on catch block at 0xc3 in for 0xa5
02-11 20:17:42.805 32048 32048 E ArmVmp : Match on catch block at 0xc3 in for 0xa9
02-11 20:17:42.827 32048 32048 E ArmVmp : Match on catch block at 0xc3 in for 0xa1
02-11 20:17:42.830 32048 32048 E ArmVmp : Match on catch block at 0xc3 in for 0xa5
02-11 20:17:42.840 32048 32048 E ArmVmp : Match on catch block at 0xc3 in for 0xa1
02-11 20:17:42.843 32048 32048 E ArmVmp : Match on catch block at 0xc3 in for 0xa5
02-11 20:17:42.860 32048 32048 E ArmVmp : Match on catch block at 0xc3 in for 0xa9
02-11 20:17:42.862 32048 32048 E ArmVmp : Match on catch block at 0xc3 in for 0xa1
02-11 20:17:42.866 32048 32048 E ArmVmp : Match on catch block at 0xc3 in for 0xa1
02-11 20:17:42.868 32048 32048 E ArmVmp : Match on catch block at 0xc3 in for 0xa5
02-11 20:17:42.874 32048 32048 E ArmVmp : Match on catch block at 0xc3 in for 0xa5
02-11 20:17:42.877 32048 32048 E ArmVmp : Match on catch block at 0xc3 in for 0xa9
02-11 20:17:42.886 32048 32048 E ArmVmp : Match on catch block at 0xc3 in for 0xa9
02-11 20:17:42.889 32048 32048 E ArmVmp : Match on catch block at 0xc3 in for 0xa1
02-11 20:17:42.896 32048 32048 E ArmVmp : Match on catch block at 0xc3 in for 0xa1
02-11 20:17:42.900 32048 32048 E ArmVmp : Match on catch block at 0xc3 in for 0xa5
02-11 20:17:42.908 32048 32048 E ArmVmp : Match on catch block at 0xc3 in for 0xa5
02-11 20:17:42.915 32048 32048 E ArmVmp : Match on catch block at 0xc3 in for 0xa9
02-11 20:17:42.919 32048 32048 E ArmVmp : Match on catch block at 0xc3 in for 0xa9
02-11 20:17:42.922 32048 32048 E ArmVmp : Match on catch block at 0xc3 in for 0xa1
02-11 20:17:42.929 32048 32048 E ArmVmp : Match on catch block at 0xc3 in for 0xa1
02-11 20:17:42.933 32048 32048 E ArmVmp : Match on catch block at 0xc3 in for 0xa5
02-11 20:17:42.940 32048 32048 E ArmVmp : Match on catch block at 0xc3 in for 0xa5
02-11 20:17:42.942 32048 32048 E ArmVmp : Match on catch block at 0xc3 in for 0xa9
02-11 20:17:42.951 32048 32048 E ArmVmp : Match on catch block at 0xc3 in for 0xa9
02-11 20:17:42.954 32048 32048 E ArmVmp : Match on catch block at 0xc3 in for 0xa1
02-11 20:17:42.962 32048 32048 E ArmVmp : Match on catch block at 0xc3 in for 0xa1
02-11 20:17:42.964 32048 32048 E ArmVmp : Match on catch block at 0xc3 in for 0xa5
02-11 20:17:42.974 32048 32048 E ArmVmp : Match on catch block at 0xc3 in for 0xa5
02-11 20:17:42.977 32048 32048 E ArmVmp : Match on catch block at 0xc3 in for 0xa9
02-11 20:17:42.985 32048 32048 E ArmVmp : Match on catch block at 0xc3 in for 0xa9
02-11 20:17:42.988 32048 32048 E ArmVmp : Match on catch block at 0xc3 in for 0xa1
02-11 20:17:42.996 32048 32048 E ArmVmp : Match on catch block at 0xc3 in for 0xa1
02-11 20:17:42.999 32048 32048 E ArmVmp : Match on catch block at 0xc3 in for 0xa5
02-11 20:17:43.008 32048 32048 E ArmVmp : Match on catch block at 0xc3 in for 0xa5
02-11 20:17:43.011 32048 32048 E ArmVmp : Match on catch block at 0xc3 in for 0xa9
02-11 20:17:43.018 32048 32048 E ArmVmp : Match on catch block at 0xc3 in for 0xa9
02-11 20:17:43.021 32048 32048 E ArmVmp : Match on catch block at 0xc3 in for 0xa1
02-11 20:17:43.030 32048 32048 E ArmVmp : Match on catch block at 0xc3 in for 0xa1
02-11 20:17:43.033 32048 32048 E ArmVmp : Match on catch block at 0xc3 in for 0xa5
02-11 20:17:43.040 32048 32048 E ArmVmp : Match on catch block at 0xc3 in for 0xa5
02-11 20:17:43.043 32048 32048 E ArmVmp : Match on catch block at 0xc3 in for 0xa9
02-11 20:17:43.052 32048 32048 E ArmVmp : Match on catch block at 0xc3 in for 0xa9
02-11 20:17:43.055 32048 32048 E ArmVmp : Match on catch block at 0xc3 in for 0xa1
02-11 20:17:43.063 32048 32048 E ArmVmp : Match on catch block at 0xc3 in for 0xa1
02-11 20:17:43.067 32048 32048 E ArmVmp : Match on catch block at 0xc3 in for 0xa5
02-11 20:17:43.074 32048 32048 E ArmVmp : Match on catch block at 0xc3 in for 0xa5
02-11 20:17:43.077 32048 32048 E ArmVmp : Match on catch block at 0xc3 in for 0xa9
02-11 20:17:43.085 32048 32048 E ArmVmp : Match on catch block at 0xc3 in for 0xa9
02-11 20:17:43.089 32048 32048 E ArmVmp : Match on catch block at 0xc3 in for 0xa1
02-11 20:17:43.097 32048 32048 E ArmVmp : Match on catch block at 0xc3 in for 0xa1
02-11 20:17:43.100 32048 32048 E ArmVmp : Match on catch block at 0xc3 in for 0xa5
02-11 20:17:43.107 32048 32048 E ArmVmp : Match on catch block at 0xc3 in for 0xa5
02-11 20:17:43.111 32048 32048 E ArmVmp : Match on catch block at 0xc3 in for 0xa9
02-11 20:17:43.118 32048 32048 E ArmVmp : Match on catch block at 0xc3 in for 0xa9
02-11 20:17:43.123 32048 32048 E ArmVmp : Match on catch block at 0xc3 in for 0xa1
02-11 20:17:43.129 32048 32048 E ArmVmp : Match on catch block at 0xc3 in for 0xa1
02-11 20:17:43.133 32048 32048 E ArmVmp : Match on catch block at 0xc3 in for 0xa5
02-11 20:17:43.141 32048 32048 E ArmVmp : Match on catch block at 0xc3 in for 0xa5
02-11 20:17:43.146 32048 32048 E ArmVmp : Match on catch block at 0xc3 in for 0xa9
02-11 20:17:43.152 32048 32048 E ArmVmp : Match on catch block at 0xc3 in for 0xa9
02-11 20:17:43.155 32048 32048 E ArmVmp : Match on catch block at 0xc3 in for 0xa1
02-11 20:17:43.163 32048 32048 E ArmVmp : Match on catch block at 0xc3 in for 0xa1
02-11 20:17:43.166 32048 32048 E ArmVmp : Match on catch block at 0xc3 in for 0xa5
02-11 20:17:43.174 32048 32048 E ArmVmp : Match on catch block at 0xc3 in for 0xa5
02-11 20:17:43.178 32048 32048 E ArmVmp : Match on catch block at 0xc3 in for 0xa9
02-11 20:17:43.186 32048 32048 E ArmVmp : Match on catch block at 0xc3 in for 0xa9
02-11 20:17:43.189 32048 32048 E ArmVmp : Match on catch block at 0xc3 in for 0xa1
02-11 20:17:43.197 32048 32048 E ArmVmp : Match on catch block at 0xc3 in for 0xa1
02-11 20:17:43.200 32048 32048 E ArmVmp : Match on catch block at 0xc3 in for 0xa5
02-11 20:17:43.208 32048 32048 E ArmVmp : Match on catch block at 0xc3 in for 0xa5
02-11 20:17:43.211 32048 32048 E ArmVmp : Match on catch block at 0xc3 in for 0xa9
02-11 20:17:43.218 32048 32048 E ArmVmp : Match on catch block at 0xc3 in for 0xa9
02-11 20:17:43.222 32048 32048 E ArmVmp : Match on catch block at 0xc3 in for 0xa1
02-11 20:17:43.230 32048 32048 E ArmVmp : Match on catch block at 0xc3 in for 0xa1
02-11 20:17:43.233 32048 32048 E ArmVmp : Match on catch block at 0xc3 in for 0xa5
02-11 20:17:43.241 32048 32048 E ArmVmp : Match on catch block at 0xc3 in for 0xa5
02-11 20:17:43.244 32048 32048 E ArmVmp : Match on catch block at 0xc3 in for 0xa9
02-11 20:17:43.253 32048 32048 E ArmVmp : Match on catch block at 0xc3 in for 0xa9
02-11 20:17:43.255 32048 32048 E ArmVmp : Match on catch block at 0xc3 in for 0xa1
02-11 20:17:43.457 32048 32048 E ArmVmp : Match on catch block at 0xc3 in for 0xa5
02-11 20:17:43.461 32048 32048 E ArmVmp : Match on catch block at 0xc3 in for 0xa9
02-11 20:17:43.468 32048 32048 E ArmVmp : Match on catch block at 0xc3 in for 0xa9
02-11 20:17:43.470 32048 32048 E ArmVmp : Match on catch block at 0xc3 in for 0xa1
02-11 20:17:43.477 32048 32048 E ArmVmp : Match on catch block at 0xc3 in for 0xa1
02-11 20:17:43.480 32048 32048 E ArmVmp : Match on catch block at 0xc3 in for 0xa5
02-11 20:17:43.486 32048 32048 E ArmVmp : Match on catch block at 0xc3 in for 0xa5
02-11 20:17:43.489 32048 32048 E ArmVmp : Match on catch block at 0xc3 in for 0xa9
02-11 20:17:43.497 32048 32048 E ArmVmp : Match on catch block at 0xc3 in for 0xa9
02-11 20:17:43.501 32048 32048 E ArmVmp : Match on catch block at 0xc3 in for 0xa1
02-11 20:17:43.512 32048 32048 E ArmVmp : Match on catch block at 0xc3 in for 0xa1
02-11 20:17:43.515 32048 32048 E ArmVmp : Match on catch block at 0xc3 in for 0xa5
02-11 20:17:43.521 32048 32048 E ArmVmp : Match on catch block at 0xc3 in for 0xa5
02-11 20:17:43.524 32048 32048 E ArmVmp : Match on catch block at 0xc3 in for 0xa9
02-11 20:17:43.530 32048 32048 E ArmVmp : Match on catch block at 0xc3 in for 0xa9
02-11 20:17:43.533 32048 32048 E ArmVmp : Match on catch block at 0xc3 in for 0xa1
02-11 20:17:43.542 32048 32048 E ArmVmp : Match on catch block at 0xc3 in for 0xa1
02-11 20:17:43.548 32048 32048 E ArmVmp : Match on catch block at 0xc3 in for 0xa5
02-11 20:17:43.555 32048 32048 E ArmVmp : Match on catch block at 0xc3 in for 0xa5
02-11 20:17:43.558 32048 32048 E ArmVmp : Match on catch block at 0xc3 in for 0xa9
02-11 20:17:43.564 32048 32048 E ArmVmp : Match on catch block at 0xc3 in for 0xa9
02-11 20:17:43.567 32048 32048 E ArmVmp : Match on catch block at 0xc3 in for 0xa1
02-11 20:17:43.575 32048 32048 E ArmVmp : Match on catch block at 0xc3 in for 0xa1
02-11 20:17:43.578 32048 32048 E ArmVmp : Match on catch block at 0xc3 in for 0xa5
02-11 20:17:43.587 32048 32048 E ArmVmp : Match on catch block at 0xc3 in for 0xa5
02-11 20:17:43.589 32048 32048 E ArmVmp : Match on catch block at 0xc3 in for 0xa9
02-11 20:17:43.598 32048 32048 E ArmVmp : Match on catch block at 0xc3 in for 0xa9
02-11 20:17:43.601 32048 32048 E ArmVmp : Match on catch block at 0xc3 in for 0xa1
02-11 20:17:43.610 32048 32048 E ArmVmp : Match on catch block at 0xc3 in for 0xa1
02-11 20:17:43.612 32048 32048 E ArmVmp : Match on catch block at 0xc3 in for 0xa5
02-11 20:17:43.620 32048 32048 E ArmVmp : Match on catch block at 0xc3 in for 0xa5
02-11 20:17:43.623 32048 32048 E ArmVmp : Match on catch block at 0xc3 in for 0xa9
02-11 20:17:43.631 32048 32048 E ArmVmp : Match on catch block at 0xc3 in for 0xa9
02-11 20:17:43.634 32048 32048 E ArmVmp : Match on catch block at 0xc3 in for 0xa1
02-11 20:17:43.643 32048 32048 E ArmVmp : Match on catch block at 0xc3 in for 0xa1
02-11 20:17:43.646 32048 32048 E ArmVmp : Match on catch block at 0xc3 in for 0xa5
02-11 20:17:43.654 32048 32048 E ArmVmp : Match on catch block at 0xc3 in for 0xa5
02-11 20:17:43.657 32048 32048 E ArmVmp : Match on catch block at 0xc3 in for 0xa9
02-11 20:17:43.665 32048 32048 E ArmVmp : Match on catch block at 0xc3 in for 0xa9
02-11 20:17:43.668 32048 32048 E ArmVmp : Match on catch block at 0xc3 in for 0xa1
02-11 20:17:43.676 32048 32048 E ArmVmp : Match on catch block at 0xc3 in for 0xa1
02-11 20:17:43.678 32048 32048 E ArmVmp : Match on catch block at 0xc3 in for 0xa5
02-11 20:17:43.687 32048 32048 E ArmVmp : Match on catch block at 0xc3 in for 0xa5
02-11 20:17:43.689 32048 32048 E ArmVmp : Match on catch block at 0xc3 in for 0xa9
02-11 20:17:43.698 32048 32048 E ArmVmp : Match on catch block at 0xc3 in for 0xa9
02-11 20:17:43.701 32048 32048 E ArmVmp : Match on catch block at 0xc3 in for 0xa1
02-11 20:17:43.709 32048 32048 E ArmVmp : Match on catch block at 0xc3 in for 0xa1
02-11 20:17:43.712 32048 32048 E ArmVmp : Match on catch block at 0xc3 in for 0xa5
02-11 20:17:43.720 32048 32048 E ArmVmp : Match on catch block at 0xc3 in for 0xa5
02-11 20:17:43.723 32048 32048 E ArmVmp : Match on catch block at 0xc3 in for 0xa9
02-11 20:17:43.731 32048 32048 E ArmVmp : Match on catch block at 0xc3 in for 0xa9
02-11 20:17:43.734 32048 32048 E ArmVmp : Match on catch block at 0xc3 in for 0xa1
02-11 20:17:43.743 32048 32048 E ArmVmp : Match on catch block at 0xc3 in for 0xa1
02-11 20:17:43.745 32048 32048 E ArmVmp : Match on catch block at 0xc3 in for 0xa5
02-11 20:17:43.754 32048 32048 E ArmVmp : Match on catch block at 0xc3 in for 0xa5
02-11 20:17:43.757 32048 32048 E ArmVmp : Match on catch block at 0xc3 in for 0xa9
02-11 20:17:43.765 32048 32048 E ArmVmp : Match on catch block at 0xc3 in for 0xa9
02-11 20:17:43.767 32048 32048 E ArmVmp : Match on catch block at 0xc3 in for 0xa1
02-11 20:17:43.776 32048 32048 E ArmVmp : Match on catch block at 0xc3 in for 0xa1
02-11 20:17:43.779 32048 32048 E ArmVmp : Match on catch block at 0xc3 in for 0xa5
02-11 20:17:43.787 32048 32048 E ArmVmp : Match on catch block at 0xc3 in for 0xa5
02-11 20:17:43.790 32048 32048 E ArmVmp : Match on catch block at 0xc3 in for 0xa9
02-11 20:17:43.798 32048 32048 E ArmVmp : Match on catch block at 0xc3 in for 0xa9
02-11 20:17:43.802 32048 32048 E ArmVmp : Match on catch block at 0xc3 in for 0xa1
02-11 20:17:43.809 32048 32048 E ArmVmp : Match on catch block at 0xc3 in for 0xa1
02-11 20:17:43.813 32048 32048 E ArmVmp : Match on catch block at 0xc3 in for 0xa5
02-11 20:17:43.821 32048 32048 E ArmVmp : Match on catch block at 0xc3 in for 0xa5
02-11 20:17:43.823 32048 32048 E ArmVmp : Match on catch block at 0xc3 in for 0xa9
02-11 20:17:43.831 32048 32048 E ArmVmp : Match on catch block at 0xc3 in for 0xa9
02-11 20:17:43.834 32048 32048 E ArmVmp : Match on catch block at 0xc3 in for 0xa1
02-11 20:17:43.843 32048 32048 E ArmVmp : Match on catch block at 0xc3 in for 0xa1
02-11 20:17:43.846 32048 32048 E ArmVmp : Match on catch block at 0xc3 in for 0xa5
02-11 20:17:43.854 32048 32048 E ArmVmp : Match on catch block at 0xc3 in for 0xa5
02-11 20:17:43.857 32048 32048 E ArmVmp : Match on catch block at 0xc3 in for 0xa9
02-11 20:17:43.866 32048 32048 E ArmVmp : Match on catch block at 0xc3 in for 0xa9
02-11 20:17:43.868 32048 32048 E ArmVmp : Match on catch block at 0xc3 in for 0xa1
02-11 20:17:43.876 32048 32048 E ArmVmp : Match on catch block at 0xc3 in for 0xa1
02-11 20:17:43.879 32048 32048 E ArmVmp : Match on catch block at 0xc3 in for 0xa5
02-11 20:17:43.887 32048 32048 E ArmVmp : Match on catch block at 0xc3 in for 0xa5
02-11 20:17:43.891 32048 32048 E ArmVmp : Match on catch block at 0xc3 in for 0xa9
02-11 20:17:43.898 32048 32048 E ArmVmp : Match on catch block at 0xc3 in for 0xa9
02-11 20:17:43.901 32048 32048 E ArmVmp : Match on catch block at 0xc3 in for 0xa1
02-11 20:17:43.910 32048 32048 E ArmVmp : Match on catch block at 0xc3 in for 0xa1
02-11 20:17:43.912 32048 32048 E ArmVmp : Match on catch block at 0xc3 in for 0xa5
02-11 20:17:43.921 32048 32048 E ArmVmp : Match on catch block at 0xc3 in for 0xa5
02-11 20:17:43.924 32048 32048 E ArmVmp : Match on catch block at 0xc3 in for 0xa9
02-11 20:17:43.932 32048 32048 E ArmVmp : Match on catch block at 0xc3 in for 0xa9
02-11 20:17:43.935 32048 32048 E ArmVmp : Match on catch block at 0xc3 in for 0xa1
02-11 20:17:43.943 32048 32048 E ArmVmp : Match on catch block at 0xc3 in for 0xa1
02-11 20:17:43.946 32048 32048 E ArmVmp : Match on catch block at 0xc3 in for 0xa5
02-11 20:17:43.954 32048 32048 E ArmVmp : Match on catch block at 0xc3 in for 0xa5
02-11 20:17:43.957 32048 32048 E ArmVmp : Match on catch block at 0xc3 in for 0xa9
02-11 20:17:43.965 32048 32048 E ArmVmp : Match on catch block at 0xc3 in for 0xa9
02-11 20:17:43.968 32048 32048 E ArmVmp : Match on catch block at 0xc3 in for 0xa1
02-11 20:17:43.976 32048 32048 E ArmVmp : Match on catch block at 0xc3 in for 0xa1
02-11 20:17:43.979 32048 32048 E ArmVmp : Match on catch block at 0xc3 in for 0xa5
02-11 20:17:43.988 32048 32048 E ArmVmp : Match on catch block at 0xc3 in for 0xa5
02-11 20:17:43.990 32048 32048 E ArmVmp : Match on catch block at 0xc3 in for 0xa9
02-11 20:17:43.999 32048 32048 E ArmVmp : Match on catch block at 0xc3 in for 0xa9
02-11 20:17:44.002 32048 32048 E ArmVmp : Match on catch block at 0xc3 in for 0xa1
02-11 20:17:44.010 32048 32048 E ArmVmp : Match on catch block at 0xc3 in for 0xa1
02-11 20:17:44.013 32048 32048 E ArmVmp : Match on catch block at 0xc3 in for 0xa5
02-11 20:17:44.021 32048 32048 E ArmVmp : Match on catch block at 0xc3 in for 0xa5
02-11 20:17:44.024 32048 32048 E ArmVmp : Match on catch block at 0xc3 in for 0xa9
02-11 20:17:44.032 32048 32048 E ArmVmp : Match on catch block at 0xc3 in for 0xa9
02-11 20:17:44.035 32048 32048 E ArmVmp : Match on catch block at 0xc3 in for 0xa1
02-11 20:17:44.043 32048 32048 E ArmVmp : Match on catch block at 0xc3 in for 0xa1
02-11 20:17:44.046 32048 32048 E ArmVmp : Match on catch block at 0xc3 in for 0xa5
02-11 20:17:44.054 32048 32048 E ArmVmp : Match on catch block at 0xc3 in for 0xa5
02-11 20:17:44.057 32048 32048 E ArmVmp : Match on catch block at 0xc3 in for 0xa9
02-11 20:17:44.066 32048 32048 E ArmVmp : Match on catch block at 0xc3 in for 0xa9
02-11 20:17:44.069 32048 32048 E ArmVmp : Match on catch block at 0xc3 in for 0xa1
02-11 20:17:44.076 32048 32048 E ArmVmp : Match on catch block at 0xc3 in for 0xa1
02-11 20:17:44.079 32048 32048 E ArmVmp : Match on catch block at 0xc3 in for 0xa5
02-11 20:17:44.089 32048 32048 E ArmVmp : Match on catch block at 0xc3 in for 0xa5
02-11 20:17:44.091 32048 32048 E ArmVmp : Match on catch block at 0xc3 in for 0xa9
02-11 20:17:44.098 32048 32048 E ArmVmp : Match on catch block at 0xc3 in for 0xa9
02-11 20:17:44.101 32048 32048 E ArmVmp : Match on catch block at 0xc3 in for 0xa1
02-11 20:17:44.109 32048 32048 E ArmVmp : Match on catch block at 0xc3 in for 0xa1
02-11 20:17:44.112 32048 32048 E ArmVmp : Match on catch block at 0xc3 in for 0xa5
02-11 20:17:44.121 32048 32048 E ArmVmp : Match on catch block at 0xc3 in for 0xa5
02-11 20:17:44.124 32048 32048 E ArmVmp : Match on catch block at 0xc3 in for 0xa9
02-11 20:17:44.132 32048 32048 E ArmVmp : Match on catch block at 0xc3 in for 0xa9
02-11 20:17:44.134 32048 32048 E ArmVmp : Match on catch block at 0xc3 in for 0xa1
02-11 20:17:44.143 32048 32048 E ArmVmp : Match on catch block at 0xc3 in for 0xa1
02-11 20:17:44.145 32048 32048 E ArmVmp : Match on catch block at 0xc3 in for 0xa5
02-11 20:17:44.154 32048 32048 E ArmVmp : Match on catch block at 0xc3 in for 0xa5
02-11 20:17:44.157 32048 32048 E ArmVmp : Match on catch block at 0xc3 in for 0xa9
02-11 20:17:44.165 32048 32048 E ArmVmp : Match on catch block at 0xc3 in for 0xa9
02-11 20:17:44.168 32048 32048 E ArmVmp : Match on catch block at 0xc3 in for 0xa1
02-11 20:17:44.177 32048 32048 E ArmVmp : Match on catch block at 0xc3 in for 0xa1
02-11 20:17:44.179 32048 32048 E ArmVmp : Match on catch block at 0xc3 in for 0xa5
02-11 20:17:44.187 32048 32048 E ArmVmp : Match on catch block at 0xc3 in for 0xa5
02-11 20:17:44.189 32048 32048 E ArmVmp : Match on catch block at 0xc3 in for 0xa9
02-11 20:17:44.198 32048 32048 E ArmVmp : Match on catch block at 0xc3 in for 0xa9
02-11 20:17:44.201 32048 32048 E ArmVmp : Match on catch block at 0xc3 in for 0xa1
02-11 20:17:44.209 32048 32048 E ArmVmp : Match on catch block at 0xc3 in for 0xa1
02-11 20:17:44.212 32048 32048 E ArmVmp : Match on catch block at 0xc3 in for 0xa5
02-11 20:17:44.221 32048 32048 E ArmVmp : Match on catch block at 0xc3 in for 0xa5
02-11 20:17:44.223 32048 32048 E ArmVmp : Match on catch block at 0xc3 in for 0xa9
02-11 20:17:44.232 32048 32048 E ArmVmp : Match on catch block at 0xc3 in for 0xa9
02-11 20:17:44.234 32048 32048 E ArmVmp : Match on catch block at 0xc3 in for 0xa1
02-11 20:17:44.243 32048 32048 E ArmVmp : Match on catch block at 0xc3 in for 0xa1
02-11 20:17:44.245 32048 32048 E ArmVmp : Match on catch block at 0xc3 in for 0xa5
02-11 20:17:44.254 32048 32048 E ArmVmp : Match on catch block at 0xc3 in for 0xa5
02-11 20:17:44.256 32048 32048 E ArmVmp : Match on catch block at 0xc3 in for 0xa9
02-11 20:17:44.265 32048 32048 E ArmVmp : Match on catch block at 0xc3 in for 0xa9
02-11 20:17:44.268 32048 32048 E ArmVmp : Match on catch block at 0xc3 in for 0xa1
02-11 20:17:44.277 32048 32048 E ArmVmp : Match on catch block at 0xc3 in for 0xa1
02-11 20:17:44.279 32048 32048 E ArmVmp : Match on catch block at 0xc3 in for 0xa5
02-11 20:17:44.287 32048 32048 E ArmVmp : Match on catch block at 0xc3 in for 0xa5
02-11 20:17:44.290 32048 32048 E ArmVmp : Match on catch block at 0xc3 in for 0xa9
02-11 20:17:44.298 32048 32048 E ArmVmp : Match on catch block at 0xc3 in for 0xa9
02-11 20:17:44.302 32048 32048 E ArmVmp : Match on catch block at 0xc3 in for 0xa1
02-11 20:17:44.440 32048 32048 E ArmVmp : Match on catch block at 0xc3 in for 0xa1
02-11 20:17:44.443 32048 32048 E ArmVmp : Match on catch block at 0xc3 in for 0xa5
02-11 20:17:44.451 32048 32048 E ArmVmp : Match on catch block at 0xc3 in for 0xa5
02-11 20:17:44.455 32048 32048 E ArmVmp : Match on catch block at 0xc3 in for 0xa9
02-11 20:17:44.654 32048 32048 E ArmVmp : Match on catch block at 0xc3 in for 0xa9
02-11 20:17:44.657 32048 32048 E ArmVmp : Match on catch block at 0xc3 in for 0xa1
02-11 20:17:44.785 32048 32048 E ArmVmp : Match on catch block at 0xc3 in for 0xa1
02-11 20:17:44.789 32048 32048 E ArmVmp : Match on catch block at 0xc3 in for 0xa5
02-11 20:17:44.805 32048 32048 E ArmVmp : Match on catch block at 0xc3 in for 0xa5
02-11 20:17:44.808 32048 32048 E ArmVmp : Match on catch block at 0xc3 in for 0xa9
02-11 20:17:44.865 32048 32048 E ArmVmp : Match on catch block at 0xc3 in for 0xa1
02-11 20:17:44.868 32048 32048 E ArmVmp : Match on catch block at 0xc3 in for 0xa5
02-11 20:17:45.292 32048 32517 W libEGL : EGLNativeWindowType 0xb400007793189b40
disconnect failed
02-11 20:17:45.298 32048 32048 E ArmVmp : Match on catch block at 0xc3 in for 0xa1
02-11 20:17:45.301 32048 32048 E ArmVmp : Match on catch block at 0xc3 in for 0xa5
02-11 20:17:46.526 32048 32517 W libEGL : EGLNativeWindowType 0xb4000077931569c0
disconnect failed
02-11 20:17:48.914 32048 32048 E ArmVmp : Match on catch block at 0x0a in for 0xc9
02-11 20:17:48.926 32048 32048 E ArmVmp : Match on catch block at 0x0a in for
0x139
02-11 20:17:49.396 32048 32048 E RecyclerView: No adapter attached; skipping layout
02-11 20:17:49.422 32048 32048 E RecyclerView: No adapter attached; skipping layout
02-11 20:17:49.432 32048 32048 E ArmVmp : Match on catch block at 0x0a in for 0xd5
02-11 20:17:49.938 32048 32063 W System : A resource failed to call dispose.
02-11 20:17:50.334 32048 32517 W libEGL : EGLNativeWindowType 0xb4000077931b88a0
disconnect failed
02-11 20:17:57.904 32048 32496 E SQLiteDatabase: Error inserting transferred=1
media_job_uuid=96b097cf-3a05-45b6-bb21-11b66a426f76 transcoded=0 gif_attribution=0
first_scan_length=0 direct_path=/v/t62.15575-
24/29954219_1083596476305512_8062325792660567485_n.enc?ccb=11-4&oh=01_AdT-
YeDUoDHCE8HG2nXSSdkYKlDuQ5OBx7OlatrZuF0G6g&oe=65F10636&_nc_sid=5e03e0
thumbnail_height_width_ratio=1.0 is_animated_sticker=0
file_hash=eVB5zx/q2a02IyilrFP/xcHQTxsSp88dphMfcqUblIM= file_path=Media/WhatsApp
Stickers/STK-20240211-WA0020.webp file_size=0 partial_media_hash=null face_x=0
face_y=0 height=64 trim_to=0 media_key_timestamp=1707630516000
message_url=https://mmg.whatsapp.net/v/t62.15575-
24/29954219_1083596476305512_8062325792660567485_n.enc?ccb=11-4&oh=01_AdT-
YeDUoDHCE8HG2nXSSdkYKlDuQ5OBx7OlatrZuF0G6g&oe=65F10636&_nc_sid=5e03e0&mms3=true
media_caption=null trim_from=0 mime_type=image/webp partial_media_enc_hash=null
width=64 original_file_hash=null has_streaming_sidecar=0
autotransfer_retry_enabled=1 media_upload_handle=null message_row_id=498
multicast_id=null enc_file_hash=nlY6N4YZ26vcdw9YnZ/WW67YYx4nVZC4kwwhgfhFHtw=
mute_video=0 page_count=0 first_scan_sidecar=null suspicious_content=0
file_length=60882 media_name=null media_duration=0 chat_row_id=35
media_key=[B@92312e5
02-11 20:17:57.904 32048 32496 E SQLiteDatabase:
android.database.sqlite.SQLiteConstraintException: UNIQUE constraint failed:
message_media.message_row_id (code 1555 SQLITE_CONSTRAINT_PRIMARYKEY)
02-11 20:17:57.904 32048 32496 E SQLiteDatabase: at
android.database.sqlite.SQLiteConnection.nativeExecuteForLastInsertedRowId(Native
Method)
02-11 20:17:57.904 32048 32496 E SQLiteDatabase: at
android.database.sqlite.SQLiteConnection.executeForLastInsertedRowId(SQLiteConnecti
on.java:938)
02-11 20:17:57.904 32048 32496 E SQLiteDatabase: at
android.database.sqlite.SQLiteSession.executeForLastInsertedRowId(SQLiteSession.jav
a:790)
02-11 20:17:57.904 32048 32496 E SQLiteDatabase: at
android.database.sqlite.SQLiteStatement.executeInsert(SQLiteStatement.java:88)
02-11 20:17:57.904 32048 32496 E SQLiteDatabase: at
android.database.sqlite.SQLiteDatabase.insertWithOnConflict(SQLiteDatabase.java:170
1)
02-11 20:17:57.904 32048 32496 E SQLiteDatabase: at
android.database.sqlite.SQLiteDatabase.insert(SQLiteDatabase.java:1570)
02-11 20:17:57.904 32048 32496 E SQLiteDatabase: at X.2tm.A08(Unknown
Source:6)
02-11 20:17:57.904 32048 32496 E SQLiteDatabase: at X.35Y.A07(Unknown
Source:212)
02-11 20:17:57.904 32048 32496 E SQLiteDatabase: at X.3QF.A14(Unknown
Source:470)
02-11 20:17:57.904 32048 32496 E SQLiteDatabase: at X.3gU.run(Unknown
Source:982)
02-11 20:17:57.904 32048 32496 E SQLiteDatabase: at
android.os.Handler.handleCallback(Handler.java:938)
02-11 20:17:57.904 32048 32496 E SQLiteDatabase: at
android.os.Handler.dispatchMessage(Handler.java:99)
02-11 20:17:57.904 32048 32496 E SQLiteDatabase: at
X.0zq.dispatchMessage(Unknown Source:4)
02-11 20:17:57.904 32048 32496 E SQLiteDatabase: at
android.os.Looper.loop(Looper.java:223)
02-11 20:17:57.904 32048 32496 E SQLiteDatabase: at
android.os.HandlerThread.run(HandlerThread.java:67)
02-11 20:17:57.908 32048 32496 E SQLiteDatabase: Error inserting transferred=1
media_job_uuid=1923aa5d-87a8-45e6-aa4d-21f5a49a658d transcoded=0 gif_attribution=0
first_scan_length=0 direct_path=/v/t62.15575-
24/29954219_1083596476305512_8062325792660567485_n.enc?ccb=11-4&oh=01_AdT-
YeDUoDHCE8HG2nXSSdkYKlDuQ5OBx7OlatrZuF0G6g&oe=65F10636&_nc_sid=5e03e0
thumbnail_height_width_ratio=1.0 is_animated_sticker=0
file_hash=eVB5zx/q2a02IyilrFP/xcHQTxsSp88dphMfcqUblIM= file_path=Media/WhatsApp
Stickers/STK-20240211-WA0020.webp file_size=0 partial_media_hash=null face_x=0
face_y=0 height=64 trim_to=0 media_key_timestamp=1707630516000
message_url=https://mmg.whatsapp.net/v/t62.15575-
24/29954219_1083596476305512_8062325792660567485_n.enc?ccb=11-4&oh=01_AdT-
YeDUoDHCE8HG2nXSSdkYKlDuQ5OBx7OlatrZuF0G6g&oe=65F10636&_nc_sid=5e03e0&mms3=true
media_caption=null trim_from=0 mime_type=image/webp partial_media_enc_hash=null
width=64 original_file_hash=null has_streaming_sidecar=0
autotransfer_retry_enabled=1 media_upload_handle=null message_row_id=497
multicast_id=null enc_file_hash=nlY6N4YZ26vcdw9YnZ/WW67YYx4nVZC4kwwhgfhFHtw=
mute_video=0 page_count=0 first_scan_sidecar=null suspicious_content=0
file_length=60882 media_name=null media_duration=0 chat_row_id=35
media_key=[B@881afc8
02-11 20:17:57.908 32048 32496 E SQLiteDatabase:
android.database.sqlite.SQLiteConstraintException: UNIQUE constraint failed:
message_media.message_row_id (code 1555 SQLITE_CONSTRAINT_PRIMARYKEY)
02-11 20:17:57.908 32048 32496 E SQLiteDatabase: at
android.database.sqlite.SQLiteConnection.nativeExecuteForLastInsertedRowId(Native
Method)
02-11 20:17:57.908 32048 32496 E SQLiteDatabase: at
android.database.sqlite.SQLiteConnection.executeForLastInsertedRowId(SQLiteConnecti
on.java:938)
02-11 20:17:57.908 32048 32496 E SQLiteDatabase: at
android.database.sqlite.SQLiteSession.executeForLastInsertedRowId(SQLiteSession.jav
a:790)
02-11 20:17:57.908 32048 32496 E SQLiteDatabase: at
android.database.sqlite.SQLiteStatement.executeInsert(SQLiteStatement.java:88)
02-11 20:17:57.908 32048 32496 E SQLiteDatabase: at
android.database.sqlite.SQLiteDatabase.insertWithOnConflict(SQLiteDatabase.java:170
1)
02-11 20:17:57.908 32048 32496 E SQLiteDatabase: at
android.database.sqlite.SQLiteDatabase.insert(SQLiteDatabase.java:1570)
02-11 20:17:57.908 32048 32496 E SQLiteDatabase: at X.2tm.A08(Unknown
Source:6)
02-11 20:17:57.908 32048 32496 E SQLiteDatabase: at X.35Y.A07(Unknown
Source:212)
02-11 20:17:57.908 32048 32496 E SQLiteDatabase: at X.3QF.A14(Unknown
Source:470)
02-11 20:17:57.908 32048 32496 E SQLiteDatabase: at X.3gU.run(Unknown
Source:982)
02-11 20:17:57.908 32048 32496 E SQLiteDatabase: at
android.os.Handler.handleCallback(Handler.java:938)
02-11 20:17:57.908 32048 32496 E SQLiteDatabase: at
android.os.Handler.dispatchMessage(Handler.java:99)
02-11 20:17:57.908 32048 32496 E SQLiteDatabase: at
X.0zq.dispatchMessage(Unknown Source:4)
02-11 20:17:57.908 32048 32496 E SQLiteDatabase: at
android.os.Looper.loop(Looper.java:223)
02-11 20:17:57.908 32048 32496 E SQLiteDatabase: at
android.os.HandlerThread.run(HandlerThread.java:67)
--------- beginning of system
02-11 21:06:48.390 32048 32048 W ViewRootImpl[PopupWindow:617652d]: Dropping event
due to root view being removed: MotionEvent { action=ACTION_MOVE, actionButton=0,
id[0]=0, x[0]=661.0472, y[0]=149.51593, toolType[0]=TOOL_TYPE_FINGER,
buttonState=0, classification=NONE, metaState=0, flags=0x0, edgeFlags=0x0,
pointerCount=1, historySize=0, eventTime=69235908, downTime=69235903, deviceId=5,
source=0x1002, displayId=0 }
02-11 21:06:59.262 32048 32048 W ActivityThread: Main thread can not be idle for a
long time.
02-11 21:08:44.167 32048 32048 W ActivityThread: Main thread can not be idle for a
long time.
02-11 21:14:20.414 32048 32048 W ViewRootImpl[MediaComposerActivity]: Dropping
event due to root view being removed: KeyEvent { action=ACTION_UP,
keyCode=KEYCODE_BACK, scanCode=0, metaState=0, flags=0x48, repeatCount=0,
eventTime=69687904, downTime=69687904, deviceId=-1, source=0x101, displayId=-1 }
02-11 21:14:27.481 32048 32048 W ViewRootImpl[MediaComposerActivity]: Dropping
event due to no window focus: MotionEvent { action=ACTION_DOWN, actionButton=0,
id[0]=0, x[0]=712.0111, y[0]=909.43164, toolType[0]=TOOL_TYPE_FINGER,
buttonState=0, classification=NONE, metaState=0, flags=0x0, edgeFlags=0x0,
pointerCount=1, historySize=0, eventTime=69695008, downTime=69695008, deviceId=5,
source=0x1002, displayId=0 }
02-11 21:14:27.492 32048 32048 W ViewRootImpl[MediaComposerActivity]: Dropping
event due to no window focus: MotionEvent { action=ACTION_MOVE, actionButton=0,
id[0]=0, x[0]=698.5299, y[0]=913.92883, toolType[0]=TOOL_TYPE_FINGER,
buttonState=0, classification=NONE, metaState=0, flags=0x0, edgeFlags=0x0,
pointerCount=1, historySize=1, eventTime=69695017, downTime=69695008, deviceId=5,
source=0x1002, displayId=0 }
02-11 21:14:27.495 32048 32048 W ViewRootImpl[MediaComposerActivity]: Cancelling
event due to no window focus: MotionEvent { action=ACTION_CANCEL, actionButton=0,
id[0]=0, x[0]=693.0375, y[0]=914.42847, toolType[0]=TOOL_TYPE_FINGER,
buttonState=0, classification=NONE, metaState=0, flags=0x0, edgeFlags=0x0,
pointerCount=1, historySize=0, eventTime=69695024, downTime=69695008, deviceId=5,
source=0x1002, displayId=0 }
02-11 21:14:27.495 32048 32048 W ViewRootImpl[MediaComposerActivity]: Cancelling
event due to no window focus: MotionEvent { action=ACTION_CANCEL, actionButton=0,
id[0]=0, x[0]=693.0375, y[0]=914.42847, toolType[0]=TOOL_TYPE_FINGER,
buttonState=0, classification=NONE, metaState=0, flags=0x0, edgeFlags=0x0,
pointerCount=1, historySize=0, eventTime=69695024, downTime=69695008, deviceId=5,
source=0x1002, displayId=0 }
02-11 21:16:54.138 32048 32048 W ViewRootImpl[MediaViewActivity]: Dropping event
due to no window focus: MotionEvent { action=ACTION_DOWN, actionButton=0, id[0]=0,
x[0]=630.1248, y[0]=1074.3286, toolType[0]=TOOL_TYPE_FINGER, buttonState=0,
classification=NONE, metaState=0, flags=0x0, edgeFlags=0x0, pointerCount=1,
historySize=0, eventTime=69841663, downTime=69841663, deviceId=5, source=0x1002,
displayId=0 }
02-11 21:16:54.188 32048 32048 W ViewRootImpl[MediaViewActivity]: Dropping event
due to no window focus: MotionEvent { action=ACTION_MOVE, actionButton=0, id[0]=0,
x[0]=620.9565, y[0]=1097.9845, toolType[0]=TOOL_TYPE_FINGER, buttonState=0,
classification=NONE, metaState=0, flags=0x0, edgeFlags=0x0, pointerCount=1,
historySize=2, eventTime=69841713, downTime=69841663, deviceId=5, source=0x1002,
displayId=0 }
02-11 21:16:54.199 32048 32048 W ViewRootImpl[MediaViewActivity]: Dropping event
due to no window focus: MotionEvent { action=ACTION_MOVE, actionButton=0, id[0]=0,
x[0]=612.3085, y[0]=1128.6593, toolType[0]=TOOL_TYPE_FINGER, buttonState=0,
classification=NONE, metaState=0, flags=0x0, edgeFlags=0x0, pointerCount=1,
historySize=2, eventTime=69841724, downTime=69841663, deviceId=5, source=0x1002,
displayId=0 }
02-11 21:24:04.473 32048 32048 W ActivityThread: Main thread can not be idle for a
long time.
02-11 21:30:35.103 32048 32048 W ActivityThread: Main thread can not be idle for a
long time.
