02-11 00:58:22.646 24375 24375 E ArmVmp : Match on catch block at 0xc3 in for 0xa9
02-11 00:58:22.654 24375 24375 E ArmVmp : Match on catch block at 0xc3 in for 0xa9
02-11 00:58:22.656 24375 24375 E ArmVmp : Match on catch block at 0xc3 in for 0xa1
02-11 00:58:22.662 24375 24375 E ArmVmp : Match on catch block at 0xc3 in for 0xa1
02-11 00:58:22.666 24375 24375 E ArmVmp : Match on catch block at 0xc3 in for 0xa5
02-11 00:58:22.673 24375 24375 E ArmVmp : Match on catch block at 0xc3 in for 0xa5
02-11 00:58:22.676 24375 24375 E ArmVmp : Match on catch block at 0xc3 in for 0xa9
02-11 00:58:22.686 24375 24375 E ArmVmp : Match on catch block at 0xc3 in for 0xa9
02-11 00:58:22.689 24375 24375 E ArmVmp : Match on catch block at 0xc3 in for 0xa1
02-11 00:58:22.697 24375 24375 E ArmVmp : Match on catch block at 0xc3 in for 0xa1
02-11 00:58:22.700 24375 24375 E ArmVmp : Match on catch block at 0xc3 in for 0xa5
02-11 00:58:22.708 24375 24375 E ArmVmp : Match on catch block at 0xc3 in for 0xa5
02-11 00:58:22.711 24375 24375 E ArmVmp : Match on catch block at 0xc3 in for 0xa9
02-11 00:58:22.720 24375 24375 E ArmVmp : Match on catch block at 0xc3 in for 0xa9
02-11 00:58:22.723 24375 24375 E ArmVmp : Match on catch block at 0xc3 in for 0xa1
02-11 00:58:22.731 24375 24375 E ArmVmp : Match on catch block at 0xc3 in for 0xa1
02-11 00:58:22.734 24375 24375 E ArmVmp : Match on catch block at 0xc3 in for 0xa5
02-11 00:58:22.742 24375 24375 E ArmVmp : Match on catch block at 0xc3 in for 0xa5
02-11 00:58:22.745 24375 24375 E ArmVmp : Match on catch block at 0xc3 in for 0xa9
02-11 00:58:22.754 24375 24375 E ArmVmp : Match on catch block at 0xc3 in for 0xa9
02-11 00:58:22.757 24375 24375 E ArmVmp : Match on catch block at 0xc3 in for 0xa1
02-11 00:58:22.765 24375 24375 E ArmVmp : Match on catch block at 0xc3 in for 0xa1
02-11 00:58:22.768 24375 24375 E ArmVmp : Match on catch block at 0xc3 in for 0xa5
02-11 00:58:22.776 24375 24375 E ArmVmp : Match on catch block at 0xc3 in for 0xa5
02-11 00:58:22.780 24375 24375 E ArmVmp : Match on catch block at 0xc3 in for 0xa9
02-11 00:58:22.787 24375 24375 E ArmVmp : Match on catch block at 0xc3 in for 0xa9
02-11 00:58:22.790 24375 24375 E ArmVmp : Match on catch block at 0xc3 in for 0xa1
02-11 00:58:22.798 24375 24375 E ArmVmp : Match on catch block at 0xc3 in for 0xa1
02-11 00:58:22.801 24375 24375 E ArmVmp : Match on catch block at 0xc3 in for 0xa5
02-11 00:58:22.809 24375 24375 E ArmVmp : Match on catch block at 0xc3 in for 0xa5
02-11 00:58:22.813 24375 24375 E ArmVmp : Match on catch block at 0xc3 in for 0xa9
02-11 00:58:22.821 24375 24375 E ArmVmp : Match on catch block at 0xc3 in for 0xa9
02-11 00:58:22.824 24375 24375 E ArmVmp : Match on catch block at 0xc3 in for 0xa1
02-11 00:58:22.832 24375 24375 E ArmVmp : Match on catch block at 0xc3 in for 0xa1
02-11 00:58:22.835 24375 24375 E ArmVmp : Match on catch block at 0xc3 in for 0xa5
02-11 00:58:22.843 24375 24375 E ArmVmp : Match on catch block at 0xc3 in for 0xa5
02-11 00:58:22.846 24375 24375 E ArmVmp : Match on catch block at 0xc3 in for 0xa9
02-11 00:58:22.854 24375 24375 E ArmVmp : Match on catch block at 0xc3 in for 0xa9
02-11 00:58:22.857 24375 24375 E ArmVmp : Match on catch block at 0xc3 in for 0xa1
02-11 00:58:22.865 24375 24375 E ArmVmp : Match on catch block at 0xc3 in for 0xa1
02-11 00:58:22.869 24375 24375 E ArmVmp : Match on catch block at 0xc3 in for 0xa5
02-11 00:58:22.877 24375 24375 E ArmVmp : Match on catch block at 0xc3 in for 0xa5
02-11 00:58:22.880 24375 24375 E ArmVmp : Match on catch block at 0xc3 in for 0xa9
02-11 00:58:22.887 24375 24375 E ArmVmp : Match on catch block at 0xc3 in for 0xa9
02-11 00:58:22.891 24375 24375 E ArmVmp : Match on catch block at 0xc3 in for 0xa1
02-11 00:58:22.898 24375 24375 E ArmVmp : Match on catch block at 0xc3 in for 0xa1
02-11 00:58:22.901 24375 24375 E ArmVmp : Match on catch block at 0xc3 in for 0xa5
02-11 00:58:22.943 24375 24375 E ArmVmp : Match on catch block at 0xc3 in for 0xa5
02-11 00:58:22.946 24375 24375 E ArmVmp : Match on catch block at 0xc3 in for 0xa9
02-11 00:58:22.954 24375 24375 E ArmVmp : Match on catch block at 0xc3 in for 0xa9
02-11 00:58:22.958 24375 24375 E ArmVmp : Match on catch block at 0xc3 in for 0xa1
02-11 00:58:23.209 24375 24375 E ArmVmp : Match on catch block at 0xc3 in for 0xa1
02-11 00:58:23.212 24375 24375 E ArmVmp : Match on catch block at 0xc3 in for 0xa5
02-11 00:58:23.477 24375 24375 E ArmVmp : Match on catch block at 0xc3 in for 0xa5
02-11 00:58:23.480 24375 24375 E ArmVmp : Match on catch block at 0xc3 in for 0xa9
02-11 00:58:23.633 24375 24375 E ArmVmp : Match on catch block at 0xc3 in for 0xa9
02-11 00:58:23.637 24375 24375 E ArmVmp : Match on catch block at 0xc3 in for 0xa1
02-11 00:58:23.812 24375 24375 E ArmVmp : Match on catch block at 0xc3 in for 0xa1
02-11 00:58:23.816 24375 24375 E ArmVmp : Match on catch block at 0xc3 in for 0xa5
02-11 00:58:23.968 24375 24375 E ArmVmp : Match on catch block at 0xc3 in for 0xa5
02-11 00:58:23.972 24375 24375 E ArmVmp : Match on catch block at 0xc3 in for 0xa9
02-11 00:58:24.259 24375 24375 E ArmVmp : Match on catch block at 0xc3 in for 0xa5
02-11 00:58:24.261 24375 24375 E ArmVmp : Match on catch block at 0xc3 in for 0xa9
02-11 00:58:24.268 24375 24375 E ArmVmp : Match on catch block at 0xc3 in for 0xa9
02-11 00:58:24.273 24375 24375 E ArmVmp : Match on catch block at 0xc3 in for 0xa1
02-11 00:58:24.468 24375 24375 E ArmVmp : Match on catch block at 0xc3 in for 0xa1
02-11 00:58:24.472 24375 24375 E ArmVmp : Match on catch block at 0xc3 in for 0xa5
02-11 00:58:24.884 24375 24375 E ArmVmp : Match on catch block at 0xc3 in for 0xa9
02-11 00:58:24.886 24375 24375 E ArmVmp : Match on catch block at 0xc3 in for 0xa1
02-11 00:58:24.969 24375 24375 E ArmVmp : Match on catch block at 0xc3 in for 0xa1
02-11 00:58:24.971 24375 24375 E ArmVmp : Match on catch block at 0xc3 in for 0xa5
02-11 00:58:25.237 24375 24375 E ArmVmp : Match on catch block at 0xc3 in for 0xa5
02-11 00:58:25.241 24375 24375 E ArmVmp : Match on catch block at 0xc3 in for 0xa9
02-11 00:58:25.267 24375 24375 E ArmVmp : Match on catch block at 0xc3 in for 0xa1
02-11 00:58:25.270 24375 24375 E ArmVmp : Match on catch block at 0xc3 in for 0xa5
02-11 00:58:25.285 24375 24375 E ArmVmp : Match on catch block at 0xc3 in for 0xa1
02-11 00:58:25.287 24375 24375 E ArmVmp : Match on catch block at 0xc3 in for 0xa5
02-11 00:58:25.296 24375 24375 E ArmVmp : Match on catch block at 0xc3 in for 0xa5
02-11 00:58:25.303 24375 24375 E ArmVmp : Match on catch block at 0xc3 in for 0xa9
02-11 00:58:25.314 24375 24375 E ArmVmp : Match on catch block at 0xc3 in for 0xa9
02-11 00:58:25.320 24375 24375 E ArmVmp : Match on catch block at 0xc3 in for 0xa1
02-11 00:58:25.366 24375 24375 E ArmVmp : Match on catch block at 0xc3 in for 0xa9
02-11 00:58:25.368 24375 24375 E ArmVmp : Match on catch block at 0xc3 in for 0xa1
02-11 00:58:25.380 24375 24375 E ArmVmp : Match on catch block at 0xc3 in for 0xa1
02-11 00:58:25.382 24375 24375 E ArmVmp : Match on catch block at 0xc3 in for 0xa5
02-11 00:58:25.390 24375 24375 E ArmVmp : Match on catch block at 0xc3 in for 0xa1
02-11 00:58:25.394 24375 24375 E ArmVmp : Match on catch block at 0xc3 in for 0xa5
02-11 00:58:25.398 24375 24375 E ArmVmp : Match on catch block at 0xc3 in for 0xa5
02-11 00:58:25.401 24375 24375 E ArmVmp : Match on catch block at 0xc3 in for 0xa9
02-11 00:58:25.414 24375 24375 E ArmVmp : Match on catch block at 0xc3 in for 0xa9
02-11 00:58:25.417 24375 24375 E ArmVmp : Match on catch block at 0xc3 in for 0xa1
02-11 00:58:25.425 24375 24375 E ArmVmp : Match on catch block at 0xc3 in for 0xa1
02-11 00:58:25.428 24375 24375 E ArmVmp : Match on catch block at 0xc3 in for 0xa5
02-11 00:58:25.436 24375 24375 E ArmVmp : Match on catch block at 0xc3 in for 0xa5
02-11 00:58:25.439 24375 24375 E ArmVmp : Match on catch block at 0xc3 in for 0xa9
02-11 00:58:25.461 24375 24375 E ArmVmp : Match on catch block at 0xc3 in for 0xa1
02-11 00:58:25.463 24375 24375 E ArmVmp : Match on catch block at 0xc3 in for 0xa5
02-11 00:58:25.470 24375 24472 W MediaPlayer: Use of stream types is deprecated for
operations other than volume control
02-11 00:58:25.470 24375 24472 W MediaPlayer: See the documentation of
setAudioStreamType() for what to use instead with android.media.AudioAttributes to
qualify your playback use case
02-11 00:58:25.485 24375 24375 E ArmVmp : Match on catch block at 0xc3 in for 0xa9
02-11 00:58:25.490 24375 24375 E ArmVmp : Match on catch block at 0xc3 in for 0xa1
02-11 00:58:25.503 24375 24375 E ArmVmp : Match on catch block at 0xc3 in for 0xa9
02-11 00:58:25.505 24375 24375 E ArmVmp : Match on catch block at 0xc3 in for 0xa1
02-11 00:58:25.632 24375 24375 E ArmVmp : Match on catch block at 0xc3 in for 0xa5
02-11 00:58:25.634 24375 24375 E ArmVmp : Match on catch block at 0xc3 in for 0xa9
02-11 00:58:25.642 24375 24375 E ArmVmp : Match on catch block at 0xc3 in for 0xa9
02-11 00:58:25.645 24375 24375 E ArmVmp : Match on catch block at 0xc3 in for 0xa1
02-11 00:58:25.740 24375 24375 E ArmVmp : Match on catch block at 0xc3 in for 0xa5
02-11 00:58:25.743 24375 24375 E ArmVmp : Match on catch block at 0xc3 in for 0xa9
02-11 00:58:25.749 24375 24375 E ArmVmp : Match on catch block at 0xc3 in for 0xa9
02-11 00:58:25.752 24375 24375 E ArmVmp : Match on catch block at 0xc3 in for 0xa1
02-11 00:58:25.791 24375 24375 E ArmVmp : Match on catch block at 0xc3 in for 0xa1
02-11 00:58:25.793 24375 24375 E ArmVmp : Match on catch block at 0xc3 in for 0xa5
02-11 00:58:25.799 24375 24472 W MediaPlayer: Use of stream types is deprecated for
operations other than volume control
02-11 00:58:25.799 24375 24472 W MediaPlayer: See the documentation of
setAudioStreamType() for what to use instead with android.media.AudioAttributes to
qualify your playback use case
02-11 00:58:25.807 24375 24375 E ArmVmp : Match on catch block at 0xc3 in for 0xa5
02-11 00:58:25.809 24375 24375 E ArmVmp : Match on catch block at 0xc3 in for 0xa9
02-11 00:58:25.818 24375 24375 E ArmVmp : Match on catch block at 0xc3 in for 0xa5
02-11 00:58:25.820 24375 24375 E ArmVmp : Match on catch block at 0xc3 in for 0xa9
02-11 00:58:25.988 24375 24375 E ArmVmp : Match on catch block at 0xc3 in for 0xa9
02-11 00:58:25.991 24375 24375 E ArmVmp : Match on catch block at 0xc3 in for 0xa1
02-11 00:58:26.000 24375 24375 E ArmVmp : Match on catch block at 0xc3 in for 0xa1
02-11 00:58:26.003 24375 24375 E ArmVmp : Match on catch block at 0xc3 in for 0xa5
02-11 00:58:26.051 24375 24375 E ArmVmp : Match on catch block at 0xc3 in for 0xa9
02-11 00:58:26.053 24375 24375 E ArmVmp : Match on catch block at 0xc3 in for 0xa1
02-11 00:58:26.069 24375 24375 E ArmVmp : Match on catch block at 0xc3 in for 0xa1
02-11 00:58:26.074 24375 24375 E ArmVmp : Match on catch block at 0xc3 in for 0xa5
02-11 00:58:26.241 24375 24375 E ArmVmp : Match on catch block at 0xc3 in for 0xa1
02-11 00:58:26.243 24375 24375 E ArmVmp : Match on catch block at 0xc3 in for 0xa5
02-11 00:58:26.335 24375 24456 W libEGL : EGLNativeWindowType 0xb400007793306c70
disconnect failed
02-11 00:58:26.634 24375 24456 W libEGL : EGLNativeWindowType 0xb400007793231e30
disconnect failed
02-11 00:58:26.643 24375 24375 E ArmVmp : Match on catch block at 0xc3 in for 0xa1
02-11 00:58:26.647 24375 24375 E ArmVmp : Match on catch block at 0xc3 in for 0xa5
02-11 00:58:27.354 24375 24375 E ArmVmp : Match on catch block at 0x0a in for 0xc9
02-11 00:58:27.356 24375 24375 E ArmVmp : Match on catch block at 0x0a in for 0xc5
02-11 00:58:27.564 24375 24375 E ArmVmp : Match on catch block at 0xc3 in for 0xb1
02-11 00:58:27.566 24375 24375 E ArmVmp : Match on catch block at 0xc3 in for 0xb1
02-11 00:58:27.601 24375 24375 E ArmVmp : Match on catch block at 0xc3 in for 0xa5
02-11 00:58:27.603 24375 24375 E ArmVmp : Match on catch block at 0xc3 in for 0xa9
02-11 00:58:27.641 24375 24375 E ArmVmp : Match on catch block at 0xc3 in for 0xa5
02-11 00:58:27.644 24375 24375 E ArmVmp : Match on catch block at 0xc3 in for 0xa9
02-11 00:58:27.668 24375 24375 E ArmVmp : Match on catch block at 0xc3 in for 0xa1
02-11 00:58:27.670 24375 24375 E ArmVmp : Match on catch block at 0xc3 in for 0xa5
02-11 00:58:27.991 24375 24375 E ArmVmp : Match on catch block at 0xc3 in for 0xa5
02-11 00:58:27.993 24375 24375 E ArmVmp : Match on catch block at 0xc3 in for 0xa9
02-11 00:58:28.004 24375 24456 W libEGL : EGLNativeWindowType 0xb400007793306c70
disconnect failed
02-11 00:58:28.010 24375 24375 E ArmVmp : Match on catch block at 0xc3 in for 0xa9
02-11 00:58:28.012 24375 24375 E ArmVmp : Match on catch block at 0xc3 in for 0xa1
02-11 00:58:28.062 24375 24375 E ArmVmp : Match on catch block at 0xc3 in for 0xa5
02-11 00:58:28.064 24375 24375 E ArmVmp : Match on catch block at 0xc3 in for 0xa9
02-11 00:58:28.075 24375 24375 E ArmVmp : Match on catch block at 0xc3 in for 0xa9
02-11 00:58:28.076 24375 24456 W libEGL : EGLNativeWindowType 0xb40000779333e210
disconnect failed
02-11 00:58:28.078 24375 24375 E ArmVmp : Match on catch block at 0xc3 in for 0xa1
02-11 00:58:28.164 24375 24375 E ArmVmp : Match on catch block at 0xc3 in for 0xa1
02-11 00:58:28.166 24375 24375 E ArmVmp : Match on catch block at 0xc3 in for 0xa5
02-11 00:58:28.186 24375 24375 E ArmVmp : Match on catch block at 0xc3 in for 0xa5
02-11 00:58:28.188 24375 24375 E ArmVmp : Match on catch block at 0xc3 in for 0xa9
02-11 00:58:28.197 24375 24375 E ArmVmp : Match on catch block at 0xc3 in for 0xa9
02-11 00:58:28.199 24375 24375 E ArmVmp : Match on catch block at 0xc3 in for 0xa1
02-11 00:58:28.208 24375 24375 E ArmVmp : Match on catch block at 0xc3 in for 0xa1
02-11 00:58:28.211 24375 24375 E ArmVmp : Match on catch block at 0xc3 in for 0xa5
02-11 00:58:28.219 24375 24375 E ArmVmp : Match on catch block at 0xc3 in for 0xa5
02-11 00:58:28.221 24375 24375 E ArmVmp : Match on catch block at 0xc3 in for 0xa9
02-11 00:58:28.230 24375 24375 E ArmVmp : Match on catch block at 0xc3 in for 0xa9
02-11 00:58:28.233 24375 24375 E ArmVmp : Match on catch block at 0xc3 in for 0xa1
02-11 00:58:28.242 24375 24375 E ArmVmp : Match on catch block at 0xc3 in for 0xa1
02-11 00:58:28.244 24375 24375 E ArmVmp : Match on catch block at 0xc3 in for 0xa5
02-11 00:58:28.253 24375 24375 E ArmVmp : Match on catch block at 0xc3 in for 0xa5
02-11 00:58:28.255 24375 24375 E ArmVmp : Match on catch block at 0xc3 in for 0xa9
02-11 00:58:28.264 24375 24375 E ArmVmp : Match on catch block at 0xc3 in for 0xa9
02-11 00:58:28.266 24375 24375 E ArmVmp : Match on catch block at 0xc3 in for 0xa1
02-11 00:58:28.275 24375 24375 E ArmVmp : Match on catch block at 0xc3 in for 0xa1
02-11 00:58:28.277 24375 24375 E ArmVmp : Match on catch block at 0xc3 in for 0xa5
02-11 00:58:28.286 24375 24375 E ArmVmp : Match on catch block at 0xc3 in for 0xa5
02-11 00:58:28.288 24375 24375 E ArmVmp : Match on catch block at 0xc3 in for 0xa9
02-11 00:58:28.297 24375 24375 E ArmVmp : Match on catch block at 0xc3 in for 0xa9
02-11 00:58:28.299 24375 24375 E ArmVmp : Match on catch block at 0xc3 in for 0xa1
02-11 00:58:28.308 24375 24375 E ArmVmp : Match on catch block at 0xc3 in for 0xa1
02-11 00:58:28.310 24375 24375 E ArmVmp : Match on catch block at 0xc3 in for 0xa5
02-11 00:58:28.320 24375 24375 E ArmVmp : Match on catch block at 0xc3 in for 0xa5
02-11 00:58:28.322 24375 24375 E ArmVmp : Match on catch block at 0xc3 in for 0xa9
02-11 00:58:28.331 24375 24375 E ArmVmp : Match on catch block at 0xc3 in for 0xa9
02-11 00:58:28.333 24375 24375 E ArmVmp : Match on catch block at 0xc3 in for 0xa1
02-11 00:58:28.342 24375 24375 E ArmVmp : Match on catch block at 0xc3 in for 0xa1
02-11 00:58:28.344 24375 24375 E ArmVmp : Match on catch block at 0xc3 in for 0xa5
02-11 00:58:28.353 24375 24375 E ArmVmp : Match on catch block at 0xc3 in for 0xa5
02-11 00:58:28.355 24375 24375 E ArmVmp : Match on catch block at 0xc3 in for 0xa9
02-11 00:58:28.364 24375 24375 E ArmVmp : Match on catch block at 0xc3 in for 0xa9
02-11 00:58:28.366 24375 24375 E ArmVmp : Match on catch block at 0xc3 in for 0xa1
02-11 00:58:28.375 24375 24375 E ArmVmp : Match on catch block at 0xc3 in for 0xa1
02-11 00:58:28.377 24375 24375 E ArmVmp : Match on catch block at 0xc3 in for 0xa5
02-11 00:58:28.387 24375 24375 E ArmVmp : Match on catch block at 0xc3 in for 0xa5
02-11 00:58:28.389 24375 24375 E ArmVmp : Match on catch block at 0xc3 in for 0xa9
02-11 00:58:28.397 24375 24375 E ArmVmp : Match on catch block at 0xc3 in for 0xa9
02-11 00:58:28.399 24375 24375 E ArmVmp : Match on catch block at 0xc3 in for 0xa1
02-11 00:58:28.409 24375 24375 E ArmVmp : Match on catch block at 0xc3 in for 0xa1
02-11 00:58:28.411 24375 24375 E ArmVmp : Match on catch block at 0xc3 in for 0xa5
02-11 00:58:28.420 24375 24375 E ArmVmp : Match on catch block at 0xc3 in for 0xa5
02-11 00:58:28.421 24375 24375 E ArmVmp : Match on catch block at 0xc3 in for 0xa9
02-11 00:58:28.431 24375 24375 E ArmVmp : Match on catch block at 0xc3 in for 0xa9
02-11 00:58:28.433 24375 24375 E ArmVmp : Match on catch block at 0xc3 in for 0xa1
02-11 00:58:28.442 24375 24375 E ArmVmp : Match on catch block at 0xc3 in for 0xa1
02-11 00:58:28.444 24375 24375 E ArmVmp : Match on catch block at 0xc3 in for 0xa5
02-11 00:58:28.453 24375 24375 E ArmVmp : Match on catch block at 0xc3 in for 0xa5
02-11 00:58:28.455 24375 24375 E ArmVmp : Match on catch block at 0xc3 in for 0xa9
02-11 00:58:28.464 24375 24375 E ArmVmp : Match on catch block at 0xc3 in for 0xa9
02-11 00:58:28.466 24375 24375 E ArmVmp : Match on catch block at 0xc3 in for 0xa1
02-11 00:58:28.475 24375 24375 E ArmVmp : Match on catch block at 0xc3 in for 0xa1
02-11 00:58:28.478 24375 24375 E ArmVmp : Match on catch block at 0xc3 in for 0xa5
02-11 00:58:28.487 24375 24375 E ArmVmp : Match on catch block at 0xc3 in for 0xa5
02-11 00:58:28.489 24375 24375 E ArmVmp : Match on catch block at 0xc3 in for 0xa9
02-11 00:58:28.498 24375 24375 E ArmVmp : Match on catch block at 0xc3 in for 0xa9
02-11 00:58:28.499 24375 24375 E ArmVmp : Match on catch block at 0xc3 in for 0xa1
02-11 00:58:28.663 24375 24375 E ArmVmp : Match on catch block at 0xc3 in for 0xa9
02-11 00:58:28.665 24375 24375 E ArmVmp : Match on catch block at 0xc3 in for 0xa1
02-11 00:58:28.709 24375 24375 E ArmVmp : Match on catch block at 0xc3 in for 0xa1
02-11 00:58:28.712 24375 24375 E ArmVmp : Match on catch block at 0xc3 in for 0xa5
02-11 00:58:28.721 24375 24375 E ArmVmp : Match on catch block at 0xc3 in for 0xa5
02-11 00:58:28.724 24375 24375 E ArmVmp : Match on catch block at 0xc3 in for 0xa9
02-11 00:58:28.732 24375 24375 E ArmVmp : Match on catch block at 0xc3 in for 0xa9
02-11 00:58:28.735 24375 24375 E ArmVmp : Match on catch block at 0xc3 in for 0xa1
02-11 00:58:28.745 24375 24375 E ArmVmp : Match on catch block at 0xc3 in for 0xa1
02-11 00:58:28.747 24375 24375 E ArmVmp : Match on catch block at 0xc3 in for 0xa5
02-11 00:58:28.754 24375 24375 E ArmVmp : Match on catch block at 0xc3 in for 0xa5
02-11 00:58:28.756 24375 24375 E ArmVmp : Match on catch block at 0xc3 in for 0xa9
02-11 00:58:28.766 24375 24375 E ArmVmp : Match on catch block at 0xc3 in for 0xa9
02-11 00:58:28.768 24375 24375 E ArmVmp : Match on catch block at 0xc3 in for 0xa1
02-11 00:58:28.777 24375 24375 E ArmVmp : Match on catch block at 0xc3 in for 0xa1
02-11 00:58:28.778 24375 24375 E ArmVmp : Match on catch block at 0xc3 in for 0xa5
02-11 00:58:28.788 24375 24375 E ArmVmp : Match on catch block at 0xc3 in for 0xa5
02-11 00:58:28.790 24375 24375 E ArmVmp : Match on catch block at 0xc3 in for 0xa9
02-11 00:58:28.799 24375 24375 E ArmVmp : Match on catch block at 0xc3 in for 0xa9
02-11 00:58:28.801 24375 24375 E ArmVmp : Match on catch block at 0xc3 in for 0xa1
02-11 00:58:28.826 24375 24375 E ArmVmp : Match on catch block at 0xc3 in for 0xa1
02-11 00:58:28.827 24375 24375 E ArmVmp : Match on catch block at 0xc3 in for 0xa5
02-11 00:58:28.838 24375 24375 E ArmVmp : Match on catch block at 0xc3 in for 0xa5
02-11 00:58:28.839 24375 24375 E ArmVmp : Match on catch block at 0xc3 in for 0xa9
02-11 00:58:28.844 24375 24375 E ArmVmp : Match on catch block at 0xc3 in for 0xa9
02-11 00:58:28.845 24375 24375 E ArmVmp : Match on catch block at 0xc3 in for 0xa1
02-11 00:58:28.854 24375 24375 E ArmVmp : Match on catch block at 0xc3 in for 0xa1
02-11 00:58:28.856 24375 24375 E ArmVmp : Match on catch block at 0xc3 in for 0xa5
02-11 00:58:28.865 24375 24375 E ArmVmp : Match on catch block at 0xc3 in for 0xa5
02-11 00:58:28.867 24375 24375 E ArmVmp : Match on catch block at 0xc3 in for 0xa9
02-11 00:58:28.876 24375 24375 E ArmVmp : Match on catch block at 0xc3 in for 0xa9
02-11 00:58:28.878 24375 24375 E ArmVmp : Match on catch block at 0xc3 in for 0xa1
02-11 00:58:28.887 24375 24375 E ArmVmp : Match on catch block at 0xc3 in for 0xa1
02-11 00:58:28.889 24375 24375 E ArmVmp : Match on catch block at 0xc3 in for 0xa5
02-11 00:58:28.899 24375 24375 E ArmVmp : Match on catch block at 0xc3 in for 0xa5
02-11 00:58:28.901 24375 24375 E ArmVmp : Match on catch block at 0xc3 in for 0xa9
02-11 00:58:28.910 24375 24375 E ArmVmp : Match on catch block at 0xc3 in for 0xa9
02-11 00:58:28.912 24375 24375 E ArmVmp : Match on catch block at 0xc3 in for 0xa1
02-11 00:58:28.921 24375 24375 E ArmVmp : Match on catch block at 0xc3 in for 0xa1
02-11 00:58:28.923 24375 24375 E ArmVmp : Match on catch block at 0xc3 in for 0xa5
02-11 00:58:28.932 24375 24375 E ArmVmp : Match on catch block at 0xc3 in for 0xa5
02-11 00:58:28.934 24375 24375 E ArmVmp : Match on catch block at 0xc3 in for 0xa9
02-11 00:58:28.943 24375 24375 E ArmVmp : Match on catch block at 0xc3 in for 0xa9
02-11 00:58:28.945 24375 24375 E ArmVmp : Match on catch block at 0xc3 in for 0xa1
02-11 00:58:28.954 24375 24375 E ArmVmp : Match on catch block at 0xc3 in for 0xa1
02-11 00:58:28.956 24375 24375 E ArmVmp : Match on catch block at 0xc3 in for 0xa5
02-11 00:58:28.965 24375 24375 E ArmVmp : Match on catch block at 0xc3 in for 0xa5
02-11 00:58:28.967 24375 24375 E ArmVmp : Match on catch block at 0xc3 in for 0xa9
02-11 00:58:28.976 24375 24375 E ArmVmp : Match on catch block at 0xc3 in for 0xa9
02-11 00:58:28.978 24375 24375 E ArmVmp : Match on catch block at 0xc3 in for 0xa1
02-11 00:58:28.988 24375 24375 E ArmVmp : Match on catch block at 0xc3 in for 0xa1
02-11 00:58:28.989 24375 24375 E ArmVmp : Match on catch block at 0xc3 in for 0xa5
02-11 00:58:28.999 24375 24375 E ArmVmp : Match on catch block at 0xc3 in for 0xa5
02-11 00:58:29.000 24375 24375 E ArmVmp : Match on catch block at 0xc3 in for 0xa9
02-11 00:58:29.010 24375 24375 E ArmVmp : Match on catch block at 0xc3 in for 0xa9
02-11 00:58:29.012 24375 24375 E ArmVmp : Match on catch block at 0xc3 in for 0xa1
02-11 00:58:29.021 24375 24375 E ArmVmp : Match on catch block at 0xc3 in for 0xa1
02-11 00:58:29.023 24375 24375 E ArmVmp : Match on catch block at 0xc3 in for 0xa5
02-11 00:58:29.032 24375 24375 E ArmVmp : Match on catch block at 0xc3 in for 0xa5
02-11 00:58:29.034 24375 24375 E ArmVmp : Match on catch block at 0xc3 in for 0xa9
02-11 00:58:29.043 24375 24375 E ArmVmp : Match on catch block at 0xc3 in for 0xa9
02-11 00:58:29.045 24375 24375 E ArmVmp : Match on catch block at 0xc3 in for 0xa1
02-11 00:58:29.055 24375 24375 E ArmVmp : Match on catch block at 0xc3 in for 0xa1
02-11 00:58:29.056 24375 24375 E ArmVmp : Match on catch block at 0xc3 in for 0xa5
02-11 00:58:29.065 24375 24375 E ArmVmp : Match on catch block at 0xc3 in for 0xa5
02-11 00:58:29.068 24375 24375 E ArmVmp : Match on catch block at 0xc3 in for 0xa9
02-11 00:58:29.081 24375 24375 E ArmVmp : Match on catch block at 0xc3 in for 0xa1
02-11 00:58:29.083 24375 24375 E ArmVmp : Match on catch block at 0xc3 in for 0xa5
02-11 00:58:29.088 24375 24375 E ArmVmp : Match on catch block at 0xc3 in for 0xa5
02-11 00:58:29.090 24375 24375 E ArmVmp : Match on catch block at 0xc3 in for 0xa9
02-11 00:58:29.166 24375 24375 E ArmVmp : Match on catch block at 0xc3 in for 0xa9
02-11 00:58:29.168 24375 24375 E ArmVmp : Match on catch block at 0xc3 in for 0xa1
02-11 00:58:29.370 24375 24375 E ArmVmp : Match on catch block at 0xc3 in for 0xa5
02-11 00:58:29.372 24375 24375 E ArmVmp : Match on catch block at 0xc3 in for 0xa9
02-11 00:58:29.384 24375 24375 E ArmVmp : Match on catch block at 0xc3 in for 0xa5
02-11 00:58:29.386 24375 24375 E ArmVmp : Match on catch block at 0xc3 in for 0xa9
02-11 00:58:29.398 24375 24375 E ArmVmp : Match on catch block at 0xc3 in for 0xa9
02-11 00:58:29.401 24375 24375 E ArmVmp : Match on catch block at 0xc3 in for 0xa1
02-11 00:58:29.411 24375 24375 E ArmVmp : Match on catch block at 0xc3 in for 0xa1
02-11 00:58:29.414 24375 24375 E ArmVmp : Match on catch block at 0xc3 in for 0xa5
02-11 00:58:29.422 24375 24375 E ArmVmp : Match on catch block at 0xc3 in for 0xa5
02-11 00:58:29.424 24375 24375 E ArmVmp : Match on catch block at 0xc3 in for 0xa9
02-11 00:58:29.432 24375 24375 E ArmVmp : Match on catch block at 0xc3 in for 0xa9
02-11 00:58:29.436 24375 24375 E ArmVmp : Match on catch block at 0xc3 in for 0xa1
02-11 00:58:29.444 24375 24375 E ArmVmp : Match on catch block at 0xc3 in for 0xa1
02-11 00:58:29.448 24375 24375 E ArmVmp : Match on catch block at 0xc3 in for 0xa5
02-11 00:58:29.456 24375 24375 E ArmVmp : Match on catch block at 0xc3 in for 0xa5
02-11 00:58:29.458 24375 24375 E ArmVmp : Match on catch block at 0xc3 in for 0xa9
02-11 00:58:29.467 24375 24375 E ArmVmp : Match on catch block at 0xc3 in for 0xa9
02-11 00:58:29.469 24375 24375 E ArmVmp : Match on catch block at 0xc3 in for 0xa1
02-11 00:58:29.482 24375 24375 E ArmVmp : Match on catch block at 0xc3 in for 0xa5
02-11 00:58:29.485 24375 24375 E ArmVmp : Match on catch block at 0xc3 in for 0xa9
02-11 00:58:29.498 24375 24375 E ArmVmp : Match on catch block at 0xc3 in for 0xa1
02-11 00:58:29.502 24375 24375 E ArmVmp : Match on catch block at 0xc3 in for 0xa5
02-11 00:58:29.511 24375 24375 E ArmVmp : Match on catch block at 0xc3 in for 0xa1
02-11 00:58:29.513 24375 24375 E ArmVmp : Match on catch block at 0xc3 in for 0xa5
02-11 00:58:29.520 24375 24375 E ArmVmp : Match on catch block at 0xc3 in for 0xa1
02-11 00:58:29.523 24375 24375 E ArmVmp : Match on catch block at 0xc3 in for 0xa5
02-11 00:58:29.526 24375 24375 E ArmVmp : Match on catch block at 0xc3 in for 0xa5
02-11 00:58:29.529 24375 24375 E ArmVmp : Match on catch block at 0xc3 in for 0xa9
02-11 00:58:29.533 24375 24375 E ArmVmp : Match on catch block at 0xc3 in for 0xa9
02-11 00:58:29.536 24375 24375 E ArmVmp : Match on catch block at 0xc3 in for 0xa1
02-11 00:58:29.545 24375 24375 E ArmVmp : Match on catch block at 0xc3 in for 0xa1
02-11 00:58:29.547 24375 24375 E ArmVmp : Match on catch block at 0xc3 in for 0xa5
02-11 00:58:29.556 24375 24375 E ArmVmp : Match on catch block at 0xc3 in for 0xa5
02-11 00:58:29.558 24375 24375 E ArmVmp : Match on catch block at 0xc3 in for 0xa9
02-11 00:58:29.867 24375 24375 E ArmVmp : Match on catch block at 0xc3 in for 0xa1
02-11 00:58:29.869 24375 24375 E ArmVmp : Match on catch block at 0xc3 in for 0xa5
02-11 00:58:29.890 24375 24375 E ArmVmp : Match on catch block at 0xc3 in for 0xa5
02-11 00:58:29.892 24375 24375 E ArmVmp : Match on catch block at 0xc3 in for 0xa9
02-11 00:58:30.220 24375 24375 E Dialog : show dialog
view=DecorView@a6a9d33[Conversation]
02-11 00:58:30.345 24375 24375 E ArmVmp : Match on catch block at 0xc3 in for 0xa9
02-11 00:58:30.347 24375 24375 E ArmVmp : Match on catch block at 0xc3 in for 0xa1
02-11 00:58:30.888 24375 24456 W libEGL : EGLNativeWindowType 0xb400007793276030
disconnect failed
02-11 00:58:30.897 24375 24375 W InputEventReceiver: Attempted to finish an input
event but the input event receiver has already been disposed.
02-11 00:58:30.930 24375 24375 E ArmVmp : Match on catch block at 0xc3 in for 0xa1
02-11 00:58:30.933 24375 24375 E ArmVmp : Match on catch block at 0xc3 in for 0xa5
02-11 00:58:31.092 24375 24375 E ArmVmp : Match on catch block at 0xc3 in for 0xa5
02-11 00:58:31.096 24375 24375 E ArmVmp : Match on catch block at 0xc3 in for 0xa9
02-11 00:58:31.104 24375 24375 E ArmVmp : Match on catch block at 0xc3 in for 0xa9
02-11 00:58:31.107 24375 24375 E ArmVmp : Match on catch block at 0xc3 in for 0xa1
02-11 00:58:31.115 24375 24375 E ArmVmp : Match on catch block at 0xc3 in for 0xa1
02-11 00:58:31.118 24375 24375 E ArmVmp : Match on catch block at 0xc3 in for 0xa5
02-11 00:58:31.126 24375 24375 E ArmVmp : Match on catch block at 0xc3 in for 0xa5
02-11 00:58:31.129 24375 24375 E ArmVmp : Match on catch block at 0xc3 in for 0xa9
02-11 00:58:31.137 24375 24375 E ArmVmp : Match on catch block at 0xc3 in for 0xa9
02-11 00:58:31.142 24375 24375 E ArmVmp : Match on catch block at 0xc3 in for 0xa1
02-11 00:58:31.148 24375 24375 E ArmVmp : Match on catch block at 0xc3 in for 0xa1
02-11 00:58:31.151 24375 24375 E ArmVmp : Match on catch block at 0xc3 in for 0xa5
02-11 00:58:31.159 24375 24375 E ArmVmp : Match on catch block at 0xc3 in for 0xa5
02-11 00:58:31.163 24375 24375 E ArmVmp : Match on catch block at 0xc3 in for 0xa9
02-11 00:58:31.170 24375 24375 E ArmVmp : Match on catch block at 0xc3 in for 0xa9
02-11 00:58:31.173 24375 24375 E ArmVmp : Match on catch block at 0xc3 in for 0xa1
02-11 00:58:31.182 24375 24375 E ArmVmp : Match on catch block at 0xc3 in for 0xa1
02-11 00:58:31.184 24375 24375 E ArmVmp : Match on catch block at 0xc3 in for 0xa5
02-11 00:58:31.193 24375 24375 E ArmVmp : Match on catch block at 0xc3 in for 0xa5
02-11 00:58:31.196 24375 24375 E ArmVmp : Match on catch block at 0xc3 in for 0xa9
02-11 00:58:31.203 24375 24375 E ArmVmp : Match on catch block at 0xc3 in for 0xa9
02-11 00:58:31.206 24375 24375 E ArmVmp : Match on catch block at 0xc3 in for 0xa1
02-11 00:58:31.214 24375 24375 E ArmVmp : Match on catch block at 0xc3 in for 0xa1
02-11 00:58:31.217 24375 24375 E ArmVmp : Match on catch block at 0xc3 in for 0xa5
02-11 00:58:31.226 24375 24375 E ArmVmp : Match on catch block at 0xc3 in for 0xa5
02-11 00:58:31.228 24375 24375 E ArmVmp : Match on catch block at 0xc3 in for 0xa9
02-11 00:58:31.237 24375 24375 E ArmVmp : Match on catch block at 0xc3 in for 0xa9
02-11 00:58:31.240 24375 24375 E ArmVmp : Match on catch block at 0xc3 in for 0xa1
02-11 00:58:31.248 24375 24375 E ArmVmp : Match on catch block at 0xc3 in for 0xa9
02-11 00:58:31.250 24375 24375 E ArmVmp : Match on catch block at 0xc3 in for 0xa1
02-11 00:58:31.259 24375 24375 E ArmVmp : Match on catch block at 0xc3 in for 0xa1
02-11 00:58:31.262 24375 24375 E ArmVmp : Match on catch block at 0xc3 in for 0xa5
02-11 00:58:31.270 24375 24375 E ArmVmp : Match on catch block at 0xc3 in for 0xa5
02-11 00:58:31.272 24375 24375 E ArmVmp : Match on catch block at 0xc3 in for 0xa9
02-11 00:58:31.281 24375 24375 E ArmVmp : Match on catch block at 0xc3 in for 0xa9
02-11 00:58:31.284 24375 24375 E ArmVmp : Match on catch block at 0xc3 in for 0xa1
02-11 00:58:31.292 24375 24375 E ArmVmp : Match on catch block at 0xc3 in for 0xa1
02-11 00:58:31.296 24375 24375 E ArmVmp : Match on catch block at 0xc3 in for 0xa5
02-11 00:58:31.304 24375 24375 E ArmVmp : Match on catch block at 0xc3 in for 0xa5
02-11 00:58:31.306 24375 24375 E ArmVmp : Match on catch block at 0xc3 in for 0xa9
02-11 00:58:31.315 24375 24375 E ArmVmp : Match on catch block at 0xc3 in for 0xa1
02-11 00:58:31.318 24375 24375 E ArmVmp : Match on catch block at 0xc3 in for 0xa5
02-11 00:58:31.390 24375 24375 E ArmVmp : Match on catch block at 0xc3 in for 0xa5
02-11 00:58:31.393 24375 24375 E ArmVmp : Match on catch block at 0xc3 in for 0xa9
02-11 00:58:31.442 24375 24375 E ArmVmp : Match on catch block at 0xc3 in for 0xa9
02-11 00:58:31.444 24375 24375 E ArmVmp : Match on catch block at 0xc3 in for 0xa1
02-11 00:58:31.481 24375 24456 W libEGL : EGLNativeWindowType 0xb40000779327a450
disconnect failed
02-11 00:58:31.492 24375 24375 E ArmVmp : Match on catch block at 0xc3 in for 0xa9
02-11 00:58:31.494 24375 24375 E ArmVmp : Match on catch block at 0xc3 in for 0xa1
02-11 00:58:31.501 24375 24375 E ArmVmp : Match on catch block at 0xc3 in for 0xa1
02-11 00:58:31.503 24375 24375 E ArmVmp : Match on catch block at 0xc3 in for 0xa5
02-11 00:58:31.973 24375 24375 E ArmVmp : Match on catch block at 0xc3 in for 0xa5
02-11 00:58:31.978 24375 24375 E ArmVmp : Match on catch block at 0xc3 in for 0xa9
02-11 00:58:32.304 24375 24375 E ArmVmp : Match on catch block at 0xc3 in for 0xa1
02-11 00:58:32.307 24375 24375 E ArmVmp : Match on catch block at 0xc3 in for 0xa5
02-11 00:58:32.329 24375 24375 E ArmVmp : Match on catch block at 0xc3 in for 0xa9
02-11 00:58:32.332 24375 24375 E ArmVmp : Match on catch block at 0xc3 in for 0xa1
02-11 00:58:32.346 24375 24375 E ArmVmp : Match on catch block at 0xc3 in for 0xa1
02-11 00:58:32.348 24375 24375 E ArmVmp : Match on catch block at 0xc3 in for 0xa5
02-11 00:58:32.808 24375 24375 E ArmVmp : Match on catch block at 0xc3 in for 0xa5
02-11 00:58:32.815 24375 24375 E ArmVmp : Match on catch block at 0xc3 in for 0xa9
02-11 00:58:33.108 24375 24375 E ArmVmp : Match on catch block at 0xc3 in for 0xa9
02-11 00:58:33.112 24375 24375 E ArmVmp : Match on catch block at 0xc3 in for 0xa1
02-11 00:58:33.150 24375 24375 E ArmVmp : Match on catch block at 0xc3 in for 0xa9
02-11 00:58:33.153 24375 24375 E ArmVmp : Match on catch block at 0xc3 in for 0xa1
02-11 00:58:33.168 24375 24375 E ArmVmp : Match on catch block at 0xc3 in for 0xa1
02-11 00:58:33.171 24375 24375 E ArmVmp : Match on catch block at 0xc3 in for 0xa5
02-11 00:58:33.181 24375 24375 E ArmVmp : Match on catch block at 0xc3 in for 0xa5
02-11 00:58:33.183 24375 24375 E ArmVmp : Match on catch block at 0xc3 in for 0xa9
02-11 00:58:33.230 24375 24375 E ArmVmp : Match on catch block at 0xc3 in for 0xa1
02-11 00:58:33.233 24375 24375 E ArmVmp : Match on catch block at 0xc3 in for 0xa5
02-11 00:58:33.251 24375 24375 E ArmVmp : Match on catch block at 0xc3 in for 0xa1
02-11 00:58:33.254 24375 24375 E ArmVmp : Match on catch block at 0xc3 in for 0xa5
02-11 00:58:33.268 24375 24375 E ArmVmp : Match on catch block at 0xc3 in for 0xa1
02-11 00:58:33.271 24375 24375 E ArmVmp : Match on catch block at 0xc3 in for 0xa5
02-11 00:58:33.282 24375 24375 E ArmVmp : Match on catch block at 0xc3 in for 0xa5
02-11 00:58:33.285 24375 24375 E ArmVmp : Match on catch block at 0xc3 in for 0xa9
02-11 00:58:33.294 24375 24375 E ArmVmp : Match on catch block at 0xc3 in for 0xa9
02-11 00:58:33.298 24375 24375 E ArmVmp : Match on catch block at 0xc3 in for 0xa1
02-11 00:58:33.315 24375 24375 E ArmVmp : Match on catch block at 0xc3 in for 0xa9
02-11 00:58:33.318 24375 24375 E ArmVmp : Match on catch block at 0xc3 in for 0xa1
02-11 00:58:33.328 24375 24375 E ArmVmp : Match on catch block at 0xc3 in for 0xa1
02-11 00:58:33.329 24375 24472 W MediaPlayer: Use of stream types is deprecated for
operations other than volume control
02-11 00:58:33.329 24375 24472 W MediaPlayer: See the documentation of
setAudioStreamType() for what to use instead with android.media.AudioAttributes to
qualify your playback use case
02-11 00:58:33.331 24375 24375 E ArmVmp : Match on catch block at 0xc3 in for 0xa5
02-11 00:58:33.342 24375 24375 E ArmVmp : Match on catch block at 0xc3 in for 0xa1
02-11 00:58:33.346 24375 24375 E ArmVmp : Match on catch block at 0xc3 in for 0xa5
02-11 00:58:33.515 24375 24375 E ArmVmp : Match on catch block at 0xc3 in for 0xa9
02-11 00:58:33.519 24375 24375 E ArmVmp : Match on catch block at 0xc3 in for 0xa1
02-11 00:58:33.534 24375 24375 E ArmVmp : Match on catch block at 0xc3 in for 0xa5
02-11 00:58:33.538 24375 24375 E ArmVmp : Match on catch block at 0xc3 in for 0xa9
02-11 00:58:33.548 24375 24375 E ArmVmp : Match on catch block at 0xc3 in for 0xa9
02-11 00:58:33.551 24375 24375 E ArmVmp : Match on catch block at 0xc3 in for 0xa1
02-11 00:58:33.562 24375 24375 E ArmVmp : Match on catch block at 0xc3 in for 0xa9
02-11 00:58:33.565 24375 24375 E ArmVmp : Match on catch block at 0xc3 in for 0xa1
02-11 00:58:33.573 24375 24375 E ArmVmp : Match on catch block at 0xc3 in for 0xa1
02-11 00:58:33.576 24375 24375 E ArmVmp : Match on catch block at 0xc3 in for 0xa5
02-11 00:58:33.588 24375 24456 W libEGL : EGLNativeWindowType 0xb40000779327a450
disconnect failed
02-11 00:58:33.607 24375 24375 E ArmVmp : Match on catch block at 0xc3 in for 0xa5
02-11 00:58:33.609 24375 24375 E ArmVmp : Match on catch block at 0xc3 in for 0xa9
02-11 00:58:33.615 24375 24375 E ArmVmp : Match on catch block at 0xc3 in for 0xa9
02-11 00:58:33.617 24375 24375 E ArmVmp : Match on catch block at 0xc3 in for 0xa1
02-11 00:58:33.621 24375 24375 E ArmVmp : Match on catch block at 0xc3 in for 0xa1
02-11 00:58:33.623 24375 24375 E ArmVmp : Match on catch block at 0xc3 in for 0xa5
02-11 00:58:33.630 24375 24375 E ArmVmp : Match on catch block at 0xc3 in for 0xa5
02-11 00:58:33.632 24375 24375 E ArmVmp : Match on catch block at 0xc3 in for 0xa9
02-11 00:58:33.641 24375 24375 E ArmVmp : Match on catch block at 0xc3 in for 0xa9
02-11 00:58:33.644 24375 24375 E ArmVmp : Match on catch block at 0xc3 in for 0xa1
02-11 00:58:33.652 24375 24375 E ArmVmp : Match on catch block at 0xc3 in for 0xa1
02-11 00:58:33.655 24375 24375 E ArmVmp : Match on catch block at 0xc3 in for 0xa5
02-11 00:58:33.664 24375 24375 E ArmVmp : Match on catch block at 0xc3 in for 0xa5
02-11 00:58:33.666 24375 24375 E ArmVmp : Match on catch block at 0xc3 in for 0xa9
02-11 00:58:33.675 24375 24375 E ArmVmp : Match on catch block at 0xc3 in for 0xa9
02-11 00:58:33.678 24375 24375 E ArmVmp : Match on catch block at 0xc3 in for 0xa1
02-11 00:58:33.686 24375 24375 E ArmVmp : Match on catch block at 0xc3 in for 0xa1
02-11 00:58:33.688 24375 24375 E ArmVmp : Match on catch block at 0xc3 in for 0xa5
02-11 00:58:33.697 24375 24375 E ArmVmp : Match on catch block at 0xc3 in for 0xa5
02-11 00:58:33.699 24375 24375 E ArmVmp : Match on catch block at 0xc3 in for 0xa9
02-11 00:58:33.708 24375 24375 E ArmVmp : Match on catch block at 0xc3 in for 0xa9
02-11 00:58:33.710 24375 24375 E ArmVmp : Match on catch block at 0xc3 in for 0xa1
02-11 00:58:33.719 24375 24375 E ArmVmp : Match on catch block at 0xc3 in for 0xa1
02-11 00:58:33.722 24375 24375 E ArmVmp : Match on catch block at 0xc3 in for 0xa5
02-11 00:58:33.731 24375 24375 E ArmVmp : Match on catch block at 0xc3 in for 0xa5
02-11 00:58:33.733 24375 24375 E ArmVmp : Match on catch block at 0xc3 in for 0xa9
02-11 00:58:33.742 24375 24375 E ArmVmp : Match on catch block at 0xc3 in for 0xa9
02-11 00:58:33.744 24375 24375 E ArmVmp : Match on catch block at 0xc3 in for 0xa1
02-11 00:58:33.941 24375 24375 E ArmVmp : Match on catch block at 0xc3 in for 0xa5
02-11 00:58:33.946 24375 24375 E ArmVmp : Match on catch block at 0xc3 in for 0xa9
02-11 00:58:33.995 24375 24375 E ArmVmp : Match on catch block at 0xc3 in for 0xa9
02-11 00:58:33.998 24375 24375 E ArmVmp : Match on catch block at 0xc3 in for 0xa1
02-11 00:58:34.496 24375 24456 W libEGL : EGLNativeWindowType 0xb40000779333e210
disconnect failed
02-11 00:58:35.486 24375 24456 W libEGL : EGLNativeWindowType 0xb400007793280a80
disconnect failed
02-11 00:58:36.021 24375 24375 W BottomSheetBehavior: BottomSheetBehavior now
supports multiple callbacks. `setBottomSheetCallback()` removes all existing
callbacks, including ones set internally by library authors, which may result in
unintended behavior. This may change in the future. Please use
`addBottomSheetCallback()` and `removeBottomSheetCallback()` instead to set your
own callbacks.
02-11 00:58:36.021 24375 24375 W BottomSheetBehavior: BottomSheetBehavior now
supports multiple callbacks. `setBottomSheetCallback()` removes all existing
callbacks, including ones set internally by library authors, which may result in
unintended behavior. This may change in the future. Please use
`addBottomSheetCallback()` and `removeBottomSheetCallback()` instead to set your
own callbacks.
02-11 00:58:36.056 24375 24375 W BottomSheetBehavior: BottomSheetBehavior now
supports multiple callbacks. `setBottomSheetCallback()` removes all existing
callbacks, including ones set internally by library authors, which may result in
unintended behavior. This may change in the future. Please use
`addBottomSheetCallback()` and `removeBottomSheetCallback()` instead to set your
own callbacks.
02-11 00:58:36.056 24375 24375 W BottomSheetBehavior: BottomSheetBehavior now
supports multiple callbacks. `setBottomSheetCallback()` removes all existing
callbacks, including ones set internally by library authors, which may result in
unintended behavior. This may change in the future. Please use
`addBottomSheetCallback()` and `removeBottomSheetCallback()` instead to set your
own callbacks.
02-11 00:58:36.069 24375 24456 W libEGL : EGLNativeWindowType 0xb400007793280a80
disconnect failed
02-11 00:58:36.092 24375 24456 W libEGL : EGLNativeWindowType 0xb40000779328d6e0
disconnect failed
02-11 00:58:36.134 24375 25271 E ACodec : [OMX.sprd.h264.decoder] setPortMode on
output to DynamicANWBuffer failed w/ err -2147483648
02-11 00:58:36.186 24375 25274 W Codec2Client: query -- param skipped: index =
1107298332.
02-11 00:58:36.186 24375 25274 W CCodec : This behavior is subject to change. It
is recommended that app developers double check whether the requested max input
size is in reasonable range.
02-11 00:58:36.187 24375 25274 W Codec2Client: query -- param skipped: index =
1342179345.
02-11 00:58:36.187 24375 25274 W Codec2Client: query -- param skipped: index =
2415921170.
02-11 00:58:36.187 24375 25274 W Codec2Client: query -- param skipped: index =
1610614798.
02-11 00:58:36.187 24375 25274 E FMQ : grantorIdx must be less than 3
02-11 00:58:36.187 24375 25274 E FMQ : grantorIdx must be less than 3
02-11 00:58:36.190 24375 25274 E FMQ : grantorIdx must be less than 3
02-11 00:58:36.197 24375 24702 E FMQ : grantorIdx must be less than 3
02-11 00:58:40.187 24375 25264 W AudioTrack: getTimestamp_l(2293): retrograde
timestamp time corrected, 14843680112920 < 14843689599882
02-11 00:58:41.120 24375 25274 W Codec2Client: query -- param skipped: index =
1342179345.
02-11 00:58:41.120 24375 25274 W Codec2Client: query -- param skipped: index =
2415921170.
02-11 00:58:41.120 24375 25274 W Codec2Client: query -- param skipped: index =
1610614798.
02-11 00:58:41.150 24375 25285 E ACodec : [OMX.sprd.h264.decoder] setPortMode on
output to DynamicANWBuffer failed w/ err -2147483648
02-11 00:58:41.184 24375 25288 W Codec2Client: query -- param skipped: index =
1107298332.
02-11 00:58:41.184 24375 25288 W CCodec : This behavior is subject to change. It
is recommended that app developers double check whether the requested max input
size is in reasonable range.
02-11 00:58:41.185 24375 25288 W Codec2Client: query -- param skipped: index =
1342179345.
02-11 00:58:41.185 24375 25288 W Codec2Client: query -- param skipped: index =
2415921170.
02-11 00:58:41.185 24375 25288 W Codec2Client: query -- param skipped: index =
1610614798.
02-11 00:58:41.185 24375 25288 E FMQ : grantorIdx must be less than 3
02-11 00:58:41.185 24375 25288 E FMQ : grantorIdx must be less than 3
02-11 00:58:41.187 24375 25288 E FMQ : grantorIdx must be less than 3
02-11 00:58:41.196 24375 24702 E FMQ : grantorIdx must be less than 3
02-11 00:58:50.191 24375 25288 W Codec2Client: query -- param skipped: index =
1342179345.
02-11 00:58:50.191 24375 25288 W Codec2Client: query -- param skipped: index =
2415921170.
02-11 00:58:50.191 24375 25288 W Codec2Client: query -- param skipped: index =
1610614798.
02-11 00:58:50.202 24375 24456 W libEGL : EGLNativeWindowType 0xb400007793280a80
disconnect failed
02-11 00:58:50.748 24375 24456 W libEGL : EGLNativeWindowType 0xb40000779328d6e0
disconnect failed
02-11 00:58:52.858 24375 24456 W libEGL : EGLNativeWindowType 0xb40000779328f8f0
disconnect failed
02-11 00:58:57.202 24375 24389 W System : A resource failed to call dispose.
02-11 00:58:57.218 24375 24389 W System : A resource failed to call release.
02-11 00:58:57.218 24375 24389 W System : A resource failed to call release.
02-11 00:58:57.229 24375 24389 W System : A resource failed to call release.
--------- beginning of main
02-11 02:18:10.514 24437 24437 W System.err: java.lang.ClassNotFoundException:
mbmodsd.mbmodsw.ui.views.btn.BtnBK
02-11 02:18:10.514 24437 24437 W System.err: at
java.lang.Runtime.nativeLoad(Native Method)
02-11 02:18:10.514 24437 24437 W System.err: at
java.lang.Runtime.nativeLoad(Runtime.java:1131)
02-11 02:18:10.514 24437 24437 W System.err: at
java.lang.Runtime.loadLibrary0(Runtime.java:1085)
02-11 02:18:10.514 24437 24437 W System.err: at
java.lang.Runtime.loadLibrary0(Runtime.java:1008)
02-11 02:18:10.514 24437 24437 W System.err: at
java.lang.System.loadLibrary(System.java:1664)
02-11 02:18:10.515 24437 24437 W System.err: at arm.EpicVm.<clinit>(Unknown
Source:2)
02-11 02:18:10.515 24437 24437 W System.err: at
java.lang.Class.newInstance(Native Method)
02-11 02:18:10.515 24437 24437 W System.err: at
android.app.AppComponentFactory.instantiateApplication(AppComponentFactory.java:76)
02-11 02:18:10.515 24437 24437 W System.err: at
androidx.core.app.CoreComponentFactory.instantiateApplication(Unknown Source:0)
02-11 02:18:10.515 24437 24437 W System.err: at
android.app.Instrumentation.newApplication(Instrumentation.java:1158)
02-11 02:18:10.515 24437 24437 W System.err: at
android.app.LoadedApk.makeApplication(LoadedApk.java:1268)
02-11 02:18:10.515 24437 24437 W System.err: at
android.app.ActivityThread.handleBindApplication(ActivityThread.java:6879)
02-11 02:18:10.515 24437 24437 W System.err: at
android.app.ActivityThread.access$1300(ActivityThread.java:260)
02-11 02:18:10.515 24437 24437 W System.err: at
android.app.ActivityThread$H.handleMessage(ActivityThread.java:1955)
02-11 02:18:10.515 24437 24437 W System.err: at
android.os.Handler.dispatchMessage(Handler.java:106)
02-11 02:18:10.515 24437 24437 W System.err: at
android.os.Looper.loop(Looper.java:223)
02-11 02:18:10.515 24437 24437 W System.err: at
android.app.ActivityThread.main(ActivityThread.java:7945)
02-11 02:18:10.515 24437 24437 W System.err: at
java.lang.reflect.Method.invoke(Native Method)
02-11 02:18:10.515 24437 24437 W System.err: at
com.android.internal.os.RuntimeInit$MethodAndArgsCaller.run(RuntimeInit.java:603)
02-11 02:18:10.515 24437 24437 W System.err: at
com.android.internal.os.ZygoteInit.main(ZygoteInit.java:947)
02-11 02:18:10.530 24437 24437 E CustomActivityOnCrash: IMPORTANT WARNING! You
already have an UncaughtExceptionHandler, are you sure this is correct? If you use
a custom UncaughtExceptionHandler, you must initialize it AFTER
CustomActivityOnCrash! Installing anyway, but your original handler will not be
called.
02-11 02:18:10.595 24437 27325 W LibraryVersion: Failed to get app version for
libraryName: firebase-iid
02-11 02:18:11.023 24437 24437 W com.whatsapp: Accessing hidden method
Lcom/android/org/conscrypt/OpenSSLSocketImpl;->setUseSessionTickets(Z)V (greylist-
max-q,test-api, reflection, denied)
02-11 02:18:11.024 24437 24437 W com.whatsapp: Accessing hidden method
Lcom/android/org/conscrypt/AbstractConscryptSocket;->setUseSessionTickets(Z)V
(greylist-max-q, reflection, denied)
02-11 02:18:11.114 24437 24437 W com.whatsapp: type=1400 audit(0.0:93106): avc:
granted { execute } for
path="/data/data/com.whatsapp/files/decompressed/libs.spk.zst/libc++_shared.so"
dev="dm-12" ino=131813 scontext=u:r:untrusted_app:s0:c246,c256,c512,c768
tcontext=u:object_r:app_data_file:s0:c246,c256,c512,c768 tclass=file
app=com.whatsapp
02-11 02:18:11.120 24437 24437 W linker : Warning:
"/data/data/com.whatsapp/files/decompressed/libs.spk.zst/libc++_shared.so" unused
DT entry: unknown processor-specific (type 0x70000001 arg 0x0) (ignoring)
02-11 02:18:11.126 24437 24437 W com.whatsapp: type=1400 audit(0.0:93107): avc:
granted { execute } for
path="/data/data/com.whatsapp/files/decompressed/libs.spk.zst/libvlc.so" dev="dm-
12" ino=146247 scontext=u:r:untrusted_app:s0:c246,c256,c512,c768
tcontext=u:object_r:app_data_file:s0:c246,c256,c512,c768 tclass=file
app=com.whatsapp
02-11 02:18:11.138 24437 24437 W com.whatsapp: type=1400 audit(0.0:93108): avc:
granted { execute } for
path="/data/data/com.whatsapp/files/decompressed/libs.spk.zst/libwhatsapp.so"
dev="dm-12" ino=146426 scontext=u:r:untrusted_app:s0:c246,c256,c512,c768
tcontext=u:object_r:app_data_file:s0:c246,c256,c512,c768 tclass=file
app=com.whatsapp
02-11 02:18:11.214 24437 24437 W com.whatsapp: type=1400 audit(0.0:93109): avc:
granted { execute } for
path="/data/data/com.whatsapp/files/decompressed/libs.spk.zst/libcurve25519.so"
dev="dm-12" ino=146305 scontext=u:r:untrusted_app:s0:c246,c256,c512,c768
tcontext=u:object_r:app_data_file:s0:c246,c256,c512,c768 tclass=file
app=com.whatsapp
02-11 02:18:11.230 24437 24437 W com.whatsapp: type=1400 audit(0.0:93110): avc:
granted { execute } for
path="/data/data/com.whatsapp/files/decompressed/libs.spk.zst/libwhatsapp.so"
dev="dm-12" ino=146426 scontext=u:r:untrusted_app:s0:c246,c256,c512,c768
tcontext=u:object_r:app_data_file:s0:c246,c256,c512,c768 tclass=file
app=com.whatsapp
02-11 02:18:11.297 24437 24437 W CheckTime: App running slow: Executing
handleBindApplication : callApplicationOnCreate took 725ms
02-11 02:18:11.340 24437 27442 W com.whatsapp: Class X.2rL failed lock verification
and will run slower.
02-11 02:18:11.340 24437 27442 W com.whatsapp: Common causes for lock verification
issues are non-optimized dex code
02-11 02:18:11.340 24437 27442 W com.whatsapp: and incorrect proguard
optimizations.
02-11 02:18:11.344 24437 24437 W com.whatsapp: Class com.whatsapp.HomeActivity
failed lock verification and will run slower.
02-11 02:18:11.353 24437 24437 W com.whatsapp: Class X.0eU failed lock verification
and will run slower.
02-11 02:18:12.027 24437 24437 E ArmVmp : Match on catch block at 0x0a in for 0xc1
02-11 02:18:12.076 24437 24437 E ArmVmp : Match on catch block at 0x0a in for
0x139
02-11 02:18:12.121 24437 27558 W com.whatsapp: Accessing hidden method
Lcom/android/org/conscrypt/ConscryptEngineSocket;->setUseSessionTickets(Z)V
(greylist-max-q,test-api, reflection, denied)
