02-12 19:46:44.321 7726 7726 E ArmVmp : Match on catch block at 0xc3 in for 0xa1
02-12 19:46:44.328 7726 7726 E ArmVmp : Match on catch block at 0xc3 in for 0xa5
02-12 19:46:44.332 7726 7726 E ArmVmp : Match on catch block at 0xc3 in for 0xa5
02-12 19:46:44.340 7726 7726 E ArmVmp : Match on catch block at 0xc3 in for 0xa9
02-12 19:46:44.344 7726 7726 E ArmVmp : Match on catch block at 0xc3 in for 0xa1
02-12 19:46:44.349 7726 7726 E ArmVmp : Match on catch block at 0xc3 in for 0xa1
02-12 19:46:44.357 7726 7726 E ArmVmp : Match on catch block at 0xc3 in for 0xa5
02-12 19:46:44.362 7726 7726 E ArmVmp : Match on catch block at 0xc3 in for 0xa9
02-12 19:46:44.364 7726 7726 E ArmVmp : Match on catch block at 0xc3 in for 0xa9
02-12 19:46:44.693 7726 7726 E ArmVmp : Match on catch block at 0xc3 in for 0xa5
02-12 19:46:44.696 7726 7726 E ArmVmp : Match on catch block at 0xc3 in for 0xa9
02-12 19:46:44.698 7726 7726 E ArmVmp : Match on catch block at 0xc3 in for 0xa9
02-12 19:46:44.964 7726 7726 E ArmVmp : Match on catch block at 0xc3 in for 0xa1
02-12 19:46:44.967 7726 7726 E ArmVmp : Match on catch block at 0xc3 in for 0xa5
02-12 19:46:44.970 7726 7726 E ArmVmp : Match on catch block at 0xc3 in for 0xa5
02-12 19:46:45.461 7726 7726 E ArmVmp : Match on catch block at 0xc3 in for 0xa9
02-12 19:46:45.464 7726 7726 E ArmVmp : Match on catch block at 0xc3 in for 0xa1
02-12 19:46:45.466 7726 7726 E ArmVmp : Match on catch block at 0xc3 in for 0xa1
02-12 19:46:45.676 7726 7726 E ArmVmp : Match on catch block at 0xc3 in for 0xa9
02-12 19:46:45.679 7726 7726 E ArmVmp : Match on catch block at 0xc3 in for 0xa1
02-12 19:46:45.681 7726 7726 E ArmVmp : Match on catch block at 0xc3 in for 0xa1
02-12 19:46:46.275 7726 7726 E ArmVmp : Match on catch block at 0xc3 in for 0xa5
02-12 19:46:46.277 7726 7726 E ArmVmp : Match on catch block at 0xc3 in for 0xa9
02-12 19:46:46.280 7726 7726 E ArmVmp : Match on catch block at 0xc3 in for 0xa9
02-12 19:46:46.303 7726 7726 E ArmVmp : Match on catch block at 0xc3 in for 0xa5
02-12 19:46:46.307 7726 7726 E ArmVmp : Match on catch block at 0xc3 in for 0xa9
02-12 19:46:46.310 7726 7726 E ArmVmp : Match on catch block at 0xc3 in for 0xa9
02-12 19:46:46.336 7726 7726 E ArmVmp : Match on catch block at 0xc3 in for 0xa9
02-12 19:46:46.340 7726 7726 E ArmVmp : Match on catch block at 0xc3 in for 0xa1
02-12 19:46:46.346 7726 7726 E ArmVmp : Match on catch block at 0xc3 in for 0xa9
02-12 19:46:46.352 7726 7726 E ArmVmp : Match on catch block at 0xc3 in for 0xa1
02-12 19:46:46.363 7726 7726 E ArmVmp : Match on catch block at 0xc3 in for 0xa9
02-12 19:46:46.366 7726 7726 E ArmVmp : Match on catch block at 0xc3 in for 0xa1
02-12 19:46:46.374 7726 7726 E ArmVmp : Match on catch block at 0xc3 in for 0xa9
02-12 19:46:46.376 7726 7726 E ArmVmp : Match on catch block at 0xc3 in for 0xa1
02-12 19:46:46.386 7726 7726 E ArmVmp : Match on catch block at 0xc3 in for 0xa9
02-12 19:46:46.392 7726 7726 E ArmVmp : Match on catch block at 0xc3 in for 0xa1
02-12 19:46:46.396 7726 7726 E ArmVmp : Match on catch block at 0xc3 in for 0xa9
02-12 19:46:46.405 7726 7726 E ArmVmp : Match on catch block at 0xc3 in for 0xa1
02-12 19:46:46.441 7726 7726 E ArmVmp : Match on catch block at 0xc3 in for 0xa9
02-12 19:46:46.444 7726 7726 E ArmVmp : Match on catch block at 0xc3 in for 0xa1
02-12 19:46:46.461 7726 7726 E ArmVmp : Match on catch block at 0xc3 in for 0xa9
02-12 19:46:46.465 7726 7726 E ArmVmp : Match on catch block at 0xc3 in for 0xa1
02-12 19:46:46.484 7726 7726 E ArmVmp : Match on catch block at 0xc3 in for 0xa1
02-12 19:46:46.488 7726 7726 E ArmVmp : Match on catch block at 0xc3 in for 0xa5
02-12 19:46:46.496 7726 7726 E ArmVmp : Match on catch block at 0xc3 in for 0xa1
02-12 19:46:46.500 7726 7726 E ArmVmp : Match on catch block at 0xc3 in for 0xa5
02-12 19:46:46.507 7726 7726 E ArmVmp : Match on catch block at 0xc3 in for 0xa1
02-12 19:46:46.511 7726 7726 E ArmVmp : Match on catch block at 0xc3 in for 0xa5
02-12 19:46:46.570 7726 7726 E ArmVmp : Match on catch block at 0xc3 in for 0xa1
02-12 19:46:46.575 7726 7726 E ArmVmp : Match on catch block at 0xc3 in for 0xa5
02-12 19:46:46.583 7726 7726 E ArmVmp : Match on catch block at 0xc3 in for 0xa1
02-12 19:46:46.590 7726 7726 E ArmVmp : Match on catch block at 0xc3 in for 0xa5
02-12 19:46:46.655 7726 7726 E ArmVmp : Match on catch block at 0xc3 in for 0xa5
02-12 19:46:46.657 7726 7726 E ArmVmp : Match on catch block at 0xc3 in for 0xa9
02-12 19:46:46.664 7726 7902 W MediaPlayer: Use of stream types is deprecated for
operations other than volume control
02-12 19:46:46.664 7726 7902 W MediaPlayer: See the documentation of
setAudioStreamType() for what to use instead with android.media.AudioAttributes to
qualify your playback use case
02-12 19:46:46.666 7726 7726 E ArmVmp : Match on catch block at 0xc3 in for 0xa1
02-12 19:46:46.669 7726 7726 E ArmVmp : Match on catch block at 0xc3 in for 0xa5
02-12 19:46:46.756 7726 7726 E ArmVmp : Match on catch block at 0xc3 in for 0xa5
02-12 19:46:46.758 7726 7726 E ArmVmp : Match on catch block at 0xc3 in for 0xa9
02-12 19:46:46.773 7726 7726 E ArmVmp : Match on catch block at 0xc3 in for 0xa9
02-12 19:46:46.776 7726 7726 E ArmVmp : Match on catch block at 0xc3 in for 0xa1
02-12 19:46:46.786 7726 7726 E ArmVmp : Match on catch block at 0xc3 in for 0xa5
02-12 19:46:46.788 7726 7726 E ArmVmp : Match on catch block at 0xc3 in for 0xa9
02-12 19:46:46.797 7726 7726 E ArmVmp : Match on catch block at 0xc3 in for 0xa1
02-12 19:46:46.800 7726 7726 E ArmVmp : Match on catch block at 0xc3 in for 0xa5
02-12 19:46:46.950 7726 7726 E ArmVmp : Match on catch block at 0xc3 in for 0xa5
02-12 19:46:46.954 7726 7726 E ArmVmp : Match on catch block at 0xc3 in for 0xa9
02-12 19:46:46.980 7726 7726 E ArmVmp : Match on catch block at 0xc3 in for 0xa5
02-12 19:46:46.985 7726 7726 E ArmVmp : Match on catch block at 0xc3 in for 0xa9
02-12 19:46:46.999 7726 7726 E ArmVmp : Match on catch block at 0xc3 in for 0xa5
02-12 19:46:47.002 7726 7726 E ArmVmp : Match on catch block at 0xc3 in for 0xa9
02-12 19:46:47.008 7726 7726 E ArmVmp : Match on catch block at 0xc3 in for 0xa1
02-12 19:46:47.021 7726 7726 E ArmVmp : Match on catch block at 0xc3 in for 0xa5
02-12 19:46:47.027 7726 7726 E ArmVmp : Match on catch block at 0xc3 in for 0xa9
02-12 19:46:47.032 7726 7726 E ArmVmp : Match on catch block at 0xc3 in for 0xa1
02-12 19:46:47.075 7726 7726 E ArmVmp : Match on catch block at 0xc3 in for 0xa1
02-12 19:46:47.078 7726 7726 E ArmVmp : Match on catch block at 0xc3 in for 0xa5
02-12 19:46:47.087 7726 7726 E ArmVmp : Match on catch block at 0xc3 in for 0xa9
02-12 19:46:47.089 7726 7726 E ArmVmp : Match on catch block at 0xc3 in for 0xa1
02-12 19:46:47.102 7726 7726 E ArmVmp : Match on catch block at 0xc3 in for 0xa5
02-12 19:46:47.104 7726 7726 E ArmVmp : Match on catch block at 0xc3 in for 0xa9
02-12 19:46:47.109 7726 7726 E ArmVmp : Match on catch block at 0xc3 in for 0xa1
02-12 19:46:47.114 7726 7726 E ArmVmp : Match on catch block at 0xc3 in for 0xa5
02-12 19:46:47.125 7726 7726 E ArmVmp : Match on catch block at 0xc3 in for 0xa9
02-12 19:46:47.128 7726 7726 E ArmVmp : Match on catch block at 0xc3 in for 0xa1
02-12 19:46:47.136 7726 7726 E ArmVmp : Match on catch block at 0xc3 in for 0xa5
02-12 19:46:47.140 7726 7726 E ArmVmp : Match on catch block at 0xc3 in for 0xa9
02-12 19:46:47.150 7726 7726 E ArmVmp : Match on catch block at 0xc3 in for 0xa1
02-12 19:46:47.157 7726 7726 E ArmVmp : Match on catch block at 0xc3 in for 0xa5
02-12 19:46:47.168 7726 7726 E ArmVmp : Match on catch block at 0xc3 in for 0xa9
02-12 19:46:47.171 7726 7726 E ArmVmp : Match on catch block at 0xc3 in for 0xa1
02-12 19:46:47.176 7726 7726 E ArmVmp : Match on catch block at 0xc3 in for 0xa5
02-12 19:46:47.180 7726 7726 E ArmVmp : Match on catch block at 0xc3 in for 0xa9
02-12 19:46:47.189 7726 7726 E ArmVmp : Match on catch block at 0xc3 in for 0xa1
02-12 19:46:47.193 7726 7726 E ArmVmp : Match on catch block at 0xc3 in for 0xa5
02-12 19:46:47.200 7726 7726 E ArmVmp : Match on catch block at 0xc3 in for 0xa9
02-12 19:46:47.203 7726 7726 E ArmVmp : Match on catch block at 0xc3 in for 0xa1
02-12 19:46:47.209 7726 7726 E ArmVmp : Match on catch block at 0xc3 in for 0xa5
02-12 19:46:47.212 7726 7726 E ArmVmp : Match on catch block at 0xc3 in for 0xa9
02-12 19:46:47.220 7726 7726 E ArmVmp : Match on catch block at 0xc3 in for 0xa1
02-12 19:46:47.223 7726 7726 E ArmVmp : Match on catch block at 0xc3 in for 0xa5
02-12 19:46:47.232 7726 7726 E ArmVmp : Match on catch block at 0xc3 in for 0xa9
02-12 19:46:47.236 7726 7726 E ArmVmp : Match on catch block at 0xc3 in for 0xa1
02-12 19:46:47.252 7726 7726 E ArmVmp : Match on catch block at 0xc3 in for 0xa5
02-12 19:46:47.257 7726 7726 E ArmVmp : Match on catch block at 0xc3 in for 0xa9
02-12 19:46:47.262 7726 7726 E ArmVmp : Match on catch block at 0xc3 in for 0xa1
02-12 19:46:47.266 7726 7726 E ArmVmp : Match on catch block at 0xc3 in for 0xa5
02-12 19:46:47.270 7726 7726 E ArmVmp : Match on catch block at 0xc3 in for 0xa9
02-12 19:46:47.275 7726 7726 E ArmVmp : Match on catch block at 0xc3 in for 0xa1
02-12 19:46:47.280 7726 7726 E ArmVmp : Match on catch block at 0xc3 in for 0xa5
02-12 19:46:47.282 7726 7726 E ArmVmp : Match on catch block at 0xc3 in for 0xa9
02-12 19:46:47.288 7726 7726 E ArmVmp : Match on catch block at 0xc3 in for 0xa1
02-12 19:46:47.291 7726 7726 E ArmVmp : Match on catch block at 0xc3 in for 0xa5
02-12 19:46:47.299 7726 7726 E ArmVmp : Match on catch block at 0xc3 in for 0xa9
02-12 19:46:47.301 7726 7726 E ArmVmp : Match on catch block at 0xc3 in for 0xa1
02-12 19:46:47.323 7726 7726 E ArmVmp : Match on catch block at 0xc3 in for 0xa1
02-12 19:46:47.325 7726 7726 E ArmVmp : Match on catch block at 0xc3 in for 0xa5
02-12 19:46:47.337 7726 7726 E ArmVmp : Match on catch block at 0xc3 in for 0xa1
02-12 19:46:47.341 7726 7726 E ArmVmp : Match on catch block at 0xc3 in for 0xa5
02-12 19:46:47.348 7726 7726 E ArmVmp : Match on catch block at 0xc3 in for 0xa5
02-12 19:46:47.351 7726 7726 E ArmVmp : Match on catch block at 0xc3 in for 0xa9
02-12 19:46:47.401 7726 7726 E ArmVmp : Match on catch block at 0xc3 in for 0xa9
02-12 19:46:47.403 7726 7726 E ArmVmp : Match on catch block at 0xc3 in for 0xa1
02-12 19:46:47.427 7726 7726 E ArmVmp : Match on catch block at 0xc3 in for 0xa1
02-12 19:46:47.430 7726 7726 E ArmVmp : Match on catch block at 0xc3 in for 0xa5
02-12 19:46:47.746 7726 7726 E ArmVmp : Match on catch block at 0xc3 in for 0xa1
02-12 19:46:47.749 7726 7726 E ArmVmp : Match on catch block at 0xc3 in for 0xa5
02-12 19:46:48.148 7726 7850 W libEGL : EGLNativeWindowType 0xb4000077931baab0
disconnect failed
02-12 19:46:48.154 7726 7726 E ArmVmp : Match on catch block at 0xc3 in for 0xa5
02-12 19:46:48.158 7726 7726 E ArmVmp : Match on catch block at 0xc3 in for 0xa9
02-12 19:46:51.170 7726 7850 W libEGL : EGLNativeWindowType 0xb4000077931d8790
disconnect failed
02-12 19:46:51.304 7726 7726 W BottomSheetBehavior: BottomSheetBehavior now
supports multiple callbacks. `setBottomSheetCallback()` removes all existing
callbacks, including ones set internally by library authors, which may result in
unintended behavior. This may change in the future. Please use
`addBottomSheetCallback()` and `removeBottomSheetCallback()` instead to set your
own callbacks.
02-12 19:46:51.304 7726 7726 W BottomSheetBehavior: BottomSheetBehavior now
supports multiple callbacks. `setBottomSheetCallback()` removes all existing
callbacks, including ones set internally by library authors, which may result in
unintended behavior. This may change in the future. Please use
`addBottomSheetCallback()` and `removeBottomSheetCallback()` instead to set your
own callbacks.
02-12 19:46:51.412 7726 7726 W BottomSheetBehavior: BottomSheetBehavior now
supports multiple callbacks. `setBottomSheetCallback()` removes all existing
callbacks, including ones set internally by library authors, which may result in
unintended behavior. This may change in the future. Please use
`addBottomSheetCallback()` and `removeBottomSheetCallback()` instead to set your
own callbacks.
02-12 19:46:51.412 7726 7726 W BottomSheetBehavior: BottomSheetBehavior now
supports multiple callbacks. `setBottomSheetCallback()` removes all existing
callbacks, including ones set internally by library authors, which may result in
unintended behavior. This may change in the future. Please use
`addBottomSheetCallback()` and `removeBottomSheetCallback()` instead to set your
own callbacks.
02-12 19:46:51.436 7726 7850 W libEGL : EGLNativeWindowType 0xb40000779322fc20
disconnect failed
02-12 19:46:51.471 7726 7850 W libEGL : EGLNativeWindowType 0xb40000779314e180
disconnect failed
02-12 19:46:51.577 7726 12060 W AudioCapabilities: Unsupported mime audio/mpeg-L1
02-12 19:46:51.578 7726 12060 W AudioCapabilities: Unsupported mime audio/mpeg-L2
02-12 19:46:51.587 7726 12060 W VideoCapabilities: Unrecognized profile/level
32768/2 for video/mp4v-es
02-12 19:46:51.587 7726 12060 W VideoCapabilities: Unrecognized profile/level
32768/64 for video/mp4v-es
02-12 19:46:51.637 7726 12088 E ACodec : [OMX.sprd.h264.decoder] setPortMode on
output to DynamicANWBuffer failed w/ err -2147483648
02-12 19:46:51.727 7726 12093 W Codec2Client: query -- param skipped: index =
1107298332.
02-12 19:46:51.727 7726 12093 W CCodec : This behavior is subject to change. It
is recommended that app developers double check whether the requested max input
size is in reasonable range.
02-12 19:46:51.728 7726 12093 W Codec2Client: query -- param skipped: index =
1342179345.
02-12 19:46:51.728 7726 12093 W Codec2Client: query -- param skipped: index =
2415921170.
02-12 19:46:51.728 7726 12093 W Codec2Client: query -- param skipped: index =
1610614798.
02-12 19:46:51.735 7726 12093 E FMQ : grantorIdx must be less than 3
02-12 19:46:51.735 7726 12093 E FMQ : grantorIdx must be less than 3
02-12 19:46:51.737 7726 12093 E ion : ioctl c0044901 failed with code -1:
Inappropriate ioctl for device
02-12 19:46:51.738 7726 12093 E FMQ : grantorIdx must be less than 3
02-12 19:46:51.756 7726 12089 E FMQ : grantorIdx must be less than 3
02-12 19:46:55.835 7726 12093 W Codec2Client: query -- param skipped: index =
1342179345.
02-12 19:46:55.835 7726 12093 W Codec2Client: query -- param skipped: index =
2415921170.
02-12 19:46:55.835 7726 12093 W Codec2Client: query -- param skipped: index =
1610614798.
02-12 19:46:55.877 7726 12483 E ACodec : [OMX.sprd.h264.decoder] setPortMode on
output to DynamicANWBuffer failed w/ err -2147483648
02-12 19:46:55.923 7726 12488 W Codec2Client: query -- param skipped: index =
1107298332.
02-12 19:46:55.923 7726 12488 W CCodec : This behavior is subject to change. It
is recommended that app developers double check whether the requested max input
size is in reasonable range.
02-12 19:46:55.926 7726 12488 W Codec2Client: query -- param skipped: index =
1342179345.
02-12 19:46:55.926 7726 12488 W Codec2Client: query -- param skipped: index =
2415921170.
02-12 19:46:55.926 7726 12488 W Codec2Client: query -- param skipped: index =
1610614798.
02-12 19:46:55.927 7726 12488 E FMQ : grantorIdx must be less than 3
02-12 19:46:55.927 7726 12488 E FMQ : grantorIdx must be less than 3
02-12 19:46:55.930 7726 12488 E FMQ : grantorIdx must be less than 3
02-12 19:46:55.939 7726 12089 E FMQ : grantorIdx must be less than 3
02-12 19:46:58.435 7726 12060 W AudioTrack: getTimestamp_l(9034): retrograde
timestamp time corrected, 114792826546162 < 114792839967970
02-12 19:46:58.780 7726 12488 W Codec2Client: query -- param skipped: index =
1342179345.
02-12 19:46:58.780 7726 12488 W Codec2Client: query -- param skipped: index =
2415921170.
02-12 19:46:58.780 7726 12488 W Codec2Client: query -- param skipped: index =
1610614798.
02-12 19:46:58.792 7726 7850 W libEGL : EGLNativeWindowType 0xb40000779322fc20
disconnect failed
02-12 19:46:59.734 7726 7748 W System : A resource failed to call release.
02-12 19:46:59.781 7726 7850 W libEGL : EGLNativeWindowType 0xb40000779314e180
disconnect failed
02-12 19:47:01.067 7726 7850 W libEGL : EGLNativeWindowType 0xb400007793242eb0
disconnect failed
02-12 19:47:05.726 7726 7748 W System : A resource failed to call dispose.
--------- beginning of system
--------- beginning of main
02-12 19:56:12.455 7726 7726 E ArmVmp : Match on catch block at 0x0a in for 0xc9
02-12 19:56:12.458 7726 7726 E ArmVmp : Match on catch block at 0x0a in for 0xc5
02-12 19:56:12.684 7726 7726 E ArmVmp : Match on catch block at 0xc3 in for 0xb1
02-12 19:56:12.689 7726 7726 E ArmVmp : Match on catch block at 0xc3 in for 0xb1
02-12 19:56:12.737 7726 7726 E ArmVmp : Match on catch block at 0xc3 in for 0xa5
02-12 19:56:12.741 7726 7726 E ArmVmp : Match on catch block at 0xc3 in for 0xa9
02-12 19:56:12.744 7726 7726 E ArmVmp : Match on catch block at 0xc3 in for 0xa9
02-12 19:56:12.778 7726 7726 E ArmVmp : Match on catch block at 0xc3 in for 0xa5
02-12 19:56:12.782 7726 7726 E ArmVmp : Match on catch block at 0xc3 in for 0xa9
02-12 19:56:12.784 7726 7726 E ArmVmp : Match on catch block at 0xc3 in for 0xa9
02-12 19:56:12.842 7726 7726 E ArmVmp : Match on catch block at 0xc3 in for 0xa9
02-12 19:56:12.864 7726 7726 E ArmVmp : Match on catch block at 0xc3 in for 0xa1
02-12 19:56:12.866 7726 7726 E ArmVmp : Match on catch block at 0xc3 in for 0xa1
02-12 19:56:12.885 7726 7726 E ArmVmp : Match on catch block at 0xc3 in for 0xa5
02-12 19:56:12.888 7726 7726 E ArmVmp : Match on catch block at 0xc3 in for 0xa9
02-12 19:56:12.890 7726 7726 E ArmVmp : Match on catch block at 0xc3 in for 0xa9
02-12 19:56:13.143 7726 7850 W libEGL : EGLNativeWindowType 0xb4000077931e31e0
disconnect failed
02-12 19:56:13.295 7726 7726 E ArmVmp : Match on catch block at 0xc3 in for 0xa1
02-12 19:56:13.297 7726 7726 E ArmVmp : Match on catch block at 0xc3 in for 0xa5
02-12 19:56:13.299 7726 7726 E ArmVmp : Match on catch block at 0xc3 in for 0xa5
02-12 19:56:13.306 7726 7726 E ArmVmp : Match on catch block at 0xc3 in for 0xa9
02-12 19:56:13.307 7726 7726 E ArmVmp : Match on catch block at 0xc3 in for 0xa1
02-12 19:56:13.309 7726 7726 E ArmVmp : Match on catch block at 0xc3 in for 0xa1
02-12 19:56:13.315 7726 7726 E ArmVmp : Match on catch block at 0xc3 in for 0xa5
02-12 19:56:13.317 7726 7726 E ArmVmp : Match on catch block at 0xc3 in for 0xa9
02-12 19:56:13.318 7726 7726 E ArmVmp : Match on catch block at 0xc3 in for 0xa9
02-12 19:56:13.325 7726 7726 E ArmVmp : Match on catch block at 0xc3 in for 0xa1
02-12 19:56:13.326 7726 7726 E ArmVmp : Match on catch block at 0xc3 in for 0xa5
02-12 19:56:13.328 7726 7726 E ArmVmp : Match on catch block at 0xc3 in for 0xa5
02-12 19:56:13.336 7726 7726 E ArmVmp : Match on catch block at 0xc3 in for 0xa9
02-12 19:56:13.337 7726 7726 E ArmVmp : Match on catch block at 0xc3 in for 0xa1
02-12 19:56:13.339 7726 7726 E ArmVmp : Match on catch block at 0xc3 in for 0xa1
02-12 19:56:13.348 7726 7726 E ArmVmp : Match on catch block at 0xc3 in for 0xa5
02-12 19:56:13.351 7726 7726 E ArmVmp : Match on catch block at 0xc3 in for 0xa9
02-12 19:56:13.353 7726 7726 E ArmVmp : Match on catch block at 0xc3 in for 0xa9
02-12 19:56:13.359 7726 7726 E ArmVmp : Match on catch block at 0xc3 in for 0xa1
02-12 19:56:13.361 7726 7726 E ArmVmp : Match on catch block at 0xc3 in for 0xa5
02-12 19:56:13.362 7726 7726 E ArmVmp : Match on catch block at 0xc3 in for 0xa5
02-12 19:56:13.372 7726 7726 E ArmVmp : Match on catch block at 0xc3 in for 0xa9
02-12 19:56:13.374 7726 7726 E ArmVmp : Match on catch block at 0xc3 in for 0xa1
02-12 19:56:13.375 7726 7726 E ArmVmp : Match on catch block at 0xc3 in for 0xa1
02-12 19:56:13.383 7726 7726 E ArmVmp : Match on catch block at 0xc3 in for 0xa5
02-12 19:56:13.385 7726 7726 E ArmVmp : Match on catch block at 0xc3 in for 0xa9
02-12 19:56:13.386 7726 7726 E ArmVmp : Match on catch block at 0xc3 in for 0xa9
02-12 19:56:13.394 7726 7726 E ArmVmp : Match on catch block at 0xc3 in for 0xa1
02-12 19:56:13.396 7726 7726 E ArmVmp : Match on catch block at 0xc3 in for 0xa5
02-12 19:56:13.397 7726 7726 E ArmVmp : Match on catch block at 0xc3 in for 0xa5
02-12 19:56:13.406 7726 7726 E ArmVmp : Match on catch block at 0xc3 in for 0xa9
02-12 19:56:13.408 7726 7726 E ArmVmp : Match on catch block at 0xc3 in for 0xa1
02-12 19:56:13.409 7726 7726 E ArmVmp : Match on catch block at 0xc3 in for 0xa1
02-12 19:56:13.417 7726 7726 E ArmVmp : Match on catch block at 0xc3 in for 0xa5
02-12 19:56:13.419 7726 7726 E ArmVmp : Match on catch block at 0xc3 in for 0xa9
02-12 19:56:13.420 7726 7726 E ArmVmp : Match on catch block at 0xc3 in for 0xa9
02-12 19:56:13.428 7726 7726 E ArmVmp : Match on catch block at 0xc3 in for 0xa1
02-12 19:56:13.430 7726 7726 E ArmVmp : Match on catch block at 0xc3 in for 0xa5
02-12 19:56:13.431 7726 7726 E ArmVmp : Match on catch block at 0xc3 in for 0xa5
02-12 19:56:13.439 7726 7726 E ArmVmp : Match on catch block at 0xc3 in for 0xa9
02-12 19:56:13.441 7726 7726 E ArmVmp : Match on catch block at 0xc3 in for 0xa1
02-12 19:56:13.442 7726 7726 E ArmVmp : Match on catch block at 0xc3 in for 0xa1
02-12 19:56:13.450 7726 7726 E ArmVmp : Match on catch block at 0xc3 in for 0xa5
02-12 19:56:13.452 7726 7726 E ArmVmp : Match on catch block at 0xc3 in for 0xa9
02-12 19:56:13.454 7726 7726 E ArmVmp : Match on catch block at 0xc3 in for 0xa9
02-12 19:56:13.461 7726 7726 E ArmVmp : Match on catch block at 0xc3 in for 0xa1
02-12 19:56:13.463 7726 7726 E ArmVmp : Match on catch block at 0xc3 in for 0xa5
02-12 19:56:13.464 7726 7726 E ArmVmp : Match on catch block at 0xc3 in for 0xa5
02-12 19:56:13.472 7726 7726 E ArmVmp : Match on catch block at 0xc3 in for 0xa9
02-12 19:56:13.474 7726 7726 E ArmVmp : Match on catch block at 0xc3 in for 0xa1
02-12 19:56:13.475 7726 7726 E ArmVmp : Match on catch block at 0xc3 in for 0xa1
02-12 19:56:13.484 7726 7726 E ArmVmp : Match on catch block at 0xc3 in for 0xa5
02-12 19:56:13.485 7726 7726 E ArmVmp : Match on catch block at 0xc3 in for 0xa9
02-12 19:56:13.487 7726 7726 E ArmVmp : Match on catch block at 0xc3 in for 0xa9
02-12 19:56:13.495 7726 7726 E ArmVmp : Match on catch block at 0xc3 in for 0xa1
02-12 19:56:13.497 7726 7726 E ArmVmp : Match on catch block at 0xc3 in for 0xa5
02-12 19:56:13.498 7726 7726 E ArmVmp : Match on catch block at 0xc3 in for 0xa5
02-12 19:56:13.506 7726 7726 E ArmVmp : Match on catch block at 0xc3 in for 0xa9
02-12 19:56:13.508 7726 7726 E ArmVmp : Match on catch block at 0xc3 in for 0xa1
02-12 19:56:13.509 7726 7726 E ArmVmp : Match on catch block at 0xc3 in for 0xa1
02-12 19:56:13.517 7726 7726 E ArmVmp : Match on catch block at 0xc3 in for 0xa5
02-12 19:56:13.519 7726 7726 E ArmVmp : Match on catch block at 0xc3 in for 0xa9
02-12 19:56:13.520 7726 7726 E ArmVmp : Match on catch block at 0xc3 in for 0xa9
02-12 19:56:13.528 7726 7726 E ArmVmp : Match on catch block at 0xc3 in for 0xa1
02-12 19:56:13.530 7726 7726 E ArmVmp : Match on catch block at 0xc3 in for 0xa5
02-12 19:56:13.531 7726 7726 E ArmVmp : Match on catch block at 0xc3 in for 0xa5
02-12 19:56:13.539 7726 7726 E ArmVmp : Match on catch block at 0xc3 in for 0xa9
02-12 19:56:13.541 7726 7726 E ArmVmp : Match on catch block at 0xc3 in for 0xa1
02-12 19:56:13.542 7726 7726 E ArmVmp : Match on catch block at 0xc3 in for 0xa1
02-12 19:56:13.550 7726 7726 E ArmVmp : Match on catch block at 0xc3 in for 0xa5
02-12 19:56:13.553 7726 7726 E ArmVmp : Match on catch block at 0xc3 in for 0xa9
02-12 19:56:13.554 7726 7726 E ArmVmp : Match on catch block at 0xc3 in for 0xa9
02-12 19:56:13.562 7726 7726 E ArmVmp : Match on catch block at 0xc3 in for 0xa1
02-12 19:56:13.564 7726 7726 E ArmVmp : Match on catch block at 0xc3 in for 0xa5
02-12 19:56:13.565 7726 7726 E ArmVmp : Match on catch block at 0xc3 in for 0xa5
02-12 19:56:13.573 7726 7726 E ArmVmp : Match on catch block at 0xc3 in for 0xa9
02-12 19:56:13.574 7726 7726 E ArmVmp : Match on catch block at 0xc3 in for 0xa1
02-12 19:56:13.576 7726 7726 E ArmVmp : Match on catch block at 0xc3 in for 0xa1
02-12 19:56:13.584 7726 7726 E ArmVmp : Match on catch block at 0xc3 in for 0xa5
02-12 19:56:13.586 7726 7726 E ArmVmp : Match on catch block at 0xc3 in for 0xa9
02-12 19:56:13.587 7726 7726 E ArmVmp : Match on catch block at 0xc3 in for 0xa9
02-12 19:56:13.595 7726 7726 E ArmVmp : Match on catch block at 0xc3 in for 0xa1
02-12 19:56:13.597 7726 7726 E ArmVmp : Match on catch block at 0xc3 in for 0xa5
02-12 19:56:13.598 7726 7726 E ArmVmp : Match on catch block at 0xc3 in for 0xa5
02-12 19:56:13.606 7726 7726 E ArmVmp : Match on catch block at 0xc3 in for 0xa9
02-12 19:56:13.608 7726 7726 E ArmVmp : Match on catch block at 0xc3 in for 0xa1
02-12 19:56:13.609 7726 7726 E ArmVmp : Match on catch block at 0xc3 in for 0xa1
02-12 19:56:13.829 7726 7726 E ArmVmp : Match on catch block at 0xc3 in for 0xa5
02-12 19:56:13.831 7726 7726 E ArmVmp : Match on catch block at 0xc3 in for 0xa9
02-12 19:56:13.832 7726 7726 E ArmVmp : Match on catch block at 0xc3 in for 0xa9
02-12 19:56:14.316 7726 7726 E ArmVmp : Match on catch block at 0xc3 in for 0xa9
02-12 19:56:14.320 7726 7726 E ArmVmp : Match on catch block at 0xc3 in for 0xa1
02-12 19:56:14.323 7726 7726 E ArmVmp : Match on catch block at 0xc3 in for 0xa1
02-12 19:56:14.330 7726 7726 E ArmVmp : Match on catch block at 0xc3 in for 0xa5
02-12 19:56:14.332 7726 7726 E ArmVmp : Match on catch block at 0xc3 in for 0xa9
02-12 19:56:14.334 7726 7726 E ArmVmp : Match on catch block at 0xc3 in for 0xa9
02-12 19:56:14.341 7726 7726 E ArmVmp : Match on catch block at 0xc3 in for 0xa1
02-12 19:56:14.344 7726 7726 E ArmVmp : Match on catch block at 0xc3 in for 0xa5
02-12 19:56:14.349 7726 7726 E ArmVmp : Match on catch block at 0xc3 in for 0xa5
02-12 19:56:14.458 7726 7726 E ArmVmp : Match on catch block at 0xc3 in for 0xa1
02-12 19:56:14.460 7726 7726 E ArmVmp : Match on catch block at 0xc3 in for 0xa5
02-12 19:56:14.462 7726 7726 E ArmVmp : Match on catch block at 0xc3 in for 0xa5
02-12 19:56:14.475 7726 7726 E ArmVmp : Match on catch block at 0xc3 in for 0xa9
02-12 19:56:14.477 7726 7726 E ArmVmp : Match on catch block at 0xc3 in for 0xa1
02-12 19:56:14.478 7726 7850 W libEGL : EGLNativeWindowType 0xb4000077932052e0
disconnect failed
02-12 19:56:14.479 7726 7726 E ArmVmp : Match on catch block at 0xc3 in for 0xa1
02-12 19:56:14.660 7726 7726 E ArmVmp : Match on catch block at 0xc3 in for 0xa5
02-12 19:56:14.664 7726 7726 E ArmVmp : Match on catch block at 0xc3 in for 0xa9
02-12 19:56:14.667 7726 7726 E ArmVmp : Match on catch block at 0xc3 in for 0xa9
02-12 19:56:14.673 7726 7726 E ArmVmp : Match on catch block at 0xc3 in for 0xa1
02-12 19:56:14.676 7726 7726 E ArmVmp : Match on catch block at 0xc3 in for 0xa5
02-12 19:56:14.679 7726 7726 E ArmVmp : Match on catch block at 0xc3 in for 0xa5
02-12 19:56:14.842 7726 7726 E ArmVmp : Match on catch block at 0xc3 in for 0xa9
02-12 19:56:14.845 7726 7726 E ArmVmp : Match on catch block at 0xc3 in for 0xa1
02-12 19:56:14.846 7726 7726 E ArmVmp : Match on catch block at 0xc3 in for 0xa1
02-12 19:56:15.343 7726 7726 E ArmVmp : Match on catch block at 0xc3 in for 0xa5
02-12 19:56:15.346 7726 7726 E ArmVmp : Match on catch block at 0xc3 in for 0xa9
02-12 19:56:15.349 7726 7726 E ArmVmp : Match on catch block at 0xc3 in for 0xa9
02-12 19:56:15.844 7726 7726 E ArmVmp : Match on catch block at 0xc3 in for 0xa9
02-12 19:56:15.849 7726 7726 E ArmVmp : Match on catch block at 0xc3 in for 0xa1
02-12 19:56:15.853 7726 7726 E ArmVmp : Match on catch block at 0xc3 in for 0xa1
02-12 19:56:16.171 7726 7726 E ArmVmp : Match on catch block at 0xc3 in for 0xa9
02-12 19:56:16.174 7726 7726 E ArmVmp : Match on catch block at 0xc3 in for 0xa1
02-12 19:56:16.176 7726 7726 E ArmVmp : Match on catch block at 0xc3 in for 0xa1
02-12 19:56:16.192 7726 7726 E ArmVmp : Match on catch block at 0xc3 in for 0xa1
02-12 19:56:16.194 7726 7726 E ArmVmp : Match on catch block at 0xc3 in for 0xa5
02-12 19:56:16.196 7726 7726 E ArmVmp : Match on catch block at 0xc3 in for 0xa5
02-12 19:56:16.201 7726 7726 E ArmVmp : Match on catch block at 0xc3 in for 0xa9
02-12 19:56:16.204 7726 7726 E ArmVmp : Match on catch block at 0xc3 in for 0xa1
02-12 19:56:16.206 7726 7726 E ArmVmp : Match on catch block at 0xc3 in for 0xa1
02-12 19:56:16.212 7726 7726 E ArmVmp : Match on catch block at 0xc3 in for 0xa5
02-12 19:56:16.217 7726 7726 E ArmVmp : Match on catch block at 0xc3 in for 0xa9
02-12 19:56:16.218 7726 7726 E ArmVmp : Match on catch block at 0xc3 in for 0xa9
02-12 19:56:16.223 7726 7726 E ArmVmp : Match on catch block at 0xc3 in for 0xa1
02-12 19:56:16.226 7726 7726 E ArmVmp : Match on catch block at 0xc3 in for 0xa5
02-12 19:56:16.228 7726 7726 E ArmVmp : Match on catch block at 0xc3 in for 0xa5
02-12 19:56:16.235 7726 7726 E ArmVmp : Match on catch block at 0xc3 in for 0xa9
02-12 19:56:16.237 7726 7726 E ArmVmp : Match on catch block at 0xc3 in for 0xa1
02-12 19:56:16.239 7726 7726 E ArmVmp : Match on catch block at 0xc3 in for 0xa1
02-12 19:56:16.245 7726 7726 E ArmVmp : Match on catch block at 0xc3 in for 0xa5
02-12 19:56:16.248 7726 7726 E ArmVmp : Match on catch block at 0xc3 in for 0xa9
02-12 19:56:16.250 7726 7726 E ArmVmp : Match on catch block at 0xc3 in for 0xa9
02-12 19:56:16.256 7726 7726 E ArmVmp : Match on catch block at 0xc3 in for 0xa1
02-12 19:56:16.258 7726 7726 E ArmVmp : Match on catch block at 0xc3 in for 0xa5
02-12 19:56:16.260 7726 7726 E ArmVmp : Match on catch block at 0xc3 in for 0xa5
02-12 19:56:16.267 7726 7726 E ArmVmp : Match on catch block at 0xc3 in for 0xa9
02-12 19:56:16.270 7726 7726 E ArmVmp : Match on catch block at 0xc3 in for 0xa1
02-12 19:56:16.272 7726 7726 E ArmVmp : Match on catch block at 0xc3 in for 0xa1
02-12 19:56:16.280 7726 7726 E ArmVmp : Match on catch block at 0xc3 in for 0xa5
02-12 19:56:16.283 7726 7726 E ArmVmp : Match on catch block at 0xc3 in for 0xa9
02-12 19:56:16.285 7726 7726 E ArmVmp : Match on catch block at 0xc3 in for 0xa9
02-12 19:56:16.293 7726 7726 E ArmVmp : Match on catch block at 0xc3 in for 0xa1
02-12 19:56:16.295 7726 7726 E ArmVmp : Match on catch block at 0xc3 in for 0xa5
02-12 19:56:16.297 7726 7726 E ArmVmp : Match on catch block at 0xc3 in for 0xa5
02-12 19:56:16.301 7726 7726 E ArmVmp : Match on catch block at 0xc3 in for 0xa9
02-12 19:56:16.304 7726 7726 E ArmVmp : Match on catch block at 0xc3 in for 0xa1
02-12 19:56:16.306 7726 7726 E ArmVmp : Match on catch block at 0xc3 in for 0xa1
02-12 19:56:16.312 7726 7726 E ArmVmp : Match on catch block at 0xc3 in for 0xa5
02-12 19:56:16.314 7726 7726 E ArmVmp : Match on catch block at 0xc3 in for 0xa9
02-12 19:56:16.316 7726 7726 E ArmVmp : Match on catch block at 0xc3 in for 0xa9
02-12 19:56:16.323 7726 7726 E ArmVmp : Match on catch block at 0xc3 in for 0xa1
02-12 19:56:16.325 7726 7726 E ArmVmp : Match on catch block at 0xc3 in for 0xa5
02-12 19:56:16.327 7726 7726 E ArmVmp : Match on catch block at 0xc3 in for 0xa5
02-12 19:56:16.334 7726 7726 E ArmVmp : Match on catch block at 0xc3 in for 0xa9
02-12 19:56:16.337 7726 7726 E ArmVmp : Match on catch block at 0xc3 in for 0xa1
02-12 19:56:16.338 7726 7726 E ArmVmp : Match on catch block at 0xc3 in for 0xa1
02-12 19:56:16.345 7726 7726 E ArmVmp : Match on catch block at 0xc3 in for 0xa5
02-12 19:56:16.348 7726 7726 E ArmVmp : Match on catch block at 0xc3 in for 0xa9
02-12 19:56:16.349 7726 7726 E ArmVmp : Match on catch block at 0xc3 in for 0xa9
02-12 19:56:16.356 7726 7726 E ArmVmp : Match on catch block at 0xc3 in for 0xa1
02-12 19:56:16.359 7726 7726 E ArmVmp : Match on catch block at 0xc3 in for 0xa5
02-12 19:56:16.361 7726 7726 E ArmVmp : Match on catch block at 0xc3 in for 0xa5
02-12 19:56:16.367 7726 7726 E ArmVmp : Match on catch block at 0xc3 in for 0xa9
02-12 19:56:16.370 7726 7726 E ArmVmp : Match on catch block at 0xc3 in for 0xa1
02-12 19:56:16.372 7726 7726 E ArmVmp : Match on catch block at 0xc3 in for 0xa1
02-12 19:56:16.378 7726 7726 E ArmVmp : Match on catch block at 0xc3 in for 0xa5
02-12 19:56:16.381 7726 7726 E ArmVmp : Match on catch block at 0xc3 in for 0xa9
02-12 19:56:16.389 7726 7726 E ArmVmp : Match on catch block at 0xc3 in for 0xa9
02-12 19:56:16.392 7726 7726 E ArmVmp : Match on catch block at 0xc3 in for 0xa1
02-12 19:56:16.395 7726 7726 E ArmVmp : Match on catch block at 0xc3 in for 0xa5
02-12 19:56:16.397 7726 7726 E ArmVmp : Match on catch block at 0xc3 in for 0xa5
02-12 19:56:16.401 7726 7726 E ArmVmp : Match on catch block at 0xc3 in for 0xa9
02-12 19:56:16.403 7726 7726 E ArmVmp : Match on catch block at 0xc3 in for 0xa1
02-12 19:56:16.406 7726 7726 E ArmVmp : Match on catch block at 0xc3 in for 0xa1
02-12 19:56:16.412 7726 7726 E ArmVmp : Match on catch block at 0xc3 in for 0xa5
02-12 19:56:16.414 7726 7726 E ArmVmp : Match on catch block at 0xc3 in for 0xa9
02-12 19:56:16.416 7726 7726 E ArmVmp : Match on catch block at 0xc3 in for 0xa9
02-12 19:56:16.423 7726 7726 E ArmVmp : Match on catch block at 0xc3 in for 0xa1
02-12 19:56:16.425 7726 7726 E ArmVmp : Match on catch block at 0xc3 in for 0xa5
02-12 19:56:16.427 7726 7726 E ArmVmp : Match on catch block at 0xc3 in for 0xa5
02-12 19:56:16.434 7726 7726 E ArmVmp : Match on catch block at 0xc3 in for 0xa9
02-12 19:56:16.437 7726 7726 E ArmVmp : Match on catch block at 0xc3 in for 0xa1
02-12 19:56:16.438 7726 7726 E ArmVmp : Match on catch block at 0xc3 in for 0xa1
02-12 19:56:16.445 7726 7726 E ArmVmp : Match on catch block at 0xc3 in for 0xa5
02-12 19:56:16.448 7726 7726 E ArmVmp : Match on catch block at 0xc3 in for 0xa9
02-12 19:56:16.449 7726 7726 E ArmVmp : Match on catch block at 0xc3 in for 0xa9
02-12 19:56:16.456 7726 7726 E ArmVmp : Match on catch block at 0xc3 in for 0xa1
02-12 19:56:16.459 7726 7726 E ArmVmp : Match on catch block at 0xc3 in for 0xa5
02-12 19:56:16.461 7726 7726 E ArmVmp : Match on catch block at 0xc3 in for 0xa5
02-12 19:56:16.468 7726 7726 E ArmVmp : Match on catch block at 0xc3 in for 0xa9
02-12 19:56:16.471 7726 7726 E ArmVmp : Match on catch block at 0xc3 in for 0xa1
02-12 19:56:16.473 7726 7726 E ArmVmp : Match on catch block at 0xc3 in for 0xa1
02-12 19:56:16.479 7726 7726 E ArmVmp : Match on catch block at 0xc3 in for 0xa5
02-12 19:56:16.482 7726 7726 E ArmVmp : Match on catch block at 0xc3 in for 0xa9
02-12 19:56:16.485 7726 7726 E ArmVmp : Match on catch block at 0xc3 in for 0xa9
02-12 19:56:16.491 7726 7726 E ArmVmp : Match on catch block at 0xc3 in for 0xa1
02-12 19:56:16.494 7726 7726 E ArmVmp : Match on catch block at 0xc3 in for 0xa5
02-12 19:56:16.496 7726 7726 E ArmVmp : Match on catch block at 0xc3 in for 0xa5
02-12 19:56:16.503 7726 7726 E ArmVmp : Match on catch block at 0xc3 in for 0xa9
02-12 19:56:16.506 7726 7726 E ArmVmp : Match on catch block at 0xc3 in for 0xa1
02-12 19:56:16.508 7726 7726 E ArmVmp : Match on catch block at 0xc3 in for 0xa1
02-12 19:56:16.512 7726 7726 E ArmVmp : Match on catch block at 0xc3 in for 0xa5
02-12 19:56:16.515 7726 7726 E ArmVmp : Match on catch block at 0xc3 in for 0xa9
02-12 19:56:16.518 7726 7726 E ArmVmp : Match on catch block at 0xc3 in for 0xa9
02-12 19:56:16.526 7726 7726 E ArmVmp : Match on catch block at 0xc3 in for 0xa1
02-12 19:56:16.528 7726 7726 E ArmVmp : Match on catch block at 0xc3 in for 0xa5
02-12 19:56:16.530 7726 7726 E ArmVmp : Match on catch block at 0xc3 in for 0xa5
02-12 19:56:16.769 7726 7726 E ArmVmp : Match on catch block at 0xc3 in for 0xa9
02-12 19:56:16.773 7726 7726 E ArmVmp : Match on catch block at 0xc3 in for 0xa1
02-12 19:56:16.777 7726 7726 E ArmVmp : Match on catch block at 0xc3 in for 0xa1
02-12 19:56:17.125 7726 7726 E ArmVmp : Match on catch block at 0xc3 in for 0xa5
02-12 19:56:17.130 7726 7726 E ArmVmp : Match on catch block at 0xc3 in for 0xa9
02-12 19:56:17.138 7726 7726 E ArmVmp : Match on catch block at 0xc3 in for 0xa9
02-12 19:56:17.626 7726 7726 E ArmVmp : Match on catch block at 0xc3 in for 0xa1
02-12 19:56:17.630 7726 7726 E ArmVmp : Match on catch block at 0xc3 in for 0xa5
02-12 19:56:17.632 7726 7726 E ArmVmp : Match on catch block at 0xc3 in for 0xa5
02-12 19:56:17.881 7726 7726 E ArmVmp : Match on catch block at 0xc3 in for 0xa9
02-12 19:56:17.884 7726 7726 E ArmVmp : Match on catch block at 0xc3 in for 0xa1
02-12 19:56:17.887 7726 7726 E ArmVmp : Match on catch block at 0xc3 in for 0xa1
02-12 19:56:18.383 7726 7726 E ArmVmp : Match on catch block at 0xc3 in for 0xa5
02-12 19:56:18.386 7726 7726 E ArmVmp : Match on catch block at 0xc3 in for 0xa9
02-12 19:56:18.390 7726 7726 E ArmVmp : Match on catch block at 0xc3 in for 0xa9
02-12 19:56:18.787 7726 7726 E ArmVmp : Match on catch block at 0xc3 in for 0xa9
02-12 19:56:18.790 7726 7726 E ArmVmp : Match on catch block at 0xc3 in for 0xa1
02-12 19:56:18.792 7726 7726 E ArmVmp : Match on catch block at 0xc3 in for 0xa1
02-12 19:56:18.800 7726 7726 E ArmVmp : Match on catch block at 0xc3 in for 0xa5
02-12 19:56:18.804 7726 7726 E ArmVmp : Match on catch block at 0xc3 in for 0xa9
02-12 19:56:18.806 7726 7726 E ArmVmp : Match on catch block at 0xc3 in for 0xa9
02-12 19:56:18.894 7726 7726 E ArmVmp : Match on catch block at 0xc3 in for 0xa1
02-12 19:56:18.897 7726 7726 E ArmVmp : Match on catch block at 0xc3 in for 0xa5
02-12 19:56:18.899 7726 7726 E ArmVmp : Match on catch block at 0xc3 in for 0xa5
02-12 19:56:19.396 7726 7726 E ArmVmp : Match on catch block at 0xc3 in for 0xa9
02-12 19:56:19.399 7726 7726 E ArmVmp : Match on catch block at 0xc3 in for 0xa1
02-12 19:56:19.403 7726 7726 E ArmVmp : Match on catch block at 0xc3 in for 0xa1
02-12 19:56:19.588 7726 7726 E ArmVmp : Match on catch block at 0xc3 in for 0xa9
02-12 19:56:19.591 7726 7726 E ArmVmp : Match on catch block at 0xc3 in for 0xa1
02-12 19:56:19.594 7726 7726 E ArmVmp : Match on catch block at 0xc3 in for 0xa1
02-12 19:56:20.064 7726 7726 E ArmVmp : Match on catch block at 0xc3 in for 0xa5
02-12 19:56:20.066 7726 7726 E ArmVmp : Match on catch block at 0xc3 in for 0xa9
02-12 19:56:20.068 7726 7726 E ArmVmp : Match on catch block at 0xc3 in for 0xa9
02-12 19:56:20.080 7726 7726 E ArmVmp : Match on catch block at 0xc3 in for 0xa5
02-12 19:56:20.082 7726 7726 E ArmVmp : Match on catch block at 0xc3 in for 0xa9
02-12 19:56:20.084 7726 7726 E ArmVmp : Match on catch block at 0xc3 in for 0xa9
02-12 19:56:20.101 7726 7726 E ArmVmp : Match on catch block at 0xc3 in for 0xa9
02-12 19:56:20.103 7726 7726 E ArmVmp : Match on catch block at 0xc3 in for 0xa1
02-12 19:56:20.108 7726 7726 E ArmVmp : Match on catch block at 0xc3 in for 0xa9
02-12 19:56:20.113 7726 7726 E ArmVmp : Match on catch block at 0xc3 in for 0xa1
02-12 19:56:20.132 7726 7726 E ArmVmp : Match on catch block at 0xc3 in for 0xa5
02-12 19:56:20.135 7726 7726 E ArmVmp : Match on catch block at 0xc3 in for 0xa9
02-12 19:56:20.144 7726 7726 E ArmVmp : Match on catch block at 0xc3 in for 0xa1
02-12 19:56:20.150 7726 7726 E ArmVmp : Match on catch block at 0xc3 in for 0xa5
02-12 19:56:20.161 7726 7726 E ArmVmp : Match on catch block at 0xc3 in for 0xa9
02-12 19:56:20.167 7726 7726 E ArmVmp : Match on catch block at 0xc3 in for 0xa1
02-12 19:56:20.174 7726 7726 E ArmVmp : Match on catch block at 0xc3 in for 0xa9
02-12 19:56:20.176 7726 7726 E ArmVmp : Match on catch block at 0xc3 in for 0xa1
02-12 19:56:20.186 7726 7726 E ArmVmp : Match on catch block at 0xc3 in for 0xa9
02-12 19:56:20.188 7726 7726 E ArmVmp : Match on catch block at 0xc3 in for 0xa1
02-12 19:56:20.197 7726 7726 E ArmVmp : Match on catch block at 0xc3 in for 0xa9
02-12 19:56:20.199 7726 7726 E ArmVmp : Match on catch block at 0xc3 in for 0xa1
02-12 19:56:20.208 7726 7726 E ArmVmp : Match on catch block at 0xc3 in for 0xa9
02-12 19:56:20.211 7726 7726 E ArmVmp : Match on catch block at 0xc3 in for 0xa1
02-12 19:56:20.219 7726 7726 E ArmVmp : Match on catch block at 0xc3 in for 0xa9
02-12 19:56:20.221 7726 7726 E ArmVmp : Match on catch block at 0xc3 in for 0xa1
02-12 19:56:20.230 7726 7726 E ArmVmp : Match on catch block at 0xc3 in for 0xa9
02-12 19:56:20.233 7726 7726 E ArmVmp : Match on catch block at 0xc3 in for 0xa1
02-12 19:56:20.242 7726 7726 E ArmVmp : Match on catch block at 0xc3 in for 0xa9
02-12 19:56:20.245 7726 7726 E ArmVmp : Match on catch block at 0xc3 in for 0xa1
02-12 19:56:20.253 7726 7726 E ArmVmp : Match on catch block at 0xc3 in for 0xa9
02-12 19:56:20.255 7726 7726 E ArmVmp : Match on catch block at 0xc3 in for 0xa1
02-12 19:56:20.267 7726 7726 E ArmVmp : Match on catch block at 0xc3 in for 0xa5
02-12 19:56:20.270 7726 7726 E ArmVmp : Match on catch block at 0xc3 in for 0xa9
02-12 19:56:20.278 7726 15704 W MediaPlayer: Use of stream types is deprecated for
operations other than volume control
02-12 19:56:20.278 7726 15704 W MediaPlayer: See the documentation of
setAudioStreamType() for what to use instead with android.media.AudioAttributes to
qualify your playback use case
02-12 19:56:20.278 7726 7726 E ArmVmp : Match on catch block at 0xc3 in for 0xa1
02-12 19:56:20.281 7726 7726 E ArmVmp : Match on catch block at 0xc3 in for 0xa5
02-12 19:56:20.353 7726 7726 E ArmVmp : Match on catch block at 0xc3 in for 0xa5
02-12 19:56:20.355 7726 7726 E ArmVmp : Match on catch block at 0xc3 in for 0xa9
02-12 19:56:20.362 7726 7726 E ArmVmp : Match on catch block at 0xc3 in for 0xa5
02-12 19:56:20.364 7726 7726 E ArmVmp : Match on catch block at 0xc3 in for 0xa9
02-12 19:56:20.412 7726 7726 E ArmVmp : Match on catch block at 0xc3 in for 0xa1
02-12 19:56:20.414 7726 7726 E ArmVmp : Match on catch block at 0xc3 in for 0xa5
02-12 19:56:20.420 7726 7726 E ArmVmp : Match on catch block at 0xc3 in for 0xa1
02-12 19:56:20.422 7726 7726 E ArmVmp : Match on catch block at 0xc3 in for 0xa5
02-12 19:56:20.455 7726 7726 E ArmVmp : Match on catch block at 0xc3 in for 0xa5
02-12 19:56:20.458 7726 7726 E ArmVmp : Match on catch block at 0xc3 in for 0xa9
02-12 19:56:20.470 7726 7726 E ArmVmp : Match on catch block at 0xc3 in for 0xa5
02-12 19:56:20.472 7726 7726 E ArmVmp : Match on catch block at 0xc3 in for 0xa9
02-12 19:56:20.479 7726 7726 E ArmVmp : Match on catch block at 0xc3 in for 0xa5
02-12 19:56:20.483 7726 7726 E ArmVmp : Match on catch block at 0xc3 in for 0xa9
02-12 19:56:20.511 7726 7726 E ArmVmp : Match on catch block at 0xc3 in for 0xa9
02-12 19:56:20.514 7726 7726 E ArmVmp : Match on catch block at 0xc3 in for 0xa1
02-12 19:56:20.520 7726 7726 E ArmVmp : Match on catch block at 0xc3 in for 0xa9
02-12 19:56:20.523 7726 7726 E ArmVmp : Match on catch block at 0xc3 in for 0xa1
02-12 19:56:20.587 7726 7726 E ArmVmp : Match on catch block at 0xc3 in for 0xa9
02-12 19:56:20.589 7726 7726 E ArmVmp : Match on catch block at 0xc3 in for 0xa1
02-12 19:56:20.785 7726 7726 E ArmVmp : Match on catch block at 0xc3 in for 0xa9
02-12 19:56:20.790 7726 7726 E ArmVmp : Match on catch block at 0xc3 in for 0xa1
02-12 19:56:20.809 7726 7726 E ArmVmp : Match on catch block at 0xc3 in for 0xa9
02-12 19:56:20.813 7726 7726 E ArmVmp : Match on catch block at 0xc3 in for 0xa1
02-12 19:56:20.882 7726 7726 E ArmVmp : Match on catch block at 0xc3 in for 0xa1
02-12 19:56:20.884 7726 7726 E ArmVmp : Match on catch block at 0xc3 in for 0xa5
02-12 19:56:21.325 7726 7850 W libEGL : EGLNativeWindowType 0xb4000077932052e0
disconnect failed
02-12 19:56:21.332 7726 7726 E ArmVmp : Match on catch block at 0xc3 in for 0xa9
02-12 19:56:21.334 7726 7726 E ArmVmp : Match on catch block at 0xc3 in for 0xa1
02-12 19:56:23.434 7726 7726 W Choreographer: Frame time is 0.217852 ms in the
future! Check that graphics HAL is generating vsync timestamps using the correct
timebase.
02-12 19:56:23.977 7726 7850 W libEGL : EGLNativeWindowType 0xb4000077932671c0
disconnect failed
02-12 19:56:25.653 15978 15978 E com.whatsapp: Not starting debugger since process
cannot load the jdwp agent.
02-12 19:56:25.823 15978 15978 W System.err: java.lang.ClassNotFoundException:
mbmodsd.mbmodsw.ui.views.btn.BtnBK
02-12 19:56:25.825 15978 15978 W System.err: at
java.lang.Runtime.nativeLoad(Native Method)
02-12 19:56:25.825 15978 15978 W System.err: at
java.lang.Runtime.nativeLoad(Runtime.java:1131)
02-12 19:56:25.825 15978 15978 W System.err: at
java.lang.Runtime.loadLibrary0(Runtime.java:1085)
02-12 19:56:25.825 15978 15978 W System.err: at
java.lang.Runtime.loadLibrary0(Runtime.java:1008)
02-12 19:56:25.825 15978 15978 W System.err: at
java.lang.System.loadLibrary(System.java:1664)
02-12 19:56:25.825 15978 15978 W System.err: at arm.EpicVm.<clinit>(Unknown
Source:2)
02-12 19:56:25.825 15978 15978 W System.err: at
java.lang.Class.newInstance(Native Method)
02-12 19:56:25.825 15978 15978 W System.err: at
android.app.AppComponentFactory.instantiateApplication(AppComponentFactory.java:76)
02-12 19:56:25.825 15978 15978 W System.err: at
androidx.core.app.CoreComponentFactory.instantiateApplication(Unknown Source:0)
02-12 19:56:25.825 15978 15978 W System.err: at
android.app.Instrumentation.newApplication(Instrumentation.java:1158)
02-12 19:56:25.825 15978 15978 W System.err: at
android.app.LoadedApk.makeApplication(LoadedApk.java:1268)
02-12 19:56:25.825 15978 15978 W System.err: at
android.app.ActivityThread.handleBindApplication(ActivityThread.java:6879)
02-12 19:56:25.825 15978 15978 W System.err: at
android.app.ActivityThread.access$1300(ActivityThread.java:260)
02-12 19:56:25.825 15978 15978 W System.err: at
android.app.ActivityThread$H.handleMessage(ActivityThread.java:1955)
02-12 19:56:25.825 15978 15978 W System.err: at
android.os.Handler.dispatchMessage(Handler.java:106)
02-12 19:56:25.825 15978 15978 W System.err: at
android.os.Looper.loop(Looper.java:223)
02-12 19:56:25.825 15978 15978 W System.err: at
android.app.ActivityThread.main(ActivityThread.java:7945)
02-12 19:56:25.825 15978 15978 W System.err: at
java.lang.reflect.Method.invoke(Native Method)
02-12 19:56:25.825 15978 15978 W System.err: at
com.android.internal.os.RuntimeInit$MethodAndArgsCaller.run(RuntimeInit.java:603)
02-12 19:56:25.825 15978 15978 W System.err: at
com.android.internal.os.ZygoteInit.main(ZygoteInit.java:947)
02-12 19:56:25.844 15978 15978 E CustomActivityOnCrash: IMPORTANT WARNING! You
already have an UncaughtExceptionHandler, are you sure this is correct? If you use
a custom UncaughtExceptionHandler, you must initialize it AFTER
CustomActivityOnCrash! Installing anyway, but your original handler will not be
called.
02-12 19:56:25.979 15978 16015 W LibraryVersion: Failed to get app version for
libraryName: firebase-iid
02-12 19:56:26.281 15978 15978 W com.whatsapp: Accessing hidden method
Lcom/android/org/conscrypt/OpenSSLSocketImpl;->setUseSessionTickets(Z)V (greylist-
max-q,test-api, reflection, denied)
02-12 19:56:26.282 15978 15978 W com.whatsapp: Accessing hidden method
Lcom/android/org/conscrypt/AbstractConscryptSocket;->setUseSessionTickets(Z)V
(greylist-max-q, reflection, denied)
02-12 19:56:26.316 15978 15978 W com.whatsapp: type=1400 audit(0.0:665903): avc:
granted { execute } for
path="/data/data/com.whatsapp/files/decompressed/libs.spk.zst/libc++_shared.so"
dev="dm-12" ino=131813 scontext=u:r:untrusted_app:s0:c246,c256,c512,c768
tcontext=u:object_r:app_data_file:s0:c246,c256,c512,c768 tclass=file
app=com.whatsapp
02-12 19:56:26.320 15978 15978 W com.whatsapp: type=1400 audit(0.0:665904): avc:
granted { execute } for
path="/data/data/com.whatsapp/files/decompressed/libs.spk.zst/libvlc.so" dev="dm-
12" ino=146247 scontext=u:r:untrusted_app:s0:c246,c256,c512,c768
tcontext=u:object_r:app_data_file:s0:c246,c256,c512,c768 tclass=file
app=com.whatsapp
02-12 19:56:26.323 15978 15978 W linker : Warning:
"/data/data/com.whatsapp/files/decompressed/libs.spk.zst/libc++_shared.so" unused
DT entry: unknown processor-specific (type 0x70000001 arg 0x0) (ignoring)
02-12 19:56:26.332 15978 15978 W com.whatsapp: type=1400 audit(0.0:665905): avc:
granted { execute } for
path="/data/data/com.whatsapp/files/decompressed/libs.spk.zst/libwhatsapp.so"
dev="dm-12" ino=146426 scontext=u:r:untrusted_app:s0:c246,c256,c512,c768
tcontext=u:object_r:app_data_file:s0:c246,c256,c512,c768 tclass=file
app=com.whatsapp
02-12 19:56:26.348 15978 15978 W com.whatsapp: type=1400 audit(0.0:665906): avc:
granted { execute } for
path="/data/data/com.whatsapp/files/decompressed/libs.spk.zst/libcurve25519.so"
dev="dm-12" ino=146305 scontext=u:r:untrusted_app:s0:c246,c256,c512,c768
tcontext=u:object_r:app_data_file:s0:c246,c256,c512,c768 tclass=file
app=com.whatsapp
02-12 19:56:26.432 15978 15978 W CheckTime: App running slow: Executing
handleBindApplication : callApplicationOnCreate took 510ms
02-12 19:56:26.445 15978 16055 W com.whatsapp: Class X.2rL failed lock verification
and will run slower.
02-12 19:56:26.445 15978 16055 W com.whatsapp: Common causes for lock verification
issues are non-optimized dex code
02-12 19:56:26.445 15978 16055 W com.whatsapp: and incorrect proguard
optimizations.
02-12 19:56:31.222 16489 16489 E com.whatsapp: Not starting debugger since process
cannot load the jdwp agent.
--------- beginning of system
--------- beginning of main
02-12 21:47:09.901 31283 31283 E com.whatsapp: Not starting debugger since process
cannot load the jdwp agent.
02-12 21:47:10.264 28389 28389 W System.err: java.lang.ClassNotFoundException:
mbmodsd.mbmodsw.ui.views.btn.BtnBK
02-12 21:47:10.277 28389 28389 W System.err: at
java.lang.Runtime.nativeLoad(Native Method)
02-12 21:47:10.277 28389 28389 W System.err: at
java.lang.Runtime.nativeLoad(Runtime.java:1131)
02-12 21:47:10.277 28389 28389 W System.err: at
java.lang.Runtime.loadLibrary0(Runtime.java:1085)
02-12 21:47:10.277 28389 28389 W System.err: at
java.lang.Runtime.loadLibrary0(Runtime.java:1008)
02-12 21:47:10.277 28389 28389 W System.err: at
java.lang.System.loadLibrary(System.java:1664)
02-12 21:47:10.277 28389 28389 W System.err: at arm.EpicVm.<clinit>(Unknown
Source:2)
02-12 21:47:10.277 28389 28389 W System.err: at
java.lang.Class.newInstance(Native Method)
02-12 21:47:10.277 28389 28389 W System.err: at
android.app.AppComponentFactory.instantiateApplication(AppComponentFactory.java:76)
02-12 21:47:10.278 28389 28389 W System.err: at
