02-11 20:16:51.922 32048 32048 E ArmVmp : Match on catch block at 0xc3 in for 0xa9
02-11 20:16:51.930 32048 32048 E ArmVmp : Match on catch block at 0xc3 in for 0xa9
02-11 20:16:51.933 32048 32048 E ArmVmp : Match on catch block at 0xc3 in for 0xa1
02-11 20:16:51.941 32048 32048 E ArmVmp : Match on catch block at 0xc3 in for 0xa1
02-11 20:16:51.944 32048 32048 E ArmVmp : Match on catch block at 0xc3 in for 0xa5
02-11 20:16:51.952 32048 32048 E ArmVmp : Match on catch block at 0xc3 in for 0xa5
02-11 20:16:51.956 32048 32048 E ArmVmp : Match on catch block at 0xc3 in for 0xa9
02-11 20:16:51.964 32048 32048 E ArmVmp : Match on catch block at 0xc3 in for 0xa9
02-11 20:16:51.967 32048 32048 E ArmVmp : Match on catch block at 0xc3 in for 0xa1
02-11 20:16:51.975 32048 32048 E ArmVmp : Match on catch block at 0xc3 in for 0xa1
02-11 20:16:51.978 32048 32048 E ArmVmp : Match on catch block at 0xc3 in for 0xa5
02-11 20:16:51.986 32048 32048 E ArmVmp : Match on catch block at 0xc3 in for 0xa5
02-11 20:16:51.989 32048 32048 E ArmVmp : Match on catch block at 0xc3 in for 0xa9
02-11 20:16:51.997 32048 32048 E ArmVmp : Match on catch block at 0xc3 in for 0xa9
02-11 20:16:52.000 32048 32048 E ArmVmp : Match on catch block at 0xc3 in for 0xa1
02-11 20:16:52.008 32048 32048 E ArmVmp : Match on catch block at 0xc3 in for 0xa1
02-11 20:16:52.011 32048 32048 E ArmVmp : Match on catch block at 0xc3 in for 0xa5
02-11 20:16:52.019 32048 32048 E ArmVmp : Match on catch block at 0xc3 in for 0xa5
02-11 20:16:52.023 32048 32048 E ArmVmp : Match on catch block at 0xc3 in for 0xa9
02-11 20:16:52.030 32048 32048 E ArmVmp : Match on catch block at 0xc3 in for 0xa9
02-11 20:16:52.034 32048 32048 E ArmVmp : Match on catch block at 0xc3 in for 0xa1
02-11 20:16:52.042 32048 32048 E ArmVmp : Match on catch block at 0xc3 in for 0xa1
02-11 20:16:52.046 32048 32048 E ArmVmp : Match on catch block at 0xc3 in for 0xa5
02-11 20:16:52.053 32048 32048 E ArmVmp : Match on catch block at 0xc3 in for 0xa5
02-11 20:16:52.057 32048 32048 E ArmVmp : Match on catch block at 0xc3 in for 0xa9
02-11 20:16:52.064 32048 32048 E ArmVmp : Match on catch block at 0xc3 in for 0xa9
02-11 20:16:52.068 32048 32048 E ArmVmp : Match on catch block at 0xc3 in for 0xa1
02-11 20:16:52.075 32048 32048 E ArmVmp : Match on catch block at 0xc3 in for 0xa1
02-11 20:16:52.079 32048 32048 E ArmVmp : Match on catch block at 0xc3 in for 0xa5
02-11 20:16:52.086 32048 32048 E ArmVmp : Match on catch block at 0xc3 in for 0xa5
02-11 20:16:52.089 32048 32048 E ArmVmp : Match on catch block at 0xc3 in for 0xa9
02-11 20:16:52.265 32048 32048 E ArmVmp : Match on catch block at 0xc3 in for 0xa9
02-11 20:16:52.268 32048 32048 E ArmVmp : Match on catch block at 0xc3 in for 0xa1
02-11 20:16:52.766 32048 32048 E ArmVmp : Match on catch block at 0xc3 in for 0xa1
02-11 20:16:52.770 32048 32048 E ArmVmp : Match on catch block at 0xc3 in for 0xa5
02-11 20:16:53.266 32048 32048 E ArmVmp : Match on catch block at 0xc3 in for 0xa9
02-11 20:16:53.270 32048 32048 E ArmVmp : Match on catch block at 0xc3 in for 0xa1
02-11 20:16:53.765 32048 32048 E ArmVmp : Match on catch block at 0xc3 in for 0xa1
02-11 20:16:53.768 32048 32048 E ArmVmp : Match on catch block at 0xc3 in for 0xa5
02-11 20:16:54.269 32048 32048 E ArmVmp : Match on catch block at 0xc3 in for 0xa5
02-11 20:16:54.274 32048 32048 E ArmVmp : Match on catch block at 0xc3 in for 0xa9
02-11 20:16:54.770 32048 32048 E ArmVmp : Match on catch block at 0xc3 in for 0xa9
02-11 20:16:54.775 32048 32048 E ArmVmp : Match on catch block at 0xc3 in for 0xa1
02-11 20:16:55.270 32048 32048 E ArmVmp : Match on catch block at 0xc3 in for 0xa5
02-11 20:16:55.274 32048 32048 E ArmVmp : Match on catch block at 0xc3 in for 0xa9
02-11 20:16:55.361 32048 32048 E ArmVmp : Match on catch block at 0xc3 in for 0xa5
02-11 20:16:55.365 32048 32048 E ArmVmp : Match on catch block at 0xc3 in for 0xa9
02-11 20:16:55.380 32048 32048 E ArmVmp : Match on catch block at 0xc3 in for 0xa9
02-11 20:16:55.384 32048 32048 E ArmVmp : Match on catch block at 0xc3 in for 0xa1
02-11 20:16:55.410 32048 32048 E ArmVmp : Match on catch block at 0xc3 in for 0xa9
02-11 20:16:55.412 32048 32048 E ArmVmp : Match on catch block at 0xc3 in for 0xa1
02-11 20:16:55.886 32048 32517 W libEGL : EGLNativeWindowType 0xb40000779315ade0
disconnect failed
02-11 20:16:55.891 32048 32048 E ArmVmp : Match on catch block at 0xc3 in for 0xa5
02-11 20:16:55.894 32048 32048 E ArmVmp : Match on catch block at 0xc3 in for 0xa9
02-11 20:16:56.381 32048 32048 E ArmVmp : Match on catch block at 0x0a in for 0xc9
02-11 20:16:56.383 32048 32048 E ArmVmp : Match on catch block at 0x0a in for 0xc5
02-11 20:16:56.462 32048 32048 E ArmVmp : Match on catch block at 0xc3 in for 0xb5
02-11 20:16:56.465 32048 32048 E ArmVmp : Match on catch block at 0xc3 in for 0xb5
02-11 20:16:56.508 32048 32048 E ArmVmp : Match on catch block at 0xc3 in for 0xa5
02-11 20:16:56.510 32048 32048 E ArmVmp : Match on catch block at 0xc3 in for 0xa9
02-11 20:16:56.511 32048 32048 E ArmVmp : Match on catch block at 0xc3 in for 0xa9
02-11 20:16:56.533 32048 32048 E ArmVmp : Match on catch block at 0xc3 in for 0xa1
02-11 20:16:56.534 32048 32048 E ArmVmp : Match on catch block at 0xc3 in for 0xa5
02-11 20:16:56.536 32048 32048 E ArmVmp : Match on catch block at 0xc3 in for 0xa5
02-11 20:16:56.556 32048 32048 E ArmVmp : Match on catch block at 0xc3 in for 0xa1
02-11 20:16:56.558 32048 32048 E ArmVmp : Match on catch block at 0xc3 in for 0xa5
02-11 20:16:56.559 32048 32048 E ArmVmp : Match on catch block at 0xc3 in for 0xa5
02-11 20:16:56.565 32048 32048 E ArmVmp : Match on catch block at 0xc3 in for 0xa1
02-11 20:16:56.568 32048 32048 E ArmVmp : Match on catch block at 0xc3 in for 0xa5
02-11 20:16:56.569 32048 32048 E ArmVmp : Match on catch block at 0xc3 in for 0xa5
02-11 20:16:56.579 32048 32048 E ArmVmp : Match on catch block at 0xc3 in for 0xa5
02-11 20:16:56.581 32048 32048 E ArmVmp : Match on catch block at 0xc3 in for 0xa9
02-11 20:16:56.583 32048 32048 E ArmVmp : Match on catch block at 0xc3 in for 0xa9
02-11 20:16:56.592 32048 32048 E ArmVmp : Match on catch block at 0xc3 in for 0xa1
02-11 20:16:56.595 32048 32048 E ArmVmp : Match on catch block at 0xc3 in for 0xa5
02-11 20:16:56.597 32048 32048 E ArmVmp : Match on catch block at 0xc3 in for 0xa5
02-11 20:16:56.602 32048 32048 E ArmVmp : Match on catch block at 0xc3 in for 0xa9
02-11 20:16:56.604 32048 32048 E ArmVmp : Match on catch block at 0xc3 in for 0xa1
02-11 20:16:56.605 32048 32048 E ArmVmp : Match on catch block at 0xc3 in for 0xa1
02-11 20:16:56.900 32048 32517 W libEGL : EGLNativeWindowType 0xb4000077930f28d0
disconnect failed
02-11 20:16:57.029 32048 32048 E ArmVmp : Match on catch block at 0xc3 in for 0xa5
02-11 20:16:57.031 32048 32048 E ArmVmp : Match on catch block at 0xc3 in for 0xa9
02-11 20:16:57.034 32048 32048 E ArmVmp : Match on catch block at 0xc3 in for 0xa9
02-11 20:16:57.207 32048 32048 E ArmVmp : Match on catch block at 0xc3 in for 0xa5
02-11 20:16:57.212 32048 32048 E ArmVmp : Match on catch block at 0xc3 in for 0xa9
02-11 20:16:57.215 32048 32048 E ArmVmp : Match on catch block at 0xc3 in for 0xa9
02-11 20:16:57.219 32048 32048 E ArmVmp : Match on catch block at 0xc3 in for 0xa1
02-11 20:16:57.221 32048 32048 E ArmVmp : Match on catch block at 0xc3 in for 0xa5
02-11 20:16:57.223 32048 32048 E ArmVmp : Match on catch block at 0xc3 in for 0xa5
02-11 20:16:57.227 32048 32048 E ArmVmp : Match on catch block at 0xc3 in for 0xa9
02-11 20:16:57.229 32048 32048 E ArmVmp : Match on catch block at 0xc3 in for 0xa1
02-11 20:16:57.230 32048 32048 E ArmVmp : Match on catch block at 0xc3 in for 0xa1
02-11 20:16:57.238 32048 32048 E ArmVmp : Match on catch block at 0xc3 in for 0xa5
02-11 20:16:57.240 32048 32048 E ArmVmp : Match on catch block at 0xc3 in for 0xa9
02-11 20:16:57.241 32048 32048 E ArmVmp : Match on catch block at 0xc3 in for 0xa9
02-11 20:16:57.251 32048 32048 E ArmVmp : Match on catch block at 0xc3 in for 0xa1
02-11 20:16:57.253 32048 32048 E ArmVmp : Match on catch block at 0xc3 in for 0xa5
02-11 20:16:57.254 32048 32048 E ArmVmp : Match on catch block at 0xc3 in for 0xa5
02-11 20:16:57.262 32048 32048 E ArmVmp : Match on catch block at 0xc3 in for 0xa9
02-11 20:16:57.263 32048 32048 E ArmVmp : Match on catch block at 0xc3 in for 0xa1
02-11 20:16:57.264 32048 32048 E ArmVmp : Match on catch block at 0xc3 in for 0xa1
02-11 20:16:57.273 32048 32048 E ArmVmp : Match on catch block at 0xc3 in for 0xa5
02-11 20:16:57.274 32048 32048 E ArmVmp : Match on catch block at 0xc3 in for 0xa9
02-11 20:16:57.275 32048 32048 E ArmVmp : Match on catch block at 0xc3 in for 0xa9
02-11 20:16:57.284 32048 32048 E ArmVmp : Match on catch block at 0xc3 in for 0xa1
02-11 20:16:57.285 32048 32048 E ArmVmp : Match on catch block at 0xc3 in for 0xa5
02-11 20:16:57.287 32048 32048 E ArmVmp : Match on catch block at 0xc3 in for 0xa5
02-11 20:16:57.296 32048 32048 E ArmVmp : Match on catch block at 0xc3 in for 0xa9
02-11 20:16:57.297 32048 32048 E ArmVmp : Match on catch block at 0xc3 in for 0xa1
02-11 20:16:57.299 32048 32048 E ArmVmp : Match on catch block at 0xc3 in for 0xa1
02-11 20:16:57.307 32048 32048 E ArmVmp : Match on catch block at 0xc3 in for 0xa5
02-11 20:16:57.308 32048 32048 E ArmVmp : Match on catch block at 0xc3 in for 0xa9
02-11 20:16:57.309 32048 32048 E ArmVmp : Match on catch block at 0xc3 in for 0xa9
02-11 20:16:57.318 32048 32048 E ArmVmp : Match on catch block at 0xc3 in for 0xa9
02-11 20:16:57.320 32048 32048 E ArmVmp : Match on catch block at 0xc3 in for 0xa1
02-11 20:16:57.321 32048 32048 E ArmVmp : Match on catch block at 0xc3 in for 0xa1
02-11 20:16:57.329 32048 32048 E ArmVmp : Match on catch block at 0xc3 in for 0xa5
02-11 20:16:57.330 32048 32048 E ArmVmp : Match on catch block at 0xc3 in for 0xa9
02-11 20:16:57.332 32048 32048 E ArmVmp : Match on catch block at 0xc3 in for 0xa9
02-11 20:16:57.340 32048 32048 E ArmVmp : Match on catch block at 0xc3 in for 0xa1
02-11 20:16:57.342 32048 32048 E ArmVmp : Match on catch block at 0xc3 in for 0xa5
02-11 20:16:57.343 32048 32048 E ArmVmp : Match on catch block at 0xc3 in for 0xa5
02-11 20:16:57.351 32048 32048 E ArmVmp : Match on catch block at 0xc3 in for 0xa9
02-11 20:16:57.353 32048 32048 E ArmVmp : Match on catch block at 0xc3 in for 0xa1
02-11 20:16:57.354 32048 32048 E ArmVmp : Match on catch block at 0xc3 in for 0xa1
02-11 20:16:57.362 32048 32048 E ArmVmp : Match on catch block at 0xc3 in for 0xa5
02-11 20:16:57.364 32048 32048 E ArmVmp : Match on catch block at 0xc3 in for 0xa9
02-11 20:16:57.365 32048 32048 E ArmVmp : Match on catch block at 0xc3 in for 0xa9
02-11 20:16:57.374 32048 32048 E ArmVmp : Match on catch block at 0xc3 in for 0xa1
02-11 20:16:57.375 32048 32048 E ArmVmp : Match on catch block at 0xc3 in for 0xa5
02-11 20:16:57.377 32048 32048 E ArmVmp : Match on catch block at 0xc3 in for 0xa5
02-11 20:16:57.385 32048 32048 E ArmVmp : Match on catch block at 0xc3 in for 0xa9
02-11 20:16:57.387 32048 32048 E ArmVmp : Match on catch block at 0xc3 in for 0xa1
02-11 20:16:57.389 32048 32048 E ArmVmp : Match on catch block at 0xc3 in for 0xa1
02-11 20:16:57.396 32048 32048 E ArmVmp : Match on catch block at 0xc3 in for 0xa9
02-11 20:16:57.398 32048 32048 E ArmVmp : Match on catch block at 0xc3 in for 0xa1
02-11 20:16:57.400 32048 32048 E ArmVmp : Match on catch block at 0xc3 in for 0xa1
02-11 20:16:57.407 32048 32048 E ArmVmp : Match on catch block at 0xc3 in for 0xa9
02-11 20:16:57.409 32048 32048 E ArmVmp : Match on catch block at 0xc3 in for 0xa1
02-11 20:16:57.412 32048 32048 E ArmVmp : Match on catch block at 0xc3 in for 0xa1
02-11 20:16:57.422 32048 32048 E ArmVmp : Match on catch block at 0xc3 in for 0xa5
02-11 20:16:57.423 32048 32048 E ArmVmp : Match on catch block at 0xc3 in for 0xa9
02-11 20:16:57.424 32048 32048 E ArmVmp : Match on catch block at 0xc3 in for 0xa9
02-11 20:16:57.429 32048 32048 E ArmVmp : Match on catch block at 0xc3 in for 0xa1
02-11 20:16:57.431 32048 32048 E ArmVmp : Match on catch block at 0xc3 in for 0xa5
02-11 20:16:57.433 32048 32048 E ArmVmp : Match on catch block at 0xc3 in for 0xa5
02-11 20:16:57.440 32048 32048 E ArmVmp : Match on catch block at 0xc3 in for 0xa9
02-11 20:16:57.442 32048 32048 E ArmVmp : Match on catch block at 0xc3 in for 0xa1
02-11 20:16:57.443 32048 32048 E ArmVmp : Match on catch block at 0xc3 in for 0xa1
02-11 20:16:57.453 32048 32048 E ArmVmp : Match on catch block at 0xc3 in for 0xa5
02-11 20:16:57.455 32048 32048 E ArmVmp : Match on catch block at 0xc3 in for 0xa9
02-11 20:16:57.457 32048 32048 E ArmVmp : Match on catch block at 0xc3 in for 0xa9
02-11 20:16:57.463 32048 32048 E ArmVmp : Match on catch block at 0xc3 in for 0xa1
02-11 20:16:57.464 32048 32048 E ArmVmp : Match on catch block at 0xc3 in for 0xa5
02-11 20:16:57.466 32048 32048 E ArmVmp : Match on catch block at 0xc3 in for 0xa5
02-11 20:16:57.482 32048 32048 E ArmVmp : Match on catch block at 0xc3 in for 0xa9
02-11 20:16:57.484 32048 32048 E ArmVmp : Match on catch block at 0xc3 in for 0xa1
02-11 20:16:57.486 32048 32048 E ArmVmp : Match on catch block at 0xc3 in for 0xa1
02-11 20:16:57.498 32048 32048 E ArmVmp : Match on catch block at 0xc3 in for 0xa5
02-11 20:16:57.502 32048 32517 W libEGL : EGLNativeWindowType 0xb40000779319abc0
disconnect failed
02-11 20:16:57.503 32048 32048 E ArmVmp : Match on catch block at 0xc3 in for 0xa9
02-11 20:16:57.504 32048 32048 E ArmVmp : Match on catch block at 0xc3 in for 0xa9
02-11 20:16:57.517 32048 32048 E ArmVmp : Match on catch block at 0xc3 in for 0xa1
02-11 20:16:57.519 32048 32048 E ArmVmp : Match on catch block at 0xc3 in for 0xa5
02-11 20:16:57.520 32048 32048 E ArmVmp : Match on catch block at 0xc3 in for 0xa5
02-11 20:16:57.529 32048 32048 E ArmVmp : Match on catch block at 0xc3 in for 0xa9
02-11 20:16:57.531 32048 32048 E ArmVmp : Match on catch block at 0xc3 in for 0xa1
02-11 20:16:57.533 32048 32048 E ArmVmp : Match on catch block at 0xc3 in for 0xa1
02-11 20:16:58.031 32048 32048 E ArmVmp : Match on catch block at 0xc3 in for 0xa5
02-11 20:16:58.033 32048 32048 E ArmVmp : Match on catch block at 0xc3 in for 0xa9
02-11 20:16:58.035 32048 32048 E ArmVmp : Match on catch block at 0xc3 in for 0xa9
02-11 20:16:58.336 32048 32048 E ArmVmp : Match on catch block at 0xc3 in for 0xa1
02-11 20:16:58.338 32048 32048 E ArmVmp : Match on catch block at 0xc3 in for 0xa5
02-11 20:16:58.340 32048 32048 E ArmVmp : Match on catch block at 0xc3 in for 0xa5
02-11 20:16:58.348 32048 32048 E ArmVmp : Match on catch block at 0xc3 in for 0xa9
02-11 20:16:58.350 32048 32048 E ArmVmp : Match on catch block at 0xc3 in for 0xa1
02-11 20:16:58.354 32048 32048 E ArmVmp : Match on catch block at 0xc3 in for 0xa1
02-11 20:16:58.532 32048 32048 E ArmVmp : Match on catch block at 0xc3 in for 0xa5
02-11 20:16:58.534 32048 32048 E ArmVmp : Match on catch block at 0xc3 in for 0xa9
02-11 20:16:58.537 32048 32048 E ArmVmp : Match on catch block at 0xc3 in for 0xa9
02-11 20:16:59.033 32048 32048 E ArmVmp : Match on catch block at 0xc3 in for 0xa1
02-11 20:16:59.035 32048 32048 E ArmVmp : Match on catch block at 0xc3 in for 0xa5
02-11 20:16:59.037 32048 32048 E ArmVmp : Match on catch block at 0xc3 in for 0xa5
02-11 20:16:59.134 32048 32048 E ArmVmp : Match on catch block at 0xc3 in for 0xa9
02-11 20:16:59.137 32048 32048 E ArmVmp : Match on catch block at 0xc3 in for 0xa1
02-11 20:16:59.139 32048 32048 E ArmVmp : Match on catch block at 0xc3 in for 0xa1
02-11 20:16:59.220 32048 32048 E ArmVmp : Match on catch block at 0xc3 in for 0xa1
02-11 20:16:59.222 32048 32048 E ArmVmp : Match on catch block at 0xc3 in for 0xa5
02-11 20:16:59.224 32048 32048 E ArmVmp : Match on catch block at 0xc3 in for 0xa5
02-11 20:16:59.296 32048 32048 E ArmVmp : Match on catch block at 0xc3 in for 0xa9
02-11 20:16:59.299 32048 32048 E ArmVmp : Match on catch block at 0xc3 in for 0xa1
02-11 20:16:59.300 32048 32048 E ArmVmp : Match on catch block at 0xc3 in for 0xa1
02-11 20:16:59.317 32048 32517 W libEGL : EGLNativeWindowType 0xb4000077930fb110
disconnect failed
02-11 20:16:59.535 32048 32048 E ArmVmp : Match on catch block at 0xc3 in for 0xa9
02-11 20:16:59.537 32048 32048 E ArmVmp : Match on catch block at 0xc3 in for 0xa1
02-11 20:16:59.540 32048 32048 E ArmVmp : Match on catch block at 0xc3 in for 0xa1
02-11 20:16:59.936 32048 32048 E ArmVmp : Match on catch block at 0xc3 in for 0xa5
02-11 20:16:59.939 32048 32048 E ArmVmp : Match on catch block at 0xc3 in for 0xa9
02-11 20:16:59.942 32048 32048 E ArmVmp : Match on catch block at 0xc3 in for 0xa9
02-11 20:16:59.946 32048 32048 E ArmVmp : Match on catch block at 0xc3 in for 0xa1
02-11 20:16:59.949 32048 32048 E ArmVmp : Match on catch block at 0xc3 in for 0xa5
02-11 20:16:59.953 32048 32048 E ArmVmp : Match on catch block at 0xc3 in for 0xa5
02-11 20:16:59.963 32048 32048 E ArmVmp : Match on catch block at 0xc3 in for 0xa9
02-11 20:16:59.966 32048 32048 E ArmVmp : Match on catch block at 0xc3 in for 0xa1
02-11 20:16:59.968 32048 32048 E ArmVmp : Match on catch block at 0xc3 in for 0xa1
02-11 20:16:59.972 32048 32048 E ArmVmp : Match on catch block at 0xc3 in for 0xa5
02-11 20:16:59.975 32048 32048 E ArmVmp : Match on catch block at 0xc3 in for 0xa9
02-11 20:16:59.977 32048 32048 E ArmVmp : Match on catch block at 0xc3 in for 0xa9
02-11 20:16:59.981 32048 32048 E ArmVmp : Match on catch block at 0xc3 in for 0xa1
02-11 20:16:59.983 32048 32048 E ArmVmp : Match on catch block at 0xc3 in for 0xa5
02-11 20:16:59.985 32048 32048 E ArmVmp : Match on catch block at 0xc3 in for 0xa5
02-11 20:16:59.989 32048 32048 E ArmVmp : Match on catch block at 0xc3 in for 0xa9
02-11 20:16:59.991 32048 32048 E ArmVmp : Match on catch block at 0xc3 in for 0xa1
02-11 20:16:59.993 32048 32048 E ArmVmp : Match on catch block at 0xc3 in for 0xa1
02-11 20:17:00.000 32048 32048 E ArmVmp : Match on catch block at 0xc3 in for 0xa5
02-11 20:17:00.005 32048 32048 E ArmVmp : Match on catch block at 0xc3 in for 0xa9
02-11 20:17:00.007 32048 32048 E ArmVmp : Match on catch block at 0xc3 in for 0xa9
02-11 20:17:00.012 32048 32048 E ArmVmp : Match on catch block at 0xc3 in for 0xa1
02-11 20:17:00.014 32048 32048 E ArmVmp : Match on catch block at 0xc3 in for 0xa5
02-11 20:17:00.016 32048 32048 E ArmVmp : Match on catch block at 0xc3 in for 0xa5
02-11 20:17:00.023 32048 32048 E ArmVmp : Match on catch block at 0xc3 in for 0xa9
02-11 20:17:00.025 32048 32048 E ArmVmp : Match on catch block at 0xc3 in for 0xa1
02-11 20:17:00.027 32048 32048 E ArmVmp : Match on catch block at 0xc3 in for 0xa1
02-11 20:17:00.034 32048 32048 E ArmVmp : Match on catch block at 0xc3 in for 0xa5
02-11 20:17:00.036 32048 32048 E ArmVmp : Match on catch block at 0xc3 in for 0xa9
02-11 20:17:00.038 32048 32048 E ArmVmp : Match on catch block at 0xc3 in for 0xa9
02-11 20:17:00.046 32048 32048 E ArmVmp : Match on catch block at 0xc3 in for 0xa1
02-11 20:17:00.047 32048 32048 E ArmVmp : Match on catch block at 0xc3 in for 0xa5
02-11 20:17:00.049 32048 32048 E ArmVmp : Match on catch block at 0xc3 in for 0xa5
02-11 20:17:00.057 32048 32048 E ArmVmp : Match on catch block at 0xc3 in for 0xa1
02-11 20:17:00.058 32048 32048 E ArmVmp : Match on catch block at 0xc3 in for 0xa5
02-11 20:17:00.060 32048 32048 E ArmVmp : Match on catch block at 0xc3 in for 0xa5
02-11 20:17:00.068 32048 32048 E ArmVmp : Match on catch block at 0xc3 in for 0xa9
02-11 20:17:00.070 32048 32048 E ArmVmp : Match on catch block at 0xc3 in for 0xa1
02-11 20:17:00.072 32048 32048 E ArmVmp : Match on catch block at 0xc3 in for 0xa1
02-11 20:17:00.079 32048 32048 E ArmVmp : Match on catch block at 0xc3 in for 0xa5
02-11 20:17:00.082 32048 32048 E ArmVmp : Match on catch block at 0xc3 in for 0xa9
02-11 20:17:00.084 32048 32048 E ArmVmp : Match on catch block at 0xc3 in for 0xa9
02-11 20:17:00.091 32048 32048 E ArmVmp : Match on catch block at 0xc3 in for 0xa1
02-11 20:17:00.093 32048 32048 E ArmVmp : Match on catch block at 0xc3 in for 0xa5
02-11 20:17:00.095 32048 32048 E ArmVmp : Match on catch block at 0xc3 in for 0xa5
02-11 20:17:00.103 32048 32048 E ArmVmp : Match on catch block at 0xc3 in for 0xa9
02-11 20:17:00.105 32048 32048 E ArmVmp : Match on catch block at 0xc3 in for 0xa1
02-11 20:17:00.107 32048 32048 E ArmVmp : Match on catch block at 0xc3 in for 0xa1
02-11 20:17:00.113 32048 32048 E ArmVmp : Match on catch block at 0xc3 in for 0xa5
02-11 20:17:00.116 32048 32048 E ArmVmp : Match on catch block at 0xc3 in for 0xa9
02-11 20:17:00.118 32048 32048 E ArmVmp : Match on catch block at 0xc3 in for 0xa9
02-11 20:17:00.124 32048 32048 E ArmVmp : Match on catch block at 0xc3 in for 0xa1
02-11 20:17:00.127 32048 32048 E ArmVmp : Match on catch block at 0xc3 in for 0xa5
02-11 20:17:00.128 32048 32048 E ArmVmp : Match on catch block at 0xc3 in for 0xa5
02-11 20:17:00.136 32048 32048 E ArmVmp : Match on catch block at 0xc3 in for 0xa1
02-11 20:17:00.138 32048 32048 E ArmVmp : Match on catch block at 0xc3 in for 0xa5
02-11 20:17:00.140 32048 32048 E ArmVmp : Match on catch block at 0xc3 in for 0xa5
02-11 20:17:00.172 32048 32048 E ArmVmp : Match on catch block at 0x0a in for 0xa5
02-11 20:17:00.178 32048 32048 E ArmVmp : Match on catch block at 0x0a in for 0xa5
02-11 20:17:00.184 32048 32048 E ArmVmp : Match on catch block at 0xc3 in for 0xa9
02-11 20:17:00.185 32048 32048 E ArmVmp : Match on catch block at 0xc3 in for 0xa1
02-11 20:17:00.187 32048 32048 E ArmVmp : Match on catch block at 0xc3 in for 0xa1
02-11 20:17:00.197 32048 32048 E ArmVmp : Match on catch block at 0xc3 in for 0xa5
02-11 20:17:00.199 32048 32048 E ArmVmp : Match on catch block at 0xc3 in for 0xa9
02-11 20:17:00.200 32048 32048 E ArmVmp : Match on catch block at 0xc3 in for 0xa9
02-11 20:17:00.203 32048 32048 E ArmVmp : Match on catch block at 0x0a in for 0xa9
02-11 20:17:01.094 32048 32048 E Dialog : show dialog
view=DecorView@1c71e8d[Conversation]
02-11 20:17:01.099 32048 32048 E ArmVmp : Match on catch block at 0xc3 in for 0xa9
02-11 20:17:01.101 32048 32048 E ArmVmp : Match on catch block at 0xc3 in for 0xa1
02-11 20:17:01.114 32048 32048 E ArmVmp : Match on catch block at 0xc3 in for 0xb5
02-11 20:17:01.119 32048 32048 E ArmVmp : Match on catch block at 0xc3 in for 0xa1
02-11 20:17:01.156 32048 32048 E ArmVmp : Match on catch block at 0xc3 in for 0xa5
02-11 20:17:01.158 32048 32048 E ArmVmp : Match on catch block at 0xc3 in for 0xa9
02-11 20:17:01.167 32048 32048 E ArmVmp : Match on catch block at 0xc3 in for 0xa1
02-11 20:17:01.174 32048 32048 E ArmVmp : Match on catch block at 0xc3 in for 0xa5
02-11 20:17:01.178 32048 32048 E ArmVmp : Match on catch block at 0xc3 in for 0xa9
02-11 20:17:01.180 32048 32048 E ArmVmp : Match on catch block at 0xc3 in for 0xa1
02-11 20:17:01.189 32048 32048 E ArmVmp : Match on catch block at 0xc3 in for 0xa5
02-11 20:17:01.195 32048 32048 E ArmVmp : Match on catch block at 0xc3 in for 0xa9
02-11 20:17:03.027 32048 32517 W libEGL : EGLNativeWindowType 0xb400007793145940
disconnect failed
02-11 20:17:03.049 32048 32048 E ArmVmp : Match on catch block at 0xc3 in for 0xa5
02-11 20:17:03.052 32048 32048 E ArmVmp : Match on catch block at 0xc3 in for 0xa9
02-11 20:17:03.066 32048 32048 E ArmVmp : Match on catch block at 0xc3 in for 0xa1
02-11 20:17:03.092 32048 32517 W libEGL : EGLNativeWindowType 0xb4000077930fb110
disconnect failed
02-11 20:17:03.097 32048 32048 E ArmVmp : Match on catch block at 0xc3 in for 0xa9
02-11 20:17:03.099 32048 32048 E ArmVmp : Match on catch block at 0xc3 in for 0xa1
02-11 20:17:03.121 32048 32048 E ArmVmp : Match on catch block at 0xc3 in for 0xa1
02-11 20:17:03.122 32048 32048 E ArmVmp : Match on catch block at 0xc3 in for 0xa5
02-11 20:17:03.181 32048 32496 E SQLiteDatabase: Error inserting transferred=0
media_job_uuid=4cbdca3f-76b0-40a7-a943-10861394d151 transcoded=1 gif_attribution=0
first_scan_length=0 direct_path=null thumbnail_height_width_ratio=1.0
is_animated_sticker=0 file_hash=Hv1GWu46ivhlesv7tIYJuXCfF9sH4UCrGxhZvQS28nY=
file_path=/data/user/0/com.whatsapp/files/Stickers/Hv1GWu46ivhlesv7tIYJuXCfF9sH4UCr
GxhZvQS28nY=.webp file_size=55678 partial_media_hash=null face_x=0 face_y=0
height=64 trim_to=0 media_key_timestamp=0 message_url=null media_caption=null
trim_from=0 mime_type=image/webp partial_media_enc_hash=null width=64
original_file_hash=null has_streaming_sidecar=0 autotransfer_retry_enabled=1
media_upload_handle=null message_row_id=492 multicast_id=null enc_file_hash=null
mute_video=0 page_count=0 first_scan_sidecar=null suspicious_content=0
file_length=55678 media_name=Hv1GWu46ivhlesv7tIYJuXCfF9sH4UCrGxhZvQS28nY=.webp
media_duration=0 chat_row_id=52 media_key=null
02-11 20:17:03.181 32048 32496 E SQLiteDatabase:
android.database.sqlite.SQLiteConstraintException: UNIQUE constraint failed:
message_media.message_row_id (code 1555 SQLITE_CONSTRAINT_PRIMARYKEY)
02-11 20:17:03.181 32048 32496 E SQLiteDatabase: at
android.database.sqlite.SQLiteConnection.nativeExecuteForLastInsertedRowId(Native
Method)
02-11 20:17:03.181 32048 32496 E SQLiteDatabase: at
android.database.sqlite.SQLiteConnection.executeForLastInsertedRowId(SQLiteConnecti
on.java:938)
02-11 20:17:03.181 32048 32496 E SQLiteDatabase: at
android.database.sqlite.SQLiteSession.executeForLastInsertedRowId(SQLiteSession.jav
a:790)
02-11 20:17:03.181 32048 32496 E SQLiteDatabase: at
android.database.sqlite.SQLiteStatement.executeInsert(SQLiteStatement.java:88)
02-11 20:17:03.181 32048 32496 E SQLiteDatabase: at
android.database.sqlite.SQLiteDatabase.insertWithOnConflict(SQLiteDatabase.java:170
1)
02-11 20:17:03.181 32048 32496 E SQLiteDatabase: at
android.database.sqlite.SQLiteDatabase.insert(SQLiteDatabase.java:1570)
02-11 20:17:03.181 32048 32496 E SQLiteDatabase: at X.2tm.A08(Unknown
Source:6)
02-11 20:17:03.181 32048 32496 E SQLiteDatabase: at X.35Y.A07(Unknown
Source:212)
02-11 20:17:03.181 32048 32496 E SQLiteDatabase: at X.3QF.A14(Unknown
Source:470)
02-11 20:17:03.181 32048 32496 E SQLiteDatabase: at X.3gU.run(Unknown
Source:982)
02-11 20:17:03.181 32048 32496 E SQLiteDatabase: at
android.os.Handler.handleCallback(Handler.java:938)
02-11 20:17:03.181 32048 32496 E SQLiteDatabase: at
android.os.Handler.dispatchMessage(Handler.java:99)
02-11 20:17:03.181 32048 32496 E SQLiteDatabase: at
X.0zq.dispatchMessage(Unknown Source:4)
02-11 20:17:03.181 32048 32496 E SQLiteDatabase: at
android.os.Looper.loop(Looper.java:223)
02-11 20:17:03.181 32048 32496 E SQLiteDatabase: at
android.os.HandlerThread.run(HandlerThread.java:67)
02-11 20:17:03.185 32048 32048 E ArmVmp : Match on catch block at 0xc3 in for 0xa1
02-11 20:17:03.189 32048 32048 E ArmVmp : Match on catch block at 0xc3 in for 0xa5
02-11 20:17:03.216 32048 32048 E ArmVmp : Match on catch block at 0xc3 in for 0xa9
02-11 20:17:03.219 32048 32048 E ArmVmp : Match on catch block at 0xc3 in for 0xa1
02-11 20:17:03.234 32048 32048 E ArmVmp : Match on catch block at 0xc3 in for 0xa5
02-11 20:17:03.236 32048 32048 E ArmVmp : Match on catch block at 0xc3 in for 0xa9
02-11 20:17:03.247 32048 32048 E ArmVmp : Match on catch block at 0x0a in for 0xa9
02-11 20:17:03.256 32048 32048 E ArmVmp : Match on catch block at 0xc3 in for 0xa1
02-11 20:17:03.258 32048 32048 E ArmVmp : Match on catch block at 0xc3 in for 0xa5
02-11 20:17:03.270 32048 32048 E ArmVmp : Match on catch block at 0xc3 in for 0xa1
02-11 20:17:03.272 32048 32048 E ArmVmp : Match on catch block at 0xc3 in for 0xa5
02-11 20:17:03.682 32048 32496 E SQLiteDatabase: Error inserting transferred=1
media_job_uuid=4cbdca3f-76b0-40a7-a943-10861394d151 transcoded=1 gif_attribution=0
first_scan_length=0 direct_path=/v/t62.15575-
24/56140085_349747941232690_7158129181301636679_n.enc?ccb=11-
4&oh=01_AdQzrWZtLFDp7oU8r7jXoIQIgwPgNAob75bhNbvgkU9U_Q&oe=65F0D66D&_nc_sid=5e03e0
thumbnail_height_width_ratio=1.0 is_animated_sticker=0
file_hash=Hv1GWu46ivhlesv7tIYJuXCfF9sH4UCrGxhZvQS28nY= file_path=Media/WhatsApp
Stickers/STK-20240211-WA0003.webp file_size=55678 partial_media_hash=null face_x=0
face_y=0 height=64 trim_to=0 media_key_timestamp=1707635230000
message_url=https://mmg.whatsapp.net/v/t62.15575-
24/56140085_349747941232690_7158129181301636679_n.enc?ccb=11-
4&oh=01_AdQzrWZtLFDp7oU8r7jXoIQIgwPgNAob75bhNbvgkU9U_Q&oe=65F0D66D&_nc_sid=5e03e0&m
ms3=true media_caption=null trim_from=0 mime_type=image/webp
partial_media_enc_hash=null width=64 original_file_hash=null
has_streaming_sidecar=0 autotransfer_retry_enabled=0 media_upload_handle=null
message_row_id=492 multicast_id=null
enc_file_hash=HXBqXibDZKZFNFYP1LHEWyY3NNX1xWvBvMPClxKs3mI= mute_video=0
page_count=0 first_scan_sidecar=null suspicious_content=0 file_length=55678
media_name=Hv1GWu46ivhlesv7tIYJuXCfF9sH4UCrGxhZvQS28nY=.webp media_duration=0
chat_row_id=52 media_key=[B@574c4a4
02-11 20:17:03.682 32048 32496 E SQLiteDatabase:
android.database.sqlite.SQLiteConstraintException: UNIQUE constraint failed:
message_media.message_row_id (code 1555 SQLITE_CONSTRAINT_PRIMARYKEY)
02-11 20:17:03.682 32048 32496 E SQLiteDatabase: at
android.database.sqlite.SQLiteConnection.nativeExecuteForLastInsertedRowId(Native
Method)
02-11 20:17:03.682 32048 32496 E SQLiteDatabase: at
android.database.sqlite.SQLiteConnection.executeForLastInsertedRowId(SQLiteConnecti
on.java:938)
02-11 20:17:03.682 32048 32496 E SQLiteDatabase: at
android.database.sqlite.SQLiteSession.executeForLastInsertedRowId(SQLiteSession.jav
a:790)
02-11 20:17:03.682 32048 32496 E SQLiteDatabase: at
android.database.sqlite.SQLiteStatement.executeInsert(SQLiteStatement.java:88)
02-11 20:17:03.682 32048 32496 E SQLiteDatabase: at
android.database.sqlite.SQLiteDatabase.insertWithOnConflict(SQLiteDatabase.java:170
1)
02-11 20:17:03.682 32048 32496 E SQLiteDatabase: at
android.database.sqlite.SQLiteDatabase.insert(SQLiteDatabase.java:1570)
02-11 20:17:03.682 32048 32496 E SQLiteDatabase: at X.2tm.A08(Unknown
Source:6)
02-11 20:17:03.682 32048 32496 E SQLiteDatabase: at X.35Y.A07(Unknown
Source:212)
02-11 20:17:03.682 32048 32496 E SQLiteDatabase: at X.3QF.A14(Unknown
Source:470)
02-11 20:17:03.682 32048 32496 E SQLiteDatabase: at X.3gU.run(Unknown
Source:982)
02-11 20:17:03.682 32048 32496 E SQLiteDatabase: at
android.os.Handler.handleCallback(Handler.java:938)
02-11 20:17:03.682 32048 32496 E SQLiteDatabase: at
android.os.Handler.dispatchMessage(Handler.java:99)
02-11 20:17:03.682 32048 32496 E SQLiteDatabase: at
X.0zq.dispatchMessage(Unknown Source:4)
02-11 20:17:03.682 32048 32496 E SQLiteDatabase: at
android.os.Looper.loop(Looper.java:223)
02-11 20:17:03.682 32048 32496 E SQLiteDatabase: at
android.os.HandlerThread.run(HandlerThread.java:67)
02-11 20:17:03.719 32048 32048 E ArmVmp : Match on catch block at 0xc3 in for 0xa1
02-11 20:17:03.722 32048 32048 E ArmVmp : Match on catch block at 0xc3 in for 0xa5
02-11 20:17:03.731 32048 32048 E ArmVmp : Match on catch block at 0xc3 in for 0xa1
02-11 20:17:03.733 32048 32048 E ArmVmp : Match on catch block at 0xc3 in for 0xa5
02-11 20:17:03.845 32048 32048 E ArmVmp : Match on catch block at 0xc3 in for 0xa5
02-11 20:17:03.847 32048 32048 E ArmVmp : Match on catch block at 0xc3 in for 0xa9
02-11 20:17:03.856 32048 32048 E ArmVmp : Match on catch block at 0xc3 in for 0xa1
02-11 20:17:03.859 32048 32048 E ArmVmp : Match on catch block at 0xc3 in for 0xa5
02-11 20:17:03.859 32048 32540 W MediaPlayer: Use of stream types is deprecated for
operations other than volume control
02-11 20:17:03.859 32048 32540 W MediaPlayer: See the documentation of
setAudioStreamType() for what to use instead with android.media.AudioAttributes to
qualify your playback use case
02-11 20:17:04.363 32048 32048 E ArmVmp : Match on catch block at 0xc3 in for 0xa5
02-11 20:17:04.366 32048 32048 E ArmVmp : Match on catch block at 0xc3 in for 0xa9
02-11 20:17:04.390 32048 32048 E ArmVmp : Match on catch block at 0xc3 in for 0xa9
02-11 20:17:04.392 32048 32048 E ArmVmp : Match on catch block at 0xc3 in for 0xa1
02-11 20:17:04.402 32048 32048 E ArmVmp : Match on catch block at 0xc3 in for 0xa1
02-11 20:17:04.404 32048 32048 E ArmVmp : Match on catch block at 0xc3 in for 0xa5
02-11 20:17:05.015 32048 32517 W libEGL : EGLNativeWindowType 0xb4000077930fb110
disconnect failed
02-11 20:17:05.033 32048 32048 W InputEventReceiver: Attempted to finish an input
event but the input event receiver has already been disposed.
02-11 20:17:05.036 32048 32048 E ArmVmp : Match on catch block at 0xc3 in for 0xa5
02-11 20:17:05.040 32048 32048 E ArmVmp : Match on catch block at 0xc3 in for 0xa9
02-11 20:17:05.122 32048 32048 E ArmVmp : Match on catch block at 0xc3 in for 0xa1
02-11 20:17:05.125 32048 32048 E ArmVmp : Match on catch block at 0xc3 in for 0xa5
02-11 20:17:05.201 32048 32048 E ArmVmp : Match on catch block at 0xc3 in for 0xa5
02-11 20:17:05.203 32048 32048 E ArmVmp : Match on catch block at 0xc3 in for 0xa9
02-11 20:17:05.209 32048 32048 E ArmVmp : Match on catch block at 0xc3 in for 0xa5
02-11 20:17:05.211 32048 32048 E ArmVmp : Match on catch block at 0xc3 in for 0xa9
02-11 20:17:05.535 32048 32048 E ArmVmp : Match on catch block at 0xc3 in for 0xa5
02-11 20:17:05.537 32048 32048 E ArmVmp : Match on catch block at 0xc3 in for 0xa9
02-11 20:17:06.035 32048 32048 E ArmVmp : Match on catch block at 0xc3 in for 0xa5
02-11 20:17:06.038 32048 32048 E ArmVmp : Match on catch block at 0xc3 in for 0xa9
02-11 20:17:06.537 32048 32048 E ArmVmp : Match on catch block at 0xc3 in for 0xa5
02-11 20:17:06.540 32048 32048 E ArmVmp : Match on catch block at 0xc3 in for 0xa9
02-11 20:17:06.783 32048 32048 E ArmVmp : Match on catch block at 0xc3 in for 0xa5
02-11 20:17:06.785 32048 32048 E ArmVmp : Match on catch block at 0xc3 in for 0xa9
02-11 20:17:06.794 32048 32048 E ArmVmp : Match on catch block at 0xc3 in for 0xa5
02-11 20:17:06.797 32048 32048 E ArmVmp : Match on catch block at 0xc3 in for 0xa9
02-11 20:17:06.805 32048 32048 E ArmVmp : Match on catch block at 0xc3 in for 0xa5
02-11 20:17:06.808 32048 32048 E ArmVmp : Match on catch block at 0xc3 in for 0xa9
02-11 20:17:06.817 32048 32048 E ArmVmp : Match on catch block at 0xc3 in for 0xa5
02-11 20:17:06.825 32048 32048 E ArmVmp : Match on catch block at 0xc3 in for 0xa9
02-11 20:17:06.837 32048 32048 E ArmVmp : Match on catch block at 0xc3 in for 0xa5
02-11 20:17:06.839 32048 32048 E ArmVmp : Match on catch block at 0xc3 in for 0xa9
02-11 20:17:06.848 32048 32048 E ArmVmp : Match on catch block at 0xc3 in for 0xa5
02-11 20:17:06.850 32048 32048 E ArmVmp : Match on catch block at 0xc3 in for 0xa9
02-11 20:17:06.859 32048 32048 E ArmVmp : Match on catch block at 0xc3 in for 0xa5
02-11 20:17:06.861 32048 32048 E ArmVmp : Match on catch block at 0xc3 in for 0xa9
02-11 20:17:06.870 32048 32048 E ArmVmp : Match on catch block at 0xc3 in for 0xa5
02-11 20:17:06.872 32048 32048 E ArmVmp : Match on catch block at 0xc3 in for 0xa9
02-11 20:17:06.881 32048 32048 E ArmVmp : Match on catch block at 0xc3 in for 0xa5
02-11 20:17:06.883 32048 32048 E ArmVmp : Match on catch block at 0xc3 in for 0xa9
02-11 20:17:06.892 32048 32048 E ArmVmp : Match on catch block at 0xc3 in for 0xa5
02-11 20:17:06.895 32048 32048 E ArmVmp : Match on catch block at 0xc3 in for 0xa9
02-11 20:17:06.904 32048 32048 E ArmVmp : Match on catch block at 0xc3 in for 0xa5
02-11 20:17:06.906 32048 32048 E ArmVmp : Match on catch block at 0xc3 in for 0xa9
02-11 20:17:06.915 32048 32048 E ArmVmp : Match on catch block at 0xc3 in for 0xa5
02-11 20:17:06.918 32048 32048 E ArmVmp : Match on catch block at 0xc3 in for 0xa9
02-11 20:17:06.926 32048 32048 E ArmVmp : Match on catch block at 0xc3 in for 0xa5
02-11 20:17:06.928 32048 32048 E ArmVmp : Match on catch block at 0xc3 in for 0xa9
02-11 20:17:06.937 32048 32048 E ArmVmp : Match on catch block at 0xc3 in for 0xa5
02-11 20:17:06.939 32048 32048 E ArmVmp : Match on catch block at 0xc3 in for 0xa9
02-11 20:17:06.948 32048 32048 E ArmVmp : Match on catch block at 0xc3 in for 0xa5
02-11 20:17:06.950 32048 32048 E ArmVmp : Match on catch block at 0xc3 in for 0xa9
02-11 20:17:06.959 32048 32048 E ArmVmp : Match on catch block at 0xc3 in for 0xa5
02-11 20:17:06.962 32048 32048 E ArmVmp : Match on catch block at 0xc3 in for 0xa9
02-11 20:17:06.970 32048 32048 E ArmVmp : Match on catch block at 0xc3 in for 0xa5
02-11 20:17:06.973 32048 32048 E ArmVmp : Match on catch block at 0xc3 in for 0xa9
02-11 20:17:06.981 32048 32048 E ArmVmp : Match on catch block at 0xc3 in for 0xa5
02-11 20:17:06.984 32048 32048 E ArmVmp : Match on catch block at 0xc3 in for 0xa9
02-11 20:17:06.993 32048 32048 E ArmVmp : Match on catch block at 0xc3 in for 0xa5
02-11 20:17:06.995 32048 32048 E ArmVmp : Match on catch block at 0xc3 in for 0xa9
02-11 20:17:07.004 32048 32048 E ArmVmp : Match on catch block at 0xc3 in for 0xa5
02-11 20:17:07.008 32048 32048 E ArmVmp : Match on catch block at 0xc3 in for 0xa9
02-11 20:17:07.015 32048 32048 E ArmVmp : Match on catch block at 0xc3 in for 0xa5
02-11 20:17:07.019 32048 32048 E ArmVmp : Match on catch block at 0xc3 in for 0xa9
02-11 20:17:07.026 32048 32048 E ArmVmp : Match on catch block at 0xc3 in for 0xa5
02-11 20:17:07.029 32048 32048 E ArmVmp : Match on catch block at 0xc3 in for 0xa9
02-11 20:17:07.037 32048 32048 E ArmVmp : Match on catch block at 0xc3 in for 0xa5
02-11 20:17:07.039 32048 32048 E ArmVmp : Match on catch block at 0xc3 in for 0xa9
02-11 20:17:07.142 32048 32048 E ArmVmp : Match on catch block at 0xc3 in for 0xa5
02-11 20:17:07.144 32048 32048 E ArmVmp : Match on catch block at 0xc3 in for 0xa9
02-11 20:17:07.149 32048 32048 E ArmVmp : Match on catch block at 0xc3 in for 0xa5
02-11 20:17:07.153 32048 32048 E ArmVmp : Match on catch block at 0xc3 in for 0xa9
02-11 20:17:07.220 32048 32048 E ArmVmp : Match on catch block at 0xc3 in for 0xa5
02-11 20:17:07.223 32048 32048 E ArmVmp : Match on catch block at 0xc3 in for 0xa9
02-11 20:17:07.258 32048 32048 E ArmVmp : Match on catch block at 0xc3 in for 0xa1
02-11 20:17:07.261 32048 32048 E ArmVmp : Match on catch block at 0xc3 in for 0xa5
02-11 20:17:07.270 32048 32048 E ArmVmp : Match on catch block at 0xc3 in for 0xa5
02-11 20:17:07.273 32048 32048 E ArmVmp : Match on catch block at 0xc3 in for 0xa9
02-11 20:17:07.288 32048 32048 E ArmVmp : Match on catch block at 0xc3 in for 0xa5
02-11 20:17:07.290 32048 32048 E ArmVmp : Match on catch block at 0xc3 in for 0xa9
02-11 20:17:07.294 32048 32048 E ArmVmp : Match on catch block at 0xc3 in for 0xa5
02-11 20:17:07.297 32048 32048 E ArmVmp : Match on catch block at 0xc3 in for 0xa9
02-11 20:17:07.305 32048 32048 E ArmVmp : Match on catch block at 0xc3 in for 0xa5
02-11 20:17:07.308 32048 32048 E ArmVmp : Match on catch block at 0xc3 in for 0xa9
02-11 20:17:07.315 32048 32048 E ArmVmp : Match on catch block at 0xc3 in for 0xa5
02-11 20:17:07.318 32048 32048 E ArmVmp : Match on catch block at 0xc3 in for 0xa9
02-11 20:17:07.326 32048 32048 E ArmVmp : Match on catch block at 0xc3 in for 0xa5
02-11 20:17:07.330 32048 32048 E ArmVmp : Match on catch block at 0xc3 in for 0xa9
02-11 20:17:07.337 32048 32048 E ArmVmp : Match on catch block at 0xc3 in for 0xa5
02-11 20:17:07.340 32048 32048 E ArmVmp : Match on catch block at 0xc3 in for 0xa9
02-11 20:17:07.349 32048 32048 E ArmVmp : Match on catch block at 0xc3 in for 0xa5
02-11 20:17:07.351 32048 32048 E ArmVmp : Match on catch block at 0xc3 in for 0xa9
02-11 20:17:07.360 32048 32048 E ArmVmp : Match on catch block at 0xc3 in for 0xa5
02-11 20:17:07.362 32048 32048 E ArmVmp : Match on catch block at 0xc3 in for 0xa9
02-11 20:17:07.371 32048 32048 E ArmVmp : Match on catch block at 0xc3 in for 0xa5
02-11 20:17:07.374 32048 32048 E ArmVmp : Match on catch block at 0xc3 in for 0xa9
02-11 20:17:07.382 32048 32048 E ArmVmp : Match on catch block at 0xc3 in for 0xa5
02-11 20:17:07.384 32048 32048 E ArmVmp : Match on catch block at 0xc3 in for 0xa9
02-11 20:17:07.394 32048 32048 E ArmVmp : Match on catch block at 0xc3 in for 0xa5
02-11 20:17:07.397 32048 32048 E ArmVmp : Match on catch block at 0xc3 in for 0xa9
02-11 20:17:07.405 32048 32048 E ArmVmp : Match on catch block at 0xc3 in for 0xa5
02-11 20:17:07.407 32048 32048 E ArmVmp : Match on catch block at 0xc3 in for 0xa9
02-11 20:17:07.416 32048 32048 E ArmVmp : Match on catch block at 0xc3 in for 0xa5
02-11 20:17:07.418 32048 32048 E ArmVmp : Match on catch block at 0xc3 in for 0xa9
02-11 20:17:07.427 32048 32048 E ArmVmp : Match on catch block at 0xc3 in for 0xa5
02-11 20:17:07.431 32048 32048 E ArmVmp : Match on catch block at 0xc3 in for 0xa9
02-11 20:17:07.438 32048 32048 E ArmVmp : Match on catch block at 0xc3 in for 0xa5
02-11 20:17:07.441 32048 32048 E ArmVmp : Match on catch block at 0xc3 in for 0xa9
02-11 20:17:07.450 32048 32048 E ArmVmp : Match on catch block at 0xc3 in for 0xa5
02-11 20:17:07.453 32048 32048 E ArmVmp : Match on catch block at 0xc3 in for 0xa9
02-11 20:17:07.460 32048 32048 E ArmVmp : Match on catch block at 0xc3 in for 0xa5
02-11 20:17:07.463 32048 32048 E ArmVmp : Match on catch block at 0xc3 in for 0xa9
02-11 20:17:07.472 32048 32048 E ArmVmp : Match on catch block at 0xc3 in for 0xa5
02-11 20:17:07.475 32048 32048 E ArmVmp : Match on catch block at 0xc3 in for 0xa9
02-11 20:17:07.483 32048 32048 E ArmVmp : Match on catch block at 0xc3 in for 0xa5
02-11 20:17:07.486 32048 32048 E ArmVmp : Match on catch block at 0xc3 in for 0xa9
02-11 20:17:07.494 32048 32048 E ArmVmp : Match on catch block at 0xc3 in for 0xa5
02-11 20:17:07.497 32048 32048 E ArmVmp : Match on catch block at 0xc3 in for 0xa9
02-11 20:17:07.505 32048 32048 E ArmVmp : Match on catch block at 0xc3 in for 0xa5
02-11 20:17:07.508 32048 32048 E ArmVmp : Match on catch block at 0xc3 in for 0xa9
02-11 20:17:07.516 32048 32048 E ArmVmp : Match on catch block at 0xc3 in for 0xa5
02-11 20:17:07.519 32048 32048 E ArmVmp : Match on catch block at 0xc3 in for 0xa9
02-11 20:17:07.527 32048 32048 E ArmVmp : Match on catch block at 0xc3 in for 0xa5
02-11 20:17:07.530 32048 32048 E ArmVmp : Match on catch block at 0xc3 in for 0xa9
02-11 20:17:07.538 32048 32048 E ArmVmp : Match on catch block at 0xc3 in for 0xa5
02-11 20:17:07.541 32048 32048 E ArmVmp : Match on catch block at 0xc3 in for 0xa9
02-11 20:17:07.549 32048 32048 E ArmVmp : Match on catch block at 0xc3 in for 0xa5
02-11 20:17:07.552 32048 32048 E ArmVmp : Match on catch block at 0xc3 in for 0xa9
02-11 20:17:07.560 32048 32048 E ArmVmp : Match on catch block at 0xc3 in for 0xa5
02-11 20:17:07.563 32048 32048 E ArmVmp : Match on catch block at 0xc3 in for 0xa9
02-11 20:17:07.571 32048 32048 E ArmVmp : Match on catch block at 0xc3 in for 0xa5
02-11 20:17:07.574 32048 32048 E ArmVmp : Match on catch block at 0xc3 in for 0xa9
02-11 20:17:07.583 32048 32048 E ArmVmp : Match on catch block at 0xc3 in for 0xa5
02-11 20:17:07.585 32048 32048 E ArmVmp : Match on catch block at 0xc3 in for 0xa9
02-11 20:17:07.594 32048 32048 E ArmVmp : Match on catch block at 0xc3 in for 0xa5
02-11 20:17:07.597 32048 32048 E ArmVmp : Match on catch block at 0xc3 in for 0xa9
02-11 20:17:07.605 32048 32048 E ArmVmp : Match on catch block at 0xc3 in for 0xa5
02-11 20:17:07.608 32048 32048 E ArmVmp : Match on catch block at 0xc3 in for 0xa9
02-11 20:17:07.616 32048 32048 E ArmVmp : Match on catch block at 0xc3 in for 0xa5
02-11 20:17:07.619 32048 32048 E ArmVmp : Match on catch block at 0xc3 in for 0xa9
02-11 20:17:07.627 32048 32048 E ArmVmp : Match on catch block at 0xc3 in for 0xa5
02-11 20:17:07.630 32048 32048 E ArmVmp : Match on catch block at 0xc3 in for 0xa9
02-11 20:17:07.638 32048 32048 E ArmVmp : Match on catch block at 0xc3 in for 0xa5
02-11 20:17:07.642 32048 32048 E ArmVmp : Match on catch block at 0xc3 in for 0xa9
02-11 20:17:07.649 32048 32048 E ArmVmp : Match on catch block at 0xc3 in for 0xa5
02-11 20:17:07.652 32048 32048 E ArmVmp : Match on catch block at 0xc3 in for 0xa9
02-11 20:17:07.661 32048 32048 E ArmVmp : Match on catch block at 0xc3 in for 0xa5
02-11 20:17:07.664 32048 32048 E ArmVmp : Match on catch block at 0xc3 in for 0xa9
02-11 20:17:07.672 32048 32048 E ArmVmp : Match on catch block at 0xc3 in for 0xa5
02-11 20:17:07.675 32048 32048 E ArmVmp : Match on catch block at 0xc3 in for 0xa9
02-11 20:17:08.051 32048 32048 E ArmVmp : Match on catch block at 0xc3 in for 0xa5
02-11 20:17:08.055 32048 32048 E ArmVmp : Match on catch block at 0xc3 in for 0xa9
02-11 20:17:08.551 32048 32048 E ArmVmp : Match on catch block at 0xc3 in for 0xa5
02-11 20:17:08.555 32048 32048 E ArmVmp : Match on catch block at 0xc3 in for 0xa9
02-11 20:17:08.852 32048 32048 E ArmVmp : Match on catch block at 0xc3 in for 0xa5
02-11 20:17:08.856 32048 32048 E ArmVmp : Match on catch block at 0xc3 in for 0xa9
02-11 20:17:08.863 32048 32048 E ArmVmp : Match on catch block at 0xc3 in for 0xa5
02-11 20:17:08.866 32048 32048 E ArmVmp : Match on catch block at 0xc3 in for 0xa9
02-11 20:17:08.871 32048 32048 E ArmVmp : Match on catch block at 0xc3 in for 0xa5
02-11 20:17:08.876 32048 32048 E ArmVmp : Match on catch block at 0xc3 in for 0xa9
02-11 20:17:08.881 32048 32048 E ArmVmp : Match on catch block at 0xc3 in for 0xa5
02-11 20:17:08.884 32048 32048 E ArmVmp : Match on catch block at 0xc3 in for 0xa9
02-11 20:17:08.893 32048 32048 E ArmVmp : Match on catch block at 0xc3 in for 0xa5
02-11 20:17:08.899 32048 32048 E ArmVmp : Match on catch block at 0xc3 in for 0xa9
02-11 20:17:08.904 32048 32048 E ArmVmp : Match on catch block at 0xc3 in for 0xa5
02-11 20:17:08.906 32048 32048 E ArmVmp : Match on catch block at 0xc3 in for 0xa9
02-11 20:17:08.914 32048 32048 E ArmVmp : Match on catch block at 0xc3 in for 0xa5
02-11 20:17:08.916 32048 32048 E ArmVmp : Match on catch block at 0xc3 in for 0xa9
02-11 20:17:08.925 32048 32048 E ArmVmp : Match on catch block at 0xc3 in for 0xa5
02-11 20:17:08.927 32048 32048 E ArmVmp : Match on catch block at 0xc3 in for 0xa9
02-11 20:17:08.936 32048 32048 E ArmVmp : Match on catch block at 0xc3 in for 0xa5
02-11 20:17:08.940 32048 32048 E ArmVmp : Match on catch block at 0xc3 in for 0xa9
02-11 20:17:08.948 32048 32048 E ArmVmp : Match on catch block at 0xc3 in for 0xa5
02-11 20:17:08.951 32048 32048 E ArmVmp : Match on catch block at 0xc3 in for 0xa9
02-11 20:17:08.963 32048 32048 E ArmVmp : Match on catch block at 0xc3 in for 0xa5
02-11 20:17:08.967 32048 32048 E ArmVmp : Match on catch block at 0xc3 in for 0xa9
02-11 20:17:08.974 32048 32048 E ArmVmp : Match on catch block at 0xc3 in for 0xa5
02-11 20:17:08.976 32048 32048 E ArmVmp : Match on catch block at 0xc3 in for 0xa9
02-11 20:17:08.985 32048 32048 E ArmVmp : Match on catch block at 0xc3 in for 0xa5
02-11 20:17:08.987 32048 32048 E ArmVmp : Match on catch block at 0xc3 in for 0xa9
02-11 20:17:08.996 32048 32048 E ArmVmp : Match on catch block at 0xc3 in for 0xa5
02-11 20:17:08.999 32048 32048 E ArmVmp : Match on catch block at 0xc3 in for 0xa9
02-11 20:17:09.007 32048 32048 E ArmVmp : Match on catch block at 0xc3 in for 0xa5
02-11 20:17:09.010 32048 32048 E ArmVmp : Match on catch block at 0xc3 in for 0xa9
02-11 20:17:09.018 32048 32048 E ArmVmp : Match on catch block at 0xc3 in for 0xa5
02-11 20:17:09.020 32048 32048 E ArmVmp : Match on catch block at 0xc3 in for 0xa9
02-11 20:17:09.030 32048 32048 E ArmVmp : Match on catch block at 0xc3 in for 0xa5
02-11 20:17:09.034 32048 32048 E ArmVmp : Match on catch block at 0xc3 in for 0xa9
02-11 20:17:09.041 32048 32048 E ArmVmp : Match on catch block at 0xc3 in for 0xa5
02-11 20:17:09.044 32048 32048 E ArmVmp : Match on catch block at 0xc3 in for 0xa9
02-11 20:17:09.053 32048 32048 E ArmVmp : Match on catch block at 0xc3 in for 0xa5
02-11 20:17:09.057 32048 32048 E ArmVmp : Match on catch block at 0xc3 in for 0xa9
02-11 20:17:09.064 32048 32048 E ArmVmp : Match on catch block at 0xc3 in for 0xa5
02-11 20:17:09.067 32048 32048 E ArmVmp : Match on catch block at 0xc3 in for 0xa9
02-11 20:17:09.075 32048 32048 E ArmVmp : Match on catch block at 0xc3 in for 0xa5
02-11 20:17:09.078 32048 32048 E ArmVmp : Match on catch block at 0xc3 in for 0xa9
02-11 20:17:09.086 32048 32048 E ArmVmp : Match on catch block at 0xc3 in for 0xa5
02-11 20:17:09.090 32048 32048 E ArmVmp : Match on catch block at 0xc3 in for 0xa9
02-11 20:17:09.097 32048 32048 E ArmVmp : Match on catch block at 0xc3 in for 0xa5
02-11 20:17:09.101 32048 32048 E ArmVmp : Match on catch block at 0xc3 in for 0xa9
02-11 20:17:09.108 32048 32048 E ArmVmp : Match on catch block at 0xc3 in for 0xa5
02-11 20:17:09.111 32048 32048 E ArmVmp : Match on catch block at 0xc3 in for 0xa9
02-11 20:17:09.565 32048 32048 E ArmVmp : Match on catch block at 0xc3 in for 0xa5
02-11 20:17:09.569 32048 32048 E ArmVmp : Match on catch block at 0xc3 in for 0xa9
02-11 20:17:10.066 32048 32048 E ArmVmp : Match on catch block at 0xc3 in for 0xa5
02-11 20:17:10.070 32048 32048 E ArmVmp : Match on catch block at 0xc3 in for 0xa9
02-11 20:17:10.572 32048 32048 E ArmVmp : Match on catch block at 0xc3 in for 0xa5
02-11 20:17:10.575 32048 32048 E ArmVmp : Match on catch block at 0xc3 in for 0xa9
02-11 20:17:11.077 32048 32048 E ArmVmp : Match on catch block at 0xc3 in for 0xa5
02-11 20:17:11.081 32048 32048 E ArmVmp : Match on catch block at 0xc3 in for 0xa9
02-11 20:17:11.572 32048 32048 E ArmVmp : Match on catch block at 0xc3 in for 0xa5
02-11 20:17:11.575 32048 32048 E ArmVmp : Match on catch block at 0xc3 in for 0xa9
02-11 20:17:11.860 32048 32048 E ArmVmp : Match on catch block at 0xc3 in for 0xa9
02-11 20:17:11.864 32048 32048 E ArmVmp : Match on catch block at 0xc3 in for 0xa1
02-11 20:17:11.873 32048 32048 E ArmVmp : Match on catch block at 0xc3 in for 0xa9
02-11 20:17:11.876 32048 32048 E ArmVmp : Match on catch block at 0xc3 in for 0xa1
02-11 20:17:11.882 32048 32048 E ArmVmp : Match on catch block at 0xc3 in for 0xa9
02-11 20:17:11.884 32048 32048 E ArmVmp : Match on catch block at 0xc3 in for 0xa1
02-11 20:17:11.891 32048 32048 E ArmVmp : Match on catch block at 0xc3 in for 0xa9
02-11 20:17:11.894 32048 32048 E ArmVmp : Match on catch block at 0xc3 in for 0xa1
02-11 20:17:11.900 32048 32048 E ArmVmp : Match on catch block at 0xc3 in for 0xa9
