androidx.appcompat.widget.ActionMenuView{dc9dd33 V.E...... ......ID 960,0-1080,140} during layout: running
second layout pass
02-18 17:11:19.715 8153 8321 W Parcel : Expecting binder but got null!
02-18 17:11:19.718 8153 8153 W OnBackInvokedCallback: OnBackInvokedCallback is not enabled for the
application.
02-18 17:11:19.718 8153 8153 W OnBackInvokedCallback: Set 'android:enableOnBackInvokedCallback="true"' in
the application manifest.
02-18 17:11:19.721 8153 8153 E ArmVmp : Match on catch block at 0xc3 in for 0x771101b025
02-18 17:11:19.724 8153 8153 E ArmVmp : Match on catch block at 0xc3 in for 0x771101b025
02-18 17:11:19.760 8153 8153 W View : requestLayout() improperly called by
com.mbwhatsapp.WaImageView{9cc16d8 VF.D..CL. ......ID 460,1720-620,1880 #7f0b1814 app:id/shutter} during
layout: running second layout pass
02-18 17:11:19.760 8153 8153 W View : requestLayout() improperly called by
com.mbwhatsapp.CircularProgressBar{debba31 V.ED..... ......ID 460,1720-620,1880 #7f0b14fc
app:id/recording_progress} during layout: running second layout pass
02-18 17:11:19.760 8153 8153 W View : requestLayout() improperly called by
com.mbwhatsapp.WaImageView{2ff6516 VF.D..C.. ......ID 940,1740-1060,1860 #7f0b1976
app:id/switch_camera_btn} during layout: running second layout pass
02-18 17:11:19.760 8153 8153 W View : requestLayout() improperly called by
com.mbwhatsapp.WaImageView{c8eee97 VFED..C.. ......ID 20,1740-140,1860 #7f0b0b0d app:id/gallery_btn} during
layout: running second layout pass
02-18 17:11:19.760 8153 8153 W View : requestLayout() improperly called by
com.mbwhatsapp.WaImageView{557c884 VFED..C.. ......I. 20,20-140,140 #7f0b057f app:id/close_camera_btn}
during layout: running second layout pass
02-18 17:11:19.775 8153 8153 E ArmVmp : Match on catch block at 0xc3 in for 0x771101b025
02-18 17:11:19.783 8153 8153 E ArmVmp : Match on catch block at 0xc3 in for 0x771101b025
02-18 17:11:19.851 8153 8153 W OnBackInvokedCallback: OnBackInvokedCallback is not enabled for the
application.
02-18 17:11:19.851 8153 8153 W OnBackInvokedCallback: Set 'android:enableOnBackInvokedCallback="true"' in
the application manifest.
02-18 17:11:19.865 8153 8153 E ArmVmp : Match on catch block at 0xc3 in for 0x771101b025
02-18 17:11:19.876 8153 8153 E ArmVmp : Match on catch block at 0xc3 in for 0x771101b025
02-18 17:11:19.906 8153 8153 W RemoteInputConnectionImpl: requestCursorAnchorInfo on inactive
InputConnection
02-18 17:11:19.908 8153 8153 E ArmVmp : Match on catch block at 0xc3 in for 0x771101b025
02-18 17:11:19.914 8153 8153 E ArmVmp : Match on catch block at 0xc3 in for 0x771101b025
02-18 : requestLayout() improperly called by com.mbwhatsapp.WaImageView{2ff6516 VF.D..C.. ......ID 0,0-
120,120 #7f0b1976 app:id/switch_camera_btn} during layout: running second layout pass
02-18 17:11:19.687 8153 8153 W View : requestLayout() improperly called by
com.mbwhatsapp.WaImageView{c8eee97 VFED..C.. ......ID 0,0-120,120 #7f0b0b0d app:id/gallery_btn} during
layout: running second layout pass
02-18 17:11:19.687 8153 8153 W View : requestLayout() improperly called by
com.mbwhatsapp.WaImageView{557c884 VFED..C.. ......ID 0,0-120,120 #7f0b057f app:id/close_camera_btn}
during layout: running second layout pass
02-18 17:11:19.687 8153 8153 W View : requestLayout() improperly called by X.4Ki{f90c86d V.ED..... ......ID
0,5-1080,125} during layout: running second layout pass
02-18 17:11:19.687 8153 8153 W View : requestLayout() improperly called by
androidx.appcompat.view.menu.ActionMenuItemView{f04bca2 VFED..CL. ......ID 0,10-120,130 #7f0b0fe8
app:id/more} during layout: running second layout pass
02-18 17:11:19.687 8153 8153 W View : requestLayout() improperly called by
androidx.appcompat.widget.ActionMenuView{dc9dd33 V.E...... ......ID 960,0-1080,140} during layout: running
second layout pass
02-18 17:11:19.715 8153 8321 W Parcel : Expecting binder but got null!
02-18 17:11:19.718 8153 8153 W OnBackInvokedCallback: OnBackInvokedCallback is not enabled for the
application.
02-18 17:11:19.718 8153 8153 W OnBackInvokedCallback: Set 'android:enableOnBackInvokedCallback="true"' in
the application manifest.
02-18 17:11:19.721 8153 8153 E ArmVmp : Match on catch block at 0xc3 in for 0x771101b025
02-18 17:11:19.724 8153 8153 E ArmVmp : Match on catch block at 0xc3 in for 0x771101b025
02-18 17:11:19.760 8153 8153 W View : requestLayout() improperly called by
com.mbwhatsapp.WaImageView{9cc16d8 VF.D..CL. ......ID 460,1720-620,1880 #7f0b1814 app:id/shutter} during
layout: running second layout pass
02-18 17:11:19.760 8153 8153 W View : requestLayout() improperly called by
com.mbwhatsapp.CircularProgressBar{debba31 V.ED..... ......ID 460,1720-620,1880 #7f0b14fc
app:id/recording_progress} during layout: running second layout pass
02-18 17:11:19.760 8153 8153 W View : requestLayout() improperly called by
com.mbwhatsapp.WaImageView{2ff6516 VF.D..C.. ......ID 940,1740-1060,1860 #7f0b1976
app:id/switch_camera_btn} during layout: running second layout pass
02-18 17:11:19.760 8153 8153 W View : requestLayout() improperly called by
com.mbwhatsapp.WaImageView{c8eee97 VFED..C.. ......ID 20,1740-140,1860 #7f0b0b0d app:id/gallery_btn} during
layout: running second layout pass
02-18 17:11:19.760 8153 8153 W View : requestLayout() improperly called by
com.mbwhatsapp.WaImageView{557c884 VFED..C.. ......I. 20,20-140,140 #7f0b057f app:id/close_camera_btn}
during layout: running second layout pass
02-18 17:11:19.775 8153 8153 E ArmVmp : Match on catch block at 0xc3 in for 0x771101b025
02-18 17:11:19.783 8153 8153 E ArmVmp : Match on catch block at 0xc3 in for 0x771101b025
02-18 17:11:19.851 8153 8153 W OnBackInvokedCallback: OnBackInvokedCallback is not enabled for the
application.
02-18 17:11:19.851 8153 8153 W OnBackInvokedCallback: Set 'android:enableOnBackInvokedCallback="true"' in
the application manifest.
02-18 17:11:19.865 8153 8153 E ArmVmp : Match on catch block at 0xc3 in for 0x771101b025
02-18 17:11:19.876 8153 8153 E ArmVmp : Match on catch block at 0xc3 in for 0x771101b025
02-18 17:11:19.906 8153 8153 W RemoteInputConnectionImpl: requestCursorAnchorInfo on inactive
InputConnection
02-18 17:11:19.908 8153 8153 E ArmVmp : Match on catch block at 0xc3 in for 0x771101b025
02-18 17:11:19.914 8153 8153 E ArmVmp : Match on catch block at 0xc3 in for 0x771101b025
02-18 17:11:19.977 8153 8153 E ArmVmp : Match on catch block at 0xc3 in for 0x771101b025
02-18 17:11:19.986 8153 8153 E ArmVmp : Match on catch block at 0xc3 in for 0x771101b025
02-18 17:11:20.109 8153 8153 E ArmVmp : Match on catch block at 0xc3 in for 0x771101b025
02-18 17:11:20.124 8153 8153 17:11:19.977 8153 8153 E ArmVmp : Match on catch block at 0xc3 in for
0x771101b025
02-18 17:11:19.986 8153 8153 E ArmVmp : Match on catch block at 0xc3 in for 0x771101b025
02-18 17:11:20.109 8153 8153 E ArmVmp : Match on catch block at 0xc3 in for 0x771101b025
02-18 17:11:20.124 8153 8153 E ArmVmp : Match on catch block at 0xc3 in for 0x771101b025
02-18 17:11:20.179 8153 8153 E ArmVmp : Match on catch block at 0xc3 in for 0x771101b025
02-18 17:11:20.185 8153 8153 E ArmVmp : Match on catch block at 0xc3 in for 0x771101b025
02-18 17:11:20.332 8153 8163 W System : A resource failed to call AbstractCursor.close.
02-18 17:11:20.334 8153 8163 W System : A resource failed to call CursorWrapperInner.close.
02-18 17:11:20.607 8153 8153 W Optic-Task-Hand: type=1400 audit(0.0:28673): avc: denied { getattr } for
name="/" dev="dmabuf" ino=1 scontext=u:r:untrusted_app:s0:c215,c256,c512,c768 tcontext=u:object_r:unlabeled:s0
tclass=filesystem permissive=0 app=com.mbwhatsapp
02-18 17:11:20.728 8153 8153 E ArmVmp : Match on catch block at 0x0a in for 0x771101b035
02-18 17:11:20.732 8153 8153 E ArmVmp : Match on catch block at 0x0a in for 0x771101b035
02-18 17:11:20.820 8153 8153 E ArmVmp : Match on catch block at 0xc3 in for 0x771101b025
02-18 17:11:20.826 8153 8153 E ArmVmp : Match on catch block at 0xc3 in for 0x771101b025
02-18 17:11:20.915 8153 8153 E ArmVmp : Match on catch block at 0xc3 in for 0x771101b025
02-18 17:11:20.926 8153 8153 E ArmVmp : Match on catch block at 0xc3 in for 0x771101b025
02-18 17:11:20.957 8153 8153 E ArmVmp : Match on catch block at 0xc3 in for 0x771101b025
02-18 17:11:20.962 8153 8153 E ArmVmp : Match on catch block at 0xc3 in for 0x771101b025
02-18 17:11:21.067 8153 8153 E ArmVmp : Match on catch block at 0xc3 in for 0x771101b025
02-18 17:11:21.072 8153 8153 E ArmVmp : Match on catch block at 0xc3 in for 0x771101b025
02-18 17:11:21.093 8153 8153 E ArmVmp : Match on catch block at 0xc3 in for 0x771101b025
02-18 17:11:21.099 8153 8153 E ArmVmp : Match on catch block at 0xc3 in for 0x771101b025
02-18 17:11:21.129 8153 8153 E ArmVmp : Match on catch block at 0xc3 in for 0x771101b025
02-18 17:11:21.135 8153 8153 E ArmVmp : Match on catch block at 0xc3 in for 0x771101b025
02-18 17:11:21.152 8153 8153 E ArmVmp : Match on catch block at 0xc3 in for 0x771101b025
02-18 17:11:21.156 8153 8153 E ArmVmp : Match on catch block at 0xc3 in for 0x771101b025
02-18 17:11:21.186 8153 8153 E ArmVmp : Match on catch block at 0xc3 in for 0x771101b025
02-18 17:11:21.191 8153 8153 E ArmVmp : Match on catch block at 0xc3 in for 0x771101b025
02-18 17:11:21.220 8153 8153 E ArmVmp : Match on catch block at 0xc3 in for 0x771101b025
02-18 17:11:21.222 8153 8153 E ArmVmp : Match on catch block at 0xc3 in for 0x771101b025
02-18 17:11:21.491 8153 8153 E ArmVmp : Match on catch block at 0xc3 in for 0x771101b025
02-18 17:11:21.496 8153 8153 E ArmVmp : Match on catch block at 0xc3 in for 0x771101b025
02-18 17:11:21.609 8153 8153 E ArmVmp : Match on catch block at 0xc3 in for 0x771101b025
02-18 17:11:21.612 8153 8153 E ArmVmp : Match on catch block at 0xc3 in for 0x771101b025
02-18 17:11:21.625 8153 8153 E ArmVmp : Match on catch block at 0xc3 in for 0x771101b025
02-18 17:11:21.630 8153 8153 E ArmVmp : Match on catch block at 0xc3 in for 0x771101b025
02-18 17:11:21.642 8153 8153 E ArmVmp : Match on catch block at 0xc3 in for 0x771101b025
02-18 17:11:21.645 8153 8153 E ArmVmp : Match on catch block at 0xc3 in for 0x771101b025
02-18 17:11:21.658 8153 8153 E ArmVmp : Match on catch block at 0xc3 in for 0x771101b025
02-18 17:11:21.662 8153 8153 E ArmVmp : Match on catch block at 0xc3 in for 0x771101b025
02-18 17:11:21.675 8153 8153 E ArmVmp : Match on catch block at 0xc3 in for 0x771101b025
02-18 17:11:21.680 8153 8153 E ArmVmp : Match on catch block at 0xc3 in for 0x771101b025
02-18 17:11:21.726 8153 8153 W SoundPool: Use of stream types is deprecated for operations other than volume
control
02-18 17:11:21.726 8153 8153 WE ArmVmp : Match on catch block at 0xc3 in for 0x771101b025
02-18 17:11:20.179 8153 8153 E ArmVmp : Match on catch block at 0xc3 in for 0x771101b025
02-18 17:11:20.185 8153 8153 E ArmVmp : Match on catch block at 0xc3 in for 0x771101b025
02-18 17:11:20.332 8153 8163 W System : A resource failed to call AbstractCursor.close.
02-18 17:11:20.334 8153 8163 W System : A resource failed to call CursorWrapperInner.close.
02-18 17:11:20.607 8153 8153 W Optic-Task-Hand: type=1400 audit(0.0:28673): avc: denied { getattr } for
name="/" dev="dmabuf" ino=1 scontext=u:r:untrusted_app:s0:c215,c256,c512,c768 tcontext=u:object_r:unlabeled:s0
tclass=filesystem permissive=0 app=com.mbwhatsapp
02-18 17:11:20.728 8153 8153 E ArmVmp : Match on catch block at 0x0a in for 0x771101b035
02-18 17:11:20.732 8153 8153 E ArmVmp : Match on catch block at 0x0a in for 0x771101b035
02-18 17:11:20.820 8153 8153 E ArmVmp : Match on catch block at 0xc3 in for 0x771101b025
02-18 17:11:20.826 8153 8153 E ArmVmp : Match on catch block at 0xc3 in for 0x771101b025
02-18 17:11:20.915 8153 8153 E ArmVmp : Match on catch block at 0xc3 in for 0x771101b025
02-18 17:11:20.926 8153 8153 E ArmVmp : Match on catch block at 0xc3 in for 0x771101b025
02-18 17:11:20.957 8153 8153 E ArmVmp : Match on catch block at 0xc3 in for 0x771101b025
02-18 17:11:20.962 8153 8153 E ArmVmp : Match on catch block at 0xc3 in for 0x771101b025
02-18 17:11:21.067 8153 8153 E ArmVmp : Match on catch block at 0xc3 in for 0x771101b025
02-18 17:11:21.072 8153 8153 E ArmVmp : Match on catch block at 0xc3 in for 0x771101b025
02-18 17:11:21.093 8153 8153 E ArmVmp : Match on catch block at 0xc3 in for 0x771101b025
02-18 17:11:21.099 8153 8153 E ArmVmp : Match on catch block at 0xc3 in for 0x771101b025
02-18 17:11:21.129 8153 8153 E ArmVmp : Match on catch block at 0xc3 in for 0x771101b025
02-18 17:11:21.135 8153 8153 E ArmVmp : Match on catch block at 0xc3 in for 0x771101b025
02-18 17:11:21.152 8153 8153 E ArmVmp : Match on catch block at 0xc3 in for 0x771101b025
02-18 17:11:21.156 8153 8153 E ArmVmp : Match on catch block at 0xc3 in for 0x771101b025
02-18 17:11:21.186 8153 8153 E ArmVmp : Match on catch block at 0xc3 in for 0x771101b025
02-18 17:11:21.191 8153 8153 E ArmVmp : Match on catch block at 0xc3 in for 0x771101b025
02-18 17:11:21.220 8153 8153 E ArmVmp : Match on catch block at 0xc3 in for 0x771101b025
02-18 17:11:21.222 8153 8153 E ArmVmp : Match on catch block at 0xc3 in for 0x771101b025
02-18 17:11:21.491 8153 8153 E ArmVmp : Match on catch block at 0xc3 in for 0x771101b025
02-18 17:11:21.496 8153 8153 E ArmVmp : Match on catch block at 0xc3 in for 0x771101b025
02-18 17:11:21.609 8153 8153 E ArmVmp : Match on catch block at 0xc3 in for 0x771101b025
02-18 17:11:21.612 8153 8153 E ArmVmp : Match on catch block at 0xc3 in for 0x771101b025
02-18 17:11:21.625 8153 8153 E ArmVmp : Match on catch block at 0xc3 in for 0x771101b025
02-18 17:11:21.630 8153 8153 E ArmVmp : Match on catch block at 0xc3 in for 0x771101b025
02-18 17:11:21.642 8153 8153 E ArmVmp : Match on catch block at 0xc3 in for 0x771101b025
02-18 17:11:21.645 8153 8153 E ArmVmp : Match on catch block at 0xc3 in for 0x771101b025
02-18 17:11:21.658 8153 8153 E ArmVmp : Match on catch block at 0xc3 in for 0x771101b025
02-18 17:11:21.662 8153 8153 E ArmVmp : Match on catch block at 0xc3 in for 0x771101b025
02-18 17:11:21.675 8153 8153 E ArmVmp : Match on catch block at 0xc3 in for 0x771101b025
02-18 17:11:21.680 8153 8153 E ArmVmp : Match on catch block at 0xc3 in for 0x771101b025
02-18 17:11:21.726 8153 8153 W SoundPool: Use of stream types is deprecated for operations other than volume
control
02-18 17:11:21.726 8153 8153 W SoundPool: See the documentation of SoundPool() for what to use instead with
android.media.AudioAttributes to qualify your playback use case
02-18 17:11:21.733 8153 8153 E ArmVmp : Match on catch block at 0xc3 in for 0x771101b025
02-18 17:11:21.736 8153 8153 E ArmVmp : Match on catch block at SoundPool: See the documentation of
SoundPool() for what to use instead with android.media.AudioAttributes to qualify your playback use case
02-18 17:11:21.733 8153 8153 E ArmVmp : Match on catch block at 0xc3 in for 0x771101b025
02-18 17:11:21.736 8153 8153 E ArmVmp : Match on catch block at 0xc3 in for 0x771101b025
02-18 17:11:21.743 8153 8153 E ArmVmp : Match on catch block at 0xc3 in for 0x771101b025
02-18 17:11:21.746 8153 8153 E ArmVmp : Match on catch block at 0xc3 in for 0x771101b025
02-18 17:11:21.759 8153 8153 E ArmVmp : Match on catch block at 0xc3 in for 0x771101b025
02-18 17:11:21.762 8153 8153 E ArmVmp : Match on catch block at 0xc3 in for 0x771101b025
02-18 17:11:21.774 8153 9134 W Codec2Client: query -- param skipped: index = 1107298332.
02-18 17:11:21.774 8153 9135 W Codec2Client: query -- param skipped: index = 1107298332.
02-18 17:11:21.775 8153 9134 W Codec2Client: query -- param skipped: index = 1342179345.
02-18 17:11:21.775 8153 9134 W Codec2Client: query -- param skipped: index = 2415921170.
02-18 17:11:21.776 8153 8153 E ArmVmp : Match on catch block at 0xc3 in for 0x771101b025
02-18 17:11:21.778 8153 8153 E ArmVmp : Match on catch block at 0xc3 in for 0x771101b025
02-18 17:11:21.779 8153 9135 W Codec2Client: query -- param skipped: index = 1342179345.
02-18 17:11:21.779 8153 9135 W Codec2Client: query -- param skipped: index = 2415921170.
02-18 17:11:21.792 8153 8153 E ArmVmp : Match on catch block at 0xc3 in for 0x771101b025
02-18 17:11:21.797 8153 8153 E ArmVmp : Match on catch block at 0xc3 in for 0x771101b025
02-18 17:11:21.809 8153 8153 E ArmVmp : Match on catch block at 0xc3 in for 0x771101b025
02-18 17:11:21.812 8153 8153 E ArmVmp : Match on catch block at 0xc3 in for 0x771101b025
02-18 17:11:21.825 8153 8153 E ArmVmp : Match on catch block at 0xc3 in for 0x771101b025
02-18 17:11:21.827 8153 9143 W Codec2Client: query -- param skipped: index = 1107298332.
02-18 17:11:21.828 8153 9143 W Codec2Client: query -- param skipped: index = 1342179345.
02-18 17:11:21.828 8153 9143 W Codec2Client: query -- param skipped: index = 2415921170.
02-18 17:11:21.828 8153 8153 E ArmVmp : Match on catch block at 0xc3 in for 0x771101b025
02-18 17:11:21.842 8153 8153 E ArmVmp : Match on catch block at 0xc3 in for 0x771101b025
02-18 17:11:21.846 8153 8153 E ArmVmp : Match on catch block at 0xc3 in for 0x771101b025
02-18 17:11:21.846 8153 9146 W Codec2Client: query -- param skipped: index = 1107298332.
02-18 17:11:21.847 8153 9146 W Codec2Client: query -- param skipped: index = 1342179345.
02-18 17:11:21.847 8153 9146 W Codec2Client: query -- param skipped: index = 2415921170.
02-18 17:11:21.859 8153 8153 E ArmVmp : Match on catch block at 0xc3 in for 0x771101b025
02-18 17:11:21.861 8153 8153 E ArmVmp : Match on catch block at 0xc3 in for 0x771101b025
02-18 17:11:21.875 8153 8153 E ArmVmp : Match on catch block at 0xc3 in for 0x771101b025
02-18 17:11:21.879 8153 8153 E ArmVmp : Match on catch block at 0xc3 in for 0x771101b025
02-18 17:11:21.887 8153 9149 W Codec2Client: query -- param skipped: index = 1107298332.
02-18 17:11:21.888 8153 9149 W Codec2Client: query -- param skipped: index = 1342179345.
02-18 17:11:21.888 8153 9149 W Codec2Client: query -- param skipped: index = 2415921170.
02-18 17:11:21.892 8153 8153 E ArmVmp : Match on catch block at 0xc3 in for 0x771101b025
02-18 17:11:21.894 8153 8153 E ArmVmp : Match on catch block at 0xc3 in for 0x771101b025
02-18 17:11:21.925 8153 8153 E ArmVmp : Match on catch block at 0xc3 in for 0x771101b025
02-18 17:11:21.927 8153 8153 E ArmVmp : Match on catch block at 0xc3 in for 0x771101b025
02-18 17:11:21.930 8153 9152 W Codec2Client: query -- param skipped: index = 1107298332.
02-18 17:11:21.931 8153 9152 W Codec2Client: query -- param skipped: index = 1342179345.
02-18 17:11:21.931 8153 9152 W Codec2Client: query -- param skipped: index = 2415921170.
02-18 17:11:22.019 8153 8321 W Parcel : Expecting binder but got null!
02-18 17:11:22.020 8153 8153 E A0xc3 in for 0x771101b025
02-18 17:11:21.743 8153 8153 E ArmVmp : Match on catch block at 0xc3 in for 0x771101b025
02-18 17:11:21.746 8153 8153 E ArmVmp : Match on catch block at 0xc3 in for 0x771101b025
02-18 17:11:21.759 8153 8153 E ArmVmp : Match on catch block at 0xc3 in for 0x771101b025
02-18 17:11:21.762 8153 8153 E ArmVmp : Match on catch block at 0xc3 in for 0x771101b025
02-18 17:11:21.774 8153 9134 W Codec2Client: query -- param skipped: index = 1107298332.
02-18 17:11:21.774 8153 9135 W Codec2Client: query -- param skipped: index = 1107298332.
02-18 17:11:21.775 8153 9134 W Codec2Client: query -- param skipped: index = 1342179345.
02-18 17:11:21.775 8153 9134 W Codec2Client: query -- param skipped: index = 2415921170.
02-18 17:11:21.776 8153 8153 E ArmVmp : Match on catch block at 0xc3 in for 0x771101b025
02-18 17:11:21.778 8153 8153 E ArmVmp : Match on catch block at 0xc3 in for 0x771101b025
02-18 17:11:21.779 8153 9135 W Codec2Client: query -- param skipped: index = 1342179345.
02-18 17:11:21.779 8153 9135 W Codec2Client: query -- param skipped: index = 2415921170.
02-18 17:11:21.792 8153 8153 E ArmVmp : Match on catch block at 0xc3 in for 0x771101b025
02-18 17:11:21.797 8153 8153 E ArmVmp : Match on catch block at 0xc3 in for 0x771101b025
02-18 17:11:21.809 8153 8153 E ArmVmp : Match on catch block at 0xc3 in for 0x771101b025
02-18 17:11:21.812 8153 8153 E ArmVmp : Match on catch block at 0xc3 in for 0x771101b025
02-18 17:11:21.825 8153 8153 E ArmVmp : Match on catch block at 0xc3 in for 0x771101b025
02-18 17:11:21.827 8153 9143 W Codec2Client: query -- param skipped: index = 1107298332.
02-18 17:11:21.828 8153 9143 W Codec2Client: query -- param skipped: index = 1342179345.
02-18 17:11:21.828 8153 9143 W Codec2Client: query -- param skipped: index = 2415921170.
02-18 17:11:21.828 8153 8153 E ArmVmp : Match on catch block at 0xc3 in for 0x771101b025
02-18 17:11:21.842 8153 8153 E ArmVmp : Match on catch block at 0xc3 in for 0x771101b025
02-18 17:11:21.846 8153 8153 E ArmVmp : Match on catch block at 0xc3 in for 0x771101b025
02-18 17:11:21.846 8153 9146 W Codec2Client: query -- param skipped: index = 1107298332.
02-18 17:11:21.847 8153 9146 W Codec2Client: query -- param skipped: index = 1342179345.
02-18 17:11:21.847 8153 9146 W Codec2Client: query -- param skipped: index = 2415921170.
02-18 17:11:21.859 8153 8153 E ArmVmp : Match on catch block at 0xc3 in for 0x771101b025
02-18 17:11:21.861 8153 8153 E ArmVmp : Match on catch block at 0xc3 in for 0x771101b025
02-18 17:11:21.875 8153 8153 E ArmVmp : Match on catch block at 0xc3 in for 0x771101b025
02-18 17:11:21.879 8153 8153 E ArmVmp : Match on catch block at 0xc3 in for 0x771101b025
02-18 17:11:21.887 8153 9149 W Codec2Client: query -- param skipped: index = 1107298332.
02-18 17:11:21.888 8153 9149 W Codec2Client: query -- param skipped: index = 1342179345.
02-18 17:11:21.888 8153 9149 W Codec2Client: query -- param skipped: index = 2415921170.
02-18 17:11:21.892 8153 8153 E ArmVmp : Match on catch block at 0xc3 in for 0x771101b025
02-18 17:11:21.894 8153 8153 E ArmVmp : Match on catch block at 0xc3 in for 0x771101b025
02-18 17:11:21.925 8153 8153 E ArmVmp : Match on catch block at 0xc3 in for 0x771101b025
02-18 17:11:21.927 8153 8153 E ArmVmp : Match on catch block at 0xc3 in for 0x771101b025
02-18 17:11:21.930 8153 9152 W Codec2Client: query -- param skipped: index = 1107298332.
02-18 17:11:21.931 8153 9152 W Codec2Client: query -- param skipped: index = 1342179345.
02-18 17:11:21.931 8153 9152 W Codec2Client: query -- param skipped: index = 2415921170.
02-18 17:11:22.019 8153 8321 W Parcel : Expecting binder but got null!
02-18 17:11:22.020 8153 8153 E ArmVmp : Match on catch block at 0xc3 in for 0x771101b025
02-18 17:11:22.023 8153 8153 E ArmVmp : Match on catch block at 0xc3 in for 0x771101b025
02-18 17:11:22.031 8153 8153 E ArmVmp : Match on catch block at 0xc3 in for 0x771101b025
02-18 17:11:22.034 8153 8153 E ArmVmp : Match on catch brmVmp : Match on catch block at 0xc3 in for
0x771101b025
02-18 17:11:22.023 8153 8153 E ArmVmp : Match on catch block at 0xc3 in for 0x771101b025
02-18 17:11:22.031 8153 8153 E ArmVmp : Match on catch block at 0xc3 in for 0x771101b025
02-18 17:11:22.034 8153 8153 E ArmVmp : Match on catch block at 0xc3 in for 0x771101b025
02-18 17:11:22.043 8153 8153 E ArmVmp : Match on catch block at 0xc3 in for 0x771101b025
02-18 17:11:22.045 8153 8153 E ArmVmp : Match on catch block at 0xc3 in for 0x771101b025
02-18 17:11:22.058 8153 8153 E ArmVmp : Match on catch block at 0xc3 in for 0x771101b025
02-18 17:11:22.061 8153 8153 E ArmVmp : Match on catch block at 0xc3 in for 0x771101b025
02-18 17:11:22.075 8153 8153 E ArmVmp : Match on catch block at 0xc3 in for 0x771101b025
02-18 17:11:22.079 8153 8153 E ArmVmp : Match on catch block at 0xc3 in for 0x771101b025
02-18 17:11:22.092 8153 8153 E ArmVmp : Match on catch block at 0xc3 in for 0x771101b025
02-18 17:11:22.095 8153 8153 E ArmVmp : Match on catch block at 0xc3 in for 0x771101b025
02-18 17:11:22.107 8153 8153 E ArmVmp : Match on catch block at 0xc3 in for 0x771101b025
02-18 17:11:22.112 8153 8153 E ArmVmp : Match on catch block at 0xc3 in for 0x771101b025
02-18 17:11:22.129 8153 8153 E ArmVmp : Match on catch block at 0xc3 in for 0x771101b025
02-18 17:11:22.133 8153 8153 E ArmVmp : Match on catch block at 0xc3 in for 0x771101b025
02-18 17:11:22.491 8153 8153 E ArmVmp : Match on catch block at 0xc3 in for 0x771101b025
02-18 17:11:22.494 8153 8153 E ArmVmp : Match on catch block at 0xc3 in for 0x771101b025
02-18 17:11:22.508 8153 8153 E ArmVmp : Match on catch block at 0xc3 in for 0x771101b025
02-18 17:11:22.511 8153 8153 E ArmVmp : Match on catch block at 0xc3 in for 0x771101b025
02-18 17:11:22.524 8153 8153 E ArmVmp : Match on catch block at 0xc3 in for 0x771101b025
02-18 17:11:22.527 8153 8153 E ArmVmp : Match on catch block at 0xc3 in for 0x771101b025
02-18 17:11:22.541 8153 8153 E ArmVmp : Match on catch block at 0xc3 in for 0x771101b025
02-18 17:11:22.544 8153 8153 E ArmVmp : Match on catch block at 0xc3 in for 0x771101b025
02-18 17:11:22.578 8153 8153 E ArmVmp : Match on catch block at 0xc3 in for 0x771101b025
02-18 17:11:22.581 8153 8153 E ArmVmp : Match on catch block at 0xc3 in for 0x771101b025
02-18 17:11:22.593 8153 8153 E ArmVmp : Match on catch block at 0xc3 in for 0x771101b025
02-18 17:11:22.596 8153 8153 E ArmVmp : Match on catch block at 0xc3 in for 0x771101b025
02-18 17:11:22.608 8153 8153 E ArmVmp : Match on catch block at 0xc3 in for 0x771101b025
02-18 17:11:22.611 8153 8153 E ArmVmp : Match on catch block at 0xc3 in for 0x771101b025
02-18 17:11:22.625 8153 8153 E ArmVmp : Match on catch block at 0xc3 in for 0x771101b025
02-18 17:11:22.628 8153 8153 E ArmVmp : Match on catch block at 0xc3 in for 0x771101b025
02-18 17:11:22.642 8153 8153 E ArmVmp : Match on catch block at 0xc3 in for 0x771101b025
02-18 17:11:22.645 8153 8153 E ArmVmp : Match on catch block at 0xc3 in for 0x771101b025
02-18 17:11:22.658 8153 8153 E ArmVmp : Match on catch block at 0xc3 in for 0x771101b025
02-18 17:11:22.662 8153 8153 E ArmVmp : Match on catch block at 0xc3 in for 0x771101b025
02-18 17:11:22.674 8153 8153 E ArmVmp : Match on catch block at 0xc3 in for 0x771101b025
02-18 17:11:22.678 8153 8153 E ArmVmp : Match on catch block at 0xc3 in for 0x771101b025
02-18 17:11:22.691 8153 8153 E ArmVmp : Match on catch block at 0xc3 in for 0x771101b025
02-18 17:11:22.694 8153 8153 E ArmVmp : Match on catch block at 0xc3 in for 0x771101b025
02-18 17:11:22.708 8153 8153 E ArmVmp : Match on catch block at 0xc3 in for 0x771101b025
02-18 17:11:22.711 8153 8153 E ArmVmp : Match on catch block at 0xc3 in for 0x771101b025
02-18 17:11:22.724 8153 8153 E ArmVmp : Match on catch block at 0xc3 in for 0x771101b025
02-18 17:11:22.728 8153 8153 E ArmVmp : Match on catch block at 0xc3 in for 0x771101b025
02-18 17:11:22.741 8153 8153 E ArmVmp : Match on catch block at 0xc3 in for 0x7lock at 0xc3 in for
0x771101b025
02-18 17:11:22.043 8153 8153 E ArmVmp : Match on catch block at 0xc3 in for 0x771101b025
02-18 17:11:22.045 8153 8153 E ArmVmp : Match on catch block at 0xc3 in for 0x771101b025
02-18 17:11:22.058 8153 8153 E ArmVmp : Match on catch block at 0xc3 in for 0x771101b025
02-18 17:11:22.061 8153 8153 E ArmVmp : Match on catch block at 0xc3 in for 0x771101b025
02-18 17:11:22.075 8153 8153 E ArmVmp : Match on catch block at 0xc3 in for 0x771101b025
02-18 17:11:22.079 8153 8153 E ArmVmp : Match on catch block at 0xc3 in for 0x771101b025
02-18 17:11:22.092 8153 8153 E ArmVmp : Match on catch block at 0xc3 in for 0x771101b025
02-18 17:11:22.095 8153 8153 E ArmVmp : Match on catch block at 0xc3 in for 0x771101b025
02-18 17:11:22.107 8153 8153 E ArmVmp : Match on catch block at 0xc3 in for 0x771101b025
02-18 17:11:22.112 8153 8153 E ArmVmp : Match on catch block at 0xc3 in for 0x771101b025
02-18 17:11:22.129 8153 8153 E ArmVmp : Match on catch block at 0xc3 in for 0x771101b025
02-18 17:11:22.133 8153 8153 E ArmVmp : Match on catch block at 0xc3 in for 0x771101b025
02-18 17:11:22.491 8153 8153 E ArmVmp : Match on catch block at 0xc3 in for 0x771101b025
02-18 17:11:22.494 8153 8153 E ArmVmp : Match on catch block at 0xc3 in for 0x771101b025
02-18 17:11:22.508 8153 8153 E ArmVmp : Match on catch block at 0xc3 in for 0x771101b025
02-18 17:11:22.511 8153 8153 E ArmVmp : Match on catch block at 0xc3 in for 0x771101b025
02-18 17:11:22.524 8153 8153 E ArmVmp : Match on catch block at 0xc3 in for 0x771101b025
02-18 17:11:22.527 8153 8153 E ArmVmp : Match on catch block at 0xc3 in for 0x771101b025
02-18 17:11:22.541 8153 8153 E ArmVmp : Match on catch block at 0xc3 in for 0x771101b025
02-18 17:11:22.544 8153 8153 E ArmVmp : Match on catch block at 0xc3 in for 0x771101b025
02-18 17:11:22.578 8153 8153 E ArmVmp : Match on catch block at 0xc3 in for 0x771101b025
02-18 17:11:22.581 8153 8153 E ArmVmp : Match on catch block at 0xc3 in for 0x771101b025
02-18 17:11:22.593 8153 8153 E ArmVmp : Match on catch block at 0xc3 in for 0x771101b025
02-18 17:11:22.596 8153 8153 E ArmVmp : Match on catch block at 0xc3 in for 0x771101b025
02-18 17:11:22.608 8153 8153 E ArmVmp : Match on catch block at 0xc3 in for 0x771101b025
02-18 17:11:22.611 8153 8153 E ArmVmp : Match on catch block at 0xc3 in for 0x771101b025
02-18 17:11:22.625 8153 8153 E ArmVmp : Match on catch block at 0xc3 in for 0x771101b025
02-18 17:11:22.628 8153 8153 E ArmVmp : Match on catch block at 0xc3 in for 0x771101b025
02-18 17:11:22.642 8153 8153 E ArmVmp : Match on catch block at 0xc3 in for 0x771101b025
02-18 17:11:22.645 8153 8153 E ArmVmp : Match on catch block at 0xc3 in for 0x771101b025
02-18 17:11:22.658 8153 8153 E ArmVmp : Match on catch block at 0xc3 in for 0x771101b025
02-18 17:11:22.662 8153 8153 E ArmVmp : Match on catch block at 0xc3 in for 0x771101b025
02-18 17:11:22.674 8153 8153 E ArmVmp : Match on catch block at 0xc3 in for 0x771101b025
02-18 17:11:22.678 8153 8153 E ArmVmp : Match on catch block at 0xc3 in for 0x771101b025
02-18 17:11:22.691 8153 8153 E ArmVmp : Match on catch block at 0xc3 in for 0x771101b025
02-18 17:11:22.694 8153 8153 E ArmVmp : Match on catch block at 0xc3 in for 0x771101b025
02-18 17:11:22.708 8153 8153 E ArmVmp : Match on catch block at 0xc3 in for 0x771101b025
02-18 17:11:22.711 8153 8153 E ArmVmp : Match on catch block at 0xc3 in for 0x771101b025
02-18 17:11:22.724 8153 8153 E ArmVmp : Match on catch block at 0xc3 in for 0x771101b025
02-18 17:11:22.728 8153 8153 E ArmVmp : Match on catch block at 0xc3 in for 0x771101b025
02-18 17:11:22.741 8153 8153 E ArmVmp : Match on catch block at 0xc3 in for 0x771101b025
02-18 17:11:22.749 8153 8153 E ArmVmp : Match on catch block at 0xc3 in for 0x771101b025
02-18 17:11:23.178 8153 8153 E ArmVmp : Match on catch block at 0xc3 in for 0x771101b025
02-18 17:11:23.180 8153 8153 E ArmVmp : Match on catch block at 0xc3 in for 0x771101b025
02-18 17:11:23.71101b025
02-18 17:11:22.749 8153 8153 E ArmVmp : Match on catch block at 0xc3 in for 0x771101b025
02-18 17:11:23.178 8153 8153 E ArmVmp : Match on catch block at 0xc3 in for 0x771101b025
02-18 17:11:23.180 8153 8153 E ArmVmp : Match on catch block at 0xc3 in for 0x771101b025
02-18 17:11:23.198 8153 8153 E ArmVmp : Match on catch block at 0xc3 in for 0x771101b025
02-18 17:11:23.200 8153 8153 E ArmVmp : Match on catch block at 0xc3 in for 0x771101b025
02-18 17:11:23.208 8153 8153 E ArmVmp : Match on catch block at 0xc3 in for 0x771101b025
02-18 17:11:23.212 8153 8153 E ArmVmp : Match on catch block at 0xc3 in for 0x771101b025
02-18 17:11:23.233 8153 8153 E ArmVmp : Match on catch block at 0xc3 in for 0x771101b025
02-18 17:11:23.235 8153 8153 E ArmVmp : Match on catch block at 0xc3 in for 0x771101b025
02-18 17:11:23.240 8153 8153 E ArmVmp : Match on catch block at 0xc3 in for 0x771101b025
02-18 17:11:23.244 8153 8153 E ArmVmp : Match on catch block at 0xc3 in for 0x771101b025
02-18 17:11:23.258 8153 8153 E ArmVmp : Match on catch block at 0xc3 in for 0x771101b025
02-18 17:11:23.261 8153 8153 E ArmVmp : Match on catch block at 0xc3 in for 0x771101b025
02-18 17:11:23.273 8153 8153 E ArmVmp : Match on catch block at 0xc3 in for 0x771101b025
02-18 17:11:23.277 8153 8153 E ArmVmp : Match on catch block at 0xc3 in for 0x771101b025
02-18 17:11:23.290 8153 8153 E ArmVmp : Match on catch block at 0xc3 in for 0x771101b025
02-18 17:11:23.295 8153 8153 E ArmVmp : Match on catch block at 0xc3 in for 0x771101b025
02-18 17:11:23.690 8153 8153 E ArmVmp : Match on catch block at 0xc3 in for 0x771101b025
02-18 17:11:23.693 8153 8153 E ArmVmp : Match on catch block at 0xc3 in for 0x771101b025
02-18 17:11:24.115 8153 8153 W AudioManager: Use of stream types is deprecated for operations other than
volume control
02-18 17:11:24.115 8153 8153 W AudioManager: See the documentation of requestAudioFocus() for what to use
instead with android.media.AudioAttributes to qualify your playback use case
02-18 17:11:24.188 8153 8153 W libOpenSLES: Conversion from OpenSL ES positional channel mask 0x4 to
Android mask 0 loses channels
02-18 17:11:24.233 8153 8153 E ArmVmp : Match on catch block at 0xc3 in for 0x771101b025
02-18 17:11:24.235 8153 8153 E ArmVmp : Match on catch block at 0xc3 in for 0x771101b025
02-18 17:11:24.241 8153 8153 E ArmVmp : Match on catch block at 0xc3 in for 0x771101b025
02-18 17:11:24.243 8153 8153 E ArmVmp : Match on catch block at 0xc3 in for 0x771101b025
02-18 17:11:24.256 8153 8153 E ArmVmp : Match on catch block at 0xc3 in for 0x771101b025
02-18 17:11:24.259 8153 8153 E ArmVmp : Match on catch block at 0xc3 in for 0x771101b025
02-18 17:11:24.274 8153 8153 E ArmVmp : Match on catch block at 0xc3 in for 0x771101b025
02-18 17:11:24.276 8153 8153 E ArmVmp : Match on catch block at 0xc3 in for 0x771101b025
02-18 17:11:24.293 8153 8153 E ArmVmp : Match on catch block at 0xc3 in for 0x771101b025
02-18 17:11:24.297 8153 8153 E ArmVmp : Match on catch block at 0xc3 in for 0x771101b025
02-18 17:11:24.307 8153 8153 E ArmVmp : Match on catch block at 0xc3 in for 0x771101b025
02-18 17:11:24.309 8153 8153 E ArmVmp : Match on catch block at 0xc3 in for 0x771101b025
02-18 17:11:24.350 8153 8153 E ArmVmp : Match on catch block at 0xc3 in for 0x771101b025
02-18 17:11:24.352 8153 8153 E ArmVmp : Match on catch block at 0xc3 in for 0x771101b025
02-18 17:11:24.357 8153 8153 E ArmVmp : Match on catch block at 0xc3 in for 0x771101b025
02-18 17:11:24.359 8153 8153 E ArmVmp : Match on catch block at 0xc3 in for 0x771101b025
02-18 17:11:24.372 8153 8153 E ArmVmp : Match on catch block at 0xc3 in for 0x771101b025
02-18 17:11:24.374 8153 8153 E ArmVmp : Match on catch block at 0xc3 in for 0x771101b025
02-18 17:11:24.389 8153 8153 E ArmVmp : Match on catch block at 0xc3 in for 0x771101b025
02-18 17:11:24.391 8153 8153 E ArmVmp : Match on catch block at 0xc3 in for 0x771101b025
02-18 17:11:24.450 8153 8153 W AudioRecord: restoreRecor198 8153 8153 E ArmVmp : Match on catch block at
0xc3 in for 0x771101b025
02-18 17:11:23.200 8153 8153 E ArmVmp : Match on catch block at 0xc3 in for 0x771101b025
02-18 17:11:23.208 8153 8153 E ArmVmp : Match on catch block at 0xc3 in for 0x771101b025
02-18 17:11:23.212 8153 8153 E ArmVmp : Match on catch block at 0xc3 in for 0x771101b025
02-18 17:11:23.233 8153 8153 E ArmVmp : Match on catch block at 0xc3 in for 0x771101b025
02-18 17:11:23.235 8153 8153 E ArmVmp : Match on catch block at 0xc3 in for 0x771101b025
02-18 17:11:23.240 8153 8153 E ArmVmp : Match on catch block at 0xc3 in for 0x771101b025
02-18 17:11:23.244 8153 8153 E ArmVmp : Match on catch block at 0xc3 in for 0x771101b025
02-18 17:11:23.258 8153 8153 E ArmVmp : Match on catch block at 0xc3 in for 0x771101b025
02-18 17:11:23.261 8153 8153 E ArmVmp : Match on catch block at 0xc3 in for 0x771101b025
02-18 17:11:23.273 8153 8153 E ArmVmp : Match on catch block at 0xc3 in for 0x771101b025
02-18 17:11:23.277 8153 8153 E ArmVmp : Match on catch block at 0xc3 in for 0x771101b025
02-18 17:11:23.290 8153 8153 E ArmVmp : Match on catch block at 0xc3 in for 0x771101b025
02-18 17:11:23.295 8153 8153 E ArmVmp : Match on catch block at 0xc3 in for 0x771101b025
02-18 17:11:23.690 8153 8153 E ArmVmp : Match on catch block at 0xc3 in for 0x771101b025
02-18 17:11:23.693 8153 8153 E ArmVmp : Match on catch block at 0xc3 in for 0x771101b025
02-18 17:11:24.115 8153 8153 W AudioManager: Use of stream types is deprecated for operations other than
volume control
02-18 17:11:24.115 8153 8153 W AudioManager: See the documentation of requestAudioFocus() for what to use
instead with android.media.AudioAttributes to qualify your playback use case
02-18 17:11:24.188 8153 8153 W libOpenSLES: Conversion from OpenSL ES positional channel mask 0x4 to
Android mask 0 loses channels
02-18 17:11:24.233 8153 8153 E ArmVmp : Match on catch block at 0xc3 in for 0x771101b025
02-18 17:11:24.235 8153 8153 E ArmVmp : Match on catch block at 0xc3 in for 0x771101b025
02-18 17:11:24.241 8153 8153 E ArmVmp : Match on catch block at 0xc3 in for 0x771101b025
02-18 17:11:24.243 8153 8153 E ArmVmp : Match on catch block at 0xc3 in for 0x771101b025
02-18 17:11:24.256 8153 8153 E ArmVmp : Match on catch block at 0xc3 in for 0x771101b025
02-18 17:11:24.259 8153 8153 E ArmVmp : Match on catch block at 0xc3 in for 0x771101b025
02-18 17:11:24.274 8153 8153 E ArmVmp : Match on catch block at 0xc3 in for 0x771101b025
02-18 17:11:24.276 8153 8153 E ArmVmp : Match on catch block at 0xc3 in for 0x771101b025
02-18 17:11:24.293 8153 8153 E ArmVmp : Match on catch block at 0xc3 in for 0x771101b025
02-18 17:11:24.297 8153 8153 E ArmVmp : Match on catch block at 0xc3 in for 0x771101b025
02-18 17:11:24.307 8153 8153 E ArmVmp : Match on catch block at 0xc3 in for 0x771101b025
02-18 17:11:24.309 8153 8153 E ArmVmp : Match on catch block at 0xc3 in for 0x771101b025
02-18 17:11:24.350 8153 8153 E ArmVmp : Match on catch block at 0xc3 in for 0x771101b025
02-18 17:11:24.352 8153 8153 E ArmVmp : Match on catch block at 0xc3 in for 0x771101b025
02-18 17:11:24.357 8153 8153 E ArmVmp : Match on catch block at 0xc3 in for 0x771101b025
02-18 17:11:24.359 8153 8153 E ArmVmp : Match on catch block at 0xc3 in for 0x771101b025
02-18 17:11:24.372 8153 8153 E ArmVmp : Match on catch block at 0xc3 in for 0x771101b025
02-18 17:11:24.374 8153 8153 E ArmVmp : Match on catch block at 0xc3 in for 0x771101b025
02-18 17:11:24.389 8153 8153 E ArmVmp : Match on catch block at 0xc3 in for 0x771101b025
02-18 17:11:24.391 8153 8153 E ArmVmp : Match on catch block at 0xc3 in for 0x771101b025
02-18 17:11:24.450 8153 8153 W AudioRecord: restoreRecord_l(938): dead IAudioRecord, creating a new one from
start()
02-18 17:11:24.639 8153 8153 E ArmVmp : Match on catch block at 0xc3 in for 0x771101b025
02-18 17:11:24.641 8153 8153 E ArmVmp : Match on catch block at 0xc3 in for 0x771101b025
02-18 17:11:24.658 8153 8153 E ArmVmp : Match on catcd_l(938): dead IAudioRecord, creating a new one from
start()
02-18 17:11:24.639 8153 8153 E ArmVmp : Match on catch block at 0xc3 in for 0x771101b025
02-18 17:11:24.641 8153 8153 E ArmVmp : Match on catch block at 0xc3 in for 0x771101b025
02-18 17:11:24.658 8153 8153 E ArmVmp : Match on catch block at 0xc3 in for 0x771101b025
02-18 17:11:24.661 8153 8153 E ArmVmp : Match on catch block at 0xc3 in for 0x771101b025
02-18 17:11:24.672 8153 8153 E ArmVmp : Match on catch block at 0xc3 in for 0x771101b025
02-18 17:11:24.675 8153 8153 E ArmVmp : Match on catch block at 0xc3 in for 0x771101b025
02-18 17:11:24.700 8153 8153 E ArmVmp : Match on catch block at 0xc3 in for 0x771101b025
02-18 17:11:24.702 8153 8153 E ArmVmp : Match on catch block at 0xc3 in for 0x771101b025
02-18 17:11:24.714 8153 8153 E ArmVmp : Match on catch block at 0xc3 in for 0x771101b025
02-18 17:11:24.716 8153 8153 E ArmVmp : Match on catch block at 0xc3 in for 0x771101b025
02-18 17:11:24.725 8153 8153 E ArmVmp : Match on catch block at 0xc3 in for 0x771101b025
02-18 17:11:24.728 8153 8153 E ArmVmp : Match on catch block at 0xc3 in for 0x771101b025
02-18 17:11:24.739 8153 8153 E ArmVmp : Match on catch block at 0xc3 in for 0x771101b025
02-18 17:11:24.741 8153 8153 E ArmVmp : Match on catch block at 0xc3 in for 0x771101b025
02-18 17:11:24.757 8153 8153 E ArmVmp : Match on catch block at 0xc3 in for 0x771101b025
02-18 17:11:24.760 8153 8153 E ArmVmp : Match on catch block at 0xc3 in for 0x771101b025
02-18 17:11:24.774 8153 8153 E ArmVmp : Match on catch block at 0xc3 in for 0x771101b025
02-18 17:11:24.777 8153 8153 E ArmVmp : Match on catch block at 0xc3 in for 0x771101b025
02-18 17:11:24.790 8153 8153 E ArmVmp : Match on catch block at 0xc3 in for 0x771101b025
02-18 17:11:24.792 8153 8153 E ArmVmp : Match on catch block at 0xc3 in for 0x771101b025
02-18 17:11:24.807 8153 8153 E ArmVmp : Match on catch block at 0xc3 in for 0x771101b025
02-18 17:11:24.810 8153 8153 E ArmVmp : Match on catch block at 0xc3 in for 0x771101b025
02-18 17:11:24.822 8153 8153 E ArmVmp : Match on catch block at 0xc3 in for 0x771101b025
02-18 17:11:24.825 8153 8153 E ArmVmp : Match on catch block at 0xc3 in for 0x771101b025
02-18 17:11:24.839 8153 8153 E ArmVmp : Match on catch block at 0xc3 in for 0x771101b025
02-18 17:11:24.842 8153 8153 E ArmVmp : Match on catch block at 0xc3 in for 0x771101b025
02-18 17:11:24.856 8153 8153 E ArmVmp : Match on catch block at 0xc3 in for 0x771101b025
02-18 17:11:24.858 8153 8153 E ArmVmp : Match on catch block at 0xc3 in for 0x771101b025
02-18 17:11:24.873 8153 8153 E ArmVmp : Match on catch block at 0xc3 in for 0x771101b025
02-18 17:11:24.875 8153 8153 E ArmVmp : Match on catch block at 0xc3 in for 0x771101b025
02-18 17:11:24.890 8153 8153 E ArmVmp : Match on catch block at 0xc3 in for 0x771101b025
02-18 17:11:24.893 8153 8153 E ArmVmp : Match on catch block at 0xc3 in for 0x771101b025
02-18 17:11:24.908 8153 8153 E ArmVmp : Match on catch block at 0xc3 in for 0x771101b025
02-18 17:11:24.910 8153 8153 E ArmVmp : Match on catch block at 0xc3 in for 0x771101b025
02-18 17:11:24.924 8153 8153 E ArmVmp : Match on catch block at 0xc3 in for 0x771101b025
02-18 17:11:24.928 8153 8153 E ArmVmp : Match on catch block at 0xc3 in for 0x771101b025
02-18 17:11:24.941 8153 8153 E ArmVmp : Match on catch block at 0xc3 in for 0x771101b025
02-18 17:11:24.944 8153 8153 E ArmVmp : Match on catch block at 0xc3 in for 0x771101b025
02-18 17:11:24.957 8153 8153 E ArmVmp : Match on catch block at 0xc3 in for 0x771101b025
02-18 17:11:24.961 8153 8153 E ArmVmp : Match on catch block at 0xc3 in for 0x771101b025
02-18 17:11:24.974 8153 8153 E ArmVmp : Match on catch block at 0xc3 in for 0x771101b025
02-18 17:11:24.977 8153 8153 E ArmVmp : Match on catch block at 0xc3 in for 0x771101b025
02-18 17:11:24.990 8153 8153 E ArmVmp : Match on catch block at 0xc3 in for 0x771101b025
02-18 17:11:24.993 8153 8153 E ArmVmp : Match on catch block at 0xc3 in for h block at 0xc3 in for
0x771101b025
02-18 17:11:24.661 8153 8153 E ArmVmp : Match on catch block at 0xc3 in for 0x771101b025
02-18 17:11:24.672 8153 8153 E ArmVmp : Match on catch block at 0xc3 in for 0x771101b025
02-18 17:11:24.675 8153 8153 E ArmVmp : Match on catch block at 0xc3 in for 0x771101b025
02-18 17:11:24.700 8153 8153 E ArmVmp : Match on catch block at 0xc3 in for 0x771101b025
02-18 17:11:24.702 8153 8153 E ArmVmp : Match on catch block at 0xc3 in for 0x771101b025
02-18 17:11:24.714 8153 8153 E ArmVmp : Match on catch block at 0xc3 in for 0x771101b025
02-18 17:11:24.716 8153 8153 E ArmVmp : Match on catch block at 0xc3 in for 0x771101b025
02-18 17:11:24.725 8153 8153 E ArmVmp : Match on catch block at 0xc3 in for 0x771101b025
02-18 17:11:24.728 8153 8153 E ArmVmp : Match on catch block at 0xc3 in for 0x771101b025
02-18 17:11:24.739 8153 8153 E ArmVmp : Match on catch block at 0xc3 in for 0x771101b025
02-18 17:11:24.741 8153 8153 E ArmVmp : Match on catch block at 0xc3 in for 0x771101b025
02-18 17:11:24.757 8153 8153 E ArmVmp : Match on catch block at 0xc3 in for 0x771101b025
02-18 17:11:24.760 8153 8153 E ArmVmp : Match on catch block at 0xc3 in for 0x771101b025
02-18 17:11:24.774 8153 8153 E ArmVmp : Match on catch block at 0xc3 in for 0x771101b025
02-18 17:11:24.777 8153 8153 E ArmVmp : Match on catch block at 0xc3 in for 0x771101b025
02-18 17:11:24.790 8153 8153 E ArmVmp : Match on catch block at 0xc3 in for 0x771101b025
02-18 17:11:24.792 8153 8153 E ArmVmp : Match on catch block at 0xc3 in for 0x771101b025
02-18 17:11:24.807 8153 8153 E ArmVmp : Match on catch block at 0xc3 in for 0x771101b025
02-18 17:11:24.810 8153 8153 E ArmVmp : Match on catch block at 0xc3 in for 0x771101b025
02-18 17:11:24.822 8153 8153 E ArmVmp : Match on catch block at 0xc3 in for 0x771101b025
02-18 17:11:24.825 8153 8153 E ArmVmp : Match on catch block at 0xc3 in for 0x771101b025
02-18 17:11:24.839 8153 8153 E ArmVmp : Match on catch block at 0xc3 in for 0x771101b025
02-18 17:11:24.842 8153 8153 E ArmVmp : Match on catch block at 0xc3 in for 0x771101b025
02-18 17:11:24.856 8153 8153 E ArmVmp : Match on catch block at 0xc3 in for 0x771101b025
02-18 17:11:24.858 8153 8153 E ArmVmp : Match on catch block at 0xc3 in for 0x771101b025
02-18 17:11:24.873 8153 8153 E ArmVmp : Match on catch block at 0xc3 in for 0x771101b025
02-18 17:11:24.875 8153 8153 E ArmVmp : Match on catch block at 0xc3 in for 0x771101b025
02-18 17:11:24.890 8153 8153 E ArmVmp : Match on catch block at 0xc3 in for 0x771101b025
02-18 17:11:24.893 8153 8153 E ArmVmp : Match on catch block at 0xc3 in for 0x771101b025
02-18 17:11:24.908 8153 8153 E ArmVmp : Match on catch block at 0xc3 in for 0x771101b025
02-18 17:11:24.910 8153 8153 E ArmVmp : Match on catch block at 0xc3 in for 0x771101b025
02-18 17:11:24.924 8153 8153 E ArmVmp : Match on catch block at 0xc3 in for 0x771101b025
02-18 17:11:24.928 8153 8153 E ArmVmp : Match on catch block at 0xc3 in for 0x771101b025
02-18 17:11:24.941 8153 8153 E ArmVmp : Match on catch block at 0xc3 in for 0x771101b025
02-18 17:11:24.944 8153 8153 E ArmVmp : Match on catch block at 0xc3 in for 0x771101b025
02-18 17:11:24.957 8153 8153 E ArmVmp : Match on catch block at 0xc3 in for 0x771101b025
02-18 17:11:24.961 8153 8153 E ArmVmp : Match on catch block at 0xc3 in for 0x771101b025
02-18 17:11:24.974 8153 8153 E ArmVmp : Match on catch block at 0xc3 in for 0x771101b025
02-18 17:11:24.977 8153 8153 E ArmVmp : Match on catch block at 0xc3 in for 0x771101b025
02-18 17:11:24.990 8153 8153 E ArmVmp : Match on catch block at 0xc3 in for 0x771101b025
02-18 17:11:24.993 8153 8153 E ArmVmp : Match on catch block at 0xc3 in for 0x771101b025
02-18 17:11:25.006 8153 8153 E ArmVmp : Match on catch block at 0xc3 in for 0x771101b025
02-18 17:11:25.010 8153 8153 E ArmVmp : Match on catch block at 0xc3 in for 0x771101b025
02-18 17:11:25.024 8153 8153 E ArmVmp : Match on catch block at 0xc3 in for 0x771101b025
02-18 17:11:0x771101b025
02-18 17:11:25.006 8153 8153 E ArmVmp : Match on catch block at 0xc3 in for 0x771101b025
02-18 17:11:25.010 8153 8153 E ArmVmp : Match on catch block at 0xc3 in for 0x771101b025
02-18 17:11:25.024 8153 8153 E ArmVmp : Match on catch block at 0xc3 in for 0x771101b025
02-18 17:11:25.028 8153 8153 E ArmVmp : Match on catch block at 0xc3 in for 0x771101b025
02-18 17:11:25.040 8153 8153 E ArmVmp : Match on catch block at 0xc3 in for 0x771101b025
02-18 17:11:25.043 8153 8153 E ArmVmp : Match on catch block at 0xc3 in for 0x771101b025
02-18 17:11:25.055 8153 8153 E ArmVmp : Match on catch block at 0xc3 in for 0x771101b025
02-18 17:11:25.057 8153 8153 E ArmVmp : Match on catch block at 0xc3 in for 0x771101b025
02-18 17:11:25.073 8153 8153 E ArmVmp : Match on catch block at 0xc3 in for 0x771101b025
02-18 17:11:25.076 8153 8153 E ArmVmp : Match on catch block at 0xc3 in for 0x771101b025
02-18 17:11:25.088 8153 8153 E ArmVmp : Match on catch block at 0xc3 in for 0x771101b025
02-18 17:11:25.091 8153 8153 E ArmVmp : Match on catch block at 0xc3 in for 0x771101b025
02-18 17:11:25.107 8153 8153 E ArmVmp : Match on catch block at 0xc3 in for 0x771101b025
02-18 17:11:25.111 8153 8153 E ArmVmp : Match on catch block at 0xc3 in for 0x771101b025
02-18 17:11:25.124 8153 8153 E ArmVmp : Match on catch block at 0xc3 in for 0x771101b025
02-18 17:11:25.126 8153 8153 E ArmVmp : Match on catch block at 0xc3 in for 0x771101b025
02-18 17:11:25.140 8153 8153 E ArmVmp : Match on catch block at 0xc3 in for 0x771101b025
02-18 17:11:25.143 8153 8153 E ArmVmp : Match on catch block at 0xc3 in for 0x771101b025
02-18 17:11:25.156 8153 8153 E ArmVmp : Match on catch block at 0xc3 in for 0x771101b025
02-18 17:11:25.160 8153 8153 E ArmVmp : Match on catch block at 0xc3 in for 0x771101b025
02-18 17:11:25.171 8153 8153 E ArmVmp : Match on catch block at 0xc3 in for 0x771101b025
02-18 17:11:25.174 8153 8153 E ArmVmp : Match on catch block at 0xc3 in for 0x771101b025
02-18 17:11:25.188 8153 8153 E ArmVmp : Match on catch block at 0xc3 in for 0x771101b025
02-18 17:11:25.191 8153 8153 E ArmVmp : Match on catch block at 0xc3 in for 0x771101b025
02-18 17:11:25.205 8153 8153 E ArmVmp : Match on catch block at 0xc3 in for 0x771101b025
02-18 17:11:25.207 8153 8153 E ArmVmp : Match on catch block at 0xc3 in for 0x771101b025
02-18 17:11:25.221 8153 8153 E ArmVmp : Match on catch block at 0xc3 in for 0x771101b025
02-18 17:11:25.225 8153 8153 E ArmVmp : Match on catch block at 0xc3 in for 0x771101b025
02-18 17:11:25.238 8153 8153 E ArmVmp : Match on catch block at 0xc3 in for 0x771101b025
02-18 17:11:25.240 8153 8153 E ArmVmp : Match on catch block at 0xc3 in for 0x771101b025
02-18 17:11:25.255 8153 8153 E ArmVmp : Match on catch block at 0xc3 in for 0x771101b025
02-18 17:11:25.258 8153 8153 E ArmVmp : Match on catch block at 0xc3 in for 0x771101b025
02-18 17:11:25.271 8153 8153 E ArmVmp : Match on catch block at 0xc3 in for 0x771101b025
02-18 17:11:25.274 8153 8153 E ArmVmp : Match on catch block at 0xc3 in for 0x771101b025
02-18 17:11:25.288 8153 8153 E ArmVmp : Match on catch block at 0xc3 in for 0x771101b025
02-18 17:11:25.290 8153 8153 E ArmVmp : Match on catch block at 0xc3 in for 0x771101b025
02-18 17:11:25.305 8153 8153 E ArmVmp : Match on catch block at 0xc3 in for 0x771101b025
02-18 17:11:25.307 8153 8153 E ArmVmp : Match on catch block at 0xc3 in for 0x771101b025
02-18 17:11:25.321 8153 8153 E ArmVmp : Match on catch block at 0xc3 in for 0x771101b025
02-18 17:11:25.323 8153 8153 E ArmVmp : Match on catch block at 0xc3 in for 0x771101b025
02-18 17:11:25.338 8153 8153 E ArmVmp : Match on catch block at 0xc3 in for 0x771101b025
