02-18 17:09:04.800 4274 4274 E ArmVmp : Match on catch block at 0xc3 in for 0x771101b025
02-18 17:09:05.129 4274 4274 E ArmVmp : Match on catch block at 0xc3 in for 0x771101b025
02-18 17:09:05.134 4274 4274 E ArmVmp : Match on catch block at 0xc3 in for 0x771101b025
02-18 17:09:05.145 4274 4274 E ArmVmp : Match on catch block at 0xc3 in for 0x771101b025
02-18 17:09:05.150 4274 4274 E ArmVmp : Match on catch block at 0xc3 in for 0x771101b025
02-18 17:09:05.293 4274 4274 E ArmVmp : Match on catch block at 0xc3 in for 0x771101b025
02-18 17:09:05.295 4274 4274 E ArmVmp : Match on catch block at 0xc3 in for 0x771101b025
02-18 17:09:05.326 4274 4274 E ArmVmp : Match on catch block at 0xc3 in for 0x771101b025
02-18 17:09:05.329 4274 4274 E ArmVmp : Match on catch block at 0xc3 in for 0x771101b025
02-18 17:09:05.343 4274 4274 E ArmVmp : Match on catch block at 0xc3 in for 0x771101b025
02-18 17:09:05.345 4274 4274 E ArmVmp : Match on catch block at 0xc3 in for 0x771101b025
02-18 17:09:05.359 4274 4274 E ArmVmp : Match on catch block at 0xc3 in for 0x771101b025
02-18 17:09:05.363 4274 4274 E ArmVmp : Match on catch block at 0xc3 in for 0x771101b025
02-18 17:09:05.377 4274 4274 E ArmVmp : Match on catch block at 0xc3 in for 0x771101b025
02-18 17:09:05.379 4274 4274 E ArmVmp : Match on catch block at 0xc3 in for 0x771101b025
02-18 17:09:05.393 4274 4274 E ArmVmp : Match on catch block at 0xc3 in for 0x771101b025
02-18 17:09:05.395 4274 4274 E ArmVmp : Match on catch block at 0xc3 in for 0x771101b025
02-18 17:09:05.410 4274 4274 E ArmVmp : Match on catch block at 0xc3 in for 0x771101b025
02-18 17:09:05.412 4274 4274 E ArmVmp : Match on catch block at 0xc3 in for 0x771101b025
02-18 17:09:05.426 4274 4274 E ArmVmp : Match on catch block at 0xc3 in for 0x771101b025
02-18 17:09:05.430 4274 4274 E ArmVmp : Match on catch block at 0xc3 in for 0x771101b025
02-18 17:09:05.443 4274 4274 E ArmVmp : Match on catch block at 0xc3 in for 0x771101b025
02-18 17:09:05.445 4274 4274 E ArmVmp : Match on catch block at 0xc3 in for 0x771101b025
02-18 17:09:05.459 4274 4274 E ArmVmp : Match on catch block at 0xc3 in for 0x771101b025
02-18 17:09:05.463 4274 4274 E ArmVmp : Match on catch block at 0xc3 in for 0x771101b025
02-18 17:09:05.476 4274 4274 E ArmVmp : Match on catch block at 0xc3 in for 0x771101b025
02-18 17:09:05.479 4274 4274 E ArmVmp : Match on catch block at 0xc3 in for 0x771101b025
02-18 17:09:05.493 4274 4274 E ArmVmp : Match on catch block at 0xc3 in for 0x771101b025
02-18 17:09:05.495 4274 4274 E ArmVmp : Match on catch block at 0xc3 in for 0x771101b025
02-18 17:09:05.792 4274 4274 E ArmVmp : Match on catch block at 0xc3 in for 0x771101b025
02-18 17:09:05.795 4274 4274 E ArmVmp : Match on catch block at 0xc3 in for 0x771101b025
02-18 17:09:05.809 4274 4274 E ArmVmp : Match on catch block at 0xc3 in for 0x771101b025
02-18 17:09:05.811 4274 4274 E ArmVmp : Match on catch block at 0xc3 in for 0x771101b025
02-18 17:09:06.178 4274 4274 E ArmVmp : Match on catch block at 0xc3 in for 0x771101b025
02-18 17:09:06.181 4274 4274 E ArmVmp : Match on catch block at 0xc3 in for 0x771101b025
02-18 17:09:06.194 4274 4274 E ArmVmp : Match on catch block at 0xc3 in for 0x771101b025
02-18 17:09:06.198 4274 4274 E ArmVmp : Match on catch block at 0xc3 in for 0x771101b025
02-18 17:09:06.311 4274 4274 E ArmVmp : Match on catch block at 0xc3 in for 0x771101b025
02-18 17:09:06.316 4274 4274 E ArmVmp : Match on catch block at 0xc3 in for 0x771101b025
02-18 17:09:06.476 4274 4274 E ArmVmp : Match on catch block at 0xc3 in for 0x771101b025
02-18 17:09:06.478 4274 4274 E ArmVmp : Match on catch block at 0xc3 in for 0x771101b025
02-18 17:09:06.492 4274 4274 E ArmVmp : Match on catch block at 0xc3 in for 0x771101b025
02-18 17:09:06.496 4274 4274 E ArmVmp : Match on catch block at 0xc3 in for 0x771101b025
02-18 17:09:06.609 4274 4274 W OnBackInvokedCallback: OnBackInvokedCallback is not enabled for the
application.
02-18 17:09:06.609 4274 4274 W OnBackInvokedCallback: Set 'android:enableOnBackInvokedCallback="true"' in
the application manifest.
02-18 17:09:06.664 4274 4274 E ArmVmp : Match on catch block at 0xc3 in for 0x771101b025
02-18 17:09:06.668 4274 4274 E ArmVmp : Match on catch block at 0xc3 in for 0x771101b025
02-18 17:09:06.674 4274 4274 E ArmVmp : Match on catch block at 0xc3 in for 0x771101b025
02-18 17:09:06.678 4274 4274 E ArmVmp : Match on catch block at 0xc3 in for 0x771101b025
02-18 17:09:06.808 4274 4274 E ArmVmp : Match on catch block at 0xc3 in for 0x771101b025
02-18 17:09:06.810 4274 4274 E ArmVmp : Match on catch block at 0xc3 in for 0x771101b025
02-18 17:09:07.310 4274 4274 E ArmVmp : Match on catch block at 0xc3 in for 0x771101b025
02-18 17:09:07.314 4274 4274 E ArmVmp : Match on catch block at 0xc3 in for 0x771101b025
02-18 17:09:07.412 4274 4274 E ArmVmp : Match on catch block at 0xc3 in for 0x771101b025
02-18 17:09:07.415 4274 4274 E ArmVmp : Match on catch block at 0xc3 in for 0x771101b025
02-18 17:09:07.426 4274 4274 E ArmVmp : Match on catch block at 0xc3 in for 0x771101b025
02-18 17:09:07.433 4274 4274 E ArmVmp : Match on catch block at 0xc3 in for 0x771101b025
02-18 17:09:07.442 4274 4274 E ArmVmp : Match on catch block at 0xc3 in for 0x771101b025
02-18 17:09:07.445 4274 4274 E ArmVmp : Match on catch block at 0xc3 in for 0x771101b025
02-18 17:09:07.460 4274 4274 E ArmVmp : Match on catch block at 0xc3 in for 0x771101b025
02-18 17:09:07.462 4274 4274 E ArmVmp : Match on catch block at 0xc3 in for 0x771101b025
02-18 17:09:07.476 4274 4274 E ArmVmp : Match on catch block at 0xc3 in for 0x771101b025
02-18 17:09:07.478 4274 4274 E ArmVmp : Match on catch block at 0xc3 in for 0x771101b025
02-18 17:09:07.491 4274 4274 E ArmVmp : Match on catch block at 0xc3 in for 0x771101b025
02-18 17:09:07.493 4274 4274 E ArmVmp : Match on catch block at 0xc3 in for 0x771101b025
02-18 17:09:07.507 4274 4274 E ArmVmp : Match on catch block at 0xc3 in for 0x771101b025
02-18 17:09:07.509 4274 4274 E ArmVmp : Match on catch block at 0xc3 in for 0x771101b025
02-18 17:09:07.524 4274 4274 E ArmVmp : Match on catch block at 0xc3 in for 0x771101b025
02-18 17:09:07.526 4274 4274 E ArmVmp : Match on catch block at 0xc3 in for 0x771101b025
02-18 17:09:07.542 4274 4274 E ArmVmp : Match on catch block at 0xc3 in for 0x771101b025
02-18 17:09:07.545 4274 4274 E ArmVmp : Match on catch block at 0xc3 in for 0x771101b025
02-18 17:09:07.557 4274 4274 E ArmVmp : Match on catch block at 0xc3 in for 0x771101b025
02-18 17:09:07.559 4274 4274 E ArmVmp : Match on catch block at 0xc3 in for 0x771101b025
02-18 17:09:07.573 4274 4274 E ArmVmp : Match on catch block at 0xc3 in for 0x771101b025
02-18 17:09:07.576 4274 4274 E ArmVmp : Match on catch block at 0xc3 in for 0x771101b025
02-18 17:09:07.592 4274 4274 E ArmVmp : Match on catch block at 0xc3 in for 0x771101b025
02-18 17:09:07.596 4274 4274 E ArmVmp : Match on catch block at 0xc3 in for 0x771101b025
02-18 17:09:07.607 4274 4274 E ArmVmp : Match on catch block at 0xc3 in for 0x771101b025
02-18 17:09:07.609 4274 4274 E ArmVmp : Match on catch block at 0xc3 in for 0x771101b025
02-18 17:09:07.624 4274 4274 E ArmVmp : Match on catch block at 0xc3 in for 0x771101b025
02-18 17:09:07.627 4274 4274 E ArmVmp : Match on catch block at 0xc3 in for 0x771101b025
02-18 17:09:08.041 4274 4274 E ArmVmp : Match on catch block at 0xc3 in for 0x771101b025
02-18 17:09:08.043 4274 4274 E ArmVmp : Match on catch block at 0xc3 in for 0x771101b025
02-18 17:09:08.062 4274 4274 E ArmVmp : Match on catch block at 0xc3 in for 0x771101b025
02-18 17:09:08.064 4274 4274 E ArmVmp : Match on catch block at 0xc3 in for 0x771101b025
02-18 17:09:08.155 4274 4274 E ArmVmp : Match on catch block at 0xc3 in for 0x771101b025
02-18 17:09:08.157 4274 4274 E ArmVmp : Match on catch block at 0xc3 in for 0x771101b025
02-18 17:09:08.167 4274 4274 E ArmVmp : Match on catch block at 0xc3 in for 0x771101b025
02-18 17:09:08.171 4274 4274 E ArmVmp : Match on catch block at 0xc3 in for 0x771101b025
02-18 17:09:08.215 4274 4274 E ArmVmp : Match on catch block at 0xc3 in for 0x771101b025
02-18 17:09:08.217 4274 4274 E ArmVmp : Match on catch block at 0xc3 in for 0x771101b025
02-18 17:09:08.228 4274 4274 E ArmVmp : Match on catch block at 0xc3 in for 0x771101b025
02-18 17:09:08.231 4274 4274 E ArmVmp : Match on catch block at 0xc3 in for 0x771101b025
02-18 17:09:08.266 4274 4274 E ArmVmp : Match on catch block at 0xc3 in for 0x771101b025
02-18 17:09:08.268 4274 4274 E ArmVmp : Match on catch block at 0xc3 in for 0x771101b025
02-18 17:09:08.286 4274 4274 E ArmVmp : Match on catch block at 0xc3 in for 0x771101b025
02-18 17:09:08.290 4274 4274 E ArmVmp : Match on catch block at 0xc3 in for 0x771101b025
02-18 17:09:08.296 4274 4274 E ArmVmp : Match on catch block at 0xc3 in for 0x771101b025
02-18 17:09:08.298 4274 4274 E ArmVmp : Match on catch block at 0xc3 in for 0x771101b025
02-18 17:09:08.556 4274 4274 E ArmVmp : Match on catch block at 0xc3 in for 0x771101b025
02-18 17:09:08.561 4274 4274 E ArmVmp : Match on catch block at 0xc3 in for 0x771101b025
02-18 17:09:09.073 4274 4274 E ArmVmp : Match on catch block at 0xc3 in for 0x771101b025
02-18 17:09:09.077 4274 4274 E ArmVmp : Match on catch block at 0xc3 in for 0x771101b025
02-18 17:09:09.405 4274 4274 E ArmVmp : Match on catch block at 0xc3 in for 0x771101b025
02-18 17:09:09.407 4274 4274 E ArmVmp : Match on catch block at 0xc3 in for 0x771101b025
02-18 17:09:09.455 4274 4274 E ArmVmp : Match on catch block at 0xc3 in for 0x771101b025
02-18 17:09:09.457 4274 4274 E ArmVmp : Match on catch block at 0xc3 in for 0x771101b025
02-18 17:09:09.487 4274 4343 E FrameEvents: updateAcquireFence: Did not find frame.
02-18 17:09:09.504 4274 4274 E ArmVmp : Match on catch block at 0xc3 in for 0x771101b025
02-18 17:09:09.507 4274 4274 E ArmVmp : Match on catch block at 0xc3 in for 0x771101b025
02-18 17:09:09.610 4274 4274 W ResourceType: Bad XML block: header size 18254 or total size 169478669 is
larger than data size 380
02-18 17:09:09.614 4274 4274 W ResourceType: Bad XML block: header size 18254 or total size 169478669 is
larger than data size 633
02-18 17:09:09.623 4274 4274 W ResourceType: Bad XML block: header size 18254 or total size 169478669 is
larger than data size 677
02-18 17:09:09.625 4274 4274 W ResourceType: Bad XML block: header size 18254 or total size 169478669 is
larger than data size 248
02-18 17:09:09.631 4274 4274 W ResourceType: Bad XML block: header size 18254 or total size 169478669 is
larger than data size 571
02-18 17:09:09.636 4274 4274 W ResourceType: Bad XML block: header size 18254 or total size 169478669 is
larger than data size 333
02-18 17:09:09.639 4274 4274 W ResourceType: Bad XML block: header size 18254 or total size 169478669 is
larger than data size 650
02-18 17:09:09.643 4274 4274 W ResourceType: Bad XML block: header size 18254 or total size 169478669 is
larger than data size 1150
02-18 17:09:09.646 4274 4274 W ResourceType: Bad XML block: header size 18254 or total size 169478669 is
larger than data size 491
02-18 17:09:09.650 4274 4274 W ResourceType: Bad XML block: header size 18254 or total size 169478669 is
larger than data size 1150
02-18 17:09:09.653 4274 4274 W ResourceType: Bad XML block: header size 18254 or total size 169478669 is
larger than data size 659
02-18 17:09:09.656 4274 4274 W ResourceType: Bad XML block: header size 18254 or total size 169478669 is
larger than data size 593
02-18 17:09:09.663 4274 4274 W ResourceType: Bad XML block: header size 18254 or total size 169478669 is
larger than data size 1171
02-18 17:09:09.665 4274 4274 W ResourceType: Bad XML block: header size 18254 or total size 169478669 is
larger than data size 510
02-18 17:09:09.704 4274 4274 W ResourceType: Bad XML block: header size 18254 or total size 169478669 is
larger than data size 853
02-18 17:09:09.760 4274 4274 W ResourceType: Bad XML block: header size 18254 or total size 169478669 is
larger than data size 650
02-18 17:09:09.772 4274 4274 E ArmVmp : Match on catch block at 0xc3 in for 0x771101b025
02-18 17:09:09.775 4274 4274 E ArmVmp : Match on catch block at 0xc3 in for 0x771101b025
02-18 17:09:09.828 4274 4274 W View : requestLayout() improperly called by
com.mbwhatsapp.wds.components.actiontile.WDSActionTile{53de680 VFE...C.. ......ID 10,30-1010,207 #7f0b00af
app:id/action_search_chat} during layout: running second layout pass
02-18 17:09:09.841 4274 4274 E ArmVmp : Match on catch block at 0xc3 in for 0x771101b025
02-18 17:09:09.843 4274 4274 E ArmVmp : Match on catch block at 0xc3 in for 0x771101b025
02-18 17:09:09.862 4274 4274 E ArmVmp : Match on catch block at 0xc3 in for 0x771101b025
02-18 17:09:09.864 4274 4274 E ArmVmp : Match on catch block at 0xc3 in for 0x771101b025
02-18 17:09:09.912 4274 4343 W Parcel : Expecting binder but got null!
02-18 17:09:09.913 4274 4274 E ArmVmp : Match on catch block at 0xc3 in for 0x771101b025
02-18 17:09:09.915 4274 4274 E ArmVmp : Match on catch block at 0xc3 in for 0x771101b025
02-18 17:09:09.921 4274 4274 E ArmVmp : Match on catch block at 0xc3 in for 0x771101b025
02-18 17:09:09.926 4274 4274 E ArmVmp : Match on catch block at 0xc3 in for 0x771101b025
02-18 17:09:09.936 4274 4274 E ArmVmp : Match on catch block at 0xc3 in for 0x771101b025
02-18 17:09:09.941 4274 4274 E ArmVmp : Match on catch block at 0xc3 in for 0x771101b025
02-18 17:09:09.955 4274 4274 E ArmVmp : Match on catch block at 0xc3 in for 0x771101b025
02-18 17:09:09.959 4274 4274 E ArmVmp : Match on catch block at 0xc3 in for 0x771101b025
02-18 17:09:09.967 4274 4274 W OnBackInvokedCallback: OnBackInvokedCallback is not enabled for the
application.
02-18 17:09:09.967 4274 4274 W OnBackInvokedCallback: Set 'android:enableOnBackInvokedCallback="true"' in
the application manifest.
02-18 17:09:09.978 4274 4274 E ArmVmp : Match on catch block at 0xc3 in for 0x771101b025
02-18 17:09:09.982 4274 4274 E ArmVmp : Match on catch block at 0xc3 in for 0x771101b025
02-18 17:09:09.987 4274 4274 W RemoteInputConnectionImpl: requestCursorAnchorInfo on inactive
InputConnection
02-18 17:09:09.996 4274 4274 E ArmVmp : Match on catch block at 0xc3 in for 0x771101b025
02-18 17:09:10.001 4274 4274 E ArmVmp : Match on catch block at 0xc3 in for 0x771101b025
02-18 17:09:10.021 4274 4274 E ArmVmp : Match on catch block at 0xc3 in for 0x771101b025
02-18 17:09:10.025 4274 4274 E ArmVmp : Match on catch block at 0xc3 in for 0x771101b025
--------- beginning of system
02-18 17:09:10.140 4274 4274 W VRI[ContactInfoActivity]: Dropping event (paused for transition):MotionEvent {
action=ACTION_DOWN, actionButton=0, id[0]=0, x[0]=39.0, y[0]=174.0, toolType[0]=TOOL_TYPE_FINGER,
buttonState=0, classification=NONE, metaState=0, flags=0x0, edgeFlags=0x0, pointerCount=1, historySize=0,
eventTime=10575841, downTime=10575841, deviceId=10, source=0x1002, displayId=0, eventId=299458435 }
02-18 17:09:10.181 4274 4274 E ArmVmp : Match on catch block at 0xc3 in for 0x771101b025
02-18 17:09:10.184 4274 4274 E ArmVmp : Match on catch block at 0xc3 in for 0x771101b025
02-18 17:09:10.200 4274 4274 E ArmVmp : Match on catch block at 0xc3 in for 0x771101b025
02-18 17:09:10.203 4274 4274 E ArmVmp : Match on catch block at 0xc3 in for 0x771101b025
02-18 17:09:10.211 4274 4274 W VRI[ContactInfoActivity]: Dropping event (paused for transition):MotionEvent {
action=ACTION_MOVE, actionButton=0, id[0]=0, x[0]=37.0, y[0]=173.0, toolType[0]=TOOL_TYPE_FINGER,
buttonState=0, classification=NONE, metaState=0, flags=0x0, edgeFlags=0x0, pointerCount=1, historySize=0,
eventTime=10575891, downTime=10575841, deviceId=10, source=0x1002, displayId=0, eventId=961870313 }
02-18 17:09:10.212 4274 4274 W VRI[ContactInfoActivity]: Cancelling event (paused for transition):MotionEvent {
action=ACTION_CANCEL, actionButton=0, id[0]=0, x[0]=37.0, y[0]=173.0, toolType[0]=TOOL_TYPE_FINGER,
buttonState=0, classification=NONE, metaState=0, flags=0x0, edgeFlags=0x0, pointerCount=1, historySize=0,
eventTime=10575908, downTime=10575841, deviceId=10, source=0x1002, displayId=0, eventId=708005785 }
02-18 17:09:10.212 4274 4274 W VRI[ContactInfoActivity]: Cancelling event (paused for transition):MotionEvent {
action=ACTION_CANCEL, actionButton=0, id[0]=0, x[0]=37.0, y[0]=173.0, toolType[0]=TOOL_TYPE_FINGER,
buttonState=0, classification=NONE, metaState=0, flags=0x0, edgeFlags=0x0, pointerCount=1, historySize=0,
eventTime=10575908, downTime=10575841, deviceId=10, source=0x1002, displayId=0, eventId=708005785 }
02-18 17:09:10.212 4274 4274 W VRI[ContactInfoActivity]: Cancelling event (paused for transition):MotionEvent {
action=ACTION_CANCEL, actionButton=0, id[0]=0, x[0]=37.0, y[0]=173.0, toolType[0]=TOOL_TYPE_FINGER,
buttonState=0, classification=NONE, metaState=0, flags=0x0, edgeFlags=0x0, pointerCount=1, historySize=0,
eventTime=10575908, downTime=10575841, deviceId=10, source=0x1002, displayId=0, eventId=708005785 }
02-18 17:09:10.212 4274 4274 W VRI[ContactInfoActivity]: Cancelling event (paused for transition):MotionEvent {
action=ACTION_CANCEL, actionButton=0, id[0]=0, x[0]=37.0, y[0]=173.0, toolType[0]=TOOL_TYPE_FINGER,
buttonState=0, classification=NONE, metaState=0, flags=0x0, edgeFlags=0x0, pointerCount=1, historySize=0,
eventTime=10575908, downTime=10575841, deviceId=10, source=0x1002, displayId=0, eventId=708005785 }
02-18 17:09:12.053 4274 4274 E ArmVmp : Match on catch block at 0x0a in for 0x771101b035
02-18 17:09:12.057 4274 4274 E ArmVmp : Match on catch block at 0x0a in for 0x771101b035
02-18 17:09:12.084 4274 4274 E ArmVmp : Match on catch block at 0xc3 in for 0x771101b025
02-18 17:09:12.088 4274 4274 E ArmVmp : Match on catch block at 0xc3 in for 0x771101b025
02-18 17:09:12.093 4274 4343 E FrameEvents: updateAcquireFence: Did not find frame.
02-18 17:09:12.099 4274 4274 E ArmVmp : Match on catch block at 0xc3 in for 0x771101b025
02-18 17:09:12.101 4274 4274 E ArmVmp : Match on catch block at 0xc3 in for 0x771101b025
02-18 17:09:12.117 4274 4274 E ArmVmp : Match on catch block at 0xc3 in for 0x771101b025
02-18 17:09:12.122 4274 4274 E ArmVmp : Match on catch block at 0xc3 in for 0x771101b025
02-18 17:09:12.452 4274 4274 E ArmVmp : Match on catch block at 0xc3 in for 0x771101b025
02-18 17:09:12.456 4274 4274 E ArmVmp : Match on catch block at 0xc3 in for 0x771101b025
02-18 17:09:12.471 4274 4274 E ArmVmp : Match on catch block at 0xc3 in for 0x771101b025
02-18 17:09:12.473 4274 4274 E ArmVmp : Match on catch block at 0xc3 in for 0x771101b025
02-18 17:09:12.486 4274 4274 E ArmVmp : Match on catch block at 0xc3 in for 0x771101b025
02-18 17:09:12.488 4274 4274 E ArmVmp : Match on catch block at 0xc3 in for 0x771101b025
02-18 17:09:12.602 4274 4274 E ArmVmp : Match on catch block at 0xc3 in for 0x771101b025
02-18 17:09:12.606 4274 4274 E ArmVmp : Match on catch block at 0xc3 in for 0x771101b025
02-18 17:09:12.636 4274 4274 E ArmVmp : Match on catch block at 0xc3 in for 0x771101b025
02-18 17:09:12.642 4274 4274 E ArmVmp : Match on catch block at 0xc3 in for 0x771101b025
02-18 17:09:12.653 4274 4274 E ArmVmp : Match on catch block at 0xc3 in for 0x771101b025
02-18 17:09:12.658 4274 4274 E ArmVmp : Match on catch block at 0xc3 in for 0x771101b025
02-18 17:09:12.670 4274 4274 E ArmVmp : Match on catch block at 0xc3 in for 0x771101b025
02-18 17:09:12.676 4274 4274 E ArmVmp : Match on catch block at 0xc3 in for 0x771101b025
02-18 17:09:12.686 4274 4274 E ArmVmp : Match on catch block at 0xc3 in for 0x771101b025
02-18 17:09:12.689 4274 4274 E ArmVmp : Match on catch block at 0xc3 in for 0x771101b025
02-18 17:09:12.702 4274 4274 E ArmVmp : Match on catch block at 0xc3 in for 0x771101b025
02-18 17:09:12.705 4274 4274 E ArmVmp : Match on catch block at 0xc3 in for 0x771101b025
02-18 17:09:12.719 4274 4274 E ArmVmp : Match on catch block at 0xc3 in for 0x771101b025
02-18 17:09:12.723 4274 4274 E ArmVmp : Match on catch block at 0xc3 in for 0x771101b025
02-18 17:09:12.735 4274 4274 E ArmVmp : Match on catch block at 0xc3 in for 0x771101b025
02-18 17:09:12.739 4274 4274 E ArmVmp : Match on catch block at 0xc3 in for 0x771101b025
02-18 17:09:12.853 4274 4274 E ArmVmp : Match on catch block at 0xc3 in for 0x771101b025
02-18 17:09:12.855 4274 4274 E ArmVmp : Match on catch block at 0xc3 in for 0x771101b025
02-18 17:09:12.869 4274 4274 E ArmVmp : Match on catch block at 0xc3 in for 0x771101b025
02-18 17:09:12.871 4274 4274 E ArmVmp : Match on catch block at 0xc3 in for 0x771101b025
02-18 17:09:12.886 4274 4274 E ArmVmp : Match on catch block at 0xc3 in for 0x771101b025
02-18 17:09:12.889 4274 4274 E ArmVmp : Match on catch block at 0xc3 in for 0x771101b025
02-18 17:09:12.904 4274 4274 E ArmVmp : Match on catch block at 0xc3 in for 0x771101b025
02-18 17:09:12.906 4274 4274 E ArmVmp : Match on catch block at 0xc3 in for 0x771101b025
02-18 17:09:12.921 4274 4274 E ArmVmp : Match on catch block at 0xc3 in for 0x771101b025
02-18 17:09:12.923 4274 4274 E ArmVmp : Match on catch block at 0xc3 in for 0x771101b025
02-18 17:09:12.935 4274 4274 E ArmVmp : Match on catch block at 0xc3 in for 0x771101b025
02-18 17:09:12.937 4274 4274 E ArmVmp : Match on catch block at 0xc3 in for 0x771101b025
02-18 17:09:12.952 4274 4274 E ArmVmp : Match on catch block at 0xc3 in for 0x771101b025
02-18 17:09:12.954 4274 4274 E ArmVmp : Match on catch block at 0xc3 in for 0x771101b025
02-18 17:09:12.969 4274 4274 E ArmVmp : Match on catch block at 0xc3 in for 0x771101b025
02-18 17:09:12.970 4274 4274 E ArmVmp : Match on catch block at 0xc3 in for 0x771101b025
02-18 17:09:12.985 4274 4274 E ArmVmp : Match on catch block at 0xc3 in for 0x771101b025
02-18 17:09:12.988 4274 4274 E ArmVmp : Match on catch block at 0xc3 in for 0x771101b025
02-18 17:09:13.002 4274 4274 E ArmVmp : Match on catch block at 0xc3 in for 0x771101b025
02-18 17:09:13.005 4274 4274 E ArmVmp : Match on catch block at 0xc3 in for 0x771101b025
02-18 17:09:13.019 4274 4274 E ArmVmp : Match on catch block at 0xc3 in for 0x771101b025
02-18 17:09:13.021 4274 4274 E ArmVmp : Match on catch block at 0xc3 in for 0x771101b025
02-18 17:09:13.035 4274 4274 E ArmVmp : Match on catch block at 0xc3 in for 0x771101b025
02-18 17:09:13.037 4274 4274 E ArmVmp : Match on catch block at 0xc3 in for 0x771101b025
02-18 17:09:13.052 4274 4274 E ArmVmp : Match on catch block at 0xc3 in for 0x771101b025
02-18 17:09:13.054 4274 4274 E ArmVmp : Match on catch block at 0xc3 in for 0x771101b025
02-18 17:09:13.069 4274 4274 E ArmVmp : Match on catch block at 0xc3 in for 0x771101b025
02-18 17:09:13.071 4274 4274 E ArmVmp : Match on catch block at 0xc3 in for 0x771101b025
02-18 17:09:13.085 4274 4274 E ArmVmp : Match on catch block at 0xc3 in for 0x771101b025
02-18 17:09:13.088 4274 4274 E ArmVmp : Match on catch block at 0xc3 in for 0x771101b025
02-18 17:09:13.102 4274 4274 E ArmVmp : Match on catch block at 0xc3 in for 0x771101b025
02-18 17:09:13.104 4274 4274 E ArmVmp : Match on catch block at 0xc3 in for 0x771101b025
02-18 17:09:13.119 4274 4274 E ArmVmp : Match on catch block at 0xc3 in for 0x771101b025
02-18 17:09:13.121 4274 4274 E ArmVmp : Match on catch block at 0xc3 in for 0x771101b025
02-18 17:09:13.135 4274 4274 E ArmVmp : Match on catch block at 0xc3 in for 0x771101b025
02-18 17:09:13.137 4274 4274 E ArmVmp : Match on catch block at 0xc3 in for 0x771101b025
02-18 17:09:13.152 4274 4274 E ArmVmp : Match on catch block at 0xc3 in for 0x771101b025
02-18 17:09:13.154 4274 4274 E ArmVmp : Match on catch block at 0xc3 in for 0x771101b025
02-18 17:09:13.169 4274 4274 E ArmVmp : Match on catch block at 0xc3 in for 0x771101b025
02-18 17:09:13.171 4274 4274 E ArmVmp : Match on catch block at 0xc3 in for 0x771101b025
02-18 17:09:13.186 4274 4274 E ArmVmp : Match on catch block at 0xc3 in for 0x771101b025
02-18 17:09:13.188 4274 4274 E ArmVmp : Match on catch block at 0xc3 in for 0x771101b025
02-18 17:09:13.202 4274 4274 E ArmVmp : Match on catch block at 0xc3 in for 0x771101b025
02-18 17:09:13.204 4274 4274 E ArmVmp : Match on catch block at 0xc3 in for 0x771101b025
02-18 17:09:13.540 4274 4274 E ArmVmp : Match on catch block at 0xc3 in for 0x771101b025
02-18 17:09:13.542 4274 4274 E ArmVmp : Match on catch block at 0xc3 in for 0x771101b025
02-18 17:09:14.997 4274 4274 E ArmVmp : Match on catch block at 0x0a in for 0x771101b035
02-18 17:09:15.001 4274 4274 E ArmVmp : Match on catch block at 0x0a in for 0x771101b035
02-18 17:09:15.115 4274 4274 E ArmVmp : Match on catch block at 0xc3 in for 0x771101b021
02-18 17:09:15.118 4274 4274 E ArmVmp : Match on catch block at 0xc3 in for 0x771101b021
02-18 17:09:15.131 4274 4343 W Parcel : Expecting binder but got null!
02-18 17:09:15.166 4274 4274 E ArmVmp : Match on catch block at 0xc3 in for 0x771101b025
02-18 17:09:15.168 4274 4274 E ArmVmp : Match on catch block at 0xc3 in for 0x771101b025
02-18 17:09:15.191 4274 4274 E ArmVmp : Match on catch block at 0xc3 in for 0x771101b025
02-18 17:09:15.193 4274 4274 E ArmVmp : Match on catch block at 0xc3 in for 0x771101b025
02-18 17:09:15.205 4274 4274 E ArmVmp : Match on catch block at 0xc3 in for 0x771101b025
02-18 17:09:15.207 4274 4274 E ArmVmp : Match on catch block at 0xc3 in for 0x771101b025
02-18 17:09:15.217 4274 4274 E ArmVmp : Match on catch block at 0xc3 in for 0x771101b025
02-18 17:09:15.220 4274 4274 E ArmVmp : Match on catch block at 0xc3 in for 0x771101b025
02-18 17:09:15.233 4274 4274 E ArmVmp : Match on catch block at 0xc3 in for 0x771101b025
02-18 17:09:15.236 4274 4274 E ArmVmp : Match on catch block at 0xc3 in for 0x771101b025
02-18 17:09:15.250 4274 4274 E ArmVmp : Match on catch block at 0xc3 in for 0x771101b025
02-18 17:09:15.251 4274 4274 E ArmVmp : Match on catch block at 0xc3 in for 0x771101b025
02-18 17:09:15.279 4274 4274 E ArmVmp : Match on catch block at 0xc3 in for 0x771101b025
02-18 17:09:15.281 4274 4274 E ArmVmp : Match on catch block at 0xc3 in for 0x771101b025
02-18 17:09:15.288 4274 4274 E ArmVmp : Match on catch block at 0xc3 in for 0x771101b025
02-18 17:09:15.290 4274 4274 E ArmVmp : Match on catch block at 0xc3 in for 0x771101b025
02-18 17:09:15.302 4274 4274 E ArmVmp : Match on catch block at 0xc3 in for 0x771101b025
02-18 17:09:15.304 4274 4274 E ArmVmp : Match on catch block at 0xc3 in for 0x771101b025
02-18 17:09:15.317 4274 4274 E ArmVmp : Match on catch block at 0xc3 in for 0x771101b025
02-18 17:09:15.319 4274 4274 E ArmVmp : Match on catch block at 0xc3 in for 0x771101b025
02-18 17:09:15.334 4274 4274 E ArmVmp : Match on catch block at 0xc3 in for 0x771101b025
02-18 17:09:15.336 4274 4274 E ArmVmp : Match on catch block at 0xc3 in for 0x771101b025
02-18 17:09:15.351 4274 4274 E ArmVmp : Match on catch block at 0xc3 in for 0x771101b025
02-18 17:09:15.353 4274 4274 E ArmVmp : Match on catch block at 0xc3 in for 0x771101b025
02-18 17:09:15.367 4274 4274 E ArmVmp : Match on catch block at 0xc3 in for 0x771101b025
02-18 17:09:15.369 4274 4274 E ArmVmp : Match on catch block at 0xc3 in for 0x771101b025
02-18 17:09:15.517 4274 4274 E ArmVmp : Match on catch block at 0xc3 in for 0x771101b025
02-18 17:09:15.522 4274 4274 E ArmVmp : Match on catch block at 0xc3 in for 0x771101b025
02-18 17:09:15.533 4274 4274 E ArmVmp : Match on catch block at 0xc3 in for 0x771101b025
02-18 17:09:15.538 4274 4274 E ArmVmp : Match on catch block at 0xc3 in for 0x771101b025
02-18 17:09:15.550 4274 4274 E ArmVmp : Match on catch block at 0xc3 in for 0x771101b025
02-18 17:09:15.553 4274 4274 E ArmVmp : Match on catch block at 0xc3 in for 0x771101b025
02-18 17:09:15.568 4274 4274 E ArmVmp : Match on catch block at 0xc3 in for 0x771101b025
02-18 17:09:15.571 4274 4274 E ArmVmp : Match on catch block at 0xc3 in for 0x771101b025
02-18 17:09:15.585 4274 4274 E ArmVmp : Match on catch block at 0xc3 in for 0x771101b025
02-18 17:09:15.589 4274 4274 E ArmVmp : Match on catch block at 0xc3 in for 0x771101b025
02-18 17:09:15.601 4274 4274 E ArmVmp : Match on catch block at 0xc3 in for 0x771101b025
02-18 17:09:15.604 4274 4274 E ArmVmp : Match on catch block at 0xc3 in for 0x771101b025
02-18 17:09:15.617 4274 4274 E ArmVmp : Match on catch block at 0xc3 in for 0x771101b025
02-18 17:09:15.621 4274 4274 E ArmVmp : Match on catch block at 0xc3 in for 0x771101b025
02-18 17:09:15.642 4274 4274 E ArmVmp : Match on catch block at 0xc3 in for 0x771101b025
02-18 17:09:15.645 4274 4274 E ArmVmp : Match on catch block at 0xc3 in for 0x771101b025
02-18 17:09:15.667 4274 4274 E ArmVmp : Match on catch block at 0xc3 in for 0x771101b025
02-18 17:09:15.669 4274 4274 E ArmVmp : Match on catch block at 0xc3 in for 0x771101b025
02-18 17:09:15.684 4274 4274 E ArmVmp : Match on catch block at 0xc3 in for 0x771101b025
02-18 17:09:15.687 4274 4274 E ArmVmp : Match on catch block at 0xc3 in for 0x771101b025
02-18 17:09:15.699 4274 4274 E ArmVmp : Match on catch block at 0xc3 in for 0x771101b025
02-18 17:09:15.702 4274 4274 E ArmVmp : Match on catch block at 0xc3 in for 0x771101b025
02-18 17:09:15.716 4274 4274 E ArmVmp : Match on catch block at 0xc3 in for 0x771101b025
02-18 17:09:15.718 4274 4274 E ArmVmp : Match on catch block at 0xc3 in for 0x771101b025
02-18 17:09:15.732 4274 4274 E ArmVmp : Match on catch block at 0xc3 in for 0x771101b025
02-18 17:09:15.734 4274 4274 E ArmVmp : Match on catch block at 0xc3 in for 0x771101b025
02-18 17:09:15.749 4274 4274 E ArmVmp : Match on catch block at 0xc3 in for 0x771101b025
02-18 17:09:15.751 4274 4274 E ArmVmp : Match on catch block at 0xc3 in for 0x771101b025
02-18 17:09:15.766 4274 4274 E ArmVmp : Match on catch block at 0xc3 in for 0x771101b025
02-18 17:09:15.768 4274 4274 E ArmVmp : Match on catch block at 0xc3 in for 0x771101b025
02-18 17:09:15.782 4274 4274 E ArmVmp : Match on catch block at 0xc3 in for 0x771101b025
02-18 17:09:15.785 4274 4274 E ArmVmp : Match on catch block at 0xc3 in for 0x771101b025
02-18 17:09:15.799 4274 4274 E ArmVmp : Match on catch block at 0xc3 in for 0x771101b025
02-18 17:09:15.801 4274 4274 E ArmVmp : Match on catch block at 0xc3 in for 0x771101b025
02-18 17:09:15.816 4274 4274 E ArmVmp : Match on catch block at 0xc3 in for 0x771101b025
02-18 17:09:15.818 4274 4274 E ArmVmp : Match on catch block at 0xc3 in for 0x771101b025
02-18 17:09:15.832 4274 4274 E ArmVmp : Match on catch block at 0xc3 in for 0x771101b025
02-18 17:09:15.835 4274 4274 E ArmVmp : Match on catch block at 0xc3 in for 0x771101b025
02-18 17:09:15.849 4274 4274 E ArmVmp : Match on catch block at 0xc3 in for 0x771101b025
02-18 17:09:15.851 4274 4274 E ArmVmp : Match on catch block at 0xc3 in for 0x771101b025
02-18 17:09:15.865 4274 4274 E ArmVmp : Match on catch block at 0xc3 in for 0x771101b025
02-18 17:09:15.868 4274 4274 E ArmVmp : Match on catch block at 0xc3 in for 0x771101b025
02-18 17:09:15.882 4274 4274 E ArmVmp : Match on catch block at 0xc3 in for 0x771101b025
02-18 17:09:15.885 4274 4274 E ArmVmp : Match on catch block at 0xc3 in for 0x771101b025
02-18 17:09:15.899 4274 4274 E ArmVmp : Match on catch block at 0xc3 in for 0x771101b025
02-18 17:09:15.901 4274 4274 E ArmVmp : Match on catch block at 0xc3 in for 0x771101b025
02-18 17:09:15.916 4274 4274 E ArmVmp : Match on catch block at 0xc3 in for 0x771101b025
02-18 17:09:15.918 4274 4274 E ArmVmp : Match on catch block at 0xc3 in for 0x771101b025
02-18 17:09:15.932 4274 4274 E ArmVmp : Match on catch block at 0xc3 in for 0x771101b025
02-18 17:09:15.934 4274 4274 E ArmVmp : Match on catch block at 0xc3 in for 0x771101b025
02-18 17:09:15.949 4274 4274 E ArmVmp : Match on catch block at 0xc3 in for 0x771101b025
02-18 17:09:15.951 4274 4274 E ArmVmp : Match on catch block at 0xc3 in for 0x771101b025
02-18 17:09:15.966 4274 4274 E ArmVmp : Match on catch block at 0xc3 in for 0x771101b025
02-18 17:09:15.969 4274 4274 E ArmVmp : Match on catch block at 0xc3 in for 0x771101b025
02-18 17:09:15.983 4274 4274 E ArmVmp : Match on catch block at 0xc3 in for 0x771101b025
02-18 17:09:15.985 4274 4274 E ArmVmp : Match on catch block at 0xc3 in for 0x771101b025
02-18 17:09:16.000 4274 4274 E ArmVmp : Match on catch block at 0xc3 in for 0x771101b025
02-18 17:09:16.002 4274 4274 E ArmVmp : Match on catch block at 0xc3 in for 0x771101b025
02-18 17:09:16.016 4274 4274 E ArmVmp : Match on catch block at 0xc3 in for 0x771101b025
02-18 17:09:16.018 4274 4274 E ArmVmp : Match on catch block at 0xc3 in for 0x771101b025
02-18 17:09:16.033 4274 4274 E ArmVmp : Match on catch block at 0xc3 in for 0x771101b025
02-18 17:09:16.035 4274 4274 E ArmVmp : Match on catch block at 0xc3 in for 0x771101b025
02-18 17:09:16.050 4274 4274 E ArmVmp : Match on catch block at 0xc3 in for 0x771101b025
02-18 17:09:16.052 4274 4274 E ArmVmp : Match on catch block at 0xc3 in for 0x771101b025
02-18 17:09:16.066 4274 4274 E ArmVmp : Match on catch block at 0xc3 in for 0x771101b025
02-18 17:09:16.068 4274 4274 E ArmVmp : Match on catch block at 0xc3 in for 0x771101b025
02-18 17:09:16.082 4274 4274 E ArmVmp : Match on catch block at 0xc3 in for 0x771101b025
02-18 17:09:16.085 4274 4274 E ArmVmp : Match on catch block at 0xc3 in for 0x771101b025
02-18 17:09:16.099 4274 4274 E ArmVmp : Match on catch block at 0xc3 in for 0x771101b025
02-18 17:09:16.101 4274 4274 E ArmVmp : Match on catch block at 0xc3 in for 0x771101b025
02-18 17:09:16.117 4274 4274 E ArmVmp : Match on catch block at 0xc3 in for 0x771101b025
02-18 17:09:16.120 4274 4274 E ArmVmp : Match on catch block at 0xc3 in for 0x771101b025
02-18 17:09:16.132 4274 4274 E ArmVmp : Match on catch block at 0xc3 in for 0x771101b025
02-18 17:09:16.135 4274 4274 E ArmVmp : Match on catch block at 0xc3 in for 0x771101b025
02-18 17:09:16.149 4274 4274 E ArmVmp : Match on catch block at 0xc3 in for 0x771101b025
02-18 17:09:16.151 4274 4274 E ArmVmp : Match on catch block at 0xc3 in for 0x771101b025
02-18 17:09:16.165 4274 4274 E ArmVmp : Match on catch block at 0xc3 in for 0x771101b025
02-18 17:09:16.168 4274 4274 E ArmVmp : Match on catch block at 0xc3 in for 0x771101b025
02-18 17:09:16.182 4274 4274 E ArmVmp : Match on catch block at 0xc3 in for 0x771101b025
02-18 17:09:16.185 4274 4274 E ArmVmp : Match on catch block at 0xc3 in for 0x771101b025
02-18 17:09:16.199 4274 4274 E ArmVmp : Match on catch block at 0xc3 in for 0x771101b025
02-18 17:09:16.201 4274 4274 E ArmVmp : Match on catch block at 0xc3 in for 0x771101b025
02-18 17:09:16.215 4274 4274 E ArmVmp : Match on catch block at 0xc3 in for 0x771101b025
02-18 17:09:16.217 4274 4274 E ArmVmp : Match on catch block at 0xc3 in for 0x771101b025
02-18 17:09:16.232 4274 4274 E ArmVmp : Match on catch block at 0xc3 in for 0x771101b025
02-18 17:09:16.234 4274 4274 E ArmVmp : Match on catch block at 0xc3 in for 0x771101b025
02-18 17:09:16.248 4274 4274 E ArmVmp : Match on catch block at 0xc3 in for 0x771101b025
02-18 17:09:16.250 4274 4274 E ArmVmp : Match on catch block at 0xc3 in for 0x771101b025
02-18 17:09:16.265 4274 4274 E ArmVmp : Match on catch block at 0xc3 in for 0x771101b025
02-18 17:09:16.267 4274 4274 E ArmVmp : Match on catch block at 0xc3 in for 0x771101b025
02-18 17:09:16.282 4274 4274 E ArmVmp : Match on catch block at 0xc3 in for 0x771101b025
02-18 17:09:16.284 4274 4274 E ArmVmp : Match on catch block at 0xc3 in for 0x771101b025
02-18 17:09:16.298 4274 4274 E ArmVmp : Match on catch block at 0xc3 in for 0x771101b025
02-18 17:09:16.301 4274 4274 E ArmVmp : Match on catch block at 0xc3 in for 0x771101b025
02-18 17:09:16.316 4274 4274 E ArmVmp : Match on catch block at 0xc3 in for 0x771101b025
02-18 17:09:16.318 4274 4274 E ArmVmp : Match on catch block at 0xc3 in for 0x771101b025
02-18 17:09:16.332 4274 4274 E ArmVmp : Match on catch block at 0xc3 in for 0x771101b025
02-18 17:09:16.334 4274 4274 E ArmVmp : Match on catch block at 0xc3 in for 0x771101b025
02-18 17:09:16.349 4274 4274 E ArmVmp : Match on catch block at 0xc3 in for 0x771101b025
02-18 17:09:16.351 4274 4274 E ArmVmp : Match on catch block at 0xc3 in for 0x771101b025
02-18 17:09:16.489 4274 4274 E ArmVmp : Match on catch block at 0xc3 in for 0x771101b025
02-18 17:09:16.492 4274 4274 E ArmVmp : Match on catch block at 0xc3 in for 0x771101b025
02-18 17:09:16.509 4274 4274 E ArmVmp : Match on catch block at 0xc3 in for 0x771101b025
02-18 17:09:16.513 4274 4274 E ArmVmp : Match on catch block at 0xc3 in for 0x771101b025
02-18 17:09:16.607 4274 4274 E ArmVmp : Match on catch block at 0xc3 in for 0x771101b025
02-18 17:09:16.608 4274 4274 E ArmVmp : Match on catch block at 0xc3 in for 0x771101b025
02-18 17:09:16.616 4274 4274 E ArmVmp : Match on catch block at 0xc3 in for 0x771101b025
02-18 17:09:16.620 4274 4274 E ArmVmp : Match on catch block at 0xc3 in for 0x771101b025
02-18 17:09:16.643 4274 4274 E ArmVmp : Match on catch block at 0xc3 in for 0x771101b025
02-18 17:09:16.645 4274 4274 E ArmVmp : Match on catch block at 0xc3 in for 0x771101b025
02-18 17:09:16.669 4274 4274 E ArmVmp : Match on catch block at 0xc3 in for 0x771101b025
02-18 17:09:16.671 4274 4274 E ArmVmp : Match on catch block at 0xc3 in for 0x771101b025
02-18 17:09:16.684 4274 4274 E ArmVmp : Match on catch block at 0xc3 in for 0x771101b025
02-18 17:09:16.686 4274 4274 E ArmVmp : Match on catch block at 0xc3 in for 0x771101b025
02-18 17:09:16.693 4274 4274 E ArmVmp : Match on catch block at 0xc3 in for 0x771101b025
02-18 17:09:16.697 4274 4274 E ArmVmp : Match on catch block at 0xc3 in for 0x771101b025
02-18 17:09:16.701 4274 4274 E ArmVmp : Match on catch block at 0xc3 in for 0x771101b025
02-18 17:09:16.703 4274 4274 E ArmVmp : Match on catch block at 0xc3 in for 0x771101b025
02-18 17:09:17.268 4274 4274 E ArmVmp : Match on catch block at 0x0a in for 0x771101b035
02-18 17:09:17.272 4274 4274 E ArmVmp : Match on catch block at 0x0a in for 0x771101b035
02-18 17:09:17.387 4274 4274 E ArmVmp : Match on catch block at 0xc3 in for 0x771101b021
02-18 17:09:17.389 4274 4274 E ArmVmp : Match on catch block at 0xc3 in for 0x771101b021
02-18 17:09:17.417 4274 4343 W Parcel : Expecting binder but got null!
02-18 17:09:17.461 4274 4274 E ArmVmp : Match on catch block at 0xc3 in for 0x771101b025
02-18 17:09:17.463 4274 4274 E ArmVmp : Match on catch block at 0xc3 in for 0x771101b025
02-18 17:09:17.478 4274 4274 E ArmVmp : Match on catch block at 0xc3 in for 0x771101b025
02-18 17:09:17.481 4274 4274 E ArmVmp : Match on catch block at 0xc3 in for 0x771101b025
02-18 17:09:17.491 4274 4274 E ArmVmp : Match on catch block at 0xc3 in for 0x771101b025
02-18 17:09:17.493 4274 4274 E ArmVmp : Match on catch block at 0xc3 in for 0x771101b025
02-18 17:09:17.499 4274 4274 E ArmVmp : Match on catch block at 0xc3 in for 0x771101b025
02-18 17:09:17.501 4274 4274 E ArmVmp : Match on catch block at 0xc3 in for 0x771101b025
02-18 17:09:17.515 4274 4274 E ArmVmp : Match on catch block at 0xc3 in for 0x771101b025
02-18 17:09:17.518 4274 4274 E ArmVmp : Match on catch block at 0xc3 in for 0x771101b025
02-18 17:09:17.532 4274 4274 E ArmVmp : Match on catch block at 0xc3 in for 0x771101b025
02-18 17:09:17.536 4274 4274 E ArmVmp : Match on catch block at 0xc3 in for 0x771101b025
02-18 17:09:17.559 4274 4274 E ArmVmp : Match on catch block at 0xc3 in for 0x771101b025
02-18 17:09:17.561 4274 4274 E ArmVmp : Match on catch block at 0xc3 in for 0x771101b025
02-18 17:09:17.573 4274 4274 E ArmVmp : Match on catch block at 0xc3 in for 0x771101b025
02-18 17:09:17.575 4274 4274 E ArmVmp : Match on catch block at 0xc3 in for 0x771101b025
02-18 17:09:17.593 4274 4274 E ArmVmp : Match on catch block at 0xc3 in for 0x771101b025
02-18 17:09:17.596 4274 4274 E ArmVmp : Match on catch block at 0xc3 in for 0x771101b025
02-18 17:09:17.609 4274 4274 E ArmVmp : Match on catch block at 0xc3 in for 0x771101b025
02-18 17:09:17.612 4274 4274 E ArmVmp : Match on catch block at 0xc3 in for 0x771101b025
02-18 17:09:17.617 4274 4274 E ArmVmp : Match on catch block at 0xc3 in for 0x771101b025
02-18 17:09:17.620 4274 4274 E ArmVmp : Match on catch block at 0xc3 in for 0x771101b025
02-18 17:09:17.631 4274 4274 E ArmVmp : Match on catch block at 0xc3 in for 0x771101b025
02-18 17:09:17.634 4274 4274 E ArmVmp : Match on catch block at 0xc3 in for 0x771101b025
02-18 17:09:17.647 4274 4274 E ArmVmp : Match on catch block at 0xc3 in for 0x771101b025
02-18 17:09:17.650 4274 4274 E ArmVmp : Match on catch block at 0xc3 in for 0x771101b025
02-18 17:09:18.065 4274 4274 E ArmVmp : Match on catch block at 0xc3 in for 0x771101b025
02-18 17:09:18.067 4274 4274 E ArmVmp : Match on catch block at 0xc3 in for 0x771101b025
02-18 17:09:18.114 4274 4274 E ArmVmp : Match on catch block at 0xc3 in for 0x771101b025
02-18 17:09:18.116 4274 4274 E ArmVmp : Match on catch block at 0xc3 in for 0x771101b025
02-18 17:09:18.130 4274 4274 E ArmVmp : Match on catch block at 0xc3 in for 0x771101b025
02-18 17:09:18.133 4274 4274 E ArmVmp : Match on catch block at 0xc3 in for 0x771101b025
02-18 17:09:18.147 4274 4274 E ArmVmp : Match on catch block at 0xc3 in for 0x771101b025
02-18 17:09:18.149 4274 4274 E ArmVmp : Match on catch block at 0xc3 in for 0x771101b025
02-18 17:09:18.173 4274 4274 E ArmVmp : Match on catch block at 0xc3 in for 0x771101b025
02-18 17:09:18.177 4274 4274 E ArmVmp : Match on catch block at 0xc3 in for 0x771101b025
02-18 17:09:18.198 4274 4274 E ArmVmp : Match on catch block at 0xc3 in for 0x771101b025
02-18 17:09:18.205 4274 4274 E ArmVmp : Match on catch block at 0xc3 in for 0x771101b025
02-18 17:09:18.249 4274 4274 E ArmVmp : Match on catch block at 0xc3 in for 0x771101b025
02-18 17:09:18.254 4274 4274 E ArmVmp : Match on catch block at 0xc3 in for 0x771101b025
02-18 17:09:18.297 4274 4274 E ArmVmp : Match on catch block at 0xc3 in for 0x771101b025
02-18 17:09:18.303 4274 4274 E ArmVmp : Match on catch block at 0xc3 in for 0x771101b025
02-18 17:09:18.321 4274 4274 E ArmVmp : Match on catch block at 0xc3 in for 0x771101b025
02-18 17:09:18.323 4274 4274 E ArmVmp : Match on catch block at 0xc3 in for 0x771101b025
02-18 17:09:18.352 4274 4274 E ArmVmp : Match on catch block at 0xc3 in for 0x771101b025
02-18 17:09:18.355 4274 4274 E ArmVmp : Match on catch block at 0xc3 in for 0x771101b025
02-18 17:09:18.367 4274 4274 E ArmVmp : Match on catch block at 0xc3 in for 0x771101b025
02-18 17:09:18.370 4274 4274 E ArmVmp : Match on catch block at 0xc3 in for 0x771101b025
02-18 17:09:18.408 4274 4274 E ArmVmp : Match on catch block at 0xc3 in for 0x771101b025
02-18 17:09:18.413 4274 4274 E ArmVmp : Match on catch block at 0xc3 in for 0x771101b025
02-18 17:09:18.441 4274 4274 E ArmVmp : Match on catch block at 0xc3 in for 0x771101b025
02-18 17:09:18.444 4274 4274 E ArmVmp : Match on catch block at 0xc3 in for 0x771101b025
02-18 17:09:18.819 4274 4274 E ArmVmp : Match on catch block at 0xc3 in for 0x771101b025
02-18 17:09:18.822 4274 4274 E ArmVmp : Match on catch block at 0xc3 in for 0x771101b025
02-18 17:09:19.324 4274 4343 W Parcel : Expecting binder but got null!
02-18 17:09:21.729 4274 4274 E RippleDrawable: The RippleDrawable.STYLE_PATTERNED animation is not
supported for a non-hardware accelerated Canvas. Skipping animation.
02-18 17:09:21.731 4274 4274 E RippleDrawable: The RippleDrawable.STYLE_PATTERNED animation is not
supported for a non-hardware accelerated Canvas. Skipping animation.
02-18 17:09:21.744 4274 4274 E RippleDrawable: The RippleDrawable.STYLE_PATTERNED animation is not
supported for a non-hardware accelerated Canvas. Skipping animation.
02-18 17:09:21.745 4274 4274 E RippleDrawable: The RippleDrawable.STYLE_PATTERNED animation is not
supported for a non-hardware accelerated Canvas. Skipping animation.
02-18 17:09:21.761 4274 4274 E RippleDrawable: The RippleDrawable.STYLE_PATTERNED animation is not
supported for a non-hardware accelerated Canvas. Skipping animation.
02-18 17:09:21.761 4274 4274 E RippleDrawable: The RippleDrawable.STYLE_PATTERNED animation is not
supported for a non-hardware accelerated Canvas. Skipping animation.
02-18 17:09:21.776 4274 4274 E RippleDrawable: The RippleDrawable.STYLE_PATTERNED animation is not
supported for a non-hardware accelerated Canvas. Skipping animation.
02-18 17:09:21.777 4274 4274 E RippleDrawable: The RippleDrawable.STYLE_PATTERNED animation is not
supported for a non-hardware accelerated Canvas. Skipping animation.
02-18 17:09:21.881 4274 4343 W Parcel : Expecting binder but got null!
02-18 17:09:23.719 4274 4343 W Parcel : Expecting binder but got null!
02-18 17:09:24.375 4274 4274 E RippleDrawable: The RippleDrawable.STYLE_PATTERNED animation is not
supported for a non-hardware accelerated Canvas. Skipping animation.
02-18 17:09:24.377 4274 4274 E RippleDrawable: The RippleDrawable.STYLE_PATTERNED animation is not
supported for a non-hardware accelerated Canvas. Skipping animation.
02-18 17:09:24.391 4274 4274 E RippleDrawable: The RippleDrawable.STYLE_PATTERNED animation is not
supported for a non-hardware accelerated Canvas. Skipping animation.
02-18 17:09:24.392 4274 4274 E RippleDrawable: The RippleDrawable.STYLE_PATTERNED animation is not
supported for a non-hardware accelerated Canvas. Skipping animation.
02-18 17:09:24.406 4274 4274 E RippleDrawable: The RippleDrawable.STYLE_PATTERNED animation is not
supported for a non-hardware accelerated Canvas. Skipping animation.
02-18 17:09:24.407 4274 4274 E RippleDrawable: The RippleDrawable.STYLE_PATTERNED animation is not
supported for a non-hardware accelerated Canvas. Skipping animation.
02-18 17:09:24.423 4274 4274 E RippleDrawable: The RippleDrawable.STYLE_PATTERNED animation is not
supported for a non-hardware accelerated Canvas. Skipping animation.
02-18 17:09:24.424 4274 4274 E RippleDrawable: The RippleDrawable.STYLE_PATTERNED animation is not
supported for a non-hardware accelerated Canvas. Skipping animation.
02-18 17:09:24.482 4274 4343 W Parcel : Expecting binder but got null!
02-18 17:09:25.039 4274 4343 W Parcel : Expecting binder but got null!
02-18 17:09:25.403 7247 7247 E count_switching: Not starting debugger since process cannot load the jdwp agent.
02-18 17:09:25.416 7247 7247 W ziparchive: Unable to open '/system_ext/framework/unisoc-framework.dm': No
such file or directory
02-18 17:09:25.417 7247 7247 W ziparchive: Unable to open '/system_ext/framework/unisoc-framework.dm': No
such file or directory
02-18 17:09:25.431 7247 7261 E count_switching: Could not write anonymous vdex
/system_ext/framework/oat/arm64/unisoc-framework.vdex: Could not open /system_ext/framework/oat/arm64/unisoc-
framework.vdex for writing
02-18 17:09:25.545 7247 7247 W System.err: java.lang.ClassNotFoundException:
mbmodsd.mbmodsw.ui.views.btn.BtnBK
02-18 17:09:25.545 7247 7247 W System.err: at java.lang.Runtime.nativeLoad(Native Method)
02-18 17:09:25.545 7247 7247 W System.err: at java.lang.Runtime.nativeLoad(Runtime.java:1126)
02-18 17:09:25.545 7247 7247 W System.err: at java.lang.Runtime.loadLibrary0(Runtime.java:1080)
02-18 17:09:25.545 7247 7247 W System.err: at java.lang.Runtime.loadLibrary0(Runtime.java:1003)
02-18 17:09:25.545 7247 7247 W System.err: at java.lang.System.loadLibrary(System.java:1661)
02-18 17:09:25.545 7247 7247 W System.err: at arm.EpicVm.<clinit>(Unknown Source:2)
02-18 17:09:25.545 7247 7247 W System.err: at java.lang.Class.newInstance(Native Method)
0 2 - 1 8 1 7 : 0 9 : 2 5 . 5 4 5 7 2 4 7 7 2 4 7 W S y s t e m . e r r : a t
android.app.AppComponentFactory.instantiateApplication(AppComponentFactory.java:76)
0 2 - 1 8 1 7 : 0 9 : 2 5 . 5 4 5 7 2 4 7 7 2 4 7 W S y s t e m . e r r : a t
androidx.core.app.CoreComponentFactory.instantiateApplication(Unknown Source:0)
0 2 - 1 8 1 7 : 0 9 : 2 5 . 5 4 5 7 2 4 7 7 2 4 7 W S y s t e m . e r r : a t
android.app.Instrumentation.newApplication(Instrumentation.java:1232)
0 2 - 1 8 1 7 : 0 9 : 2 5 . 5 4 5 7 2 4 7 7 2 4 7 W S y s t e m . e r r : a t
android.app.LoadedApk.makeApplicationInner(LoadedApk.java:1479)
0 2 - 1 8 1 7 : 0 9 : 2 5 . 5 4 5 7 2 4 7 7 2 4 7 W S y s t e m . e r r : a t
android.app.LoadedApk.makeApplicationInner(LoadedApk.java:1410)
0 2 - 1 8 1 7 : 0 9 : 2 5 . 5 4 5 7 2 4 7 7 2 4 7 W S y s t e m . e r r : a t
android.app.ActivityThread.handleBindApplication(ActivityThread.java:6864)
02-18 17:09:25.545 7247 7247 W System.err: at android.app.ActivityThread.-
$$Nest$mhandleBindApplication(Unknown Source:0)
0 2 - 1 8 1 7 : 0 9 : 2 5 . 5 4 5 7 2 4 7 7 2 4 7 W S y s t e m . e r r : a t
android.app.ActivityThread$H.handleMessage(ActivityThread.java:2215)
02-18 17:09:25.545 7247 7247 W System.err: at android.os.Handler.dispatchMessage(Handler.java:106)
02-18 17:09:25.545 7247 7247 W System.err: at android.os.Looper.loopOnce(Looper.java:201)
02-18 17:09:25.545 7247 7247 W System.err: at android.os.Looper.loop(Looper.java:288)
02-18 17:09:25.545 7247 7247 W System.err: at android.app.ActivityThread.main(ActivityThread.java:8066)
02-18 17:09:25.545 7247 7247 W System.err: at java.lang.reflect.Method.invoke(Native Method)
0 2 - 1 8 1 7 : 0 9 : 2 5 . 5 4 5 7 2 4 7 7 2 4 7 W S y s t e m . e r r : a t
com.android.internal.os.RuntimeInit$MethodAndArgsCaller.run(RuntimeInit.java:703)
02-18 17:09:25.545 7247 7247 W System.err: at com.android.internal.os.ZygoteInit.main(ZygoteInit.java:911)
02-18 17:09:25.873 7247 7247 W count_switching: Accessing hidden method
Lcom/android/org/conscrypt/OpenSSLSocketImpl;->setUseSessionTickets(Z)V (max-target-q,core-platform-api,
reflection, denied)
02-18 17:09:25.874 7247 7247 W count_switching: Accessing hidden method
Lcom/android/org/conscrypt/AbstractConscryptSocket;->setUseSessionTickets(Z)V (max-target-q, reflection, denied)
02-18 17:09:25.875 7279 7279 W logcat : type=1400 audit(0.0:28451): avc: denied { ioctl } for
path="/storage/emulated/0/Download/FMThemes/MBLogs/logcat.txt" dev="fuse" ino=226919 ioctlcmd=0xf50d
scontext=u:r:untrusted_app:s0:c215,c256,c512,c768 tcontext=u:object_r:fuse:s0 tclass=file permissive=0
app=com.mbwhatsapp
02-18 17:09:25.883 7247 7247 W count_switching: type=1400 audit(0.0:28452): avc: granted { execute } for
path="/data/data/com.mbwhatsapp/files/decompressed/libs.spk.zst/libc++_shared.so" dev="dm-46" ino=260880
scontext=u:r:untrusted_app:s0:c215,c256,c512,c768 tcontext=u:object_r:app_data_file:s0:c215,c256,c512,c768
tclass=file app=com.mbwhatsapp
