You are on page 1of 215

--------- beginning of main

02-18 17:07:30.615 4238 4238 E com.mbwhatsapp: Not starting debugger since process cannot load the jdwp agent.
02-18 17:07:30.625 4238 4238 W ziparchive: Unable to open '/system_ext/framework/unisoc-framework.dm': No
such file or directory
02-18 17:07:30.625 4238 4238 W ziparchive: Unable to open '/system_ext/framework/unisoc-framework.dm': No
such file or directory
02-18 17:07:30.641 4238 4253 E com.mbwhatsapp: Could not write anonymous vdex
/system_ext/framework/oat/arm64/unisoc-framework.vdex: Could not open /system_ext/framework/oat/arm64/unisoc-
framework.vdex for writing
02-18 17:07:30.781 4238 4238 W System.err: java.lang.ClassNotFoundException:
mbmodsd.mbmodsw.ui.views.btn.BtnBK
02-18 17:07:30.782 4238 4238 W System.err: at java.lang.Runtime.nativeLoad(Native Method)
02-18 17:07:30.782 4238 4238 W System.err: at java.lang.Runtime.nativeLoad(Runtime.java:1126)
02-18 17:07:30.782 4238 4238 W System.err: at java.lang.Runtime.loadLibrary0(Runtime.java:1080)
02-18 17:07:30.782 4238 4238 W System.err: at java.lang.Runtime.loadLibrary0(Runtime.java:1003)
02-18 17:07:30.782 4238 4238 W System.err: at java.lang.System.loadLibrary(System.java:1661)
02-18 17:07:30.782 4238 4238 W System.err: at arm.EpicVm.<clinit>(Unknown Source:2)
02-18 17:07:30.782 4238 4238 W System.err: at java.lang.Class.newInstance(Native Method)
0 2 - 1 8 1 7 : 0 7 : 3 0 . 7 8 2 4 2 3 8 4 2 3 8 W S y s t e m . e r r : a t
android.app.AppComponentFactory.instantiateApplication(AppComponentFactory.java:76)
0 2 - 1 8 1 7 : 0 7 : 3 0 . 7 8 2 4 2 3 8 4 2 3 8 W S y s t e m . e r r : a t
androidx.core.app.CoreComponentFactory.instantiateApplication(Unknown Source:0)
0 2 - 1 8 1 7 : 0 7 : 3 0 . 7 8 2 4 2 3 8 4 2 3 8 W S y s t e m . e r r : a t
android.app.Instrumentation.newApplication(Instrumentation.java:1232)
0 2 - 1 8 1 7 : 0 7 : 3 0 . 7 8 2 4 2 3 8 4 2 3 8 W S y s t e m . e r r : a t
android.app.LoadedApk.makeApplicationInner(LoadedApk.java:1479)
0 2 - 1 8 1 7 : 0 7 : 3 0 . 7 8 2 4 2 3 8 4 2 3 8 W S y s t e m . e r r : a t
android.app.LoadedApk.makeApplicationInner(LoadedApk.java:1410)
0 2 - 1 8 1 7 : 0 7 : 3 0 . 7 8 2 4 2 3 8 4 2 3 8 W S y s t e m . e r r : a t
android.app.ActivityThread.handleBindApplication(ActivityThread.java:6864)
02-18 17:07:30.782 4238 4238 W System.err: at android.app.ActivityThread.-
$$Nest$mhandleBindApplication(Unknown Source:0)
0 2 - 1 8 1 7 : 0 7 : 3 0 . 7 8 2 4 2 3 8 4 2 3 8 W S y s t e m . e r r : a t
android.app.ActivityThread$H.handleMessage(ActivityThread.java:2215)
02-18 17:07:30.782 4238 4238 W System.err: at android.os.Handler.dispatchMessage(Handler.java:106)
02-18 17:07:30.782 4238 4238 W System.err: at android.os.Looper.loopOnce(Looper.java:201)
02-18 17:07:30.782 4238 4238 W System.err: at android.os.Looper.loop(Looper.java:288)
02-18 17:07:30.782 4238 4238 W System.err: at android.app.ActivityThread.main(ActivityThread.java:8066)
02-18 17:07:30.782 4238 4238 W System.err: at java.lang.reflect.Method.invoke(Native Method)
0 2 - 1 8 1 7 : 0 7 : 3 0 . 7 8 2 4 2 3 8 4 2 3 8 W S y s t e m . e r r : a t
com.android.internal.os.RuntimeInit$MethodAndArgsCaller.run(RuntimeInit.java:703)
02-18 17:07:30.782 4238 4238 W System.err: at com.android.internal.os.ZygoteInit.main(ZygoteInit.java:911)
02-18 17:07:30.814 4238 4238 E CustomActivityOnCrash: IMPORTANT WARNING! You already have an
UncaughtExceptionHandler, are you sure this is correct? If you use a custom UncaughtExceptionHandler, you must
initialize it AFTER CustomActivityOnCrash! Installing anyway, but your original handler will not be called.
02-18 17:07:31.117 4274 4274 E com.mbwhatsapp: Not starting debugger since process cannot load the jdwp agent.
02-18 17:07:31.124 4274 4274 W ziparchive: Unable to open '/system_ext/framework/unisoc-framework.dm': No
such file or directory
02-18 17:07:31.124 4274 4274 W ziparchive: Unable to open '/system_ext/framework/unisoc-framework.dm': No
such file or directory
02-18 17:07:31.133 4274 4287 E com.mbwhatsapp: Could not write anonymous vdex
/system_ext/framework/oat/arm64/unisoc-framework.vdex: Could not open /system_ext/framework/oat/arm64/unisoc-
framework.vdex for writing
02-18 17:07:31.266 4274 4274 W System.err: java.lang.ClassNotFoundException:
mbmodsd.mbmodsw.ui.views.btn.BtnBK
02-18 17:07:31.266 4274 4274 W System.err: at java.lang.Runtime.nativeLoad(Native Method)
02-18 17:07:31.266 4274 4274 W System.err: at java.lang.Runtime.nativeLoad(Runtime.java:1126)
02-18 17:07:31.266 4274 4274 W System.err: at java.lang.Runtime.loadLibrary0(Runtime.java:1080)
02-18 17:07:31.266 4274 4274 W System.err: at java.lang.Runtime.loadLibrary0(Runtime.java:1003)
02-18 17:07:31.266 4274 4274 W System.err: at java.lang.System.loadLibrary(System.java:1661)
02-18 17:07:31.266 4274 4274 W System.err: at arm.EpicVm.<clinit>(Unknown Source:2)
02-18 17:07:31.266 4274 4274 W System.err: at java.lang.Class.newInstance(Native Method)
0 2 - 1 8 1 7 : 0 7 : 3 1 . 2 6 6 4 2 7 4 4 2 7 4 W S y s t e m . e r r : a t
android.app.AppComponentFactory.instantiateApplication(AppComponentFactory.java:76)
0 2 - 1 8 1 7 : 0 7 : 3 1 . 2 6 6 4 2 7 4 4 2 7 4 W S y s t e m . e r r : a t
androidx.core.app.CoreComponentFactory.instantiateApplication(Unknown Source:0)
0 2 - 1 8 1 7 : 0 7 : 3 1 . 2 6 6 4 2 7 4 4 2 7 4 W S y s t e m . e r r : a t
android.app.Instrumentation.newApplication(Instrumentation.java:1232)
0 2 - 1 8 1 7 : 0 7 : 3 1 . 2 6 6 4 2 7 4 4 2 7 4 W S y s t e m . e r r : a t
android.app.LoadedApk.makeApplicationInner(LoadedApk.java:1479)
0 2 - 1 8 1 7 : 0 7 : 3 1 . 2 6 6 4 2 7 4 4 2 7 4 W S y s t e m . e r r : a t
android.app.LoadedApk.makeApplicationInner(LoadedApk.java:1410)
0 2 - 1 8 1 7 : 0 7 : 3 1 . 2 6 6 4 2 7 4 4 2 7 4 W S y s t e m . e r r : a t
android.app.ActivityThread.handleBindApplication(ActivityThread.java:6864)
02-18 17:07:31.266 4274 4274 W System.err: at android.app.ActivityThread.-
$$Nest$mhandleBindApplication(Unknown Source:0)
0 2 - 1 8 1 7 : 0 7 : 3 1 . 2 6 6 4 2 7 4 4 2 7 4 W S y s t e m . e r r : a t
android.app.ActivityThread$H.handleMessage(ActivityThread.java:2215)
02-18 17:07:31.266 4274 4274 W System.err: at android.os.Handler.dispatchMessage(Handler.java:106)
02-18 17:07:31.266 4274 4274 W System.err: at android.os.Looper.loopOnce(Looper.java:201)
02-18 17:07:31.266 4274 4274 W System.err: at android.os.Looper.loop(Looper.java:288)
02-18 17:07:31.266 4274 4274 W System.err: at android.app.ActivityThread.main(ActivityThread.java:8066)
02-18 17:07:31.266 4274 4274 W System.err: at java.lang.reflect.Method.invoke(Native Method)
0 2 - 1 8 1 7 : 0 7 : 3 1 . 2 6 6 4 2 7 4 4 2 7 4 W S y s t e m . e r r : a t
com.android.internal.os.RuntimeInit$MethodAndArgsCaller.run(RuntimeInit.java:703)
02-18 17:07:31.266 4274 4274 W System.err: at com.android.internal.os.ZygoteInit.main(ZygoteInit.java:911)
02-18 17:07:31.308 4274 4274 E CustomActivityOnCrash: IMPORTANT WARNING! You already have an
UncaughtExceptionHandler, are you sure this is correct? If you use a custom UncaughtExceptionHandler, you must
initialize it AFTER CustomActivityOnCrash! Installing anyway, but your original handler will not be called.
02-18 17:07:31.627 4274 4274 W com.mbwhatsapp: Accessing hidden method
Lcom/android/org/conscrypt/OpenSSLSocketImpl;->setUseSessionTickets(Z)V (max-target-q,core-platform-api,
reflection, denied)
02-18 17:07:31.627 4274 4274 W com.mbwhatsapp: Accessing hidden method
Lcom/android/org/conscrypt/AbstractConscryptSocket;->setUseSessionTickets(Z)V (max-target-q, reflection, denied)
02-18 17:07:31.731 4312 4312 W logcat : type=1400 audit(0.0:28332): avc: denied { ioctl } for
path="/storage/emulated/0/Download/FMThemes/MBLogs/logcat.txt" dev="fuse" ino=226919 ioctlcmd=0xf50d
scontext=u:r:untrusted_app:s0:c215,c256,c512,c768 tcontext=u:object_r:fuse:s0 tclass=file permissive=0
app=com.mbwhatsapp
02-18 17:07:31.749 4274 4297 W LibraryVersion: Failed to get app version for libraryName: firebase-iid
02-18 17:07:32.411 4274 4274 W com.mbwhatsapp: type=1400 audit(0.0:28334): avc: granted { execute } for
path="/data/data/com.mbwhatsapp/files/decompressed/libs.spk.zst/libc++_shared.so" dev="dm-46" ino=260880
scontext=u:r:untrusted_app:s0:c215,c256,c512,c768 tcontext=u:object_r:app_data_file:s0:c215,c256,c512,c768
tclass=file app=com.mbwhatsapp
02-18 17:07:32.411 4274 4274 W com.mbwhatsapp: type=1400 audit(0.0:28335): avc: granted { execute } for
path="/data/data/com.mbwhatsapp/files/decompressed/libs.spk.zst/libvlc.so" dev="dm-46" ino=243019
scontext=u:r:untrusted_app:s0:c215,c256,c512,c768 tcontext=u:object_r:app_data_file:s0:c215,c256,c512,c768
tclass=file app=com.mbwhatsapp
02-18 17:07:32.415 4274 4274 W com.mbwhatsapp: type=1400 audit(0.0:28336): avc: granted { execute } for
path="/data/data/com.mbwhatsapp/files/decompressed/libs.spk.zst/libwhatsapp.so" dev="dm-46" ino=243284
scontext=u:r:untrusted_app:s0:c215,c256,c512,c768 tcontext=u:object_r:app_data_file:s0:c215,c256,c512,c768
tclass=file app=com.mbwhatsapp
02-18 17:07:32.427 4274 4274 W com.mbwhatsapp: type=1400 audit(0.0:28337): avc: granted { execute } for
path="/data/data/com.mbwhatsapp/files/decompressed/libs.spk.zst/libcurve25519.so" dev="dm-46" ino=221357
scontext=u:r:untrusted_app:s0:c215,c256,c512,c768 tcontext=u:object_r:app_data_file:s0:c215,c256,c512,c768
tclass=file app=com.mbwhatsapp
02-18 17:07:32.474 4274 4274 W CheckTime: App running slow: Executing handleBindApplication :
callApplicationOnCreate took 1131ms
02-18 17:07:32.487 4274 4274 W com.mbwhatsapp: Method void X.0eU.A0h(X.0tK, boolean) failed lock
verification and will run slower.
02-18 17:07:32.487 4274 4274 W com.mbwhatsapp: Common causes for lock verification issues are non-optimized
dex code
02-18 17:07:32.487 4274 4274 W com.mbwhatsapp: and incorrect proguard optimizations.
02-18 17:07:32.493 4274 4332 W com.mbwhatsapp: Method void X.2rL.A03(java.lang.Integer) failed lock
verification and will run slower.
02-18 17:07:32.893 4274 4274 E com.mbwhatsapp: Invalid ID 0x00000000.
02-18 17:07:32.894 4274 4274 W System.err: android.content.res.Resources$NotFoundException: String resource
ID #0x0
02-18 17:07:32.912 4274 4274 W System.err: at android.content.res.Resources.getText(Resources.java:453)
02-18 17:07:32.913 4274 4274 W System.err: at android.content.res.Resources.getString(Resources.java:546)
02-18 17:07:32.913 4274 4274 W System.err: at X.35t.A0E(Unknown Source:46)
02-18 17:07:32.913 4274 4274 W System.err: at com.mbwhatsapp.yo.yo.getString(Native Method)
02-18 17:07:32.913 4274 4274 W System.err: at com.mbwhatsapp.yo.yo.getString(Native Method)
0 2 - 1 8 1 7 : 0 7 : 3 2 . 9 1 3 4 2 7 4 4 2 7 4 W S y s t e m . e r r : a t
com.mbwhatsapp.youbasha.task.utils.requestAllFilesAccess14(Native Method)
02-18 17:07:32.913 4274 4274 W System.err: at com.mbwhatsapp.yo.dep.showStoragePermissionRequest(Native
Method)
02-18 17:07:32.913 4274 4274 W System.err: at com.mbwhatsapp.registration.EULA.onCreate(Unknown
Source:248)
02-18 17:07:32.913 4274 4274 W System.err: at android.app.Activity.performCreate(Activity.java:8329)
02-18 17:07:32.913 4274 4274 W System.err: at android.app.Activity.performCreate(Activity.java:8308)
0 2 - 1 8 1 7 : 0 7 : 3 2 . 9 1 3 4 2 7 4 4 2 7 4 W S y s t e m . e r r : a t
android.app.Instrumentation.callActivityOnCreate(Instrumentation.java:1386)
0 2 - 1 8 1 7 : 0 7 : 3 2 . 9 1 3 4 2 7 4 4 2 7 4 W S y s t e m . e r r : a t
android.app.ActivityThread.performLaunchActivity(ActivityThread.java:3746)
0 2 - 1 8 1 7 : 0 7 : 3 2 . 9 1 3 4 2 7 4 4 2 7 4 W S y s t e m . e r r : a t
android.app.ActivityThread.handleLaunchActivity(ActivityThread.java:3903)
0 2 - 1 8 1 7 : 0 7 : 3 2 . 9 1 3 4 2 7 4 4 2 7 4 W S y s t e m . e r r : a t
android.app.servertransaction.LaunchActivityItem.execute(LaunchActivityItem.java:101)
0 2 - 1 8 1 7 : 0 7 : 3 2 . 9 1 3 4 2 7 4 4 2 7 4 W S y s t e m . e r r : a t
android.app.servertransaction.TransactionExecutor.executeCallbacks(TransactionExecutor.java:137)
0 2 - 1 8 1 7 : 0 7 : 3 2 . 9 1 3 4 2 7 4 4 2 7 4 W S y s t e m . e r r : a t
android.app.servertransaction.TransactionExecutor.execute(TransactionExecutor.java:97)
0 2 - 1 8 1 7 : 0 7 : 3 2 . 9 1 3 4 2 7 4 4 2 7 4 W S y s t e m . e r r : a t
android.app.ActivityThread$H.handleMessage(ActivityThread.java:2389)
02-18 17:07:32.913 4274 4274 W System.err: at android.os.Handler.dispatchMessage(Handler.java:106)
02-18 17:07:32.913 4274 4274 W System.err: at android.os.Looper.loopOnce(Looper.java:201)
02-18 17:07:32.913 4274 4274 W System.err: at android.os.Looper.loop(Looper.java:288)
02-18 17:07:32.913 4274 4274 W System.err: at android.app.ActivityThread.main(ActivityThread.java:8066)
02-18 17:07:32.913 4274 4274 W System.err: at java.lang.reflect.Method.invoke(Native Method)
0 2 - 1 8 1 7 : 0 7 : 3 2 . 9 1 3 4 2 7 4 4 2 7 4 W S y s t e m . e r r : a t
com.android.internal.os.RuntimeInit$MethodAndArgsCaller.run(RuntimeInit.java:703)
02-18 17:07:32.913 4274 4274 W System.err: at com.android.internal.os.ZygoteInit.main(ZygoteInit.java:911)
02-18 17:07:33.002 4274 4274 W Activity: Can request only one set of permissions at a time
02-18 17:07:33.088 4274 4350 E RenderScript: Failed to find hal setup entry points: undefined symbol: rsdHalAbort
02-18 17:07:33.089 4274 4350 E RenderScript: Failed to load runtime , loading default
02-18 17:07:33.132 4274 4274 E ArmVmp : Match on catch block at 0x0a in for 0x771101b04d
02-18 17:07:33.378 4274 4343 W Parcel : Expecting binder but got null!
02-18 17:07:33.874 4274 4343 W Parcel : Expecting binder but got null!
02-18 17:07:34.291 4274 4282 W com.mbwhatsapp: Cleared Reference was only reachable from finalizer (only
reported once)
02-18 17:07:34.381 4274 4274 E com.mbwhatsapp: Invalid ID 0x00000000.
02-18 17:07:34.381 4274 4274 E com.mbwhatsapp: Invalid ID 0x00000000.
02-18 17:07:34.385 4274 4274 E com.mbwhatsapp: Invalid ID 0x00000000.
02-18 17:07:34.385 4274 4274 E com.mbwhatsapp: Invalid ID 0x00000000.
02-18 17:07:34.387 4274 4274 E com.mbwhatsapp: Invalid ID 0x00000000.
02-18 17:07:34.388 4274 4274 E com.mbwhatsapp: Invalid ID 0x00000000.
02-18 17:07:34.389 4274 4274 E com.mbwhatsapp: Invalid ID 0x00000000.
02-18 17:07:34.389 4274 4274 E com.mbwhatsapp: Invalid ID 0x00000000.
02-18 17:07:36.379 4274 4274 W Activity: Can request only one set of permissions at a time
02-18 17:07:36.379 4274 4274 W Activity: Can request only one set of permissions at a time
02-18 17:07:46.236 4274 4274 E RippleDrawable: The RippleDrawable.STYLE_PATTERNED animation is not
supported for a non-hardware accelerated Canvas. Skipping animation.
02-18 17:07:46.247 4274 4274 E RippleDrawable: The RippleDrawable.STYLE_PATTERNED animation is not
supported for a non-hardware accelerated Canvas. Skipping animation.
02-18 17:07:46.259 4274 4274 E RippleDrawable: The RippleDrawable.STYLE_PATTERNED animation is not
supported for a non-hardware accelerated Canvas. Skipping animation.
02-18 17:07:46.275 4274 4274 E RippleDrawable: The RippleDrawable.STYLE_PATTERNED animation is not
supported for a non-hardware accelerated Canvas. Skipping animation.
02-18 17:07:46.292 4274 4274 E RippleDrawable: The RippleDrawable.STYLE_PATTERNED animation is not
supported for a non-hardware accelerated Canvas. Skipping animation.
02-18 17:07:46.375 4274 4274 W libc : Access denied finding property "persist.unipnp.debug"
02-18 17:07:46.371 4274 4274 W com.mbwhatsapp: type=1400 audit(0.0:28426): avc: denied { open } for
path="/dev/__properties__/u:object_r:unipnp_prop:s0" dev="tmpfs" ino=20168
scontext=u:r:untrusted_app:s0:c215,c256,c512,c768 tcontext=u:object_r:unipnp_prop:s0 tclass=file permissive=0
app=com.mbwhatsapp
02-18 17:07:46.375 4274 4274 W libc : Access denied finding property "persist.unipnp.debug"
02-18 17:07:46.371 4274 4274 W com.mbwhatsapp: type=1400 audit(0.0:28427): avc: denied { open } for
path="/dev/__properties__/u:object_r:unipnp_prop:s0" dev="tmpfs" ino=20168
scontext=u:r:untrusted_app:s0:c215,c256,c512,c768 tcontext=u:object_r:unipnp_prop:s0 tclass=file permissive=0
app=com.mbwhatsapp
02-18 17:07:46.377 4274 4274 W ziparchive: Unable to open '/system_ext/framework/unipnp-framework.dm': No
such file or directory
02-18 17:07:46.377 4274 4274 W ziparchive: Unable to open '/system_ext/framework/unipnp-framework.dm': No
such file or directory
02-18 17:07:47.833 4274 5005 E ShortcutInfoCompatSaver: Failed to load saved values from file
/data/user/0/com.mbwhatsapp/files/ShortcutInfoCompatSaver_share_targets/targets.xml. Old state removed, new
added
02-18 17:07:47.833 4274 5005 E ShortcutInfoCompatSaver: java.io.FileNotFoundException:
/data/user/0/com.mbwhatsapp/files/ShortcutInfoCompatSaver_share_targets/targets.xml: open failed: ENOENT (No
such file or directory)
02-18 17:07:47.833 4274 5005 E ShortcutInfoCompatSaver: at libcore.io.IoBridge.open(IoBridge.java:574)
02-18 17:07:47.833 4274 5005 E ShortcutInfoCompatSaver: at
java.io.FileInputStream.<init>(FileInputStream.java:160)
02-18 17:07:47.833 4274 5005 E ShortcutInfoCompatSaver: at X.0nz.run(Unknown Source:82)
02-18 17:07:47.833 4274 5005 E ShortcutInfoCompatSaver: at
java.util.concurrent.Executors$RunnableAdapter.call(Executors.java:487)
02-18 17:07:47.833 4274 5005 E ShortcutInfoCompatSaver: at
java.util.concurrent.FutureTask.run(FutureTask.java:264)
02-18 17:07:47.833 4274 5005 E ShortcutInfoCompatSaver: at
java.util.concurrent.ThreadPoolExecutor.runWorker(ThreadPoolExecutor.java:1145)
02-18 17:07:47.833 4274 5005 E ShortcutInfoCompatSaver: at
java.util.concurrent.ThreadPoolExecutor$Worker.run(ThreadPoolExecutor.java:644)
02-18 17:07:47.833 4274 5005 E ShortcutInfoCompatSaver: at java.lang.Thread.run(Thread.java:1012)
02-18 17:07:47.833 4274 5005 E ShortcutInfoCompatSaver: Caused by: android.system.ErrnoException: open
failed: ENOENT (No such file or directory)
02-18 17:07:47.833 4274 5005 E ShortcutInfoCompatSaver: at libcore.io.Linux.open(Native Method)
02-18 17:07:47.833 4274 5005 E ShortcutInfoCompatSaver: at
libcore.io.ForwardingOs.open(ForwardingOs.java:563)
02-18 17:07:47.833 4274 5005 E ShortcutInfoCompatSaver: at
libcore.io.BlockGuardOs.open(BlockGuardOs.java:274)
02-18 17:07:47.833 4274 5005 E ShortcutInfoCompatSaver: at
libcore.io.ForwardingOs.open(ForwardingOs.java:563)
02-18 17:07:47.833 4274 5005 E ShortcutInfoCompatSaver: at
android.app.ActivityThread$AndroidOs.open(ActivityThread.java:7924)
02-18 17:07:47.833 4274 5005 E ShortcutInfoCompatSaver: at libcore.io.IoBridge.open(IoBridge.java:560)
02-18 17:07:47.833 4274 5005 E ShortcutInfoCompatSaver: ... 7 more
02-18 17:07:47.904 4274 4343 E FrameEvents: updateAcquireFence: Did not find frame.
02-18 17:07:47.914 4274 4343 E FrameEvents: updateAcquireFence: Did not find frame.
02-18 17:07:47.944 4274 4343 E FrameEvents: updateAcquireFence: Did not find frame.
02-18 17:07:47.951 4274 4274 W com.mbwhatsapp: type=1400 audit(0.0:28429): avc: denied { read } for
name="osrelease" dev="proc" ino=2745833 scontext=u:r:untrusted_app:s0:c215,c256,c512,c768
tcontext=u:object_r:proc:s0 tclass=file permissive=0 app=com.mbwhatsapp
02-18 17:07:47.951 4274 4274 W com.mbwhatsapp: type=1400 audit(0.0:28430): avc: denied { read } for
name="version" dev="proc" ino=2745834 scontext=u:r:untrusted_app:s0:c215,c256,c512,c768
tcontext=u:object_r:proc:s0 tclass=file permissive=0 app=com.mbwhatsapp
02-18 17:07:50.145 4274 4343 W Parcel : Expecting binder but got null!
02-18 17:07:51.577 4274 4274 W OnBackInvokedCallback: OnBackInvokedCallback is not enabled for the
application.
02-18 17:07:51.577 4274 4274 W OnBackInvokedCallback: Set 'android:enableOnBackInvokedCallback="true"' in
the application manifest.
02-18 17:07:59.486 4274 4343 W Parcel : Expecting binder but got null!
02-18 17:08:00.087 4274 4339 E PlayCore: UID: [10215] PID: [4274] StandardIntegrity : Phonesky is not installed.
02-18 17:08:00.972 4274 4343 W Parcel : Expecting binder but got null!
02-18 17:08:02.073 4274 4274 W OnBackInvokedCallback: OnBackInvokedCallback is not enabled for the
application.
02-18 17:08:02.073 4274 4274 W OnBackInvokedCallback: Set 'android:enableOnBackInvokedCallback="true"' in
the application manifest.
02-18 17:08:02.388 4274 4343 W Parcel : Expecting binder but got null!
02-18 17:08:02.443 4274 4343 W Parcel : Expecting binder but got null!
02-18 17:08:03.738 4274 4274 W RemoteInputConnectionImpl: requestCursorAnchorInfo on inactive
InputConnection
02-18 17:08:03.764 4274 4274 E ImeBackDispatcher: Ime callback not found. Ignoring unregisterReceivedCallback.
callbackId: 68768068
02-18 17:08:03.789 4274 4274 W OnBackInvokedCallback: OnBackInvokedCallback is not enabled for the
application.
02-18 17:08:03.789 4274 4274 W OnBackInvokedCallback: Set 'android:enableOnBackInvokedCallback="true"' in
the application manifest.
02-18 17:08:07.751 4274 4274 W OnBackInvokedCallback: OnBackInvokedCallback is not enabled for the
application.
02-18 17:08:07.751 4274 4274 W OnBackInvokedCallback: Set 'android:enableOnBackInvokedCallback="true"' in
the application manifest.
02-18 17:08:11.014 4274 4274 W OnBackInvokedCallback: OnBackInvokedCallback is not enabled for the
application.
02-18 17:08:11.014 4274 4274 W OnBackInvokedCallback: Set 'android:enableOnBackInvokedCallback="true"' in
the application manifest.
02-18 17:08:13.015 4274 4343 W Parcel : Expecting binder but got null!
02-18 17:08:13.910 4274 4343 W Parcel : Expecting binder but got null!
02-18 17:08:13.913 4274 4274 W OnBackInvokedCallback: OnBackInvokedCallback is not enabled for the
application.
02-18 17:08:13.913 4274 4274 W OnBackInvokedCallback: Set 'android:enableOnBackInvokedCallback="true"' in
the application manifest.
02-18 17:08:15.094 4274 4343 W Parcel : Expecting binder but got null!
02-18 17:08:15.192 4274 4343 W Parcel : Expecting binder but got null!
02-18 17:08:15.231 4274 4274 W OnBackInvokedCallback: OnBackInvokedCallback is not enabled for the
application.
02-18 17:08:15.231 4274 4274 W OnBackInvokedCallback: Set 'android:enableOnBackInvokedCallback="true"' in
the application manifest.
02-18 17:08:15.254 4274 4274 W RemoteInputConnectionImpl: requestCursorAnchorInfo on inactive
InputConnection
02-18 17:08:21.085 4274 4343 W Parcel : Expecting binder but got null!
02-18 17:08:21.571 4274 4343 W Parcel : Expecting binder but got null!
02-18 17:08:22.935 4274 4343 W Parcel : Expecting binder but got null!
02-18 17:08:26.211 4274 4274 W OnBackInvokedCallback: OnBackInvokedCallback is not enabled for the
application.
02-18 17:08:26.211 4274 4274 W OnBackInvokedCallback: Set 'android:enableOnBackInvokedCallback="true"' in
the application manifest.
02-18 17:08:31.182 4274 4343 W Parcel : Expecting binder but got null!
02-18 17:08:31.265 4274 4274 W OnBackInvokedCallback: OnBackInvokedCallback is not enabled for the
application.
02-18 17:08:31.265 4274 4274 W OnBackInvokedCallback: Set 'android:enableOnBackInvokedCallback="true"' in
the application manifest.
02-18 17:08:31.282 4274 4274 W RemoteInputConnectionImpl: requestCursorAnchorInfo on inactive
InputConnection
02-18 17:08:34.143 4274 4274 W com.mbwhatsapp: Method void com.mbwhatsapp.HomeActivity.A6e() failed lock
verification and will run slower.
02-18 17:08:34.223 6106 6106 W ps : type=1400 audit(0.0:28434): avc: denied { read } for name="pid_max"
dev="proc" ino=2763959 scontext=u:r:untrusted_app:s0:c215,c256,c512,c768 tcontext=u:object_r:proc_pid_max:s0
tclass=file permissive=0 app=com.mbwhatsapp
02-18 17:08:34.877 4274 4274 E ArmVmp : Match on catch block at 0x0a in for 0x771101b031
02-18 17:08:34.939 4274 4274 E ArmVmp : Match on catch block at 0x0a in for 0x771101b04d
02-18 17:08:34.991 4274 6156 W com.mbwhatsapp: Accessing hidden method
Lcom/android/org/conscrypt/ConscryptEngineSocket;->setUseSessionTickets(Z)V (max-target-q,core-platform-api,
reflection, denied)
02-18 17:08:34.991 4274 6156 W com.mbwhatsapp: Accessing hidden method
Lcom/android/org/conscrypt/OpenSSLSocketImpl;->setUseSessionTickets(Z)V (max-target-q,core-platform-api,
reflection, denied)
02-18 17:08:34.991 4274 6156 W com.mbwhatsapp: Accessing hidden method
Lcom/android/org/conscrypt/AbstractConscryptSocket;->setUseSessionTickets(Z)V (max-target-q, reflection, denied)
02-18 17:08:34.991 4274 6156 W com.mbwhatsapp: Accessing hidden method
Lcom/android/org/conscrypt/ConscryptEngineSocket;->setHostname(Ljava/lang/String;)V (max-target-q,core-
platform-api, reflection, denied)
02-18 17:08:34.991 4274 6156 W com.mbwhatsapp: Accessing hidden method
Lcom/android/org/conscrypt/OpenSSLSocketImpl;->setHostname(Ljava/lang/String;)V (max-target-q,core-platform-
api, reflection, denied)
02-18 17:08:34.991 4274 6156 W com.mbwhatsapp: Accessing hidden method
Lcom/android/org/conscrypt/AbstractConscryptSocket;->setHostname(Ljava/lang/String;)V (max-target-q, reflection,
denied)
02-18 17:08:34.992 4274 6156 W com.mbwhatsapp: Accessing hidden method
Lcom/android/org/conscrypt/OpenSSLSocketImpl;->setAlpnProtocols([B)V (max-target-q,core-platform-api,
reflection, denied)
02-18 17:08:34.992 4274 6156 W com.mbwhatsapp: Accessing hidden method
Lcom/android/org/conscrypt/AbstractConscryptSocket;->setAlpnProtocols([B)V (max-target-q, reflection, denied)
02-18 17:08:35.012 4274 4274 W Activity: Can request only one set of permissions at a time
02-18 17:08:35.046 4274 6156 W com.mbwhatsapp: Accessing hidden method
Lcom/android/org/conscrypt/OpenSSLSocketImpl;->getAlpnSelectedProtocol()[B (max-target-q,core-platform-api,
reflection, denied)
02-18 17:08:35.046 4274 6156 W com.mbwhatsapp: Accessing hidden method
Lcom/android/org/conscrypt/AbstractConscryptSocket;->getAlpnSelectedProtocol()[B (max-target-q, reflection,
denied)
02-18 17:08:35.156 4274 4274 W CheckTime: App running slow: Executing activity onCreate took 956ms
02-18 17:08:35.260 4274 5515 W MediaCodec-JNI: try to release MediaCodec from
JMediaCodec::~JMediaCodec()...
02-18 17:08:35.261 4274 5515 W MediaCodec-JNI: done releasing MediaCodec from
JMediaCodec::~JMediaCodec().
02-18 17:08:35.366 4274 4515 W SQLiteLog: (28) double-quoted string literal: "20"
02-18 17:08:35.366 4274 4515 W SQLiteLog: (28) double-quoted string literal: "40"
02-18 17:08:35.401 4274 6199 W ColorUtils: expected specified color aspects (0:0:0:0)
02-18 17:08:35.457 4274 6222 W ColorUtils: expected specified color aspects (0:0:0:0)
02-18 17:08:35.506 4274 6232 W ColorUtils: expected specified color aspects (0:0:0:0)
02-18 17:08:35.586 4274 5515 W AudioCapabilities: Unsupported mime audio/ima-adpcm
02-18 17:08:35.588 4274 5515 W AudioCapabilities: Unsupported mime audio/mpeg-L1
02-18 17:08:35.588 4274 5515 W AudioCapabilities: Unsupported mime audio/mpeg-L2
02-18 17:08:35.738 4274 4274 E RecyclerView: No adapter attached; skipping layout
02-18 17:08:35.899 4274 4343 W Parcel : Expecting binder but got null!
02-18 17:08:35.913 4274 4274 E ArmVmp : Match on catch block at 0x0a in for 0x771101b035
02-18 17:08:35.972 4274 4284 W System : A resource failed to call end.
02-18 17:08:36.263 4274 6353 W LOTTIE : Animation contains merge paths. Merge paths are only supported on
KitKat+ and must be manually enabled by calling enableMergePathsForKitKatAndAbove().
02-18 17:08:36.535 4274 4274 W LOTTIE : Animation contains merge paths but they are disabled.
02-18 17:08:49.162 4274 4274 E ArmVmp : Match on catch block at 0x0a in for 0x771101b049
02-18 17:08:49.205 4274 4343 W Parcel : Expecting binder but got null!
02-18 17:08:51.171 4274 4274 W InputEventReceiver: Attempted to finish an input event but the input event
receiver has already been disposed.
02-18 17:08:54.686 4274 4274 E ArmVmp : Match on catch block at 0x0a in for 0x771101b05d
02-18 17:08:54.720 4274 4343 W Parcel : Expecting binder but got null!
02-18 17:08:56.672 4274 4274 E RippleDrawable: The RippleDrawable.STYLE_PATTERNED animation is not
supported for a non-hardware accelerated Canvas. Skipping animation.
02-18 17:08:56.687 4274 4274 E RippleDrawable: The RippleDrawable.STYLE_PATTERNED animation is not
supported for a non-hardware accelerated Canvas. Skipping animation.
02-18 17:08:56.704 4274 4274 E RippleDrawable: The RippleDrawable.STYLE_PATTERNED animation is not
supported for a non-hardware accelerated Canvas. Skipping animation.
02-18 17:08:56.721 4274 4274 E RippleDrawable: The RippleDrawable.STYLE_PATTERNED animation is not
supported for a non-hardware accelerated Canvas. Skipping animation.
02-18 17:08:56.966 4274 6353 W LOTTIE : Unknown shape type rd
02-18 17:08:57.038 4274 4274 E ArmVmp : Match on catch block at 0x0a in for 0x771101b035
02-18 17:08:57.045 4274 4274 E ArmVmp : Match on catch block at 0x0a in for 0x771101b035
02-18 17:08:57.072 4274 4274 E ArmVmp : Match on catch block at 0x0a in for 0x771101b071
02-18 17:08:57.160 4274 4343 W Parcel : Expecting binder but got null!
02-18 17:08:57.220 4274 4274 E ArmVmp : Match on catch block at 0xc3 in for 0x771101b021
02-18 17:08:57.222 4274 4274 E ArmVmp : Match on catch block at 0xc3 in for 0x771101b021
02-18 17:08:57.255 4274 4343 W Parcel : Expecting binder but got null!
02-18 17:08:57.318 4274 4274 E ArmVmp : Match on catch block at 0xc3 in for 0x771101b025
02-18 17:08:57.321 4274 4274 E ArmVmp : Match on catch block at 0xc3 in for 0x771101b025
02-18 17:08:57.399 4274 4274 E ArmVmp : Match on catch block at 0xc3 in for 0x771101b025
02-18 17:08:57.404 4274 4274 E ArmVmp : Match on catch block at 0xc3 in for 0x771101b025
02-18 17:08:57.575 4274 4274 E ArmVmp : Match on catch block at 0xc3 in for 0x771101b025
02-18 17:08:57.577 4274 4274 E ArmVmp : Match on catch block at 0xc3 in for 0x771101b025
02-18 17:08:57.620 4274 4274 E ArmVmp : Match on catch block at 0xc3 in for 0x771101b025
02-18 17:08:57.621 4274 4274 E ArmVmp : Match on catch block at 0xc3 in for 0x771101b025
02-18 17:08:57.657 4274 4274 E ArmVmp : Match on catch block at 0xc3 in for 0x771101b025
02-18 17:08:57.659 4274 4274 E ArmVmp : Match on catch block at 0xc3 in for 0x771101b025
02-18 17:08:57.686 4274 4274 E ArmVmp : Match on catch block at 0xc3 in for 0x771101b025
02-18 17:08:57.688 4274 4274 E ArmVmp : Match on catch block at 0xc3 in for 0x771101b025
02-18 17:08:57.718 4274 4274 E ArmVmp : Match on catch block at 0xc3 in for 0x771101b025
02-18 17:08:57.722 4274 4274 E ArmVmp : Match on catch block at 0xc3 in for 0x771101b025
02-18 17:08:57.758 4274 4274 E ArmVmp : Match on catch block at 0xc3 in for 0x771101b025
02-18 17:08:57.761 4274 4274 E ArmVmp : Match on catch block at 0xc3 in for 0x771101b025
02-18 17:08:57.798 4274 4274 E ArmVmp : Match on catch block at 0xc3 in for 0x771101b025
02-18 17:08:57.801 4274 4274 E ArmVmp : Match on catch block at 0xc3 in for 0x771101b025
02-18 17:08:57.843 4274 4274 E ArmVmp : Match on catch block at 0xc3 in for 0x771101b025
02-18 17:08:57.845 4274 4274 E ArmVmp : Match on catch block at 0xc3 in for 0x771101b025
02-18 17:08:57.883 4274 4274 E ArmVmp : Match on catch block at 0xc3 in for 0x771101b025
02-18 17:08:57.888 4274 4274 E ArmVmp : Match on catch block at 0xc3 in for 0x771101b025
02-18 17:08:57.935 4274 4274 E ArmVmp : Match on catch block at 0xc3 in for 0x771101b025
02-18 17:08:57.943 4274 4274 E ArmVmp : Match on catch block at 0xc3 in for 0x771101b025
02-18 17:08:57.982 4274 4274 E ArmVmp : Match on catch block at 0xc3 in for 0x771101b025
02-18 17:08:57.985 4274 4274 E ArmVmp : Match on catch block at 0xc3 in for 0x771101b025
02-18 17:08:58.024 4274 4274 E ArmVmp : Match on catch block at 0x0a in for 0x771101b07d
02-18 17:08:58.076 4274 4343 W Parcel : Expecting binder but got null!
02-18 17:08:58.112 4274 4274 E ArmVmp : Match on catch block at 0xc3 in for 0x771101b025
02-18 17:08:58.117 4274 4274 E ArmVmp : Match on catch block at 0xc3 in for 0x771101b025
02-18 17:08:58.203 4274 4274 E ArmVmp : Match on catch block at 0xc3 in for 0x771101b025
02-18 17:08:58.208 4274 4274 E ArmVmp : Match on catch block at 0xc3 in for 0x771101b025
02-18 17:08:58.271 4274 4274 E ArmVmp : Match on catch block at 0xc3 in for 0x771101b025
02-18 17:08:58.275 4274 4274 E ArmVmp : Match on catch block at 0xc3 in for 0x771101b025
02-18 17:08:58.325 4274 4274 E ArmVmp : Match on catch block at 0xc3 in for 0x771101b025
02-18 17:08:58.327 4274 4274 E ArmVmp : Match on catch block at 0xc3 in for 0x771101b025
02-18 17:08:58.365 4274 4274 E ArmVmp : Match on catch block at 0xc3 in for 0x771101b025
02-18 17:08:58.367 4274 4274 E ArmVmp : Match on catch block at 0xc3 in for 0x771101b025
02-18 17:08:58.404 4274 4274 E ArmVmp : Match on catch block at 0xc3 in for 0x771101b025
02-18 17:08:58.406 4274 4274 E ArmVmp : Match on catch block at 0xc3 in for 0x771101b025
02-18 17:08:58.442 4274 4274 E ArmVmp : Match on catch block at 0xc3 in for 0x771101b025
02-18 17:08:58.444 4274 4274 E ArmVmp : Match on catch block at 0xc3 in for 0x771101b025
02-18 17:08:58.481 4274 4274 E ArmVmp : Match on catch block at 0xc3 in for 0x771101b025
02-18 17:08:58.485 4274 4274 E ArmVmp : Match on catch block at 0xc3 in for 0x771101b025
02-18 17:08:58.520 4274 4274 E ArmVmp : Match on catch block at 0xc3 in for 0x771101b025
02-18 17:08:58.522 4274 4274 E ArmVmp : Match on catch block at 0xc3 in for 0x771101b025
02-18 17:08:58.557 4274 4274 E ArmVmp : Match on catch block at 0xc3 in for 0x771101b025
02-18 17:08:58.559 4274 4274 E ArmVmp : Match on catch block at 0xc3 in for 0x771101b025
02-18 17:08:58.594 4274 4274 E ArmVmp : Match on catch block at 0xc3 in for 0x771101b025
02-18 17:08:58.596 4274 4274 E ArmVmp : Match on catch block at 0xc3 in for 0x771101b025
02-18 17:08:58.632 4274 4274 E ArmVmp : Match on catch block at 0xc3 in for 0x771101b025
02-18 17:08:58.634 4274 4274 E ArmVmp : Match on catch block at 0xc3 in for 0x771101b025
02-18 17:08:58.668 4274 4274 E ArmVmp : Match on catch block at 0xc3 in for 0x771101b025
02-18 17:08:58.670 4274 4274 E ArmVmp : Match on catch block at 0xc3 in for 0x771101b025
02-18 17:08:58.711 4274 4274 E ArmVmp : Match on catch block at 0xc3 in for 0x771101b025
02-18 17:08:58.715 4274 4274 E ArmVmp : Match on catch block at 0xc3 in for 0x771101b025
02-18 17:08:58.753 4274 4274 E ArmVmp : Match on catch block at 0xc3 in for 0x771101b025
02-18 17:08:58.755 4274 4274 E ArmVmp : Match on catch block at 0xc3 in for 0x771101b025
02-18 17:08:58.792 4274 4274 E ArmVmp : Match on catch block at 0xc3 in for 0x771101b025
02-18 17:08:58.794 4274 4274 E ArmVmp : Match on catch block at 0xc3 in for 0x771101b025
02-18 17:08:58.833 4274 4274 E ArmVmp : Match on catch block at 0xc3 in for 0x771101b025
02-18 17:08:58.834 4274 4274 E ArmVmp : Match on catch block at 0xc3 in for 0x771101b025
02-18 17:08:58.874 4274 4274 E ArmVmp : Match on catch block at 0xc3 in for 0x771101b025
02-18 17:08:58.876 4274 4274 E ArmVmp : Match on catch block at 0xc3 in for 0x771101b025
02-18 17:08:58.916 4274 4274 E ArmVmp : Match on catch block at 0xc3 in for 0x771101b025
02-18 17:08:58.918 4274 4274 E ArmVmp : Match on catch block at 0xc3 in for 0x771101b025
02-18 17:08:58.937 4274 4274 E RippleDrawable: The RippleDrawable.STYLE_PATTERNED animation is not
supported for a non-hardware accelerated Canvas. Skipping animation.
02-18 17:08:58.955 4274 4274 E ArmVmp : Match on catch block at 0xc3 in for 0x771101b025
02-18 17:08:58.957 4274 4274 E ArmVmp : Match on catch block at 0xc3 in for 0x771101b025
02-18 17:08:58.972 4274 4274 E RippleDrawable: The RippleDrawable.STYLE_PATTERNED animation is not
supported for a non-hardware accelerated Canvas. Skipping animation.
02-18 17:08:58.991 4274 4274 E ArmVmp : Match on catch block at 0xc3 in for 0x771101b025
02-18 17:08:58.993 4274 4274 E ArmVmp : Match on catch block at 0xc3 in for 0x771101b025
02-18 17:08:59.011 4274 4274 E RippleDrawable: The RippleDrawable.STYLE_PATTERNED animation is not
supported for a non-hardware accelerated Canvas. Skipping animation.
02-18 17:08:59.029 4274 4274 E ArmVmp : Match on catch block at 0xc3 in for 0x771101b025
02-18 17:08:59.030 4274 4274 E ArmVmp : Match on catch block at 0xc3 in for 0x771101b025
02-18 17:08:59.046 4274 4274 E RippleDrawable: The RippleDrawable.STYLE_PATTERNED animation is not
supported for a non-hardware accelerated Canvas. Skipping animation.
02-18 17:08:59.065 4274 4274 E ArmVmp : Match on catch block at 0xc3 in for 0x771101b025
02-18 17:08:59.067 4274 4274 E ArmVmp : Match on catch block at 0xc3 in for 0x771101b025
02-18 17:08:59.109 4274 4274 E ArmVmp : Match on catch block at 0xc3 in for 0x771101b025
02-18 17:08:59.110 4274 4274 E ArmVmp : Match on catch block at 0xc3 in for 0x771101b025
02-18 17:08:59.136 4274 4274 E ArmVmp : Match on catch block at 0xc3 in for 0x771101b025
02-18 17:08:59.137 4274 4274 E ArmVmp : Match on catch block at 0xc3 in for 0x771101b025
02-18 17:08:59.163 4274 4274 E ArmVmp : Match on catch block at 0xc3 in for 0x771101b025
02-18 17:08:59.167 4274 4274 E ArmVmp : Match on catch block at 0xc3 in for 0x771101b025
02-18 17:08:59.197 4274 4274 E ArmVmp : Match on catch block at 0xc3 in for 0x771101b025
02-18 17:08:59.200 4274 4274 E ArmVmp : Match on catch block at 0xc3 in for 0x771101b025
02-18 17:08:59.225 4274 4274 E ArmVmp : Match on catch block at 0xc3 in for 0x771101b025
02-18 17:08:59.227 4274 4274 E ArmVmp : Match on catch block at 0xc3 in for 0x771101b025
02-18 17:08:59.251 4274 4274 E ArmVmp : Match on catch block at 0xc3 in for 0x771101b025
02-18 17:08:59.253 4274 4274 E ArmVmp : Match on catch block at 0xc3 in for 0x771101b025
02-18 17:08:59.278 4274 4274 E ArmVmp : Match on catch block at 0xc3 in for 0x771101b025
02-18 17:08:59.280 4274 4274 E ArmVmp : Match on catch block at 0xc3 in for 0x771101b025
02-18 17:08:59.306 4274 4274 E ArmVmp : Match on catch block at 0xc3 in for 0x771101b025
02-18 17:08:59.308 4274 4274 E ArmVmp : Match on catch block at 0xc3 in for 0x771101b025
02-18 17:08:59.332 4274 4274 E ArmVmp : Match on catch block at 0xc3 in for 0x771101b025
02-18 17:08:59.334 4274 4274 E ArmVmp : Match on catch block at 0xc3 in for 0x771101b025
02-18 17:08:59.357 4274 4274 E ArmVmp : Match on catch block at 0xc3 in for 0x771101b025
02-18 17:08:59.359 4274 4274 E ArmVmp : Match on catch block at 0xc3 in for 0x771101b025
02-18 17:08:59.383 4274 4274 E ArmVmp : Match on catch block at 0xc3 in for 0x771101b025
02-18 17:08:59.385 4274 4274 E ArmVmp : Match on catch block at 0xc3 in for 0x771101b025
02-18 17:08:59.402 4274 4274 E ArmVmp : Match on catch block at 0xc3 in for 0x771101b025
02-18 17:08:59.403 4274 4274 E ArmVmp : Match on catch block at 0xc3 in for 0x771101b025
02-18 17:08:59.419 4274 4274 E ArmVmp : Match on catch block at 0xc3 in for 0x771101b025
02-18 17:08:59.422 4274 4274 E ArmVmp : Match on catch block at 0xc3 in for 0x771101b025
02-18 17:08:59.435 4274 4274 E ArmVmp : Match on catch block at 0xc3 in for 0x771101b025
02-18 17:08:59.437 4274 4274 E ArmVmp : Match on catch block at 0xc3 in for 0x771101b025
02-18 17:08:59.452 4274 4274 E ArmVmp : Match on catch block at 0xc3 in for 0x771101b025
02-18 17:08:59.453 4274 4274 E ArmVmp : Match on catch block at 0xc3 in for 0x771101b025
02-18 17:08:59.468 4274 4274 E ArmVmp : Match on catch block at 0xc3 in for 0x771101b025
02-18 17:08:59.470 4274 4274 E ArmVmp : Match on catch block at 0xc3 in for 0x771101b025
02-18 17:08:59.485 4274 4274 E ArmVmp : Match on catch block at 0xc3 in for 0x771101b025
02-18 17:08:59.486 4274 4274 E ArmVmp : Match on catch block at 0xc3 in for 0x771101b025
02-18 17:08:59.501 4274 4274 E ArmVmp : Match on catch block at 0xc3 in for 0x771101b025
02-18 17:08:59.505 4274 4274 E ArmVmp : Match on catch block at 0xc3 in for 0x771101b025
02-18 17:08:59.519 4274 4274 E ArmVmp : Match on catch block at 0xc3 in for 0x771101b025
02-18 17:08:59.521 4274 4274 E ArmVmp : Match on catch block at 0xc3 in for 0x771101b025
02-18 17:08:59.535 4274 4274 E ArmVmp : Match on catch block at 0xc3 in for 0x771101b025
02-18 17:08:59.536 4274 4274 E ArmVmp : Match on catch block at 0xc3 in for 0x771101b025
02-18 17:08:59.553 4274 4274 E ArmVmp : Match on catch block at 0xc3 in for 0x771101b025
02-18 17:08:59.554 4274 4274 E ArmVmp : Match on catch block at 0xc3 in for 0x771101b025
02-18 17:08:59.568 4274 4274 E ArmVmp : Match on catch block at 0xc3 in for 0x771101b025
02-18 17:08:59.571 4274 4274 E ArmVmp : Match on catch block at 0xc3 in for 0x771101b025
02-18 17:08:59.585 4274 4274 E ArmVmp : Match on catch block at 0xc3 in for 0x771101b025
02-18 17:08:59.587 4274 4274 E ArmVmp : Match on catch block at 0xc3 in for 0x771101b025
02-18 17:08:59.601 4274 4274 E ArmVmp : Match on catch block at 0xc3 in for 0x771101b025
02-18 17:08:59.603 4274 4274 E ArmVmp : Match on catch block at 0xc3 in for 0x771101b025
02-18 17:08:59.618 4274 4274 E ArmVmp : Match on catch block at 0xc3 in for 0x771101b025
02-18 17:08:59.620 4274 4274 E ArmVmp : Match on catch block at 0xc3 in for 0x771101b025
02-18 17:08:59.636 4274 4274 E ArmVmp : Match on catch block at 0xc3 in for 0x771101b025
02-18 17:08:59.638 4274 4274 E ArmVmp : Match on catch block at 0xc3 in for 0x771101b025
02-18 17:08:59.651 4274 4274 E ArmVmp : Match on catch block at 0xc3 in for 0x771101b025
02-18 17:08:59.653 4274 4274 E ArmVmp : Match on catch block at 0xc3 in for 0x771101b025
02-18 17:08:59.668 4274 4274 E ArmVmp : Match on catch block at 0xc3 in for 0x771101b025
02-18 17:08:59.670 4274 4274 E ArmVmp : Match on catch block at 0xc3 in for 0x771101b025
02-18 17:08:59.870 4274 4274 E ArmVmp : Match on catch block at 0xc3 in for 0x771101b025
02-18 17:08:59.873 4274 4274 E ArmVmp : Match on catch block at 0xc3 in for 0x771101b025
02-18 17:09:00.151 4274 4274 E RippleDrawable: The RippleDrawable.STYLE_PATTERNED animation is not
supported for a non-hardware accelerated Canvas. Skipping animation.
02-18 17:09:00.166 4274 4274 E RippleDrawable: The RippleDrawable.STYLE_PATTERNED animation is not
supported for a non-hardware accelerated Canvas. Skipping animation.
02-18 17:09:00.183 4274 4274 E RippleDrawable: The RippleDrawable.STYLE_PATTERNED animation is not
supported for a non-hardware accelerated Canvas. Skipping animation.
02-18 17:09:00.200 4274 4274 E RippleDrawable: The RippleDrawable.STYLE_PATTERNED animation is not
supported for a non-hardware accelerated Canvas. Skipping animation.
02-18 17:09:00.216 4274 4274 E RippleDrawable: The RippleDrawable.STYLE_PATTERNED animation is not
supported for a non-hardware accelerated Canvas. Skipping animation.
02-18 17:09:00.295 4274 4274 E ArmVmp : Match on catch block at 0xc3 in for 0x771101b025
02-18 17:09:00.297 4274 4274 E ArmVmp : Match on catch block at 0xc3 in for 0x771101b025
02-18 17:09:00.305 4274 4274 E ArmVmp : Match on catch block at 0xc3 in for 0x771101b025
02-18 17:09:00.308 4274 4274 E ArmVmp : Match on catch block at 0xc3 in for 0x771101b025
02-18 17:09:00.316 4274 4274 E ArmVmp : Match on catch block at 0xc3 in for 0x771101b025
02-18 17:09:00.319 4274 4274 E ArmVmp : Match on catch block at 0xc3 in for 0x771101b025
02-18 17:09:00.331 4274 4274 E ArmVmp : Match on catch block at 0xc3 in for 0x771101b025
02-18 17:09:00.335 4274 4274 E ArmVmp : Match on catch block at 0xc3 in for 0x771101b025
02-18 17:09:00.348 4274 4274 E ArmVmp : Match on catch block at 0xc3 in for 0x771101b025
02-18 17:09:00.352 4274 4274 E ArmVmp : Match on catch block at 0xc3 in for 0x771101b025
02-18 17:09:00.365 4274 4274 E ArmVmp : Match on catch block at 0xc3 in for 0x771101b025
02-18 17:09:00.368 4274 4274 E ArmVmp : Match on catch block at 0xc3 in for 0x771101b025
02-18 17:09:00.382 4274 4274 E ArmVmp : Match on catch block at 0xc3 in for 0x771101b025
02-18 17:09:00.384 4274 4274 E ArmVmp : Match on catch block at 0xc3 in for 0x771101b025
02-18 17:09:00.782 4274 4274 E ArmVmp : Match on catch block at 0xc3 in for 0x771101b025
02-18 17:09:00.786 4274 4274 E ArmVmp : Match on catch block at 0xc3 in for 0x771101b025
02-18 17:09:01.097 4274 4274 E ArmVmp : Match on catch block at 0xc3 in for 0x771101b025
02-18 17:09:01.101 4274 4274 E ArmVmp : Match on catch block at 0xc3 in for 0x771101b025
02-18 17:09:01.115 4274 4274 E ArmVmp : Match on catch block at 0xc3 in for 0x771101b025
02-18 17:09:01.117 4274 4274 E ArmVmp : Match on catch block at 0xc3 in for 0x771101b025
02-18 17:09:01.280 4274 4274 E ArmVmp : Match on catch block at 0xc3 in for 0x771101b025
02-18 17:09:01.283 4274 4274 E ArmVmp : Match on catch block at 0xc3 in for 0x771101b025
02-18 17:09:01.782 4274 4274 E ArmVmp : Match on catch block at 0xc3 in for 0x771101b025
02-18 17:09:01.787 4274 4274 E ArmVmp : Match on catch block at 0xc3 in for 0x771101b025
02-18 17:09:01.897 4274 4274 E ArmVmp : Match on catch block at 0xc3 in for 0x771101b025
02-18 17:09:01.899 4274 4274 E ArmVmp : Match on catch block at 0xc3 in for 0x771101b025
02-18 17:09:01.913 4274 4274 E ArmVmp : Match on catch block at 0xc3 in for 0x771101b025
02-18 17:09:01.917 4274 4274 E ArmVmp : Match on catch block at 0xc3 in for 0x771101b025
02-18 17:09:02.280 4274 4274 E ArmVmp : Match on catch block at 0xc3 in for 0x771101b025
02-18 17:09:02.282 4274 4274 E ArmVmp : Match on catch block at 0xc3 in for 0x771101b025
02-18 17:09:02.463 4274 4274 E ArmVmp : Match on catch block at 0xc3 in for 0x771101b025
02-18 17:09:02.465 4274 4274 E ArmVmp : Match on catch block at 0xc3 in for 0x771101b025
02-18 17:09:02.480 4274 4274 E ArmVmp : Match on catch block at 0xc3 in for 0x771101b025
02-18 17:09:02.482 4274 4274 E ArmVmp : Match on catch block at 0xc3 in for 0x771101b025
02-18 17:09:02.497 4274 4274 E ArmVmp : Match on catch block at 0xc3 in for 0x771101b025
02-18 17:09:02.499 4274 4274 E ArmVmp : Match on catch block at 0xc3 in for 0x771101b025
02-18 17:09:02.513 4274 4274 E ArmVmp : Match on catch block at 0xc3 in for 0x771101b025
02-18 17:09:02.515 4274 4274 E ArmVmp : Match on catch block at 0xc3 in for 0x771101b025
02-18 17:09:02.529 4274 4274 E ArmVmp : Match on catch block at 0xc3 in for 0x771101b025
02-18 17:09:02.531 4274 4274 E ArmVmp : Match on catch block at 0xc3 in for 0x771101b025
02-18 17:09:02.546 4274 4274 E ArmVmp : Match on catch block at 0xc3 in for 0x771101b025
02-18 17:09:02.548 4274 4274 E ArmVmp : Match on catch block at 0xc3 in for 0x771101b025
02-18 17:09:02.563 4274 4274 E ArmVmp : Match on catch block at 0xc3 in for 0x771101b025
02-18 17:09:02.565 4274 4274 E ArmVmp : Match on catch block at 0xc3 in for 0x771101b025
02-18 17:09:02.579 4274 4274 E ArmVmp : Match on catch block at 0xc3 in for 0x771101b025
02-18 17:09:02.581 4274 4274 E ArmVmp : Match on catch block at 0xc3 in for 0x771101b025
02-18 17:09:02.596 4274 4274 E ArmVmp : Match on catch block at 0xc3 in for 0x771101b025
02-18 17:09:02.598 4274 4274 E ArmVmp : Match on catch block at 0xc3 in for 0x771101b025
02-18 17:09:02.612 4274 4274 E ArmVmp : Match on catch block at 0xc3 in for 0x771101b025
02-18 17:09:02.615 4274 4274 E ArmVmp : Match on catch block at 0xc3 in for 0x771101b025
02-18 17:09:02.629 4274 4274 E ArmVmp : Match on catch block at 0xc3 in for 0x771101b025
02-18 17:09:02.631 4274 4274 E ArmVmp : Match on catch block at 0xc3 in for 0x771101b025
02-18 17:09:02.779 4274 4274 E ArmVmp : Match on catch block at 0xc3 in for 0x771101b025
02-18 17:09:02.781 4274 4274 E ArmVmp : Match on catch block at 0xc3 in for 0x771101b025
02-18 17:09:02.947 4274 4274 E ArmVmp : Match on catch block at 0xc3 in for 0x771101b025
02-18 17:09:02.951 4274 4274 E ArmVmp : Match on catch block at 0xc3 in for 0x771101b025
02-18 17:09:03.281 4274 4274 E ArmVmp : Match on catch block at 0xc3 in for 0x771101b025
02-18 17:09:03.285 4274 4274 E ArmVmp : Match on catch block at 0xc3 in for 0x771101b025
02-18 17:09:03.314 4274 4274 E ArmVmp : Match on catch block at 0xc3 in for 0x771101b025
02-18 17:09:03.318 4274 4274 E ArmVmp : Match on catch block at 0xc3 in for 0x771101b025
02-18 17:09:03.330 4274 4274 E ArmVmp : Match on catch block at 0xc3 in for 0x771101b025
02-18 17:09:03.334 4274 4274 E ArmVmp : Match on catch block at 0xc3 in for 0x771101b025
02-18 17:09:03.780 4274 4274 E ArmVmp : Match on catch block at 0xc3 in for 0x771101b025
02-18 17:09:03.784 4274 4274 E ArmVmp : Match on catch block at 0xc3 in for 0x771101b025
02-18 17:09:04.278 4274 4274 E ArmVmp : Match on catch block at 0xc3 in for 0x771101b025
02-18 17:09:04.281 4274 4274 E ArmVmp : Match on catch block at 0xc3 in for 0x771101b025
02-18 17:09:04.295 4274 4274 E ArmVmp : Match on catch block at 0xc3 in for 0x771101b025
02-18 17:09:04.297 4274 4274 E ArmVmp : Match on catch block at 0xc3 in for 0x771101b025
02-18 17:09:04.311 4274 4274 E ArmVmp : Match on catch block at 0xc3 in for 0x771101b025
02-18 17:09:04.313 4274 4274 E ArmVmp : Match on catch block at 0xc3 in for 0x771101b025
02-18 17:09:04.328 4274 4274 E ArmVmp : Match on catch block at 0xc3 in for 0x771101b025
02-18 17:09:04.330 4274 4274 E ArmVmp : Match on catch block at 0xc3 in for 0x771101b025
02-18 17:09:04.344 4274 4274 E ArmVmp : Match on catch block at 0xc3 in for 0x771101b025
02-18 17:09:04.349 4274 4274 E ArmVmp : Match on catch block at 0xc3 in for 0x771101b025
02-18 17:09:04.360 4274 4274 E ArmVmp : Match on catch block at 0xc3 in for 0x771101b025
02-18 17:09:04.362 4274 4274 E ArmVmp : Match on catch block at 0xc3 in for 0x771101b025
02-18 17:09:04.377 4274 4274 E ArmVmp : Match on catch block at 0xc3 in for 0x771101b025
02-18 17:09:04.381 4274 4274 E ArmVmp : Match on catch block at 0xc3 in for 0x771101b025
02-18 17:09:04.394 4274 4274 E ArmVmp : Match on catch block at 0xc3 in for 0x771101b025
02-18 17:09:04.396 4274 4274 E ArmVmp : Match on catch block at 0xc3 in for 0x771101b025
02-18 17:09:04.410 4274 4274 E ArmVmp : Match on catch block at 0xc3 in for 0x771101b025
02-18 17:09:04.414 4274 4274 E ArmVmp : Match on catch block at 0xc3 in for 0x771101b025
02-18 17:09:04.427 4274 4274 E ArmVmp : Match on catch block at 0xc3 in for 0x771101b025
02-18 17:09:04.429 4274 4274 E ArmVmp : Match on catch block at 0xc3 in for 0x771101b025
02-18 17:09:04.762 4274 4274 E ArmVmp : Match on catch block at 0xc3 in for 0x771101b025
02-18 17:09:04.766 4274 4274 E ArmVmp : Match on catch block at 0xc3 in for 0x771101b025
02-18 17:09:04.795 4274 4274 E ArmVmp : Match on catch block at 0xc3 in for 0x771101b025
