02-18 17:11:35.511 8153 8153 E ArmVmp : Match on catch block at 0xc3 in for 0x771101b025
02-18 17:11:35.519 8153 8153 E ArmVmp : Match on catch block at 0xc3 in for 0x771101b025
02-18 17:11:35.527 8153 8153 E ArmVmp : Match on catch block at 0xc3 in for 0x771101b025
02-18 17:11:35.529 8153 8153 E ArmVmp : Match on catch block at 0xc3 in for 0x771101b025
02-18 17:11:35.544 8153 8153 E ArmVmp : Match on catch block at 0xc3 in for 0x771101b025
02-18 17:11:35.546 8153 8153 E ArmVmp : Match on catch block at 0xc3 in for 0x771101b025
02-18 17:11:35.561 8153 8153 E ArmVmp : Match on catch block at 0xc3 in for 0x771101b025
02-18 17:11:35.563 8153 8153 E ArmVmp : Match on catch block at 0xc3 in for 0x771101b025
02-18 17:11:35.578 8153 8153 E ArmVmp : Match on catch block at 0xc3 in for 0x771101b025
02-18 17:11:35.580 8153 8153 E ArmVmp : Match on catch block at 0xc3 in for 0x771101b025
02-18 17:11:35.594 8153 8153 E ArmVmp : Match on catch block at 0xc3 in for 0x771101b025
02-18 17:11:35.597 8153 8153 E ArmVmp : Match on catch block at 0xc3 in for 0x771101b025
02-18 17:11:36.098 8153 8153 E ArmVmp : Match on catch block at 0xc3 in for 0x771101b025
02-18 17:11:36.101 8153 8153 E ArmVmp : Match on catch block at 0xc3 in for 0x771101b025
02-18 17:11:36.114 8153 9555 W AudioCapabilities: Unsupported mime audio/ima-adpcm
02-18 17:11:36.115 8153 9555 W AudioCapabilities: Unsupported mime audio/mpeg-L1
02-18 17:11:36.115 8153 9555 W AudioCapabilities: Unsupported mime audio/mpeg-L2
02-18 17:11:36.159 8153 9559 W ColorUtils: expected specified color aspects (0:0:0:0)
02-18 17:11:36.169 8153 9559 W Codec2Client: query -- param skipped: index = 1107298332.
02-18 17:11:36.169 8153 9559 W CCodec : This behavior is subject to change. It is recommended that app
developers double check whether the requested max input size is in reasonable range.
02-18 17:11:36.172 8153 9559 W Codec2Client: query -- param skipped: index = 1342179345.
02-18 17:11:36.172 8153 9559 W Codec2Client: query -- param skipped: index = 2415921170.
02-18 17:11:36.172 8153 9559 W Codec2Client: query -- param skipped: index = 1610614798.
02-18 17:11:36.173 8153 9559 W Codec2Client: query -- param skipped: index = 2684356609.
02-18 17:11:36.216 8153 9564 W Codec2Client: query -- param skipped: index = 1107298332.
02-18 17:11:36.216 8153 9564 W CCodec : This behavior is subject to change. It is recommended that app
developers double check whether the requested max input size is in reasonable range.
02-18 17:11:36.217 8153 9564 W Codec2Client: query -- param skipped: index = 1342179345.
02-18 17:11:36.217 8153 9564:36.216 8153 9564 W CCodec : This behavior is subject to change. It is
recommended that app developers double check whether the requested max input size is in reasonable range.
02-18 17:11:36.217 8153 9564 W Codec2Client: query -- param skipped: index = 1342179345.
02-18 17:11:36.217 8153 9564 W Codec2Client: query -- param skipped: index = 2415921170.
02-18 17:11:36.217 8153 9564 W Codec2Client: query -- param skipped: index = 1610614798.
02-18 17:11:36.245 8153 8153 E ArmVmp : Match on catch block at 0xc3 in for 0x771101b025
02-18 17:11:36.248 8153 8153 E ArmVmp : Match on catch block at 0xc3 in for 0x771101b025
02-18 17:11:36.247 8153 8153 W RenderThread: type=1400 audit(0.0:28687): avc: denied { getattr } for name="/"
dev="dmabuf" ino=1 scontext=u:r:untrusted_app:s0:c215,c256,c512,c768 tcontext=u:object_r:unlabeled:s0
tclass=filesystem permissive=0 app=com.mbwhatsapp
02-18 17:11:36.293 8153 8153 E ArmVmp : Match on catch block at 0xc3 in for 0x771101b025
02-18 17:11:36.298 8153 8153 E ArmVmp : Match on catch block at 0xc3 in for 0x771101b025
02-18 17:11:37.344 8153 8153 E ArmVmp : Match on catch block at 0xc3 in for 0x771101b025
02-18 17:11:37.346 8153 8153 E ArmVmp : Match on catch block at 0xc3 in for 0x771101b025
02-18 17:11:37.359 8153 8153 E ArmVmp : Match on catch block at 0xc3 in for 0x771101b025
02-18 17:11:37.361 8153 8153 E ArmVmp : Match on catch block at 0xc3 in for 0x771101b025
02-18 17:11:37.376 8153 8153 E ArmVmp : Match on catch block at 0xc3 in for 0x771101b025
02-18 17:11:37.378 8153 8153 E ArmVmp : Match on catch block at 0xc3 in for 0x771101b025
02-18 17:11:37.393 8153 8153 E ArmVmp : Match on catch block at 0xc3 in for 0x771101b025
02-18 17:11:37.395 8153 8153 E ArmVmp : Match on catch block at 0xc3 in for 0x771101b025
02-18 17:11:37.409 8153 8153 E ArmVmp : Match on catch block at 0xc3 in for 0x771101b025
02-18 17:11:37.411 8153 8153 E ArmVmp : Match on catch block at 0xc3 in for 0x771101b025
02-18 17:11:37.426 8153 8153 E ArmVmp : Match on catch block at 0xc3 in for 0x771101b025
02-18 17:11:37.429 8153 8153 E ArmVmp : Match on catch block at 0xc3 in for 0x771101b025
02-18 17:11:37.431 8153 8166 W AidlConversion: aidl2legacy_AudioChannelLayout_audio_channel_mask_t: no
legacy output audio_channel_mask_t found for AudioChannelLayout{layoutMask: 16}
02-18 17:11:37.435 8153 8166 W AidlConversion: aidl2legacy_AudioChannelLayout_audio_channel_mask_t: no
legacy output audio_channel_mask_t found for AudioChannelLayout{layoutMask: 16}
02-18 17:11:37.443 8153 8153 E ArmVmp : Match on catch block at 0xc3 in for 0x771101b025
02-18 17:11:37.447 8153 8153 E ArmVmp : Match on catch block at 0xc3 in for 0x771101b025
02-18 17:11:37.461 8153 8153 E ArmVmp : Match on catch block at 0xc3 in for 0x771101b025
02-18 17:11:37.464 8153 8153 E ArmVmp : Match on catch block at 0xc3 in for 0x771101b025
02-18 17:11:37.476 8153 8153 E ArmVmp : Match on catch block at 0xc3 in for 0x771101b025
02-18 17:11:37.478 8153 8153 E ArmVmp : Match on catch block at 0xc3 in for 0x771101b025
02-18 17:11:37.493 8153 8153 E ArmVmp : Match on catch block at 0xc3 in for 0x771101b025
02-18 17:11:37.497 8153 8153 E ArmVmp : Match on catch block at 0xc3 in for 0x771101b025
02-18 17:11:37.509 8153 8153 E ArmVmp : Match on catch block at 0xc3 in for 0x771101b025
02-18 17:11:37.511 8153 8153 E ArmVmp : Match on catch block at 0xc3 in for 0x771101b025
02-18 17:11:37.521 8153 9555 W AudioTrack: getTimestamp_l(949): retrograde timestamp time corrected,
10722953873829 < 10723214211983
02-18 17:11:37.526 8153 8153 E ArmVmp : Match on catch block at 0xc3 in for 0x771101b025
02-18 17:11:37.528 8153 8153 E ArmVmp : Match on catch block at 0xc3 in for 0x771101b025
02-18 17:11:37.543 8153 8153 E ArmVmp : Match on catch block at 0xc3 in for 0x771101b025
02-18 17:11:37.545 8153 8153 E ArmVmp : Match on catch block at 0xc3 in for 0x771101b025
02-18 17:11:37.559 8153 8153 E ArmVmp : Match on catch block at 0xc3 in for 0x771101b025
02-18 17:11:37.561 81 W Codec2Client: query -- param skipped: index = 2415921170.
02-18 17:11:36.217 8153 9564 W Codec2Client: query -- param skipped: index = 1610614798.
02-18 17:11:36.245 8153 8153 E ArmVmp : Match on catch block at 0xc3 in for 0x771101b025
02-18 17:11:36.248 8153 8153 E ArmVmp : Match on catch block at 0xc3 in for 0x771101b025
02-18 17:11:36.247 8153 8153 W RenderThread: type=1400 audit(0.0:28687): avc: denied { getattr } for name="/"
dev="dmabuf" ino=1 scontext=u:r:untrusted_app:s0:c215,c256,c512,c768 tcontext=u:object_r:unlabeled:s0
tclass=filesystem permissive=0 app=com.mbwhatsapp
02-18 17:11:36.293 8153 8153 E ArmVmp : Match on catch block at 0xc3 in for 0x771101b025
02-18 17:11:36.298 8153 8153 E ArmVmp : Match on catch block at 0xc3 in for 0x771101b025
02-18 17:11:37.344 8153 8153 E ArmVmp : Match on catch block at 0xc3 in for 0x771101b025
02-18 17:11:37.346 8153 8153 E ArmVmp : Match on catch block at 0xc3 in for 0x771101b025
02-18 17:11:37.359 8153 8153 E ArmVmp : Match on catch block at 0xc3 in for 0x771101b025
02-18 17:11:37.361 8153 8153 E ArmVmp : Match on catch block at 0xc3 in for 0x771101b025
02-18 17:11:37.376 8153 8153 E ArmVmp : Match on catch block at 0xc3 in for 0x771101b025
02-18 17:11:37.378 8153 8153 E ArmVmp : Match on catch block at 0xc3 in for 0x771101b025
02-18 17:11:37.393 8153 8153 E ArmVmp : Match on catch block at 0xc3 in for 0x771101b025
02-18 17:11:37.395 8153 8153 E ArmVmp : Match on catch block at 0xc3 in for 0x771101b025
02-18 17:11:37.409 8153 8153 E ArmVmp : Match on catch block at 0xc3 in for 0x771101b025
02-18 17:11:37.411 8153 8153 E ArmVmp : Match on catch block at 0xc3 in for 0x771101b025
02-18 17:11:37.426 8153 8153 E ArmVmp : Match on catch block at 0xc3 in for 0x771101b025
02-18 17:11:37.429 8153 8153 E ArmVmp : Match on catch block at 0xc3 in for 0x771101b025
02-18 17:11:37.431 8153 8166 W AidlConversion: aidl2legacy_AudioChannelLayout_audio_channel_mask_t: no
legacy output audio_channel_mask_t found for AudioChannelLayout{layoutMask: 16}
02-18 17:11:37.435 8153 8166 W AidlConversion: aidl2legacy_AudioChannelLayout_audio_channel_mask_t: no
legacy output audio_channel_mask_t found for AudioChannelLayout{layoutMask: 16}
02-18 17:11:37.443 8153 8153 E ArmVmp : Match on catch block at 0xc3 in for 0x771101b025
02-18 17:11:37.447 8153 8153 E ArmVmp : Match on catch block at 0xc3 in for 0x771101b025
02-18 17:11:37.461 8153 8153 E ArmVmp : Match on catch block at 0xc3 in for 0x771101b025
02-18 17:11:37.464 8153 8153 E ArmVmp : Match on catch block at 0xc3 in for 0x771101b025
02-18 17:11:37.476 8153 8153 E ArmVmp : Match on catch block at 0xc3 in for 0x771101b025
02-18 17:11:37.478 8153 8153 E ArmVmp : Match on catch block at 0xc3 in for 0x771101b025
02-18 17:11:37.493 8153 8153 E ArmVmp : Match on catch block at 0xc3 in for 0x771101b025
02-18 17:11:37.497 8153 8153 E ArmVmp : Match on catch block at 0xc3 in for 0x771101b025
02-18 17:11:37.509 8153 8153 E ArmVmp : Match on catch block at 0xc3 in for 0x771101b025
02-18 17:11:37.511 8153 8153 E ArmVmp : Match on catch block at 0xc3 in for 0x771101b025
02-18 17:11:37.521 8153 9555 W AudioTrack: getTimestamp_l(949): retrograde timestamp time corrected,
10722953873829 < 10723214211983
02-18 17:11:37.526 8153 8153 E ArmVmp : Match on catch block at 0xc3 in for 0x771101b025
02-18 17:11:37.528 8153 8153 E ArmVmp : Match on catch block at 0xc3 in for 0x771101b025
02-18 17:11:37.543 8153 8153 E ArmVmp : Match on catch block at 0xc3 in for 0x771101b025
02-18 17:11:37.545 8153 8153 E ArmVmp : Match on catch block at 0xc3 in for 0x771101b025
02-18 17:11:37.559 8153 8153 E ArmVmp : Match on catch block at 0xc3 in for 0x771101b025
02-18 17:11:37.561 8153 8153 E ArmVmp : Match on catch block at 0xc3 in for 0x771101b025
02-18 17:11:37.577 8153 8153 E ArmVmp : Match on catch block at 0xc3 in for 0x771101b025
02-18 17:11:37.580 8153 8153 E ArmVmp : Match on catch block at 0xc3 in for 0x771101b025
02-18 17:11:37.592 8153 8153 E ArmVmp : Matc53 8153 E ArmVmp : Match on catch block at 0xc3 in for
0x771101b025
02-18 17:11:37.577 8153 8153 E ArmVmp : Match on catch block at 0xc3 in for 0x771101b025
02-18 17:11:37.580 8153 8153 E ArmVmp : Match on catch block at 0xc3 in for 0x771101b025
02-18 17:11:37.592 8153 8153 E ArmVmp : Match on catch block at 0xc3 in for 0x771101b025
02-18 17:11:37.596 8153 8153 E ArmVmp : Match on catch block at 0xc3 in for 0x771101b025
02-18 17:11:37.610 8153 8153 E ArmVmp : Match on catch block at 0xc3 in for 0x771101b025
02-18 17:11:37.613 8153 8153 E ArmVmp : Match on catch block at 0xc3 in for 0x771101b025
02-18 17:11:37.611 8153 8153 W RenderThread: type=1400 audit(0.0:28688): avc: denied { getattr } for name="/"
dev="dmabuf" ino=1 scontext=u:r:untrusted_app:s0:c215,c256,c512,c768 tcontext=u:object_r:unlabeled:s0
tclass=filesystem permissive=0 app=com.mbwhatsapp
02-18 17:11:37.625 8153 8153 E ArmVmp : Match on catch block at 0xc3 in for 0x771101b025
02-18 17:11:37.630 8153 8153 E ArmVmp : Match on catch block at 0xc3 in for 0x771101b025
02-18 17:11:37.642 8153 8153 E ArmVmp : Match on catch block at 0xc3 in for 0x771101b025
02-18 17:11:37.644 8153 8153 E ArmVmp : Match on catch block at 0xc3 in for 0x771101b025
02-18 17:11:37.659 8153 8153 E ArmVmp : Match on catch block at 0xc3 in for 0x771101b025
02-18 17:11:37.661 8153 8153 E ArmVmp : Match on catch block at 0xc3 in for 0x771101b025
02-18 17:11:37.659 8153 8153 W RenderThread: type=1400 audit(0.0:28689): avc: denied { getattr } for name="/"
dev="dmabuf" ino=1 scontext=u:r:untrusted_app:s0:c215,c256,c512,c768 tcontext=u:object_r:unlabeled:s0
tclass=filesystem permissive=0 app=com.mbwhatsapp
02-18 17:11:37.675 8153 8153 E ArmVmp : Match on catch block at 0xc3 in for 0x771101b025
02-18 17:11:37.677 8153 8153 E ArmVmp : Match on catch block at 0xc3 in for 0x771101b025
02-18 17:11:37.693 8153 8153 E ArmVmp : Match on catch block at 0xc3 in for 0x771101b025
02-18 17:11:37.695 8153 8153 E ArmVmp : Match on catch block at 0xc3 in for 0x771101b025
02-18 17:11:37.709 8153 8153 E ArmVmp : Match on catch block at 0xc3 in for 0x771101b025
02-18 17:11:37.712 8153 8153 E ArmVmp : Match on catch block at 0xc3 in for 0x771101b025
02-18 17:11:37.725 8153 8153 E ArmVmp : Match on catch block at 0xc3 in for 0x771101b025
02-18 17:11:37.729 8153 8153 E ArmVmp : Match on catch block at 0xc3 in for 0x771101b025
02-18 17:11:37.727 8153 8153 W RenderThread: type=1400 audit(0.0:28690): avc: denied { getattr } for name="/"
dev="dmabuf" ino=1 scontext=u:r:untrusted_app:s0:c215,c256,c512,c768 tcontext=u:object_r:unlabeled:s0
tclass=filesystem permissive=0 app=com.mbwhatsapp
02-18 17:11:37.742 8153 8153 E ArmVmp : Match on catch block at 0xc3 in for 0x771101b025
02-18 17:11:37.744 8153 8153 E ArmVmp : Match on catch block at 0xc3 in for 0x771101b025
02-18 17:11:37.759 8153 8153 E ArmVmp : Match on catch block at 0xc3 in for 0x771101b025
02-18 17:11:37.763 8153 8153 E ArmVmp : Match on catch block at 0xc3 in for 0x771101b025
02-18 17:11:37.776 8153 8153 E ArmVmp : Match on catch block at 0xc3 in for 0x771101b025
02-18 17:11:37.779 8153 8153 E ArmVmp : Match on catch block at 0xc3 in for 0x771101b025
02-18 17:11:37.792 8153 8153 E ArmVmp : Match on catch block at 0xc3 in for 0x771101b025
02-18 17:11:37.795 8153 8153 E ArmVmp : Match on catch block at 0xc3 in for 0x771101b025
02-18 17:11:37.795 8153 8153 W RenderThread: type=1400 audit(0.0:28691): avc: denied { getattr } for name="/"
dev="dmabuf" ino=1 scontext=u:r:untrusted_app:s0:c215,c256,c512,c768 tcontext=u:object_r:unlabeled:s0
tclass=filesystem permissive=0 app=com.mbwhatsapp
02-18 17:11:37.809 8153 8153 E ArmVmp : Match on catch block at 0xc3 in for 0x771101b025
02-18 17:11:37.812 8153 8153 E ArmVmp : Match on catch block at 0xc3 in for 0x771101b025
02-18 17:11:37.827 8153 8153 E ArmVmp : Match on catch block at 0xc3 in for 0x771101b025
02-18 17:11:37.832 8153 8153 E ArmVmp : Match on catch block at 0xc3 in for 0x771101b025
02-18 17:11:37.842 8153 h on catch block at 0xc3 in for 0x771101b025
02-18 17:11:37.596 8153 8153 E ArmVmp : Match on catch block at 0xc3 in for 0x771101b025
02-18 17:11:37.610 8153 8153 E ArmVmp : Match on catch block at 0xc3 in for 0x771101b025
02-18 17:11:37.613 8153 8153 E ArmVmp : Match on catch block at 0xc3 in for 0x771101b025
02-18 17:11:37.611 8153 8153 W RenderThread: type=1400 audit(0.0:28688): avc: denied { getattr } for name="/"
dev="dmabuf" ino=1 scontext=u:r:untrusted_app:s0:c215,c256,c512,c768 tcontext=u:object_r:unlabeled:s0
tclass=filesystem permissive=0 app=com.mbwhatsapp
02-18 17:11:37.625 8153 8153 E ArmVmp : Match on catch block at 0xc3 in for 0x771101b025
02-18 17:11:37.630 8153 8153 E ArmVmp : Match on catch block at 0xc3 in for 0x771101b025
02-18 17:11:37.642 8153 8153 E ArmVmp : Match on catch block at 0xc3 in for 0x771101b025
02-18 17:11:37.644 8153 8153 E ArmVmp : Match on catch block at 0xc3 in for 0x771101b025
02-18 17:11:37.659 8153 8153 E ArmVmp : Match on catch block at 0xc3 in for 0x771101b025
02-18 17:11:37.661 8153 8153 E ArmVmp : Match on catch block at 0xc3 in for 0x771101b025
02-18 17:11:37.659 8153 8153 W RenderThread: type=1400 audit(0.0:28689): avc: denied { getattr } for name="/"
dev="dmabuf" ino=1 scontext=u:r:untrusted_app:s0:c215,c256,c512,c768 tcontext=u:object_r:unlabeled:s0
tclass=filesystem permissive=0 app=com.mbwhatsapp
02-18 17:11:37.675 8153 8153 E ArmVmp : Match on catch block at 0xc3 in for 0x771101b025
02-18 17:11:37.677 8153 8153 E ArmVmp : Match on catch block at 0xc3 in for 0x771101b025
02-18 17:11:37.693 8153 8153 E ArmVmp : Match on catch block at 0xc3 in for 0x771101b025
02-18 17:11:37.695 8153 8153 E ArmVmp : Match on catch block at 0xc3 in for 0x771101b025
02-18 17:11:37.709 8153 8153 E ArmVmp : Match on catch block at 0xc3 in for 0x771101b025
02-18 17:11:37.712 8153 8153 E ArmVmp : Match on catch block at 0xc3 in for 0x771101b025
02-18 17:11:37.725 8153 8153 E ArmVmp : Match on catch block at 0xc3 in for 0x771101b025
02-18 17:11:37.729 8153 8153 E ArmVmp : Match on catch block at 0xc3 in for 0x771101b025
02-18 17:11:37.727 8153 8153 W RenderThread: type=1400 audit(0.0:28690): avc: denied { getattr } for name="/"
dev="dmabuf" ino=1 scontext=u:r:untrusted_app:s0:c215,c256,c512,c768 tcontext=u:object_r:unlabeled:s0
tclass=filesystem permissive=0 app=com.mbwhatsapp
02-18 17:11:37.742 8153 8153 E ArmVmp : Match on catch block at 0xc3 in for 0x771101b025
02-18 17:11:37.744 8153 8153 E ArmVmp : Match on catch block at 0xc3 in for 0x771101b025
02-18 17:11:37.759 8153 8153 E ArmVmp : Match on catch block at 0xc3 in for 0x771101b025
02-18 17:11:37.763 8153 8153 E ArmVmp : Match on catch block at 0xc3 in for 0x771101b025
02-18 17:11:37.776 8153 8153 E ArmVmp : Match on catch block at 0xc3 in for 0x771101b025
02-18 17:11:37.779 8153 8153 E ArmVmp : Match on catch block at 0xc3 in for 0x771101b025
02-18 17:11:37.792 8153 8153 E ArmVmp : Match on catch block at 0xc3 in for 0x771101b025
02-18 17:11:37.795 8153 8153 E ArmVmp : Match on catch block at 0xc3 in for 0x771101b025
02-18 17:11:37.795 8153 8153 W RenderThread: type=1400 audit(0.0:28691): avc: denied { getattr } for name="/"
dev="dmabuf" ino=1 scontext=u:r:untrusted_app:s0:c215,c256,c512,c768 tcontext=u:object_r:unlabeled:s0
tclass=filesystem permissive=0 app=com.mbwhatsapp
02-18 17:11:37.809 8153 8153 E ArmVmp : Match on catch block at 0xc3 in for 0x771101b025
02-18 17:11:37.812 8153 8153 E ArmVmp : Match on catch block at 0xc3 in for 0x771101b025
02-18 17:11:37.827 8153 8153 E ArmVmp : Match on catch block at 0xc3 in for 0x771101b025
02-18 17:11:37.832 8153 8153 E ArmVmp : Match on catch block at 0xc3 in for 0x771101b025
02-18 17:11:37.842 8153 8153 E ArmVmp : Match on catch block at 0xc3 in for 0x771101b025
02-18 17:11:37.846 8153 8153 E ArmVmp : Match on catch block at 0xc3 in for 0x771101b025
02-18 17:11:37.847 8153 8153 W RenderThread: type=1400 audit(0.0:28692): avc: denied { getattr } for name="/"
dev="dmabuf" ino=1 scontext=u:r8153 E ArmVmp : Match on catch block at 0xc3 in for 0x771101b025
02-18 17:11:37.846 8153 8153 E ArmVmp : Match on catch block at 0xc3 in for 0x771101b025
02-18 17:11:37.847 8153 8153 W RenderThread: type=1400 audit(0.0:28692): avc: denied { getattr } for name="/"
dev="dmabuf" ino=1 scontext=u:r:untrusted_app:s0:c215,c256,c512,c768 tcontext=u:object_r:unlabeled:s0
tclass=filesystem permissive=0 app=com.mbwhatsapp
02-18 17:11:37.859 8153 8153 E ArmVmp : Match on catch block at 0xc3 in for 0x771101b025
02-18 17:11:37.863 8153 8153 E ArmVmp : Match on catch block at 0xc3 in for 0x771101b025
02-18 17:11:37.876 8153 8153 E ArmVmp : Match on catch block at 0xc3 in for 0x771101b025
02-18 17:11:37.880 8153 8153 E ArmVmp : Match on catch block at 0xc3 in for 0x771101b025
02-18 17:11:37.892 8153 8153 E ArmVmp : Match on catch block at 0xc3 in for 0x771101b025
02-18 17:11:37.896 8153 8153 E ArmVmp : Match on catch block at 0xc3 in for 0x771101b025
02-18 17:11:37.908 8153 8153 E ArmVmp : Match on catch block at 0xc3 in for 0x771101b025
02-18 17:11:37.915 8153 8153 E ArmVmp : Match on catch block at 0xc3 in for 0x771101b025
02-18 17:11:37.915 8153 8153 W RenderThread: type=1400 audit(0.0:28693): avc: denied { getattr } for name="/"
dev="dmabuf" ino=1 scontext=u:r:untrusted_app:s0:c215,c256,c512,c768 tcontext=u:object_r:unlabeled:s0
tclass=filesystem permissive=0 app=com.mbwhatsapp
02-18 17:11:37.925 8153 8153 E ArmVmp : Match on catch block at 0xc3 in for 0x771101b025
02-18 17:11:37.929 8153 8153 E ArmVmp : Match on catch block at 0xc3 in for 0x771101b025
02-18 17:11:37.942 8153 8153 E ArmVmp : Match on catch block at 0xc3 in for 0x771101b025
02-18 17:11:37.946 8153 8153 E ArmVmp : Match on catch block at 0xc3 in for 0x771101b025
02-18 17:11:37.959 8153 8153 E ArmVmp : Match on catch block at 0xc3 in for 0x771101b025
02-18 17:11:37.965 8153 8153 E ArmVmp : Match on catch block at 0xc3 in for 0x771101b025
02-18 17:11:37.975 8153 8153 E ArmVmp : Match on catch block at 0xc3 in for 0x771101b025
02-18 17:11:37.977 8153 8153 E ArmVmp : Match on catch block at 0xc3 in for 0x771101b025
02-18 17:11:37.993 8153 8153 E ArmVmp : Match on catch block at 0xc3 in for 0x771101b025
02-18 17:11:37.996 8153 8153 E ArmVmp : Match on catch block at 0xc3 in for 0x771101b025
02-18 17:11:38.010 8153 8153 E ArmVmp : Match on catch block at 0xc3 in for 0x771101b025
02-18 17:11:38.012 8153 8153 E ArmVmp : Match on catch block at 0xc3 in for 0x771101b025
02-18 17:11:38.027 8153 8153 E ArmVmp : Match on catch block at 0xc3 in for 0x771101b025
02-18 17:11:38.030 8153 8153 E ArmVmp : Match on catch block at 0xc3 in for 0x771101b025
02-18 17:11:38.043 8153 8153 E ArmVmp : Match on catch block at 0xc3 in for 0x771101b025
02-18 17:11:38.046 8153 8153 E ArmVmp : Match on catch block at 0xc3 in for 0x771101b025
02-18 17:11:38.061 8153 9558 W Codec2Client: query -- param skipped: index = 1342179345.
02-18 17:11:38.061 8153 9558 W Codec2Client: query -- param skipped: index = 2415921170.
02-18 17:11:38.061 8153 9558 W Codec2Client: query -- param skipped: index = 1610614798.
02-18 17:11:38.064 8153 9564 W Codec2Client: query -- param skipped: index = 1342179345.
02-18 17:11:38.064 8153 9564 W Codec2Client: query -- param skipped: index = 2415921170.
02-18 17:11:38.064 8153 9564 W Codec2Client: query -- param skipped: index = 1610614798.
02-18 17:11:38.099 8153 8153 E ArmVmp : Match on catch block at 0xc3 in for 0x771101b025
02-18 17:11:38.102 8153 8153 E ArmVmp : Match on catch block at 0xc3 in for 0x771101b025
02-18 17:11:38.112 8153 8153 E ArmVmp : Match on catch block at 0xc3 in for 0x771101b025
02-18 17:11:38.116 8153 8153 E ArmVmp : Match on catch block at 0xc3 in for 0x771101b025
02-18 17:11:38.127 8153 8153 E ArmVmp : Match on catch block at 0xc3 in for 0x771101b025
02-18 17:11:38.129 8153 8153 E ArmVmp : Match on catch block at 0xc3 in for 0x771101b025
02-18 17:11:38.143 8153 8153 E ArmVmp : Match on catch block at 0xc3 in for 0x771101b025
02-18 17:11::untrusted_app:s0:c215,c256,c512,c768 tcontext=u:object_r:unlabeled:s0 tclass=filesystem permissive=0
app=com.mbwhatsapp
02-18 17:11:37.859 8153 8153 E ArmVmp : Match on catch block at 0xc3 in for 0x771101b025
02-18 17:11:37.863 8153 8153 E ArmVmp : Match on catch block at 0xc3 in for 0x771101b025
02-18 17:11:37.876 8153 8153 E ArmVmp : Match on catch block at 0xc3 in for 0x771101b025
02-18 17:11:37.880 8153 8153 E ArmVmp : Match on catch block at 0xc3 in for 0x771101b025
02-18 17:11:37.892 8153 8153 E ArmVmp : Match on catch block at 0xc3 in for 0x771101b025
02-18 17:11:37.896 8153 8153 E ArmVmp : Match on catch block at 0xc3 in for 0x771101b025
02-18 17:11:37.908 8153 8153 E ArmVmp : Match on catch block at 0xc3 in for 0x771101b025
02-18 17:11:37.915 8153 8153 E ArmVmp : Match on catch block at 0xc3 in for 0x771101b025
02-18 17:11:37.915 8153 8153 W RenderThread: type=1400 audit(0.0:28693): avc: denied { getattr } for name="/"
dev="dmabuf" ino=1 scontext=u:r:untrusted_app:s0:c215,c256,c512,c768 tcontext=u:object_r:unlabeled:s0
tclass=filesystem permissive=0 app=com.mbwhatsapp
02-18 17:11:37.925 8153 8153 E ArmVmp : Match on catch block at 0xc3 in for 0x771101b025
02-18 17:11:37.929 8153 8153 E ArmVmp : Match on catch block at 0xc3 in for 0x771101b025
02-18 17:11:37.942 8153 8153 E ArmVmp : Match on catch block at 0xc3 in for 0x771101b025
02-18 17:11:37.946 8153 8153 E ArmVmp : Match on catch block at 0xc3 in for 0x771101b025
02-18 17:11:37.959 8153 8153 E ArmVmp : Match on catch block at 0xc3 in for 0x771101b025
02-18 17:11:37.965 8153 8153 E ArmVmp : Match on catch block at 0xc3 in for 0x771101b025
02-18 17:11:37.975 8153 8153 E ArmVmp : Match on catch block at 0xc3 in for 0x771101b025
02-18 17:11:37.977 8153 8153 E ArmVmp : Match on catch block at 0xc3 in for 0x771101b025
02-18 17:11:37.993 8153 8153 E ArmVmp : Match on catch block at 0xc3 in for 0x771101b025
02-18 17:11:37.996 8153 8153 E ArmVmp : Match on catch block at 0xc3 in for 0x771101b025
02-18 17:11:38.010 8153 8153 E ArmVmp : Match on catch block at 0xc3 in for 0x771101b025
02-18 17:11:38.012 8153 8153 E ArmVmp : Match on catch block at 0xc3 in for 0x771101b025
02-18 17:11:38.027 8153 8153 E ArmVmp : Match on catch block at 0xc3 in for 0x771101b025
02-18 17:11:38.030 8153 8153 E ArmVmp : Match on catch block at 0xc3 in for 0x771101b025
02-18 17:11:38.043 8153 8153 E ArmVmp : Match on catch block at 0xc3 in for 0x771101b025
02-18 17:11:38.046 8153 8153 E ArmVmp : Match on catch block at 0xc3 in for 0x771101b025
02-18 17:11:38.061 8153 9558 W Codec2Client: query -- param skipped: index = 1342179345.
02-18 17:11:38.061 8153 9558 W Codec2Client: query -- param skipped: index = 2415921170.
02-18 17:11:38.061 8153 9558 W Codec2Client: query -- param skipped: index = 1610614798.
02-18 17:11:38.064 8153 9564 W Codec2Client: query -- param skipped: index = 1342179345.
02-18 17:11:38.064 8153 9564 W Codec2Client: query -- param skipped: index = 2415921170.
02-18 17:11:38.064 8153 9564 W Codec2Client: query -- param skipped: index = 1610614798.
02-18 17:11:38.099 8153 8153 E ArmVmp : Match on catch block at 0xc3 in for 0x771101b025
02-18 17:11:38.102 8153 8153 E ArmVmp : Match on catch block at 0xc3 in for 0x771101b025
02-18 17:11:38.112 8153 8153 E ArmVmp : Match on catch block at 0xc3 in for 0x771101b025
02-18 17:11:38.116 8153 8153 E ArmVmp : Match on catch block at 0xc3 in for 0x771101b025
02-18 17:11:38.127 8153 8153 E ArmVmp : Match on catch block at 0xc3 in for 0x771101b025
02-18 17:11:38.129 8153 8153 E ArmVmp : Match on catch block at 0xc3 in for 0x771101b025
02-18 17:11:38.143 8153 8153 E ArmVmp : Match on catch block at 0xc3 in for 0x771101b025
02-18 17:11:38.146 8153 8153 E ArmVmp : Match on catch block at 0xc3 in for 0x771101b025
02-18 17:11:38.158 8153 8153 E ArmVmp : Match on catch block at 0xc3 in for 0x771101b025
02-18 17:11:38.164 8153 8153 E ArmVmp : Match on catch block at 0xc3 in for 0x771101b025
02-18 17:11:38.176 8153 8153 E ArmV38.146 8153 8153 E ArmVmp : Match on catch block at 0xc3 in for
0x771101b025
02-18 17:11:38.158 8153 8153 E ArmVmp : Match on catch block at 0xc3 in for 0x771101b025
02-18 17:11:38.164 8153 8153 E ArmVmp : Match on catch block at 0xc3 in for 0x771101b025
02-18 17:11:38.176 8153 8153 E ArmVmp : Match on catch block at 0xc3 in for 0x771101b025
02-18 17:11:38.179 8153 8153 E ArmVmp : Match on catch block at 0xc3 in for 0x771101b025
02-18 17:11:38.193 8153 8153 E ArmVmp : Match on catch block at 0xc3 in for 0x771101b025
02-18 17:11:38.195 8153 8153 E ArmVmp : Match on catch block at 0xc3 in for 0x771101b025
02-18 17:11:38.876 8153 8153 E ArmVmp : Match on catch block at 0xc3 in for 0x771101b025
02-18 17:11:38.880 8153 8153 E ArmVmp : Match on catch block at 0xc3 in for 0x771101b025
02-18 17:11:38.892 8153 8153 E ArmVmp : Match on catch block at 0xc3 in for 0x771101b025
02-18 17:11:38.897 8153 8153 E ArmVmp : Match on catch block at 0xc3 in for 0x771101b025
02-18 17:11:38.909 8153 8153 E ArmVmp : Match on catch block at 0xc3 in for 0x771101b025
02-18 17:11:38.913 8153 8153 E ArmVmp : Match on catch block at 0xc3 in for 0x771101b025
02-18 17:11:38.926 8153 8153 E ArmVmp : Match on catch block at 0xc3 in for 0x771101b025
02-18 17:11:38.930 8153 8153 E ArmVmp : Match on catch block at 0xc3 in for 0x771101b025
02-18 17:11:38.942 8153 8153 E ArmVmp : Match on catch block at 0xc3 in for 0x771101b025
02-18 17:11:38.947 8153 8153 E ArmVmp : Match on catch block at 0xc3 in for 0x771101b025
02-18 17:11:38.959 8153 8153 E ArmVmp : Match on catch block at 0xc3 in for 0x771101b025
02-18 17:11:38.962 8153 8153 E ArmVmp : Match on catch block at 0xc3 in for 0x771101b025
02-18 17:11:38.975 8153 8153 E ArmVmp : Match on catch block at 0xc3 in for 0x771101b025
02-18 17:11:38.980 8153 8153 E ArmVmp : Match on catch block at 0xc3 in for 0x771101b025
02-18 17:11:38.992 8153 8153 E ArmVmp : Match on catch block at 0xc3 in for 0x771101b025
02-18 17:11:38.995 8153 8153 E ArmVmp : Match on catch block at 0xc3 in for 0x771101b025
02-18 17:11:39.008 8153 8153 E ArmVmp : Match on catch block at 0xc3 in for 0x771101b025
02-18 17:11:39.013 8153 8153 E ArmVmp : Match on catch block at 0xc3 in for 0x771101b025
02-18 17:11:39.025 8153 8153 E ArmVmp : Match on catch block at 0xc3 in for 0x771101b025
02-18 17:11:39.030 8153 8153 E ArmVmp : Match on catch block at 0xc3 in for 0x771101b025
02-18 17:11:39.041 8153 8153 E ArmVmp : Match on catch block at 0xc3 in for 0x771101b025
02-18 17:11:39.046 8153 8153 E ArmVmp : Match on catch block at 0xc3 in for 0x771101b025
02-18 17:11:39.058 8153 8153 E ArmVmp : Match on catch block at 0xc3 in for 0x771101b025
02-18 17:11:39.062 8153 8153 E ArmVmp : Match on catch block at 0xc3 in for 0x771101b025
02-18 17:11:39.075 8153 8153 E ArmVmp : Match on catch block at 0xc3 in for 0x771101b025
02-18 17:11:39.080 8153 8153 E ArmVmp : Match on catch block at 0xc3 in for 0x771101b025
02-18 17:11:39.092 8153 8153 E ArmVmp : Match on catch block at 0xc3 in for 0x771101b025
02-18 17:11:39.097 8153 8153 E ArmVmp : Match on catch block at 0xc3 in for 0x771101b025
02-18 17:11:39.108 8153 8153 E ArmVmp : Match on catch block at 0xc3 in for 0x771101b025
02-18 17:11:39.113 8153 8153 E ArmVmp : Match on catch block at 0xc3 in for 0x771101b025
02-18 17:11:39.124 8153 8153 E ArmVmp : Match on catch block at 0xc3 in for 0x771101b025
02-18 17:11:39.128 8153 8153 E ArmVmp : Match on catch block at 0xc3 in for 0x771101b025
02-18 17:11:39.141 8153 8153 E ArmVmp : Match on catch block at 0xc3 in for 0x771101b025
02-18 17:11:39.146 8153 8153 E ArmVmp : Match on catch block at 0xc3 in for 0x771101b025
02-18 17:11:39.157 8153 8153 E ArmVmp : Match on catch block at 0xc3 in for 0x771101b025
02-18 17:11:39.168 8153 8153 E ArmVmp : Match on catch block at 0xc3 in for 0x771101b025
02-18 17:11:39.175 8153 8153 E ArmVmp : Match on catch block at 0xc3 in for 0x771101b025
02-18 17:11:39.179 8153 8153 E ArmVmp : Match on catch blmp : Match on catch block at 0xc3 in for
0x771101b025
02-18 17:11:38.179 8153 8153 E ArmVmp : Match on catch block at 0xc3 in for 0x771101b025
02-18 17:11:38.193 8153 8153 E ArmVmp : Match on catch block at 0xc3 in for 0x771101b025
02-18 17:11:38.195 8153 8153 E ArmVmp : Match on catch block at 0xc3 in for 0x771101b025
02-18 17:11:38.876 8153 8153 E ArmVmp : Match on catch block at 0xc3 in for 0x771101b025
02-18 17:11:38.880 8153 8153 E ArmVmp : Match on catch block at 0xc3 in for 0x771101b025
02-18 17:11:38.892 8153 8153 E ArmVmp : Match on catch block at 0xc3 in for 0x771101b025
02-18 17:11:38.897 8153 8153 E ArmVmp : Match on catch block at 0xc3 in for 0x771101b025
02-18 17:11:38.909 8153 8153 E ArmVmp : Match on catch block at 0xc3 in for 0x771101b025
02-18 17:11:38.913 8153 8153 E ArmVmp : Match on catch block at 0xc3 in for 0x771101b025
02-18 17:11:38.926 8153 8153 E ArmVmp : Match on catch block at 0xc3 in for 0x771101b025
02-18 17:11:38.930 8153 8153 E ArmVmp : Match on catch block at 0xc3 in for 0x771101b025
02-18 17:11:38.942 8153 8153 E ArmVmp : Match on catch block at 0xc3 in for 0x771101b025
02-18 17:11:38.947 8153 8153 E ArmVmp : Match on catch block at 0xc3 in for 0x771101b025
02-18 17:11:38.959 8153 8153 E ArmVmp : Match on catch block at 0xc3 in for 0x771101b025
02-18 17:11:38.962 8153 8153 E ArmVmp : Match on catch block at 0xc3 in for 0x771101b025
02-18 17:11:38.975 8153 8153 E ArmVmp : Match on catch block at 0xc3 in for 0x771101b025
02-18 17:11:38.980 8153 8153 E ArmVmp : Match on catch block at 0xc3 in for 0x771101b025
02-18 17:11:38.992 8153 8153 E ArmVmp : Match on catch block at 0xc3 in for 0x771101b025
02-18 17:11:38.995 8153 8153 E ArmVmp : Match on catch block at 0xc3 in for 0x771101b025
02-18 17:11:39.008 8153 8153 E ArmVmp : Match on catch block at 0xc3 in for 0x771101b025
02-18 17:11:39.013 8153 8153 E ArmVmp : Match on catch block at 0xc3 in for 0x771101b025
02-18 17:11:39.025 8153 8153 E ArmVmp : Match on catch block at 0xc3 in for 0x771101b025
02-18 17:11:39.030 8153 8153 E ArmVmp : Match on catch block at 0xc3 in for 0x771101b025
02-18 17:11:39.041 8153 8153 E ArmVmp : Match on catch block at 0xc3 in for 0x771101b025
02-18 17:11:39.046 8153 8153 E ArmVmp : Match on catch block at 0xc3 in for 0x771101b025
02-18 17:11:39.058 8153 8153 E ArmVmp : Match on catch block at 0xc3 in for 0x771101b025
02-18 17:11:39.062 8153 8153 E ArmVmp : Match on catch block at 0xc3 in for 0x771101b025
02-18 17:11:39.075 8153 8153 E ArmVmp : Match on catch block at 0xc3 in for 0x771101b025
02-18 17:11:39.080 8153 8153 E ArmVmp : Match on catch block at 0xc3 in for 0x771101b025
02-18 17:11:39.092 8153 8153 E ArmVmp : Match on catch block at 0xc3 in for 0x771101b025
02-18 17:11:39.097 8153 8153 E ArmVmp : Match on catch block at 0xc3 in for 0x771101b025
02-18 17:11:39.108 8153 8153 E ArmVmp : Match on catch block at 0xc3 in for 0x771101b025
02-18 17:11:39.113 8153 8153 E ArmVmp : Match on catch block at 0xc3 in for 0x771101b025
02-18 17:11:39.124 8153 8153 E ArmVmp : Match on catch block at 0xc3 in for 0x771101b025
02-18 17:11:39.128 8153 8153 E ArmVmp : Match on catch block at 0xc3 in for 0x771101b025
02-18 17:11:39.141 8153 8153 E ArmVmp : Match on catch block at 0xc3 in for 0x771101b025
02-18 17:11:39.146 8153 8153 E ArmVmp : Match on catch block at 0xc3 in for 0x771101b025
02-18 17:11:39.157 8153 8153 E ArmVmp : Match on catch block at 0xc3 in for 0x771101b025
02-18 17:11:39.168 8153 8153 E ArmVmp : Match on catch block at 0xc3 in for 0x771101b025
02-18 17:11:39.175 8153 8153 E ArmVmp : Match on catch block at 0xc3 in for 0x771101b025
02-18 17:11:39.179 8153 8153 E ArmVmp : Match on catch block at 0xc3 in for 0x771101b025
02-18 17:11:39.625 8153 8153 E ArmVmp : Match on catch block at 0xc3 in for 0x771101b025
02-18 17:11:39.628 8153 8153 E ArmVmp : Match on catch block at 0xc3 in for 0x771101b025
02-18 17:11:39.709 8153 8153 E ArmVmp : Match on catch block at 0xc3 in for 0x7711ock at 0xc3 in for
0x771101b025
02-18 17:11:39.625 8153 8153 E ArmVmp : Match on catch block at 0xc3 in for 0x771101b025
02-18 17:11:39.628 8153 8153 E ArmVmp : Match on catch block at 0xc3 in for 0x771101b025
02-18 17:11:39.709 8153 8153 E ArmVmp : Match on catch block at 0xc3 in for 0x771101b025
02-18 17:11:39.713 8153 8153 E ArmVmp : Match on catch block at 0xc3 in for 0x771101b025
02-18 17:11:39.725 8153 8153 E ArmVmp : Match on catch block at 0xc3 in for 0x771101b025
02-18 17:11:39.727 8153 8153 E ArmVmp : Match on catch block at 0xc3 in for 0x771101b025
02-18 17:11:39.742 8153 8153 E ArmVmp : Match on catch block at 0xc3 in for 0x771101b025
02-18 17:11:39.744 8153 8153 E ArmVmp : Match on catch block at 0xc3 in for 0x771101b025
02-18 17:11:39.757 8153 8153 E ArmVmp : Match on catch block at 0xc3 in for 0x771101b025
02-18 17:11:39.759 8153 8153 E ArmVmp : Match on catch block at 0xc3 in for 0x771101b025
02-18 17:11:39.774 8153 8153 E ArmVmp : Match on catch block at 0xc3 in for 0x771101b025
02-18 17:11:39.777 8153 8153 E ArmVmp : Match on catch block at 0xc3 in for 0x771101b025
02-18 17:11:39.790 8153 8153 E ArmVmp : Match on catch block at 0xc3 in for 0x771101b025
02-18 17:11:39.792 8153 8153 E ArmVmp : Match on catch block at 0xc3 in for 0x771101b025
02-18 17:11:39.807 8153 8153 E ArmVmp : Match on catch block at 0xc3 in for 0x771101b025
02-18 17:11:39.809 8153 8153 E ArmVmp : Match on catch block at 0xc3 in for 0x771101b025
02-18 17:11:39.824 8153 8153 E ArmVmp : Match on catch block at 0xc3 in for 0x771101b025
02-18 17:11:39.827 8153 8153 E ArmVmp : Match on catch block at 0xc3 in for 0x771101b025
02-18 17:11:39.840 8153 8153 E ArmVmp : Match on catch block at 0xc3 in for 0x771101b025
02-18 17:11:39.844 8153 8153 E ArmVmp : Match on catch block at 0xc3 in for 0x771101b025
02-18 17:11:39.859 8153 8153 E ArmVmp : Match on catch block at 0xc3 in for 0x771101b025
02-18 17:11:39.861 8153 8153 E ArmVmp : Match on catch block at 0xc3 in for 0x771101b025
02-18 17:11:39.874 8153 8153 E ArmVmp : Match on catch block at 0xc3 in for 0x771101b025
02-18 17:11:39.877 8153 8153 E ArmVmp : Match on catch block at 0xc3 in for 0x771101b025
02-18 17:11:39.890 8153 8153 E ArmVmp : Match on catch block at 0xc3 in for 0x771101b025
02-18 17:11:39.892 8153 8153 E ArmVmp : Match on catch block at 0xc3 in for 0x771101b025
02-18 17:11:39.907 8153 8153 E ArmVmp : Match on catch block at 0xc3 in for 0x771101b025
02-18 17:11:39.909 8153 8153 E ArmVmp : Match on catch block at 0xc3 in for 0x771101b025
02-18 17:11:39.924 8153 8153 E ArmVmp : Match on catch block at 0xc3 in for 0x771101b025
02-18 17:11:39.926 8153 8153 E ArmVmp : Match on catch block at 0xc3 in for 0x771101b025
02-18 17:11:39.941 8153 8153 E ArmVmp : Match on catch block at 0xc3 in for 0x771101b025
02-18 17:11:39.945 8153 8153 E ArmVmp : Match on catch block at 0xc3 in for 0x771101b025
02-18 17:11:39.958 8153 8153 E ArmVmp : Match on catch block at 0xc3 in for 0x771101b025
02-18 17:11:39.961 8153 8153 E ArmVmp : Match on catch block at 0xc3 in for 0x771101b025
02-18 17:11:39.974 8153 8153 E ArmVmp : Match on catch block at 0xc3 in for 0x771101b025
02-18 17:11:39.975 8153 8153 E ArmVmp : Match on catch block at 0xc3 in for 0x771101b025
02-18 17:11:39.990 8153 8153 E ArmVmp : Match on catch block at 0xc3 in for 0x771101b025
02-18 17:11:39.993 8153 8153 E ArmVmp : Match on catch block at 0xc3 in for 0x771101b025
02-18 17:11:40.007 8153 8153 E ArmVmp : Match on catch block at 0xc3 in for 0x771101b025
02-18 17:11:40.009 8153 8153 E ArmVmp : Match on catch block at 0xc3 in for 0x771101b025
02-18 17:11:40.025 8153 8153 E ArmVmp : Match on catch block at 0xc3 in for 0x771101b025
02-18 17:11:40.027 8153 8153 E ArmVmp : Match on catch block at 0xc3 in for 0x771101b025
02-18 17:11:40.042 8153 8153 E ArmVmp : Match on catch block at 0xc3 in for 0x771101b025
02-18 17:11:40.045 8153 8153 E ArmVmp : Match on catch block at 0xc3 in for 0x771101b025
02-18 17:11:40.001b025
02-18 17:11:39.713 8153 8153 E ArmVmp : Match on catch block at 0xc3 in for 0x771101b025
02-18 17:11:39.725 8153 8153 E ArmVmp : Match on catch block at 0xc3 in for 0x771101b025
02-18 17:11:39.727 8153 8153 E ArmVmp : Match on catch block at 0xc3 in for 0x771101b025
02-18 17:11:39.742 8153 8153 E ArmVmp : Match on catch block at 0xc3 in for 0x771101b025
02-18 17:11:39.744 8153 8153 E ArmVmp : Match on catch block at 0xc3 in for 0x771101b025
02-18 17:11:39.757 8153 8153 E ArmVmp : Match on catch block at 0xc3 in for 0x771101b025
02-18 17:11:39.759 8153 8153 E ArmVmp : Match on catch block at 0xc3 in for 0x771101b025
02-18 17:11:39.774 8153 8153 E ArmVmp : Match on catch block at 0xc3 in for 0x771101b025
02-18 17:11:39.777 8153 8153 E ArmVmp : Match on catch block at 0xc3 in for 0x771101b025
02-18 17:11:39.790 8153 8153 E ArmVmp : Match on catch block at 0xc3 in for 0x771101b025
02-18 17:11:39.792 8153 8153 E ArmVmp : Match on catch block at 0xc3 in for 0x771101b025
02-18 17:11:39.807 8153 8153 E ArmVmp : Match on catch block at 0xc3 in for 0x771101b025
02-18 17:11:39.809 8153 8153 E ArmVmp : Match on catch block at 0xc3 in for 0x771101b025
02-18 17:11:39.824 8153 8153 E ArmVmp : Match on catch block at 0xc3 in for 0x771101b025
02-18 17:11:39.827 8153 8153 E ArmVmp : Match on catch block at 0xc3 in for 0x771101b025
02-18 17:11:39.840 8153 8153 E ArmVmp : Match on catch block at 0xc3 in for 0x771101b025
02-18 17:11:39.844 8153 8153 E ArmVmp : Match on catch block at 0xc3 in for 0x771101b025
02-18 17:11:39.859 8153 8153 E ArmVmp : Match on catch block at 0xc3 in for 0x771101b025
02-18 17:11:39.861 8153 8153 E ArmVmp : Match on catch block at 0xc3 in for 0x771101b025
02-18 17:11:39.874 8153 8153 E ArmVmp : Match on catch block at 0xc3 in for 0x771101b025
02-18 17:11:39.877 8153 8153 E ArmVmp : Match on catch block at 0xc3 in for 0x771101b025
02-18 17:11:39.890 8153 8153 E ArmVmp : Match on catch block at 0xc3 in for 0x771101b025
02-18 17:11:39.892 8153 8153 E ArmVmp : Match on catch block at 0xc3 in for 0x771101b025
02-18 17:11:39.907 8153 8153 E ArmVmp : Match on catch block at 0xc3 in for 0x771101b025
02-18 17:11:39.909 8153 8153 E ArmVmp : Match on catch block at 0xc3 in for 0x771101b025
02-18 17:11:39.924 8153 8153 E ArmVmp : Match on catch block at 0xc3 in for 0x771101b025
02-18 17:11:39.926 8153 8153 E ArmVmp : Match on catch block at 0xc3 in for 0x771101b025
02-18 17:11:39.941 8153 8153 E ArmVmp : Match on catch block at 0xc3 in for 0x771101b025
02-18 17:11:39.945 8153 8153 E ArmVmp : Match on catch block at 0xc3 in for 0x771101b025
02-18 17:11:39.958 8153 8153 E ArmVmp : Match on catch block at 0xc3 in for 0x771101b025
02-18 17:11:39.961 8153 8153 E ArmVmp : Match on catch block at 0xc3 in for 0x771101b025
02-18 17:11:39.974 8153 8153 E ArmVmp : Match on catch block at 0xc3 in for 0x771101b025
02-18 17:11:39.975 8153 8153 E ArmVmp : Match on catch block at 0xc3 in for 0x771101b025
02-18 17:11:39.990 8153 8153 E ArmVmp : Match on catch block at 0xc3 in for 0x771101b025
02-18 17:11:39.993 8153 8153 E ArmVmp : Match on catch block at 0xc3 in for 0x771101b025
02-18 17:11:40.007 8153 8153 E ArmVmp : Match on catch block at 0xc3 in for 0x771101b025
02-18 17:11:40.009 8153 8153 E ArmVmp : Match on catch block at 0xc3 in for 0x771101b025
02-18 17:11:40.025 8153 8153 E ArmVmp : Match on catch block at 0xc3 in for 0x771101b025
02-18 17:11:40.027 8153 8153 E ArmVmp : Match on catch block at 0xc3 in for 0x771101b025
02-18 17:11:40.042 8153 8153 E ArmVmp : Match on catch block at 0xc3 in for 0x771101b025
02-18 17:11:40.045 8153 8153 E ArmVmp : Match on catch block at 0xc3 in for 0x771101b025
02-18 17:11:40.059 8153 8153 E ArmVmp : Match on catch block at 0xc3 in for 0x771101b025
02-18 17:11:40.063 8153 8153 E ArmVmp : Match on catch block at 0xc3 in for 0x771101b025
02-18 17:11:40.073 8153 8153 E ArmVmp : Match on catch block at 0xc3 in for 0x771101b025
02-18 17:11:40.075 8153 8153 E ArmVmp 59 8153 8153 E ArmVmp : Match on catch block at 0xc3 in for
0x771101b025
02-18 17:11:40.063 8153 8153 E ArmVmp : Match on catch block at 0xc3 in for 0x771101b025
02-18 17:11:40.073 8153 8153 E ArmVmp : Match on catch block at 0xc3 in for 0x771101b025
02-18 17:11:40.075 8153 8153 E ArmVmp : Match on catch block at 0xc3 in for 0x771101b025
02-18 17:11:40.090 8153 8153 E ArmVmp : Match on catch block at 0xc3 in for 0x771101b025
02-18 17:11:40.092 8153 8153 E ArmVmp : Match on catch block at 0xc3 in for 0x771101b025
02-18 17:11:40.788 8153 8153 E ArmVmp : Match on catch block at 0xc3 in for 0x771101b025
02-18 17:11:40.790 8153 8153 E ArmVmp : Match on catch block at 0xc3 in for 0x771101b025
02-18 17:11:40.822 8153 8153 E ArmVmp : Match on catch block at 0xc3 in for 0x771101b025
02-18 17:11:40.824 8153 8153 E ArmVmp : Match on catch block at 0xc3 in for 0x771101b025
02-18 17:11:40.837 8153 8321 E FrameEvents: updateAcquireFence: Did not find frame.
02-18 17:11:40.871 8153 8153 E ArmVmp : Match on catch block at 0xc3 in for 0x771101b025
02-18 17:11:40.874 8153 8153 E ArmVmp : Match on catch block at 0xc3 in for 0x771101b025
02-18 17:11:40.993 8153 8153 W ResourceType: Bad XML block: header size 18254 or total size 169478669 is
larger than data size 380
02-18 17:11:40.997 8153 8153 W ResourceType: Bad XML block: header size 18254 or total size 169478669 is
larger than data size 633
02-18 17:11:41.006 8153 8153 W ResourceType: Bad XML block: header size 18254 or total size 169478669 is
larger than data size 677
02-18 17:11:41.009 8153 8153 W ResourceType: Bad XML block: header size 18254 or total size 169478669 is
larger than data size 248
02-18 17:11:41.030 8153 8153 W ResourceType: Bad XML block: header size 18254 or total size 169478669 is
larger than data size 571
02-18 17:11:41.034 8153 8153 W ResourceType: Bad XML block: header size 18254 or total size 169478669 is
larger than data size 333
02-18 17:11:41.038 8153 8153 W ResourceType: Bad XML block: header size 18254 or total size 169478669 is
larger than data size 650
02-18 17:11:41.043 8153 8153 W ResourceType: Bad XML block: header size 18254 or total size 169478669 is
larger than data size 1150
02-18 17:11:41.045 8153 8153 W ResourceType: Bad XML block: header size 18254 or total size 169478669 is
larger than data size 491
02-18 17:11:41.048 8153 8153 W ResourceType: Bad XML block: header size 18254 or total size 169478669 is
larger than data size 1150
02-18 17:11:41.051 8153 8153 W ResourceType: Bad XML block: header size 18254 or total size 169478669 is
larger than data size 659
02-18 17:11:41.053 8153 8153 W ResourceType: Bad XML block: header size 18254 or total size 169478669 is
larger than data size 593
02-18 17:11:41.060 8153 8153 W ResourceType: Bad XML block: header size 18254 or total size 169478669 is
larger than data size 1171
02-18 17:11:41.063 8153 8153 W ResourceType: Bad XML block: header size 18254 or total size 169478669 is
larger than data size 510
02-18 17:11:41.097 8153 8153 W ResourceType: Bad XML block: header size 18254 or total size 169478669 is
larger than data size 853
02-18 17:11:41.158 8153 8153 W ResourceType: Bad XML block: header size 18254 or total size 169478669 is
larger than data size 650
02-18 17:11:41.176 8153 8153 E ArmVmp : Match on catch block at 0xc3 in for 0x771101b025
02-18 17:11:41.179 8153 8153 E ArmVmp : Match on catch block at 0xc3 in for 0x771101b025
02-18 17:11:41.230 8153 8153 W View : requestLayout() improperly called by android.widget.Space{8caef3
I.ED..... ......I. 30,90-40,100 #7f0b00ba app:id/action_tile_spacing} during layout: running second layout pass
02-18 17:11:41.230 8153 8153 W View : requestLayout() improperly called by android.widget.Space{c26b7b0
I.ED..... ......I. 30,90-40,100 #7f0b00ba app:id/action_tile_spacing} during layout: running second layout pass
02-18 17:11:41.230 8153 8153 W View : requestLayout() improperly called by android.widget.Space{a940629
I.ED..... ......I. 30,90-40,100 #7f0b00ba app:id/action_t: Match on catch block at 0xc3 in for 0x771101b025
02-18 17:11:40.090 8153 8153 E ArmVmp : Match on catch block at 0xc3 in for 0x771101b025
02-18 17:11:40.092 8153 8153 E ArmVmp : Match on catch block at 0xc3 in for 0x771101b025
02-18 17:11:40.788 8153 8153 E ArmVmp : Match on catch block at 0xc3 in for 0x771101b025
02-18 17:11:40.790 8153 8153 E ArmVmp : Match on catch block at 0xc3 in for 0x771101b025
02-18 17:11:40.822 8153 8153 E ArmVmp : Match on catch block at 0xc3 in for 0x771101b025
02-18 17:11:40.824 8153 8153 E ArmVmp : Match on catch block at 0xc3 in for 0x771101b025
02-18 17:11:40.837 8153 8321 E FrameEvents: updateAcquireFence: Did not find frame.
02-18 17:11:40.871 8153 8153 E ArmVmp : Match on catch block at 0xc3 in for 0x771101b025
02-18 17:11:40.874 8153 8153 E ArmVmp : Match on catch block at 0xc3 in for 0x771101b025
02-18 17:11:40.993 8153 8153 W ResourceType: Bad XML block: header size 18254 or total size 169478669 is
larger than data size 380
02-18 17:11:40.997 8153 8153 W ResourceType: Bad XML block: header size 18254 or total size 169478669 is
larger than data size 633
02-18 17:11:41.006 8153 8153 W ResourceType: Bad XML block: header size 18254 or total size 169478669 is
larger than data size 677
02-18 17:11:41.009 8153 8153 W ResourceType: Bad XML block: header size 18254 or total size 169478669 is
larger than data size 248
02-18 17:11:41.030 8153 8153 W ResourceType: Bad XML block: header size 18254 or total size 169478669 is
larger than data size 571
02-18 17:11:41.034 8153 8153 W ResourceType: Bad XML block: header size 18254 or total size 169478669 is
larger than data size 333
02-18 17:11:41.038 8153 8153 W ResourceType: Bad XML block: header size 18254 or total size 169478669 is
larger than data size 650
02-18 17:11:41.043 8153 8153 W ResourceType: Bad XML block: header size 18254 or total size 169478669 is
larger than data size 1150
02-18 17:11:41.045 8153 8153 W ResourceType: Bad XML block: header size 18254 or total size 169478669 is
larger than data size 491
02-18 17:11:41.048 8153 8153 W ResourceType: Bad XML block: header size 18254 or total size 169478669 is
larger than data size 1150
02-18 17:11:41.051 8153 8153 W ResourceType: Bad XML block: header size 18254 or total size 169478669 is
larger than data size 659
02-18 17:11:41.053 8153 8153 W ResourceType: Bad XML block: header size 18254 or total size 169478669 is
larger than data size 593
02-18 17:11:41.060 8153 8153 W ResourceType: Bad XML block: header size 18254 or total size 169478669 is
larger than data size 1171
02-18 17:11:41.063 8153 8153 W ResourceType: Bad XML block: header size 18254 or total size 169478669 is
larger than data size 510
02-18 17:11:41.097 8153 8153 W ResourceType: Bad XML block: header size 18254 or total size 169478669 is
larger than data size 853
02-18 17:11:41.158 8153 8153 W ResourceType: Bad XML block: header size 18254 or total size 169478669 is
larger than data size 650
02-18 17:11:41.176 8153 8153 E ArmVmp : Match on catch block at 0xc3 in for 0x771101b025
02-18 17:11:41.179 8153 8153 E ArmVmp : Match on catch block at 0xc3 in for 0x771101b025
02-18 17:11:41.230 8153 8153 W View : requestLayout() improperly called by android.widget.Space{8caef3
I.ED..... ......I. 30,90-40,100 #7f0b00ba app:id/action_tile_spacing} during layout: running second layout pass
02-18 17:11:41.230 8153 8153 W View : requestLayout() improperly called by android.widget.Space{c26b7b0
I.ED..... ......I. 30,90-40,100 #7f0b00ba app:id/action_tile_spacing} during layout: running second layout pass
