02-18 17:12:42.066 8153 8758 W AidlConversion: aidl2legacy_AudioChannelLayout_audio_channel_mask_t: no
legacy output audio_channel_mask_t found for AudioChannelLayout{layoutMask: 16}
02-18 17:12:42.072 8153 8758 W AidlConversion: aidl2legacy_AudioChannelLayout_audio_channel_mask_t: no
legacy output audio_channel_mask_t found for AudioChannelLayout{layoutMask: 16}
02-18 17:12:42.134 8153 8758 W AidlConversion: aidl2legacy_AudioChannelLayout_audio_channel_mask_t: no
legacy output audio_channel_mask_t found for AudioChannelLayout{layoutMask: 16}
02-18 17:12:42.145 8153 8758 W AidlConversion: aidl2legacy_AudioChannelLayout_audio_channel_mask_t: no
legacy output audio_channel_mask_t found for AudioChannelLayout{layoutMask: 16}
02-18 17:12:42.158 8153 8758 W AidlConversion: aidl2legacy_AudioChannelLayout_audio_channel_mask_t: no
legacy output audio_channel_mask_t found for AudioChannelLayout{layoutMask: 16}
02-18 17:12:42.180 8153 9849 W libOpenSLES: Conversion from OpenSL ES positional channel mask 0x4 to
Android mask 0 loses channels
02-18 17:12:42.210 8153 8758 W AidlConversion: aidl2legacy_AudioChannelLayout_audio_channel_mask_t: no
legacy output audio_channel_mask_t found for AudioChannelLayout{layoutMask: 16}
02-18 17:12:42.222 8153 8758 W AidlConversion: aidl2legacy_AudioChannelLayout_audio_channel_mask_t: no
legacy output audio_channel_mask_t found for AudioChannelLayout{layoutMask: 16}
02-18 17:12:42.234 8153 8758 W AidlConversion: aidl2legacy_AudioChannelLayout_audio_channel_mask_t: no
legacy output audio_channel_mask_t found for AudioChannelLayout{layoutMask: 16}
02-18 17:12:42.253 8153 8758 W AidlConversion: aidl2legacy_AudioChannelLayout_audio_channel_mask_t: no
legacy output audio_channel_mask_t found for AudioChannelLayout{layoutMask: 16}
02-18 17:12:42.326 8153 8758 W AidlConversion: aidl2legacy_AudioChannelLayout_audio_channel_mask_t: no
legacy output audio_channel_mask_t found for AudioChannelLayout{layoutMask: 16}
02-18 17:12:42.425 8153 8758 W AidlConversion: aidl2legacy_AudioChannelLayout_audio_channel_mask_t: no
legacy output audio_channel_mask_t found for AudioChannelLayout{layoutMask: 16}
02-18 17:12:43.403 8153 8153 W ResourceType: Bad XML block: header size 18254 or total size 169478669 is
larger than data size 853
02-18 17:12:43.565 8153 8163 W System : A resource failed to call AbstractCursor.close.
02-18 17:12:43.565 8153 8163 W System : A resource failed to call CursorWrlient: query -- param skipped: index =
2415921170.
02-18 17:12:41.186 8153 9857 W Codec2Client: query -- param skipped: index = 1107298332.
02-18 17:12:41.189 8153 9857 W Codec2Client: query -- param skipped: index = 1342179345.
02-18 17:12:41.189 8153 9857 W Codec2Client: query -- param skipped: index = 2415921170.
02-18 17:12:41.287 8153 9864 W Codec2Client: query -- param skipped: index = 1107298332.
02-18 17:12:41.288 8153 9864 W Codec2Client: query -- param skipped: index = 1342179345.
02-18 17:12:41.288 8153 9864 W Codec2Client: query -- param skipped: index = 2415921170.
02-18 17:12:41.661 8153 8321 W Parcel : Expecting binder but got null!
02-18 17:12:41.768 8153 8321 W Parcel : Expecting binder but got null!
02-18 17:12:41.788 8153 8153 W BottomSheetBehavior: BottomSheetBehavior now supports multiple callbacks.
`setBottomSheetCallback()` removes all existing callbacks, including ones set internally by library authors, which
may result in unintended behavior. This may change in the future. Please use `addBottomSheetCallback()` and
`removeBottomSheetCallback()` instead to set your own callbacks.
02-18 17:12:42.058 8153 8758 W AidlConversion: aidl2legacy_AudioChannelLayout_audio_channel_mask_t: no
legacy output audio_channel_mask_t found for AudioChannelLayout{layoutMask: 16}
02-18 17:12:42.066 8153 8758 W AidlConversion: aidl2legacy_AudioChannelLayout_audio_channel_mask_t: no
legacy output audio_channel_mask_t found for AudioChannelLayout{layoutMask: 16}
02-18 17:12:42.072 8153 8758 W AidlConversion: aidl2legacy_AudioChannelLayout_audio_channel_mask_t: no
legacy output audio_channel_mask_t found for AudioChannelLayout{layoutMask: 16}
02-18 17:12:42.134 8153 8758 W AidlConversion: aidl2legacy_AudioChannelLayout_audio_channel_mask_t: no
legacy output audio_channel_mask_t found for AudioChannelLayout{layoutMask: 16}
02-18 17:12:42.145 8153 8758 W AidlConversion: aidl2legacy_AudioChannelLayout_audio_channel_mask_t: no
legacy output audio_channel_mask_t found for AudioChannelLayout{layoutMask: 16}
02-18 17:12:42.158 8153 8758 W AidlConversion: aidl2legacy_AudioChannelLayout_audio_channel_mask_t: no
legacy output audio_channel_mask_t found for AudioChannelLayout{layoutMask: 16}
02-18 17:12:42.180 8153 9849 W libOpenSLES: Conversion from OpenSL ES positional channel mask 0x4 to
Android mask 0 loses channels
02-18 17:12:42.210 8153 8758 W AidlConversion: aidl2legacy_AudioChannelLayout_audio_channel_mask_t: no
legacy output audio_channel_mask_t found for AudioChannelLayout{layoutMask: 16}
02-18 17:12:42.222 8153 8758 W AidlConversion: aidl2legacy_AudioChannelLayout_audio_channel_mask_t: no
legacy output audio_channel_mask_t found for AudioChannelLayout{layoutMask: 16}
02-18 17:12:42.234 8153 8758 W AidlConversion: aidl2legacy_AudioChannelLayout_audio_channel_mask_t: no
legacy output audio_channel_mask_t found for AudioChannelLayout{layoutMask: 16}
02-18 17:12:42.253 8153 8758 W AidlConversion: aidl2legacy_AudioChannelLayout_audio_channel_mask_t: no
legacy output audio_channel_mask_t found for AudioChannelLayout{layoutMask: 16}
02-18 17:12:42.326 8153 8758 W AidlConversion: aidl2legacy_AudioChannelLayout_audio_channel_mask_t: no
legacy output audio_channel_mask_t found for AudioChannelLayout{layoutMask: 16}
02-18 17:12:42.425 8153 8758 W AidlConversion: aidl2legacy_AudioChannelLayout_audio_channel_mask_t: no
legacy output audio_channel_mask_t found for AudioChannelLayout{layoutMask: 16}
02-18 17:12:43.403 8153 8153 W ResourceType: Bad XML block: header size 18254 or total size 169478669 is
larger than data size 853
02-18 17:12:43.565 8153 8163 W System : A resource failed to call AbstractCursor.close.
02-18 17:12:43.565 8153 8163 W System : A resource failed to call CursorWrapperInner.close.
02-18 17:12:45.161 8153 8758 W AidlConversion: aidl2legacy_AudioChannelLayout_audio_channel_mask_t: no
legacy output audio_channel_mask_t found for AudioChannelLayout{layoutMask: 16}
0 2 - 1 8 1 7 : 1 2 : 4 5 . 1 7 5 8 1 5 3 8 7 5 8 W A i d l C o n v e r s i o n :
aidl2legacy_AudioChannelLayout_audio_channel_masapperInner.close.
02-18 17:12:45.161 8153 8758 W AidlConversion: aidl2legacy_AudioChannelLayout_audio_channel_mask_t: no
legacy output audio_channel_mask_t found for AudioChannelLayout{layoutMask: 16}
02-18 17:12:45.175 8153 8758 W AidlConversion: aidl2legacy_AudioChannelLayout_audio_channel_mask_t: no
legacy output audio_channel_mask_t found for AudioChannelLayout{layoutMask: 16}
02-18 17:12:48.580 8153 8153 W ResourceType: Bad XML block: header size 18254 or total size 169478669 is
larger than data size 853
02-18 17:12:48.590 8153 8153 W View : requestLayout() improperly called by
com.mbwhatsapp.TextEmojiLabel{52a2a44 VFED..C.. ......ID 0,0-187,74 #7f0b06ab
app:id/conversation_contact_name} during layout: running second layout pass
02-18 17:12:49.283 8153 8153 E ArmVmp : Match on catch block at 0x0a in for 0x771101b035
02-18 17:12:49.289 8153 8153 E ArmVmp : Match on catch block at 0x0a in for 0x771101b035
02-18 17:12:49.346 8153 8153 E ArmVmp : Match on catch block at 0xc3 in for 0x771101b025
02-18 17:12:49.351 8153 8153 E ArmVmp : Match on catch block at 0xc3 in for 0x771101b025
02-18 17:12:49.380 8153 8153 E ArmVmp : Match on catch block at 0xc3 in for 0x771101b025
02-18 17:12:49.382 8153 8153 E ArmVmp : Match on catch block at 0xc3 in for 0x771101b025
02-18 17:12:49.400 8153 8153 E ArmVmp : Match on catch block at 0xc3 in for 0x771101b025
02-18 17:12:49.404 8153 8153 E ArmVmp : Match on catch block at 0xc3 in for 0x771101b025
02-18 17:12:49.419 8153 8153 E ArmVmp : Match on catch block at 0xc3 in for 0x771101b025
02-18 17:12:49.423 8153 8153 E ArmVmp : Match on catch block at 0xc3 in for 0x771101b025
02-18 17:12:49.432 8153 8153 E ArmVmp : Match on catch block at 0xc3 in for 0x771101b025
02-18 17:12:49.434 8153 8153 E ArmVmp : Match on catch block at 0xc3 in for 0x771101b025
02-18 17:12:49.449 8153 8153 E ArmVmp : Match on catch block at 0xc3 in for 0x771101b025
02-18 17:12:49.451 8153 8153 E ArmVmp : Match on catch block at 0xc3 in for 0x771101b025
02-18 17:12:49.468 8153 8153 E ArmVmp : Match on catch block at 0xc3 in for 0x771101b025
02-18 17:12:49.470 8153 8153 E ArmVmp : Match on catch block at 0xc3 in for 0x771101b025
02-18 17:12:49.484 8153 8153 E ArmVmp : Match on catch block at 0xc3 in for 0x771101b025
02-18 17:12:49.486 8153 8153 E ArmVmp : Match on catch block at 0xc3 in for 0x771101b025
02-18 17:12:49.500 8153 8153 E ArmVmp : Match on catch block at 0xc3 in for 0x771101b025
02-18 17:12:49.503 8153 8153 E ArmVmp : Match on catch block at 0xc3 in for 0x771101b025
02-18 17:12:49.507 8153 8153 E ArmVmp : Match on catch block at 0xc3 in for 0x771101b025
02-18 17:12:49.510 8153 8153 E ArmVmp : Match on catch block at 0xc3 in for 0x771101b025
02-18 17:12:49.921 8153 8153 E ArmVmp : Match on catch block at 0xc3 in for 0x771101b025
02-18 17:12:49.923 8153 8153 E ArmVmp : Match on catch block at 0xc3 in for 0x771101b025
02-18 17:12:50.024 8153 8153 E ArmVmp : Match on catch block at 0xc3 in for 0x771101b025
02-18 17:12:50.028 8153 8153 E ArmVmp : Match on catch block at 0xc3 in for 0x771101b025
02-18 17:12:50.037 8153 8153 E ArmVmp : Match on catch block at 0xc3 in for 0x771101b025
02-18 17:12:50.040 8153 8153 E ArmVmp : Match on catch block at 0xc3 in for 0x771101b025
02-18 17:12:50.045 8153 8153 W OnBackInvokedCallback: OnBackInvokedCallback is not enabled for the
application.
02-18 17:12:50.045 8153 8153 W OnBackInvokedCallback: Set 'android:enableOnBackInvokedCallback="true"' in
the application manifest.
02-18 17:12:50.083 8153 8153 E ArmVmp : Match on catch block at 0xc3 in for 0x771101b025
02-18 17:12:50.085 8153 8153 E ArmVmp : Match on catch block at 0xc3 in for 0x771101b025
02-18 17:12:50.092 8153 8153 E ArmVmp : Match on catch block at 0xc3 in for 0x771101b025
02-18 17:12:50.094 8153 8153 E ArmVmp : Match on catch block at 0xc3 in for 0x771101b025
02-18 17:12:50.121 8153 8153 E ArmVmp : Match on catch block at 0xc3 in for 0x771101b025
02-18 17:12:50.123 8153 8153 E ArmVmp : Match on catck_t: no legacy output audio_channel_mask_t found for
AudioChannelLayout{layoutMask: 16}
02-18 17:12:48.580 8153 8153 W ResourceType: Bad XML block: header size 18254 or total size 169478669 is
larger than data size 853
02-18 17:12:48.590 8153 8153 W View : requestLayout() improperly called by
com.mbwhatsapp.TextEmojiLabel{52a2a44 VFED..C.. ......ID 0,0-187,74 #7f0b06ab
app:id/conversation_contact_name} during layout: running second layout pass
02-18 17:12:49.283 8153 8153 E ArmVmp : Match on catch block at 0x0a in for 0x771101b035
02-18 17:12:49.289 8153 8153 E ArmVmp : Match on catch block at 0x0a in for 0x771101b035
02-18 17:12:49.346 8153 8153 E ArmVmp : Match on catch block at 0xc3 in for 0x771101b025
02-18 17:12:49.351 8153 8153 E ArmVmp : Match on catch block at 0xc3 in for 0x771101b025
02-18 17:12:49.380 8153 8153 E ArmVmp : Match on catch block at 0xc3 in for 0x771101b025
02-18 17:12:49.382 8153 8153 E ArmVmp : Match on catch block at 0xc3 in for 0x771101b025
02-18 17:12:49.400 8153 8153 E ArmVmp : Match on catch block at 0xc3 in for 0x771101b025
02-18 17:12:49.404 8153 8153 E ArmVmp : Match on catch block at 0xc3 in for 0x771101b025
02-18 17:12:49.419 8153 8153 E ArmVmp : Match on catch block at 0xc3 in for 0x771101b025
02-18 17:12:49.423 8153 8153 E ArmVmp : Match on catch block at 0xc3 in for 0x771101b025
02-18 17:12:49.432 8153 8153 E ArmVmp : Match on catch block at 0xc3 in for 0x771101b025
02-18 17:12:49.434 8153 8153 E ArmVmp : Match on catch block at 0xc3 in for 0x771101b025
02-18 17:12:49.449 8153 8153 E ArmVmp : Match on catch block at 0xc3 in for 0x771101b025
02-18 17:12:49.451 8153 8153 E ArmVmp : Match on catch block at 0xc3 in for 0x771101b025
02-18 17:12:49.468 8153 8153 E ArmVmp : Match on catch block at 0xc3 in for 0x771101b025
02-18 17:12:49.470 8153 8153 E ArmVmp : Match on catch block at 0xc3 in for 0x771101b025
02-18 17:12:49.484 8153 8153 E ArmVmp : Match on catch block at 0xc3 in for 0x771101b025
02-18 17:12:49.486 8153 8153 E ArmVmp : Match on catch block at 0xc3 in for 0x771101b025
02-18 17:12:49.500 8153 8153 E ArmVmp : Match on catch block at 0xc3 in for 0x771101b025
02-18 17:12:49.503 8153 8153 E ArmVmp : Match on catch block at 0xc3 in for 0x771101b025
02-18 17:12:49.507 8153 8153 E ArmVmp : Match on catch block at 0xc3 in for 0x771101b025
02-18 17:12:49.510 8153 8153 E ArmVmp : Match on catch block at 0xc3 in for 0x771101b025
02-18 17:12:49.921 8153 8153 E ArmVmp : Match on catch block at 0xc3 in for 0x771101b025
02-18 17:12:49.923 8153 8153 E ArmVmp : Match on catch block at 0xc3 in for 0x771101b025
02-18 17:12:50.024 8153 8153 E ArmVmp : Match on catch block at 0xc3 in for 0x771101b025
02-18 17:12:50.028 8153 8153 E ArmVmp : Match on catch block at 0xc3 in for 0x771101b025
02-18 17:12:50.037 8153 8153 E ArmVmp : Match on catch block at 0xc3 in for 0x771101b025
02-18 17:12:50.040 8153 8153 E ArmVmp : Match on catch block at 0xc3 in for 0x771101b025
02-18 17:12:50.045 8153 8153 W OnBackInvokedCallback: OnBackInvokedCallback is not enabled for the
application.
02-18 17:12:50.045 8153 8153 W OnBackInvokedCallback: Set 'android:enableOnBackInvokedCallback="true"' in
the application manifest.
02-18 17:12:50.083 8153 8153 E ArmVmp : Match on catch block at 0xc3 in for 0x771101b025
02-18 17:12:50.085 8153 8153 E ArmVmp : Match on catch block at 0xc3 in for 0x771101b025
02-18 17:12:50.092 8153 8153 E ArmVmp : Match on catch block at 0xc3 in for 0x771101b025
02-18 17:12:50.094 8153 8153 E ArmVmp : Match on catch block at 0xc3 in for 0x771101b025
02-18 17:12:50.121 8153 8153 E ArmVmp : Match on catch block at 0xc3 in for 0x771101b025
02-18 17:12:50.123 8153 8153 E ArmVmp : Match on catch block at 0xc3 in for 0x771101b025
02-18 17:12:50.137 8153 8153 E ArmVmp : Match on catch block at 0xc3 in for 0x771101b025
02-18 17:12:50.139 8153 8153 E ArmVmp : Match on catch block at 0xc3 in for 0x771101b025
02-18 17:12:50.154 8153 8153 E ArmVmp : Match on catch block at 0xc3 in for 0xh block at 0xc3 in for
0x771101b025
02-18 17:12:50.137 8153 8153 E ArmVmp : Match on catch block at 0xc3 in for 0x771101b025
02-18 17:12:50.139 8153 8153 E ArmVmp : Match on catch block at 0xc3 in for 0x771101b025
02-18 17:12:50.154 8153 8153 E ArmVmp : Match on catch block at 0xc3 in for 0x771101b025
02-18 17:12:50.156 8153 8153 E ArmVmp : Match on catch block at 0xc3 in for 0x771101b025
02-18 17:12:50.170 8153 8153 E ArmVmp : Match on catch block at 0xc3 in for 0x771101b025
02-18 17:12:50.173 8153 8153 E ArmVmp : Match on catch block at 0xc3 in for 0x771101b025
02-18 17:12:50.187 8153 8153 E ArmVmp : Match on catch block at 0xc3 in for 0x771101b025
02-18 17:12:50.189 8153 8153 E ArmVmp : Match on catch block at 0xc3 in for 0x771101b025
02-18 17:12:50.203 8153 8153 E ArmVmp : Match on catch block at 0xc3 in for 0x771101b025
02-18 17:12:50.205 8153 8153 E ArmVmp : Match on catch block at 0xc3 in for 0x771101b025
02-18 17:12:50.220 8153 8153 E ArmVmp : Match on catch block at 0xc3 in for 0x771101b025
02-18 17:12:50.223 8153 8153 E ArmVmp : Match on catch block at 0xc3 in for 0x771101b025
02-18 17:12:50.237 8153 8153 E ArmVmp : Match on catch block at 0xc3 in for 0x771101b025
02-18 17:12:50.240 8153 8153 E ArmVmp : Match on catch block at 0xc3 in for 0x771101b025
02-18 17:12:50.254 8153 8153 E ArmVmp : Match on catch block at 0xc3 in for 0x771101b025
02-18 17:12:50.257 8153 8153 E ArmVmp : Match on catch block at 0xc3 in for 0x771101b025
02-18 17:12:50.270 8153 8153 E ArmVmp : Match on catch block at 0xc3 in for 0x771101b025
02-18 17:12:50.272 8153 8153 E ArmVmp : Match on catch block at 0xc3 in for 0x771101b025
02-18 17:12:50.287 8153 8153 E ArmVmp : Match on catch block at 0xc3 in for 0x771101b025
02-18 17:12:50.290 8153 8153 E ArmVmp : Match on catch block at 0xc3 in for 0x771101b025
02-18 17:12:50.304 8153 8153 E ArmVmp : Match on catch block at 0xc3 in for 0x771101b025
02-18 17:12:50.307 8153 8153 E ArmVmp : Match on catch block at 0xc3 in for 0x771101b025
02-18 17:12:50.320 8153 8153 E ArmVmp : Match on catch block at 0xc3 in for 0x771101b025
02-18 17:12:50.322 8153 8153 E ArmVmp : Match on catch block at 0xc3 in for 0x771101b025
02-18 17:12:50.337 8153 8153 E ArmVmp : Match on catch block at 0xc3 in for 0x771101b025
02-18 17:12:50.339 8153 8153 E ArmVmp : Match on catch block at 0xc3 in for 0x771101b025
02-18 17:12:50.354 8153 8153 E ArmVmp : Match on catch block at 0xc3 in for 0x771101b025
02-18 17:12:50.356 8153 8153 E ArmVmp : Match on catch block at 0xc3 in for 0x771101b025
02-18 17:12:50.370 8153 8153 E ArmVmp : Match on catch block at 0xc3 in for 0x771101b025
02-18 17:12:50.373 8153 8153 E ArmVmp : Match on catch block at 0xc3 in for 0x771101b025
02-18 17:12:50.387 8153 8153 E ArmVmp : Match on catch block at 0xc3 in for 0x771101b025
02-18 17:12:50.390 8153 8153 E ArmVmp : Match on catch block at 0xc3 in for 0x771101b025
02-18 17:12:50.404 8153 8153 E ArmVmp : Match on catch block at 0xc3 in for 0x771101b025
02-18 17:12:50.406 8153 8153 E ArmVmp : Match on catch block at 0xc3 in for 0x771101b025
02-18 17:12:50.421 8153 8153 E ArmVmp : Match on catch block at 0xc3 in for 0x771101b025
02-18 17:12:50.426 8153 8153 E ArmVmp : Match on catch block at 0xc3 in for 0x771101b025
02-18 17:12:50.438 8153 8153 E ArmVmp : Match on catch block at 0xc3 in for 0x771101b025
02-18 17:12:50.442 8153 8153 E ArmVmp : Match on catch block at 0xc3 in for 0x771101b025
02-18 17:12:50.909 8153 8153 E ArmVmp : Match on catch block at 0xc3 in for 0x771101b025
02-18 17:12:50.912 8153 8153 E ArmVmp : Match on catch block at 0xc3 in for 0x771101b025
02-18 17:12:50.941 8153 8153 E ArmVmp : Match on catch block at 0xc3 in for 0x771101b025
02-18 17:12:50.943 8153 8153 E ArmVmp : Match on catch block at 0xc3 in for 0x771101b025
02-18 17:12:50.953 8153 8153 E ArmVmp : Match on catch block at 0xc3 in for 0x771101b025
02-18 17:12:50.956 8153 8153 E ArmVmp : Match on catch block at 0xc3 in for 0x771101b025
02-18 17:12:771101b025
02-18 17:12:50.156 8153 8153 E ArmVmp : Match on catch block at 0xc3 in for 0x771101b025
02-18 17:12:50.170 8153 8153 E ArmVmp : Match on catch block at 0xc3 in for 0x771101b025
02-18 17:12:50.173 8153 8153 E ArmVmp : Match on catch block at 0xc3 in for 0x771101b025
02-18 17:12:50.187 8153 8153 E ArmVmp : Match on catch block at 0xc3 in for 0x771101b025
02-18 17:12:50.189 8153 8153 E ArmVmp : Match on catch block at 0xc3 in for 0x771101b025
02-18 17:12:50.203 8153 8153 E ArmVmp : Match on catch block at 0xc3 in for 0x771101b025
02-18 17:12:50.205 8153 8153 E ArmVmp : Match on catch block at 0xc3 in for 0x771101b025
02-18 17:12:50.220 8153 8153 E ArmVmp : Match on catch block at 0xc3 in for 0x771101b025
02-18 17:12:50.223 8153 8153 E ArmVmp : Match on catch block at 0xc3 in for 0x771101b025
02-18 17:12:50.237 8153 8153 E ArmVmp : Match on catch block at 0xc3 in for 0x771101b025
02-18 17:12:50.240 8153 8153 E ArmVmp : Match on catch block at 0xc3 in for 0x771101b025
02-18 17:12:50.254 8153 8153 E ArmVmp : Match on catch block at 0xc3 in for 0x771101b025
02-18 17:12:50.257 8153 8153 E ArmVmp : Match on catch block at 0xc3 in for 0x771101b025
02-18 17:12:50.270 8153 8153 E ArmVmp : Match on catch block at 0xc3 in for 0x771101b025
02-18 17:12:50.272 8153 8153 E ArmVmp : Match on catch block at 0xc3 in for 0x771101b025
02-18 17:12:50.287 8153 8153 E ArmVmp : Match on catch block at 0xc3 in for 0x771101b025
02-18 17:12:50.290 8153 8153 E ArmVmp : Match on catch block at 0xc3 in for 0x771101b025
02-18 17:12:50.304 8153 8153 E ArmVmp : Match on catch block at 0xc3 in for 0x771101b025
02-18 17:12:50.307 8153 8153 E ArmVmp : Match on catch block at 0xc3 in for 0x771101b025
02-18 17:12:50.320 8153 8153 E ArmVmp : Match on catch block at 0xc3 in for 0x771101b025
02-18 17:12:50.322 8153 8153 E ArmVmp : Match on catch block at 0xc3 in for 0x771101b025
02-18 17:12:50.337 8153 8153 E ArmVmp : Match on catch block at 0xc3 in for 0x771101b025
02-18 17:12:50.339 8153 8153 E ArmVmp : Match on catch block at 0xc3 in for 0x771101b025
02-18 17:12:50.354 8153 8153 E ArmVmp : Match on catch block at 0xc3 in for 0x771101b025
02-18 17:12:50.356 8153 8153 E ArmVmp : Match on catch block at 0xc3 in for 0x771101b025
02-18 17:12:50.370 8153 8153 E ArmVmp : Match on catch block at 0xc3 in for 0x771101b025
02-18 17:12:50.373 8153 8153 E ArmVmp : Match on catch block at 0xc3 in for 0x771101b025
02-18 17:12:50.387 8153 8153 E ArmVmp : Match on catch block at 0xc3 in for 0x771101b025
02-18 17:12:50.390 8153 8153 E ArmVmp : Match on catch block at 0xc3 in for 0x771101b025
02-18 17:12:50.404 8153 8153 E ArmVmp : Match on catch block at 0xc3 in for 0x771101b025
02-18 17:12:50.406 8153 8153 E ArmVmp : Match on catch block at 0xc3 in for 0x771101b025
02-18 17:12:50.421 8153 8153 E ArmVmp : Match on catch block at 0xc3 in for 0x771101b025
02-18 17:12:50.426 8153 8153 E ArmVmp : Match on catch block at 0xc3 in for 0x771101b025
02-18 17:12:50.438 8153 8153 E ArmVmp : Match on catch block at 0xc3 in for 0x771101b025
02-18 17:12:50.442 8153 8153 E ArmVmp : Match on catch block at 0xc3 in for 0x771101b025
02-18 17:12:50.909 8153 8153 E ArmVmp : Match on catch block at 0xc3 in for 0x771101b025
02-18 17:12:50.912 8153 8153 E ArmVmp : Match on catch block at 0xc3 in for 0x771101b025
02-18 17:12:50.941 8153 8153 E ArmVmp : Match on catch block at 0xc3 in for 0x771101b025
02-18 17:12:50.943 8153 8153 E ArmVmp : Match on catch block at 0xc3 in for 0x771101b025
02-18 17:12:50.953 8153 8153 E ArmVmp : Match on catch block at 0xc3 in for 0x771101b025
02-18 17:12:50.956 8153 8153 E ArmVmp : Match on catch block at 0xc3 in for 0x771101b025
02-18 17:12:50.970 8153 8153 E ArmVmp : Match on catch block at 0xc3 in for 0x771101b025
02-18 17:12:50.973 8153 8153 E ArmVmp : Match on catch block at 0xc3 in for 0x771101b025
02-18 17:12:50.986 8153 8153 E ArmVmp : Match on catch block at 0xc3 in for 0x771101b025
02-18 17:12:50.990 8153 8153 E ArmV50.970 8153 8153 E ArmVmp : Match on catch block at 0xc3 in for
0x771101b025
02-18 17:12:50.973 8153 8153 E ArmVmp : Match on catch block at 0xc3 in for 0x771101b025
02-18 17:12:50.986 8153 8153 E ArmVmp : Match on catch block at 0xc3 in for 0x771101b025
02-18 17:12:50.990 8153 8153 E ArmVmp : Match on catch block at 0xc3 in for 0x771101b025
02-18 17:12:51.003 8153 8153 E ArmVmp : Match on catch block at 0xc3 in for 0x771101b025
02-18 17:12:51.005 8153 8153 E ArmVmp : Match on catch block at 0xc3 in for 0x771101b025
02-18 17:12:51.020 8153 8153 E ArmVmp : Match on catch block at 0xc3 in for 0x771101b025
02-18 17:12:51.022 8153 8153 E ArmVmp : Match on catch block at 0xc3 in for 0x771101b025
02-18 17:12:51.039 8153 8153 E ArmVmp : Match on catch block at 0xc3 in for 0x771101b025
02-18 17:12:51.041 8153 8153 E ArmVmp : Match on catch block at 0xc3 in for 0x771101b025
02-18 17:12:51.054 8153 8153 E ArmVmp : Match on catch block at 0xc3 in for 0x771101b025
02-18 17:12:51.057 8153 8153 E ArmVmp : Match on catch block at 0xc3 in for 0x771101b025
02-18 17:12:51.070 8153 8153 E ArmVmp : Match on catch block at 0xc3 in for 0x771101b025
02-18 17:12:51.072 8153 8153 E ArmVmp : Match on catch block at 0xc3 in for 0x771101b025
02-18 17:12:51.086 8153 8153 E ArmVmp : Match on catch block at 0xc3 in for 0x771101b025
02-18 17:12:51.089 8153 8153 E ArmVmp : Match on catch block at 0xc3 in for 0x771101b025
02-18 17:12:51.103 8153 8153 E ArmVmp : Match on catch block at 0xc3 in for 0x771101b025
02-18 17:12:51.105 8153 8153 E ArmVmp : Match on catch block at 0xc3 in for 0x771101b025
02-18 17:12:51.253 8153 8153 E ArmVmp : Match on catch block at 0xc3 in for 0x771101b025
02-18 17:12:51.257 8153 8153 E ArmVmp : Match on catch block at 0xc3 in for 0x771101b025
02-18 17:12:51.569 8153 8153 E ArmVmp : Match on catch block at 0xc3 in for 0x771101b025
02-18 17:12:51.572 8153 8153 E ArmVmp : Match on catch block at 0xc3 in for 0x771101b025
02-18 17:12:51.687 8153 8153 E ArmVmp : Match on catch block at 0xc3 in for 0x771101b025
02-18 17:12:51.691 8153 8153 E ArmVmp : Match on catch block at 0xc3 in for 0x771101b025
02-18 17:12:51.704 8153 8153 E ArmVmp : Match on catch block at 0xc3 in for 0x771101b025
02-18 17:12:51.708 8153 8153 E ArmVmp : Match on catch block at 0xc3 in for 0x771101b025
02-18 17:12:51.720 8153 8153 E ArmVmp : Match on catch block at 0xc3 in for 0x771101b025
02-18 17:12:51.724 8153 8153 E ArmVmp : Match on catch block at 0xc3 in for 0x771101b025
02-18 17:12:51.736 8153 8153 E ArmVmp : Match on catch block at 0xc3 in for 0x771101b025
02-18 17:12:51.741 8153 8153 E ArmVmp : Match on catch block at 0xc3 in for 0x771101b025
02-18 17:12:51.754 8153 8153 E ArmVmp : Match on catch block at 0xc3 in for 0x771101b025
02-18 17:12:51.757 8153 8153 E ArmVmp : Match on catch block at 0xc3 in for 0x771101b025
02-18 17:12:51.769 8153 8153 E ArmVmp : Match on catch block at 0xc3 in for 0x771101b025
02-18 17:12:51.771 8153 8153 E ArmVmp : Match on catch block at 0xc3 in for 0x771101b025
02-18 17:12:51.786 8153 8153 E ArmVmp : Match on catch block at 0xc3 in for 0x771101b025
02-18 17:12:51.790 8153 8153 E ArmVmp : Match on catch block at 0xc3 in for 0x771101b025
02-18 17:12:51.803 8153 8153 E ArmVmp : Match on catch block at 0xc3 in for 0x771101b025
02-18 17:12:51.805 8153 8153 E ArmVmp : Match on catch block at 0xc3 in for 0x771101b025
02-18 17:12:51.819 8153 8153 E ArmVmp : Match on catch block at 0xc3 in for 0x771101b025
02-18 17:12:51.821 8153 8153 E ArmVmp : Match on catch block at 0xc3 in for 0x771101b025
02-18 17:12:51.855 8153 8153 E ArmVmp : Match on catch block at 0xc3 in for 0x771101b025
02-18 17:12:51.857 8153 8153 E ArmVmp : Match on catch block at 0xc3 in for 0x771101b025
02-18 17:12:51.877 8153 8153 E ArmVmp : Match on catch block at 0xc3 in for 0x771101b025
02-18 17:12:51.880 8153 8153 E ArmVmp : Match on catch block at 0xc3 in for 0x771101b025
02-18 17:12:51.887 8153 8153 E ArmVmp : Match on catch blmp : Match on catch block at 0xc3 in for
0x771101b025
02-18 17:12:51.003 8153 8153 E ArmVmp : Match on catch block at 0xc3 in for 0x771101b025
02-18 17:12:51.005 8153 8153 E ArmVmp : Match on catch block at 0xc3 in for 0x771101b025
02-18 17:12:51.020 8153 8153 E ArmVmp : Match on catch block at 0xc3 in for 0x771101b025
02-18 17:12:51.022 8153 8153 E ArmVmp : Match on catch block at 0xc3 in for 0x771101b025
02-18 17:12:51.039 8153 8153 E ArmVmp : Match on catch block at 0xc3 in for 0x771101b025
02-18 17:12:51.041 8153 8153 E ArmVmp : Match on catch block at 0xc3 in for 0x771101b025
02-18 17:12:51.054 8153 8153 E ArmVmp : Match on catch block at 0xc3 in for 0x771101b025
02-18 17:12:51.057 8153 8153 E ArmVmp : Match on catch block at 0xc3 in for 0x771101b025
02-18 17:12:51.070 8153 8153 E ArmVmp : Match on catch block at 0xc3 in for 0x771101b025
02-18 17:12:51.072 8153 8153 E ArmVmp : Match on catch block at 0xc3 in for 0x771101b025
02-18 17:12:51.086 8153 8153 E ArmVmp : Match on catch block at 0xc3 in for 0x771101b025
02-18 17:12:51.089 8153 8153 E ArmVmp : Match on catch block at 0xc3 in for 0x771101b025
02-18 17:12:51.103 8153 8153 E ArmVmp : Match on catch block at 0xc3 in for 0x771101b025
02-18 17:12:51.105 8153 8153 E ArmVmp : Match on catch block at 0xc3 in for 0x771101b025
02-18 17:12:51.253 8153 8153 E ArmVmp : Match on catch block at 0xc3 in for 0x771101b025
02-18 17:12:51.257 8153 8153 E ArmVmp : Match on catch block at 0xc3 in for 0x771101b025
02-18 17:12:51.569 8153 8153 E ArmVmp : Match on catch block at 0xc3 in for 0x771101b025
02-18 17:12:51.572 8153 8153 E ArmVmp : Match on catch block at 0xc3 in for 0x771101b025
02-18 17:12:51.687 8153 8153 E ArmVmp : Match on catch block at 0xc3 in for 0x771101b025
02-18 17:12:51.691 8153 8153 E ArmVmp : Match on catch block at 0xc3 in for 0x771101b025
02-18 17:12:51.704 8153 8153 E ArmVmp : Match on catch block at 0xc3 in for 0x771101b025
02-18 17:12:51.708 8153 8153 E ArmVmp : Match on catch block at 0xc3 in for 0x771101b025
02-18 17:12:51.720 8153 8153 E ArmVmp : Match on catch block at 0xc3 in for 0x771101b025
02-18 17:12:51.724 8153 8153 E ArmVmp : Match on catch block at 0xc3 in for 0x771101b025
02-18 17:12:51.736 8153 8153 E ArmVmp : Match on catch block at 0xc3 in for 0x771101b025
02-18 17:12:51.741 8153 8153 E ArmVmp : Match on catch block at 0xc3 in for 0x771101b025
02-18 17:12:51.754 8153 8153 E ArmVmp : Match on catch block at 0xc3 in for 0x771101b025
02-18 17:12:51.757 8153 8153 E ArmVmp : Match on catch block at 0xc3 in for 0x771101b025
02-18 17:12:51.769 8153 8153 E ArmVmp : Match on catch block at 0xc3 in for 0x771101b025
02-18 17:12:51.771 8153 8153 E ArmVmp : Match on catch block at 0xc3 in for 0x771101b025
02-18 17:12:51.786 8153 8153 E ArmVmp : Match on catch block at 0xc3 in for 0x771101b025
02-18 17:12:51.790 8153 8153 E ArmVmp : Match on catch block at 0xc3 in for 0x771101b025
02-18 17:12:51.803 8153 8153 E ArmVmp : Match on catch block at 0xc3 in for 0x771101b025
02-18 17:12:51.805 8153 8153 E ArmVmp : Match on catch block at 0xc3 in for 0x771101b025
02-18 17:12:51.819 8153 8153 E ArmVmp : Match on catch block at 0xc3 in for 0x771101b025
02-18 17:12:51.821 8153 8153 E ArmVmp : Match on catch block at 0xc3 in for 0x771101b025
02-18 17:12:51.855 8153 8153 E ArmVmp : Match on catch block at 0xc3 in for 0x771101b025
02-18 17:12:51.857 8153 8153 E ArmVmp : Match on catch block at 0xc3 in for 0x771101b025
02-18 17:12:51.877 8153 8153 E ArmVmp : Match on catch block at 0xc3 in for 0x771101b025
02-18 17:12:51.880 8153 8153 E ArmVmp : Match on catch block at 0xc3 in for 0x771101b025
02-18 17:12:51.887 8153 8153 E ArmVmp : Match on catch block at 0xc3 in for 0x771101b025
02-18 17:12:51.890 8153 8153 E ArmVmp : Match on catch block at 0xc3 in for 0x771101b025
02-18 17:12:51.904 8153 8153 E ArmVmp : Match on catch block at 0xc3 in for 0x771101b025
02-18 17:12:51.910 8153 8153 E ArmVmp : Match on catch block at 0xc3 in for 0x7711ock at 0xc3 in for
0x771101b025
02-18 17:12:51.890 8153 8153 E ArmVmp : Match on catch block at 0xc3 in for 0x771101b025
02-18 17:12:51.904 8153 8153 E ArmVmp : Match on catch block at 0xc3 in for 0x771101b025
02-18 17:12:51.910 8153 8153 E ArmVmp : Match on catch block at 0xc3 in for 0x771101b025
02-18 17:12:51.963 8153 8153 E ArmVmp : Match on catch block at 0xc3 in for 0x771101b025
02-18 17:12:51.966 8153 8153 E ArmVmp : Match on catch block at 0xc3 in for 0x771101b025
02-18 17:12:51.978 8153 8153 E ArmVmp : Match on catch block at 0xc3 in for 0x771101b025
02-18 17:12:51.980 8153 8153 E ArmVmp : Match on catch block at 0xc3 in for 0x771101b025
02-18 17:12:51.996 8153 8153 E ArmVmp : Match on catch block at 0xc3 in for 0x771101b025
02-18 17:12:52.001 8153 8153 E ArmVmp : Match on catch block at 0xc3 in for 0x771101b025
02-18 17:12:52.008 8153 8153 E ArmVmp : Match on catch block at 0xc3 in for 0x771101b025
02-18 17:12:52.012 8153 8153 E ArmVmp : Match on catch block at 0xc3 in for 0x771101b025
02-18 17:12:52.020 8153 8153 E ArmVmp : Match on catch block at 0xc3 in for 0x771101b025
02-18 17:12:52.024 8153 8153 E ArmVmp : Match on catch block at 0xc3 in for 0x771101b025
02-18 17:12:52.035 8153 8153 E ArmVmp : Match on catch block at 0xc3 in for 0x771101b025
02-18 17:12:52.038 8153 8153 E ArmVmp : Match on catch block at 0xc3 in for 0x771101b025
02-18 17:12:52.237 8153 8153 E ArmVmp : Match on catch block at 0xc3 in for 0x771101b025
02-18 17:12:52.240 8153 8153 E ArmVmp : Match on catch block at 0xc3 in for 0x771101b025
02-18 17:12:52.247 8153 9727 W MediaPlayer: Use of stream types is deprecated for operations other than volume
control
02-18 17:12:52.247 8153 9727 W MediaPlayer: See the documentation of setAudioStreamType() for what to use
instead with android.media.AudioAttributes to qualify your playback use case
02-18 17:12:52.252 8153 8153 E ArmVmp : Match on catch block at 0xc3 in for 0x771101b025
02-18 17:12:52.254 8153 8153 E ArmVmp : Match on catch block at 0xc3 in for 0x771101b025
02-18 17:12:52.351 8153 8153 E ArmVmp : Match on catch block at 0xc3 in for 0x771101b025
02-18 17:12:52.354 8153 8153 E ArmVmp : Match on catch block at 0xc3 in for 0x771101b025
02-18 17:12:52.401 8153 8153 W AidlConversion: aidl2legacy_AudioChannelLayout_audio_channel_mask_t: no
legacy output audio_channel_mask_t found for AudioChannelLayout{layoutMask: 16}
02-18 17:12:52.850 8153 8153 E ArmVmp : Match on catch block at 0xc3 in for 0x771101b025
02-18 17:12:52.852 8153 8153 E ArmVmp : Match on catch block at 0xc3 in for 0x771101b025
02-18 17:12:52.935 8153 8153 E ArmVmp : Match on catch block at 0xc3 in for 0x771101b025
02-18 17:12:52.940 8153 8153 E ArmVmp : Match on catch block at 0xc3 in for 0x771101b025
02-18 17:12:53.103 8153 8153 E ArmVmp : Match on catch block at 0xc3 in for 0x771101b025
02-18 17:12:53.107 8153 8153 E ArmVmp : Match on catch block at 0xc3 in for 0x771101b025
02-18 17:12:53.136 8153 8321 W Parcel : Expecting binder but got null!
02-18 17:12:53.202 8153 8153 E ArmVmp : Match on catch block at 0xc3 in for 0x771101b025
02-18 17:12:53.205 8153 8153 E ArmVmp : Match on catch block at 0xc3 in for 0x771101b025
02-18 17:12:53.223 8153 8153 E ArmVmp : Match on catch block at 0xc3 in for 0x771101b025
02-18 17:12:53.227 8153 8153 E ArmVmp : Match on catch block at 0xc3 in for 0x771101b025
02-18 17:12:53.244 8153 8153 E ArmVmp : Match on catch block at 0xc3 in for 0x771101b025
02-18 17:12:53.246 8153 8153 E ArmVmp : Match on catch block at 0xc3 in for 0x771101b025
02-18 17:12:53.258 8153 8153 E ArmVmp : Match on catch block at 0xc3 in for 0x771101b025
02-18 17:12:53.262 8153 8153 E ArmVmp : Match on catch block at 0xc3 in for 0x771101b025
02-18 17:12:53.274 8153 8153 E ArmVmp : Match on catch block at 0xc3 in for 0x771101b025
02-18 17:12:53.276 8153 8153 E ArmVmp : Match on catch block at 0xc3 in for 0x771101b025
02-18 17:12:53.290 8153 8153 E ArmVmp : Match on catch block at 0xc3 in for 0x771101b025
02-01b025
02-18 17:12:51.963 8153 8153 E ArmVmp : Match on catch block at 0xc3 in for 0x771101b025
02-18 17:12:51.966 8153 8153 E ArmVmp : Match on catch block at 0xc3 in for 0x771101b025
02-18 17:12:51.978 8153 8153 E ArmVmp : Match on catch block at 0xc3 in for 0x771101b025
02-18 17:12:51.980 8153 8153 E ArmVmp : Match on catch block at 0xc3 in for 0x771101b025
02-18 17:12:51.996 8153 8153 E ArmVmp : Match on catch block at 0xc3 in for 0x771101b025
02-18 17:12:52.001 8153 8153 E ArmVmp : Match on catch block at 0xc3 in for 0x771101b025
02-18 17:12:52.008 8153 8153 E ArmVmp : Match on catch block at 0xc3 in for 0x771101b025
02-18 17:12:52.012 8153 8153 E ArmVmp : Match on catch block at 0xc3 in for 0x771101b025
02-18 17:12:52.020 8153 8153 E ArmVmp : Match on catch block at 0xc3 in for 0x771101b025
02-18 17:12:52.024 8153 8153 E ArmVmp : Match on catch block at 0xc3 in for 0x771101b025
02-18 17:12:52.035 8153 8153 E ArmVmp : Match on catch block at 0xc3 in for 0x771101b025
02-18 17:12:52.038 8153 8153 E ArmVmp : Match on catch block at 0xc3 in for 0x771101b025
02-18 17:12:52.237 8153 8153 E ArmVmp : Match on catch block at 0xc3 in for 0x771101b025
02-18 17:12:52.240 8153 8153 E ArmVmp : Match on catch block at 0xc3 in for 0x771101b025
02-18 17:12:52.247 8153 9727 W MediaPlayer: Use of stream types is deprecated for operations other than volume
control
02-18 17:12:52.247 8153 9727 W MediaPlayer: See the documentation of setAudioStreamType() for what to use
instead with android.media.AudioAttributes to qualify your playback use case
02-18 17:12:52.252 8153 8153 E ArmVmp : Match on catch block at 0xc3 in for 0x771101b025
02-18 17:12:52.254 8153 8153 E ArmVmp : Match on catch block at 0xc3 in for 0x771101b025
02-18 17:12:52.351 8153 8153 E ArmVmp : Match on catch block at 0xc3 in for 0x771101b025
02-18 17:12:52.354 8153 8153 E ArmVmp : Match on catch block at 0xc3 in for 0x771101b025
02-18 17:12:52.401 8153 8153 W AidlConversion: aidl2legacy_AudioChannelLayout_audio_channel_mask_t: no
legacy output audio_channel_mask_t found for AudioChannelLayout{layoutMask: 16}
02-18 17:12:52.850 8153 8153 E ArmVmp : Match on catch block at 0xc3 in for 0x771101b025
02-18 17:12:52.852 8153 8153 E ArmVmp : Match on catch block at 0xc3 in for 0x771101b025
02-18 17:12:52.935 8153 8153 E ArmVmp : Match on catch block at 0xc3 in for 0x771101b025
02-18 17:12:52.940 8153 8153 E ArmVmp : Match on catch block at 0xc3 in for 0x771101b025
02-18 17:12:53.103 8153 8153 E ArmVmp : Match on catch block at 0xc3 in for 0x771101b025
02-18 17:12:53.107 8153 8153 E ArmVmp : Match on catch block at 0xc3 in for 0x771101b025
02-18 17:12:53.136 8153 8321 W Parcel : Expecting binder but got null!
02-18 17:12:53.202 8153 8153 E ArmVmp : Match on catch block at 0xc3 in for 0x771101b025
02-18 17:12:53.205 8153 8153 E ArmVmp : Match on catch block at 0xc3 in for 0x771101b025
02-18 17:12:53.223 8153 8153 E ArmVmp : Match on catch block at 0xc3 in for 0x771101b025
02-18 17:12:53.227 8153 8153 E ArmVmp : Match on catch block at 0xc3 in for 0x771101b025
02-18 17:12:53.244 8153 8153 E ArmVmp : Match on catch block at 0xc3 in for 0x771101b025
02-18 17:12:53.246 8153 8153 E ArmVmp : Match on catch block at 0xc3 in for 0x771101b025
02-18 17:12:53.258 8153 8153 E ArmVmp : Match on catch block at 0xc3 in for 0x771101b025
02-18 17:12:53.262 8153 8153 E ArmVmp : Match on catch block at 0xc3 in for 0x771101b025
02-18 17:12:53.274 8153 8153 E ArmVmp : Match on catch block at 0xc3 in for 0x771101b025
02-18 17:12:53.276 8153 8153 E ArmVmp : Match on catch block at 0xc3 in for 0x771101b025
02-18 17:12:53.290 8153 8153 E ArmVmp : Match on catch block at 0xc3 in for 0x771101b025
02-18 17:12:53.292 8153 8153 E ArmVmp : Match on catch block at 0xc3 in for 0x771101b025
02-18 17:12:53.352 8153 8153 E ArmVmp : Match on catch block at 0xc3 in for 0x771101b025
02-18 17:12:53.356 8153 8153 E ArmVmp : Match on catch block at 0xc3 in for 0x771101b025
02-18 17:12:53.401 8153 8118 17:12:53.292 8153 8153 E ArmVmp : Match on catch block at 0xc3 in for
0x771101b025
02-18 17:12:53.352 8153 8153 E ArmVmp : Match on catch block at 0xc3 in for 0x771101b025
02-18 17:12:53.356 8153 8153 E ArmVmp : Match on catch block at 0xc3 in for 0x771101b025
02-18 17:12:53.401 8153 8153 E ArmVmp : Match on catch block at 0xc3 in for 0x771101b025
02-18 17:12:53.405 8153 8153 E ArmVmp : Match on catch block at 0xc3 in for 0x771101b025
02-18 17:12:53.836 8153 8153 E ArmVmp : Match on catch block at 0xc3 in for 0x771101b025
02-18 17:12:53.839 8153 8153 E ArmVmp : Match on catch block at 0xc3 in for 0x771101b025
02-18 17:12:53.853 8153 8153 E ArmVmp : Match on catch block at 0xc3 in for 0x771101b025
02-18 17:12:53.856 8153 8153 E ArmVmp : Match on catch block at 0xc3 in for 0x771101b025
02-18 17:12:53.869 8153 8153 E ArmVmp : Match on catch block at 0xc3 in for 0x771101b025
02-18 17:12:53.871 8153 8153 E ArmVmp : Match on catch block at 0xc3 in for 0x771101b025
02-18 17:12:53.885 8153 8153 E ArmVmp : Match on catch block at 0xc3 in for 0x771101b025
02-18 17:12:53.889 8153 8153 E ArmVmp : Match on catch block at 0xc3 in for 0x771101b025
02-18 17:12:53.901 8153 8153 E ArmVmp : Match on catch block at 0xc3 in for 0x771101b025
02-18 17:12:53.907 8153 8153 E ArmVmp : Match on catch block at 0xc3 in for 0x771101b025
02-18 17:12:53.919 8153 8153 E ArmVmp : Match on catch block at 0xc3 in for 0x771101b025
02-18 17:12:53.922 8153 8153 E ArmVmp : Match on catch block at 0xc3 in for 0x771101b025
02-18 17:12:53.934 8153 8153 E ArmVmp : Match on catch block at 0xc3 in for 0x771101b025
02-18 17:12:53.936 8153 8153 E ArmVmp : Match on catch block at 0xc3 in for 0x771101b025
02-18 17:12:53.952 8153 8153 E ArmVmp : Match on catch block at 0xc3 in for 0x771101b025
02-18 17:12:53.955 8153 8153 E ArmVmp : Match on catch block at 0xc3 in for 0x771101b025
02-18 17:12:53.968 8153 8153 E ArmVmp : Match on catch block at 0xc3 in for 0x771101b025
02-18 17:12:53.972 8153 8153 E ArmVmp : Match on catch block at 0xc3 in for 0x771101b025
02-18 17:12:53.985 8153 8153 E ArmVmp : Match on catch block at 0xc3 in for 0x771101b025
02-18 17:12:53.989 8153 8153 E ArmVmp : Match on catch block at 0xc3 in for 0x771101b025
02-18 17:12:54.002 8153 8153 E ArmVmp : Match on catch block at 0xc3 in for 0x771101b025
02-18 17:12:54.005 8153 8153 E ArmVmp : Match on catch block at 0xc3 in for 0x771101b025
02-18 17:12:54.018 8153 8153 E ArmVmp : Match on catch block at 0xc3 in for 0x771101b025
02-18 17:12:54.021 8153 8153 E ArmVmp : Match on catch block at 0xc3 in for 0x771101b025
02-18 17:12:54.034 8153 8153 E ArmVmp : Match on catch block at 0xc3 in for 0x771101b025
02-18 17:12:54.037 8153 8153 E ArmVmp : Match on catch block at 0xc3 in for 0x771101b025
02-18 17:12:54.050 8153 8153 E ArmVmp : Match on catch block at 0xc3 in for 0x771101b025
02-18 17:12:54.053 8153 8153 E ArmVmp : Match on catch block at 0xc3 in for 0x771101b025
02-18 17:12:54.068 8153 8153 E ArmVmp : Match on catch block at 0xc3 in for 0x771101b025
02-18 17:12:54.070 8153 8153 E ArmVmp : Match on catch block at 0xc3 in for 0x771101b025
02-18 17:12:54.085 8153 8153 E ArmVmp : Match on catch block at 0xc3 in for 0x771101b025
02-18 17:12:54.089 8153 8153 E ArmVmp : Match on catch block at 0xc3 in for 0x771101b025
02-18 17:12:54.101 8153 8153 E ArmVmp : Match on catch block at 0xc3 in for 0x771101b025
02-18 17:12:54.104 8153 8153 E ArmVmp : Match on catch block at 0xc3 in for 0x771101b025
02-18 17:12:54.117 8153 8153 E ArmVmp : Match on catch block at 0xc3 in for 0x771101b025
02-18 17:12:54.120 8153 8153 E ArmVmp : Match on catch block at 0xc3 in for 0x771101b025
02-18 17:12:54.367 8153 8153 E ArmVmp : Match on catch block at 0xc3 in for 0x771101b025
02-18 17:12:54.371 8153 8153 E ArmVmp : Match on catch block at 0xc3 in for 0x771101b025
02-18 17:12:54.866 8153 8153 E ArmVmp : Match on catch block at 0xc3 in for 0x771101b025
02-18 17:12:54.869 8153 8153 E ArmVmp : Match on53 E ArmVmp : Match on catch block at 0xc3 in for
0x771101b025
02-18 17:12:53.405 8153 8153 E ArmVmp : Match on catch block at 0xc3 in for 0x771101b025
02-18 17:12:53.836 8153 8153 E ArmVmp : Match on catch block at 0xc3 in for 0x771101b025
02-18 17:12:53.839 8153 8153 E ArmVmp : Match on catch block at 0xc3 in for 0x771101b025
02-18 17:12:53.853 8153 8153 E ArmVmp : Match on catch block at 0xc3 in for 0x771101b025
02-18 17:12:53.856 8153 8153 E ArmVmp : Match on catch block at 0xc3 in for 0x771101b025
02-18 17:12:53.869 8153 8153 E ArmVmp : Match on catch block at 0xc3 in for 0x771101b025
02-18 17:12:53.871 8153 8153 E ArmVmp : Match on catch block at 0xc3 in for 0x771101b025
02-18 17:12:53.885 8153 8153 E ArmVmp : Match on catch block at 0xc3 in for 0x771101b025
02-18 17:12:53.889 8153 8153 E ArmVmp : Match on catch block at 0xc3 in for 0x771101b025
02-18 17:12:53.901 8153 8153 E ArmVmp : Match on catch block at 0xc3 in for 0x771101b025
02-18 17:12:53.907 8153 8153 E ArmVmp : Match on catch block at 0xc3 in for 0x771101b025
02-18 17:12:53.919 8153 8153 E ArmVmp : Match on catch block at 0xc3 in for 0x771101b025
02-18 17:12:53.922 8153 8153 E ArmVmp : Match on catch block at 0xc3 in for 0x771101b025
02-18 17:12:53.934 8153 8153 E ArmVmp : Match on catch block at 0xc3 in for 0x771101b025
02-18 17:12:53.936 8153 8153 E ArmVmp : Match on catch block at 0xc3 in for 0x771101b025
02-18 17:12:53.952 8153 8153 E ArmVmp : Match on catch block at 0xc3 in for 0x771101b025
02-18 17:12:53.955 8153 8153 E ArmVmp : Match on catch block at 0xc3 in for 0x771101b025
02-18 17:12:53.968 8153 8153 E ArmVmp : Match on catch block at 0xc3 in for 0x771101b025
02-18 17:12:53.972 8153 8153 E ArmVmp : Match on catch block at 0xc3 in for 0x771101b025
02-18 17:12:53.985 8153 8153 E ArmVmp : Match on catch block at 0xc3 in for 0x771101b025
02-18 17:12:53.989 8153 8153 E ArmVmp : Match on catch block at 0xc3 in for 0x771101b025
02-18 17:12:54.002 8153 8153 E ArmVmp : Match on catch block at 0xc3 in for 0x771101b025
02-18 17:12:54.005 8153 8153 E ArmVmp : Match on catch block at 0xc3 in for 0x771101b025
02-18 17:12:54.018 8153 8153 E ArmVmp : Match on catch block at 0xc3 in for 0x771101b025
02-18 17:12:54.021 8153 8153 E ArmVmp : Match on catch block at 0xc3 in for 0x771101b025
02-18 17:12:54.034 8153 8153 E ArmVmp : Match on catch block at 0xc3 in for 0x771101b025
02-18 17:12:54.037 8153 8153 E ArmVmp : Match on catch block at 0xc3 in for 0x771101b025
02-18 17:12:54.050 8153 8153 E ArmVmp : Match on catch block at 0xc3 in for 0x771101b025
02-18 17:12:54.053 8153 8153 E ArmVmp : Match on catch block at 0xc3 in for 0x771101b025
02-18 17:12:54.068 8153 8153 E ArmVmp : Match on catch block at 0xc3 in for 0x771101b025
02-18 17:12:54.070 8153 8153 E ArmVmp : Match on catch block at 0xc3 in for 0x771101b025
02-18 17:12:54.085 8153 8153 E ArmVmp : Match on catch block at 0xc3 in for 0x771101b025
02-18 17:12:54.089 8153 8153 E ArmVmp : Match on catch block at 0xc3 in for 0x771101b025
02-18 17:12:54.101 8153 8153 E ArmVmp : Match on catch block at 0xc3 in for 0x771101b025
02-18 17:12:54.104 8153 8153 E ArmVmp : Match on catch block at 0xc3 in for 0x771101b025
02-18 17:12:54.117 8153 8153 E ArmVmp : Match on catch block at 0xc3 in for 0x771101b025
02-18 17:12:54.120 8153 8153 E ArmVmp : Match on catch block at 0xc3 in for 0x771101b025
02-18 17:12:54.367 8153 8153 E ArmVmp : Match on catch block at 0xc3 in for 0x771101b025
02-18 17:12:54.371 8153 8153 E ArmVmp : Match on catch block at 0xc3 in for 0x771101b025
02-18 17:12:54.866 8153 8153 E ArmVmp : Match on catch block at 0xc3 in for 0x771101b025
02-18 17:12:54.869 8153 8153 E ArmVmp : Match on catch block at 0xc3 in for 0x771101b025
02-18 17:12:55.367 8153 8153 E ArmVmp : Match on catch block at 0xc3 in for 0x771101b025
02-18 17:12:55.370 8153 8153 E ArmVmp : Match on catch block at 0xc3 in for 0x771101b025
02-18 17:12:55.865 8153 8153 E ArmVmp : Match on catch block at 0xc3 in f catch block at 0xc3 in for
0x771101b025
02-18 17:12:55.367 8153 8153 E ArmVmp : Match on catch block at 0xc3 in for 0x771101b025
02-18 17:12:55.370 8153 8153 E ArmVmp : Match on catch block at 0xc3 in for 0x771101b025
02-18 17:12:55.865 8153 8153 E ArmVmp : Match on catch block at 0xc3 in for 0x771101b025
02-18 17:12:55.867 8153 8153 E ArmVmp : Match on catch block at 0xc3 in for 0x771101b025
02-18 17:12:56.365 8153 8153 E ArmVmp : Match on catch block at 0xc3 in for 0x771101b025
02-18 17:12:56.367 8153 8153 E ArmVmp : Match on catch block at 0xc3 in for 0x771101b025
02-18 17:12:56.557 8153 8153 E ArmVmp : Match on catch block at 0xc3 in for 0x771101b025
02-18 17:12:56.560 8153 8153 E ArmVmp : Match on catch block at 0xc3 in for 0x771101b025
02-18 17:12:57.367 8153 8153 E ArmVmp : Match on catch block at 0xc3 in for 0x771101b025
02-18 17:12:57.370 8153 8153 E ArmVmp : Match on catch block at 0xc3 in for 0x771101b025
02-18 17:12:57.865 8153 8153 E ArmVmp : Match on catch block at 0xc3 in for 0x771101b025
02-18 17:12:57.867 8153 8153 E ArmVmp : Match on catch block at 0xc3 in for 0x771101b025
02-18 17:12:58.362 8153 8153 E ArmVmp : Match on catch block at 0xc3 in for 0x771101b025
02-18 17:12:58.364 8153 8153 E ArmVmp : Match on catch block at 0xc3 in for 0x771101b025
02-18 17:12:58.862 8153 8153 E ArmVmp : Match on catch block at 0xc3 in for 0x771101b025
02-18 17:12:58.865 8153 8153 E ArmVmp : Match on catch block at 0xc3 in for 0x771101b025
02-18 17:12:59.361 8153 8153 E ArmVmp : Match on catch block at 0xc3 in for 0x771101b025
02-18 17:12:59.363 8153 8153 E ArmVmp : Match on catch block at 0xc3 in for 0x771101b025
02-18 17:12:59.861 8153 8153 E ArmVmp : Match on catch block at 0xc3 in for 0x771101b025
02-18 17:12:59.864 8153 8153 E ArmVmp : Match on catch block at 0xc3 in for 0x771101b025
02-18 17:12:59.946 8153 8153 E ArmVmp : Match on catch block at 0xc3 in for 0x771101b025
02-18 17:12:59.949 8153 8153 E ArmVmp : Match on catch block at 0xc3 in for 0x771101b025
02-18 17:12:59.967 8153 8153 E ArmVmp : Match on catch block at 0xc3 in for 0x771101b025
02-18 17:12:59.969 8153 8153 E ArmVmp : Match on catch block at 0xc3 in for 0x771101b025
02-18 17:12:59.978 8153 8153 E ArmVmp : Match on catch block at 0xc3 in for 0x771101b025
02-18 17:12:59.980 8153 8153 E ArmVmp : Match on catch block at 0xc3 in for 0x771101b025
02-18 17:12:59.994 8153 8153 E ArmVmp : Match on catch block at 0xc3 in for 0x771101b025
02-18 17:12:59.996 8153 8153 E ArmVmp : Match on catch block at 0xc3 in for 0x771101b025
02-18 17:13:00.011 8153 8153 E ArmVmp : Match on catch block at 0xc3 in for 0x771101b025
02-18 17:13:00.017 8153 8153 E ArmVmp : Match on catch block at 0xc3 in for 0x771101b025
02-18 17:13:00.028 8153 8153 E ArmVmp : Match on catch block at 0xc3 in for 0x771101b025
02-18 17:13:00.030 8153 8153 E ArmVmp : Match on catch block at 0xc3 in for 0x771101b025
02-18 17:13:00.046 8153 8153 E ArmVmp : Match on catch block at 0xc3 in for 0x771101b025
02-18 17:13:00.048 8153 8153 E ArmVmp : Match on catch block at 0xc3 in for 0x771101b025
02-18 17:13:00.061 8153 8153 E ArmVmp : Match on catch block at 0xc3 in for 0x771101b025
02-18 17:13:00.064 8153 8153 E ArmVmp : Match on catch block at 0xc3 in for 0x771101b025
02-18 17:13:00.078 8153 8153 E ArmVmp : Match on catch block at 0xc3 in for 0x771101b025
02-18 17:13:00.080 8153 8153 E ArmVmp : Match on catch block at 0xc3 in for 0x771101b025
02-18 17:13:00.094 8153 8153 E ArmVmp : Match on catch block at 0xc3 in for 0x771101b025
02-18 17:13:00.096 8153 8153 E ArmVmp : Match on catch block at 0xc3 in for 0x771101b025
02-18 17:13:00.111 8153 8153 E ArmVmp : Match on catch block at 0xc3 in for 0x771101b025
02-18 17:13:00.115 8153 8153 E ArmVmp : Match on catch block at 0xc3 in for 0x771101b025
