02-18 17:11:12.299 8153 8153 E ArmVmp : Match on catch block at 0xc3 in for 0x771101b025
02-18 17:11:12.307 8153 8153 E ArmVmp : Match on catch block at 0xc3 in for 0x771101b025
02-18 17:11:12.330 8153 8153 E ArmVmp : Match on catch block at 0xc3 in for 0x771101b025
02-18 17:11:12.337 8153 8153 E ArmVmp : Match on catch block at 0xc3 in for 0x771101b025
02-18 17:11:12.356 8153 8153 E ArmVmp : Match on catch block at 0xc3 in for 0x771101b025
02-18 17:11:12.365 8153 8153 E ArmVmp : Match on catch block at 0xc3 in for 0x771101b025
02-18 17:11:13.079 8153 8153 E ArmVmp : Match on catch block at 0x0a in for 0x771101b035
02-18 17:11:13.084 8153 8153 E ArmVmp : Match on catch block at 0x0a in for 0x771101b035
02-18 17:11:13.183 8153 8153 E ArmVmp : Match on catch block at 0xc3 in for 0x771101b025
02-18 17:11:13.188 8153 8153 E ArmVmp : Match on catch block at 0xc3 in for 0x771101b025
02-18 17:11:13.245 8153 8153 E ArmVmp : Match on catch block at 0xc3 i on catch block at 0x0a in for
0x771101b035
02-18 17:11:13.183 8153 8153 E ArmVmp : Match on catch block at 0xc3 in for 0x771101b025
02-18 17:11:13.188 8153 8153 E ArmVmp : Match on catch block at 0xc3 in for 0x771101b025
02-18 17:11:13.245 8153 8153 E ArmVmp : Match on catch block at 0xc3 in for 0x771101b025
02-18 17:11:13.247 8153 8153 E ArmVmp : Match on catch block at 0xc3 in for 0x771101b025
02-18 17:11:13.274 8153 8153 E ArmVmp : Match on catch block at 0xc3 in for 0x771101b025
02-18 17:11:13.280 8153 8153 E ArmVmp : Match on catch block at 0xc3 in for 0x771101b025
02-18 17:11:13.294 8153 8153 E ArmVmp : Match on catch block at 0xc3 in for 0x771101b025
02-18 17:11:13.296 8153 8153 E ArmVmp : Match on catch block at 0xc3 in for 0x771101b025
02-18 17:11:13.308 8153 8153 E ArmVmp : Match on catch block at 0xc3 in for 0x771101b025
02-18 17:11:13.312 8153 8153 E ArmVmp : Match on catch block at 0xc3 in for 0x771101b025
02-18 17:11:13.319 8153 8153 E ArmVmp : Match on catch block at 0xc3 in for 0x771101b025
02-18 17:11:13.323 8153 8153 E ArmVmp : Match on catch block at 0xc3 in for 0x771101b025
02-18 17:11:13.336 8153 8153 E ArmVmp : Match on catch block at 0xc3 in for 0x771101b025
02-18 17:11:13.339 8153 8153 E ArmVmp : Match on catch block at 0xc3 in for 0x771101b025
02-18 17:11:13.352 8153 8153 E ArmVmp : Match on catch block at 0xc3 in for 0x771101b025
02-18 17:11:13.356 8153 8153 E ArmVmp : Match on catch block at 0xc3 in for 0x771101b025
02-18 17:11:13.372 8153 8153 E ArmVmp : Match on catch block at 0xc3 in for 0x771101b025
02-18 17:11:13.381 8153 8153 E ArmVmp : Match on catch block at 0xc3 in for 0x771101b025
02-18 17:11:13.387 8153 8153 W OnBackInvokedCallback: OnBackInvokedCallback is not enabled for the
application.
02-18 17:11:13.387 8153 8153 W OnBackInvokedCallback: Set 'android:enableOnBackInvokedCallback="true"' in
the application manifest.
02-18 17:11:13.393 8153 8153 E ArmVmp : Match on catch block at 0xc3 in for 0x771101b025
02-18 17:11:13.395 8153 8153 E ArmVmp : Match on catch block at 0xc3 in for 0x771101b025
02-18 17:11:13.403 8153 8153 E ArmVmp : Match on catch block at 0xc3 in for 0x771101b025
02-18 17:11:13.407 8153 8153 E ArmVmp : Match on catch block at 0xc3 in for 0x771101b025
02-18 17:11:13.424 8153 8153 E ArmVmp : Match on catch block at 0xc3 in for 0x771101b025
02-18 17:11:13.427 8153 8153 E ArmVmp : Match on catch block at 0xc3 in for 0x771101b025
02-18 17:11:13.437 8153 8153 E ArmVmp : Match on catch block at 0xc3 in for 0x771101b025
02-18 17:11:13.441 8153 8153 E ArmVmp : Match on catch block at 0xc3 in for 0x771101b025
02-18 17:11:13.451 8153 8153 E ArmVmp : Match on catch block at 0xc3 in for 0x771101b025
02-18 17:11:13.454 8153 8153 E ArmVmp : Match on catch block at 0xc3 in for 0x771101b025
02-18 17:11:13.468 8153 8153 E ArmVmp : Match on catch block at 0xc3 in for 0x771101b025
02-18 17:11:13.473 8153 8153 E ArmVmp : Match on catch block at 0xc3 in for 0x771101b025
02-18 17:11:13.483 8153 8153 E ArmVmp : Match on catch block at 0xc3 in for 0x771101b025
02-18 17:11:13.485 8153 8153 E ArmVmp : Match on catch block at 0xc3 in for 0x771101b025
02-18 17:11:13.502 8153 8153 E ArmVmp : Match on catch block at 0xc3 in for 0x771101b025
02-18 17:11:13.505 8153 8153 E ArmVmp : Match on catch block at 0xc3 in for 0x771101b025
02-18 17:11:13.516 8153 8153 E ArmVmp : Match on catch block at 0xc3 in for 0x771101b025
02-18 17:11:13.519 8153 8153 E ArmVmp : Match on catch block at 0xc3 in for 0x771101b025
02-18 17:11:13.533 8153 8153 E ArmVmp : Match on catch block at 0xc3 in for 0x771101b025
02-18 17:11:13.536 8153 8153 E ArmVmp : Match on catch block at 0xc3 in for 0x771101b025
02-18 17:11:13.552 8153 8153 E ArmVmp : Match on catch block at 0xc3 in for 0x771101b025
02-18 17:11:13.555 8153 8153 E ArmVmp : Match on catch block at 0xc3 in for 0x771101b025
02-18 17:11:13.650 8153 8153 W BottomSheetBehavior: BottomSheetBehavior now supports multiple callbacks.
`setBottomSheetCan for 0x771101b025
02-18 17:11:13.247 8153 8153 E ArmVmp : Match on catch block at 0xc3 in for 0x771101b025
02-18 17:11:13.274 8153 8153 E ArmVmp : Match on catch block at 0xc3 in for 0x771101b025
02-18 17:11:13.280 8153 8153 E ArmVmp : Match on catch block at 0xc3 in for 0x771101b025
02-18 17:11:13.294 8153 8153 E ArmVmp : Match on catch block at 0xc3 in for 0x771101b025
02-18 17:11:13.296 8153 8153 E ArmVmp : Match on catch block at 0xc3 in for 0x771101b025
02-18 17:11:13.308 8153 8153 E ArmVmp : Match on catch block at 0xc3 in for 0x771101b025
02-18 17:11:13.312 8153 8153 E ArmVmp : Match on catch block at 0xc3 in for 0x771101b025
02-18 17:11:13.319 8153 8153 E ArmVmp : Match on catch block at 0xc3 in for 0x771101b025
02-18 17:11:13.323 8153 8153 E ArmVmp : Match on catch block at 0xc3 in for 0x771101b025
02-18 17:11:13.336 8153 8153 E ArmVmp : Match on catch block at 0xc3 in for 0x771101b025
02-18 17:11:13.339 8153 8153 E ArmVmp : Match on catch block at 0xc3 in for 0x771101b025
02-18 17:11:13.352 8153 8153 E ArmVmp : Match on catch block at 0xc3 in for 0x771101b025
02-18 17:11:13.356 8153 8153 E ArmVmp : Match on catch block at 0xc3 in for 0x771101b025
02-18 17:11:13.372 8153 8153 E ArmVmp : Match on catch block at 0xc3 in for 0x771101b025
02-18 17:11:13.381 8153 8153 E ArmVmp : Match on catch block at 0xc3 in for 0x771101b025
02-18 17:11:13.387 8153 8153 W OnBackInvokedCallback: OnBackInvokedCallback is not enabled for the
application.
02-18 17:11:13.387 8153 8153 W OnBackInvokedCallback: Set 'android:enableOnBackInvokedCallback="true"' in
the application manifest.
02-18 17:11:13.393 8153 8153 E ArmVmp : Match on catch block at 0xc3 in for 0x771101b025
02-18 17:11:13.395 8153 8153 E ArmVmp : Match on catch block at 0xc3 in for 0x771101b025
02-18 17:11:13.403 8153 8153 E ArmVmp : Match on catch block at 0xc3 in for 0x771101b025
02-18 17:11:13.407 8153 8153 E ArmVmp : Match on catch block at 0xc3 in for 0x771101b025
02-18 17:11:13.424 8153 8153 E ArmVmp : Match on catch block at 0xc3 in for 0x771101b025
02-18 17:11:13.427 8153 8153 E ArmVmp : Match on catch block at 0xc3 in for 0x771101b025
02-18 17:11:13.437 8153 8153 E ArmVmp : Match on catch block at 0xc3 in for 0x771101b025
02-18 17:11:13.441 8153 8153 E ArmVmp : Match on catch block at 0xc3 in for 0x771101b025
02-18 17:11:13.451 8153 8153 E ArmVmp : Match on catch block at 0xc3 in for 0x771101b025
02-18 17:11:13.454 8153 8153 E ArmVmp : Match on catch block at 0xc3 in for 0x771101b025
02-18 17:11:13.468 8153 8153 E ArmVmp : Match on catch block at 0xc3 in for 0x771101b025
02-18 17:11:13.473 8153 8153 E ArmVmp : Match on catch block at 0xc3 in for 0x771101b025
02-18 17:11:13.483 8153 8153 E ArmVmp : Match on catch block at 0xc3 in for 0x771101b025
02-18 17:11:13.485 8153 8153 E ArmVmp : Match on catch block at 0xc3 in for 0x771101b025
02-18 17:11:13.502 8153 8153 E ArmVmp : Match on catch block at 0xc3 in for 0x771101b025
02-18 17:11:13.505 8153 8153 E ArmVmp : Match on catch block at 0xc3 in for 0x771101b025
02-18 17:11:13.516 8153 8153 E ArmVmp : Match on catch block at 0xc3 in for 0x771101b025
02-18 17:11:13.519 8153 8153 E ArmVmp : Match on catch block at 0xc3 in for 0x771101b025
02-18 17:11:13.533 8153 8153 E ArmVmp : Match on catch block at 0xc3 in for 0x771101b025
02-18 17:11:13.536 8153 8153 E ArmVmp : Match on catch block at 0xc3 in for 0x771101b025
02-18 17:11:13.552 8153 8153 E ArmVmp : Match on catch block at 0xc3 in for 0x771101b025
02-18 17:11:13.555 8153 8153 E ArmVmp : Match on catch block at 0xc3 in for 0x771101b025
02-18 17:11:13.650 8153 8153 W BottomSheetBehavior: BottomSheetBehavior now supports multiple callbacks.
`setBottomSheetCallback()` removes all existing callbacks, including ones set internally by library authors, which
may result in unintended behavior. This may change in the future. Please use `addBottomSheetCallback()` and
`removeBottomSheetCallback()` instead to set your own callbacks.
02-18 17:11:13.766 8153 8153llback()` removes all existing callbacks, including ones set internally by library
authors, which may result in unintended behavior. This may change in the future. Please use
`addBottomSheetCallback()` and `removeBottomSheetCallback()` instead to set your own callbacks.
02-18 17:11:13.766 8153 8153 E ArmVmp : Match on catch block at 0xc3 in for 0x771101b025
02-18 17:11:13.770 8153 8153 E ArmVmp : Match on catch block at 0xc3 in for 0x771101b025
02-18 17:11:13.950 8153 8153 E ArmVmp : Match on catch block at 0xc3 in for 0x771101b025
02-18 17:11:13.956 8153 8153 E ArmVmp : Match on catch block at 0xc3 in for 0x771101b025
02-18 17:11:13.967 8153 8153 E ArmVmp : Match on catch block at 0xc3 in for 0x771101b025
02-18 17:11:13.971 8153 8153 E ArmVmp : Match on catch block at 0xc3 in for 0x771101b025
02-18 17:11:13.983 8153 8153 E ArmVmp : Match on catch block at 0xc3 in for 0x771101b025
02-18 17:11:13.988 8153 8153 E ArmVmp : Match on catch block at 0xc3 in for 0x771101b025
02-18 17:11:14.001 8153 8153 E ArmVmp : Match on catch block at 0xc3 in for 0x771101b025
02-18 17:11:14.005 8153 8153 E ArmVmp : Match on catch block at 0xc3 in for 0x771101b025
02-18 17:11:14.017 8153 8153 E ArmVmp : Match on catch block at 0xc3 in for 0x771101b025
02-18 17:11:14.021 8153 8153 E ArmVmp : Match on catch block at 0xc3 in for 0x771101b025
02-18 17:11:14.035 8153 8153 E ArmVmp : Match on catch block at 0xc3 in for 0x771101b025
02-18 17:11:14.038 8153 8153 E ArmVmp : Match on catch block at 0xc3 in for 0x771101b025
02-18 17:11:14.049 8153 8153 E ArmVmp : Match on catch block at 0xc3 in for 0x771101b025
02-18 17:11:14.054 8153 8153 E ArmVmp : Match on catch block at 0xc3 in for 0x771101b025
02-18 17:11:14.066 8153 8153 E ArmVmp : Match on catch block at 0xc3 in for 0x771101b025
02-18 17:11:14.071 8153 8153 E ArmVmp : Match on catch block at 0xc3 in for 0x771101b025
02-18 17:11:14.083 8153 8153 E ArmVmp : Match on catch block at 0xc3 in for 0x771101b025
02-18 17:11:14.088 8153 8153 E ArmVmp : Match on catch block at 0xc3 in for 0x771101b025
02-18 17:11:14.099 8153 8153 E ArmVmp : Match on catch block at 0xc3 in for 0x771101b025
02-18 17:11:14.107 8153 8153 E ArmVmp : Match on catch block at 0xc3 in for 0x771101b025
02-18 17:11:14.134 8153 8153 E ArmVmp : Match on catch block at 0xc3 in for 0x771101b025
02-18 17:11:14.138 8153 8153 E ArmVmp : Match on catch block at 0xc3 in for 0x771101b025
02-18 17:11:14.149 8153 8153 E ArmVmp : Match on catch block at 0xc3 in for 0x771101b025
02-18 17:11:14.154 8153 8153 E ArmVmp : Match on catch block at 0xc3 in for 0x771101b025
02-18 17:11:14.166 8153 8153 E ArmVmp : Match on catch block at 0xc3 in for 0x771101b025
02-18 17:11:14.171 8153 8153 E ArmVmp : Match on catch block at 0xc3 in for 0x771101b025
02-18 17:11:14.182 8153 8153 E ArmVmp : Match on catch block at 0xc3 in for 0x771101b025
02-18 17:11:14.186 8153 8153 E ArmVmp : Match on catch block at 0xc3 in for 0x771101b025
02-18 17:11:14.199 8153 8153 E ArmVmp : Match on catch block at 0xc3 in for 0x771101b025
02-18 17:11:14.203 8153 8153 E ArmVmp : Match on catch block at 0xc3 in for 0x771101b025
02-18 17:11:14.216 8153 8153 E ArmVmp : Match on catch block at 0xc3 in for 0x771101b025
02-18 17:11:14.220 8153 8153 E ArmVmp : Match on catch block at 0xc3 in for 0x771101b025
02-18 17:11:14.233 8153 8153 E ArmVmp : Match on catch block at 0xc3 in for 0x771101b025
02-18 17:11:14.238 8153 8153 E ArmVmp : Match on catch block at 0xc3 in for 0x771101b025
02-18 17:11:14.249 8153 8153 E ArmVmp : Match on catch block at 0xc3 in for 0x771101b025
02-18 17:11:14.254 8153 8153 E ArmVmp : Match on catch block at 0xc3 in for 0x771101b025
02-18 17:11:14.266 8153 8153 E ArmVmp : Match on catch block at 0xc3 in for 0x771101b025
02-18 17:11:14.270 8153 8153 E ArmVmp : Match on catch block at 0xc3 in for 0x771101b025
02-18 17:11:14.448 8153 8153 E ArmVmp : Match on catch block at 0xc3 in for 0x771101b025
02-18 17:11:14.453 8153 8153 E ArmVmp : Match on c E ArmVmp : Match on catch block at 0xc3 in for
0x771101b025
02-18 17:11:13.770 8153 8153 E ArmVmp : Match on catch block at 0xc3 in for 0x771101b025
02-18 17:11:13.950 8153 8153 E ArmVmp : Match on catch block at 0xc3 in for 0x771101b025
02-18 17:11:13.956 8153 8153 E ArmVmp : Match on catch block at 0xc3 in for 0x771101b025
02-18 17:11:13.967 8153 8153 E ArmVmp : Match on catch block at 0xc3 in for 0x771101b025
02-18 17:11:13.971 8153 8153 E ArmVmp : Match on catch block at 0xc3 in for 0x771101b025
02-18 17:11:13.983 8153 8153 E ArmVmp : Match on catch block at 0xc3 in for 0x771101b025
02-18 17:11:13.988 8153 8153 E ArmVmp : Match on catch block at 0xc3 in for 0x771101b025
02-18 17:11:14.001 8153 8153 E ArmVmp : Match on catch block at 0xc3 in for 0x771101b025
02-18 17:11:14.005 8153 8153 E ArmVmp : Match on catch block at 0xc3 in for 0x771101b025
02-18 17:11:14.017 8153 8153 E ArmVmp : Match on catch block at 0xc3 in for 0x771101b025
02-18 17:11:14.021 8153 8153 E ArmVmp : Match on catch block at 0xc3 in for 0x771101b025
02-18 17:11:14.035 8153 8153 E ArmVmp : Match on catch block at 0xc3 in for 0x771101b025
02-18 17:11:14.038 8153 8153 E ArmVmp : Match on catch block at 0xc3 in for 0x771101b025
02-18 17:11:14.049 8153 8153 E ArmVmp : Match on catch block at 0xc3 in for 0x771101b025
02-18 17:11:14.054 8153 8153 E ArmVmp : Match on catch block at 0xc3 in for 0x771101b025
02-18 17:11:14.066 8153 8153 E ArmVmp : Match on catch block at 0xc3 in for 0x771101b025
02-18 17:11:14.071 8153 8153 E ArmVmp : Match on catch block at 0xc3 in for 0x771101b025
02-18 17:11:14.083 8153 8153 E ArmVmp : Match on catch block at 0xc3 in for 0x771101b025
02-18 17:11:14.088 8153 8153 E ArmVmp : Match on catch block at 0xc3 in for 0x771101b025
02-18 17:11:14.099 8153 8153 E ArmVmp : Match on catch block at 0xc3 in for 0x771101b025
02-18 17:11:14.107 8153 8153 E ArmVmp : Match on catch block at 0xc3 in for 0x771101b025
02-18 17:11:14.134 8153 8153 E ArmVmp : Match on catch block at 0xc3 in for 0x771101b025
02-18 17:11:14.138 8153 8153 E ArmVmp : Match on catch block at 0xc3 in for 0x771101b025
02-18 17:11:14.149 8153 8153 E ArmVmp : Match on catch block at 0xc3 in for 0x771101b025
02-18 17:11:14.154 8153 8153 E ArmVmp : Match on catch block at 0xc3 in for 0x771101b025
02-18 17:11:14.166 8153 8153 E ArmVmp : Match on catch block at 0xc3 in for 0x771101b025
02-18 17:11:14.171 8153 8153 E ArmVmp : Match on catch block at 0xc3 in for 0x771101b025
02-18 17:11:14.182 8153 8153 E ArmVmp : Match on catch block at 0xc3 in for 0x771101b025
02-18 17:11:14.186 8153 8153 E ArmVmp : Match on catch block at 0xc3 in for 0x771101b025
02-18 17:11:14.199 8153 8153 E ArmVmp : Match on catch block at 0xc3 in for 0x771101b025
02-18 17:11:14.203 8153 8153 E ArmVmp : Match on catch block at 0xc3 in for 0x771101b025
02-18 17:11:14.216 8153 8153 E ArmVmp : Match on catch block at 0xc3 in for 0x771101b025
02-18 17:11:14.220 8153 8153 E ArmVmp : Match on catch block at 0xc3 in for 0x771101b025
02-18 17:11:14.233 8153 8153 E ArmVmp : Match on catch block at 0xc3 in for 0x771101b025
02-18 17:11:14.238 8153 8153 E ArmVmp : Match on catch block at 0xc3 in for 0x771101b025
02-18 17:11:14.249 8153 8153 E ArmVmp : Match on catch block at 0xc3 in for 0x771101b025
02-18 17:11:14.254 8153 8153 E ArmVmp : Match on catch block at 0xc3 in for 0x771101b025
02-18 17:11:14.266 8153 8153 E ArmVmp : Match on catch block at 0xc3 in for 0x771101b025
02-18 17:11:14.270 8153 8153 E ArmVmp : Match on catch block at 0xc3 in for 0x771101b025
02-18 17:11:14.448 8153 8153 E ArmVmp : Match on catch block at 0xc3 in for 0x771101b025
02-18 17:11:14.453 8153 8153 E ArmVmp : Match on catch block at 0xc3 in for 0x771101b025
02-18 17:11:14.530 8153 8153 E ArmVmp : Match on catch block at 0xc3 in for 0x771101b025
02-18 17:11:14.533 8153 8153 E ArmVmp : Match on catch block at 0xc3 in for 0x771101b025
02-18 17:11:14.555 8153 8321 W Parcel : Expecting binder but got null!
02-1atch block at 0xc3 in for 0x771101b025
02-18 17:11:14.530 8153 8153 E ArmVmp : Match on catch block at 0xc3 in for 0x771101b025
02-18 17:11:14.533 8153 8153 E ArmVmp : Match on catch block at 0xc3 in for 0x771101b025
02-18 17:11:14.555 8153 8321 W Parcel : Expecting binder but got null!
02-18 17:11:14.565 8153 8153 E ArmVmp : Match on catch block at 0xc3 in for 0x771101b025
02-18 17:11:14.576 8153 8153 E ArmVmp : Match on catch block at 0xc3 in for 0x771101b025
02-18 17:11:14.582 8153 8153 E ArmVmp : Match on catch block at 0xc3 in for 0x771101b025
02-18 17:11:14.585 8153 8153 E ArmVmp : Match on catch block at 0xc3 in for 0x771101b025
02-18 17:11:14.601 8153 8153 E ArmVmp : Match on catch block at 0xc3 in for 0x771101b025
02-18 17:11:14.603 8153 8153 E ArmVmp : Match on catch block at 0xc3 in for 0x771101b025
02-18 17:11:14.622 8153 8153 E ArmVmp : Match on catch block at 0xc3 in for 0x771101b025
02-18 17:11:14.624 8153 8153 E ArmVmp : Match on catch block at 0xc3 in for 0x771101b025
02-18 17:11:14.633 8153 8153 E ArmVmp : Match on catch block at 0xc3 in for 0x771101b025
02-18 17:11:14.635 8153 8153 E ArmVmp : Match on catch block at 0xc3 in for 0x771101b025
02-18 17:11:14.649 8153 8153 E ArmVmp : Match on catch block at 0xc3 in for 0x771101b025
02-18 17:11:14.652 8153 8153 E ArmVmp : Match on catch block at 0xc3 in for 0x771101b025
02-18 17:11:14.665 8153 8153 E ArmVmp : Match on catch block at 0xc3 in for 0x771101b025
02-18 17:11:14.667 8153 8153 E ArmVmp : Match on catch block at 0xc3 in for 0x771101b025
02-18 17:11:14.765 8153 8153 E ArmVmp : Match on catch block at 0xc3 in for 0x771101b025
02-18 17:11:14.767 8153 8153 E ArmVmp : Match on catch block at 0xc3 in for 0x771101b025
02-18 17:11:14.915 8153 8153 E ArmVmp : Match on catch block at 0xc3 in for 0x771101b025
02-18 17:11:14.920 8153 8153 E ArmVmp : Match on catch block at 0xc3 in for 0x771101b025
02-18 17:11:15.032 8153 8153 E ArmVmp : Match on catch block at 0xc3 in for 0x771101b025
02-18 17:11:15.036 8153 8153 E ArmVmp : Match on catch block at 0xc3 in for 0x771101b025
02-18 17:11:15.049 8153 8153 E ArmVmp : Match on catch block at 0xc3 in for 0x771101b025
02-18 17:11:15.054 8153 8153 E ArmVmp : Match on catch block at 0xc3 in for 0x771101b025
02-18 17:11:15.065 8153 8153 E ArmVmp : Match on catch block at 0xc3 in for 0x771101b025
02-18 17:11:15.070 8153 8153 E ArmVmp : Match on catch block at 0xc3 in for 0x771101b025
02-18 17:11:15.082 8153 8153 E ArmVmp : Match on catch block at 0xc3 in for 0x771101b025
02-18 17:11:15.086 8153 8153 E ArmVmp : Match on catch block at 0xc3 in for 0x771101b025
02-18 17:11:15.099 8153 8153 E ArmVmp : Match on catch block at 0xc3 in for 0x771101b025
02-18 17:11:15.103 8153 8153 E ArmVmp : Match on catch block at 0xc3 in for 0x771101b025
02-18 17:11:15.116 8153 8153 E ArmVmp : Match on catch block at 0xc3 in for 0x771101b025
02-18 17:11:15.120 8153 8153 E ArmVmp : Match on catch block at 0xc3 in for 0x771101b025
02-18 17:11:15.132 8153 8153 E ArmVmp : Match on catch block at 0xc3 in for 0x771101b025
02-18 17:11:15.136 8153 8153 E ArmVmp : Match on catch block at 0xc3 in for 0x771101b025
02-18 17:11:15.148 8153 8153 E ArmVmp : Match on catch block at 0xc3 in for 0x771101b025
02-18 17:11:15.152 8153 8153 E ArmVmp : Match on catch block at 0xc3 in for 0x771101b025
02-18 17:11:15.165 8153 8153 E ArmVmp : Match on catch block at 0xc3 in for 0x771101b025
02-18 17:11:15.170 8153 8153 E ArmVmp : Match on catch block at 0xc3 in for 0x771101b025
02-18 17:11:15.181 8153 8153 E ArmVmp : Match on catch block at 0xc3 in for 0x771101b025
02-18 17:11:15.185 8153 8153 E ArmVmp : Match on catch block at 0xc3 in for 0x771101b025
02-18 17:11:15.198 8153 8153 E ArmVmp : Match on catch block at 0xc3 in for 0x771101b025
02-18 17:11:15.203 8153 8153 E ArmVmp : Match on catch block at 0xc3 in for 0x771101b025
02-18 17:11:15.216 8153 8153 E ArmVmp : Match on catch block at 0xc3 in for 0x771101b025
02-18 17:11:15.221 8153 88 17:11:14.565 8153 8153 E ArmVmp : Match on catch block at 0xc3 in for
0x771101b025
02-18 17:11:14.576 8153 8153 E ArmVmp : Match on catch block at 0xc3 in for 0x771101b025
02-18 17:11:14.582 8153 8153 E ArmVmp : Match on catch block at 0xc3 in for 0x771101b025
02-18 17:11:14.585 8153 8153 E ArmVmp : Match on catch block at 0xc3 in for 0x771101b025
02-18 17:11:14.601 8153 8153 E ArmVmp : Match on catch block at 0xc3 in for 0x771101b025
02-18 17:11:14.603 8153 8153 E ArmVmp : Match on catch block at 0xc3 in for 0x771101b025
02-18 17:11:14.622 8153 8153 E ArmVmp : Match on catch block at 0xc3 in for 0x771101b025
02-18 17:11:14.624 8153 8153 E ArmVmp : Match on catch block at 0xc3 in for 0x771101b025
02-18 17:11:14.633 8153 8153 E ArmVmp : Match on catch block at 0xc3 in for 0x771101b025
02-18 17:11:14.635 8153 8153 E ArmVmp : Match on catch block at 0xc3 in for 0x771101b025
02-18 17:11:14.649 8153 8153 E ArmVmp : Match on catch block at 0xc3 in for 0x771101b025
02-18 17:11:14.652 8153 8153 E ArmVmp : Match on catch block at 0xc3 in for 0x771101b025
02-18 17:11:14.665 8153 8153 E ArmVmp : Match on catch block at 0xc3 in for 0x771101b025
02-18 17:11:14.667 8153 8153 E ArmVmp : Match on catch block at 0xc3 in for 0x771101b025
02-18 17:11:14.765 8153 8153 E ArmVmp : Match on catch block at 0xc3 in for 0x771101b025
02-18 17:11:14.767 8153 8153 E ArmVmp : Match on catch block at 0xc3 in for 0x771101b025
02-18 17:11:14.915 8153 8153 E ArmVmp : Match on catch block at 0xc3 in for 0x771101b025
02-18 17:11:14.920 8153 8153 E ArmVmp : Match on catch block at 0xc3 in for 0x771101b025
02-18 17:11:15.032 8153 8153 E ArmVmp : Match on catch block at 0xc3 in for 0x771101b025
02-18 17:11:15.036 8153 8153 E ArmVmp : Match on catch block at 0xc3 in for 0x771101b025
02-18 17:11:15.049 8153 8153 E ArmVmp : Match on catch block at 0xc3 in for 0x771101b025
02-18 17:11:15.054 8153 8153 E ArmVmp : Match on catch block at 0xc3 in for 0x771101b025
02-18 17:11:15.065 8153 8153 E ArmVmp : Match on catch block at 0xc3 in for 0x771101b025
02-18 17:11:15.070 8153 8153 E ArmVmp : Match on catch block at 0xc3 in for 0x771101b025
02-18 17:11:15.082 8153 8153 E ArmVmp : Match on catch block at 0xc3 in for 0x771101b025
02-18 17:11:15.086 8153 8153 E ArmVmp : Match on catch block at 0xc3 in for 0x771101b025
02-18 17:11:15.099 8153 8153 E ArmVmp : Match on catch block at 0xc3 in for 0x771101b025
02-18 17:11:15.103 8153 8153 E ArmVmp : Match on catch block at 0xc3 in for 0x771101b025
02-18 17:11:15.116 8153 8153 E ArmVmp : Match on catch block at 0xc3 in for 0x771101b025
02-18 17:11:15.120 8153 8153 E ArmVmp : Match on catch block at 0xc3 in for 0x771101b025
02-18 17:11:15.132 8153 8153 E ArmVmp : Match on catch block at 0xc3 in for 0x771101b025
02-18 17:11:15.136 8153 8153 E ArmVmp : Match on catch block at 0xc3 in for 0x771101b025
02-18 17:11:15.148 8153 8153 E ArmVmp : Match on catch block at 0xc3 in for 0x771101b025
02-18 17:11:15.152 8153 8153 E ArmVmp : Match on catch block at 0xc3 in for 0x771101b025
02-18 17:11:15.165 8153 8153 E ArmVmp : Match on catch block at 0xc3 in for 0x771101b025
02-18 17:11:15.170 8153 8153 E ArmVmp : Match on catch block at 0xc3 in for 0x771101b025
02-18 17:11:15.181 8153 8153 E ArmVmp : Match on catch block at 0xc3 in for 0x771101b025
02-18 17:11:15.185 8153 8153 E ArmVmp : Match on catch block at 0xc3 in for 0x771101b025
02-18 17:11:15.198 8153 8153 E ArmVmp : Match on catch block at 0xc3 in for 0x771101b025
02-18 17:11:15.203 8153 8153 E ArmVmp : Match on catch block at 0xc3 in for 0x771101b025
02-18 17:11:15.216 8153 8153 E ArmVmp : Match on catch block at 0xc3 in for 0x771101b025
02-18 17:11:15.221 8153 8153 E ArmVmp : Match on catch block at 0xc3 in for 0x771101b025
02-18 17:11:15.233 8153 8153 E ArmVmp : Match on catch block at 0xc3 in for 0x771101b025
02-18 17:11:15.237 8153 8153 E ArmVmp : Match on catch block at 0xc3 in for 0x771101b025
02-18 17:11:15.249 8153 8153 E ArmVmp : Match on 153 E ArmVmp : Match on catch block at 0xc3 in for
0x771101b025
02-18 17:11:15.233 8153 8153 E ArmVmp : Match on catch block at 0xc3 in for 0x771101b025
02-18 17:11:15.237 8153 8153 E ArmVmp : Match on catch block at 0xc3 in for 0x771101b025
02-18 17:11:15.249 8153 8153 E ArmVmp : Match on catch block at 0xc3 in for 0x771101b025
02-18 17:11:15.253 8153 8153 E ArmVmp : Match on catch block at 0xc3 in for 0x771101b025
02-18 17:11:15.266 8153 8153 E ArmVmp : Match on catch block at 0xc3 in for 0x771101b025
02-18 17:11:15.270 8153 8153 E ArmVmp : Match on catch block at 0xc3 in for 0x771101b025
02-18 17:11:15.281 8153 8153 E ArmVmp : Match on catch block at 0xc3 in for 0x771101b025
02-18 17:11:15.286 8153 8153 E ArmVmp : Match on catch block at 0xc3 in for 0x771101b025
02-18 17:11:15.316 8153 8153 E ArmVmp : Match on catch block at 0xc3 in for 0x771101b025
02-18 17:11:15.321 8153 8153 E ArmVmp : Match on catch block at 0xc3 in for 0x771101b025
02-18 17:11:15.333 8153 8153 E ArmVmp : Match on catch block at 0xc3 in for 0x771101b025
02-18 17:11:15.337 8153 8153 E ArmVmp : Match on catch block at 0xc3 in for 0x771101b025
02-18 17:11:15.775 8153 8153 W BottomSheetBehavior: BottomSheetBehavior now supports multiple callbacks.
`setBottomSheetCallback()` removes all existing callbacks, including ones set internally by library authors, which
may result in unintended behavior. This may change in the future. Please use `addBottomSheetCallback()` and
`removeBottomSheetCallback()` instead to set your own callbacks.
02-18 17:11:15.877 8153 8153 W View : requestLayout() improperly called by
androidx.appcompat.view.menu.ActionMenuItemView{be92835 VFED..CL. ......ID 0,10-120,130 #7f0b0fe8
app:id/more} during layout: running second layout pass
02-18 17:11:15.877 8153 8153 W View : requestLayout() improperly called by
androidx.appcompat.widget.ActionMenuView{a8474ca V.E...... ......ID 960,0-1080,140} during layout: running
second layout pass
02-18 17:11:15.887 8153 8321 W Parcel : Expecting binder but got null!
02-18 17:11:15.912 8153 8153 E ArmVmp : Match on catch block at 0xc3 in for 0x771101b025
02-18 17:11:15.915 8153 8153 E ArmVmp : Match on catch block at 0xc3 in for 0x771101b025
02-18 17:11:15.953 8153 8153 E ArmVmp : Match on catch block at 0xc3 in for 0x771101b025
02-18 17:11:15.955 8153 8153 E ArmVmp : Match on catch block at 0xc3 in for 0x771101b025
02-18 17:11:15.976 8153 8153 E ArmVmp : Match on catch block at 0xc3 in for 0x771101b025
02-18 17:11:15.979 8153 8153 E ArmVmp : Match on catch block at 0xc3 in for 0x771101b025
02-18 17:11:16.006 8153 8153 E ArmVmp : Match on catch block at 0xc3 in for 0x771101b025
02-18 17:11:16.011 8153 8153 E ArmVmp : Match on catch block at 0xc3 in for 0x771101b025
02-18 17:11:16.024 8153 8153 E ArmVmp : Match on catch block at 0xc3 in for 0x771101b025
02-18 17:11:16.028 8153 8153 E ArmVmp : Match on catch block at 0xc3 in for 0x771101b025
02-18 17:11:16.091 8153 8153 W pool-11-thread-: type=1400 audit(0.0:28663): avc: granted { execute } for
path="/data/data/com.mbwhatsapp/files/decompressed/libs.spk.zst/libgifimage.so" dev="dm-46" ino=221447
scontext=u:r:untrusted_app:s0:c215,c256,c512,c768 tcontext=u:object_r:app_data_file:s0:c215,c256,c512,c768
tclass=file app=com.mbwhatsapp
02-18 17:11:16.794 8153 8153 E ArmVmp : Match on catch block at 0xc3 in for 0x771101b025
02-18 17:11:16.797 8153 8153 E ArmVmp : Match on catch block at 0xc3 in for 0x771101b025
02-18 17:11:16.848 8153 8153 E ArmVmp : Match on catch block at 0xc3 in for 0x771101b025
02-18 17:11:16.853 8153 8153 E ArmVmp : Match on catch block at 0xc3 in for 0x771101b025
02-18 17:11:16.867 8153 8153 E ArmVmp : Match on catch block at 0xc3 in for 0x771101b025
02-18 17:11:16.875 8153 8153 E ArmVmp : Match on catch block at 0xc3 in for 0x771101b025
02-18 17:11:16.891 8153 8153 E ArmVmp : Match on catch block at 0xc3 in for 0x771101b025
02-18 17:11:16.894 8153 8153 E ArmVmp : Match on catch block at 0xc3 in for 0x771101b025
02-18 17:11:16.catch block at 0xc3 in for 0x771101b025
02-18 17:11:15.253 8153 8153 E ArmVmp : Match on catch block at 0xc3 in for 0x771101b025
02-18 17:11:15.266 8153 8153 E ArmVmp : Match on catch block at 0xc3 in for 0x771101b025
02-18 17:11:15.270 8153 8153 E ArmVmp : Match on catch block at 0xc3 in for 0x771101b025
02-18 17:11:15.281 8153 8153 E ArmVmp : Match on catch block at 0xc3 in for 0x771101b025
02-18 17:11:15.286 8153 8153 E ArmVmp : Match on catch block at 0xc3 in for 0x771101b025
02-18 17:11:15.316 8153 8153 E ArmVmp : Match on catch block at 0xc3 in for 0x771101b025
02-18 17:11:15.321 8153 8153 E ArmVmp : Match on catch block at 0xc3 in for 0x771101b025
02-18 17:11:15.333 8153 8153 E ArmVmp : Match on catch block at 0xc3 in for 0x771101b025
02-18 17:11:15.337 8153 8153 E ArmVmp : Match on catch block at 0xc3 in for 0x771101b025
02-18 17:11:15.775 8153 8153 W BottomSheetBehavior: BottomSheetBehavior now supports multiple callbacks.
`setBottomSheetCallback()` removes all existing callbacks, including ones set internally by library authors, which
may result in unintended behavior. This may change in the future. Please use `addBottomSheetCallback()` and
`removeBottomSheetCallback()` instead to set your own callbacks.
02-18 17:11:15.877 8153 8153 W View : requestLayout() improperly called by
androidx.appcompat.view.menu.ActionMenuItemView{be92835 VFED..CL. ......ID 0,10-120,130 #7f0b0fe8
app:id/more} during layout: running second layout pass
02-18 17:11:15.877 8153 8153 W View : requestLayout() improperly called by
androidx.appcompat.widget.ActionMenuView{a8474ca V.E...... ......ID 960,0-1080,140} during layout: running
second layout pass
02-18 17:11:15.887 8153 8321 W Parcel : Expecting binder but got null!
02-18 17:11:15.912 8153 8153 E ArmVmp : Match on catch block at 0xc3 in for 0x771101b025
02-18 17:11:15.915 8153 8153 E ArmVmp : Match on catch block at 0xc3 in for 0x771101b025
02-18 17:11:15.953 8153 8153 E ArmVmp : Match on catch block at 0xc3 in for 0x771101b025
02-18 17:11:15.955 8153 8153 E ArmVmp : Match on catch block at 0xc3 in for 0x771101b025
02-18 17:11:15.976 8153 8153 E ArmVmp : Match on catch block at 0xc3 in for 0x771101b025
02-18 17:11:15.979 8153 8153 E ArmVmp : Match on catch block at 0xc3 in for 0x771101b025
02-18 17:11:16.006 8153 8153 E ArmVmp : Match on catch block at 0xc3 in for 0x771101b025
02-18 17:11:16.011 8153 8153 E ArmVmp : Match on catch block at 0xc3 in for 0x771101b025
02-18 17:11:16.024 8153 8153 E ArmVmp : Match on catch block at 0xc3 in for 0x771101b025
02-18 17:11:16.028 8153 8153 E ArmVmp : Match on catch block at 0xc3 in for 0x771101b025
02-18 17:11:16.091 8153 8153 W pool-11-thread-: type=1400 audit(0.0:28663): avc: granted { execute } for
path="/data/data/com.mbwhatsapp/files/decompressed/libs.spk.zst/libgifimage.so" dev="dm-46" ino=221447
scontext=u:r:untrusted_app:s0:c215,c256,c512,c768 tcontext=u:object_r:app_data_file:s0:c215,c256,c512,c768
tclass=file app=com.mbwhatsapp
02-18 17:11:16.794 8153 8153 E ArmVmp : Match on catch block at 0xc3 in for 0x771101b025
02-18 17:11:16.797 8153 8153 E ArmVmp : Match on catch block at 0xc3 in for 0x771101b025
02-18 17:11:16.848 8153 8153 E ArmVmp : Match on catch block at 0xc3 in for 0x771101b025
02-18 17:11:16.853 8153 8153 E ArmVmp : Match on catch block at 0xc3 in for 0x771101b025
02-18 17:11:16.867 8153 8153 E ArmVmp : Match on catch block at 0xc3 in for 0x771101b025
02-18 17:11:16.875 8153 8153 E ArmVmp : Match on catch block at 0xc3 in for 0x771101b025
02-18 17:11:16.891 8153 8153 E ArmVmp : Match on catch block at 0xc3 in for 0x771101b025
02-18 17:11:16.894 8153 8153 E ArmVmp : Match on catch block at 0xc3 in for 0x771101b025
02-18 17:11:16.923 8153 8153 E ArmVmp : Match on catch block at 0xc3 in for 0x771101b025
02-18 17:11:16.930 8153 8153 E ArmVmp : Match on catch block at 0xc3 in for 0x771101b025
02-18 17:11:16.936 8153 8153 W OnBackInvokedCallback: OnBackInvokedCallback is not enabled for the
application.
02-18 17:11:16.936923 8153 8153 E ArmVmp : Match on catch block at 0xc3 in for 0x771101b025
02-18 17:11:16.930 8153 8153 E ArmVmp : Match on catch block at 0xc3 in for 0x771101b025
02-18 17:11:16.936 8153 8153 W OnBackInvokedCallback: OnBackInvokedCallback is not enabled for the
application.
02-18 17:11:16.936 8153 8153 W OnBackInvokedCallback: Set 'android:enableOnBackInvokedCallback="true"' in
the application manifest.
02-18 17:11:16.950 8153 8153 E ArmVmp : Match on catch block at 0xc3 in for 0x771101b025
02-18 17:11:16.954 8153 8153 E ArmVmp : Match on catch block at 0xc3 in for 0x771101b025
02-18 17:11:16.978 8153 8153 E ArmVmp : Match on catch block at 0xc3 in for 0x771101b025
02-18 17:11:16.985 8153 8153 E ArmVmp : Match on catch block at 0xc3 in for 0x771101b025
02-18 17:11:17.330 8153 8153 E ArmVmp : Match on catch block at 0xc3 in for 0x771101b025
02-18 17:11:17.333 8153 8153 E ArmVmp : Match on catch block at 0xc3 in for 0x771101b025
02-18 17:11:17.479 8153 8153 E ArmVmp : Match on catch block at 0xc3 in for 0x771101b025
02-18 17:11:17.482 8153 8153 E ArmVmp : Match on catch block at 0xc3 in for 0x771101b025
02-18 17:11:17.515 8153 8153 E ArmVmp : Match on catch block at 0xc3 in for 0x771101b025
02-18 17:11:17.517 8153 8153 E ArmVmp : Match on catch block at 0xc3 in for 0x771101b025
02-18 17:11:17.529 8153 8153 E ArmVmp : Match on catch block at 0xc3 in for 0x771101b025
02-18 17:11:17.531 8153 8153 E ArmVmp : Match on catch block at 0xc3 in for 0x771101b025
02-18 17:11:17.547 8153 8153 E ArmVmp : Match on catch block at 0xc3 in for 0x771101b025
02-18 17:11:17.550 8153 8153 E ArmVmp : Match on catch block at 0xc3 in for 0x771101b025
02-18 17:11:17.562 8153 8153 E ArmVmp : Match on catch block at 0xc3 in for 0x771101b025
02-18 17:11:17.565 8153 8153 E ArmVmp : Match on catch block at 0xc3 in for 0x771101b025
02-18 17:11:17.579 8153 8153 E ArmVmp : Match on catch block at 0xc3 in for 0x771101b025
02-18 17:11:17.581 8153 8153 E ArmVmp : Match on catch block at 0xc3 in for 0x771101b025
02-18 17:11:17.596 8153 8153 E ArmVmp : Match on catch block at 0xc3 in for 0x771101b025
02-18 17:11:17.598 8153 8153 E ArmVmp : Match on catch block at 0xc3 in for 0x771101b025
02-18 17:11:17.613 8153 8153 E ArmVmp : Match on catch block at 0xc3 in for 0x771101b025
02-18 17:11:17.616 8153 8153 E ArmVmp : Match on catch block at 0xc3 in for 0x771101b025
02-18 17:11:17.629 8153 8153 E ArmVmp : Match on catch block at 0xc3 in for 0x771101b025
02-18 17:11:17.632 8153 8153 E ArmVmp : Match on catch block at 0xc3 in for 0x771101b025
02-18 17:11:17.645 8153 8153 E ArmVmp : Match on catch block at 0xc3 in for 0x771101b025
02-18 17:11:17.647 8153 8153 E ArmVmp : Match on catch block at 0xc3 in for 0x771101b025
02-18 17:11:17.829 8153 8153 E ArmVmp : Match on catch block at 0xc3 in for 0x771101b025
02-18 17:11:17.831 8153 8153 E ArmVmp : Match on catch block at 0xc3 in for 0x771101b025
02-18 17:11:17.947 8153 8153 E ArmVmp : Match on catch block at 0xc3 in for 0x771101b025
02-18 17:11:17.951 8153 8153 E ArmVmp : Match on catch block at 0xc3 in for 0x771101b025
02-18 17:11:18.061 8153 8153 E ArmVmp : Match on catch block at 0xc3 in for 0x771101b025
02-18 17:11:18.064 8153 8153 E ArmVmp : Match on catch block at 0xc3 in for 0x771101b025
02-18 17:11:18.079 8153 8153 E ArmVmp : Match on catch block at 0xc3 in for 0x771101b025
02-18 17:11:18.081 8153 8153 E ArmVmp : Match on catch block at 0xc3 in for 0x771101b025
02-18 17:11:18.160 8153 8321 W Parcel : Expecting binder but got null!
02-18 17:11:18.162 8153 8153 E ArmVmp : Match on catch block at 0xc3 in for 0x771101b025
02-18 17:11:18.164 8153 8153 E ArmVmp : Match on catch block at 0xc3 in for 0x771101b025
02-18 17:11:18.182 8153 8153 E ArmVmp : Match on catch block at 0xc3 in for 0x771101b025
02-18 17:11:18.185 8153 8153 E ArmVmp : Match on catch block at 0xc3 in for 0x771101b025
02-18 17:11:18.196 8153 8153 E ArmVmp : Match on catch block at 0xc3 in for 0x771101b025
02-18 17:11:18.19 8153 8153 W OnBackInvokedCallback: Set 'android:enableOnBackInvokedCallback="true"' in
the application manifest.
02-18 17:11:16.950 8153 8153 E ArmVmp : Match on catch block at 0xc3 in for 0x771101b025
02-18 17:11:16.954 8153 8153 E ArmVmp : Match on catch block at 0xc3 in for 0x771101b025
02-18 17:11:16.978 8153 8153 E ArmVmp : Match on catch block at 0xc3 in for 0x771101b025
02-18 17:11:16.985 8153 8153 E ArmVmp : Match on catch block at 0xc3 in for 0x771101b025
02-18 17:11:17.330 8153 8153 E ArmVmp : Match on catch block at 0xc3 in for 0x771101b025
02-18 17:11:17.333 8153 8153 E ArmVmp : Match on catch block at 0xc3 in for 0x771101b025
02-18 17:11:17.479 8153 8153 E ArmVmp : Match on catch block at 0xc3 in for 0x771101b025
02-18 17:11:17.482 8153 8153 E ArmVmp : Match on catch block at 0xc3 in for 0x771101b025
02-18 17:11:17.515 8153 8153 E ArmVmp : Match on catch block at 0xc3 in for 0x771101b025
02-18 17:11:17.517 8153 8153 E ArmVmp : Match on catch block at 0xc3 in for 0x771101b025
02-18 17:11:17.529 8153 8153 E ArmVmp : Match on catch block at 0xc3 in for 0x771101b025
02-18 17:11:17.531 8153 8153 E ArmVmp : Match on catch block at 0xc3 in for 0x771101b025
02-18 17:11:17.547 8153 8153 E ArmVmp : Match on catch block at 0xc3 in for 0x771101b025
02-18 17:11:17.550 8153 8153 E ArmVmp : Match on catch block at 0xc3 in for 0x771101b025
02-18 17:11:17.562 8153 8153 E ArmVmp : Match on catch block at 0xc3 in for 0x771101b025
02-18 17:11:17.565 8153 8153 E ArmVmp : Match on catch block at 0xc3 in for 0x771101b025
02-18 17:11:17.579 8153 8153 E ArmVmp : Match on catch block at 0xc3 in for 0x771101b025
02-18 17:11:17.581 8153 8153 E ArmVmp : Match on catch block at 0xc3 in for 0x771101b025
02-18 17:11:17.596 8153 8153 E ArmVmp : Match on catch block at 0xc3 in for 0x771101b025
02-18 17:11:17.598 8153 8153 E ArmVmp : Match on catch block at 0xc3 in for 0x771101b025
02-18 17:11:17.613 8153 8153 E ArmVmp : Match on catch block at 0xc3 in for 0x771101b025
02-18 17:11:17.616 8153 8153 E ArmVmp : Match on catch block at 0xc3 in for 0x771101b025
02-18 17:11:17.629 8153 8153 E ArmVmp : Match on catch block at 0xc3 in for 0x771101b025
02-18 17:11:17.632 8153 8153 E ArmVmp : Match on catch block at 0xc3 in for 0x771101b025
02-18 17:11:17.645 8153 8153 E ArmVmp : Match on catch block at 0xc3 in for 0x771101b025
02-18 17:11:17.647 8153 8153 E ArmVmp : Match on catch block at 0xc3 in for 0x771101b025
02-18 17:11:17.829 8153 8153 E ArmVmp : Match on catch block at 0xc3 in for 0x771101b025
02-18 17:11:17.831 8153 8153 E ArmVmp : Match on catch block at 0xc3 in for 0x771101b025
02-18 17:11:17.947 8153 8153 E ArmVmp : Match on catch block at 0xc3 in for 0x771101b025
02-18 17:11:17.951 8153 8153 E ArmVmp : Match on catch block at 0xc3 in for 0x771101b025
02-18 17:11:18.061 8153 8153 E ArmVmp : Match on catch block at 0xc3 in for 0x771101b025
02-18 17:11:18.064 8153 8153 E ArmVmp : Match on catch block at 0xc3 in for 0x771101b025
02-18 17:11:18.079 8153 8153 E ArmVmp : Match on catch block at 0xc3 in for 0x771101b025
02-18 17:11:18.081 8153 8153 E ArmVmp : Match on catch block at 0xc3 in for 0x771101b025
02-18 17:11:18.160 8153 8321 W Parcel : Expecting binder but got null!
02-18 17:11:18.162 8153 8153 E ArmVmp : Match on catch block at 0xc3 in for 0x771101b025
02-18 17:11:18.164 8153 8153 E ArmVmp : Match on catch block at 0xc3 in for 0x771101b025
02-18 17:11:18.182 8153 8153 E ArmVmp : Match on catch block at 0xc3 in for 0x771101b025
02-18 17:11:18.185 8153 8153 E ArmVmp : Match on catch block at 0xc3 in for 0x771101b025
02-18 17:11:18.196 8153 8153 E ArmVmp : Match on catch block at 0xc3 in for 0x771101b025
02-18 17:11:18.198 8153 8153 E ArmVmp : Match on catch block at 0xc3 in for 0x771101b025
02-18 17:11:18.212 8153 8153 E ArmVmp : Match on catch block at 0xc3 in for 0x771101b025
02-18 17:11:18.214 8153 8153 E ArmVmp : Match on catch block at 0xc3 in for 0x771101b025
02-18 17:11:18.229 8153 8153 E ArmVmp :8 8153 8153 E ArmVmp : Match on catch block at 0xc3 in for
0x771101b025
02-18 17:11:18.212 8153 8153 E ArmVmp : Match on catch block at 0xc3 in for 0x771101b025
02-18 17:11:18.214 8153 8153 E ArmVmp : Match on catch block at 0xc3 in for 0x771101b025
02-18 17:11:18.229 8153 8153 E ArmVmp : Match on catch block at 0xc3 in for 0x771101b025
02-18 17:11:18.232 8153 8153 E ArmVmp : Match on catch block at 0xc3 in for 0x771101b025
02-18 17:11:18.245 8153 8153 E ArmVmp : Match on catch block at 0xc3 in for 0x771101b025
02-18 17:11:18.248 8153 8153 E ArmVmp : Match on catch block at 0xc3 in for 0x771101b025
02-18 17:11:18.262 8153 8153 E ArmVmp : Match on catch block at 0xc3 in for 0x771101b025
02-18 17:11:18.265 8153 8153 E ArmVmp : Match on catch block at 0xc3 in for 0x771101b025
02-18 17:11:18.279 8153 8153 E ArmVmp : Match on catch block at 0xc3 in for 0x771101b025
02-18 17:11:18.283 8153 8153 E ArmVmp : Match on catch block at 0xc3 in for 0x771101b025
02-18 17:11:18.329 8153 8153 E ArmVmp : Match on catch block at 0xc3 in for 0x771101b025
02-18 17:11:18.332 8153 8153 E ArmVmp : Match on catch block at 0xc3 in for 0x771101b025
02-18 17:11:18.348 8153 8153 E ArmVmp : Match on catch block at 0xc3 in for 0x771101b025
02-18 17:11:18.350 8153 8153 E ArmVmp : Match on catch block at 0xc3 in for 0x771101b025
02-18 17:11:18.379 8153 8153 E ArmVmp : Match on catch block at 0xc3 in for 0x771101b025
02-18 17:11:18.384 8153 8153 E ArmVmp : Match on catch block at 0xc3 in for 0x771101b025
02-18 17:11:18.396 8153 8153 E ArmVmp : Match on catch block at 0xc3 in for 0x771101b025
02-18 17:11:18.402 8153 8153 E ArmVmp : Match on catch block at 0xc3 in for 0x771101b025
02-18 17:11:18.412 8153 8153 E ArmVmp : Match on catch block at 0xc3 in for 0x771101b025
02-18 17:11:18.417 8153 8153 E ArmVmp : Match on catch block at 0xc3 in for 0x771101b025
02-18 17:11:18.430 8153 8153 E ArmVmp : Match on catch block at 0xc3 in for 0x771101b025
02-18 17:11:18.437 8153 8153 E ArmVmp : Match on catch block at 0xc3 in for 0x771101b025
02-18 17:11:18.453 8153 8153 E ArmVmp : Match on catch block at 0xc3 in for 0x771101b025
02-18 17:11:18.455 8153 8153 E ArmVmp : Match on catch block at 0xc3 in for 0x771101b025
02-18 17:11:18.461 8153 8153 E ArmVmp : Match on catch block at 0xc3 in for 0x771101b025
02-18 17:11:18.463 8153 8153 E ArmVmp : Match on catch block at 0xc3 in for 0x771101b025
02-18 17:11:18.546 8153 8153 E ArmVmp : Match on catch block at 0xc3 in for 0x771101b025
02-18 17:11:18.550 8153 8153 E ArmVmp : Match on catch block at 0xc3 in for 0x771101b025
02-18 17:11:18.912 8153 8153 E ArmVmp : Match on catch block at 0xc3 in for 0x771101b025
02-18 17:11:18.914 8153 8153 E ArmVmp : Match on catch block at 0xc3 in for 0x771101b025
02-18 17:11:18.930 8153 8153 E ArmVmp : Match on catch block at 0xc3 in for 0x771101b025
02-18 17:11:18.933 8153 8153 E ArmVmp : Match on catch block at 0xc3 in for 0x771101b025
02-18 17:11:19.380 8153 8153 E ArmVmp : Match on catch block at 0xc3 in for 0x771101b025
02-18 17:11:19.382 8153 8153 E ArmVmp : Match on catch block at 0xc3 in for 0x771101b025
02-18 17:11:19.471 8153 8153 W TabLayout: MODE_SCROLLABLE + GRAVITY_FILL is not supported,
GRAVITY_START will be used instead
02-18 17:11:19.530 8153 8153 W BottomSheetBehavior: BottomSheetBehavior now supports multiple callbacks.
`setBottomSheetCallback()` removes all existing callbacks, including ones set internally by library authors, which
may result in unintended behavior. This may change in the future. Please use `addBottomSheetCallback()` and
`removeBottomSheetCallback()` instead to set your own callbacks.
02-18 17:11:19.609 8153 8153 E ArmVmp : Match on catch block at 0xc3 in for 0x771101b025
02-18 17:11:19.613 8153 8153 E ArmVmp : Match on catch block at 0xc3 in for 0x771101b025
02-18 17:11:19.687 8153 8153 W View : requestLayout() improperly called by
com.mbwhatsapp.WaImageView{9cc16d8 VF.D..CL. ......ID 0,0-160,160 #7f0b1814 app:id/shutter} during layout:
Match on catch block at 0xc3 in for 0x771101b025
02-18 17:11:18.232 8153 8153 E ArmVmp : Match on catch block at 0xc3 in for 0x771101b025
02-18 17:11:18.245 8153 8153 E ArmVmp : Match on catch block at 0xc3 in for 0x771101b025
02-18 17:11:18.248 8153 8153 E ArmVmp : Match on catch block at 0xc3 in for 0x771101b025
02-18 17:11:18.262 8153 8153 E ArmVmp : Match on catch block at 0xc3 in for 0x771101b025
02-18 17:11:18.265 8153 8153 E ArmVmp : Match on catch block at 0xc3 in for 0x771101b025
02-18 17:11:18.279 8153 8153 E ArmVmp : Match on catch block at 0xc3 in for 0x771101b025
02-18 17:11:18.283 8153 8153 E ArmVmp : Match on catch block at 0xc3 in for 0x771101b025
02-18 17:11:18.329 8153 8153 E ArmVmp : Match on catch block at 0xc3 in for 0x771101b025
02-18 17:11:18.332 8153 8153 E ArmVmp : Match on catch block at 0xc3 in for 0x771101b025
02-18 17:11:18.348 8153 8153 E ArmVmp : Match on catch block at 0xc3 in for 0x771101b025
02-18 17:11:18.350 8153 8153 E ArmVmp : Match on catch block at 0xc3 in for 0x771101b025
02-18 17:11:18.379 8153 8153 E ArmVmp : Match on catch block at 0xc3 in for 0x771101b025
02-18 17:11:18.384 8153 8153 E ArmVmp : Match on catch block at 0xc3 in for 0x771101b025
02-18 17:11:18.396 8153 8153 E ArmVmp : Match on catch block at 0xc3 in for 0x771101b025
02-18 17:11:18.402 8153 8153 E ArmVmp : Match on catch block at 0xc3 in for 0x771101b025
02-18 17:11:18.412 8153 8153 E ArmVmp : Match on catch block at 0xc3 in for 0x771101b025
02-18 17:11:18.417 8153 8153 E ArmVmp : Match on catch block at 0xc3 in for 0x771101b025
02-18 17:11:18.430 8153 8153 E ArmVmp : Match on catch block at 0xc3 in for 0x771101b025
02-18 17:11:18.437 8153 8153 E ArmVmp : Match on catch block at 0xc3 in for 0x771101b025
02-18 17:11:18.453 8153 8153 E ArmVmp : Match on catch block at 0xc3 in for 0x771101b025
02-18 17:11:18.455 8153 8153 E ArmVmp : Match on catch block at 0xc3 in for 0x771101b025
02-18 17:11:18.461 8153 8153 E ArmVmp : Match on catch block at 0xc3 in for 0x771101b025
02-18 17:11:18.463 8153 8153 E ArmVmp : Match on catch block at 0xc3 in for 0x771101b025
02-18 17:11:18.546 8153 8153 E ArmVmp : Match on catch block at 0xc3 in for 0x771101b025
02-18 17:11:18.550 8153 8153 E ArmVmp : Match on catch block at 0xc3 in for 0x771101b025
02-18 17:11:18.912 8153 8153 E ArmVmp : Match on catch block at 0xc3 in for 0x771101b025
02-18 17:11:18.914 8153 8153 E ArmVmp : Match on catch block at 0xc3 in for 0x771101b025
02-18 17:11:18.930 8153 8153 E ArmVmp : Match on catch block at 0xc3 in for 0x771101b025
02-18 17:11:18.933 8153 8153 E ArmVmp : Match on catch block at 0xc3 in for 0x771101b025
02-18 17:11:19.380 8153 8153 E ArmVmp : Match on catch block at 0xc3 in for 0x771101b025
02-18 17:11:19.382 8153 8153 E ArmVmp : Match on catch block at 0xc3 in for 0x771101b025
02-18 17:11:19.471 8153 8153 W TabLayout: MODE_SCROLLABLE + GRAVITY_FILL is not supported,
GRAVITY_START will be used instead
02-18 17:11:19.530 8153 8153 W BottomSheetBehavior: BottomSheetBehavior now supports multiple callbacks.
`setBottomSheetCallback()` removes all existing callbacks, including ones set internally by library authors, which
may result in unintended behavior. This may change in the future. Please use `addBottomSheetCallback()` and
`removeBottomSheetCallback()` instead to set your own callbacks.
02-18 17:11:19.609 8153 8153 E ArmVmp : Match on catch block at 0xc3 in for 0x771101b025
02-18 17:11:19.613 8153 8153 E ArmVmp : Match on catch block at 0xc3 in for 0x771101b025
02-18 17:11:19.687 8153 8153 W View : requestLayout() improperly called by
com.mbwhatsapp.WaImageView{9cc16d8 VF.D..CL. ......ID 0,0-160,160 #7f0b1814 app:id/shutter} during layout:
running second layout pass
02-18 17:11:19.687 8153 8153 W View : requestLayout() improperly called by
com.mbwhatsapp.CircularProgressBar{debba31 V.ED..... ......ID 0,0-160,160 #7f0b14fc app:id/recording_progress}
during layout: running second layout pass
02-18 17:11:19.687 8153 8153 W View running second layout pass
02-18 17:11:19.687 8153 8153 W View : requestLayout() improperly called by
com.mbwhatsapp.CircularProgressBar{debba31 V.ED..... ......ID 0,0-160,160 #7f0b14fc app:id/recording_progress}
during layout: running second layout pass
02-18 17:11:19.687 8153 8153 W View : requestLayout() improperly called by
com.mbwhatsapp.WaImageView{2ff6516 VF.D..C.. ......ID 0,0-120,120 #7f0b1976 app:id/switch_camera_btn}
during layout: running second layout pass
02-18 17:11:19.687 8153 8153 W View : requestLayout() improperly called by
com.mbwhatsapp.WaImageView{c8eee97 VFED..C.. ......ID 0,0-120,120 #7f0b0b0d app:id/gallery_btn} during
layout: running second layout pass
02-18 17:11:19.687 8153 8153 W View : requestLayout() improperly called by
com.mbwhatsapp.WaImageView{557c884 VFED..C.. ......ID 0,0-120,120 #7f0b057f app:id/close_camera_btn}
during layout: running second layout pass
02-18 17:11:19.687 8153 8153 W View : requestLayout() improperly called by X.4Ki{f90c86d V.ED..... ......ID
0,5-1080,125} during layout: running second layout pass
02-18 17:11:19.687 8153 8153 W View : requestLayout() improperly called by
androidx.appcompat.view.menu.ActionMenuItemView{f04bca2 VFED..CL. ......ID 0,10-120,130 #7f0b0fe8
app:id/more} during layout: running second layout pass
02-18 17:11:19.687 8153 8153 W View : requestLayout() improperly called by
