02-18 17:10:25.814 8153 8321 W Parcel : Expecting binder but got null!
02-18 17:10:27.128 8153 8321 W Parcel : Expecting binder but got null!
02-18 17:10:28.979 8153 8321 W Parcel : Expecting binder but got null!
02-18 17:10:31.129 8153 8321 W Parcel : Expecting binder but got null!
02-18 17:10:33.358 8153 8321 W Parcel : Expecting binder but got null!
02-18 17:10:37.990 8153 8321 W Parcel : Expecting binder but got null!
02-18 17:10:38.054 8153 8321 W Parcel : Expecting binder but got null!
02-18 17:10:38.073 8153 8153 W View : requestLayout() improperly called by
androidx.appcompat.view.menu.ActionMenuItemView{860da6 VFED..C.. ......ID 0,10-120,130 #7f0b0f4b
app:id/menuitem_contactqr_share} during layout: running second layout pass
02-18 17:10:38.073 8153 8153 W View : requestLayout() improperly called by
androidx.appcompat.widget.ActionMenuView{5a093e7 V.E...... ......ID 860,0-1080,140} during layout: running
second layout pass
02-18 17:10:40.617 8153 8321 W Parcel : Expecting binder but got null!
02-18 17:10:51.450 8153 8153 E ArmVmp : Match on catch block at 0x0a in for 0x771101b05d
02-18 17:10:51.479 8153 8321 W Parcel : Expecting binder but got null!
02-18 17:10:52.691 8153 8153 E RippleDrawable: The RippleDrawable.STYLE_PATTERNED animation is not
supported for a non-hardware accelerated Canvas. Skipping animation.
02-18 17:10:52.706 8153 8153 E RippleDrawable: The RippleDrawable.STYLE_PATTERNED animation is not
supported for a non-hardware accelerated Canvas. Skipping animation.
02-18 17:10:52.723 8153 8153 E RippleDrawable: The RippleDrawable.STYLE_PATTERNED animation is not
supportn catch block at 0xc3 in for 0x771101b025
02-18 17:10:14.795 8153 8153 E ArmVmp : Match on catch block at 0xc3 in for 0x771101b025
02-18 17:10:14.796 8153 8153 E ArmVmp : Match on catch block at 0xc3 in for 0x771101b025
02-18 17:10:14.803 8153 8153 E ArmVmp : Match on catch block at 0xc3 in for 0x771101b025
02-18 17:10:14.808 8153 8153 E ArmVmp : Match on catch block at 0xc3 in for 0x771101b025
02-18 17:10:14.809 8153 8153 E ArmVmp : Match on catch block at 0xc3 in for 0x771101b025
02-18 17:10:14.811 8153 8153 E ArmVmp : Match on catch block at 0xc3 in for 0x771101b025
02-18 17:10:14.812 8153 8153 E ArmVmp : Match on catch block at 0xc3 in for 0x771101b025
02-18 17:10:14.813 8153 8153 E ArmVmp : Match on catch block at 0xc3 in for 0x771101b025
02-18 17:10:14.815 8153 8153 E ArmVmp : Match on catch block at 0xc3 in for 0x771101b025
02-18 17:10:15.130 8153 8153 E ArmVmp : Match on catch block at 0xc3 in for 0x771101b025
02-18 17:10:15.134 8153 8153 E ArmVmp : Match on catch block at 0xc3 in for 0x771101b025
02-18 17:10:15.136 8153 8153 E ArmVmp : Match on catch block at 0xc3 in for 0x771101b025
02-18 17:10:15.138 8153 8153 E ArmVmp : Match on catch block at 0xc3 in for 0x771101b025
02-18 17:10:15.143 8153 8153 E ArmVmp : Match on catch block at 0xc3 in for 0x771101b025
02-18 17:10:15.145 8153 8153 E ArmVmp : Match on catch block at 0xc3 in for 0x771101b025
02-18 17:10:15.146 8153 8153 E ArmVmp : Match on catch block at 0xc3 in for 0x771101b025
02-18 17:10:15.471 8153 8321 W Parcel : Expecting binder but got null!
02-18 17:10:16.930 8153 8321 W Parcel : Expecting binder but got null!
02-18 17:10:24.531 8153 8153 W BottomSheetBehavior: BottomSheetBehavior now supports multiple callbacks.
`setBottomSheetCallback()` removes all existing callbacks, including ones set internally by library authors, which
may result in unintended behavior. This may change in the future. Please use `addBottomSheetCallback()` and
`removeBottomSheetCallback()` instead to set your own callbacks.
02-18 17:10:24.567 8153 8321 W Parcel : Expecting binder but got null!
02-18 17:10:25.814 8153 8321 W Parcel : Expecting binder but got null!
02-18 17:10:27.128 8153 8321 W Parcel : Expecting binder but got null!
02-18 17:10:28.979 8153 8321 W Parcel : Expecting binder but got null!
02-18 17:10:31.129 8153 8321 W Parcel : Expecting binder but got null!
02-18 17:10:33.358 8153 8321 W Parcel : Expecting binder but got null!
02-18 17:10:37.990 8153 8321 W Parcel : Expecting binder but got null!
02-18 17:10:38.054 8153 8321 W Parcel : Expecting binder but got null!
02-18 17:10:38.073 8153 8153 W View : requestLayout() improperly called by
androidx.appcompat.view.menu.ActionMenuItemView{860da6 VFED..C.. ......ID 0,10-120,130 #7f0b0f4b
app:id/menuitem_contactqr_share} during layout: running second layout pass
02-18 17:10:38.073 8153 8153 W View : requestLayout() improperly called by
androidx.appcompat.widget.ActionMenuView{5a093e7 V.E...... ......ID 860,0-1080,140} during layout: running
second layout pass
02-18 17:10:40.617 8153 8321 W Parcel : Expecting binder but got null!
02-18 17:10:51.450 8153 8153 E ArmVmp : Match on catch block at 0x0a in for 0x771101b05d
02-18 17:10:51.479 8153 8321 W Parcel : Expecting binder but got null!
02-18 17:10:52.691 8153 8153 E RippleDrawable: The RippleDrawable.STYLE_PATTERNED animation is not
supported for a non-hardware accelerated Canvas. Skipping animation.
02-18 17:10:52.706 8153 8153 E RippleDrawable: The RippleDrawable.STYLE_PATTERNED animation is not
supported for a non-hardware accelerated Canvas. Skipping animation.
02-18 17:10:52.723 8153 8153 E RippleDrawable: The RippleDrawable.STYLE_PATTERNED animation is not
supported for a non-hardware accelerated Canvas. Skipping animation.
02-18 17:10:52.739 8153 8153 E RippleDrawable: The RippleDrawable.STYLE_PATTERNED animation is not
supported for a non-hardware accelerated Canvas. Skipping animation.
02-18 17:10:52.756 8153 8153 E RippleDrawable: The RippleDrawable.Sed for a non-hardware accelerated Canvas.
Skipping animation.
02-18 17:10:52.739 8153 8153 E RippleDrawable: The RippleDrawable.STYLE_PATTERNED animation is not
supported for a non-hardware accelerated Canvas. Skipping animation.
02-18 17:10:52.756 8153 8153 E RippleDrawable: The RippleDrawable.STYLE_PATTERNED animation is not
supported for a non-hardware accelerated Canvas. Skipping animation.
02-18 17:10:52.773 8153 8153 E RippleDrawable: The RippleDrawable.STYLE_PATTERNED animation is not
supported for a non-hardware accelerated Canvas. Skipping animation.
02-18 17:10:52.941 8153 8321 W Parcel : Expecting binder but got null!
02-18 17:10:56.831 8153 8730 W LOTTIE : Unknown shape type rd
02-18 17:10:56.920 8153 8153 E ArmVmp : Match on catch block at 0x0a in for 0x771101b035
02-18 17:10:56.926 8153 8153 E ArmVmp : Match on catch block at 0x0a in for 0x771101b035
02-18 17:10:57.030 8153 8153 E ArmVmp : Match on catch block at 0xc3 in for 0x771101b021
02-18 17:10:57.034 8153 8153 E ArmVmp : Match on catch block at 0xc3 in for 0x771101b021
02-18 17:10:57.054 8153 8321 W Parcel : Expecting binder but got null!
02-18 17:10:57.129 8153 8153 E ArmVmp : Match on catch block at 0xc3 in for 0x771101b025
02-18 17:10:57.131 8153 8153 E ArmVmp : Match on catch block at 0xc3 in for 0x771101b025
02-18 17:10:57.182 8153 8153 E ArmVmp : Match on catch block at 0xc3 in for 0x771101b025
02-18 17:10:57.185 8153 8153 E ArmVmp : Match on catch block at 0xc3 in for 0x771101b025
02-18 17:10:57.229 8153 8153 E ArmVmp : Match on catch block at 0xc3 in for 0x771101b025
02-18 17:10:57.233 8153 8153 E ArmVmp : Match on catch block at 0xc3 in for 0x771101b025
02-18 17:10:57.246 8153 8153 E ArmVmp : Match on catch block at 0xc3 in for 0x771101b025
02-18 17:10:57.248 8153 8153 E ArmVmp : Match on catch block at 0xc3 in for 0x771101b025
02-18 17:10:57.251 8153 8153 E ArmVmp : Match on catch block at 0xc3 in for 0x771101b025
02-18 17:10:57.254 8153 8153 E ArmVmp : Match on catch block at 0xc3 in for 0x771101b025
02-18 17:10:57.266 8153 8153 E ArmVmp : Match on catch block at 0xc3 in for 0x771101b025
02-18 17:10:57.268 8153 8153 E ArmVmp : Match on catch block at 0xc3 in for 0x771101b025
02-18 17:10:57.283 8153 8153 E ArmVmp : Match on catch block at 0xc3 in for 0x771101b025
02-18 17:10:57.286 8153 8153 E ArmVmp : Match on catch block at 0xc3 in for 0x771101b025
02-18 17:10:57.300 8153 8153 E ArmVmp : Match on catch block at 0xc3 in for 0x771101b025
02-18 17:10:57.305 8153 8153 E ArmVmp : Match on catch block at 0xc3 in for 0x771101b025
02-18 17:10:57.316 8153 8153 E ArmVmp : Match on catch block at 0xc3 in for 0x771101b025
02-18 17:10:57.319 8153 8153 E ArmVmp : Match on catch block at 0xc3 in for 0x771101b025
02-18 17:10:57.385 8153 8153 E ArmVmp : Match on catch block at 0xc3 in for 0x771101b025
02-18 17:10:57.389 8153 8153 E ArmVmp : Match on catch block at 0xc3 in for 0x771101b025
02-18 17:10:57.401 8153 8153 E ArmVmp : Match on catch block at 0xc3 in for 0x771101b025
02-18 17:10:57.405 8153 8153 E ArmVmp : Match on catch block at 0xc3 in for 0x771101b025
02-18 17:10:57.416 8153 8153 E ArmVmp : Match on catch block at 0xc3 in for 0x771101b025
02-18 17:10:57.420 8153 8153 E ArmVmp : Match on catch block at 0xc3 in for 0x771101b025
02-18 17:10:57.432 8153 8153 E ArmVmp : Match on catch block at 0xc3 in for 0x771101b025
02-18 17:10:57.436 8153 8153 E ArmVmp : Match on catch block at 0xc3 in for 0x771101b025
02-18 17:10:57.449 8153 8153 E ArmVmp : Match on catch block at 0xc3 in for 0x771101b025
02-18 17:10:57.453 8153 8153 E ArmVmp : Match on catch block at 0xc3 in for 0x771101b025
02-18 17:10:57.466 8153 8153 E ArmVmp : Match on catch block at 0xc3 in for 0x771101b025
02-18 17:10:57.470 8153 8153 E ArmVmp : Match on catch block at 0xc3 in for 0x771101b025
02-18 17:10:57.483 8153 8153 E ArmVmp : Match on catch block at 0xc3 in for 0x771101b025
02-18 17:10:57.486 8153 8153 E ArmVmp : Match on catch block at 0xc3 in for
0x771101b025TYLE_PATTERNED animation is not supported for a non-hardware accelerated Canvas. Skipping
animation.
02-18 17:10:52.773 8153 8153 E RippleDrawable: The RippleDrawable.STYLE_PATTERNED animation is not
supported for a non-hardware accelerated Canvas. Skipping animation.
02-18 17:10:52.941 8153 8321 W Parcel : Expecting binder but got null!
02-18 17:10:56.831 8153 8730 W LOTTIE : Unknown shape type rd
02-18 17:10:56.920 8153 8153 E ArmVmp : Match on catch block at 0x0a in for 0x771101b035
02-18 17:10:56.926 8153 8153 E ArmVmp : Match on catch block at 0x0a in for 0x771101b035
02-18 17:10:57.030 8153 8153 E ArmVmp : Match on catch block at 0xc3 in for 0x771101b021
02-18 17:10:57.034 8153 8153 E ArmVmp : Match on catch block at 0xc3 in for 0x771101b021
02-18 17:10:57.054 8153 8321 W Parcel : Expecting binder but got null!
02-18 17:10:57.129 8153 8153 E ArmVmp : Match on catch block at 0xc3 in for 0x771101b025
02-18 17:10:57.131 8153 8153 E ArmVmp : Match on catch block at 0xc3 in for 0x771101b025
02-18 17:10:57.182 8153 8153 E ArmVmp : Match on catch block at 0xc3 in for 0x771101b025
02-18 17:10:57.185 8153 8153 E ArmVmp : Match on catch block at 0xc3 in for 0x771101b025
02-18 17:10:57.229 8153 8153 E ArmVmp : Match on catch block at 0xc3 in for 0x771101b025
02-18 17:10:57.233 8153 8153 E ArmVmp : Match on catch block at 0xc3 in for 0x771101b025
02-18 17:10:57.246 8153 8153 E ArmVmp : Match on catch block at 0xc3 in for 0x771101b025
02-18 17:10:57.248 8153 8153 E ArmVmp : Match on catch block at 0xc3 in for 0x771101b025
02-18 17:10:57.251 8153 8153 E ArmVmp : Match on catch block at 0xc3 in for 0x771101b025
02-18 17:10:57.254 8153 8153 E ArmVmp : Match on catch block at 0xc3 in for 0x771101b025
02-18 17:10:57.266 8153 8153 E ArmVmp : Match on catch block at 0xc3 in for 0x771101b025
02-18 17:10:57.268 8153 8153 E ArmVmp : Match on catch block at 0xc3 in for 0x771101b025
02-18 17:10:57.283 8153 8153 E ArmVmp : Match on catch block at 0xc3 in for 0x771101b025
02-18 17:10:57.286 8153 8153 E ArmVmp : Match on catch block at 0xc3 in for 0x771101b025
02-18 17:10:57.300 8153 8153 E ArmVmp : Match on catch block at 0xc3 in for 0x771101b025
02-18 17:10:57.305 8153 8153 E ArmVmp : Match on catch block at 0xc3 in for 0x771101b025
02-18 17:10:57.316 8153 8153 E ArmVmp : Match on catch block at 0xc3 in for 0x771101b025
02-18 17:10:57.319 8153 8153 E ArmVmp : Match on catch block at 0xc3 in for 0x771101b025
02-18 17:10:57.385 8153 8153 E ArmVmp : Match on catch block at 0xc3 in for 0x771101b025
02-18 17:10:57.389 8153 8153 E ArmVmp : Match on catch block at 0xc3 in for 0x771101b025
02-18 17:10:57.401 8153 8153 E ArmVmp : Match on catch block at 0xc3 in for 0x771101b025
02-18 17:10:57.405 8153 8153 E ArmVmp : Match on catch block at 0xc3 in for 0x771101b025
02-18 17:10:57.416 8153 8153 E ArmVmp : Match on catch block at 0xc3 in for 0x771101b025
02-18 17:10:57.420 8153 8153 E ArmVmp : Match on catch block at 0xc3 in for 0x771101b025
02-18 17:10:57.432 8153 8153 E ArmVmp : Match on catch block at 0xc3 in for 0x771101b025
02-18 17:10:57.436 8153 8153 E ArmVmp : Match on catch block at 0xc3 in for 0x771101b025
02-18 17:10:57.449 8153 8153 E ArmVmp : Match on catch block at 0xc3 in for 0x771101b025
02-18 17:10:57.453 8153 8153 E ArmVmp : Match on catch block at 0xc3 in for 0x771101b025
02-18 17:10:57.466 8153 8153 E ArmVmp : Match on catch block at 0xc3 in for 0x771101b025
02-18 17:10:57.470 8153 8153 E ArmVmp : Match on catch block at 0xc3 in for 0x771101b025
02-18 17:10:57.483 8153 8153 E ArmVmp : Match on catch block at 0xc3 in for 0x771101b025
02-18 17:10:57.486 8153 8153 E ArmVmp : Match on catch block at 0xc3 in for 0x771101b025
02-18 17:10:57.499 8153 8153 E ArmVmp : Match on catch block at 0xc3 in for 0x771101b025
02-18 17:10:57.504 8153 8153 E ArmVmp : Match on catch block at 0xc3 in for 0x771101b025
02-18 17:10:57.518 8153 8153 E ArmVmp : Match on catch block at 0xc3 in for 0x771101b025
02-18 17:10:57.522 8153
02-18 17:10:57.499 8153 8153 E ArmVmp : Match on catch block at 0xc3 in for 0x771101b025
02-18 17:10:57.504 8153 8153 E ArmVmp : Match on catch block at 0xc3 in for 0x771101b025
02-18 17:10:57.518 8153 8153 E ArmVmp : Match on catch block at 0xc3 in for 0x771101b025
02-18 17:10:57.522 8153 8153 E ArmVmp : Match on catch block at 0xc3 in for 0x771101b025
02-18 17:10:57.533 8153 8153 E ArmVmp : Match on catch block at 0xc3 in for 0x771101b025
02-18 17:10:57.537 8153 8153 E ArmVmp : Match on catch block at 0xc3 in for 0x771101b025
02-18 17:10:57.549 8153 8153 E ArmVmp : Match on catch block at 0xc3 in for 0x771101b025
02-18 17:10:57.552 8153 8153 E ArmVmp : Match on catch block at 0xc3 in for 0x771101b025
02-18 17:10:57.578 8153 8153 E ArmVmp : Match on catch block at 0xc3 in for 0x771101b025
02-18 17:10:57.584 8153 8153 E ArmVmp : Match on catch block at 0xc3 in for 0x771101b025
02-18 17:10:57.591 8153 8153 E ArmVmp : Match on catch block at 0xc3 in for 0x771101b025
02-18 17:10:57.596 8153 8153 E ArmVmp : Match on catch block at 0xc3 in for 0x771101b025
02-18 17:10:57.603 8153 8153 E ArmVmp : Match on catch block at 0xc3 in for 0x771101b025
02-18 17:10:57.607 8153 8153 E ArmVmp : Match on catch block at 0xc3 in for 0x771101b025
02-18 17:10:57.616 8153 8153 E ArmVmp : Match on catch block at 0xc3 in for 0x771101b025
02-18 17:10:57.619 8153 8153 E ArmVmp : Match on catch block at 0xc3 in for 0x771101b025
02-18 17:10:57.634 8153 8153 E ArmVmp : Match on catch block at 0xc3 in for 0x771101b025
02-18 17:10:57.637 8153 8153 E ArmVmp : Match on catch block at 0xc3 in for 0x771101b025
02-18 17:10:57.649 8153 8153 E ArmVmp : Match on catch block at 0xc3 in for 0x771101b025
02-18 17:10:57.653 8153 8153 E ArmVmp : Match on catch block at 0xc3 in for 0x771101b025
02-18 17:10:57.666 8153 8153 E ArmVmp : Match on catch block at 0xc3 in for 0x771101b025
02-18 17:10:57.670 8153 8153 E ArmVmp : Match on catch block at 0xc3 in for 0x771101b025
02-18 17:10:57.683 8153 8153 E ArmVmp : Match on catch block at 0xc3 in for 0x771101b025
02-18 17:10:57.686 8153 8153 E ArmVmp : Match on catch block at 0xc3 in for 0x771101b025
02-18 17:10:57.702 8153 8153 E ArmVmp : Match on catch block at 0xc3 in for 0x771101b025
02-18 17:10:57.706 8153 8153 E ArmVmp : Match on catch block at 0xc3 in for 0x771101b025
02-18 17:10:57.716 8153 8153 E ArmVmp : Match on catch block at 0xc3 in for 0x771101b025
02-18 17:10:57.721 8153 8153 E ArmVmp : Match on catch block at 0xc3 in for 0x771101b025
02-18 17:10:57.783 8153 8153 E ArmVmp : Match on catch block at 0xc3 in for 0x771101b025
02-18 17:10:57.787 8153 8153 E ArmVmp : Match on catch block at 0xc3 in for 0x771101b025
02-18 17:10:57.799 8153 8153 E ArmVmp : Match on catch block at 0xc3 in for 0x771101b025
02-18 17:10:57.803 8153 8153 E ArmVmp : Match on catch block at 0xc3 in for 0x771101b025
02-18 17:10:57.823 8153 8153 E ArmVmp : Match on catch block at 0xc3 in for 0x771101b025
02-18 17:10:57.827 8153 8153 E ArmVmp : Match on catch block at 0xc3 in for 0x771101b025
02-18 17:10:57.833 8153 8153 E ArmVmp : Match on catch block at 0xc3 in for 0x771101b025
02-18 17:10:57.837 8153 8153 E ArmVmp : Match on catch block at 0xc3 in for 0x771101b025
02-18 17:10:57.849 8153 8153 E ArmVmp : Match on catch block at 0xc3 in for 0x771101b025
02-18 17:10:57.854 8153 8153 E ArmVmp : Match on catch block at 0xc3 in for 0x771101b025
02-18 17:10:57.865 8153 8153 E ArmVmp : Match on catch block at 0xc3 in for 0x771101b025
02-18 17:10:57.869 8153 8153 E ArmVmp : Match on catch block at 0xc3 in for 0x771101b025
02-18 17:10:57.882 8153 8153 E ArmVmp : Match on catch block at 0xc3 in for 0x771101b025
02-18 17:10:57.886 8153 8153 E ArmVmp : Match on catch block at 0xc3 in for 0x771101b025
02-18 17:10:57.900 8153 8153 E ArmVmp : Match on catch block at 0xc3 in for 0x771101b025
02-18 17:10:57.904 8153 8153 E ArmVmp : Match on catch block at 0xc3 in for 0x771101b025
02-18 17:10:57.916 8153 8153 E ArmVmp : Matc 8153 E ArmVmp : Match on catch block at 0xc3 in for
0x771101b025
02-18 17:10:57.533 8153 8153 E ArmVmp : Match on catch block at 0xc3 in for 0x771101b025
02-18 17:10:57.537 8153 8153 E ArmVmp : Match on catch block at 0xc3 in for 0x771101b025
02-18 17:10:57.549 8153 8153 E ArmVmp : Match on catch block at 0xc3 in for 0x771101b025
02-18 17:10:57.552 8153 8153 E ArmVmp : Match on catch block at 0xc3 in for 0x771101b025
02-18 17:10:57.578 8153 8153 E ArmVmp : Match on catch block at 0xc3 in for 0x771101b025
02-18 17:10:57.584 8153 8153 E ArmVmp : Match on catch block at 0xc3 in for 0x771101b025
02-18 17:10:57.591 8153 8153 E ArmVmp : Match on catch block at 0xc3 in for 0x771101b025
02-18 17:10:57.596 8153 8153 E ArmVmp : Match on catch block at 0xc3 in for 0x771101b025
02-18 17:10:57.603 8153 8153 E ArmVmp : Match on catch block at 0xc3 in for 0x771101b025
02-18 17:10:57.607 8153 8153 E ArmVmp : Match on catch block at 0xc3 in for 0x771101b025
02-18 17:10:57.616 8153 8153 E ArmVmp : Match on catch block at 0xc3 in for 0x771101b025
02-18 17:10:57.619 8153 8153 E ArmVmp : Match on catch block at 0xc3 in for 0x771101b025
02-18 17:10:57.634 8153 8153 E ArmVmp : Match on catch block at 0xc3 in for 0x771101b025
02-18 17:10:57.637 8153 8153 E ArmVmp : Match on catch block at 0xc3 in for 0x771101b025
02-18 17:10:57.649 8153 8153 E ArmVmp : Match on catch block at 0xc3 in for 0x771101b025
02-18 17:10:57.653 8153 8153 E ArmVmp : Match on catch block at 0xc3 in for 0x771101b025
02-18 17:10:57.666 8153 8153 E ArmVmp : Match on catch block at 0xc3 in for 0x771101b025
02-18 17:10:57.670 8153 8153 E ArmVmp : Match on catch block at 0xc3 in for 0x771101b025
02-18 17:10:57.683 8153 8153 E ArmVmp : Match on catch block at 0xc3 in for 0x771101b025
02-18 17:10:57.686 8153 8153 E ArmVmp : Match on catch block at 0xc3 in for 0x771101b025
02-18 17:10:57.702 8153 8153 E ArmVmp : Match on catch block at 0xc3 in for 0x771101b025
02-18 17:10:57.706 8153 8153 E ArmVmp : Match on catch block at 0xc3 in for 0x771101b025
02-18 17:10:57.716 8153 8153 E ArmVmp : Match on catch block at 0xc3 in for 0x771101b025
02-18 17:10:57.721 8153 8153 E ArmVmp : Match on catch block at 0xc3 in for 0x771101b025
02-18 17:10:57.783 8153 8153 E ArmVmp : Match on catch block at 0xc3 in for 0x771101b025
02-18 17:10:57.787 8153 8153 E ArmVmp : Match on catch block at 0xc3 in for 0x771101b025
02-18 17:10:57.799 8153 8153 E ArmVmp : Match on catch block at 0xc3 in for 0x771101b025
02-18 17:10:57.803 8153 8153 E ArmVmp : Match on catch block at 0xc3 in for 0x771101b025
02-18 17:10:57.823 8153 8153 E ArmVmp : Match on catch block at 0xc3 in for 0x771101b025
02-18 17:10:57.827 8153 8153 E ArmVmp : Match on catch block at 0xc3 in for 0x771101b025
02-18 17:10:57.833 8153 8153 E ArmVmp : Match on catch block at 0xc3 in for 0x771101b025
02-18 17:10:57.837 8153 8153 E ArmVmp : Match on catch block at 0xc3 in for 0x771101b025
02-18 17:10:57.849 8153 8153 E ArmVmp : Match on catch block at 0xc3 in for 0x771101b025
02-18 17:10:57.854 8153 8153 E ArmVmp : Match on catch block at 0xc3 in for 0x771101b025
02-18 17:10:57.865 8153 8153 E ArmVmp : Match on catch block at 0xc3 in for 0x771101b025
02-18 17:10:57.869 8153 8153 E ArmVmp : Match on catch block at 0xc3 in for 0x771101b025
02-18 17:10:57.882 8153 8153 E ArmVmp : Match on catch block at 0xc3 in for 0x771101b025
02-18 17:10:57.886 8153 8153 E ArmVmp : Match on catch block at 0xc3 in for 0x771101b025
02-18 17:10:57.900 8153 8153 E ArmVmp : Match on catch block at 0xc3 in for 0x771101b025
02-18 17:10:57.904 8153 8153 E ArmVmp : Match on catch block at 0xc3 in for 0x771101b025
02-18 17:10:57.916 8153 8153 E ArmVmp : Match on catch block at 0xc3 in for 0x771101b025
02-18 17:10:57.920 8153 8153 E ArmVmp : Match on catch block at 0xc3 in for 0x771101b025
02-18 17:10:57.933 8153 8153 E ArmVmp : Match on catch block at 0xc3 in for 0x771101b025
02-18 17:10:57.937 8153 8153 E ArmVmp : Match on catch block at 0xc3 h on catch block at 0xc3 in for
0x771101b025
02-18 17:10:57.920 8153 8153 E ArmVmp : Match on catch block at 0xc3 in for 0x771101b025
02-18 17:10:57.933 8153 8153 E ArmVmp : Match on catch block at 0xc3 in for 0x771101b025
02-18 17:10:57.937 8153 8153 E ArmVmp : Match on catch block at 0xc3 in for 0x771101b025
02-18 17:10:57.949 8153 8153 E ArmVmp : Match on catch block at 0xc3 in for 0x771101b025
02-18 17:10:57.953 8153 8153 E ArmVmp : Match on catch block at 0xc3 in for 0x771101b025
02-18 17:10:57.966 8153 8153 E ArmVmp : Match on catch block at 0xc3 in for 0x771101b025
02-18 17:10:57.970 8153 8153 E ArmVmp : Match on catch block at 0xc3 in for 0x771101b025
02-18 17:10:57.983 8153 8153 E ArmVmp : Match on catch block at 0xc3 in for 0x771101b025
02-18 17:10:57.988 8153 8153 E ArmVmp : Match on catch block at 0xc3 in for 0x771101b025
02-18 17:10:57.998 8153 8153 E ArmVmp : Match on catch block at 0xc3 in for 0x771101b025
02-18 17:10:58.001 8153 8153 E ArmVmp : Match on catch block at 0xc3 in for 0x771101b025
02-18 17:10:58.015 8153 8153 E ArmVmp : Match on catch block at 0xc3 in for 0x771101b025
02-18 17:10:58.018 8153 8153 E ArmVmp : Match on catch block at 0xc3 in for 0x771101b025
02-18 17:10:58.031 8153 8153 E ArmVmp : Match on catch block at 0xc3 in for 0x771101b025
02-18 17:10:58.034 8153 8153 E ArmVmp : Match on catch block at 0xc3 in for 0x771101b025
02-18 17:10:58.048 8153 8153 E ArmVmp : Match on catch block at 0xc3 in for 0x771101b025
02-18 17:10:58.051 8153 8153 E ArmVmp : Match on catch block at 0xc3 in for 0x771101b025
02-18 17:10:58.065 8153 8153 E ArmVmp : Match on catch block at 0xc3 in for 0x771101b025
02-18 17:10:58.068 8153 8153 E ArmVmp : Match on catch block at 0xc3 in for 0x771101b025
02-18 17:10:58.082 8153 8153 E ArmVmp : Match on catch block at 0xc3 in for 0x771101b025
02-18 17:10:58.085 8153 8153 E ArmVmp : Match on catch block at 0xc3 in for 0x771101b025
02-18 17:10:58.098 8153 8153 E ArmVmp : Match on catch block at 0xc3 in for 0x771101b025
02-18 17:10:58.100 8153 8153 E ArmVmp : Match on catch block at 0xc3 in for 0x771101b025
02-18 17:10:58.104 8153 8153 W OnBackInvokedCallback: OnBackInvokedCallback is not enabled for the
application.
02-18 17:10:58.104 8153 8153 W OnBackInvokedCallback: Set 'android:enableOnBackInvokedCallback="true"' in
the application manifest.
02-18 17:10:58.136 8153 8153 E ArmVmp : Match on catch block at 0xc3 in for 0x771101b025
02-18 17:10:58.139 8153 8153 E ArmVmp : Match on catch block at 0xc3 in for 0x771101b025
02-18 17:10:58.151 8153 8153 E ArmVmp : Match on catch block at 0xc3 in for 0x771101b025
02-18 17:10:58.154 8153 8153 E ArmVmp : Match on catch block at 0xc3 in for 0x771101b025
02-18 17:10:58.198 8153 8153 E ArmVmp : Match on catch block at 0xc3 in for 0x771101b025
02-18 17:10:58.200 8153 8153 E ArmVmp : Match on catch block at 0xc3 in for 0x771101b025
02-18 17:10:58.699 8153 8153 E ArmVmp : Match on catch block at 0xc3 in for 0x771101b025
02-18 17:10:58.704 8153 8153 E ArmVmp : Match on catch block at 0xc3 in for 0x771101b025
02-18 17:10:58.962 8153 8153 E ArmVmp : Match on catch block at 0xc3 in for 0x771101b025
02-18 17:10:58.968 8153 8153 E ArmVmp : Match on catch block at 0xc3 in for 0x771101b025
02-18 17:10:58.980 8153 8153 E ArmVmp : Match on catch block at 0xc3 in for 0x771101b025
02-18 17:10:58.982 8153 8153 E ArmVmp : Match on catch block at 0xc3 in for 0x771101b025
02-18 17:10:58.988 8153 8153 E ArmVmp : Match on catch block at 0xc3 in for 0x771101b025
02-18 17:10:58.990 8153 8153 E ArmVmp : Match on catch block at 0xc3 in for 0x771101b025
02-18 17:10:58.998 8153 8153 E ArmVmp : Match on catch block at 0xc3 in for 0x771101b025
02-18 17:10:59.001 8153 8153 E ArmVmp : Match on catch block at 0xc3 in for 0x771101b025
02-18 17:10:59.014 8153 8153 E ArmVmp : Match on catch block at 0xc3 in for 0x771101b025
02-18 17:10:59.017 8153 8153 E ArmVmp : Match on catch block at 0xc3 in for 0x771101b025
02-18 17:10:59.030 8153 8153 in for 0x771101b025
02-18 17:10:57.949 8153 8153 E ArmVmp : Match on catch block at 0xc3 in for 0x771101b025
02-18 17:10:57.953 8153 8153 E ArmVmp : Match on catch block at 0xc3 in for 0x771101b025
02-18 17:10:57.966 8153 8153 E ArmVmp : Match on catch block at 0xc3 in for 0x771101b025
02-18 17:10:57.970 8153 8153 E ArmVmp : Match on catch block at 0xc3 in for 0x771101b025
02-18 17:10:57.983 8153 8153 E ArmVmp : Match on catch block at 0xc3 in for 0x771101b025
02-18 17:10:57.988 8153 8153 E ArmVmp : Match on catch block at 0xc3 in for 0x771101b025
02-18 17:10:57.998 8153 8153 E ArmVmp : Match on catch block at 0xc3 in for 0x771101b025
02-18 17:10:58.001 8153 8153 E ArmVmp : Match on catch block at 0xc3 in for 0x771101b025
02-18 17:10:58.015 8153 8153 E ArmVmp : Match on catch block at 0xc3 in for 0x771101b025
02-18 17:10:58.018 8153 8153 E ArmVmp : Match on catch block at 0xc3 in for 0x771101b025
02-18 17:10:58.031 8153 8153 E ArmVmp : Match on catch block at 0xc3 in for 0x771101b025
02-18 17:10:58.034 8153 8153 E ArmVmp : Match on catch block at 0xc3 in for 0x771101b025
02-18 17:10:58.048 8153 8153 E ArmVmp : Match on catch block at 0xc3 in for 0x771101b025
02-18 17:10:58.051 8153 8153 E ArmVmp : Match on catch block at 0xc3 in for 0x771101b025
02-18 17:10:58.065 8153 8153 E ArmVmp : Match on catch block at 0xc3 in for 0x771101b025
02-18 17:10:58.068 8153 8153 E ArmVmp : Match on catch block at 0xc3 in for 0x771101b025
02-18 17:10:58.082 8153 8153 E ArmVmp : Match on catch block at 0xc3 in for 0x771101b025
02-18 17:10:58.085 8153 8153 E ArmVmp : Match on catch block at 0xc3 in for 0x771101b025
02-18 17:10:58.098 8153 8153 E ArmVmp : Match on catch block at 0xc3 in for 0x771101b025
02-18 17:10:58.100 8153 8153 E ArmVmp : Match on catch block at 0xc3 in for 0x771101b025
02-18 17:10:58.104 8153 8153 W OnBackInvokedCallback: OnBackInvokedCallback is not enabled for the
application.
02-18 17:10:58.104 8153 8153 W OnBackInvokedCallback: Set 'android:enableOnBackInvokedCallback="true"' in
the application manifest.
02-18 17:10:58.136 8153 8153 E ArmVmp : Match on catch block at 0xc3 in for 0x771101b025
02-18 17:10:58.139 8153 8153 E ArmVmp : Match on catch block at 0xc3 in for 0x771101b025
02-18 17:10:58.151 8153 8153 E ArmVmp : Match on catch block at 0xc3 in for 0x771101b025
02-18 17:10:58.154 8153 8153 E ArmVmp : Match on catch block at 0xc3 in for 0x771101b025
02-18 17:10:58.198 8153 8153 E ArmVmp : Match on catch block at 0xc3 in for 0x771101b025
02-18 17:10:58.200 8153 8153 E ArmVmp : Match on catch block at 0xc3 in for 0x771101b025
02-18 17:10:58.699 8153 8153 E ArmVmp : Match on catch block at 0xc3 in for 0x771101b025
02-18 17:10:58.704 8153 8153 E ArmVmp : Match on catch block at 0xc3 in for 0x771101b025
02-18 17:10:58.962 8153 8153 E ArmVmp : Match on catch block at 0xc3 in for 0x771101b025
02-18 17:10:58.968 8153 8153 E ArmVmp : Match on catch block at 0xc3 in for 0x771101b025
02-18 17:10:58.980 8153 8153 E ArmVmp : Match on catch block at 0xc3 in for 0x771101b025
02-18 17:10:58.982 8153 8153 E ArmVmp : Match on catch block at 0xc3 in for 0x771101b025
02-18 17:10:58.988 8153 8153 E ArmVmp : Match on catch block at 0xc3 in for 0x771101b025
02-18 17:10:58.990 8153 8153 E ArmVmp : Match on catch block at 0xc3 in for 0x771101b025
02-18 17:10:58.998 8153 8153 E ArmVmp : Match on catch block at 0xc3 in for 0x771101b025
02-18 17:10:59.001 8153 8153 E ArmVmp : Match on catch block at 0xc3 in for 0x771101b025
02-18 17:10:59.014 8153 8153 E ArmVmp : Match on catch block at 0xc3 in for 0x771101b025
02-18 17:10:59.017 8153 8153 E ArmVmp : Match on catch block at 0xc3 in for 0x771101b025
02-18 17:10:59.030 8153 8153 E ArmVmp : Match on catch block at 0xc3 in for 0x771101b025
02-18 17:10:59.033 8153 8153 E ArmVmp : Match on catch block at 0xc3 in for 0x771101b025
02-18 17:10:59.047 8153 8153 E ArmVmp : Match on catch block at 0xc3 in for 0x771101b025
02-18 17:10:59.049 8153 8153 E ArmVmp : Match on catcE ArmVmp : Match on catch block at 0xc3 in for
0x771101b025
02-18 17:10:59.033 8153 8153 E ArmVmp : Match on catch block at 0xc3 in for 0x771101b025
02-18 17:10:59.047 8153 8153 E ArmVmp : Match on catch block at 0xc3 in for 0x771101b025
02-18 17:10:59.049 8153 8153 E ArmVmp : Match on catch block at 0xc3 in for 0x771101b025
02-18 17:10:59.063 8153 8153 E ArmVmp : Match on catch block at 0xc3 in for 0x771101b025
02-18 17:10:59.066 8153 8153 E ArmVmp : Match on catch block at 0xc3 in for 0x771101b025
02-18 17:10:59.082 8153 8153 E ArmVmp : Match on catch block at 0xc3 in for 0x771101b025
02-18 17:10:59.086 8153 8153 E ArmVmp : Match on catch block at 0xc3 in for 0x771101b025
02-18 17:10:59.097 8153 8153 E ArmVmp : Match on catch block at 0xc3 in for 0x771101b025
02-18 17:10:59.099 8153 8153 E ArmVmp : Match on catch block at 0xc3 in for 0x771101b025
02-18 17:10:59.115 8153 8153 E ArmVmp : Match on catch block at 0xc3 in for 0x771101b025
02-18 17:10:59.118 8153 8153 E ArmVmp : Match on catch block at 0xc3 in for 0x771101b025
02-18 17:10:59.130 8153 8153 E ArmVmp : Match on catch block at 0xc3 in for 0x771101b025
02-18 17:10:59.133 8153 8153 E ArmVmp : Match on catch block at 0xc3 in for 0x771101b025
02-18 17:10:59.147 8153 8153 E ArmVmp : Match on catch block at 0xc3 in for 0x771101b025
02-18 17:10:59.150 8153 8153 E ArmVmp : Match on catch block at 0xc3 in for 0x771101b025
02-18 17:10:59.175 8153 8153 E ArmVmp : Match on catch block at 0xc3 in for 0x771101b025
02-18 17:10:59.177 8153 8153 E ArmVmp : Match on catch block at 0xc3 in for 0x771101b025
02-18 17:10:59.336 8153 8153 E ArmVmp : Match on catch block at 0xc3 in for 0x771101b025
02-18 17:10:59.339 8153 8153 E ArmVmp : Match on catch block at 0xc3 in for 0x771101b025
02-18 17:10:59.351 8153 8153 E ArmVmp : Match on catch block at 0xc3 in for 0x771101b025
02-18 17:10:59.353 8153 8153 E ArmVmp : Match on catch block at 0xc3 in for 0x771101b025
02-18 17:10:59.366 8153 8153 E ArmVmp : Match on catch block at 0xc3 in for 0x771101b025
02-18 17:10:59.368 8153 8153 E ArmVmp : Match on catch block at 0xc3 in for 0x771101b025
02-18 17:10:59.380 8153 8153 E ArmVmp : Match on catch block at 0xc3 in for 0x771101b025
02-18 17:10:59.383 8153 8153 E ArmVmp : Match on catch block at 0xc3 in for 0x771101b025
02-18 17:10:59.497 8153 8153 E ArmVmp : Match on catch block at 0xc3 in for 0x771101b025
02-18 17:10:59.499 8153 8153 E ArmVmp : Match on catch block at 0xc3 in for 0x771101b025
02-18 17:10:59.522 8153 8153 E ArmVmp : Match on catch block at 0xc3 in for 0x771101b025
02-18 17:10:59.524 8153 8153 E ArmVmp : Match on catch block at 0xc3 in for 0x771101b025
02-18 17:10:59.573 8153 8153 E ArmVmp : Match on catch block at 0xc3 in for 0x771101b025
02-18 17:10:59.575 8153 8153 E ArmVmp : Match on catch block at 0xc3 in for 0x771101b025
02-18 17:10:59.583 8153 8153 E ArmVmp : Match on catch block at 0xc3 in for 0x771101b025
02-18 17:10:59.586 8153 8153 E ArmVmp : Match on catch block at 0xc3 in for 0x771101b025
02-18 17:10:59.604 8153 8153 E ArmVmp : Match on catch block at 0xc3 in for 0x771101b025
02-18 17:10:59.611 8153 8153 E ArmVmp : Match on catch block at 0xc3 in for 0x771101b025
02-18 17:10:59.626 8153 8153 E ArmVmp : Match on catch block at 0xc3 in for 0x771101b025
02-18 17:10:59.629 8153 8153 E ArmVmp : Match on catch block at 0xc3 in for 0x771101b025
02-18 17:10:59.637 8153 8153 E ArmVmp : Match on catch block at 0xc3 in for 0x771101b025
02-18 17:10:59.640 8153 8153 E ArmVmp : Match on catch block at 0xc3 in for 0x771101b025
02-18 17:10:59.648 8153 8153 E ArmVmp : Match on catch block at 0xc3 in for 0x771101b025
02-18 17:10:59.650 8153 8153 E ArmVmp : Match on catch block at 0xc3 in for 0x771101b025
02-18 17:10:59.663 8153 8153 E ArmVmp : Match on catch block at 0xc3 in for 0x771101b025
02-18 17:10:59.667 8153 8153 E ArmVmp : Match on catch block at 0xc3 in for 0x771101b025
02-18 17:10:59.681 8153 8153 E ArmVmp : Match on catch block at 0xc3 in for h block at 0xc3 in for
0x771101b025
02-18 17:10:59.063 8153 8153 E ArmVmp : Match on catch block at 0xc3 in for 0x771101b025
02-18 17:10:59.066 8153 8153 E ArmVmp : Match on catch block at 0xc3 in for 0x771101b025
02-18 17:10:59.082 8153 8153 E ArmVmp : Match on catch block at 0xc3 in for 0x771101b025
02-18 17:10:59.086 8153 8153 E ArmVmp : Match on catch block at 0xc3 in for 0x771101b025
02-18 17:10:59.097 8153 8153 E ArmVmp : Match on catch block at 0xc3 in for 0x771101b025
02-18 17:10:59.099 8153 8153 E ArmVmp : Match on catch block at 0xc3 in for 0x771101b025
02-18 17:10:59.115 8153 8153 E ArmVmp : Match on catch block at 0xc3 in for 0x771101b025
02-18 17:10:59.118 8153 8153 E ArmVmp : Match on catch block at 0xc3 in for 0x771101b025
02-18 17:10:59.130 8153 8153 E ArmVmp : Match on catch block at 0xc3 in for 0x771101b025
02-18 17:10:59.133 8153 8153 E ArmVmp : Match on catch block at 0xc3 in for 0x771101b025
02-18 17:10:59.147 8153 8153 E ArmVmp : Match on catch block at 0xc3 in for 0x771101b025
02-18 17:10:59.150 8153 8153 E ArmVmp : Match on catch block at 0xc3 in for 0x771101b025
02-18 17:10:59.175 8153 8153 E ArmVmp : Match on catch block at 0xc3 in for 0x771101b025
02-18 17:10:59.177 8153 8153 E ArmVmp : Match on catch block at 0xc3 in for 0x771101b025
02-18 17:10:59.336 8153 8153 E ArmVmp : Match on catch block at 0xc3 in for 0x771101b025
02-18 17:10:59.339 8153 8153 E ArmVmp : Match on catch block at 0xc3 in for 0x771101b025
02-18 17:10:59.351 8153 8153 E ArmVmp : Match on catch block at 0xc3 in for 0x771101b025
02-18 17:10:59.353 8153 8153 E ArmVmp : Match on catch block at 0xc3 in for 0x771101b025
02-18 17:10:59.366 8153 8153 E ArmVmp : Match on catch block at 0xc3 in for 0x771101b025
02-18 17:10:59.368 8153 8153 E ArmVmp : Match on catch block at 0xc3 in for 0x771101b025
02-18 17:10:59.380 8153 8153 E ArmVmp : Match on catch block at 0xc3 in for 0x771101b025
02-18 17:10:59.383 8153 8153 E ArmVmp : Match on catch block at 0xc3 in for 0x771101b025
02-18 17:10:59.497 8153 8153 E ArmVmp : Match on catch block at 0xc3 in for 0x771101b025
02-18 17:10:59.499 8153 8153 E ArmVmp : Match on catch block at 0xc3 in for 0x771101b025
02-18 17:10:59.522 8153 8153 E ArmVmp : Match on catch block at 0xc3 in for 0x771101b025
02-18 17:10:59.524 8153 8153 E ArmVmp : Match on catch block at 0xc3 in for 0x771101b025
02-18 17:10:59.573 8153 8153 E ArmVmp : Match on catch block at 0xc3 in for 0x771101b025
02-18 17:10:59.575 8153 8153 E ArmVmp : Match on catch block at 0xc3 in for 0x771101b025
02-18 17:10:59.583 8153 8153 E ArmVmp : Match on catch block at 0xc3 in for 0x771101b025
02-18 17:10:59.586 8153 8153 E ArmVmp : Match on catch block at 0xc3 in for 0x771101b025
02-18 17:10:59.604 8153 8153 E ArmVmp : Match on catch block at 0xc3 in for 0x771101b025
02-18 17:10:59.611 8153 8153 E ArmVmp : Match on catch block at 0xc3 in for 0x771101b025
02-18 17:10:59.626 8153 8153 E ArmVmp : Match on catch block at 0xc3 in for 0x771101b025
02-18 17:10:59.629 8153 8153 E ArmVmp : Match on catch block at 0xc3 in for 0x771101b025
02-18 17:10:59.637 8153 8153 E ArmVmp : Match on catch block at 0xc3 in for 0x771101b025
02-18 17:10:59.640 8153 8153 E ArmVmp : Match on catch block at 0xc3 in for 0x771101b025
02-18 17:10:59.648 8153 8153 E ArmVmp : Match on catch block at 0xc3 in for 0x771101b025
02-18 17:10:59.650 8153 8153 E ArmVmp : Match on catch block at 0xc3 in for 0x771101b025
02-18 17:10:59.663 8153 8153 E ArmVmp : Match on catch block at 0xc3 in for 0x771101b025
02-18 17:10:59.667 8153 8153 E ArmVmp : Match on catch block at 0xc3 in for 0x771101b025
02-18 17:10:59.681 8153 8153 E ArmVmp : Match on catch block at 0xc3 in for 0x771101b025
02-18 17:10:59.685 8153 8153 E ArmVmp : Match on catch block at 0xc3 in for 0x771101b025
02-18 17:10:59.696 8153 8153 E ArmVmp : Match on catch block at 0xc3 in for 0x771101b025
02-18 17:10:59.701 8153 8153 E ArmVmp : Match on catch block at 0xc3 in for 0x771101b025
02-18 17:10:0x771101b025
02-18 17:10:59.685 8153 8153 E ArmVmp : Match on catch block at 0xc3 in for 0x771101b025
02-18 17:10:59.696 8153 8153 E ArmVmp : Match on catch block at 0xc3 in for 0x771101b025
02-18 17:10:59.701 8153 8153 E ArmVmp : Match on catch block at 0xc3 in for 0x771101b025
02-18 17:10:59.713 8153 8153 E ArmVmp : Match on catch block at 0xc3 in for 0x771101b025
02-18 17:10:59.717 8153 8153 E ArmVmp : Match on catch block at 0xc3 in for 0x771101b025
02-18 17:10:59.932 8153 8153 E ArmVmp : Match on catch block at 0xc3 in for 0x771101b025
02-18 17:10:59.935 8153 8153 E ArmVmp : Match on catch block at 0xc3 in for 0x771101b025
02-18 17:10:59.943 8153 8415 W MediaPlayer: Use of stream types is deprecated for operations other than volume
control
02-18 17:10:59.943 8153 8415 W MediaPlayer: See the documentation of setAudioStreamType() for what to use
instead with android.media.AudioAttributes to qualify your playback use case
02-18 17:10:59.946 8153 8153 E ArmVmp : Match on catch block at 0xc3 in for 0x771101b025
02-18 17:10:59.950 8153 8153 E ArmVmp : Match on catch block at 0xc3 in for 0x771101b025
02-18 17:11:00.013 8153 8153 E ArmVmp : Match on catch block at 0xc3 in for 0x771101b025
02-18 17:11:00.017 8153 8153 E ArmVmp : Match on catch block at 0xc3 in for 0x771101b025
02-18 17:11:00.148 8153 8153 W AidlConversion: aidl2legacy_AudioChannelLayout_audio_channel_mask_t: no
legacy output audio_channel_mask_t found for AudioChannelLayout{layoutMask: 16}
02-18 17:11:00.512 8153 8153 E ArmVmp : Match on catch block at 0xc3 in for 0x771101b025
02-18 17:11:00.517 8153 8153 E ArmVmp : Match on catch block at 0xc3 in for 0x771101b025
02-18 17:11:00.667 8153 8153 E ArmVmp : Match on catch block at 0xc3 in for 0x771101b025
02-18 17:11:00.671 8153 8153 E ArmVmp : Match on catch block at 0xc3 in for 0x771101b025
02-18 17:11:00.684 8153 8153 E ArmVmp : Match on catch block at 0xc3 in for 0x771101b025
02-18 17:11:00.687 8153 8153 E ArmVmp : Match on catch block at 0xc3 in for 0x771101b025
02-18 17:11:00.697 8153 8153 E ArmVmp : Match on catch block at 0xc3 in for 0x771101b025
02-18 17:11:00.699 8153 8153 E ArmVmp : Match on catch block at 0xc3 in for 0x771101b025
02-18 17:11:00.712 8153 8153 E ArmVmp : Match on catch block at 0xc3 in for 0x771101b025
02-18 17:11:00.714 8153 8153 E ArmVmp : Match on catch block at 0xc3 in for 0x771101b025
02-18 17:11:00.729 8153 8153 E ArmVmp : Match on catch block at 0xc3 in for 0x771101b025
02-18 17:11:00.731 8153 8153 E ArmVmp : Match on catch block at 0xc3 in for 0x771101b025
02-18 17:11:00.747 8153 8153 E ArmVmp : Match on catch block at 0xc3 in for 0x771101b025
02-18 17:11:00.750 8153 8153 E ArmVmp : Match on catch block at 0xc3 in for 0x771101b025
02-18 17:11:00.762 8153 8153 E ArmVmp : Match on catch block at 0xc3 in for 0x771101b025
02-18 17:11:00.765 8153 8153 E ArmVmp : Match on catch block at 0xc3 in for 0x771101b025
02-18 17:11:00.780 8153 8153 E ArmVmp : Match on catch block at 0xc3 in for 0x771101b025
02-18 17:11:00.782 8153 8153 E ArmVmp : Match on catch block at 0xc3 in for 0x771101b025
02-18 17:11:00.797 8153 8153 E ArmVmp : Match on catch block at 0xc3 in for 0x771101b025
02-18 17:11:00.799 8153 8153 E ArmVmp : Match on catch block at 0xc3 in for 0x771101b025
02-18 17:11:00.812 8153 8153 E ArmVmp : Match on catch block at 0xc3 in for 0x771101b025
02-18 17:11:00.814 8153 8153 E ArmVmp : Match on catch block at 0xc3 in for 0x771101b025
02-18 17:11:00.832 8153 8153 E ArmVmp : Match on catch block at 0xc3 in for 0x771101b025
02-18 17:11:00.836 8153 8153 E ArmVmp : Match on catch block at 0xc3 in for 0x771101b025
02-18 17:11:00.845 8153 8153 E ArmVmp : Match on catch block at 0xc3 in for 0x771101b025
02-18 17:11:00.849 8153 8153 E ArmVmp : Match on catch block at 0xc3 in for 0x771101b025
02-18 17:11:00.863 8153 8153 E ArmVmp : Match on catch block at 0xc3 in for 0x771101b025
02-18 17:11:00.866 8153 8153 E ArmVmp : Match on catch block at 0xc3 in for 0x771101b025
02-159.713 8153 8153 E ArmVmp : Match on catch block at 0xc3 in for 0x771101b025
02-18 17:10:59.717 8153 8153 E ArmVmp : Match on catch block at 0xc3 in for 0x771101b025
02-18 17:10:59.932 8153 8153 E ArmVmp : Match on catch block at 0xc3 in for 0x771101b025
02-18 17:10:59.935 8153 8153 E ArmVmp : Match on catch block at 0xc3 in for 0x771101b025
02-18 17:10:59.943 8153 8415 W MediaPlayer: Use of stream types is deprecated for operations other than volume
control
02-18 17:10:59.943 8153 8415 W MediaPlayer: See the documentation of setAudioStreamType() for what to use
instead with android.media.AudioAttributes to qualify your playback use case
02-18 17:10:59.946 8153 8153 E ArmVmp : Match on catch block at 0xc3 in for 0x771101b025
02-18 17:10:59.950 8153 8153 E ArmVmp : Match on catch block at 0xc3 in for 0x771101b025
02-18 17:11:00.013 8153 8153 E ArmVmp : Match on catch block at 0xc3 in for 0x771101b025
02-18 17:11:00.017 8153 8153 E ArmVmp : Match on catch block at 0xc3 in for 0x771101b025
02-18 17:11:00.148 8153 8153 W AidlConversion: aidl2legacy_AudioChannelLayout_audio_channel_mask_t: no
legacy output audio_channel_mask_t found for AudioChannelLayout{layoutMask: 16}
02-18 17:11:00.512 8153 8153 E ArmVmp : Match on catch block at 0xc3 in for 0x771101b025
02-18 17:11:00.517 8153 8153 E ArmVmp : Match on catch block at 0xc3 in for 0x771101b025
02-18 17:11:00.667 8153 8153 E ArmVmp : Match on catch block at 0xc3 in for 0x771101b025
02-18 17:11:00.671 8153 8153 E ArmVmp : Match on catch block at 0xc3 in for 0x771101b025
02-18 17:11:00.684 8153 8153 E ArmVmp : Match on catch block at 0xc3 in for 0x771101b025
02-18 17:11:00.687 8153 8153 E ArmVmp : Match on catch block at 0xc3 in for 0x771101b025
02-18 17:11:00.697 8153 8153 E ArmVmp : Match on catch block at 0xc3 in for 0x771101b025
02-18 17:11:00.699 8153 8153 E ArmVmp : Match on catch block at 0xc3 in for 0x771101b025
02-18 17:11:00.712 8153 8153 E ArmVmp : Match on catch block at 0xc3 in for 0x771101b025
02-18 17:11:00.714 8153 8153 E ArmVmp : Match on catch block at 0xc3 in for 0x771101b025
02-18 17:11:00.729 8153 8153 E ArmVmp : Match on catch block at 0xc3 in for 0x771101b025
02-18 17:11:00.731 8153 8153 E ArmVmp : Match on catch block at 0xc3 in for 0x771101b025
02-18 17:11:00.747 8153 8153 E ArmVmp : Match on catch block at 0xc3 in for 0x771101b025
02-18 17:11:00.750 8153 8153 E ArmVmp : Match on catch block at 0xc3 in for 0x771101b025
02-18 17:11:00.762 8153 8153 E ArmVmp : Match on catch block at 0xc3 in for 0x771101b025
02-18 17:11:00.765 8153 8153 E ArmVmp : Match on catch block at 0xc3 in for 0x771101b025
02-18 17:11:00.780 8153 8153 E ArmVmp : Match on catch block at 0xc3 in for 0x771101b025
02-18 17:11:00.782 8153 8153 E ArmVmp : Match on catch block at 0xc3 in for 0x771101b025
02-18 17:11:00.797 8153 8153 E ArmVmp : Match on catch block at 0xc3 in for 0x771101b025
02-18 17:11:00.799 8153 8153 E ArmVmp : Match on catch block at 0xc3 in for 0x771101b025
02-18 17:11:00.812 8153 8153 E ArmVmp : Match on catch block at 0xc3 in for 0x771101b025
02-18 17:11:00.814 8153 8153 E ArmVmp : Match on catch block at 0xc3 in for 0x771101b025
02-18 17:11:00.832 8153 8153 E ArmVmp : Match on catch block at 0xc3 in for 0x771101b025
02-18 17:11:00.836 8153 8153 E ArmVmp : Match on catch block at 0xc3 in for 0x771101b025
02-18 17:11:00.845 8153 8153 E ArmVmp : Match on catch block at 0xc3 in for 0x771101b025
02-18 17:11:00.849 8153 8153 E ArmVmp : Match on catch block at 0xc3 in for 0x771101b025
02-18 17:11:00.863 8153 8153 E ArmVmp : Match on catch block at 0xc3 in for 0x771101b025
02-18 17:11:00.866 8153 8153 E ArmVmp : Match on catch block at 0xc3 in for 0x771101b025
02-18 17:11:00.946 8153 8153 E ArmVmp : Match on catch block at 0xc3 in for 0x771101b025
02-18 17:11:00.949 8153 8153 E ArmVmp : Match on catch block at 0xc3 in for 0x771101b025
02-18 17:11:01.138 8153 8153 E ArmVmp : Match on catch block at 0xc3 in for 0x771101b025
02-18 17:11:01.140 8153 8158 17:11:00.946 8153 8153 E ArmVmp : Match on catch block at 0xc3 in for
0x771101b025
02-18 17:11:00.949 8153 8153 E ArmVmp : Match on catch block at 0xc3 in for 0x771101b025
02-18 17:11:01.138 8153 8153 E ArmVmp : Match on catch block at 0xc3 in for 0x771101b025
02-18 17:11:01.140 8153 8153 E ArmVmp : Match on catch block at 0xc3 in for 0x771101b025
02-18 17:11:01.152 8153 8153 E ArmVmp : Match on catch block at 0xc3 in for 0x771101b025
02-18 17:11:01.156 8153 8153 E ArmVmp : Match on catch block at 0xc3 in for 0x771101b025
02-18 17:11:01.161 8153 8153 E ArmVmp : Match on catch block at 0xc3 in for 0x771101b025
02-18 17:11:01.167 8153 8153 E ArmVmp : Match on catch block at 0xc3 in for 0x771101b025
02-18 17:11:01.180 8153 8153 E ArmVmp : Match on catch block at 0xc3 in for 0x771101b025
02-18 17:11:01.186 8153 8153 E ArmVmp : Match on catch block at 0xc3 in for 0x771101b025
02-18 17:11:01.196 8153 8153 E ArmVmp : Match on catch block at 0xc3 in for 0x771101b025
02-18 17:11:01.200 8153 8153 E ArmVmp : Match on catch block at 0xc3 in for 0x771101b025
02-18 17:11:01.213 8153 8153 E ArmVmp : Match on catch block at 0xc3 in for 0x771101b025
02-18 17:11:01.217 8153 8153 E ArmVmp : Match on catch block at 0xc3 in for 0x771101b025
02-18 17:11:01.229 8153 8153 E ArmVmp : Match on catch block at 0xc3 in for 0x771101b025
02-18 17:11:01.232 8153 8153 E ArmVmp : Match on catch block at 0xc3 in for 0x771101b025
02-18 17:11:01.248 8153 8153 E ArmVmp : Match on catch block at 0xc3 in for 0x771101b025
02-18 17:11:01.252 8153 8153 E ArmVmp : Match on catch block at 0xc3 in for 0x771101b025
02-18 17:11:01.261 8153 8153 E ArmVmp : Match on catch block at 0xc3 in for 0x771101b025
02-18 17:11:01.265 8153 8153 E ArmVmp : Match on catch block at 0xc3 in for 0x771101b025
02-18 17:11:01.279 8153 8153 E ArmVmp : Match on catch block at 0xc3 in for 0x771101b025
02-18 17:11:01.283 8153 8153 E ArmVmp : Match on catch block at 0xc3 in for 0x771101b025
02-18 17:11:01.297 8153 8153 E ArmVmp : Match on catch block at 0xc3 in for 0x771101b025
02-18 17:11:01.301 8153 8153 E ArmVmp : Match on catch block at 0xc3 in for 0x771101b025
02-18 17:11:01.311 8153 8153 E ArmVmp : Match on catch block at 0xc3 in for 0x771101b025
02-18 17:11:01.315 8153 8153 E ArmVmp : Match on catch block at 0xc3 in for 0x771101b025
02-18 17:11:01.328 8153 8153 E ArmVmp : Match on catch block at 0xc3 in for 0x771101b025
02-18 17:11:01.330 8153 8153 E ArmVmp : Match on catch block at 0xc3 in for 0x771101b025
02-18 17:11:01.345 8153 8153 E ArmVmp : Match on catch block at 0xc3 in for 0x771101b025
02-18 17:11:01.349 8153 8153 E ArmVmp : Match on catch block at 0xc3 in for 0x771101b025
02-18 17:11:01.361 8153 8153 E ArmVmp : Match on catch block at 0xc3 in for 0x771101b025
02-18 17:11:01.363 8153 8153 E ArmVmp : Match on catch block at 0xc3 in for 0x771101b025
02-18 17:11:01.378 8153 8153 E ArmVmp : Match on catch block at 0xc3 in for 0x771101b025
02-18 17:11:01.380 8153 8153 E ArmVmp : Match on catch block at 0xc3 in for 0x771101b025
02-18 17:11:01.395 8153 8153 E ArmVmp : Match on catch block at 0xc3 in for 0x771101b025
02-18 17:11:01.398 8153 8153 E ArmVmp : Match on catch block at 0xc3 in for 0x771101b025
02-18 17:11:01.411 8153 8153 E ArmVmp : Match on catch block at 0xc3 in for 0x771101b025
02-18 17:11:01.413 8153 8153 E ArmVmp : Match on catch block at 0xc3 in for 0x771101b025
02-18 17:11:01.428 8153 8153 E ArmVmp : Match on catch block at 0xc3 in for 0x771101b025
02-18 17:11:01.430 8153 8153 E ArmVmp : Match on catch block at 0xc3 in for 0x771101b025
02-18 17:11:01.445 8153 8153 E ArmVmp : Match on catch block at 0xc3 in for 0x771101b025
02-18 17:11:01.447 8153 8153 E ArmVmp : Match on catch block at 0xc3 in for 0x771101b025
02-18 17:11:01.461 8153 8153 E ArmVmp : Match on catch block at 0xc3 in for 0x771101b025
02-18 17:11:01.464 8153 8153 E ArmVmp : Match on catch block at 0xc3 in for 0x771101b025
02-18 17:11:01.478 8153 8153 E ArmVmp : Match on 3 E ArmVmp : Match on catch block at 0xc3 in for
0x771101b025
02-18 17:11:01.152 8153 8153 E ArmVmp : Match on catch block at 0xc3 in for 0x771101b025
02-18 17:11:01.156 8153 8153 E ArmVmp : Match on catch block at 0xc3 in for 0x771101b025
02-18 17:11:01.161 8153 8153 E ArmVmp : Match on catch block at 0xc3 in for 0x771101b025
02-18 17:11:01.167 8153 8153 E ArmVmp : Match on catch block at 0xc3 in for 0x771101b025
02-18 17:11:01.180 8153 8153 E ArmVmp : Match on catch block at 0xc3 in for 0x771101b025
02-18 17:11:01.186 8153 8153 E ArmVmp : Match on catch block at 0xc3 in for 0x771101b025
02-18 17:11:01.196 8153 8153 E ArmVmp : Match on catch block at 0xc3 in for 0x771101b025
