02-18 17:11:41.230 8153 8153 W View : requestLayout() improperly called by android.widget.Space{a940629
I.ED..... ......I. 30,90-40,100 #7f0b00ba app:id/action_tile_spacing} during layout: running second layout pass
02-18 17:11:41.230 8153 8153 W View : requestLayout() improperly called by android.widget.Space{79d4dae
I.ED..... ......I. 30,90-40,100 #7f0b00ba app:id/action_tile_spacing} during layout: running second layout pass
02-18 17:11:41.237 8153 ile_spacing} during layout: running second layout pass
02-18 17:11:41.230 8153 8153 W View : requestLayout() improperly called by android.widget.Space{79d4dae
I.ED..... ......I. 30,90-40,100 #7f0b00ba app:id/action_tile_spacing} during layout: running second layout pass
02-18 17:11:41.237 8153 8153 E ArmVmp : Match on catch block at 0xc3 in for 0x771101b025
02-18 17:11:41.239 8153 8153 E ArmVmp : Match on catch block at 0xc3 in for 0x771101b025
02-18 17:11:41.264 8153 8153 E ArmVmp : Match on catch block at 0xc3 in for 0x771101b025
02-18 17:11:41.265 8153 8153 E ArmVmp : Match on catch block at 0xc3 in for 0x771101b025
02-18 17:11:41.317 8153 8321 W Parcel : Expecting binder but got null!
02-18 17:11:41.319 8153 8153 E ArmVmp : Match on catch block at 0xc3 in for 0x771101b025
02-18 17:11:41.321 8153 8153 E ArmVmp : Match on catch block at 0xc3 in for 0x771101b025
02-18 17:11:41.329 8153 8153 E ArmVmp : Match on catch block at 0xc3 in for 0x771101b025
02-18 17:11:41.333 8153 8153 E ArmVmp : Match on catch block at 0xc3 in for 0x771101b025
02-18 17:11:41.340 8153 8153 E ArmVmp : Match on catch block at 0xc3 in for 0x771101b025
02-18 17:11:41.345 8153 8153 E ArmVmp : Match on catch block at 0xc3 in for 0x771101b025
02-18 17:11:41.358 8153 8153 E ArmVmp : Match on catch block at 0xc3 in for 0x771101b025
02-18 17:11:41.363 8153 8153 E ArmVmp : Match on catch block at 0xc3 in for 0x771101b025
02-18 17:11:44.919 8153 8153 W BottomSheetBehavior: BottomSheetBehavior now supports multiple callbacks.
`setBottomSheetCallback()` removes all existing callbacks, including ones set internally by library authors, which
may result in unintended behavior. This may change in the future. Please use `addBottomSheetCallback()` and
`removeBottomSheetCallback()` instead to set your own callbacks.
02-18 17:11:44.945 8153 8153 W Settings: Setting window_animation_scale has moved from
android.provider.Settings.System to android.provider.Settings.Global, returning read-only value.
02-18 17:11:45.018 8153 8321 W Parcel : Expecting binder but got null!
02-18 17:11:45.049 8153 8321 W Parcel : Expecting binder but got null!
02-18 17:11:51.435 8153 8321 W Parcel : Expecting binder but got null!
02-18 17:11:53.872 8153 8153 E 3Fa : Duplicate support for action=wa.action.novi.EncryptLogEventV2 by
X.8kU@fcf58e1 and X.8kT@7639606
02-18 17:11:53.931 8153 8153 W BackgroundLayou: type=1400 audit(0.0:28697): avc: granted { execute } for
path="/data/data/com.mbwhatsapp/files/decompressed/libs.spk.zst/libminscompiler-jni.so" dev="dm-46" ino=255363
scontext=u:r:untrusted_app:s0:c215,c256,c512,c768 tcontext=u:object_r:app_data_file:s0:c215,c256,c512,c768
tclass=file app=com.mbwhatsapp
02-18 17:11:53.959 8153 8153 W BackgroundLayou: type=1400 audit(0.0:28698): avc: granted { execute } for
path="/data/data/com.mbwhatsapp/files/decompressed/libs.spk.zst/libflexlayout.so" dev="dm-46" ino=223029
scontext=u:r:untrusted_app:s0:c215,c256,c512,c768 tcontext=u:object_r:app_data_file:s0:c215,c256,c512,c768
tclass=file app=com.mbwhatsapp
02-18 17:11:54.028 8153 8321 W Parcel : Expecting binder but got null!
02-18 17:11:56.369 8153 8321 W Parcel : Expecting binder but got null!
02-18 17:11:58.750 8153 8321 W Parcel : Expecting binder but got null!
02-18 17:11:58.877 8153 8153 W OnBackInvokedCallback: OnBackInvokedCallback is not enabled for the
application.
02-18 17:11:58.877 8153 8153 W OnBackInvokedCallback: Set 'android:enableOnBackInvokedCallback="true"' in
the application manifest.
02-18 17:12:06.662 8153 8153 W RemoteInputConnectionImpl: requestCursorAnchorInfo on inactive
InputConnection
02-18 17:12:06.687 8153 8321 W Parcel : Expecting binder but got null!
02-18 17:12:06.707 8153 8153 E ImeBackDispatcher: Ime callback not found. Ignoring unregisterReceivedCallback.
callbackId: 68768068
02-18 17:12:06.775 8153 8153 W OnBackInvokedCallback: OnBackInvokedCallback is not enabled for the
application.
02-18 17:12:06.775 8153 8153 W OnBackInvokedCallback: Set 'android:enableOnBackInvokedC 8153 E ArmVmp
: Match on catch block at 0xc3 in for 0x771101b025
02-18 17:11:41.239 8153 8153 E ArmVmp : Match on catch block at 0xc3 in for 0x771101b025
02-18 17:11:41.264 8153 8153 E ArmVmp : Match on catch block at 0xc3 in for 0x771101b025
02-18 17:11:41.265 8153 8153 E ArmVmp : Match on catch block at 0xc3 in for 0x771101b025
02-18 17:11:41.317 8153 8321 W Parcel : Expecting binder but got null!
02-18 17:11:41.319 8153 8153 E ArmVmp : Match on catch block at 0xc3 in for 0x771101b025
02-18 17:11:41.321 8153 8153 E ArmVmp : Match on catch block at 0xc3 in for 0x771101b025
02-18 17:11:41.329 8153 8153 E ArmVmp : Match on catch block at 0xc3 in for 0x771101b025
02-18 17:11:41.333 8153 8153 E ArmVmp : Match on catch block at 0xc3 in for 0x771101b025
02-18 17:11:41.340 8153 8153 E ArmVmp : Match on catch block at 0xc3 in for 0x771101b025
02-18 17:11:41.345 8153 8153 E ArmVmp : Match on catch block at 0xc3 in for 0x771101b025
02-18 17:11:41.358 8153 8153 E ArmVmp : Match on catch block at 0xc3 in for 0x771101b025
02-18 17:11:41.363 8153 8153 E ArmVmp : Match on catch block at 0xc3 in for 0x771101b025
02-18 17:11:44.919 8153 8153 W BottomSheetBehavior: BottomSheetBehavior now supports multiple callbacks.
`setBottomSheetCallback()` removes all existing callbacks, including ones set internally by library authors, which
may result in unintended behavior. This may change in the future. Please use `addBottomSheetCallback()` and
`removeBottomSheetCallback()` instead to set your own callbacks.
02-18 17:11:44.945 8153 8153 W Settings: Setting window_animation_scale has moved from
android.provider.Settings.System to android.provider.Settings.Global, returning read-only value.
02-18 17:11:45.018 8153 8321 W Parcel : Expecting binder but got null!
02-18 17:11:45.049 8153 8321 W Parcel : Expecting binder but got null!
02-18 17:11:51.435 8153 8321 W Parcel : Expecting binder but got null!
02-18 17:11:53.872 8153 8153 E 3Fa : Duplicate support for action=wa.action.novi.EncryptLogEventV2 by
X.8kU@fcf58e1 and X.8kT@7639606
02-18 17:11:53.931 8153 8153 W BackgroundLayou: type=1400 audit(0.0:28697): avc: granted { execute } for
path="/data/data/com.mbwhatsapp/files/decompressed/libs.spk.zst/libminscompiler-jni.so" dev="dm-46" ino=255363
scontext=u:r:untrusted_app:s0:c215,c256,c512,c768 tcontext=u:object_r:app_data_file:s0:c215,c256,c512,c768
tclass=file app=com.mbwhatsapp
02-18 17:11:53.959 8153 8153 W BackgroundLayou: type=1400 audit(0.0:28698): avc: granted { execute } for
path="/data/data/com.mbwhatsapp/files/decompressed/libs.spk.zst/libflexlayout.so" dev="dm-46" ino=223029
scontext=u:r:untrusted_app:s0:c215,c256,c512,c768 tcontext=u:object_r:app_data_file:s0:c215,c256,c512,c768
tclass=file app=com.mbwhatsapp
02-18 17:11:54.028 8153 8321 W Parcel : Expecting binder but got null!
02-18 17:11:56.369 8153 8321 W Parcel : Expecting binder but got null!
02-18 17:11:58.750 8153 8321 W Parcel : Expecting binder but got null!
02-18 17:11:58.877 8153 8153 W OnBackInvokedCallback: OnBackInvokedCallback is not enabled for the
application.
02-18 17:11:58.877 8153 8153 W OnBackInvokedCallback: Set 'android:enableOnBackInvokedCallback="true"' in
the application manifest.
02-18 17:12:06.662 8153 8153 W RemoteInputConnectionImpl: requestCursorAnchorInfo on inactive
InputConnection
02-18 17:12:06.687 8153 8321 W Parcel : Expecting binder but got null!
02-18 17:12:06.707 8153 8153 E ImeBackDispatcher: Ime callback not found. Ignoring unregisterReceivedCallback.
callbackId: 68768068
02-18 17:12:06.775 8153 8153 W OnBackInvokedCallback: OnBackInvokedCallback is not enabled for the
application.
02-18 17:12:06.775 8153 8153 W OnBackInvokedCallback: Set 'android:enableOnBackInvokedCallback="true"' in
the application manifest.
02-18 17:12:11.913 8153 8153 W RemoteInputConnectionImpl: requestCursorAnchorInfo on inactive
InputConnection
02-18 17:12:11.946 8153 8321 W Parcel : Expecting binder but got null!
02-18 17:12:11.961 8153 8153 E ImeBackDispatcher: Ime callback not fallback="true"' in the application manifest.
02-18 17:12:11.913 8153 8153 W RemoteInputConnectionImpl: requestCursorAnchorInfo on inactive
InputConnection
02-18 17:12:11.946 8153 8321 W Parcel : Expecting binder but got null!
02-18 17:12:11.961 8153 8153 E ImeBackDispatcher: Ime callback not found. Ignoring unregisterReceivedCallback.
callbackId: 68768068
02-18 17:12:14.714 8153 8321 W Parcel : Expecting binder but got null!
02-18 17:12:14.850 8153 8321 W Parcel : Expecting binder but got null!
02-18 17:12:16.179 8153 8321 W Parcel : Expecting binder but got null!
02-18 17:12:17.765 8153 8153 W OnBackInvokedCallback: OnBackInvokedCallback is not enabled for the
application.
02-18 17:12:17.765 8153 8153 W OnBackInvokedCallback: Set 'android:enableOnBackInvokedCallback="true"' in
the application manifest.
02-18 17:12:31.837 8153 8153 E ArmVmp : Match on catch block at 0x0a in for 0x771101b035
02-18 17:12:31.840 8153 8153 E ArmVmp : Match on catch block at 0x0a in for 0x771101b035
02-18 17:12:31.969 8153 8153 E ArmVmp : Match on catch block at 0xc3 in for 0x771101b021
02-18 17:12:31.971 8153 8153 E ArmVmp : Match on catch block at 0xc3 in for 0x771101b021
02-18 17:12:31.983 8153 8321 W Parcel : Expecting binder but got null!
02-18 17:12:32.042 8153 8153 E ArmVmp : Match on catch block at 0xc3 in for 0x771101b025
02-18 17:12:32.044 8153 8153 E ArmVmp : Match on catch block at 0xc3 in for 0x771101b025
02-18 17:12:32.063 8153 8153 W OnBackInvokedCallback: OnBackInvokedCallback is not enabled for the
application.
02-18 17:12:32.063 8153 8153 W OnBackInvokedCallback: Set 'android:enableOnBackInvokedCallback="true"' in
the application manifest.
02-18 17:12:32.071 8153 8153 E ArmVmp : Match on catch block at 0xc3 in for 0x771101b025
02-18 17:12:32.075 8153 8153 E ArmVmp : Match on catch block at 0xc3 in for 0x771101b025
02-18 17:12:32.096 8153 8153 E ArmVmp : Match on catch block at 0xc3 in for 0x771101b025
02-18 17:12:32.101 8153 8153 E ArmVmp : Match on catch block at 0xc3 in for 0x771101b025
02-18 17:12:32.108 8153 8153 W OnBackInvokedCallback: OnBackInvokedCallback is not enabled for the
application.
02-18 17:12:32.108 8153 8153 W OnBackInvokedCallback: Set 'android:enableOnBackInvokedCallback="true"' in
the application manifest.
02-18 17:12:32.131 8153 8153 E ArmVmp : Match on catch block at 0xc3 in for 0x771101b025
02-18 17:12:32.133 8153 8153 E ArmVmp : Match on catch block at 0xc3 in for 0x771101b025
02-18 17:12:32.145 8153 8153 E ArmVmp : Match on catch block at 0xc3 in for 0x771101b025
02-18 17:12:32.149 8153 8153 E ArmVmp : Match on catch block at 0xc3 in for 0x771101b025
02-18 17:12:32.167 8153 8153 E ArmVmp : Match on catch block at 0xc3 in for 0x771101b025
02-18 17:12:32.169 8153 8153 E ArmVmp : Match on catch block at 0xc3 in for 0x771101b025
02-18 17:12:32.174 8153 8153 E ArmVmp : Match on catch block at 0xc3 in for 0x771101b025
02-18 17:12:32.177 8153 8153 E ArmVmp : Match on catch block at 0xc3 in for 0x771101b025
02-18 17:12:32.188 8153 8153 E ArmVmp : Match on catch block at 0xc3 in for 0x771101b025
02-18 17:12:32.193 8153 8153 E ArmVmp : Match on catch block at 0xc3 in for 0x771101b025
02-18 17:12:32.206 8153 8153 E ArmVmp : Match on catch block at 0xc3 in for 0x771101b025
02-18 17:12:32.208 8153 8153 E ArmVmp : Match on catch block at 0xc3 in for 0x771101b025
02-18 17:12:32.222 8153 8153 E ArmVmp : Match on catch block at 0xc3 in for 0x771101b025
02-18 17:12:32.225 8153 8153 E ArmVmp : Match on catch block at 0xc3 in for 0x771101b025
02-18 17:12:32.253 8153 8153 W OnBackInvokedCallback: OnBackInvokedCallback is not enabled for the
application.
02-18 17:12:32.253 8153 8153 W OnBackInvokedCallback: Set 'android:enableOnBackInvokedCallback="true"' in
the application manifest.
02-18 17:12:32.280 8153 8153 E ArmVmp : Match on catch block at 0xc3 in for 0x771101b025
02-18 17:12:32.284 8153 8153 E ArmVmp : Match on catch block at 0xc3 in for 0x771101b025
02-18 17:12:32.292 8153 8153 E ArmVmp : Match onound. Ignoring unregisterReceivedCallback. callbackId:
68768068
02-18 17:12:14.714 8153 8321 W Parcel : Expecting binder but got null!
02-18 17:12:14.850 8153 8321 W Parcel : Expecting binder but got null!
02-18 17:12:16.179 8153 8321 W Parcel : Expecting binder but got null!
02-18 17:12:17.765 8153 8153 W OnBackInvokedCallback: OnBackInvokedCallback is not enabled for the
application.
02-18 17:12:17.765 8153 8153 W OnBackInvokedCallback: Set 'android:enableOnBackInvokedCallback="true"' in
the application manifest.
02-18 17:12:31.837 8153 8153 E ArmVmp : Match on catch block at 0x0a in for 0x771101b035
02-18 17:12:31.840 8153 8153 E ArmVmp : Match on catch block at 0x0a in for 0x771101b035
02-18 17:12:31.969 8153 8153 E ArmVmp : Match on catch block at 0xc3 in for 0x771101b021
02-18 17:12:31.971 8153 8153 E ArmVmp : Match on catch block at 0xc3 in for 0x771101b021
02-18 17:12:31.983 8153 8321 W Parcel : Expecting binder but got null!
02-18 17:12:32.042 8153 8153 E ArmVmp : Match on catch block at 0xc3 in for 0x771101b025
02-18 17:12:32.044 8153 8153 E ArmVmp : Match on catch block at 0xc3 in for 0x771101b025
02-18 17:12:32.063 8153 8153 W OnBackInvokedCallback: OnBackInvokedCallback is not enabled for the
application.
02-18 17:12:32.063 8153 8153 W OnBackInvokedCallback: Set 'android:enableOnBackInvokedCallback="true"' in
the application manifest.
02-18 17:12:32.071 8153 8153 E ArmVmp : Match on catch block at 0xc3 in for 0x771101b025
02-18 17:12:32.075 8153 8153 E ArmVmp : Match on catch block at 0xc3 in for 0x771101b025
02-18 17:12:32.096 8153 8153 E ArmVmp : Match on catch block at 0xc3 in for 0x771101b025
02-18 17:12:32.101 8153 8153 E ArmVmp : Match on catch block at 0xc3 in for 0x771101b025
02-18 17:12:32.108 8153 8153 W OnBackInvokedCallback: OnBackInvokedCallback is not enabled for the
application.
02-18 17:12:32.108 8153 8153 W OnBackInvokedCallback: Set 'android:enableOnBackInvokedCallback="true"' in
the application manifest.
02-18 17:12:32.131 8153 8153 E ArmVmp : Match on catch block at 0xc3 in for 0x771101b025
02-18 17:12:32.133 8153 8153 E ArmVmp : Match on catch block at 0xc3 in for 0x771101b025
02-18 17:12:32.145 8153 8153 E ArmVmp : Match on catch block at 0xc3 in for 0x771101b025
02-18 17:12:32.149 8153 8153 E ArmVmp : Match on catch block at 0xc3 in for 0x771101b025
02-18 17:12:32.167 8153 8153 E ArmVmp : Match on catch block at 0xc3 in for 0x771101b025
02-18 17:12:32.169 8153 8153 E ArmVmp : Match on catch block at 0xc3 in for 0x771101b025
02-18 17:12:32.174 8153 8153 E ArmVmp : Match on catch block at 0xc3 in for 0x771101b025
02-18 17:12:32.177 8153 8153 E ArmVmp : Match on catch block at 0xc3 in for 0x771101b025
02-18 17:12:32.188 8153 8153 E ArmVmp : Match on catch block at 0xc3 in for 0x771101b025
02-18 17:12:32.193 8153 8153 E ArmVmp : Match on catch block at 0xc3 in for 0x771101b025
02-18 17:12:32.206 8153 8153 E ArmVmp : Match on catch block at 0xc3 in for 0x771101b025
02-18 17:12:32.208 8153 8153 E ArmVmp : Match on catch block at 0xc3 in for 0x771101b025
02-18 17:12:32.222 8153 8153 E ArmVmp : Match on catch block at 0xc3 in for 0x771101b025
02-18 17:12:32.225 8153 8153 E ArmVmp : Match on catch block at 0xc3 in for 0x771101b025
02-18 17:12:32.253 8153 8153 W OnBackInvokedCallback: OnBackInvokedCallback is not enabled for the
application.
02-18 17:12:32.253 8153 8153 W OnBackInvokedCallback: Set 'android:enableOnBackInvokedCallback="true"' in
the application manifest.
02-18 17:12:32.280 8153 8153 E ArmVmp : Match on catch block at 0xc3 in for 0x771101b025
02-18 17:12:32.284 8153 8153 E ArmVmp : Match on catch block at 0xc3 in for 0x771101b025
02-18 17:12:32.292 8153 8153 E ArmVmp : Match on catch block at 0xc3 in for 0x771101b025
02-18 17:12:32.295 8153 8153 E ArmVmp : Match on catch block at 0xc3 in for 0x771101b025
02-18 17:12:32.621 8153 8153 E ArmVmp : Match on catch block at 0xc3 in for 0x771101b025
02-18 17:12:32.624 8153 8153 E ArmVmp : Match on catch block at 0xc3 in f catch block at 0xc3 in for
0x771101b025
02-18 17:12:32.295 8153 8153 E ArmVmp : Match on catch block at 0xc3 in for 0x771101b025
02-18 17:12:32.621 8153 8153 E ArmVmp : Match on catch block at 0xc3 in for 0x771101b025
02-18 17:12:32.624 8153 8153 E ArmVmp : Match on catch block at 0xc3 in for 0x771101b025
02-18 17:12:32.804 8153 8153 E ArmVmp : Match on catch block at 0xc3 in for 0x771101b025
02-18 17:12:32.807 8153 8153 E ArmVmp : Match on catch block at 0xc3 in for 0x771101b025
02-18 17:12:32.821 8153 8153 E ArmVmp : Match on catch block at 0xc3 in for 0x771101b025
02-18 17:12:32.825 8153 8153 E ArmVmp : Match on catch block at 0xc3 in for 0x771101b025
02-18 17:12:32.839 8153 8153 E ArmVmp : Match on catch block at 0xc3 in for 0x771101b025
02-18 17:12:32.842 8153 8153 E ArmVmp : Match on catch block at 0xc3 in for 0x771101b025
02-18 17:12:32.854 8153 8153 E ArmVmp : Match on catch block at 0xc3 in for 0x771101b025
02-18 17:12:32.856 8153 8153 E ArmVmp : Match on catch block at 0xc3 in for 0x771101b025
02-18 17:12:32.871 8153 8153 E ArmVmp : Match on catch block at 0xc3 in for 0x771101b025
02-18 17:12:32.873 8153 8153 E ArmVmp : Match on catch block at 0xc3 in for 0x771101b025
02-18 17:12:32.887 8153 8153 E ArmVmp : Match on catch block at 0xc3 in for 0x771101b025
02-18 17:12:32.890 8153 8153 E ArmVmp : Match on catch block at 0xc3 in for 0x771101b025
02-18 17:12:32.904 8153 8153 E ArmVmp : Match on catch block at 0xc3 in for 0x771101b025
02-18 17:12:32.906 8153 8153 E ArmVmp : Match on catch block at 0xc3 in for 0x771101b025
02-18 17:12:32.921 8153 8153 E ArmVmp : Match on catch block at 0xc3 in for 0x771101b025
02-18 17:12:32.923 8153 8153 E ArmVmp : Match on catch block at 0xc3 in for 0x771101b025
02-18 17:12:32.937 8153 8153 E ArmVmp : Match on catch block at 0xc3 in for 0x771101b025
02-18 17:12:32.939 8153 8153 E ArmVmp : Match on catch block at 0xc3 in for 0x771101b025
02-18 17:12:32.954 8153 8153 E ArmVmp : Match on catch block at 0xc3 in for 0x771101b025
02-18 17:12:32.956 8153 8153 E ArmVmp : Match on catch block at 0xc3 in for 0x771101b025
02-18 17:12:32.970 8153 8153 E ArmVmp : Match on catch block at 0xc3 in for 0x771101b025
02-18 17:12:32.973 8153 8153 E ArmVmp : Match on catch block at 0xc3 in for 0x771101b025
02-18 17:12:32.987 8153 8153 E ArmVmp : Match on catch block at 0xc3 in for 0x771101b025
02-18 17:12:32.989 8153 8153 E ArmVmp : Match on catch block at 0xc3 in for 0x771101b025
02-18 17:12:33.004 8153 8153 E ArmVmp : Match on catch block at 0xc3 in for 0x771101b025
02-18 17:12:33.006 8153 8153 E ArmVmp : Match on catch block at 0xc3 in for 0x771101b025
02-18 17:12:33.020 8153 8153 E ArmVmp : Match on catch block at 0xc3 in for 0x771101b025
02-18 17:12:33.023 8153 8153 E ArmVmp : Match on catch block at 0xc3 in for 0x771101b025
02-18 17:12:33.037 8153 8153 E ArmVmp : Match on catch block at 0xc3 in for 0x771101b025
02-18 17:12:33.039 8153 8153 E ArmVmp : Match on catch block at 0xc3 in for 0x771101b025
02-18 17:12:33.054 8153 8153 E ArmVmp : Match on catch block at 0xc3 in for 0x771101b025
02-18 17:12:33.056 8153 8153 E ArmVmp : Match on catch block at 0xc3 in for 0x771101b025
02-18 17:12:33.071 8153 8153 E ArmVmp : Match on catch block at 0xc3 in for 0x771101b025
02-18 17:12:33.074 8153 8153 E ArmVmp : Match on catch block at 0xc3 in for 0x771101b025
02-18 17:12:33.087 8153 8153 E ArmVmp : Match on catch block at 0xc3 in for 0x771101b025
02-18 17:12:33.089 8153 8153 E ArmVmp : Match on catch block at 0xc3 in for 0x771101b025
02-18 17:12:33.105 8153 8153 E ArmVmp : Match on catch block at 0xc3 in for 0x771101b025
02-18 17:12:33.109 8153 8153 E ArmVmp : Match on catch block at 0xc3 in for 0x771101b025
02-18 17:12:33.129 8153 8153 E ArmVmp : Match on catch block at 0xc3 in for 0x771101b025
02-18 17:12:33.134 8153 8153 E ArmVmp : Match on catch block at 0xc3 in for 0x771101b025
02-18 17:12:33.141 8153 8153 E ArmVmp : Match on catch block at 0xc3 in for 0x771101b025
02-18 1or 0x771101b025
02-18 17:12:32.804 8153 8153 E ArmVmp : Match on catch block at 0xc3 in for 0x771101b025
02-18 17:12:32.807 8153 8153 E ArmVmp : Match on catch block at 0xc3 in for 0x771101b025
02-18 17:12:32.821 8153 8153 E ArmVmp : Match on catch block at 0xc3 in for 0x771101b025
02-18 17:12:32.825 8153 8153 E ArmVmp : Match on catch block at 0xc3 in for 0x771101b025
02-18 17:12:32.839 8153 8153 E ArmVmp : Match on catch block at 0xc3 in for 0x771101b025
02-18 17:12:32.842 8153 8153 E ArmVmp : Match on catch block at 0xc3 in for 0x771101b025
02-18 17:12:32.854 8153 8153 E ArmVmp : Match on catch block at 0xc3 in for 0x771101b025
02-18 17:12:32.856 8153 8153 E ArmVmp : Match on catch block at 0xc3 in for 0x771101b025
02-18 17:12:32.871 8153 8153 E ArmVmp : Match on catch block at 0xc3 in for 0x771101b025
02-18 17:12:32.873 8153 8153 E ArmVmp : Match on catch block at 0xc3 in for 0x771101b025
02-18 17:12:32.887 8153 8153 E ArmVmp : Match on catch block at 0xc3 in for 0x771101b025
02-18 17:12:32.890 8153 8153 E ArmVmp : Match on catch block at 0xc3 in for 0x771101b025
02-18 17:12:32.904 8153 8153 E ArmVmp : Match on catch block at 0xc3 in for 0x771101b025
02-18 17:12:32.906 8153 8153 E ArmVmp : Match on catch block at 0xc3 in for 0x771101b025
02-18 17:12:32.921 8153 8153 E ArmVmp : Match on catch block at 0xc3 in for 0x771101b025
02-18 17:12:32.923 8153 8153 E ArmVmp : Match on catch block at 0xc3 in for 0x771101b025
02-18 17:12:32.937 8153 8153 E ArmVmp : Match on catch block at 0xc3 in for 0x771101b025
02-18 17:12:32.939 8153 8153 E ArmVmp : Match on catch block at 0xc3 in for 0x771101b025
02-18 17:12:32.954 8153 8153 E ArmVmp : Match on catch block at 0xc3 in for 0x771101b025
02-18 17:12:32.956 8153 8153 E ArmVmp : Match on catch block at 0xc3 in for 0x771101b025
02-18 17:12:32.970 8153 8153 E ArmVmp : Match on catch block at 0xc3 in for 0x771101b025
02-18 17:12:32.973 8153 8153 E ArmVmp : Match on catch block at 0xc3 in for 0x771101b025
02-18 17:12:32.987 8153 8153 E ArmVmp : Match on catch block at 0xc3 in for 0x771101b025
02-18 17:12:32.989 8153 8153 E ArmVmp : Match on catch block at 0xc3 in for 0x771101b025
02-18 17:12:33.004 8153 8153 E ArmVmp : Match on catch block at 0xc3 in for 0x771101b025
02-18 17:12:33.006 8153 8153 E ArmVmp : Match on catch block at 0xc3 in for 0x771101b025
02-18 17:12:33.020 8153 8153 E ArmVmp : Match on catch block at 0xc3 in for 0x771101b025
02-18 17:12:33.023 8153 8153 E ArmVmp : Match on catch block at 0xc3 in for 0x771101b025
02-18 17:12:33.037 8153 8153 E ArmVmp : Match on catch block at 0xc3 in for 0x771101b025
02-18 17:12:33.039 8153 8153 E ArmVmp : Match on catch block at 0xc3 in for 0x771101b025
02-18 17:12:33.054 8153 8153 E ArmVmp : Match on catch block at 0xc3 in for 0x771101b025
02-18 17:12:33.056 8153 8153 E ArmVmp : Match on catch block at 0xc3 in for 0x771101b025
02-18 17:12:33.071 8153 8153 E ArmVmp : Match on catch block at 0xc3 in for 0x771101b025
02-18 17:12:33.074 8153 8153 E ArmVmp : Match on catch block at 0xc3 in for 0x771101b025
02-18 17:12:33.087 8153 8153 E ArmVmp : Match on catch block at 0xc3 in for 0x771101b025
02-18 17:12:33.089 8153 8153 E ArmVmp : Match on catch block at 0xc3 in for 0x771101b025
02-18 17:12:33.105 8153 8153 E ArmVmp : Match on catch block at 0xc3 in for 0x771101b025
02-18 17:12:33.109 8153 8153 E ArmVmp : Match on catch block at 0xc3 in for 0x771101b025
02-18 17:12:33.129 8153 8153 E ArmVmp : Match on catch block at 0xc3 in for 0x771101b025
02-18 17:12:33.134 8153 8153 E ArmVmp : Match on catch block at 0xc3 in for 0x771101b025
02-18 17:12:33.141 8153 8153 E ArmVmp : Match on catch block at 0xc3 in for 0x771101b025
02-18 17:12:33.143 8153 8153 E ArmVmp : Match on catch block at 0xc3 in for 0x771101b025
02-18 17:12:33.535 8153 8153 E ArmVmp : Match on catch block at 0xc3 in for 0x771101b025
02-18 17:12:33.538 8153 8153 E ArmVmp : Match on catch block at 0xc3 in for 0x771101b025
02-18 17:12:33.554 8153 8153 E7:12:33.143 8153 8153 E ArmVmp : Match on catch block at 0xc3 in for
0x771101b025
02-18 17:12:33.535 8153 8153 E ArmVmp : Match on catch block at 0xc3 in for 0x771101b025
02-18 17:12:33.538 8153 8153 E ArmVmp : Match on catch block at 0xc3 in for 0x771101b025
02-18 17:12:33.554 8153 8153 E ArmVmp : Match on catch block at 0xc3 in for 0x771101b025
02-18 17:12:33.556 8153 8153 E ArmVmp : Match on catch block at 0xc3 in for 0x771101b025
02-18 17:12:33.570 8153 8153 E ArmVmp : Match on catch block at 0xc3 in for 0x771101b025
02-18 17:12:33.573 8153 8153 E ArmVmp : Match on catch block at 0xc3 in for 0x771101b025
02-18 17:12:34.037 8153 8153 E ArmVmp : Match on catch block at 0xc3 in for 0x771101b025
02-18 17:12:34.041 8153 8153 E ArmVmp : Match on catch block at 0xc3 in for 0x771101b025
02-18 17:12:34.337 8153 8153 E ArmVmp : Match on catch block at 0xc3 in for 0x771101b025
02-18 17:12:34.339 8153 8153 E ArmVmp : Match on catch block at 0xc3 in for 0x771101b025
02-18 17:12:34.551 8153 8153 E ArmVmp : Match on catch block at 0xc3 in for 0x771101b025
02-18 17:12:34.557 8153 8153 E ArmVmp : Match on catch block at 0xc3 in for 0x771101b025
02-18 17:12:34.567 8153 8153 E ArmVmp : Match on catch block at 0xc3 in for 0x771101b025
02-18 17:12:34.573 8153 8153 E ArmVmp : Match on catch block at 0xc3 in for 0x771101b025
02-18 17:12:34.618 8153 8153 E ArmVmp : Match on catch block at 0xc3 in for 0x771101b025
02-18 17:12:34.625 8153 8153 E ArmVmp : Match on catch block at 0xc3 in for 0x771101b025
02-18 17:12:34.657 8153 8153 E ArmVmp : Match on catch block at 0xc3 in for 0x771101b025
02-18 17:12:34.659 8153 8153 E ArmVmp : Match on catch block at 0xc3 in for 0x771101b025
02-18 17:12:35.029 8153 8153 E ArmVmp : Match on catch block at 0xc3 in for 0x771101b025
02-18 17:12:35.033 8153 8153 E ArmVmp : Match on catch block at 0xc3 in for 0x771101b025
02-18 17:12:35.496 8153 8153 E ArmVmp : Match on catch block at 0x0a in for 0x771101b035
02-18 17:12:35.500 8153 8153 E ArmVmp : Match on catch block at 0x0a in for 0x771101b035
02-18 17:12:35.593 8153 8153 E ArmVmp : Match on catch block at 0xc3 in for 0x771101b021
02-18 17:12:35.595 8153 8153 E ArmVmp : Match on catch block at 0xc3 in for 0x771101b021
02-18 17:12:35.604 8153 8321 W Parcel : Expecting binder but got null!
02-18 17:12:35.641 8153 8153 E ArmVmp : Match on catch block at 0xc3 in for 0x771101b025
02-18 17:12:35.643 8153 8153 E ArmVmp : Match on catch block at 0xc3 in for 0x771101b025
02-18 17:12:35.660 8153 8153 E ArmVmp : Match on catch block at 0xc3 in for 0x771101b025
02-18 17:12:35.662 8153 8153 E ArmVmp : Match on catch block at 0xc3 in for 0x771101b025
02-18 17:12:35.673 8153 8153 E ArmVmp : Match on catch block at 0xc3 in for 0x771101b025
02-18 17:12:35.675 8153 8153 E ArmVmp : Match on catch block at 0xc3 in for 0x771101b025
02-18 17:12:35.685 8153 8153 E ArmVmp : Match on catch block at 0xc3 in for 0x771101b025
02-18 17:12:35.687 8153 8153 E ArmVmp : Match on catch block at 0xc3 in for 0x771101b025
02-18 17:12:35.702 8153 8153 E ArmVmp : Match on catch block at 0xc3 in for 0x771101b025
02-18 17:12:35.703 8153 8153 E ArmVmp : Match on catch block at 0xc3 in for 0x771101b025
02-18 17:12:35.718 8153 8153 E ArmVmp : Match on catch block at 0xc3 in for 0x771101b025
02-18 17:12:35.720 8153 8153 E ArmVmp : Match on catch block at 0xc3 in for 0x771101b025
02-18 17:12:35.739 8153 8153 E ArmVmp : Match on catch block at 0xc3 in for 0x771101b025
02-18 17:12:35.741 8153 8153 E ArmVmp : Match on catch block at 0xc3 in for 0x771101b025
02-18 17:12:35.753 8153 8153 E ArmVmp : Match on catch block at 0xc3 in for 0x771101b025
02-18 17:12:35.756 8153 8153 E ArmVmp : Match on catch block at 0xc3 in for 0x771101b025
02-18 17:12:35.769 8153 8153 E ArmVmp : Match on catch block at 0xc3 in for 0x771101b025
02-18 17:12:35.772 8153 8153 E ArmVmp : Match on catch block at 0xc3 in for 0x771101b025
02-18 17:12:35.785 8153 8153 E ArmVmp : Match on catch block at 0xc3 i ArmVmp : Match on catch block at
0xc3 in for 0x771101b025
02-18 17:12:33.556 8153 8153 E ArmVmp : Match on catch block at 0xc3 in for 0x771101b025
02-18 17:12:33.570 8153 8153 E ArmVmp : Match on catch block at 0xc3 in for 0x771101b025
02-18 17:12:33.573 8153 8153 E ArmVmp : Match on catch block at 0xc3 in for 0x771101b025
02-18 17:12:34.037 8153 8153 E ArmVmp : Match on catch block at 0xc3 in for 0x771101b025
02-18 17:12:34.041 8153 8153 E ArmVmp : Match on catch block at 0xc3 in for 0x771101b025
02-18 17:12:34.337 8153 8153 E ArmVmp : Match on catch block at 0xc3 in for 0x771101b025
02-18 17:12:34.339 8153 8153 E ArmVmp : Match on catch block at 0xc3 in for 0x771101b025
02-18 17:12:34.551 8153 8153 E ArmVmp : Match on catch block at 0xc3 in for 0x771101b025
02-18 17:12:34.557 8153 8153 E ArmVmp : Match on catch block at 0xc3 in for 0x771101b025
02-18 17:12:34.567 8153 8153 E ArmVmp : Match on catch block at 0xc3 in for 0x771101b025
02-18 17:12:34.573 8153 8153 E ArmVmp : Match on catch block at 0xc3 in for 0x771101b025
02-18 17:12:34.618 8153 8153 E ArmVmp : Match on catch block at 0xc3 in for 0x771101b025
02-18 17:12:34.625 8153 8153 E ArmVmp : Match on catch block at 0xc3 in for 0x771101b025
02-18 17:12:34.657 8153 8153 E ArmVmp : Match on catch block at 0xc3 in for 0x771101b025
02-18 17:12:34.659 8153 8153 E ArmVmp : Match on catch block at 0xc3 in for 0x771101b025
02-18 17:12:35.029 8153 8153 E ArmVmp : Match on catch block at 0xc3 in for 0x771101b025
02-18 17:12:35.033 8153 8153 E ArmVmp : Match on catch block at 0xc3 in for 0x771101b025
02-18 17:12:35.496 8153 8153 E ArmVmp : Match on catch block at 0x0a in for 0x771101b035
02-18 17:12:35.500 8153 8153 E ArmVmp : Match on catch block at 0x0a in for 0x771101b035
02-18 17:12:35.593 8153 8153 E ArmVmp : Match on catch block at 0xc3 in for 0x771101b021
02-18 17:12:35.595 8153 8153 E ArmVmp : Match on catch block at 0xc3 in for 0x771101b021
02-18 17:12:35.604 8153 8321 W Parcel : Expecting binder but got null!
02-18 17:12:35.641 8153 8153 E ArmVmp : Match on catch block at 0xc3 in for 0x771101b025
02-18 17:12:35.643 8153 8153 E ArmVmp : Match on catch block at 0xc3 in for 0x771101b025
02-18 17:12:35.660 8153 8153 E ArmVmp : Match on catch block at 0xc3 in for 0x771101b025
02-18 17:12:35.662 8153 8153 E ArmVmp : Match on catch block at 0xc3 in for 0x771101b025
02-18 17:12:35.673 8153 8153 E ArmVmp : Match on catch block at 0xc3 in for 0x771101b025
02-18 17:12:35.675 8153 8153 E ArmVmp : Match on catch block at 0xc3 in for 0x771101b025
02-18 17:12:35.685 8153 8153 E ArmVmp : Match on catch block at 0xc3 in for 0x771101b025
02-18 17:12:35.687 8153 8153 E ArmVmp : Match on catch block at 0xc3 in for 0x771101b025
02-18 17:12:35.702 8153 8153 E ArmVmp : Match on catch block at 0xc3 in for 0x771101b025
02-18 17:12:35.703 8153 8153 E ArmVmp : Match on catch block at 0xc3 in for 0x771101b025
02-18 17:12:35.718 8153 8153 E ArmVmp : Match on catch block at 0xc3 in for 0x771101b025
02-18 17:12:35.720 8153 8153 E ArmVmp : Match on catch block at 0xc3 in for 0x771101b025
02-18 17:12:35.739 8153 8153 E ArmVmp : Match on catch block at 0xc3 in for 0x771101b025
02-18 17:12:35.741 8153 8153 E ArmVmp : Match on catch block at 0xc3 in for 0x771101b025
02-18 17:12:35.753 8153 8153 E ArmVmp : Match on catch block at 0xc3 in for 0x771101b025
02-18 17:12:35.756 8153 8153 E ArmVmp : Match on catch block at 0xc3 in for 0x771101b025
02-18 17:12:35.769 8153 8153 E ArmVmp : Match on catch block at 0xc3 in for 0x771101b025
02-18 17:12:35.772 8153 8153 E ArmVmp : Match on catch block at 0xc3 in for 0x771101b025
02-18 17:12:35.785 8153 8153 E ArmVmp : Match on catch block at 0xc3 in for 0x771101b025
02-18 17:12:35.787 8153 8153 E ArmVmp : Match on catch block at 0xc3 in for 0x771101b025
02-18 17:12:35.802 8153 8153 E ArmVmp : Match on catch block at 0xc3 in for 0x771101b025
02-18 17:12:35.805 8153 8153 E ArmVmp : Match on catch block at 0xc3 in for 0x771101b025
02-18 n for 0x771101b025
02-18 17:12:35.787 8153 8153 E ArmVmp : Match on catch block at 0xc3 in for 0x771101b025
02-18 17:12:35.802 8153 8153 E ArmVmp : Match on catch block at 0xc3 in for 0x771101b025
02-18 17:12:35.805 8153 8153 E ArmVmp : Match on catch block at 0xc3 in for 0x771101b025
02-18 17:12:35.818 8153 8153 E ArmVmp : Match on catch block at 0xc3 in for 0x771101b025
02-18 17:12:35.822 8153 8153 E ArmVmp : Match on catch block at 0xc3 in for 0x771101b025
02-18 17:12:35.835 8153 8153 E ArmVmp : Match on catch block at 0xc3 in for 0x771101b025
02-18 17:12:35.840 8153 8153 E ArmVmp : Match on catch block at 0xc3 in for 0x771101b025
02-18 17:12:36.236 8153 8153 E ArmVmp : Match on catch block at 0xc3 in for 0x771101b025
02-18 17:12:36.239 8153 8153 E ArmVmp : Match on catch block at 0xc3 in for 0x771101b025
02-18 17:12:36.334 8153 8153 E ArmVmp : Match on catch block at 0xc3 in for 0x771101b025
02-18 17:12:36.337 8153 8153 E ArmVmp : Match on catch block at 0xc3 in for 0x771101b025
02-18 17:12:36.356 8153 8153 E ArmVmp : Match on catch block at 0xc3 in for 0x771101b025
02-18 17:12:36.358 8153 8153 E ArmVmp : Match on catch block at 0xc3 in for 0x771101b025
02-18 17:12:36.366 8153 8321 E FrameEvents: updateAcquireFence: Did not find frame.
02-18 17:12:36.379 8153 8153 E ArmVmp : Match on catch block at 0xc3 in for 0x771101b025
02-18 17:12:36.382 8153 8153 E ArmVmp : Match on catch block at 0xc3 in for 0x771101b025
02-18 17:12:36.452 8153 8153 W ResourceType: Bad XML block: header size 18254 or total size 169478669 is
larger than data size 380
02-18 17:12:36.454 8153 8153 W ResourceType: Bad XML block: header size 18254 or total size 169478669 is
larger than data size 633
02-18 17:12:36.461 8153 8153 W ResourceType: Bad XML block: header size 18254 or total size 169478669 is
larger than data size 677
02-18 17:12:36.463 8153 8153 W ResourceType: Bad XML block: header size 18254 or total size 169478669 is
larger than data size 248
02-18 17:12:36.484 8153 8153 W ResourceType: Bad XML block: header size 18254 or total size 169478669 is
larger than data size 571
02-18 17:12:36.489 8153 8153 W ResourceType: Bad XML block: header size 18254 or total size 169478669 is
larger than data size 333
02-18 17:12:36.492 8153 8153 W ResourceType: Bad XML block: header size 18254 or total size 169478669 is
larger than data size 650
02-18 17:12:36.495 8153 8153 W ResourceType: Bad XML block: header size 18254 or total size 169478669 is
larger than data size 1150
02-18 17:12:36.498 8153 8153 W ResourceType: Bad XML block: header size 18254 or total size 169478669 is
larger than data size 491
02-18 17:12:36.525 8153 8153 W ResourceType: Bad XML block: header size 18254 or total size 169478669 is
larger than data size 1150
02-18 17:12:36.530 8153 8153 W ResourceType: Bad XML block: header size 18254 or total size 169478669 is
larger than data size 659
02-18 17:12:36.533 8153 8153 W ResourceType: Bad XML block: header size 18254 or total size 169478669 is
larger than data size 593
02-18 17:12:36.542 8153 8153 W ResourceType: Bad XML block: header size 18254 or total size 169478669 is
larger than data size 1171
02-18 17:12:36.546 8153 8153 W ResourceType: Bad XML block: header size 18254 or total size 169478669 is
larger than data size 510
02-18 17:12:36.567 8153 8153 W ResourceType: Bad XML block: header size 18254 or total size 169478669 is
larger than data size 853
02-18 17:12:36.620 8153 8153 W ResourceType: Bad XML block: header size 18254 or total size 169478669 is
larger than data size 650
02-18 17:12:36.633 8153 8153 E ArmVmp : Match on catch block at 0xc3 in for 0x771101b025
02-18 17:12:36.636 8153 8153 E ArmVmp : Match on catch block at 0xc3 in for 0x771101b025
02-18 17:12:36.655 8153 8153 W View : requestLayout() improperly called by android.widget.Space{7feca95
I.ED..... ......I. 30,90-40,100 #7f0b00ba app:id/action_tile_spacing} during layout: running second layout pass
02-18 17:12:36.655 8153 8153 W View : requestLayout() improperly calle17:12:35.818 8153 8153 E ArmVmp :
Match on catch block at 0xc3 in for 0x771101b025
02-18 17:12:35.822 8153 8153 E ArmVmp : Match on catch block at 0xc3 in for 0x771101b025
02-18 17:12:35.835 8153 8153 E ArmVmp : Match on catch block at 0xc3 in for 0x771101b025
02-18 17:12:35.840 8153 8153 E ArmVmp : Match on catch block at 0xc3 in for 0x771101b025
02-18 17:12:36.236 8153 8153 E ArmVmp : Match on catch block at 0xc3 in for 0x771101b025
02-18 17:12:36.239 8153 8153 E ArmVmp : Match on catch block at 0xc3 in for 0x771101b025
02-18 17:12:36.334 8153 8153 E ArmVmp : Match on catch block at 0xc3 in for 0x771101b025
02-18 17:12:36.337 8153 8153 E ArmVmp : Match on catch block at 0xc3 in for 0x771101b025
02-18 17:12:36.356 8153 8153 E ArmVmp : Match on catch block at 0xc3 in for 0x771101b025
02-18 17:12:36.358 8153 8153 E ArmVmp : Match on catch block at 0xc3 in for 0x771101b025
02-18 17:12:36.366 8153 8321 E FrameEvents: updateAcquireFence: Did not find frame.
02-18 17:12:36.379 8153 8153 E ArmVmp : Match on catch block at 0xc3 in for 0x771101b025
02-18 17:12:36.382 8153 8153 E ArmVmp : Match on catch block at 0xc3 in for 0x771101b025
02-18 17:12:36.452 8153 8153 W ResourceType: Bad XML block: header size 18254 or total size 169478669 is
larger than data size 380
02-18 17:12:36.454 8153 8153 W ResourceType: Bad XML block: header size 18254 or total size 169478669 is
larger than data size 633
02-18 17:12:36.461 8153 8153 W ResourceType: Bad XML block: header size 18254 or total size 169478669 is
larger than data size 677
02-18 17:12:36.463 8153 8153 W ResourceType: Bad XML block: header size 18254 or total size 169478669 is
larger than data size 248
02-18 17:12:36.484 8153 8153 W ResourceType: Bad XML block: header size 18254 or total size 169478669 is
larger than data size 571
02-18 17:12:36.489 8153 8153 W ResourceType: Bad XML block: header size 18254 or total size 169478669 is
larger than data size 333
02-18 17:12:36.492 8153 8153 W ResourceType: Bad XML block: header size 18254 or total size 169478669 is
larger than data size 650
02-18 17:12:36.495 8153 8153 W ResourceType: Bad XML block: header size 18254 or total size 169478669 is
larger than data size 1150
02-18 17:12:36.498 8153 8153 W ResourceType: Bad XML block: header size 18254 or total size 169478669 is
larger than data size 491
02-18 17:12:36.525 8153 8153 W ResourceType: Bad XML block: header size 18254 or total size 169478669 is
larger than data size 1150
02-18 17:12:36.530 8153 8153 W ResourceType: Bad XML block: header size 18254 or total size 169478669 is
larger than data size 659
02-18 17:12:36.533 8153 8153 W ResourceType: Bad XML block: header size 18254 or total size 169478669 is
larger than data size 593
02-18 17:12:36.542 8153 8153 W ResourceType: Bad XML block: header size 18254 or total size 169478669 is
larger than data size 1171
02-18 17:12:36.546 8153 8153 W ResourceType: Bad XML block: header size 18254 or total size 169478669 is
larger than data size 510
02-18 17:12:36.567 8153 8153 W ResourceType: Bad XML block: header size 18254 or total size 169478669 is
larger than data size 853
02-18 17:12:36.620 8153 8153 W ResourceType: Bad XML block: header size 18254 or total size 169478669 is
larger than data size 650
02-18 17:12:36.633 8153 8153 E ArmVmp : Match on catch block at 0xc3 in for 0x771101b025
02-18 17:12:36.636 8153 8153 E ArmVmp : Match on catch block at 0xc3 in for 0x771101b025
02-18 17:12:36.655 8153 8153 W View : requestLayout() improperly called by android.widget.Space{7feca95
I.ED..... ......I. 30,90-40,100 #7f0b00ba app:id/action_tile_spacing} during layout: running second layout pass
02-18 17:12:36.655 8153 8153 W View : requestLayout() improperly called by android.widget.Space{d73d7aa
I.ED..... ......I. 30,90-40,100 #7f0b00ba app:id/action_tile_spacing} during layout: running second layout pass
02-18 17:12:36.655 8153 8153 W View : requestLayout() improperly called by android.widget.Space{d84cf9b
I.ED..... ......I. 30,90-40,100 #7f0b00ba app:d by android.widget.Space{d73d7aa I.ED..... ......I. 30,90-40,100
#7f0b00ba app:id/action_tile_spacing} during layout: running second layout pass
02-18 17:12:36.655 8153 8153 W View : requestLayout() improperly called by android.widget.Space{d84cf9b
I.ED..... ......I. 30,90-40,100 #7f0b00ba app:id/action_tile_spacing} during layout: running second layout pass
02-18 17:12:36.655 8153 8153 W View : requestLayout() improperly called by android.widget.Space{5afcf38
I.ED..... ......I. 30,90-40,100 #7f0b00ba app:id/action_tile_spacing} during layout: running second layout pass
02-18 17:12:36.666 8153 8153 E ArmVmp : Match on catch block at 0xc3 in for 0x771101b025
02-18 17:12:36.669 8153 8153 E ArmVmp : Match on catch block at 0xc3 in for 0x771101b025
02-18 17:12:36.694 8153 8153 E ArmVmp : Match on catch block at 0xc3 in for 0x771101b025
02-18 17:12:36.696 8153 8153 E ArmVmp : Match on catch block at 0xc3 in for 0x771101b025
02-18 17:12:36.721 8153 8321 W Parcel : Expecting binder but got null!
02-18 17:12:36.723 8153 8153 E ArmVmp : Match on catch block at 0xc3 in for 0x771101b025
02-18 17:12:36.725 8153 8153 E ArmVmp : Match on catch block at 0xc3 in for 0x771101b025
02-18 17:12:36.731 8153 8153 E ArmVmp : Match on catch block at 0xc3 in for 0x771101b025
02-18 17:12:36.736 8153 8153 E ArmVmp : Match on catch block at 0xc3 in for 0x771101b025
02-18 17:12:36.746 8153 8153 E ArmVmp : Match on catch block at 0xc3 in for 0x771101b025
02-18 17:12:36.748 8153 8153 E ArmVmp : Match on catch block at 0xc3 in for 0x771101b025
02-18 17:12:36.754 8153 8153 E ArmVmp : Match on catch block at 0xc3 in for 0x771101b025
02-18 17:12:36.756 8153 8153 E ArmVmp : Match on catch block at 0xc3 in for 0x771101b025
02-18 17:12:36.769 8153 8153 E ArmVmp : Match on catch block at 0xc3 in for 0x771101b025
02-18 17:12:36.772 8153 8153 E ArmVmp : Match on catch block at 0xc3 in for 0x771101b025
02-18 17:12:36.786 8153 8153 E ArmVmp : Match on catch block at 0xc3 in for 0x771101b025
02-18 17:12:36.789 8153 8153 E ArmVmp : Match on catch block at 0xc3 in for 0x771101b025
02-18 17:12:36.800 8153 8153 E ArmVmp : Match on catch block at 0xc3 in for 0x771101b025
02-18 17:12:36.803 8153 8153 E ArmVmp : Match on catch block at 0xc3 in for 0x771101b025
02-18 17:12:37.997 8153 8321 W Parcel : Expecting binder but got null!
02-18 17:12:38.073 8153 8321 W Parcel : Expecting binder but got null!
02-18 17:12:40.875 8153 8153 W com.mbwhatsapp: type=1400 audit(0.0:28702): avc: granted { execute } for
c o m m = 4 8 6 9 6 7 6 8 2 0 5 0 7 2 6 9 2 0 5 7 6 F 7 2 6 B 6 5 7 2
path="/data/data/com.mbwhatsapp/files/decompressed/libs.spk.zst/libaom.so" dev="dm-46" ino=221398
scontext=u:r:untrusted_app:s0:c215,c256,c512,c768 tcontext=u:object_r:app_data_file:s0:c215,c256,c512,c768
tclass=file app=com.mbwhatsapp
02-18 17:12:40.923 8153 8153 W AidlConversion: aidl2legacy_AudioChannelLayout_audio_channel_mask_t: no
legacy output audio_channel_mask_t found for AudioChannelLayout{layoutMask: 16}
02-18 17:12:40.929 8153 9838 W AudioManager: Use of stream types is deprecated for operations other than
volume control
02-18 17:12:40.929 8153 9838 W AudioManager: See the documentation of requestAudioFocus() for what to use
instead with android.media.AudioAttributes to qualify your playback use case
02-18 17:12:40.930 8153 8153 W SoundPool: Use of stream types is deprecated for operations other than volume
control
02-18 17:12:40.930 8153 8153 W SoundPool: See the documentation of SoundPool() for what to use instead with
android.media.AudioAttributes to qualify your playback use case
02-18 17:12:40.957 8153 9843 W Codec2Client: query -- param skipped: index = 1107298332.
02-18 17:12:40.960 8153 9843 W Codec2Client: query -- param skipped: index = 1342179345.
02-18 17:12:40.961 8153 9843 W Codec2Client: query -- param skipped: index = 2415921170.
02-18 17:12:40.962 8153 9842 W Codec2Client: query -- param skipped: index = 1107298332.
02-18 17:12:40.963 8153 9842 W Codec2Client: query -- param skipped: index = 1342179345.
02-18 17:12:id/action_tile_spacing} during layout: running second layout pass
02-18 17:12:36.655 8153 8153 W View : requestLayout() improperly called by android.widget.Space{5afcf38
I.ED..... ......I. 30,90-40,100 #7f0b00ba app:id/action_tile_spacing} during layout: running second layout pass
02-18 17:12:36.666 8153 8153 E ArmVmp : Match on catch block at 0xc3 in for 0x771101b025
02-18 17:12:36.669 8153 8153 E ArmVmp : Match on catch block at 0xc3 in for 0x771101b025
02-18 17:12:36.694 8153 8153 E ArmVmp : Match on catch block at 0xc3 in for 0x771101b025
02-18 17:12:36.696 8153 8153 E ArmVmp : Match on catch block at 0xc3 in for 0x771101b025
02-18 17:12:36.721 8153 8321 W Parcel : Expecting binder but got null!
02-18 17:12:36.723 8153 8153 E ArmVmp : Match on catch block at 0xc3 in for 0x771101b025
02-18 17:12:36.725 8153 8153 E ArmVmp : Match on catch block at 0xc3 in for 0x771101b025
02-18 17:12:36.731 8153 8153 E ArmVmp : Match on catch block at 0xc3 in for 0x771101b025
02-18 17:12:36.736 8153 8153 E ArmVmp : Match on catch block at 0xc3 in for 0x771101b025
02-18 17:12:36.746 8153 8153 E ArmVmp : Match on catch block at 0xc3 in for 0x771101b025
02-18 17:12:36.748 8153 8153 E ArmVmp : Match on catch block at 0xc3 in for 0x771101b025
02-18 17:12:36.754 8153 8153 E ArmVmp : Match on catch block at 0xc3 in for 0x771101b025
02-18 17:12:36.756 8153 8153 E ArmVmp : Match on catch block at 0xc3 in for 0x771101b025
02-18 17:12:36.769 8153 8153 E ArmVmp : Match on catch block at 0xc3 in for 0x771101b025
02-18 17:12:36.772 8153 8153 E ArmVmp : Match on catch block at 0xc3 in for 0x771101b025
02-18 17:12:36.786 8153 8153 E ArmVmp : Match on catch block at 0xc3 in for 0x771101b025
02-18 17:12:36.789 8153 8153 E ArmVmp : Match on catch block at 0xc3 in for 0x771101b025
02-18 17:12:36.800 8153 8153 E ArmVmp : Match on catch block at 0xc3 in for 0x771101b025
02-18 17:12:36.803 8153 8153 E ArmVmp : Match on catch block at 0xc3 in for 0x771101b025
02-18 17:12:37.997 8153 8321 W Parcel : Expecting binder but got null!
02-18 17:12:38.073 8153 8321 W Parcel : Expecting binder but got null!
02-18 17:12:40.875 8153 8153 W com.mbwhatsapp: type=1400 audit(0.0:28702): avc: granted { execute } for
c o m m = 4 8 6 9 6 7 6 8 2 0 5 0 7 2 6 9 2 0 5 7 6 F 7 2 6 B 6 5 7 2
path="/data/data/com.mbwhatsapp/files/decompressed/libs.spk.zst/libaom.so" dev="dm-46" ino=221398
scontext=u:r:untrusted_app:s0:c215,c256,c512,c768 tcontext=u:object_r:app_data_file:s0:c215,c256,c512,c768
tclass=file app=com.mbwhatsapp
02-18 17:12:40.923 8153 8153 W AidlConversion: aidl2legacy_AudioChannelLayout_audio_channel_mask_t: no
legacy output audio_channel_mask_t found for AudioChannelLayout{layoutMask: 16}
02-18 17:12:40.929 8153 9838 W AudioManager: Use of stream types is deprecated for operations other than
volume control
02-18 17:12:40.929 8153 9838 W AudioManager: See the documentation of requestAudioFocus() for what to use
instead with android.media.AudioAttributes to qualify your playback use case
02-18 17:12:40.930 8153 8153 W SoundPool: Use of stream types is deprecated for operations other than volume
control
02-18 17:12:40.930 8153 8153 W SoundPool: See the documentation of SoundPool() for what to use instead with
android.media.AudioAttributes to qualify your playback use case
02-18 17:12:40.957 8153 9843 W Codec2Client: query -- param skipped: index = 1107298332.
02-18 17:12:40.960 8153 9843 W Codec2Client: query -- param skipped: index = 1342179345.
02-18 17:12:40.961 8153 9843 W Codec2Client: query -- param skipped: index = 2415921170.
02-18 17:12:40.962 8153 9842 W Codec2Client: query -- param skipped: index = 1107298332.
02-18 17:12:40.963 8153 9842 W Codec2Client: query -- param skipped: index = 1342179345.
02-18 17:12:40.963 8153 9842 W Codec2Client: query -- param skipped: index = 2415921170.
02-18 17:12:41.145 8153 9853 W Codec2Client: query -- param skipped: index = 1107298332.
02-18 17:12:41.149 8153 9853 W Codec2Client: query -- param skipped: index = 1342179345.
02-18 17:12:41.149 8153 9853 W Codec2C40.963 8153 9842 W Codec2Client: query -- param skipped: index =
2415921170.
02-18 17:12:41.145 8153 9853 W Codec2Client: query -- param skipped: index = 1107298332.
02-18 17:12:41.149 8153 9853 W Codec2Client: query -- param skipped: index = 1342179345.
02-18 17:12:41.149 8153 9853 W Codec2Client: query -- param skipped: index = 2415921170.
02-18 17:12:41.186 8153 9857 W Codec2Client: query -- param skipped: index = 1107298332.
02-18 17:12:41.189 8153 9857 W Codec2Client: query -- param skipped: index = 1342179345.
02-18 17:12:41.189 8153 9857 W Codec2Client: query -- param skipped: index = 2415921170.
02-18 17:12:41.287 8153 9864 W Codec2Client: query -- param skipped: index = 1107298332.
02-18 17:12:41.288 8153 9864 W Codec2Client: query -- param skipped: index = 1342179345.
02-18 17:12:41.288 8153 9864 W Codec2Client: query -- param skipped: index = 2415921170.
02-18 17:12:41.661 8153 8321 W Parcel : Expecting binder but got null!
02-18 17:12:41.768 8153 8321 W Parcel : Expecting binder but got null!
02-18 17:12:41.788 8153 8153 W BottomSheetBehavior: BottomSheetBehavior now supports multiple callbacks.
`setBottomSheetCallback()` removes all existing callbacks, including ones set internally by library authors, which
may result in unintended behavior. This may change in the future. Please use `addBottomSheetCallback()` and
`removeBottomSheetCallback()` instead to set your own callbacks.
02-18 17:12:42.058 8153 8758 W AidlConversion: aidl2legacy_AudioChannelLayout_audio_channel_mask_t: no
legacy output audio_channel_mask_t found for AudioChannelLayout{layoutMask: 16}
