02-18 17:09:49.004 8153 8153 E ArmVmp : Match on catch block at 0xc3 in for 0x771101b025
02-18 17:09:49.005 8153 8153 E ArmVmp : Match on catch block at 0xc3 in for 0x771101b025
02-18 17:09:49.006 8153 8153 E ArmVmp : Match on catch block at 0xc3 in for 0x771101b025
02-18 17:09:49.007 8153 8153 E ArmVmp : Match on catch block at 0xc3 in for 0x771101b025
02-18 17:09:49.015 8153 8153 E ArmVmp : Match on catch block at 0xc3 in for 0x771101b025
02-18 17:09:49.019 8153 8153 E ArmVmp : Match on catch block at 0xc3 in for 0x771101b025
02-18 17:09:49.021 8153 8153 E ArmVmp : Match on catch block at 0xc3 in for 0x771101b025
02-18 17:09:49.022 8153 8153 E ArmVmp : Match on catch block at 0xc3 in for 0x771101b025
02-18 17:09:49.023 8153 8153 E ArmVmp : Match on catch block at 0xc3 in for 0x771101b025
02-18 17:09:49.024 8153 8153 E ArmVmp : Match on catch block at 0xc3 in for 0x771101b025
02-18 17:09:49.025 8153 8153 E ArmVmp : Match on catch block at 0xc3 in for 0x771101b025
02-18 17:09:49.038 8153 8153 E ArmVmp : Match on catch block at 0xc3 in for 0x771101b025
02-18 17:09:49.042 8153 8153 E ArmVmp : Match on catch block at 0xc3 in for 0x771101b025
02-18 17:09:49.043 8153 8153 E ArmVmp : Match on catch block at 0xc3 in for 0x771101b025
02-18 17:09:49.044 8153 8153 E ArmVmp : Match on catch block at 0xc3 in for 0x771101b025
02-18 17:09:49.046 8153 8153 E ArmVmp : Match on catch block at 0xc3 in for 0x771101b025
02-18 17:09:49.046 8153 8153 E ArmVmp : Match on catch block at 0xc3 in for 0x771101b025
02-18 17:09:49.047 8153 8153 E ArmVmp : Match on catch block at 0xc3 in for 0x771101b025
02-18 17:09:49.056 8153 8153 E ArmVmp : Match on catch block at 0xc3 in for 0x771101b025
02-18 17:09:49.059 8153 8153 E ArmVmp : Match on catch block at 0xc3 in for 0x771101b025
02-18 17:09:49.060 8153 8153 E ArmVmp : Match on catch block at 0xc3 in for 0x771101b025
02-18 17:09:49.061 8153 8153 E ArmVmp : Match on catch block at 0xc3 in for 0x771101b025
02-18 17:09:49.062 8153 8153 E ArmVmp : Match on catch block at 0xc3 in for 0x771101b025
02-18 17:09:49.063 8153 8153 E ArmVmp : Match on catch block at 0xc3 in for 0x771101b025
02-18 17:09:49.064 8153 8153 E ArmVmp : Match on catch block at 0xc3 in for 0x771101b025
02-18 17:09:49.072 8153 8153 E ArmVmp : Match on catch block at 0xc3 in for 0x771101b025
02-18 17:09:49.076 8153 8153 E ArmVmp : Match on catch block at 0xc3 in for 0x771101b025
02-18 17:09:49.077 8153 8153 E ArmVmp : Match on catch block at 0xc3 in for 0x771101b025
02-18 17:09:49.078 8153 8153 E ArmVmp : Match on catch block at 0xc3 in for 0x771101b025
02-18 17:09:49.079 8153 8153 E ArmVmp : Match on catch block at 0xc3 in for 0x771101b025
02-18 17:09:49.080 8153 8153 E ArmVmp : Match on catch block at 0xc3 in for 0x771101b025
02-18 17:09:49.081 8153 8153 E ArmVmp : Match on catch block at 0xc3 in for 0x771101b025
02-18 17:09:49.088 8153 8153 E ArmVmp : Match on catch block at 0xc3 in for 0x771101b025
02-18 17:09:49.090 8153 8153 E ArmVmp : Match on catch block at 0xc3 in for 0x771101b025
02-18 17:09:49.091 8153 8153 E ArmVmp : Match on catch block at 0xc3 in for 0x771101b025
02-18 17:09:49.093 8153 8153 E ArmVmp : Match on catch block at 0xc3 in for 0x771101b025
02-18 17:09:49.094 8153 8153 E ArmVmp : Match on catch block at 0xc3 in for 0x771101b025
02-18 17:09:49.095 8153 8153 E ArmVmp : Match on catch block at 0xc3 in for 0x771101b025
02-18 17:09:49.096 8153 8153 E ArmVmp : Match on catch block at 0xc3 in for 0x771101b025
02-18 17:09:49.100 8153 8153 E ArmVmp : Match on catch block at 0xc3 in for 0x771101b025
02-18 17:09:49.103 8153 8153 E ArmVmp : Match on catch block at 0xc3 in for 0x771101b025
02-18 17:09:49.104 8153 8153 E ArmVmp : Match on catch block at 0xc3 in for 0x771101b025
02-18 17:09:49.105 8153 8153 E ArmVmp : Match on catch block at 0xc3 in for 0x771101b025
02-18 17:09:49.106 8153 8153 E ArmVmp : Match on catch block at 0xc3 in for 0xblock at 0xc3 in for
0x771101b025
02-18 17:09:49.007 8153 8153 E ArmVmp : Match on catch block at 0xc3 in for 0x771101b025
02-18 17:09:49.015 8153 8153 E ArmVmp : Match on catch block at 0xc3 in for 0x771101b025
02-18 17:09:49.019 8153 8153 E ArmVmp : Match on catch block at 0xc3 in for 0x771101b025
02-18 17:09:49.021 8153 8153 E ArmVmp : Match on catch block at 0xc3 in for 0x771101b025
02-18 17:09:49.022 8153 8153 E ArmVmp : Match on catch block at 0xc3 in for 0x771101b025
02-18 17:09:49.023 8153 8153 E ArmVmp : Match on catch block at 0xc3 in for 0x771101b025
02-18 17:09:49.024 8153 8153 E ArmVmp : Match on catch block at 0xc3 in for 0x771101b025
02-18 17:09:49.025 8153 8153 E ArmVmp : Match on catch block at 0xc3 in for 0x771101b025
02-18 17:09:49.038 8153 8153 E ArmVmp : Match on catch block at 0xc3 in for 0x771101b025
02-18 17:09:49.042 8153 8153 E ArmVmp : Match on catch block at 0xc3 in for 0x771101b025
02-18 17:09:49.043 8153 8153 E ArmVmp : Match on catch block at 0xc3 in for 0x771101b025
02-18 17:09:49.044 8153 8153 E ArmVmp : Match on catch block at 0xc3 in for 0x771101b025
02-18 17:09:49.046 8153 8153 E ArmVmp : Match on catch block at 0xc3 in for 0x771101b025
02-18 17:09:49.046 8153 8153 E ArmVmp : Match on catch block at 0xc3 in for 0x771101b025
02-18 17:09:49.047 8153 8153 E ArmVmp : Match on catch block at 0xc3 in for 0x771101b025
02-18 17:09:49.056 8153 8153 E ArmVmp : Match on catch block at 0xc3 in for 0x771101b025
02-18 17:09:49.059 8153 8153 E ArmVmp : Match on catch block at 0xc3 in for 0x771101b025
02-18 17:09:49.060 8153 8153 E ArmVmp : Match on catch block at 0xc3 in for 0x771101b025
02-18 17:09:49.061 8153 8153 E ArmVmp : Match on catch block at 0xc3 in for 0x771101b025
02-18 17:09:49.062 8153 8153 E ArmVmp : Match on catch block at 0xc3 in for 0x771101b025
02-18 17:09:49.063 8153 8153 E ArmVmp : Match on catch block at 0xc3 in for 0x771101b025
02-18 17:09:49.064 8153 8153 E ArmVmp : Match on catch block at 0xc3 in for 0x771101b025
02-18 17:09:49.072 8153 8153 E ArmVmp : Match on catch block at 0xc3 in for 0x771101b025
02-18 17:09:49.076 8153 8153 E ArmVmp : Match on catch block at 0xc3 in for 0x771101b025
02-18 17:09:49.077 8153 8153 E ArmVmp : Match on catch block at 0xc3 in for 0x771101b025
02-18 17:09:49.078 8153 8153 E ArmVmp : Match on catch block at 0xc3 in for 0x771101b025
02-18 17:09:49.079 8153 8153 E ArmVmp : Match on catch block at 0xc3 in for 0x771101b025
02-18 17:09:49.080 8153 8153 E ArmVmp : Match on catch block at 0xc3 in for 0x771101b025
02-18 17:09:49.081 8153 8153 E ArmVmp : Match on catch block at 0xc3 in for 0x771101b025
02-18 17:09:49.088 8153 8153 E ArmVmp : Match on catch block at 0xc3 in for 0x771101b025
02-18 17:09:49.090 8153 8153 E ArmVmp : Match on catch block at 0xc3 in for 0x771101b025
02-18 17:09:49.091 8153 8153 E ArmVmp : Match on catch block at 0xc3 in for 0x771101b025
02-18 17:09:49.093 8153 8153 E ArmVmp : Match on catch block at 0xc3 in for 0x771101b025
02-18 17:09:49.094 8153 8153 E ArmVmp : Match on catch block at 0xc3 in for 0x771101b025
02-18 17:09:49.095 8153 8153 E ArmVmp : Match on catch block at 0xc3 in for 0x771101b025
02-18 17:09:49.096 8153 8153 E ArmVmp : Match on catch block at 0xc3 in for 0x771101b025
02-18 17:09:49.100 8153 8153 E ArmVmp : Match on catch block at 0xc3 in for 0x771101b025
02-18 17:09:49.103 8153 8153 E ArmVmp : Match on catch block at 0xc3 in for 0x771101b025
02-18 17:09:49.104 8153 8153 E ArmVmp : Match on catch block at 0xc3 in for 0x771101b025
02-18 17:09:49.105 8153 8153 E ArmVmp : Match on catch block at 0xc3 in for 0x771101b025
02-18 17:09:49.106 8153 8153 E ArmVmp : Match on catch block at 0xc3 in for 0x771101b025
02-18 17:09:49.107 8153 8153 E ArmVmp : Match on catch block at 0xc3 in for 0x771101b025
02-18 17:09:49.108 8153 8153 E ArmVmp : Match on catch block at 0xc3 in for 0x771101b025
02-18 17:09:49.115 8153 8153 E ArmVmp : Match on catch block at 0xc3 in for 0x771101b025
02-18 17:09:49771101b025
02-18 17:09:49.107 8153 8153 E ArmVmp : Match on catch block at 0xc3 in for 0x771101b025
02-18 17:09:49.108 8153 8153 E ArmVmp : Match on catch block at 0xc3 in for 0x771101b025
02-18 17:09:49.115 8153 8153 E ArmVmp : Match on catch block at 0xc3 in for 0x771101b025
02-18 17:09:49.118 8153 8153 E ArmVmp : Match on catch block at 0xc3 in for 0x771101b025
02-18 17:09:49.119 8153 8153 E ArmVmp : Match on catch block at 0xc3 in for 0x771101b025
02-18 17:09:49.120 8153 8153 E ArmVmp : Match on catch block at 0xc3 in for 0x771101b025
02-18 17:09:49.121 8153 8153 E ArmVmp : Match on catch block at 0xc3 in for 0x771101b025
02-18 17:09:49.122 8153 8153 E ArmVmp : Match on catch block at 0xc3 in for 0x771101b025
02-18 17:09:49.123 8153 8153 E ArmVmp : Match on catch block at 0xc3 in for 0x771101b025
02-18 17:09:49.132 8153 8153 E ArmVmp : Match on catch block at 0xc3 in for 0x771101b025
02-18 17:09:49.136 8153 8153 E ArmVmp : Match on catch block at 0xc3 in for 0x771101b025
02-18 17:09:49.137 8153 8153 E ArmVmp : Match on catch block at 0xc3 in for 0x771101b025
02-18 17:09:49.138 8153 8153 E ArmVmp : Match on catch block at 0xc3 in for 0x771101b025
02-18 17:09:49.139 8153 8153 E ArmVmp : Match on catch block at 0xc3 in for 0x771101b025
02-18 17:09:49.141 8153 8153 E ArmVmp : Match on catch block at 0xc3 in for 0x771101b025
02-18 17:09:49.142 8153 8153 E ArmVmp : Match on catch block at 0xc3 in for 0x771101b025
02-18 17:09:53.761 8153 8153 E ArmVmp : Match on catch block at 0xc3 in for 0x771101b025
02-18 17:09:53.768 8153 8153 E ArmVmp : Match on catch block at 0xc3 in for 0x771101b025
02-18 17:09:53.770 8153 8153 E ArmVmp : Match on catch block at 0xc3 in for 0x771101b025
02-18 17:09:53.773 8153 8153 E ArmVmp : Match on catch block at 0xc3 in for 0x771101b025
02-18 17:09:53.777 8153 8153 E ArmVmp : Match on catch block at 0xc3 in for 0x771101b025
02-18 17:09:53.781 8153 8153 E ArmVmp : Match on catch block at 0xc3 in for 0x771101b025
02-18 17:09:53.784 8153 8153 E ArmVmp : Match on catch block at 0xc3 in for 0x771101b025
02-18 17:09:53.794 8153 8153 E ArmVmp : Match on catch block at 0xc3 in for 0x771101b025
02-18 17:09:53.801 8153 8153 E ArmVmp : Match on catch block at 0xc3 in for 0x771101b025
02-18 17:09:53.803 8153 8153 E ArmVmp : Match on catch block at 0xc3 in for 0x771101b025
02-18 17:09:53.806 8153 8153 E ArmVmp : Match on catch block at 0xc3 in for 0x771101b025
02-18 17:09:53.808 8153 8153 E ArmVmp : Match on catch block at 0xc3 in for 0x771101b025
02-18 17:09:53.810 8153 8153 E ArmVmp : Match on catch block at 0xc3 in for 0x771101b025
02-18 17:09:53.813 8153 8153 E ArmVmp : Match on catch block at 0xc3 in for 0x771101b025
02-18 17:09:53.830 8153 8153 E ArmVmp : Match on catch block at 0xc3 in for 0x771101b025
02-18 17:09:53.836 8153 8153 E ArmVmp : Match on catch block at 0xc3 in for 0x771101b025
02-18 17:09:53.838 8153 8153 E ArmVmp : Match on catch block at 0xc3 in for 0x771101b025
02-18 17:09:53.840 8153 8153 E ArmVmp : Match on catch block at 0xc3 in for 0x771101b025
02-18 17:09:53.842 8153 8153 E ArmVmp : Match on catch block at 0xc3 in for 0x771101b025
02-18 17:09:53.844 8153 8153 E ArmVmp : Match on catch block at 0xc3 in for 0x771101b025
02-18 17:09:53.846 8153 8153 E ArmVmp : Match on catch block at 0xc3 in for 0x771101b025
02-18 17:09:53.854 8153 8153 E ArmVmp : Match on catch block at 0xc3 in for 0x771101b025
02-18 17:09:53.858 8153 8153 E ArmVmp : Match on catch block at 0xc3 in for 0x771101b025
02-18 17:09:53.860 8153 8153 E ArmVmp : Match on catch block at 0xc3 in for 0x771101b025
02-18 17:09:53.861 8153 8153 E ArmVmp : Match on catch block at 0xc3 in for 0x771101b025
02-18 17:09:53.862 8153 8153 E ArmVmp : Match on catch block at 0xc3 in for 0x771101b025
02-18 17:09:53.863 8153 8153 E ArmVmp : Match on catch block at 0xc3 in for 0x771101b025
02-18 17:09:53.865 8153 8153 E ArmVmp : Match on catch block at 0xc3 in for 0x771101b025
02-18 17:09:53.869 8153 8153 E ArmV.118 8153 8153 E ArmVmp : Match on catch block at 0xc3 in for
0x771101b025
02-18 17:09:49.119 8153 8153 E ArmVmp : Match on catch block at 0xc3 in for 0x771101b025
02-18 17:09:49.120 8153 8153 E ArmVmp : Match on catch block at 0xc3 in for 0x771101b025
02-18 17:09:49.121 8153 8153 E ArmVmp : Match on catch block at 0xc3 in for 0x771101b025
02-18 17:09:49.122 8153 8153 E ArmVmp : Match on catch block at 0xc3 in for 0x771101b025
02-18 17:09:49.123 8153 8153 E ArmVmp : Match on catch block at 0xc3 in for 0x771101b025
02-18 17:09:49.132 8153 8153 E ArmVmp : Match on catch block at 0xc3 in for 0x771101b025
02-18 17:09:49.136 8153 8153 E ArmVmp : Match on catch block at 0xc3 in for 0x771101b025
02-18 17:09:49.137 8153 8153 E ArmVmp : Match on catch block at 0xc3 in for 0x771101b025
02-18 17:09:49.138 8153 8153 E ArmVmp : Match on catch block at 0xc3 in for 0x771101b025
02-18 17:09:49.139 8153 8153 E ArmVmp : Match on catch block at 0xc3 in for 0x771101b025
02-18 17:09:49.141 8153 8153 E ArmVmp : Match on catch block at 0xc3 in for 0x771101b025
02-18 17:09:49.142 8153 8153 E ArmVmp : Match on catch block at 0xc3 in for 0x771101b025
02-18 17:09:53.761 8153 8153 E ArmVmp : Match on catch block at 0xc3 in for 0x771101b025
02-18 17:09:53.768 8153 8153 E ArmVmp : Match on catch block at 0xc3 in for 0x771101b025
02-18 17:09:53.770 8153 8153 E ArmVmp : Match on catch block at 0xc3 in for 0x771101b025
02-18 17:09:53.773 8153 8153 E ArmVmp : Match on catch block at 0xc3 in for 0x771101b025
02-18 17:09:53.777 8153 8153 E ArmVmp : Match on catch block at 0xc3 in for 0x771101b025
02-18 17:09:53.781 8153 8153 E ArmVmp : Match on catch block at 0xc3 in for 0x771101b025
02-18 17:09:53.784 8153 8153 E ArmVmp : Match on catch block at 0xc3 in for 0x771101b025
02-18 17:09:53.794 8153 8153 E ArmVmp : Match on catch block at 0xc3 in for 0x771101b025
02-18 17:09:53.801 8153 8153 E ArmVmp : Match on catch block at 0xc3 in for 0x771101b025
02-18 17:09:53.803 8153 8153 E ArmVmp : Match on catch block at 0xc3 in for 0x771101b025
02-18 17:09:53.806 8153 8153 E ArmVmp : Match on catch block at 0xc3 in for 0x771101b025
02-18 17:09:53.808 8153 8153 E ArmVmp : Match on catch block at 0xc3 in for 0x771101b025
02-18 17:09:53.810 8153 8153 E ArmVmp : Match on catch block at 0xc3 in for 0x771101b025
02-18 17:09:53.813 8153 8153 E ArmVmp : Match on catch block at 0xc3 in for 0x771101b025
02-18 17:09:53.830 8153 8153 E ArmVmp : Match on catch block at 0xc3 in for 0x771101b025
02-18 17:09:53.836 8153 8153 E ArmVmp : Match on catch block at 0xc3 in for 0x771101b025
02-18 17:09:53.838 8153 8153 E ArmVmp : Match on catch block at 0xc3 in for 0x771101b025
02-18 17:09:53.840 8153 8153 E ArmVmp : Match on catch block at 0xc3 in for 0x771101b025
02-18 17:09:53.842 8153 8153 E ArmVmp : Match on catch block at 0xc3 in for 0x771101b025
02-18 17:09:53.844 8153 8153 E ArmVmp : Match on catch block at 0xc3 in for 0x771101b025
02-18 17:09:53.846 8153 8153 E ArmVmp : Match on catch block at 0xc3 in for 0x771101b025
02-18 17:09:53.854 8153 8153 E ArmVmp : Match on catch block at 0xc3 in for 0x771101b025
02-18 17:09:53.858 8153 8153 E ArmVmp : Match on catch block at 0xc3 in for 0x771101b025
02-18 17:09:53.860 8153 8153 E ArmVmp : Match on catch block at 0xc3 in for 0x771101b025
02-18 17:09:53.861 8153 8153 E ArmVmp : Match on catch block at 0xc3 in for 0x771101b025
02-18 17:09:53.862 8153 8153 E ArmVmp : Match on catch block at 0xc3 in for 0x771101b025
02-18 17:09:53.863 8153 8153 E ArmVmp : Match on catch block at 0xc3 in for 0x771101b025
02-18 17:09:53.865 8153 8153 E ArmVmp : Match on catch block at 0xc3 in for 0x771101b025
02-18 17:09:53.869 8153 8153 E ArmVmp : Match on catch block at 0xc3 in for 0x771101b025
02-18 17:09:53.873 8153 8153 E ArmVmp : Match on catch block at 0xc3 in for 0x771101b025
02-18 17:09:53.874 8153 8153 E ArmVmp : Match on catch block at 0xc3 in for 0x771101b025
02-18 17:09:53.875 8153 8153 E ArmVmp : Match on catch blocmp : Match on catch block at 0xc3 in for
0x771101b025
02-18 17:09:53.873 8153 8153 E ArmVmp : Match on catch block at 0xc3 in for 0x771101b025
02-18 17:09:53.874 8153 8153 E ArmVmp : Match on catch block at 0xc3 in for 0x771101b025
02-18 17:09:53.875 8153 8153 E ArmVmp : Match on catch block at 0xc3 in for 0x771101b025
02-18 17:09:53.877 8153 8153 E ArmVmp : Match on catch block at 0xc3 in for 0x771101b025
02-18 17:09:53.878 8153 8153 E ArmVmp : Match on catch block at 0xc3 in for 0x771101b025
02-18 17:09:53.879 8153 8153 E ArmVmp : Match on catch block at 0xc3 in for 0x771101b025
02-18 17:09:53.886 8153 8153 E ArmVmp : Match on catch block at 0xc3 in for 0x771101b025
02-18 17:09:53.889 8153 8153 E ArmVmp : Match on catch block at 0xc3 in for 0x771101b025
02-18 17:09:53.891 8153 8153 E ArmVmp : Match on catch block at 0xc3 in for 0x771101b025
02-18 17:09:53.892 8153 8153 E ArmVmp : Match on catch block at 0xc3 in for 0x771101b025
02-18 17:09:53.894 8153 8153 E ArmVmp : Match on catch block at 0xc3 in for 0x771101b025
02-18 17:09:53.896 8153 8153 E ArmVmp : Match on catch block at 0xc3 in for 0x771101b025
02-18 17:09:53.897 8153 8153 E ArmVmp : Match on catch block at 0xc3 in for 0x771101b025
02-18 17:09:54.184 8153 8153 E ArmVmp : Match on catch block at 0xc3 in for 0x771101b025
02-18 17:09:54.188 8153 8153 E ArmVmp : Match on catch block at 0xc3 in for 0x771101b025
02-18 17:09:54.191 8153 8153 E ArmVmp : Match on catch block at 0xc3 in for 0x771101b025
02-18 17:09:54.192 8153 8153 E ArmVmp : Match on catch block at 0xc3 in for 0x771101b025
02-18 17:09:54.196 8153 8153 E ArmVmp : Match on catch block at 0xc3 in for 0x771101b025
02-18 17:09:54.199 8153 8153 E ArmVmp : Match on catch block at 0xc3 in for 0x771101b025
02-18 17:09:54.200 8153 8153 E ArmVmp : Match on catch block at 0xc3 in for 0x771101b025
02-18 17:09:54.640 8153 8321 W Parcel : Expecting binder but got null!
02-18 17:09:57.632 8153 8321 W Parcel : Expecting binder but got null!
02-18 17:10:02.507 8153 8153 W OnBackInvokedCallback: OnBackInvokedCallback is not enabled for the
application.
02-18 17:10:02.507 8153 8153 W OnBackInvokedCallback: Set 'android:enableOnBackInvokedCallback="true"' in
the application manifest.
02-18 17:10:05.002 8153 8153 W OnBackInvokedCallback: OnBackInvokedCallback is not enabled for the
application.
02-18 17:10:05.002 8153 8153 W OnBackInvokedCallback: Set 'android:enableOnBackInvokedCallback="true"' in
the application manifest.
02-18 17:10:05.024 8153 8153 W RemoteInputConnectionImpl: requestCursorAnchorInfo on inactive
InputConnection
02-18 17:10:08.679 8153 8321 W Parcel : Expecting binder but got null!
02-18 17:10:09.964 8153 8153 E RippleDrawable: The RippleDrawable.STYLE_PATTERNED animation is not
supported for a non-hardware accelerated Canvas. Skipping animation.
02-18 17:10:09.966 8153 8153 E RippleDrawable: The RippleDrawable.STYLE_PATTERNED animation is not
supported for a non-hardware accelerated Canvas. Skipping animation.
02-18 17:10:09.980 8153 8153 E RippleDrawable: The RippleDrawable.STYLE_PATTERNED animation is not
supported for a non-hardware accelerated Canvas. Skipping animation.
02-18 17:10:09.981 8153 8153 E RippleDrawable: The RippleDrawable.STYLE_PATTERNED animation is not
supported for a non-hardware accelerated Canvas. Skipping animation.
02-18 17:10:09.996 8153 8153 E RippleDrawable: The RippleDrawable.STYLE_PATTERNED animation is not
supported for a non-hardware accelerated Canvas. Skipping animation.
02-18 17:10:09.997 8153 8153 E RippleDrawable: The RippleDrawable.STYLE_PATTERNED animation is not
supported for a non-hardware accelerated Canvas. Skipping animation.
02-18 17:10:10.054 8153 8321 W Parcel : Expecting binder but got null!
02-18 17:10:11.202 8153 8321 W Parcel : Expecting binder but got null!
02-18 17:10:11.995 8153 8153 E RippleDrawable: The RippleDrawable.STYLE_PATTERNED animation is not
supported for a non-hardware accelerated Canvas. Skipping animation.
02-18 17:10:11.997 8153 8153 E k at 0xc3 in for 0x771101b025
02-18 17:09:53.877 8153 8153 E ArmVmp : Match on catch block at 0xc3 in for 0x771101b025
02-18 17:09:53.878 8153 8153 E ArmVmp : Match on catch block at 0xc3 in for 0x771101b025
02-18 17:09:53.879 8153 8153 E ArmVmp : Match on catch block at 0xc3 in for 0x771101b025
02-18 17:09:53.886 8153 8153 E ArmVmp : Match on catch block at 0xc3 in for 0x771101b025
02-18 17:09:53.889 8153 8153 E ArmVmp : Match on catch block at 0xc3 in for 0x771101b025
02-18 17:09:53.891 8153 8153 E ArmVmp : Match on catch block at 0xc3 in for 0x771101b025
02-18 17:09:53.892 8153 8153 E ArmVmp : Match on catch block at 0xc3 in for 0x771101b025
02-18 17:09:53.894 8153 8153 E ArmVmp : Match on catch block at 0xc3 in for 0x771101b025
02-18 17:09:53.896 8153 8153 E ArmVmp : Match on catch block at 0xc3 in for 0x771101b025
02-18 17:09:53.897 8153 8153 E ArmVmp : Match on catch block at 0xc3 in for 0x771101b025
02-18 17:09:54.184 8153 8153 E ArmVmp : Match on catch block at 0xc3 in for 0x771101b025
02-18 17:09:54.188 8153 8153 E ArmVmp : Match on catch block at 0xc3 in for 0x771101b025
02-18 17:09:54.191 8153 8153 E ArmVmp : Match on catch block at 0xc3 in for 0x771101b025
02-18 17:09:54.192 8153 8153 E ArmVmp : Match on catch block at 0xc3 in for 0x771101b025
02-18 17:09:54.196 8153 8153 E ArmVmp : Match on catch block at 0xc3 in for 0x771101b025
02-18 17:09:54.199 8153 8153 E ArmVmp : Match on catch block at 0xc3 in for 0x771101b025
02-18 17:09:54.200 8153 8153 E ArmVmp : Match on catch block at 0xc3 in for 0x771101b025
02-18 17:09:54.640 8153 8321 W Parcel : Expecting binder but got null!
02-18 17:09:57.632 8153 8321 W Parcel : Expecting binder but got null!
02-18 17:10:02.507 8153 8153 W OnBackInvokedCallback: OnBackInvokedCallback is not enabled for the
application.
02-18 17:10:02.507 8153 8153 W OnBackInvokedCallback: Set 'android:enableOnBackInvokedCallback="true"' in
the application manifest.
02-18 17:10:05.002 8153 8153 W OnBackInvokedCallback: OnBackInvokedCallback is not enabled for the
application.
02-18 17:10:05.002 8153 8153 W OnBackInvokedCallback: Set 'android:enableOnBackInvokedCallback="true"' in
the application manifest.
02-18 17:10:05.024 8153 8153 W RemoteInputConnectionImpl: requestCursorAnchorInfo on inactive
InputConnection
02-18 17:10:08.679 8153 8321 W Parcel : Expecting binder but got null!
02-18 17:10:09.964 8153 8153 E RippleDrawable: The RippleDrawable.STYLE_PATTERNED animation is not
supported for a non-hardware accelerated Canvas. Skipping animation.
02-18 17:10:09.966 8153 8153 E RippleDrawable: The RippleDrawable.STYLE_PATTERNED animation is not
supported for a non-hardware accelerated Canvas. Skipping animation.
02-18 17:10:09.980 8153 8153 E RippleDrawable: The RippleDrawable.STYLE_PATTERNED animation is not
supported for a non-hardware accelerated Canvas. Skipping animation.
02-18 17:10:09.981 8153 8153 E RippleDrawable: The RippleDrawable.STYLE_PATTERNED animation is not
supported for a non-hardware accelerated Canvas. Skipping animation.
02-18 17:10:09.996 8153 8153 E RippleDrawable: The RippleDrawable.STYLE_PATTERNED animation is not
supported for a non-hardware accelerated Canvas. Skipping animation.
02-18 17:10:09.997 8153 8153 E RippleDrawable: The RippleDrawable.STYLE_PATTERNED animation is not
supported for a non-hardware accelerated Canvas. Skipping animation.
02-18 17:10:10.054 8153 8321 W Parcel : Expecting binder but got null!
02-18 17:10:11.202 8153 8321 W Parcel : Expecting binder but got null!
02-18 17:10:11.995 8153 8153 E RippleDrawable: The RippleDrawable.STYLE_PATTERNED animation is not
supported for a non-hardware accelerated Canvas. Skipping animation.
02-18 17:10:11.997 8153 8153 E RippleDrawable: The RippleDrawable.STYLE_PATTERNED animation is not
supported for a non-hardware accelerated Canvas. Skipping animation.
02-18 17:10:12.010 8153 8153 E RippleDrawable: The RippleDrawable.STYLE_PATTERNED animation is not
supported for a non-hardware accelerated Canvas. Skipping animaRippleDrawable: The
RippleDrawable.STYLE_PATTERNED animation is not supported for a non-hardware accelerated Canvas. Skipping
animation.
02-18 17:10:12.010 8153 8153 E RippleDrawable: The RippleDrawable.STYLE_PATTERNED animation is not
supported for a non-hardware accelerated Canvas. Skipping animation.
02-18 17:10:12.012 8153 8153 E RippleDrawable: The RippleDrawable.STYLE_PATTERNED animation is not
supported for a non-hardware accelerated Canvas. Skipping animation.
02-18 17:10:12.027 8153 8153 E RippleDrawable: The RippleDrawable.STYLE_PATTERNED animation is not
supported for a non-hardware accelerated Canvas. Skipping animation.
02-18 17:10:12.028 8153 8153 E RippleDrawable: The RippleDrawable.STYLE_PATTERNED animation is not
supported for a non-hardware accelerated Canvas. Skipping animation.
02-18 17:10:12.043 8153 8153 E RippleDrawable: The RippleDrawable.STYLE_PATTERNED animation is not
supported for a non-hardware accelerated Canvas. Skipping animation.
02-18 17:10:12.044 8153 8153 E RippleDrawable: The RippleDrawable.STYLE_PATTERNED animation is not
supported for a non-hardware accelerated Canvas. Skipping animation.
02-18 17:10:12.251 8153 8321 W Parcel : Expecting binder but got null!
02-18 17:10:13.355 8153 8153 E ArmVmp : Match on catch block at 0x0a in for 0x771101b03d
02-18 17:10:13.365 8153 8153 E ArmVmp : Match on catch block at 0x22 in for 0x771101b02d
02-18 17:10:13.472 8153 8153 E ArmVmp : Match on catch block at 0x0a in for 0x771101b031
02-18 17:10:13.478 8153 8153 E BitmapFactory: Unable to decode stream: java.io.FileNotFoundException:
/data/user/0/com.mbwhatsapp/files/me.jpg: open failed: ENOENT (No such file or directory)
02-18 17:10:13.501 8153 8153 E ArmVmp : Match on catch block at 0x0a in for 0x771101b035
02-18 17:10:13.519 8153 8153 E ArmVmp : Match on catch block at 0xc3 in for 0x771101b021
02-18 17:10:13.524 8153 8153 E ArmVmp : Match on catch block at 0xc3 in for 0x771101b021
02-18 17:10:13.528 8153 8153 E ArmVmp : Match on catch block at 0xc3 in for 0x771101b021
02-18 17:10:13.530 8153 8153 E ArmVmp : Match on catch block at 0xc3 in for 0x771101b021
02-18 17:10:13.531 8153 8153 E ArmVmp : Match on catch block at 0xc3 in for 0x771101b021
02-18 17:10:13.532 8153 8153 E ArmVmp : Match on catch block at 0xc3 in for 0x771101b021
02-18 17:10:13.534 8153 8153 E ArmVmp : Match on catch block at 0xc3 in for 0x771101b021
02-18 17:10:13.550 8153 8321 W Parcel : Expecting binder but got null!
02-18 17:10:13.552 8153 8153 E ArmVmp : Match on catch block at 0xc3 in for 0x771101b025
02-18 17:10:13.555 8153 8153 E ArmVmp : Match on catch block at 0xc3 in for 0x771101b025
02-18 17:10:13.557 8153 8153 E ArmVmp : Match on catch block at 0xc3 in for 0x771101b025
02-18 17:10:13.559 8153 8153 E ArmVmp : Match on catch block at 0xc3 in for 0x771101b025
02-18 17:10:13.561 8153 8153 E ArmVmp : Match on catch block at 0xc3 in for 0x771101b025
02-18 17:10:13.562 8153 8153 E ArmVmp : Match on catch block at 0xc3 in for 0x771101b025
02-18 17:10:13.563 8153 8153 E ArmVmp : Match on catch block at 0xc3 in for 0x771101b025
02-18 17:10:13.572 8153 8153 E ArmVmp : Match on catch block at 0xc3 in for 0x771101b025
02-18 17:10:13.575 8153 8153 E ArmVmp : Match on catch block at 0xc3 in for 0x771101b025
02-18 17:10:13.576 8153 8153 E ArmVmp : Match on catch block at 0xc3 in for 0x771101b025
02-18 17:10:13.578 8153 8153 E ArmVmp : Match on catch block at 0xc3 in for 0x771101b025
02-18 17:10:13.579 8153 8153 E ArmVmp : Match on catch block at 0xc3 in for 0x771101b025
02-18 17:10:13.580 8153 8153 E ArmVmp : Match on catch block at 0xc3 in for 0x771101b025
02-18 17:10:13.581 8153 8153 E ArmVmp : Match on catch block at 0xc3 in for 0x771101b025
02-18 17:10:13.587 8153 8153 E ArmVmp : Match on catch block at 0xc3 in for 0x771101b025
02-18 17:10:13.592 8153 8153 E ArmVmp : Match on catch block at 0xc3 in for 0x771101b025
02-18 17:10:13.594 8153 8153 E ArmVmp : Match on catch block at 0xc3 in for 0x771101b025
02-18 17:10:13.595 8tion.
02-18 17:10:12.012 8153 8153 E RippleDrawable: The RippleDrawable.STYLE_PATTERNED animation is not
supported for a non-hardware accelerated Canvas. Skipping animation.
02-18 17:10:12.027 8153 8153 E RippleDrawable: The RippleDrawable.STYLE_PATTERNED animation is not
supported for a non-hardware accelerated Canvas. Skipping animation.
02-18 17:10:12.028 8153 8153 E RippleDrawable: The RippleDrawable.STYLE_PATTERNED animation is not
supported for a non-hardware accelerated Canvas. Skipping animation.
02-18 17:10:12.043 8153 8153 E RippleDrawable: The RippleDrawable.STYLE_PATTERNED animation is not
supported for a non-hardware accelerated Canvas. Skipping animation.
02-18 17:10:12.044 8153 8153 E RippleDrawable: The RippleDrawable.STYLE_PATTERNED animation is not
supported for a non-hardware accelerated Canvas. Skipping animation.
02-18 17:10:12.251 8153 8321 W Parcel : Expecting binder but got null!
02-18 17:10:13.355 8153 8153 E ArmVmp : Match on catch block at 0x0a in for 0x771101b03d
02-18 17:10:13.365 8153 8153 E ArmVmp : Match on catch block at 0x22 in for 0x771101b02d
02-18 17:10:13.472 8153 8153 E ArmVmp : Match on catch block at 0x0a in for 0x771101b031
02-18 17:10:13.478 8153 8153 E BitmapFactory: Unable to decode stream: java.io.FileNotFoundException:
/data/user/0/com.mbwhatsapp/files/me.jpg: open failed: ENOENT (No such file or directory)
02-18 17:10:13.501 8153 8153 E ArmVmp : Match on catch block at 0x0a in for 0x771101b035
02-18 17:10:13.519 8153 8153 E ArmVmp : Match on catch block at 0xc3 in for 0x771101b021
02-18 17:10:13.524 8153 8153 E ArmVmp : Match on catch block at 0xc3 in for 0x771101b021
02-18 17:10:13.528 8153 8153 E ArmVmp : Match on catch block at 0xc3 in for 0x771101b021
02-18 17:10:13.530 8153 8153 E ArmVmp : Match on catch block at 0xc3 in for 0x771101b021
02-18 17:10:13.531 8153 8153 E ArmVmp : Match on catch block at 0xc3 in for 0x771101b021
02-18 17:10:13.532 8153 8153 E ArmVmp : Match on catch block at 0xc3 in for 0x771101b021
02-18 17:10:13.534 8153 8153 E ArmVmp : Match on catch block at 0xc3 in for 0x771101b021
02-18 17:10:13.550 8153 8321 W Parcel : Expecting binder but got null!
02-18 17:10:13.552 8153 8153 E ArmVmp : Match on catch block at 0xc3 in for 0x771101b025
02-18 17:10:13.555 8153 8153 E ArmVmp : Match on catch block at 0xc3 in for 0x771101b025
02-18 17:10:13.557 8153 8153 E ArmVmp : Match on catch block at 0xc3 in for 0x771101b025
02-18 17:10:13.559 8153 8153 E ArmVmp : Match on catch block at 0xc3 in for 0x771101b025
02-18 17:10:13.561 8153 8153 E ArmVmp : Match on catch block at 0xc3 in for 0x771101b025
02-18 17:10:13.562 8153 8153 E ArmVmp : Match on catch block at 0xc3 in for 0x771101b025
02-18 17:10:13.563 8153 8153 E ArmVmp : Match on catch block at 0xc3 in for 0x771101b025
02-18 17:10:13.572 8153 8153 E ArmVmp : Match on catch block at 0xc3 in for 0x771101b025
02-18 17:10:13.575 8153 8153 E ArmVmp : Match on catch block at 0xc3 in for 0x771101b025
02-18 17:10:13.576 8153 8153 E ArmVmp : Match on catch block at 0xc3 in for 0x771101b025
02-18 17:10:13.578 8153 8153 E ArmVmp : Match on catch block at 0xc3 in for 0x771101b025
02-18 17:10:13.579 8153 8153 E ArmVmp : Match on catch block at 0xc3 in for 0x771101b025
02-18 17:10:13.580 8153 8153 E ArmVmp : Match on catch block at 0xc3 in for 0x771101b025
02-18 17:10:13.581 8153 8153 E ArmVmp : Match on catch block at 0xc3 in for 0x771101b025
02-18 17:10:13.587 8153 8153 E ArmVmp : Match on catch block at 0xc3 in for 0x771101b025
02-18 17:10:13.592 8153 8153 E ArmVmp : Match on catch block at 0xc3 in for 0x771101b025
02-18 17:10:13.594 8153 8153 E ArmVmp : Match on catch block at 0xc3 in for 0x771101b025
02-18 17:10:13.595 8153 8153 E ArmVmp : Match on catch block at 0xc3 in for 0x771101b025
02-18 17:10:13.597 8153 8153 E ArmVmp : Match on catch block at 0xc3 in for 0x771101b025
02-18 17:10:13.598 8153 8153 E ArmVmp : Match on catch block at 0xc3 in for 0x771101b025
02-18 17:10:13.599 8153 8153 E ArmVmp : Mat153 8153 E ArmVmp : Match on catch block at 0xc3 in for
0x771101b025
02-18 17:10:13.597 8153 8153 E ArmVmp : Match on catch block at 0xc3 in for 0x771101b025
02-18 17:10:13.598 8153 8153 E ArmVmp : Match on catch block at 0xc3 in for 0x771101b025
02-18 17:10:13.599 8153 8153 E ArmVmp : Match on catch block at 0xc3 in for 0x771101b025
02-18 17:10:13.609 8153 8153 E ArmVmp : Match on catch block at 0xc3 in for 0x771101b025
02-18 17:10:13.612 8153 8153 E ArmVmp : Match on catch block at 0xc3 in for 0x771101b025
02-18 17:10:13.613 8153 8153 E ArmVmp : Match on catch block at 0xc3 in for 0x771101b025
02-18 17:10:13.614 8153 8153 E ArmVmp : Match on catch block at 0xc3 in for 0x771101b025
02-18 17:10:13.615 8153 8153 E ArmVmp : Match on catch block at 0xc3 in for 0x771101b025
02-18 17:10:13.616 8153 8153 E ArmVmp : Match on catch block at 0xc3 in for 0x771101b025
02-18 17:10:13.617 8153 8153 E ArmVmp : Match on catch block at 0xc3 in for 0x771101b025
02-18 17:10:13.625 8153 8153 E ArmVmp : Match on catch block at 0xc3 in for 0x771101b025
02-18 17:10:13.628 8153 8153 E ArmVmp : Match on catch block at 0xc3 in for 0x771101b025
02-18 17:10:13.629 8153 8153 E ArmVmp : Match on catch block at 0xc3 in for 0x771101b025
02-18 17:10:13.630 8153 8153 E ArmVmp : Match on catch block at 0xc3 in for 0x771101b025
02-18 17:10:13.631 8153 8153 E ArmVmp : Match on catch block at 0xc3 in for 0x771101b025
02-18 17:10:13.632 8153 8153 E ArmVmp : Match on catch block at 0xc3 in for 0x771101b025
02-18 17:10:13.633 8153 8153 E ArmVmp : Match on catch block at 0xc3 in for 0x771101b025
02-18 17:10:13.642 8153 8153 E ArmVmp : Match on catch block at 0xc3 in for 0x771101b025
02-18 17:10:13.644 8153 8153 E ArmVmp : Match on catch block at 0xc3 in for 0x771101b025
02-18 17:10:13.646 8153 8153 E ArmVmp : Match on catch block at 0xc3 in for 0x771101b025
02-18 17:10:13.647 8153 8153 E ArmVmp : Match on catch block at 0xc3 in for 0x771101b025
02-18 17:10:13.648 8153 8153 E ArmVmp : Match on catch block at 0xc3 in for 0x771101b025
02-18 17:10:13.649 8153 8153 E ArmVmp : Match on catch block at 0xc3 in for 0x771101b025
02-18 17:10:13.650 8153 8153 E ArmVmp : Match on catch block at 0xc3 in for 0x771101b025
02-18 17:10:13.658 8153 8153 E ArmVmp : Match on catch block at 0xc3 in for 0x771101b025
02-18 17:10:13.661 8153 8153 E ArmVmp : Match on catch block at 0xc3 in for 0x771101b025
02-18 17:10:13.662 8153 8153 E ArmVmp : Match on catch block at 0xc3 in for 0x771101b025
02-18 17:10:13.663 8153 8153 E ArmVmp : Match on catch block at 0xc3 in for 0x771101b025
02-18 17:10:13.664 8153 8153 E ArmVmp : Match on catch block at 0xc3 in for 0x771101b025
02-18 17:10:13.665 8153 8153 E ArmVmp : Match on catch block at 0xc3 in for 0x771101b025
02-18 17:10:13.666 8153 8153 E ArmVmp : Match on catch block at 0xc3 in for 0x771101b025
02-18 17:10:13.674 8153 8153 E ArmVmp : Match on catch block at 0xc3 in for 0x771101b025
02-18 17:10:13.677 8153 8153 E ArmVmp : Match on catch block at 0xc3 in for 0x771101b025
02-18 17:10:13.678 8153 8153 E ArmVmp : Match on catch block at 0xc3 in for 0x771101b025
02-18 17:10:13.679 8153 8153 E ArmVmp : Match on catch block at 0xc3 in for 0x771101b025
02-18 17:10:13.680 8153 8153 E ArmVmp : Match on catch block at 0xc3 in for 0x771101b025
02-18 17:10:13.681 8153 8153 E ArmVmp : Match on catch block at 0xc3 in for 0x771101b025
02-18 17:10:13.682 8153 8153 E ArmVmp : Match on catch block at 0xc3 in for 0x771101b025
02-18 17:10:13.691 8153 8153 E ArmVmp : Match on catch block at 0xc3 in for 0x771101b025
02-18 17:10:13.694 8153 8153 E ArmVmp : Match on catch block at 0xc3 in for 0x771101b025
02-18 17:10:13.695 8153 8153 E ArmVmp : Match on catch block at 0xc3 in for 0x771101b025
02-18 17:10:13.696 8153 8153 E ArmVmp : Match on catch block at 0xc3 in for 0x771101b025
02-18 17:10:13.698 8153 8153 E ArmVmp : Match on catch block at 0xc3 in for 0x771101b025
02-18 17:10:13.699 8153 8153 E ArmVmp : Match on catch block at 0xch on catch block at 0xc3 in for
0x771101b025
02-18 17:10:13.609 8153 8153 E ArmVmp : Match on catch block at 0xc3 in for 0x771101b025
02-18 17:10:13.612 8153 8153 E ArmVmp : Match on catch block at 0xc3 in for 0x771101b025
02-18 17:10:13.613 8153 8153 E ArmVmp : Match on catch block at 0xc3 in for 0x771101b025
02-18 17:10:13.614 8153 8153 E ArmVmp : Match on catch block at 0xc3 in for 0x771101b025
02-18 17:10:13.615 8153 8153 E ArmVmp : Match on catch block at 0xc3 in for 0x771101b025
02-18 17:10:13.616 8153 8153 E ArmVmp : Match on catch block at 0xc3 in for 0x771101b025
02-18 17:10:13.617 8153 8153 E ArmVmp : Match on catch block at 0xc3 in for 0x771101b025
02-18 17:10:13.625 8153 8153 E ArmVmp : Match on catch block at 0xc3 in for 0x771101b025
02-18 17:10:13.628 8153 8153 E ArmVmp : Match on catch block at 0xc3 in for 0x771101b025
02-18 17:10:13.629 8153 8153 E ArmVmp : Match on catch block at 0xc3 in for 0x771101b025
02-18 17:10:13.630 8153 8153 E ArmVmp : Match on catch block at 0xc3 in for 0x771101b025
02-18 17:10:13.631 8153 8153 E ArmVmp : Match on catch block at 0xc3 in for 0x771101b025
02-18 17:10:13.632 8153 8153 E ArmVmp : Match on catch block at 0xc3 in for 0x771101b025
02-18 17:10:13.633 8153 8153 E ArmVmp : Match on catch block at 0xc3 in for 0x771101b025
02-18 17:10:13.642 8153 8153 E ArmVmp : Match on catch block at 0xc3 in for 0x771101b025
02-18 17:10:13.644 8153 8153 E ArmVmp : Match on catch block at 0xc3 in for 0x771101b025
02-18 17:10:13.646 8153 8153 E ArmVmp : Match on catch block at 0xc3 in for 0x771101b025
02-18 17:10:13.647 8153 8153 E ArmVmp : Match on catch block at 0xc3 in for 0x771101b025
02-18 17:10:13.648 8153 8153 E ArmVmp : Match on catch block at 0xc3 in for 0x771101b025
02-18 17:10:13.649 8153 8153 E ArmVmp : Match on catch block at 0xc3 in for 0x771101b025
02-18 17:10:13.650 8153 8153 E ArmVmp : Match on catch block at 0xc3 in for 0x771101b025
02-18 17:10:13.658 8153 8153 E ArmVmp : Match on catch block at 0xc3 in for 0x771101b025
02-18 17:10:13.661 8153 8153 E ArmVmp : Match on catch block at 0xc3 in for 0x771101b025
02-18 17:10:13.662 8153 8153 E ArmVmp : Match on catch block at 0xc3 in for 0x771101b025
02-18 17:10:13.663 8153 8153 E ArmVmp : Match on catch block at 0xc3 in for 0x771101b025
02-18 17:10:13.664 8153 8153 E ArmVmp : Match on catch block at 0xc3 in for 0x771101b025
02-18 17:10:13.665 8153 8153 E ArmVmp : Match on catch block at 0xc3 in for 0x771101b025
02-18 17:10:13.666 8153 8153 E ArmVmp : Match on catch block at 0xc3 in for 0x771101b025
02-18 17:10:13.674 8153 8153 E ArmVmp : Match on catch block at 0xc3 in for 0x771101b025
02-18 17:10:13.677 8153 8153 E ArmVmp : Match on catch block at 0xc3 in for 0x771101b025
02-18 17:10:13.678 8153 8153 E ArmVmp : Match on catch block at 0xc3 in for 0x771101b025
02-18 17:10:13.679 8153 8153 E ArmVmp : Match on catch block at 0xc3 in for 0x771101b025
02-18 17:10:13.680 8153 8153 E ArmVmp : Match on catch block at 0xc3 in for 0x771101b025
02-18 17:10:13.681 8153 8153 E ArmVmp : Match on catch block at 0xc3 in for 0x771101b025
02-18 17:10:13.682 8153 8153 E ArmVmp : Match on catch block at 0xc3 in for 0x771101b025
02-18 17:10:13.691 8153 8153 E ArmVmp : Match on catch block at 0xc3 in for 0x771101b025
02-18 17:10:13.694 8153 8153 E ArmVmp : Match on catch block at 0xc3 in for 0x771101b025
02-18 17:10:13.695 8153 8153 E ArmVmp : Match on catch block at 0xc3 in for 0x771101b025
02-18 17:10:13.696 8153 8153 E ArmVmp : Match on catch block at 0xc3 in for 0x771101b025
02-18 17:10:13.698 8153 8153 E ArmVmp : Match on catch block at 0xc3 in for 0x771101b025
02-18 17:10:13.699 8153 8153 E ArmVmp : Match on catch block at 0xc3 in for 0x771101b025
02-18 17:10:13.700 8153 8153 E ArmVmp : Match on catch block at 0xc3 in for 0x771101b025
02-18 17:10:13.708 8153 8153 E ArmVmp : Match on catch block at 0xc3 in for 0x771101b025
02-18 17:10:13.711 8153 8153 E ArmVmp : Match on catch block at 0xc3 in for 0x771101b025
02c3 in for 0x771101b025
02-18 17:10:13.700 8153 8153 E ArmVmp : Match on catch block at 0xc3 in for 0x771101b025
02-18 17:10:13.708 8153 8153 E ArmVmp : Match on catch block at 0xc3 in for 0x771101b025
02-18 17:10:13.711 8153 8153 E ArmVmp : Match on catch block at 0xc3 in for 0x771101b025
02-18 17:10:13.712 8153 8153 E ArmVmp : Match on catch block at 0xc3 in for 0x771101b025
02-18 17:10:13.713 8153 8153 E ArmVmp : Match on catch block at 0xc3 in for 0x771101b025
02-18 17:10:13.714 8153 8153 E ArmVmp : Match on catch block at 0xc3 in for 0x771101b025
02-18 17:10:13.715 8153 8153 E ArmVmp : Match on catch block at 0xc3 in for 0x771101b025
02-18 17:10:13.716 8153 8153 E ArmVmp : Match on catch block at 0xc3 in for 0x771101b025
02-18 17:10:13.724 8153 8153 E ArmVmp : Match on catch block at 0xc3 in for 0x771101b025
02-18 17:10:13.727 8153 8153 E ArmVmp : Match on catch block at 0xc3 in for 0x771101b025
02-18 17:10:13.728 8153 8153 E ArmVmp : Match on catch block at 0xc3 in for 0x771101b025
02-18 17:10:13.729 8153 8153 E ArmVmp : Match on catch block at 0xc3 in for 0x771101b025
02-18 17:10:13.730 8153 8153 E ArmVmp : Match on catch block at 0xc3 in for 0x771101b025
02-18 17:10:13.731 8153 8153 E ArmVmp : Match on catch block at 0xc3 in for 0x771101b025
02-18 17:10:13.732 8153 8153 E ArmVmp : Match on catch block at 0xc3 in for 0x771101b025
02-18 17:10:14.691 8153 8153 E ArmVmp : Match on catch block at 0xc3 in for 0x771101b025
02-18 17:10:14.696 8153 8153 E ArmVmp : Match on catch block at 0xc3 in for 0x771101b025
02-18 17:10:14.701 8153 8153 E ArmVmp : Match on catch block at 0xc3 in for 0x771101b025
02-18 17:10:14.704 8153 8153 E ArmVmp : Match on catch block at 0xc3 in for 0x771101b025
02-18 17:10:14.707 8153 8153 E ArmVmp : Match on catch block at 0xc3 in for 0x771101b025
02-18 17:10:14.711 8153 8153 E ArmVmp : Match on catch block at 0xc3 in for 0x771101b025
02-18 17:10:14.713 8153 8153 E ArmVmp : Match on catch block at 0xc3 in for 0x771101b025
02-18 17:10:14.717 8153 8153 E ArmVmp : Match on catch block at 0xc3 in for 0x771101b025
02-18 17:10:14.721 8153 8153 E ArmVmp : Match on catch block at 0xc3 in for 0x771101b025
02-18 17:10:14.725 8153 8153 E ArmVmp : Match on catch block at 0xc3 in for 0x771101b025
02-18 17:10:14.728 8153 8153 E ArmVmp : Match on catch block at 0xc3 in for 0x771101b025
02-18 17:10:14.730 8153 8153 E ArmVmp : Match on catch block at 0xc3 in for 0x771101b025
02-18 17:10:14.731 8153 8153 E ArmVmp : Match on catch block at 0xc3 in for 0x771101b025
02-18 17:10:14.733 8153 8153 E ArmVmp : Match on catch block at 0xc3 in for 0x771101b025
02-18 17:10:14.751 8153 8153 E ArmVmp : Match on catch block at 0xc3 in for 0x771101b025
02-18 17:10:14.756 8153 8153 E ArmVmp : Match on catch block at 0xc3 in for 0x771101b025
02-18 17:10:14.760 8153 8153 E ArmVmp : Match on catch block at 0xc3 in for 0x771101b025
02-18 17:10:14.762 8153 8153 E ArmVmp : Match on catch block at 0xc3 in for 0x771101b025
02-18 17:10:14.763 8153 8153 E ArmVmp : Match on catch block at 0xc3 in for 0x771101b025
02-18 17:10:14.764 8153 8153 E ArmVmp : Match on catch block at 0xc3 in for 0x771101b025
02-18 17:10:14.765 8153 8153 E ArmVmp : Match on catch block at 0xc3 in for 0x771101b025
02-18 17:10:14.771 8153 8153 E ArmVmp : Match on catch block at 0xc3 in for 0x771101b025
02-18 17:10:14.777 8153 8153 E ArmVmp : Match on catch block at 0xc3 in for 0x771101b025
02-18 17:10:14.778 8153 8153 E ArmVmp : Match on catch block at 0xc3 in for 0x771101b025
02-18 17:10:14.780 8153 8153 E ArmVmp : Match on catch block at 0xc3 in for 0x771101b025
02-18 17:10:14.781 8153 8153 E ArmVmp : Match on catch block at 0xc3 in for 0x771101b025
02-18 17:10:14.782 8153 8153 E ArmVmp : Match on catch block at 0xc3 in for 0x771101b025
02-18 17:10:14.783 8153 8153 E ArmVmp : Match on catch block at 0xc3 in for 0x771101b025
02-18 17:10:14.787 8153 8153 E ArmVmp : Match on catch block at 0xc3 in for 0x771101b025
02-18 17:10:14.791 8153 -18 17:10:13.712 8153 8153 E ArmVmp : Match on catch block at 0xc3 in for
0x771101b025
02-18 17:10:13.713 8153 8153 E ArmVmp : Match on catch block at 0xc3 in for 0x771101b025
02-18 17:10:13.714 8153 8153 E ArmVmp : Match on catch block at 0xc3 in for 0x771101b025
02-18 17:10:13.715 8153 8153 E ArmVmp : Match on catch block at 0xc3 in for 0x771101b025
02-18 17:10:13.716 8153 8153 E ArmVmp : Match on catch block at 0xc3 in for 0x771101b025
02-18 17:10:13.724 8153 8153 E ArmVmp : Match on catch block at 0xc3 in for 0x771101b025
02-18 17:10:13.727 8153 8153 E ArmVmp : Match on catch block at 0xc3 in for 0x771101b025
02-18 17:10:13.728 8153 8153 E ArmVmp : Match on catch block at 0xc3 in for 0x771101b025
02-18 17:10:13.729 8153 8153 E ArmVmp : Match on catch block at 0xc3 in for 0x771101b025
02-18 17:10:13.730 8153 8153 E ArmVmp : Match on catch block at 0xc3 in for 0x771101b025
02-18 17:10:13.731 8153 8153 E ArmVmp : Match on catch block at 0xc3 in for 0x771101b025
02-18 17:10:13.732 8153 8153 E ArmVmp : Match on catch block at 0xc3 in for 0x771101b025
02-18 17:10:14.691 8153 8153 E ArmVmp : Match on catch block at 0xc3 in for 0x771101b025
02-18 17:10:14.696 8153 8153 E ArmVmp : Match on catch block at 0xc3 in for 0x771101b025
02-18 17:10:14.701 8153 8153 E ArmVmp : Match on catch block at 0xc3 in for 0x771101b025
02-18 17:10:14.704 8153 8153 E ArmVmp : Match on catch block at 0xc3 in for 0x771101b025
02-18 17:10:14.707 8153 8153 E ArmVmp : Match on catch block at 0xc3 in for 0x771101b025
02-18 17:10:14.711 8153 8153 E ArmVmp : Match on catch block at 0xc3 in for 0x771101b025
02-18 17:10:14.713 8153 8153 E ArmVmp : Match on catch block at 0xc3 in for 0x771101b025
02-18 17:10:14.717 8153 8153 E ArmVmp : Match on catch block at 0xc3 in for 0x771101b025
02-18 17:10:14.721 8153 8153 E ArmVmp : Match on catch block at 0xc3 in for 0x771101b025
02-18 17:10:14.725 8153 8153 E ArmVmp : Match on catch block at 0xc3 in for 0x771101b025
02-18 17:10:14.728 8153 8153 E ArmVmp : Match on catch block at 0xc3 in for 0x771101b025
02-18 17:10:14.730 8153 8153 E ArmVmp : Match on catch block at 0xc3 in for 0x771101b025
02-18 17:10:14.731 8153 8153 E ArmVmp : Match on catch block at 0xc3 in for 0x771101b025
02-18 17:10:14.733 8153 8153 E ArmVmp : Match on catch block at 0xc3 in for 0x771101b025
02-18 17:10:14.751 8153 8153 E ArmVmp : Match on catch block at 0xc3 in for 0x771101b025
02-18 17:10:14.756 8153 8153 E ArmVmp : Match on catch block at 0xc3 in for 0x771101b025
02-18 17:10:14.760 8153 8153 E ArmVmp : Match on catch block at 0xc3 in for 0x771101b025
02-18 17:10:14.762 8153 8153 E ArmVmp : Match on catch block at 0xc3 in for 0x771101b025
02-18 17:10:14.763 8153 8153 E ArmVmp : Match on catch block at 0xc3 in for 0x771101b025
02-18 17:10:14.764 8153 8153 E ArmVmp : Match on catch block at 0xc3 in for 0x771101b025
02-18 17:10:14.765 8153 8153 E ArmVmp : Match on catch block at 0xc3 in for 0x771101b025
02-18 17:10:14.771 8153 8153 E ArmVmp : Match on catch block at 0xc3 in for 0x771101b025
02-18 17:10:14.777 8153 8153 E ArmVmp : Match on catch block at 0xc3 in for 0x771101b025
02-18 17:10:14.778 8153 8153 E ArmVmp : Match on catch block at 0xc3 in for 0x771101b025
02-18 17:10:14.780 8153 8153 E ArmVmp : Match on catch block at 0xc3 in for 0x771101b025
02-18 17:10:14.781 8153 8153 E ArmVmp : Match on catch block at 0xc3 in for 0x771101b025
02-18 17:10:14.782 8153 8153 E ArmVmp : Match on catch block at 0xc3 in for 0x771101b025
02-18 17:10:14.783 8153 8153 E ArmVmp : Match on catch block at 0xc3 in for 0x771101b025
02-18 17:10:14.787 8153 8153 E ArmVmp : Match on catch block at 0xc3 in for 0x771101b025
02-18 17:10:14.791 8153 8153 E ArmVmp : Match on catch block at 0xc3 in for 0x771101b025
02-18 17:10:14.792 8153 8153 E ArmVmp : Match on catch block at 0xc3 in for 0x771101b025
02-18 17:10:14.793 8153 8153 E ArmVmp : Match on catch block at 0xc3 in for 0x771101b025
02-18 17:10:14.794 8153 8153 E ArmVmp : Match o 8153 E ArmVmp : Match on catch block at 0xc3 in for
0x771101b025
02-18 17:10:14.792 8153 8153 E ArmVmp : Match on catch block at 0xc3 in for 0x771101b025
02-18 17:10:14.793 8153 8153 E ArmVmp : Match on catch block at 0xc3 in for 0x771101b025
02-18 17:10:14.794 8153 8153 E ArmVmp : Match on catch block at 0xc3 in for 0x771101b025
02-18 17:10:14.795 8153 8153 E ArmVmp : Match on catch block at 0xc3 in for 0x771101b025
02-18 17:10:14.796 8153 8153 E ArmVmp : Match on catch block at 0xc3 in for 0x771101b025
02-18 17:10:14.803 8153 8153 E ArmVmp : Match on catch block at 0xc3 in for 0x771101b025
02-18 17:10:14.808 8153 8153 E ArmVmp : Match on catch block at 0xc3 in for 0x771101b025
02-18 17:10:14.809 8153 8153 E ArmVmp : Match on catch block at 0xc3 in for 0x771101b025
02-18 17:10:14.811 8153 8153 E ArmVmp : Match on catch block at 0xc3 in for 0x771101b025
02-18 17:10:14.812 8153 8153 E ArmVmp : Match on catch block at 0xc3 in for 0x771101b025
02-18 17:10:14.813 8153 8153 E ArmVmp : Match on catch block at 0xc3 in for 0x771101b025
02-18 17:10:14.815 8153 8153 E ArmVmp : Match on catch block at 0xc3 in for 0x771101b025
02-18 17:10:15.130 8153 8153 E ArmVmp : Match on catch block at 0xc3 in for 0x771101b025
02-18 17:10:15.134 8153 8153 E ArmVmp : Match on catch block at 0xc3 in for 0x771101b025
02-18 17:10:15.136 8153 8153 E ArmVmp : Match on catch block at 0xc3 in for 0x771101b025
02-18 17:10:15.138 8153 8153 E ArmVmp : Match on catch block at 0xc3 in for 0x771101b025
02-18 17:10:15.143 8153 8153 E ArmVmp : Match on catch block at 0xc3 in for 0x771101b025
02-18 17:10:15.145 8153 8153 E ArmVmp : Match on catch block at 0xc3 in for 0x771101b025
02-18 17:10:15.146 8153 8153 E ArmVmp : Match on catch block at 0xc3 in for 0x771101b025
02-18 17:10:15.471 8153 8321 W Parcel : Expecting binder but got null!
02-18 17:10:16.930 8153 8321 W Parcel : Expecting binder but got null!
02-18 17:10:24.531 8153 8153 W BottomSheetBehavior: BottomSheetBehavior now supports multiple callbacks.
`setBottomSheetCallback()` removes all existing callbacks, including ones set internally by library authors, which
may result in unintended behavior. This may change in the future. Please use `addBottomSheetCallback()` and
`removeBottomSheetCallback()` instead to set your own callbacks.
02-18 17:10:24.567 8153 8321 W Parcel : Expecting binder but got null!
