02-14 15:42:25.537 3954 3954 E ArmVmp : Match on catch block at 0xc3 in for 0x91
02-14 15:42:25.547 3954 3954 E ArmVmp : Match on catch block at 0xc3 in for 0x91
02-14 15:42:25.553 3954 3954 E ArmVmp : Match on catch block at 0xc3 in for 0x95
02-14 15:42:25.563 3954 3954 E ArmVmp : Match on catch block at 0xc3 in for 0x95
02-14 15:42:25.570 3954 3954 E ArmVmp : Match on catch block at 0xc3 in for 0x99
02-14 15:42:25.580 3954 3954 E ArmVmp : Match on catch block at 0xc3 in for 0x99
02-14 15:42:25.586 3954 3954 E ArmVmp : Match on catch block at 0xc3 in for 0x91
02-14 15:42:25.590 3954 4690 W com.mbwhatsapp: Accessing hidden method
Lcom/android/org/conscrypt/ConscryptEngineSocket;->setUseSessionTickets(Z)V
(greylist-max-q,core-platform-api, reflection, denied)
02-14 15:42:25.591 3954 4690 W com.mbwhatsapp: Accessing hidden method
Lcom/android/org/conscrypt/OpenSSLSocketImpl;->setUseSessionTickets(Z)V (greylist-
max-q,core-platform-api, reflection, denied)
02-14 15:42:25.591 3954 4690 W com.mbwhatsapp: Accessing hidden method
Lcom/android/org/conscrypt/AbstractConscryptSocket;->setUseSessionTickets(Z)V
(greylist-max-q, reflection, denied)
02-14 15:42:25.591 3954 4690 W com.mbwhatsapp: Accessing hidden method
Lcom/android/org/conscrypt/ConscryptEngineSocket;->setHostname(Ljava/lang/String;)V
(greylist-max-q,core-platform-api, reflection, denied)
02-14 15:42:25.591 3954 4690 W com.mbwhatsapp: Accessing hidden method
Lcom/android/org/conscrypt/OpenSSLSocketImpl;->setHostname(Ljava/lang/String;)V
(greylist-max-q,core-platform-api, reflection, denied)
02-14 15:42:25.591 3954 4690 W com.mbwhatsapp: Accessing hidden method
Lcom/android/org/conscrypt/AbstractConscryptSocket;->setHostname(Ljava/lang/
String;)V (greylist-max-q, reflection, denied)
02-14 15:42:25.592 3954 4690 W com.mbwhatsapp: Accessing hidden method
Lcom/android/org/conscrypt/OpenSSLSocketImpl;->setAlpnProtocols([B)V (greylist-max-
q,core-platform-api, reflection, denied)
02-14 15:42:25.592 3954 4690 W com.mbwhatsapp: Accessing hidden method
Lcom/android/org/conscrypt/AbstractConscryptSocket;->setAlpnProtocols([B)V
(greylist-max-q, reflection, denied)
02-14 15:42:25.597 3954 3954 E ArmVmp : Match on catch block at 0xc3 in for 0x91
02-14 15:42:25.603 3954 3954 E ArmVmp : Match on catch block at 0xc3 in for 0x95
02-14 15:42:25.613 3954 3954 E ArmVmp : Match on catch block at 0xc3 in for 0x95
02-14 15:42:25.619 3954 3954 E ArmVmp : Match on catch block at 0xc3 in for 0x99
02-14 15:42:25.762 3954 3954 E ArmVmp : Match on catch block at 0xc3 in for 0x99
02-14 15:42:25.768 3954 3954 E ArmVmp : Match on catch block at 0xc3 in for 0x91
02-14 15:42:26.260 3954 3954 E ArmVmp : Match on catch block at 0xc3 in for 0x91
02-14 15:42:26.266 3954 3954 E ArmVmp : Match on catch block at 0xc3 in for 0x95
02-14 15:42:26.757 3954 3954 E ArmVmp : Match on catch block at 0xc3 in for 0x95
02-14 15:42:26.763 3954 3954 E ArmVmp : Match on catch block at 0xc3 in for 0x99
02-14 15:42:27.270 3954 3954 E ArmVmp : Match on catch block at 0xc3 in for 0x99
02-14 15:42:27.277 3954 3954 E ArmVmp : Match on catch block at 0xc3 in for 0x91
02-14 15:42:27.653 3954 3954 E ArmVmp : Match on catch block at 0xc3 in for 0x95
02-14 15:42:27.658 3954 3954 E ArmVmp : Match on catch block at 0xc3 in for 0x99
02-14 15:42:27.750 3954 3954 E ArmVmp : Match on catch block at 0xc3 in for 0x95
02-14 15:42:27.755 3954 3954 E ArmVmp : Match on catch block at 0xc3 in for 0x99
02-14 15:42:27.783 3954 3954 E ArmVmp : Match on catch block at 0xc3 in for 0x91
02-14 15:42:27.789 3954 3954 E ArmVmp : Match on catch block at 0xc3 in for 0x95
02-14 15:42:27.804 3954 3954 E ArmVmp : Match on catch block at 0xc3 in for 0x95
02-14 15:42:27.810 3954 3954 E ArmVmp : Match on catch block at 0xc3 in for 0x99
02-14 15:42:28.001 3954 3954 E ArmVmp : Match on catch block at 0xc3 in for 0x95
02-14 15:42:28.006 3954 3954 E ArmVmp : Match on catch block at 0xc3 in for 0x99
02-14 15:42:28.071 3954 3954 E ArmVmp : Match on catch block at 0xc3 in for 0x91
02-14 15:42:28.076 3954 3954 E ArmVmp : Match on catch block at 0xc3 in for 0x95
02-14 15:42:28.086 3954 3954 E ArmVmp : Match on catch block at 0xc3 in for 0x95
02-14 15:42:28.092 3954 3954 E ArmVmp : Match on catch block at 0xc3 in for 0x99
02-14 15:42:28.517 3954 3954 E ArmVmp : Match on catch block at 0xc3 in for 0x99
02-14 15:42:28.522 3954 3954 E ArmVmp : Match on catch block at 0xc3 in for 0x91
02-14 15:42:29.027 3954 3954 E ArmVmp : Match on catch block at 0xc3 in for 0x95
02-14 15:42:29.033 3954 3954 E ArmVmp : Match on catch block at 0xc3 in for 0x99
02-14 15:42:29.151 3954 3954 E ArmVmp : Match on catch block at 0xc3 in for 0x99
02-14 15:42:29.157 3954 3954 E ArmVmp : Match on catch block at 0xc3 in for 0x91
02-14 15:42:29.170 3954 3954 E ArmVmp : Match on catch block at 0xc3 in for 0x91
02-14 15:42:29.177 3954 3954 E ArmVmp : Match on catch block at 0xc3 in for 0x95
02-14 15:42:29.675 3954 3954 E ArmVmp : Match on catch block at 0xc3 in for 0x99
02-14 15:42:29.681 3954 3954 E ArmVmp : Match on catch block at 0xc3 in for 0x91
02-14 15:42:30.170 3954 3954 E ArmVmp : Match on catch block at 0xc3 in for 0x91
02-14 15:42:30.176 3954 3954 E ArmVmp : Match on catch block at 0xc3 in for 0x95
02-14 15:42:30.684 3954 3954 E ArmVmp : Match on catch block at 0xc3 in for 0x95
02-14 15:42:30.690 3954 3954 E ArmVmp : Match on catch block at 0xc3 in for 0x99
02-14 15:42:30.701 3954 3954 E ArmVmp : Match on catch block at 0xc3 in for 0x99
02-14 15:42:30.706 3954 3954 E ArmVmp : Match on catch block at 0xc3 in for 0x91
02-14 15:42:30.718 3954 3954 E ArmVmp : Match on catch block at 0xc3 in for 0x91
02-14 15:42:30.723 3954 3954 E ArmVmp : Match on catch block at 0xc3 in for 0x95
02-14 15:42:30.734 3954 3954 E ArmVmp : Match on catch block at 0xc3 in for 0x95
02-14 15:42:30.740 3954 3954 E ArmVmp : Match on catch block at 0xc3 in for 0x99
02-14 15:42:30.751 3954 3954 E ArmVmp : Match on catch block at 0xc3 in for 0x99
02-14 15:42:30.757 3954 3954 E ArmVmp : Match on catch block at 0xc3 in for 0x91
02-14 15:42:30.767 3954 3954 E ArmVmp : Match on catch block at 0xc3 in for 0x91
02-14 15:42:30.773 3954 3954 E ArmVmp : Match on catch block at 0xc3 in for 0x95
02-14 15:42:30.784 3954 3954 E ArmVmp : Match on catch block at 0xc3 in for 0x95
02-14 15:42:30.790 3954 3954 E ArmVmp : Match on catch block at 0xc3 in for 0x99
02-14 15:42:30.800 3954 3954 E ArmVmp : Match on catch block at 0xc3 in for 0x99
02-14 15:42:30.806 3954 3954 E ArmVmp : Match on catch block at 0xc3 in for 0x91
02-14 15:42:30.817 3954 3954 E ArmVmp : Match on catch block at 0xc3 in for 0x91
02-14 15:42:30.823 3954 3954 E ArmVmp : Match on catch block at 0xc3 in for 0x95
02-14 15:42:30.834 3954 3954 E ArmVmp : Match on catch block at 0xc3 in for 0x95
02-14 15:42:30.840 3954 3954 E ArmVmp : Match on catch block at 0xc3 in for 0x99
02-14 15:42:30.850 3954 3954 E ArmVmp : Match on catch block at 0xc3 in for 0x99
02-14 15:42:30.857 3954 3954 E ArmVmp : Match on catch block at 0xc3 in for 0x91
02-14 15:42:30.867 3954 3954 E ArmVmp : Match on catch block at 0xc3 in for 0x91
02-14 15:42:30.874 3954 3954 E ArmVmp : Match on catch block at 0xc3 in for 0x95
02-14 15:42:30.883 3954 3954 E ArmVmp : Match on catch block at 0xc3 in for 0x95
02-14 15:42:30.892 3954 3954 E ArmVmp : Match on catch block at 0xc3 in for 0x99
02-14 15:42:30.900 3954 3954 E ArmVmp : Match on catch block at 0xc3 in for 0x99
02-14 15:42:30.906 3954 3954 E ArmVmp : Match on catch block at 0xc3 in for 0x91
02-14 15:42:30.917 3954 3954 E ArmVmp : Match on catch block at 0xc3 in for 0x95
02-14 15:42:30.922 3954 3954 E ArmVmp : Match on catch block at 0xc3 in for 0x99
02-14 15:42:30.933 3954 3954 E ArmVmp : Match on catch block at 0xc3 in for 0x99
02-14 15:42:30.940 3954 3954 E ArmVmp : Match on catch block at 0xc3 in for 0x91
02-14 15:42:30.950 3954 3954 E ArmVmp : Match on catch block at 0xc3 in for 0x91
02-14 15:42:30.956 3954 3954 E ArmVmp : Match on catch block at 0xc3 in for 0x95
02-14 15:42:30.966 3954 3954 E ArmVmp : Match on catch block at 0xc3 in for 0x95
02-14 15:42:30.973 3954 3954 E ArmVmp : Match on catch block at 0xc3 in for 0x99
02-14 15:42:30.983 3954 3954 E ArmVmp : Match on catch block at 0xc3 in for 0x99
02-14 15:42:30.991 3954 3954 E ArmVmp : Match on catch block at 0xc3 in for 0x91
02-14 15:42:30.999 3954 3954 E ArmVmp : Match on catch block at 0xc3 in for 0x91
02-14 15:42:31.006 3954 3954 E ArmVmp : Match on catch block at 0xc3 in for 0x95
02-14 15:42:31.215 3954 3954 E ArmVmp : Match on catch block at 0xc3 in for 0x95
02-14 15:42:31.221 3954 3954 E ArmVmp : Match on catch block at 0xc3 in for 0x99
02-14 15:42:31.431 3954 3954 E ArmVmp : Match on catch block at 0xc3 in for 0x99
02-14 15:42:31.437 3954 3954 E ArmVmp : Match on catch block at 0xc3 in for 0x91
02-14 15:42:31.447 3954 3954 E ArmVmp : Match on catch block at 0xc3 in for 0x91
02-14 15:42:31.453 3954 3954 E ArmVmp : Match on catch block at 0xc3 in for 0x95
02-14 15:42:31.961 3954 3954 E ArmVmp : Match on catch block at 0xc3 in for 0x99
02-14 15:42:31.967 3954 3954 E ArmVmp : Match on catch block at 0xc3 in for 0x91
02-14 15:42:32.375 3954 3954 E ArmVmp : Match on catch block at 0xc3 in for 0x91
02-14 15:42:32.380 3954 3954 E ArmVmp : Match on catch block at 0xc3 in for 0x95
02-14 15:42:32.739 3954 3954 E ArmVmp : Match on catch block at 0xc3 in for 0x99
02-14 15:42:32.745 3954 3954 E ArmVmp : Match on catch block at 0xc3 in for 0x91
02-14 15:42:33.237 3954 3954 E ArmVmp : Match on catch block at 0xc3 in for 0x95
02-14 15:42:33.242 3954 3954 E ArmVmp : Match on catch block at 0xc3 in for 0x99
02-14 15:42:33.751 3954 3954 E ArmVmp : Match on catch block at 0xc3 in for 0x99
02-14 15:42:33.756 3954 3954 E ArmVmp : Match on catch block at 0xc3 in for 0x91
02-14 15:42:34.248 3954 3954 E ArmVmp : Match on catch block at 0xc3 in for 0x91
02-14 15:42:34.254 3954 3954 E ArmVmp : Match on catch block at 0xc3 in for 0x95
02-14 15:42:34.745 3954 3954 E ArmVmp : Match on catch block at 0xc3 in for 0x95
02-14 15:42:34.751 3954 3954 E ArmVmp : Match on catch block at 0xc3 in for 0x99
02-14 15:42:35.242 3954 3954 E ArmVmp : Match on catch block at 0xc3 in for 0x99
02-14 15:42:35.248 3954 3954 E ArmVmp : Match on catch block at 0xc3 in for 0x91
02-14 15:42:35.740 3954 3954 E ArmVmp : Match on catch block at 0xc3 in for 0x91
02-14 15:42:35.747 3954 3954 E ArmVmp : Match on catch block at 0xc3 in for 0x95
02-14 15:42:36.253 3954 3954 E ArmVmp : Match on catch block at 0xc3 in for 0x95
02-14 15:42:36.259 3954 3954 E ArmVmp : Match on catch block at 0xc3 in for 0x99
02-14 15:42:36.750 3954 3954 E ArmVmp : Match on catch block at 0xc3 in for 0x99
02-14 15:42:36.756 3954 3954 E ArmVmp : Match on catch block at 0xc3 in for 0x91
02-14 15:42:37.024 3954 3954 E ArmVmp : Match on catch block at 0xc3 in for 0x91
02-14 15:42:37.029 3954 3954 E ArmVmp : Match on catch block at 0xc3 in for 0x95
02-14 15:42:37.040 3954 3954 E ArmVmp : Match on catch block at 0xc3 in for 0x95
02-14 15:42:37.047 3954 3954 E ArmVmp : Match on catch block at 0xc3 in for 0x99
02-14 15:42:37.446 3954 3954 E ArmVmp : Match on catch block at 0xc3 in for 0x91
02-14 15:42:37.452 3954 3954 E ArmVmp : Match on catch block at 0xc3 in for 0x95
02-14 15:42:37.944 3954 3954 E ArmVmp : Match on catch block at 0xc3 in for 0x99
02-14 15:42:37.950 3954 3954 E ArmVmp : Match on catch block at 0xc3 in for 0x91
02-14 15:42:38.458 3954 3954 E ArmVmp : Match on catch block at 0xc3 in for 0x91
02-14 15:42:38.464 3954 3954 E ArmVmp : Match on catch block at 0xc3 in for 0x95
02-14 15:42:38.607 3954 3954 E ArmVmp : Match on catch block at 0xc3 in for 0x95
02-14 15:42:38.613 3954 3954 E ArmVmp : Match on catch block at 0xc3 in for 0x99
02-14 15:42:38.623 3954 3954 E ArmVmp : Match on catch block at 0xc3 in for 0x99
02-14 15:42:38.629 3954 3954 E ArmVmp : Match on catch block at 0xc3 in for 0x91
02-14 15:42:38.640 3954 3954 E ArmVmp : Match on catch block at 0xc3 in for 0x91
02-14 15:42:38.647 3954 3954 E ArmVmp : Match on catch block at 0xc3 in for 0x95
02-14 15:42:38.656 3954 3954 E ArmVmp : Match on catch block at 0xc3 in for 0x95
02-14 15:42:38.662 3954 3954 E ArmVmp : Match on catch block at 0xc3 in for 0x99
02-14 15:42:38.673 3954 3954 E ArmVmp : Match on catch block at 0xc3 in for 0x99
02-14 15:42:38.679 3954 3954 E ArmVmp : Match on catch block at 0xc3 in for 0x91
02-14 15:42:38.689 3954 3954 E ArmVmp : Match on catch block at 0xc3 in for 0x91
02-14 15:42:38.696 3954 3954 E ArmVmp : Match on catch block at 0xc3 in for 0x95
02-14 15:42:38.706 3954 3954 E ArmVmp : Match on catch block at 0xc3 in for 0x95
02-14 15:42:38.713 3954 3954 E ArmVmp : Match on catch block at 0xc3 in for 0x99
02-14 15:42:38.723 3954 3954 E ArmVmp : Match on catch block at 0xc3 in for 0x99
02-14 15:42:38.730 3954 3954 E ArmVmp : Match on catch block at 0xc3 in for 0x91
02-14 15:42:38.739 3954 3954 E ArmVmp : Match on catch block at 0xc3 in for 0x91
02-14 15:42:38.745 3954 3954 E ArmVmp : Match on catch block at 0xc3 in for 0x95
02-14 15:42:38.756 3954 3954 E ArmVmp : Match on catch block at 0xc3 in for 0x95
02-14 15:42:38.762 3954 3954 E ArmVmp : Match on catch block at 0xc3 in for 0x99
02-14 15:42:38.772 3954 3954 E ArmVmp : Match on catch block at 0xc3 in for 0x99
02-14 15:42:38.778 3954 3954 E ArmVmp : Match on catch block at 0xc3 in for 0x91
02-14 15:42:38.789 3954 3954 E ArmVmp : Match on catch block at 0xc3 in for 0x91
02-14 15:42:38.795 3954 3954 E ArmVmp : Match on catch block at 0xc3 in for 0x95
02-14 15:42:38.805 3954 3954 E ArmVmp : Match on catch block at 0xc3 in for 0x95
02-14 15:42:38.811 3954 3954 E ArmVmp : Match on catch block at 0xc3 in for 0x99
02-14 15:42:38.822 3954 3954 E ArmVmp : Match on catch block at 0xc3 in for 0x99
02-14 15:42:38.828 3954 3954 E ArmVmp : Match on catch block at 0xc3 in for 0x91
02-14 15:42:38.838 3954 3954 E ArmVmp : Match on catch block at 0xc3 in for 0x91
02-14 15:42:38.845 3954 3954 E ArmVmp : Match on catch block at 0xc3 in for 0x95
02-14 15:42:38.855 3954 3954 E ArmVmp : Match on catch block at 0xc3 in for 0x95
02-14 15:42:38.861 3954 3954 E ArmVmp : Match on catch block at 0xc3 in for 0x99
02-14 15:42:38.955 3954 3954 E ArmVmp : Match on catch block at 0xc3 in for 0x99
02-14 15:42:38.962 3954 3954 E ArmVmp : Match on catch block at 0xc3 in for 0x91
02-14 15:42:39.453 3954 3954 E ArmVmp : Match on catch block at 0xc3 in for 0x91
02-14 15:42:39.459 3954 3954 E ArmVmp : Match on catch block at 0xc3 in for 0x95
02-14 15:42:39.949 3954 3954 E ArmVmp : Match on catch block at 0xc3 in for 0x95
02-14 15:42:39.955 3954 3954 E ArmVmp : Match on catch block at 0xc3 in for 0x99
02-14 15:42:40.446 3954 3954 E ArmVmp : Match on catch block at 0xc3 in for 0x99
02-14 15:42:40.452 3954 3954 E ArmVmp : Match on catch block at 0xc3 in for 0x91
02-14 15:42:40.944 3954 3954 E ArmVmp : Match on catch block at 0xc3 in for 0x99
02-14 15:42:40.950 3954 3954 E ArmVmp : Match on catch block at 0xc3 in for 0x91
02-14 15:42:40.976 3954 3954 E ArmVmp : Match on catch block at 0xc3 in for 0x99
02-14 15:42:40.982 3954 3954 E ArmVmp : Match on catch block at 0xc3 in for 0x91
02-14 15:42:41.023 3954 3954 E ArmVmp : Match on catch block at 0xc3 in for 0x99
02-14 15:42:41.030 3954 3954 E ArmVmp : Match on catch block at 0xc3 in for 0x91
02-14 15:42:41.057 3954 3954 E ArmVmp : Match on catch block at 0xc3 in for 0x95
02-14 15:42:41.064 3954 3954 E ArmVmp : Match on catch block at 0xc3 in for 0x99
02-14 15:42:41.079 3954 3954 E ArmVmp : Match on catch block at 0xc3 in for 0x99
02-14 15:42:41.085 3954 3954 E ArmVmp : Match on catch block at 0xc3 in for 0x91
02-14 15:42:41.173 3954 3954 E ArmVmp : Match on catch block at 0xc3 in for 0x95
02-14 15:42:41.179 3954 3954 E ArmVmp : Match on catch block at 0xc3 in for 0x99
02-14 15:42:41.219 3954 3954 E ArmVmp : Match on catch block at 0xc3 in for 0x91
02-14 15:42:41.225 3954 3954 E ArmVmp : Match on catch block at 0xc3 in for 0x95
02-14 15:42:41.253 3954 3954 E ArmVmp : Match on catch block at 0xc3 in for 0x95
02-14 15:42:41.260 3954 3954 E ArmVmp : Match on catch block at 0xc3 in for 0x99
02-14 15:42:41.269 3954 3954 E ArmVmp : Match on catch block at 0xc3 in for 0x99
02-14 15:42:41.277 3954 3954 E ArmVmp : Match on catch block at 0xc3 in for 0x91
02-14 15:42:41.513 3954 3954 E ArmVmp : Match on catch block at 0xc3 in for 0x95
02-14 15:42:41.518 3954 3954 E ArmVmp : Match on catch block at 0xc3 in for 0x99
02-14 15:42:41.529 3954 3954 E ArmVmp : Match on catch block at 0xc3 in for 0x99
02-14 15:42:41.534 3954 4695 W MediaPlayer: Use of stream types is deprecated for
operations other than volume control
02-14 15:42:41.534 3954 3954 E ArmVmp : Match on catch block at 0xc3 in for 0x91
02-14 15:42:41.534 3954 4695 W MediaPlayer: See the documentation of
setAudioStreamType() for what to use instead with android.media.AudioAttributes to
qualify your playback use case
02-14 15:42:41.944 3954 3954 E ArmVmp : Match on catch block at 0xc3 in for 0x91
02-14 15:42:41.949 3954 3954 E ArmVmp : Match on catch block at 0xc3 in for 0x95
02-14 15:42:41.971 3954 3954 E ArmVmp : Match on catch block at 0xc3 in for 0x99
02-14 15:42:41.976 3954 3954 E ArmVmp : Match on catch block at 0xc3 in for 0x91
02-14 15:42:41.995 3954 3954 E ArmVmp : Match on catch block at 0xc3 in for 0x91
02-14 15:42:42.000 3954 3954 E ArmVmp : Match on catch block at 0xc3 in for 0x95
02-14 15:42:42.038 3954 3954 E ArmVmp : Match on catch block at 0xc3 in for 0x99
02-14 15:42:42.043 3954 3954 E ArmVmp : Match on catch block at 0xc3 in for 0x91
02-14 15:42:42.236 3954 3954 E ArmVmp : Match on catch block at 0xc3 in for 0x91
02-14 15:42:42.242 3954 3954 E ArmVmp : Match on catch block at 0xc3 in for 0x95
02-14 15:42:42.980 3954 3954 E ArmVmp : Match on catch block at 0xc3 in for 0x95
02-14 15:42:42.986 3954 3954 E ArmVmp : Match on catch block at 0xc3 in for 0x99
02-14 15:42:43.060 3954 3954 E ArmVmp : Match on catch block at 0xc3 in for 0x91
02-14 15:42:43.065 3954 3954 E ArmVmp : Match on catch block at 0xc3 in for 0x95
02-14 15:42:43.112 3954 3954 E ArmVmp : Match on catch block at 0xc3 in for 0x95
02-14 15:42:43.117 3954 3954 E ArmVmp : Match on catch block at 0xc3 in for 0x99
02-14 15:42:43.144 3954 3954 E ArmVmp : Match on catch block at 0xc3 in for 0x99
02-14 15:42:43.153 3954 3954 E ArmVmp : Match on catch block at 0xc3 in for 0x91
02-14 15:42:43.185 3954 3954 E ArmVmp : Match on catch block at 0xc3 in for 0x91
02-14 15:42:43.192 3954 3954 E ArmVmp : Match on catch block at 0xc3 in for 0x95
02-14 15:42:43.202 3954 3954 E ArmVmp : Match on catch block at 0xc3 in for 0x91
02-14 15:42:43.208 3954 3954 E ArmVmp : Match on catch block at 0xc3 in for 0x95
02-14 15:42:43.231 3954 3954 E ArmVmp : Match on catch block at 0xc3 in for 0x95
02-14 15:42:43.240 3954 3954 E ArmVmp : Match on catch block at 0xc3 in for 0x99
02-14 15:42:43.291 3954 3954 E ArmVmp : Match on catch block at 0xc3 in for 0x99
02-14 15:42:43.297 3954 3954 E ArmVmp : Match on catch block at 0xc3 in for 0x91
02-14 15:42:43.319 3954 3954 E ArmVmp : Match on catch block at 0xc3 in for 0x99
02-14 15:42:43.325 3954 3954 E ArmVmp : Match on catch block at 0xc3 in for 0x91
02-14 15:42:43.353 3954 3954 E ArmVmp : Match on catch block at 0xc3 in for 0x95
02-14 15:42:43.359 3954 3954 E ArmVmp : Match on catch block at 0xc3 in for 0x99
02-14 15:42:43.395 3954 3954 E ArmVmp : Match on catch block at 0xc3 in for 0x91
02-14 15:42:43.404 3954 3954 E ArmVmp : Match on catch block at 0xc3 in for 0x95
02-14 15:42:43.420 3954 3954 E ArmVmp : Match on catch block at 0xc3 in for 0x91
02-14 15:42:43.425 3954 3954 E ArmVmp : Match on catch block at 0xc3 in for 0x95
02-14 15:42:43.513 3954 3954 E ArmVmp : Match on catch block at 0xc3 in for 0x95
02-14 15:42:43.518 3954 3954 E ArmVmp : Match on catch block at 0xc3 in for 0x99
02-14 15:42:44.010 3954 3954 E ArmVmp : Match on catch block at 0xc3 in for 0x95
02-14 15:42:44.017 3954 3954 E ArmVmp : Match on catch block at 0xc3 in for 0x99
02-14 15:42:44.294 3954 3954 W InputEventReceiver: Attempted to finish an input
event but the input event receiver has already been disposed.
02-14 15:42:44.299 3954 3954 E ArmVmp : Match on catch block at 0xc3 in for 0x95
02-14 15:42:44.304 3954 3954 E ArmVmp : Match on catch block at 0xc3 in for 0x99
02-14 15:42:44.447 3954 3954 E Dialog : show dialog
view=DecorView@35a28b[Conversation]
02-14 15:42:44.496 3954 3954 E ArmVmp : Match on catch block at 0xc3 in for 0x95
02-14 15:42:44.501 3954 3954 E ArmVmp : Match on catch block at 0xc3 in for 0x99
02-14 15:42:44.523 3954 3954 E ArmVmp : Match on catch block at 0xc3 in for 0x99
02-14 15:42:44.529 3954 3954 E ArmVmp : Match on catch block at 0xc3 in for 0x91
02-14 15:42:44.922 3954 3954 E ArmVmp : Match on catch block at 0xc3 in for 0x91
02-14 15:42:44.928 3954 3954 E ArmVmp : Match on catch block at 0xc3 in for 0x95
02-14 15:42:44.938 3954 3954 E ArmVmp : Match on catch block at 0xc3 in for 0x95
02-14 15:42:44.944 3954 3954 E ArmVmp : Match on catch block at 0xc3 in for 0x99
02-14 15:42:44.954 3954 3954 E ArmVmp : Match on catch block at 0xc3 in for 0x99
02-14 15:42:44.960 3954 3954 E ArmVmp : Match on catch block at 0xc3 in for 0x91
02-14 15:42:44.971 3954 3954 E ArmVmp : Match on catch block at 0xc3 in for 0x91
02-14 15:42:44.976 3954 3954 E ArmVmp : Match on catch block at 0xc3 in for 0x95
02-14 15:42:44.987 3954 3954 E ArmVmp : Match on catch block at 0xc3 in for 0x95
02-14 15:42:44.994 3954 3954 E ArmVmp : Match on catch block at 0xc3 in for 0x99
02-14 15:42:45.004 3954 3954 E ArmVmp : Match on catch block at 0xc3 in for 0x99
02-14 15:42:45.011 3954 3954 E ArmVmp : Match on catch block at 0xc3 in for 0x91
02-14 15:42:45.020 3954 3954 E ArmVmp : Match on catch block at 0xc3 in for 0x91
02-14 15:42:45.027 3954 3954 E ArmVmp : Match on catch block at 0xc3 in for 0x95
02-14 15:42:45.037 3954 3954 E ArmVmp : Match on catch block at 0xc3 in for 0x95
02-14 15:42:45.043 3954 3954 E ArmVmp : Match on catch block at 0xc3 in for 0x99
02-14 15:42:45.054 3954 3954 E ArmVmp : Match on catch block at 0xc3 in for 0x99
02-14 15:42:45.062 3954 3954 E ArmVmp : Match on catch block at 0xc3 in for 0x91
02-14 15:42:45.070 3954 3954 E ArmVmp : Match on catch block at 0xc3 in for 0x91
02-14 15:42:45.080 3954 3954 E ArmVmp : Match on catch block at 0xc3 in for 0x95
02-14 15:42:45.087 3954 3954 E ArmVmp : Match on catch block at 0xc3 in for 0x95
02-14 15:42:45.094 3954 3954 E ArmVmp : Match on catch block at 0xc3 in for 0x99
02-14 15:42:45.103 3954 3954 E ArmVmp : Match on catch block at 0xc3 in for 0x99
02-14 15:42:45.110 3954 3954 E ArmVmp : Match on catch block at 0xc3 in for 0x91
02-14 15:42:45.120 3954 3954 E ArmVmp : Match on catch block at 0xc3 in for 0x91
02-14 15:42:45.126 3954 3954 E ArmVmp : Match on catch block at 0xc3 in for 0x95
02-14 15:42:45.136 3954 3954 E ArmVmp : Match on catch block at 0xc3 in for 0x95
02-14 15:42:45.142 3954 3954 E ArmVmp : Match on catch block at 0xc3 in for 0x99
02-14 15:42:45.153 3954 3954 E ArmVmp : Match on catch block at 0xc3 in for 0x99
02-14 15:42:45.158 3954 3954 E ArmVmp : Match on catch block at 0xc3 in for 0x91
02-14 15:42:45.170 3954 3954 E ArmVmp : Match on catch block at 0xc3 in for 0x91
02-14 15:42:45.175 3954 3954 E ArmVmp : Match on catch block at 0xc3 in for 0x95
02-14 15:42:45.186 3954 3954 E ArmVmp : Match on catch block at 0xc3 in for 0x95
02-14 15:42:45.192 3954 3954 E ArmVmp : Match on catch block at 0xc3 in for 0x99
02-14 15:42:46.121 3954 3954 E ArmVmp : Match on catch block at 0xc3 in for 0x91
02-14 15:42:46.127 3954 3954 E ArmVmp : Match on catch block at 0xc3 in for 0x95
02-14 15:42:46.141 3954 3954 E ArmVmp : Match on catch block at 0xc3 in for 0x95
02-14 15:42:46.147 3954 3954 E ArmVmp : Match on catch block at 0xc3 in for 0x99
02-14 15:42:46.173 3954 3954 E ArmVmp : Match on catch block at 0xc3 in for 0x91
02-14 15:42:46.177 3954 3954 E ArmVmp : Match on catch block at 0xc3 in for 0x95
02-14 15:42:46.286 3954 3954 E ArmVmp : Match on catch block at 0xc3 in for 0x95
02-14 15:42:46.291 3954 3954 E ArmVmp : Match on catch block at 0xc3 in for 0x99
02-14 15:42:46.329 3954 3954 E ArmVmp : Match on catch block at 0xc3 in for 0x99
02-14 15:42:46.334 3954 3954 E ArmVmp : Match on catch block at 0xc3 in for 0x91
02-14 15:42:46.350 3954 3954 E ArmVmp : Match on catch block at 0xc3 in for 0x91
02-14 15:42:46.355 3954 3954 E ArmVmp : Match on catch block at 0xc3 in for 0x95
02-14 15:42:46.363 3954 3954 E ArmVmp : Match on catch block at 0xc3 in for 0x95
02-14 15:42:46.369 3954 3954 E ArmVmp : Match on catch block at 0xc3 in for 0x99
02-14 15:42:46.380 3954 3954 E ArmVmp : Match on catch block at 0xc3 in for 0x99
02-14 15:42:46.385 3954 3954 E ArmVmp : Match on catch block at 0xc3 in for 0x91
02-14 15:42:46.397 3954 3954 E ArmVmp : Match on catch block at 0xc3 in for 0x91
02-14 15:42:46.401 3954 3954 E ArmVmp : Match on catch block at 0xc3 in for 0x95
02-14 15:42:46.413 3954 3954 E ArmVmp : Match on catch block at 0xc3 in for 0x95
02-14 15:42:46.417 3954 3954 E ArmVmp : Match on catch block at 0xc3 in for 0x99
02-14 15:42:46.429 3954 3954 E ArmVmp : Match on catch block at 0xc3 in for 0x99
02-14 15:42:46.435 3954 3954 E ArmVmp : Match on catch block at 0xc3 in for 0x91
02-14 15:42:46.448 3954 3954 E ArmVmp : Match on catch block at 0xc3 in for 0x91
02-14 15:42:46.453 3954 3954 E ArmVmp : Match on catch block at 0xc3 in for 0x95
02-14 15:42:46.584 3954 3954 E ArmVmp : Match on catch block at 0xc3 in for 0x95
02-14 15:42:46.589 3954 3954 E ArmVmp : Match on catch block at 0xc3 in for 0x99
02-14 15:42:46.599 3954 3954 E ArmVmp : Match on catch block at 0xc3 in for 0x99
02-14 15:42:46.602 3954 4695 W MediaPlayer: Use of stream types is deprecated for
operations other than volume control
02-14 15:42:46.602 3954 4695 W MediaPlayer: See the documentation of
setAudioStreamType() for what to use instead with android.media.AudioAttributes to
qualify your playback use case
02-14 15:42:46.606 3954 3954 E ArmVmp : Match on catch block at 0xc3 in for 0x91
02-14 15:42:46.678 3954 3954 E ArmVmp : Match on catch block at 0xc3 in for 0x99
02-14 15:42:46.683 3954 3954 E ArmVmp : Match on catch block at 0xc3 in for 0x91
02-14 15:42:46.998 3954 3954 E ArmVmp : Match on catch block at 0xc3 in for 0x95
02-14 15:42:47.003 3954 3954 E ArmVmp : Match on catch block at 0xc3 in for 0x99
02-14 15:42:47.021 3954 3954 E ArmVmp : Match on catch block at 0xc3 in for 0x91
02-14 15:42:47.026 3954 3954 E ArmVmp : Match on catch block at 0xc3 in for 0x95
02-14 15:42:47.042 3954 3954 E ArmVmp : Match on catch block at 0xc3 in for 0x95
02-14 15:42:47.047 3954 3954 E ArmVmp : Match on catch block at 0xc3 in for 0x99
02-14 15:42:47.175 3954 3954 E ArmVmp : Match on catch block at 0xc3 in for 0x91
02-14 15:42:47.181 3954 3954 E ArmVmp : Match on catch block at 0xc3 in for 0x95
02-14 15:42:47.672 3954 3954 E ArmVmp : Match on catch block at 0xc3 in for 0x95
02-14 15:42:47.678 3954 3954 E ArmVmp : Match on catch block at 0xc3 in for 0x99
02-14 15:42:48.169 3954 3954 E ArmVmp : Match on catch block at 0xc3 in for 0x99
02-14 15:42:48.175 3954 3954 E ArmVmp : Match on catch block at 0xc3 in for 0x91
02-14 15:42:48.617 3954 3954 E ArmVmp : Match on catch block at 0xc3 in for 0x91
02-14 15:42:48.623 3954 3954 E ArmVmp : Match on catch block at 0xc3 in for 0x95
02-14 15:42:48.634 3954 3954 E ArmVmp : Match on catch block at 0xc3 in for 0x95
02-14 15:42:48.640 3954 3954 E ArmVmp : Match on catch block at 0xc3 in for 0x99
02-14 15:42:48.650 3954 3954 E ArmVmp : Match on catch block at 0xc3 in for 0x99
02-14 15:42:48.657 3954 3954 E ArmVmp : Match on catch block at 0xc3 in for 0x91
02-14 15:42:48.666 3954 3954 E ArmVmp : Match on catch block at 0xc3 in for 0x91
02-14 15:42:48.673 3954 3954 E ArmVmp : Match on catch block at 0xc3 in for 0x95
02-14 15:42:48.683 3954 3954 E ArmVmp : Match on catch block at 0xc3 in for 0x95
02-14 15:42:48.689 3954 3954 E ArmVmp : Match on catch block at 0xc3 in for 0x99
02-14 15:42:48.700 3954 3954 E ArmVmp : Match on catch block at 0xc3 in for 0x99
02-14 15:42:48.706 3954 3954 E ArmVmp : Match on catch block at 0xc3 in for 0x91
02-14 15:42:48.717 3954 3954 E ArmVmp : Match on catch block at 0xc3 in for 0x91
02-14 15:42:48.723 3954 3954 E ArmVmp : Match on catch block at 0xc3 in for 0x95
02-14 15:42:48.733 3954 3954 E ArmVmp : Match on catch block at 0xc3 in for 0x95
02-14 15:42:48.739 3954 3954 E ArmVmp : Match on catch block at 0xc3 in for 0x99
02-14 15:42:48.750 3954 3954 E ArmVmp : Match on catch block at 0xc3 in for 0x99
02-14 15:42:48.756 3954 3954 E ArmVmp : Match on catch block at 0xc3 in for 0x91
02-14 15:42:48.766 3954 3954 E ArmVmp : Match on catch block at 0xc3 in for 0x91
02-14 15:42:48.772 3954 3954 E ArmVmp : Match on catch block at 0xc3 in for 0x95
02-14 15:42:48.783 3954 3954 E ArmVmp : Match on catch block at 0xc3 in for 0x95
02-14 15:42:48.789 3954 3954 E ArmVmp : Match on catch block at 0xc3 in for 0x99
02-14 15:42:48.799 3954 3954 E ArmVmp : Match on catch block at 0xc3 in for 0x99
02-14 15:42:48.806 3954 3954 E ArmVmp : Match on catch block at 0xc3 in for 0x91
02-14 15:42:48.816 3954 3954 E ArmVmp : Match on catch block at 0xc3 in for 0x91
02-14 15:42:48.822 3954 3954 E ArmVmp : Match on catch block at 0xc3 in for 0x95
02-14 15:42:48.832 3954 3954 E ArmVmp : Match on catch block at 0xc3 in for 0x95
02-14 15:42:48.839 3954 3954 E ArmVmp : Match on catch block at 0xc3 in for 0x99
02-14 15:42:48.849 3954 3954 E ArmVmp : Match on catch block at 0xc3 in for 0x99
02-14 15:42:48.855 3954 3954 E ArmVmp : Match on catch block at 0xc3 in for 0x91
02-14 15:42:48.865 3954 3954 E ArmVmp : Match on catch block at 0xc3 in for 0x91
02-14 15:42:48.871 3954 3954 E ArmVmp : Match on catch block at 0xc3 in for 0x95
02-14 15:42:48.882 3954 3954 E ArmVmp : Match on catch block at 0xc3 in for 0x95
02-14 15:42:48.888 3954 3954 E ArmVmp : Match on catch block at 0xc3 in for 0x99
02-14 15:42:49.197 3954 3954 E ArmVmp : Match on catch block at 0xc3 in for 0x99
02-14 15:42:49.202 3954 3954 E ArmVmp : Match on catch block at 0xc3 in for 0x91
02-14 15:42:49.694 3954 3954 E ArmVmp : Match on catch block at 0xc3 in for 0x91
02-14 15:42:49.700 3954 3954 E ArmVmp : Match on catch block at 0xc3 in for 0x95
02-14 15:42:50.193 3954 3954 E ArmVmp : Match on catch block at 0xc3 in for 0x95
02-14 15:42:50.198 3954 3954 E ArmVmp : Match on catch block at 0xc3 in for 0x99
02-14 15:42:50.689 3954 3954 E ArmVmp : Match on catch block at 0xc3 in for 0x99
02-14 15:42:50.695 3954 3954 E ArmVmp : Match on catch block at 0xc3 in for 0x91
02-14 15:42:50.795 3954 4690 W com.mbwhatsapp: Accessing hidden method
Lcom/android/org/conscrypt/ConscryptEngineSocket;->setUseSessionTickets(Z)V
(greylist-max-q,core-platform-api, reflection, denied)
02-14 15:42:50.795 3954 4690 W com.mbwhatsapp: Accessing hidden method
Lcom/android/org/conscrypt/OpenSSLSocketImpl;->setUseSessionTickets(Z)V (greylist-
max-q,core-platform-api, reflection, denied)
02-14 15:42:50.795 3954 4690 W com.mbwhatsapp: Accessing hidden method
Lcom/android/org/conscrypt/AbstractConscryptSocket;->setUseSessionTickets(Z)V
(greylist-max-q, reflection, denied)
02-14 15:42:50.796 3954 4690 W com.mbwhatsapp: Accessing hidden method
Lcom/android/org/conscrypt/ConscryptEngineSocket;->setHostname(Ljava/lang/String;)V
(greylist-max-q,core-platform-api, reflection, denied)
02-14 15:42:50.796 3954 4690 W com.mbwhatsapp: Accessing hidden method
Lcom/android/org/conscrypt/OpenSSLSocketImpl;->setHostname(Ljava/lang/String;)V
(greylist-max-q,core-platform-api, reflection, denied)
02-14 15:42:50.796 3954 4690 W com.mbwhatsapp: Accessing hidden method
Lcom/android/org/conscrypt/AbstractConscryptSocket;->setHostname(Ljava/lang/
String;)V (greylist-max-q, reflection, denied)
02-14 15:42:50.796 3954 4690 W com.mbwhatsapp: Accessing hidden method
Lcom/android/org/conscrypt/OpenSSLSocketImpl;->setAlpnProtocols([B)V (greylist-max-
q,core-platform-api, reflection, denied)
02-14 15:42:50.796 3954 4690 W com.mbwhatsapp: Accessing hidden method
Lcom/android/org/conscrypt/AbstractConscryptSocket;->setAlpnProtocols([B)V
(greylist-max-q, reflection, denied)
02-14 15:42:51.185 3954 3954 E ArmVmp : Match on catch block at 0xc3 in for 0x91
02-14 15:42:51.192 3954 3954 E ArmVmp : Match on catch block at 0xc3 in for 0x95
02-14 15:42:51.699 3954 3954 E ArmVmp : Match on catch block at 0xc3 in for 0x95
02-14 15:42:51.705 3954 3954 E ArmVmp : Match on catch block at 0xc3 in for 0x99
02-14 15:42:52.197 3954 3954 E ArmVmp : Match on catch block at 0xc3 in for 0x99
02-14 15:42:52.203 3954 3954 E ArmVmp : Match on catch block at 0xc3 in for 0x91
02-14 15:42:52.694 3954 3954 E ArmVmp : Match on catch block at 0xc3 in for 0x91
02-14 15:42:52.700 3954 3954 E ArmVmp : Match on catch block at 0xc3 in for 0x95
02-14 15:42:53.191 3954 3954 E ArmVmp : Match on catch block at 0xc3 in for 0x95
02-14 15:42:53.197 3954 3954 E ArmVmp : Match on catch block at 0xc3 in for 0x99
02-14 15:42:53.705 3954 3954 E ArmVmp : Match on catch block at 0xc3 in for 0x99
02-14 15:42:53.710 3954 3954 E ArmVmp : Match on catch block at 0xc3 in for 0x91
02-14 15:42:54.202 3954 3954 E ArmVmp : Match on catch block at 0xc3 in for 0x91
02-14 15:42:54.209 3954 3954 E ArmVmp : Match on catch block at 0xc3 in for 0x95
02-14 15:42:54.699 3954 3954 E ArmVmp : Match on catch block at 0xc3 in for 0x95
02-14 15:42:54.705 3954 3954 E ArmVmp : Match on catch block at 0xc3 in for 0x99
02-14 15:42:54.915 3954 3954 E ArmVmp : Match on catch block at 0xc3 in for 0x99
02-14 15:42:54.925 3954 3954 E ArmVmp : Match on catch block at 0xc3 in for 0x91
02-14 15:42:55.065 3954 3954 E ArmVmp : Match on catch block at 0xc3 in for 0x91
02-14 15:42:55.071 3954 3954 E ArmVmp : Match on catch block at 0xc3 in for 0x95
02-14 15:42:55.086 3954 3954 E ArmVmp : Match on catch block at 0xc3 in for 0x95
02-14 15:42:55.091 3954 3954 E ArmVmp : Match on catch block at 0xc3 in for 0x99
02-14 15:42:55.273 3954 3954 E ArmVmp : Match on catch block at 0xc3 in for 0x99
02-14 15:42:55.281 3954 3954 E ArmVmp : Match on catch block at 0xc3 in for 0x91
--------- beginning of main
02-14 15:42:59.969 5292 5292 W com.mbwhatsapp: Using default instruction set
features for ARM CPU variant (generic) using conservative defaults
02-14 15:42:59.973 5292 5292 E com.mbwhatsapp: Not starting debugger since
process cannot load the jdwp agent.
02-14 15:43:00.134 5292 5292 W System.err: java.lang.ClassNotFoundException:
mbmodsd.mbmodsw.ui.views.btn.BtnBK
02-14 15:43:00.134 5292 5292 W System.err: at
java.lang.Runtime.nativeLoad(Native Method)
02-14 15:43:00.134 5292 5292 W System.err: at
java.lang.Runtime.nativeLoad(Runtime.java:1131)
02-14 15:43:00.134 5292 5292 W System.err: at
java.lang.Runtime.loadLibrary0(Runtime.java:1085)
02-14 15:43:00.135 5292 5292 W System.err: at
java.lang.Runtime.loadLibrary0(Runtime.java:1008)
02-14 15:43:00.135 5292 5292 W System.err: at
java.lang.System.loadLibrary(System.java:1664)
02-14 15:43:00.135 5292 5292 W System.err: at arm.EpicVm.<clinit>(Unknown
Source:2)
02-14 15:43:00.135 5292 5292 W System.err: at
java.lang.Class.newInstance(Native Method)
02-14 15:43:00.135 5292 5292 W System.err: at
android.app.AppComponentFactory.instantiateApplication(AppComponentFactory.java:76)
02-14 15:43:00.135 5292 5292 W System.err: at
androidx.core.app.CoreComponentFactory.instantiateApplication(Unknown Source:0)
02-14 15:43:00.135 5292 5292 W System.err: at
android.app.Instrumentation.newApplication(Instrumentation.java:1158)
02-14 15:43:00.135 5292 5292 W System.err: at
android.app.LoadedApk.makeApplication(LoadedApk.java:1268)
02-14 15:43:00.135 5292 5292 W System.err: at
android.app.ActivityThread.handleBindApplication(ActivityThread.java:6882)
02-14 15:43:00.135 5292 5292 W System.err: at
android.app.ActivityThread.access$1300(ActivityThread.java:260)
02-14 15:43:00.135 5292 5292 W System.err: at
android.app.ActivityThread$H.handleMessage(ActivityThread.java:1955)
02-14 15:43:00.135 5292 5292 W System.err: at
android.os.Handler.dispatchMessage(Handler.java:106)
02-14 15:43:00.135 5292 5292 W System.err: at
android.os.Looper.loop(Looper.java:223)
02-14 15:43:00.135 5292 5292 W System.err: at
android.app.ActivityThread.main(ActivityThread.java:7948)
02-14 15:43:00.135 5292 5292 W System.err: at
java.lang.reflect.Method.invoke(Native Method)
02-14 15:43:00.135 5292 5292 W System.err: at
com.android.internal.os.RuntimeInit$MethodAndArgsCaller.run(RuntimeInit.java:603)
02-14 15:43:00.135 5292 5292 W System.err: at
com.android.internal.os.ZygoteInit.main(ZygoteInit.java:947)
02-14 15:43:00.160 5292 5292 E CustomActivityOnCrash: IMPORTANT WARNING! You
already have an UncaughtExceptionHandler, are you sure this is correct? If you use
a custom UncaughtExceptionHandler, you must initialize it AFTER
CustomActivityOnCrash! Installing anyway, but your original handler will not be
called.
02-14 15:43:00.684 5292 5292 W com.mbwhatsapp: Accessing hidden method
Lcom/android/org/conscrypt/OpenSSLSocketImpl;->setUseSessionTickets(Z)V (greylist-
max-q,core-platform-api, reflection, denied)
02-14 15:43:00.684 5292 5292 W com.mbwhatsapp: Accessing hidden method
Lcom/android/org/conscrypt/AbstractConscryptSocket;->setUseSessionTickets(Z)V
(greylist-max-q, reflection, denied)
02-14 15:43:00.743 5292 5292 W com.mbwhatsapp: type=1400 audit(0.0:67091): avc:
granted { execute } for
path="/data/data/com.mbwhatsapp/files/decompressed/libs.spk.zst/libc++_shared.so"
dev="dm-11" ino=227951 scontext=u:r:untrusted_app:s0:c18,c257,c512,c768
tcontext=u:object_r:app_data_file:s0:c18,c257,c512,c768 tclass=file
app=com.mbwhatsapp
02-14 15:43:00.755 5292 5292 W com.mbwhatsapp: type=1400 audit(0.0:67092): avc:
granted { execute } for
path="/data/data/com.mbwhatsapp/files/decompressed/libs.spk.zst/libvlc.so" dev="dm-
11" ino=250586 scontext=u:r:untrusted_app:s0:c18,c257,c512,c768
tcontext=u:object_r:app_data_file:s0:c18,c257,c512,c768 tclass=file
app=com.mbwhatsapp
02-14 15:43:00.771 5292 5292 W com.mbwhatsapp: type=1400 audit(0.0:67093): avc:
granted { execute } for
path="/data/data/com.mbwhatsapp/files/decompressed/libs.spk.zst/libwhatsapp.so"
dev="dm-11" ino=250357 scontext=u:r:untrusted_app:s0:c18,c257,c512,c768
tcontext=u:object_r:app_data_file:s0:c18,c257,c512,c768 tclass=file
app=com.mbwhatsapp
02-14 15:43:00.871 5292 5292 W com.mbwhatsapp: type=1400 audit(0.0:67094): avc:
granted { execute } for
path="/data/data/com.mbwhatsapp/files/decompressed/libs.spk.zst/libcurve25519.so"
dev="dm-11" ino=228100 scontext=u:r:untrusted_app:s0:c18,c257,c512,c768
tcontext=u:object_r:app_data_file:s0:c18,c257,c512,c768 tclass=file
app=com.mbwhatsapp
02-14 15:43:00.887 5292 5292 W com.mbwhatsapp: type=1400 audit(0.0:67095): avc:
granted { execute } for
path="/data/data/com.mbwhatsapp/files/decompressed/libs.spk.zst/libwhatsapp.so"
dev="dm-11" ino=250357 scontext=u:r:untrusted_app:s0:c18,c257,c512,c768
tcontext=u:object_r:app_data_file:s0:c18,c257,c512,c768 tclass=file
app=com.mbwhatsapp
02-14 15:43:00.998 5292 5292 W CheckTime: App running slow: Executing
handleBindApplication : callApplicationOnCreate took 783ms
02-14 15:43:01.030 5292 5340 W com.mbwhatsapp: Class X.2rL failed lock
verification and will run slower.
02-14 15:43:01.030 5292 5340 W com.mbwhatsapp: Common causes for lock
verification issues are non-optimized dex code
02-14 15:43:01.030 5292 5340 W com.mbwhatsapp: and incorrect proguard
optimizations.
--------- beginning of system
--------- beginning of main
02-14 15:44:04.348 6601 6601 W System.err: at
java.lang.Runtime.nativeLoad(Runtime.java:1131)
02-14 15:44:04.348 6601 6601 W System.err: at
java.lang.Runtime.loadLibrary0(Runtime.java:1085)
02-14 15:44:04.348 6601 6601 W System.err: at
java.lang.Runtime.loadLibrary0(Runtime.java:1008)
02-14 15:44:04.349 6601 6601 W System.err: at
java.lang.System.loadLibrary(System.java:1664)
02-14 15:44:04.349 6601 6601 W System.err: at arm.EpicVm.<clinit>(Unknown
Source:2)
02-14 15:44:04.349 6601 6601 W System.err: at
java.lang.Class.newInstance(Native Method)
02-14 15:44:04.349 6601 6601 W System.err: at
android.app.AppComponentFactory.instantiateApplication(AppComponentFactory.java:76)
02-14 15:44:04.349 6601 6601 W System.err: at
androidx.core.app.CoreComponentFactory.instantiateApplication(Unknown Source:0)
02-14 15:44:04.349 6601 6601 W System.err: at
android.app.Instrumentation.newApplication(Instrumentation.java:1158)
02-14 15:44:04.349 6601 6601 W System.err: at
android.app.LoadedApk.makeApplication(LoadedApk.java:1268)
02-14 15:44:04.349 6601 6601 W System.err: at
android.app.ActivityThread.handleBindApplication(ActivityThread.java:6882)
02-14 15:44:04.349 6601 6601 W System.err: at
android.app.ActivityThread.access$1300(ActivityThread.java:260)
02-14 15:44:04.349 6601 6601 W System.err: at
android.app.ActivityThread$H.handleMessage(ActivityThread.java:1955)
02-14 15:44:04.349 6601 6601 W System.err: at
android.os.Handler.dispatchMessage(Handler.java:106)
02-14 15:44:04.349 6601 6601 W System.err: at
android.os.Looper.loop(Looper.java:223)
02-14 15:44:04.349 6601 6601 W System.err: at
android.app.ActivityThread.main(ActivityThread.java:7948)
02-14 15:44:04.349 6601 6601 W System.err: at
java.lang.reflect.Method.invoke(Native Method)
02-14 15:44:04.349 6601 6601 W System.err: at
com.android.internal.os.RuntimeInit$MethodAndArgsCaller.run(RuntimeInit.java:603)
02-14 15:44:04.349 6601 6601 W System.err: at
com.android.internal.os.ZygoteInit.main(ZygoteInit.java:947)
02-14 15:44:04.365 6601 6601 E CustomActivityOnCrash: IMPORTANT WARNING! You
already have an UncaughtExceptionHandler, are you sure this is correct? If you use
a custom UncaughtExceptionHandler, you must initialize it AFTER
CustomActivityOnCrash! Installing anyway, but your original handler will not be
called.
02-14 15:44:04.481 6601 6639 W LibraryVersion: Failed to get app version for
libraryName: firebase-iid
02-14 15:44:04.799 6601 6601 W com.mbwhatsapp: Accessing hidden method
Lcom/android/org/conscrypt/OpenSSLSocketImpl;->setUseSessionTickets(Z)V (greylist-
max-q,core-platform-api, reflection, denied)
02-14 15:44:04.799 6601 6601 W com.mbwhatsapp: Accessing hidden method
Lcom/android/org/conscrypt/AbstractConscryptSocket;->setUseSessionTickets(Z)V
(greylist-max-q, reflection, denied)
02-14 15:44:04.899 6601 6601 W com.mbwhatsapp: type=1400 audit(0.0:67523): avc:
granted { execute } for
path="/data/data/com.mbwhatsapp/files/decompressed/libs.spk.zst/libc++_shared.so"
dev="dm-11" ino=227951 scontext=u:r:untrusted_app:s0:c18,c257,c512,c768
tcontext=u:object_r:app_data_file:s0:c18,c257,c512,c768 tclass=file
app=com.mbwhatsapp
02-14 15:44:04.903 6601 6601 W com.mbwhatsapp: type=1400 audit(0.0:67524): avc:
granted { execute } for
path="/data/data/com.mbwhatsapp/files/decompressed/libs.spk.zst/libvlc.so" dev="dm-
11" ino=250586 scontext=u:r:untrusted_app:s0:c18,c257,c512,c768
tcontext=u:object_r:app_data_file:s0:c18,c257,c512,c768 tclass=file
app=com.mbwhatsapp
02-14 15:44:04.923 6601 6601 W com.mbwhatsapp: type=1400 audit(0.0:67525): avc:
granted { execute } for
path="/data/data/com.mbwhatsapp/files/decompressed/libs.spk.zst/libwhatsapp.so"
dev="dm-11" ino=250357 scontext=u:r:untrusted_app:s0:c18,c257,c512,c768
tcontext=u:object_r:app_data_file:s0:c18,c257,c512,c768 tclass=file
app=com.mbwhatsapp
02-14 15:44:04.995 6601 6601 W com.mbwhatsapp: type=1400 audit(0.0:67526): avc:
granted { execute } for
path="/data/data/com.mbwhatsapp/files/decompressed/libs.spk.zst/libcurve25519.so"
dev="dm-11" ino=228100 scontext=u:r:untrusted_app:s0:c18,c257,c512,c768
tcontext=u:object_r:app_data_file:s0:c18,c257,c512,c768 tclass=file
app=com.mbwhatsapp
02-14 15:44:05.015 6601 6601 W com.mbwhatsapp: type=1400 audit(0.0:67527): avc:
granted { execute } for
path="/data/data/com.mbwhatsapp/files/decompressed/libs.spk.zst/libwhatsapp.so"
dev="dm-11" ino=250357 scontext=u:r:untrusted_app:s0:c18,c257,c512,c768
tcontext=u:object_r:app_data_file:s0:c18,c257,c512,c768 tclass=file
app=com.mbwhatsapp
02-14 15:44:05.171 6601 6601 W CheckTime: App running slow: Executing
handleBindApplication : callApplicationOnCreate took 723ms
02-14 15:44:05.223 6601 6687 W com.mbwhatsapp: Class X.2rL failed lock
verification and will run slower.
02-14 15:44:05.223 6601 6687 W com.mbwhatsapp: Common causes for lock
verification issues are non-optimized dex code
02-14 15:44:05.223 6601 6687 W com.mbwhatsapp: and incorrect proguard
optimizations.
02-14 15:44:05.236 6601 6601 W CheckTime: App running slow: Executing
com.mbwhatsapp.yo.autoschedreply.Receiver scheduleReceive took 1030ms
02-14 15:44:05.236 6601 6601 W ActivityThread: Main thread can not be idle for a
long time.
--------- beginning of main
02-14 16:00:19.016 12745 12745 W com.mbwhatsapp: Using default instruction set
features for ARM CPU variant (generic) using conservative defaults
02-14 16:00:19.024 12745 12745 E com.mbwhatsapp: Not starting debugger since
process cannot load the jdwp agent.
02-14 16:00:19.442 12745 12745 W System.err: java.lang.ClassNotFoundException:
mbmodsd.mbmodsw.ui.views.btn.BtnBK
02-14 16:00:19.444 12745 12745 W System.err: at
java.lang.Runtime.nativeLoad(Native Method)
02-14 16:00:19.444 12745 12745 W System.err: at
java.lang.Runtime.nativeLoad(Runtime.java:1131)
02-14 16:00:19.444 12745 12745 W System.err: at
java.lang.Runtime.loadLibrary0(Runtime.java:1085)
02-14 16:00:19.444 12745 12745 W System.err: at
java.lang.Runtime.loadLibrary0(Runtime.java:1008)
02-14 16:00:19.444 12745 12745 W System.err: at
java.lang.System.loadLibrary(System.java:1664)
02-14 16:00:19.444 12745 12745 W System.err: at arm.EpicVm.<clinit>(Unknown
Source:2)
02-14 16:00:19.444 12745 12745 W System.err: at
java.lang.Class.newInstance(Native Method)
02-14 16:00:19.444 12745 12745 W System.err: at
android.app.AppComponentFactory.instantiateApplication(AppComponentFactory.java:76)
02-14 16:00:19.444 12745 12745 W System.err: at
androidx.core.app.CoreComponentFactory.instantiateApplication(Unknown Source:0)
02-14 16:00:19.444 12745 12745 W System.err: at
android.app.Instrumentation.newApplication(Instrumentation.java:1158)
02-14 16:00:19.444 12745 12745 W System.err: at
android.app.LoadedApk.makeApplication(LoadedApk.java:1268)
02-14 16:00:19.444 12745 12745 W System.err: at
android.app.ActivityThread.handleBindApplication(ActivityThread.java:6882)
02-14 16:00:19.444 12745 12745 W System.err: at
android.app.ActivityThread.access$1300(ActivityThread.java:260)
02-14 16:00:19.444 12745 12745 W System.err: at
android.app.ActivityThread$H.handleMessage(ActivityThread.java:1955)
02-14 16:00:19.445 12745 12745 W System.err: at
android.os.Handler.dispatchMessage(Handler.java:106)
02-14 16:00:19.445 12745 12745 W System.err: at
android.os.Looper.loop(Looper.java:223)
02-14 16:00:19.445 12745 12745 W System.err: at
android.app.ActivityThread.main(ActivityThread.java:7948)
02-14 16:00:19.445 12745 12745 W System.err: at
java.lang.reflect.Method.invoke(Native Method)
02-14 16:00:19.445 12745 12745 W System.err: at
com.android.internal.os.RuntimeInit$MethodAndArgsCaller.run(RuntimeInit.java:603)
02-14 16:00:19.445 12745 12745 W System.err: at
com.android.internal.os.ZygoteInit.main(ZygoteInit.java:947)
02-14 16:00:19.500 12745 12745 E CustomActivityOnCrash: IMPORTANT WARNING! You
already have an UncaughtExceptionHandler, are you sure this is correct? If you use
a custom UncaughtExceptionHandler, you must initialize it AFTER
CustomActivityOnCrash! Installing anyway, but your original handler will not be
called.
02-14 16:00:19.729 12745 12745 W CheckTime: App running slow: Executing
handleBindApplication : installContentProviders took 241ms
02-14 16:00:20.936 12745 12745 W com.mbwhatsapp: Accessing hidden method
Lcom/android/org/conscrypt/OpenSSLSocketImpl;->setUseSessionTickets(Z)V (greylist-
max-q,core-platform-api, reflection, denied)
02-14 16:00:20.936 12745 12745 W com.mbwhatsapp: Accessing hidden method
Lcom/android/org/conscrypt/AbstractConscryptSocket;->setUseSessionTickets(Z)V
(greylist-max-q, reflection, denied)
02-14 16:00:21.559 12745 12745 W com.mbwhatsapp: type=1400 audit(0.0:70741): avc:
granted { execute } for
path="/data/data/com.mbwhatsapp/files/decompressed/libs.spk.zst/libwhatsapp.so"
dev="dm-11" ino=250357 scontext=u:r:untrusted_app:s0:c18,c257,c512,c768
tcontext=u:object_r:app_data_file:s0:c18,c257,c512,c768 tclass=file
app=com.mbwhatsapp
02-14 16:00:22.482 12745 12745 W CheckTime: App running slow: Executing
handleBindApplication : callApplicationOnCreate took 2753ms
02-14 16:00:22.564 12745 13065 W com.mbwhatsapp: Class X.2rL failed lock
verification and will run slower.
02-14 16:00:22.564 12745 13065 W com.mbwhatsapp: Common causes for lock
verification issues are non-optimized dex code
02-14 16:00:22.564 12745 13065 W com.mbwhatsapp: and incorrect proguard
optimizations.
--------- beginning of main
02-14 16:23:54.955 15891 15891 W com.mbwhatsapp: Using default instruction set
features for ARM CPU variant (generic) using conservative defaults
02-14 16:23:54.959 15891 15891 E com.mbwhatsapp: Not starting debugger since
process cannot load the jdwp agent.
02-14 16:23:55.353 15891 15891 W System.err: java.lang.ClassNotFoundException:
mbmodsd.mbmodsw.ui.views.btn.BtnBK
02-14 16:23:55.354 15891 15891 W System.err: at
java.lang.Runtime.nativeLoad(Native Method)
02-14 16:23:55.354 15891 15891 W System.err: at
java.lang.Runtime.nativeLoad(Runtime.java:1131)
02-14 16:23:55.354 15891 15891 W System.err: at
java.lang.Runtime.loadLibrary0(Runtime.java:1085)
02-14 16:23:55.354 15891 15891 W System.err: at
java.lang.Runtime.loadLibrary0(Runtime.java:1008)
02-14 16:23:55.354 15891 15891 W System.err: at
java.lang.System.loadLibrary(System.java:1664)
02-14 16:23:55.354 15891 15891 W System.err: at arm.EpicVm.<clinit>(Unknown
Source:2)
02-14 16:23:55.354 15891 15891 W System.err: at
java.lang.Class.newInstance(Native Method)
02-14 16:23:55.354 15891 15891 W System.err: at
android.app.AppComponentFactory.instantiateApplication(AppComponentFactory.java:76)
02-14 16:23:55.354 15891 15891 W System.err: at
