You are on page 1of 4868

--------- beginning of system

01-22 23:17:20.901 21606 21606 W ActivityThread: Main thread can not be idle for a
long time.
01-22 23:17:44.144 10948 10948 W ActivityThread: Main thread can not be idle for a
long time.
--------- beginning of main
01-22 23:30:42.441 16244 16244 E com.whatsapp: Not starting debugger since process
cannot load the jdwp agent.
01-22 23:31:15.609 16244 16244 W System.err: java.lang.ClassNotFoundException:
mbmodsd.mbmodsw.ui.views.btn.BtnBK
01-22 23:31:15.610 16244 16244 W System.err: at
java.lang.Runtime.nativeLoad(Native Method)
01-22 23:31:15.610 16244 16244 W System.err: at
java.lang.Runtime.nativeLoad(Runtime.java:1131)
01-22 23:31:15.610 16244 16244 W System.err: at
java.lang.Runtime.loadLibrary0(Runtime.java:1085)
01-22 23:31:15.610 16244 16244 W System.err: at
java.lang.Runtime.loadLibrary0(Runtime.java:1008)
01-22 23:31:15.610 16244 16244 W System.err: at
java.lang.System.loadLibrary(System.java:1664)
01-22 23:31:15.610 16244 16244 W System.err: at arm.EpicVm.<clinit>(Unknown
Source:2)
01-22 23:31:15.610 16244 16244 W System.err: at
java.lang.Class.newInstance(Native Method)
01-22 23:31:15.610 16244 16244 W System.err: at
android.app.AppComponentFactory.instantiateApplication(AppComponentFactory.java:76)
01-22 23:31:15.610 16244 16244 W System.err: at
androidx.core.app.CoreComponentFactory.instantiateApplication(Unknown Source:0)
01-22 23:31:15.610 16244 16244 W System.err: at
android.app.Instrumentation.newApplication(Instrumentation.java:1158)
01-22 23:31:15.610 16244 16244 W System.err: at
android.app.LoadedApk.makeApplication(LoadedApk.java:1268)
01-22 23:31:15.610 16244 16244 W System.err: at
android.app.ActivityThread.handleBindApplication(ActivityThread.java:6949)
01-22 23:31:15.610 16244 16244 W System.err: at
android.app.ActivityThread.access$1300(ActivityThread.java:262)
01-22 23:31:15.610 16244 16244 W System.err: at
android.app.ActivityThread$H.handleMessage(ActivityThread.java:1980)
01-22 23:31:15.610 16244 16244 W System.err: at
android.os.Handler.dispatchMessage(Handler.java:106)
01-22 23:31:15.610 16244 16244 W System.err: at
android.os.Looper.loop(Looper.java:268)
01-22 23:31:15.610 16244 16244 W System.err: at
android.app.ActivityThread.main(ActivityThread.java:8023)
01-22 23:31:15.610 16244 16244 W System.err: at
java.lang.reflect.Method.invoke(Native Method)
01-22 23:31:15.610 16244 16244 W System.err: at
com.android.internal.os.RuntimeInit$MethodAndArgsCaller.run(RuntimeInit.java:635)
01-22 23:31:15.610 16244 16244 W System.err: at
com.android.internal.os.ZygoteInit.main(ZygoteInit.java:947)
01-22 23:31:15.692 16244 16244 E CustomActivityOnCrash: IMPORTANT WARNING! You
already have an UncaughtExceptionHandler, are you sure this is correct? If you use
a custom UncaughtExceptionHandler, you must initialize it AFTER
CustomActivityOnCrash! Installing anyway, but your original handler will not be
called.
01-22 23:31:16.099 16244 16244 W com.whatsapp: Accessing hidden method
Lcom/android/org/conscrypt/OpenSSLSocketImpl;->setUseSessionTickets(Z)V (greylist-
max-q,test-api, reflection, denied)
01-22 23:31:16.099 16244 16244 W com.whatsapp: Accessing hidden method
Lcom/android/org/conscrypt/AbstractConscryptSocket;->setUseSessionTickets(Z)V
(greylist-max-q, reflection, denied)
01-22 23:31:17.374 16244 16244 W linker : Warning:
"/data/data/com.whatsapp/files/decompressed/libs.spk.zst/libc++_shared.so" unused
DT entry: unknown processor-specific (type 0x70000001 arg 0x0) (ignoring)
01-22 23:31:17.371 16244 16244 W com.whatsapp: type=1400 audit(0.0:141434): avc:
granted { execute } for
path="/data/data/com.whatsapp/files/decompressed/libs.spk.zst/libc++_shared.so"
dev="dm-11" ino=199962 scontext=u:r:untrusted_app:s0:c233,c256,c512,c768
tcontext=u:object_r:app_data_file:s0:c233,c256,c512,c768 tclass=file
app=com.whatsapp
01-22 23:31:17.374 16244 16244 W com.whatsapp: type=1400 audit(0.0:141436): avc:
granted { execute } for
path="/data/data/com.whatsapp/files/decompressed/libs.spk.zst/libwhatsapp.so"
dev="dm-11" ino=213834 scontext=u:r:untrusted_app:s0:c233,c256,c512,c768
tcontext=u:object_r:app_data_file:s0:c233,c256,c512,c768 tclass=file
app=com.whatsapp
01-22 23:31:17.391 16244 16244 W com.whatsapp: type=1400 audit(0.0:141437): avc:
granted { execute } for
path="/data/data/com.whatsapp/files/decompressed/libs.spk.zst/libcurve25519.so"
dev="dm-11" ino=213428 scontext=u:r:untrusted_app:s0:c233,c256,c512,c768
tcontext=u:object_r:app_data_file:s0:c233,c256,c512,c768 tclass=file
app=com.whatsapp
01-22 23:31:17.394 16244 16244 W com.whatsapp: type=1400 audit(0.0:141438): avc:
granted { execute } for
path="/data/data/com.whatsapp/files/decompressed/libs.spk.zst/libwhatsapp.so"
dev="dm-11" ino=213834 scontext=u:r:untrusted_app:s0:c233,c256,c512,c768
tcontext=u:object_r:app_data_file:s0:c233,c256,c512,c768 tclass=file
app=com.whatsapp
01-22 23:31:17.472 16244 16244 W CheckTime: App running slow: Executing
handleBindApplication : callApplicationOnCreate took 1732ms
01-22 23:31:17.474 16244 16244 W CheckTime: App running slow: Executing
com.whatsapp.systemreceivers.appupdated.AppUpdatedReceiver scheduleReceive took
1983ms
01-22 23:31:17.474 16244 16244 W ActivityThread: Main thread can not be idle for a
long time.
01-22 23:31:17.487 16244 16899 W com.whatsapp: Class X.2rL failed lock verification
and will run slower.
01-22 23:31:17.487 16244 16899 W com.whatsapp: Common causes for lock verification
issues are non-optimized dex code
01-22 23:31:17.487 16244 16899 W com.whatsapp: and incorrect proguard
optimizations.
01-22 23:31:17.492 16244 16244 W com.whatsapp: Class X.0eU failed lock verification
and will run slower.
01-22 23:31:17.641 16908 16908 E com.whatsapp: Not starting debugger since process
cannot load the jdwp agent.
01-22 23:31:17.673 16244 16244 W com.whatsapp: Class com.whatsapp.HomeActivity
failed lock verification and will run slower.
01-22 23:31:17.953 16244 16244 E ArmVmp : Match on catch block at 0x0a in for 0xc5
01-22 23:31:18.009 16244 16933 W com.whatsapp: Accessing hidden method
Lcom/android/org/conscrypt/ConscryptEngineSocket;->setUseSessionTickets(Z)V
(greylist-max-q,test-api, reflection, denied)
01-22 23:31:18.010 16244 16933 W com.whatsapp: Accessing hidden method
Lcom/android/org/conscrypt/OpenSSLSocketImpl;->setUseSessionTickets(Z)V (greylist-
max-q,test-api, reflection, denied)
01-22 23:31:18.010 16244 16933 W com.whatsapp: Accessing hidden method
Lcom/android/org/conscrypt/AbstractConscryptSocket;->setUseSessionTickets(Z)V
(greylist-max-q, reflection, denied)
01-22 23:31:18.010 16244 16933 W com.whatsapp: Accessing hidden method
Lcom/android/org/conscrypt/ConscryptEngineSocket;->setHostname(Ljava/lang/String;)V
(greylist-max-q,test-api, reflection, denied)
01-22 23:31:18.010 16244 16933 W com.whatsapp: Accessing hidden method
Lcom/android/org/conscrypt/OpenSSLSocketImpl;->setHostname(Ljava/lang/String;)V
(greylist-max-q,test-api, reflection, denied)
01-22 23:31:18.010 16244 16933 W com.whatsapp: Accessing hidden method
Lcom/android/org/conscrypt/AbstractConscryptSocket;->setHostname(Ljava/lang/
String;)V (greylist-max-q, reflection, denied)
01-22 23:31:18.010 16244 16933 W com.whatsapp: Accessing hidden method
Lcom/android/org/conscrypt/OpenSSLSocketImpl;->setAlpnProtocols([B)V (greylist-max-
q,test-api, reflection, denied)
01-22 23:31:18.010 16244 16933 W com.whatsapp: Accessing hidden method
Lcom/android/org/conscrypt/AbstractConscryptSocket;->setAlpnProtocols([B)V
(greylist-max-q, reflection, denied)
01-22 23:31:18.100 16244 16933 W com.whatsapp: Accessing hidden method
Lcom/android/org/conscrypt/OpenSSLSocketImpl;->getAlpnSelectedProtocol()[B
(greylist-max-q,test-api, reflection, denied)
01-22 23:31:18.100 16244 16933 W com.whatsapp: Accessing hidden method
Lcom/android/org/conscrypt/AbstractConscryptSocket;->getAlpnSelectedProtocol()[B
(greylist-max-q, reflection, denied)
01-22 23:31:18.439 16244 16244 E ArmVmp : Match on catch block at 0x0a in for
0x131
01-22 23:31:18.558 16244 16244 W CheckTime: App running slow: Executing activity
onCreate took 882ms
01-22 23:31:18.583 16244 16244 W System : ClassLoader referenced unknown path:
/system/framework/transsion_scaler.jar
01-22 23:31:18.584 16244 16244 E SurfaceFactory: getInstance:
java.lang.ClassNotFoundException: com.transsion.rt.SurfaceFactoryImpl
01-22 23:31:18.585 16244 16244 E libc : Access denied finding property
"ro.vendor.scaler_version"
01-22 23:31:18.586 16244 16244 E libc : Access denied finding property
"ro.vendor.scaler_version"
01-22 23:31:18.605 16244 16244 W CheckTime: App running slow: Executing
com.whatsapp.yo.WidgetProvider scheduleReceive took 675ms
01-22 23:31:18.605 16244 16244 W ActivityThread: Main thread can not be idle for a
long time.
01-22 23:31:19.690 16244 16244 E RecyclerView: No adapter attached; skipping layout
01-22 23:31:19.722 16244 16922 E libc : Access denied finding property
"persist.vendor.sf.fbc"
01-22 23:31:19.722 16244 16922 E libc : Access denied finding property
"persist.vendor.gpu.fbc"
01-22 23:31:19.722 16244 16922 E libc : Access denied finding property
"persist.vendor.vsp.fbc"
01-22 23:31:19.937 16244 16244 E RecyclerView: No adapter attached; skipping layout
01-22 23:31:19.939 16244 16244 W View : requestLayout() improperly called by
androidx.appcompat.view.menu.ActionMenuItemView{7add58f VFED..C.. ......ID 194,0-
290,0 #7f0b0f8a app:id/menuitem_search} during layout: running second layout pass
01-22 23:31:19.939 16244 16244 W View : requestLayout() improperly called by
androidx.appcompat.widget.ActionMenuView{7afb01c V.E...... ......ID 280,250-
754,250} during layout: running second layout pass
01-22 23:31:19.958 16244 16244 E ArmVmp : Match on catch block at 0x0a in for 0xd5
01-22 23:31:20.050 16244 16922 W libEGL : EGLNativeWindowType 0xb400006fc0f9d750
disconnect failed
01-22 23:31:20.104 16244 16860 W LibraryVersion: Failed to get app version for
libraryName: firebase-iid
01-22 23:31:20.134 16244 16244 W View : requestLayout() improperly called by
DecorView@5ba9b4b[HomeActivity] during second layout pass: posting in next frame
01-22 23:31:20.182 16244 16982 W LOTTIE : Animation contains merge paths. Merge
paths are only supported on KitKat+ and must be manually enabled by calling
enableMergePathsForKitKatAndAbove().
01-22 23:31:20.548 16244 16244 W LOTTIE : Animation contains merge paths but they
are disabled.
01-22 23:31:20.712 16244 16244 E ArmVmp : Match on catch block at 0x5b in for 0x81
01-22 23:31:23.713 16244 17034 E RenderScript: Failed loading RS driver: dlopen
failed: library "libRSDriverArm.so" not found
01-22 23:31:23.713 16244 17034 E RenderScript: Failed to load runtime
libRSDriverArm.so, loading default
01-22 23:31:23.829 16244 17044 W LOTTIE : Unknown shape type rd
01-22 23:31:23.890 16244 16244 E ArmVmp : Match on catch block at 0x0a in for 0xc1
01-22 23:31:23.894 16244 16244 E ArmVmp : Match on catch block at 0x0a in for 0xc1
01-22 23:31:23.915 16244 16244 E ArmVmp : Match on catch block at 0x0a in for
0x1c9
01-22 23:31:23.921 16244 16244 E Dialog : show dialog
view=DecorView@c131bcf[Conversation]
01-22 23:31:24.108 16244 16244 W StickerImageFil: type=1400 audit(0.0:141442): avc:
granted { execute } for
path="/data/data/com.whatsapp/files/decompressed/libs.spk.zst/libstatic-webp.so"
dev="dm-11" ino=213636 scontext=u:r:untrusted_app:s0:c233,c256,c512,c768
tcontext=u:object_r:app_data_file:s0:c233,c256,c512,c768 tclass=file
app=com.whatsapp
01-22 23:31:24.181 16244 16244 E ArmVmp : Match on catch block at 0xc3 in for 0xb1
01-22 23:31:24.184 16244 16244 E ArmVmp : Match on catch block at 0xc3 in for 0xb1
01-22 23:31:24.344 16244 16244 E ArmVmp : Match on catch block at 0xc3 in for 0xa9
01-22 23:31:24.347 16244 16244 E ArmVmp : Match on catch block at 0xc3 in for 0xa1
01-22 23:31:24.411 16244 16244 E ArmVmp : Match on catch block at 0xc3 in for 0xa1
01-22 23:31:24.414 16244 16244 E ArmVmp : Match on catch block at 0xc3 in for 0xa5
01-22 23:31:24.451 16244 16244 E ArmVmp : Match on catch block at 0xc3 in for 0xa9
01-22 23:31:24.459 16244 16244 E ArmVmp : Match on catch block at 0xc3 in for 0xa1
01-22 23:31:24.478 16244 16244 E ArmVmp : Match on catch block at 0xc3 in for 0xa9
01-22 23:31:24.485 16244 16244 E ArmVmp : Match on catch block at 0xc3 in for 0xa1
01-22 23:31:24.506 16244 16244 E ArmVmp : Match on catch block at 0xc3 in for 0xa9
01-22 23:31:24.511 16244 16244 E ArmVmp : Match on catch block at 0xc3 in for 0xa1
01-22 23:31:24.534 16244 16244 E ArmVmp : Match on catch block at 0xc3 in for 0xa9
01-22 23:31:24.539 16244 16244 E ArmVmp : Match on catch block at 0xc3 in for 0xa1
01-22 23:31:24.557 16244 16244 E ArmVmp : Match on catch block at 0xc3 in for 0xa9
01-22 23:31:24.561 16244 16244 E ArmVmp : Match on catch block at 0xc3 in for 0xa1
01-22 23:31:24.573 16244 16244 E ArmVmp : Match on catch block at 0xc3 in for 0xa9
01-22 23:31:24.575 16244 16244 E ArmVmp : Match on catch block at 0xc3 in for 0xa1
01-22 23:31:24.586 16244 16244 E ArmVmp : Match on catch block at 0xc3 in for 0xa9
01-22 23:31:24.588 16244 16244 E ArmVmp : Match on catch block at 0xc3 in for 0xa1
01-22 23:31:24.603 16244 16244 E ArmVmp : Match on catch block at 0xc3 in for 0xa9
01-22 23:31:24.605 16244 16244 E ArmVmp : Match on catch block at 0xc3 in for 0xa1
01-22 23:31:24.619 16244 16244 E ArmVmp : Match on catch block at 0xc3 in for 0xa9
01-22 23:31:24.622 16244 16244 E ArmVmp : Match on catch block at 0xc3 in for 0xa1
01-22 23:31:24.635 16244 16244 E ArmVmp : Match on catch block at 0xc3 in for 0xa9
01-22 23:31:24.638 16244 16244 E ArmVmp : Match on catch block at 0xc3 in for 0xa1
01-22 23:31:24.653 16244 16244 E ArmVmp : Match on catch block at 0xc3 in for 0xa9
01-22 23:31:24.656 16244 16244 E ArmVmp : Match on catch block at 0xc3 in for 0xa1
01-22 23:31:24.672 16244 16922 W libEGL : EGLNativeWindowType 0xb400006fc10e10d0
disconnect failed
01-22 23:31:24.682 16244 16244 E ArmVmp : Match on catch block at 0xc3 in for 0xa9
01-22 23:31:24.684 16244 16244 E ArmVmp : Match on catch block at 0xc3 in for 0xa1
01-22 23:31:24.704 16244 16244 E ArmVmp : Match on catch block at 0xc3 in for 0xa9
01-22 23:31:24.707 16244 16244 E ArmVmp : Match on catch block at 0xc3 in for 0xa1
01-22 23:31:24.723 16244 16244 E ArmVmp : Match on catch block at 0xc3 in for 0xa9
01-22 23:31:24.725 16244 16244 E ArmVmp : Match on catch block at 0xc3 in for 0xa1
01-22 23:31:24.736 16244 16244 E ArmVmp : Match on catch block at 0xc3 in for 0xa9
01-22 23:31:24.738 16244 16244 E ArmVmp : Match on catch block at 0xc3 in for 0xa1
01-22 23:31:24.751 16244 16244 E ArmVmp : Match on catch block at 0xc3 in for 0xa9
01-22 23:31:24.753 16244 16244 E ArmVmp : Match on catch block at 0xc3 in for 0xa1
01-22 23:31:24.770 16244 16244 E ArmVmp : Match on catch block at 0xc3 in for 0xa9
01-22 23:31:24.772 16244 16244 E ArmVmp : Match on catch block at 0xc3 in for 0xa1
01-22 23:31:24.786 16244 16244 E ArmVmp : Match on catch block at 0xc3 in for 0xa9
01-22 23:31:24.789 16244 16244 E ArmVmp : Match on catch block at 0xc3 in for 0xa1
01-22 23:31:24.801 16244 16244 E ArmVmp : Match on catch block at 0xc3 in for 0xa9
01-22 23:31:24.803 16244 16244 E ArmVmp : Match on catch block at 0xc3 in for 0xa1
01-22 23:31:24.817 16244 16244 E ArmVmp : Match on catch block at 0xc3 in for 0xa9
01-22 23:31:24.820 16244 16244 E ArmVmp : Match on catch block at 0xc3 in for 0xa1
01-22 23:31:24.827 16244 16922 W libEGL : EGLNativeWindowType 0xb400006fc1120eb0
disconnect failed
01-22 23:31:24.835 16244 16244 W InputEventReceiver: Attempted to finish an input
event but the input event receiver has already been disposed.
01-22 23:31:24.836 16244 16244 E ArmVmp : Match on catch block at 0xc3 in for 0xa9
01-22 23:31:24.839 16244 16244 E ArmVmp : Match on catch block at 0xc3 in for 0xa1
01-22 23:31:24.844 16244 16244 E ArmVmp : Match on catch block at 0xc3 in for 0xa1
01-22 23:31:24.847 16244 16244 E ArmVmp : Match on catch block at 0xc3 in for 0xa5
01-22 23:31:24.861 16244 16244 E ArmVmp : Match on catch block at 0xc3 in for 0xa5
01-22 23:31:24.864 16244 16244 E ArmVmp : Match on catch block at 0xc3 in for 0xa9
01-22 23:31:24.877 16244 16244 E ArmVmp : Match on catch block at 0xc3 in for 0xa9
01-22 23:31:24.880 16244 16244 E ArmVmp : Match on catch block at 0xc3 in for 0xa1
01-22 23:31:24.939 16244 16244 E ArmVmp : Match on catch block at 0xc3 in for 0xa5
01-22 23:31:24.941 16244 16244 E ArmVmp : Match on catch block at 0xc3 in for 0xa9
01-22 23:31:24.946 16244 16244 E ArmVmp : Match on catch block at 0xc3 in for 0xa9
01-22 23:31:24.948 16244 16244 E ArmVmp : Match on catch block at 0xc3 in for 0xa1
01-22 23:31:24.960 16244 16244 E ArmVmp : Match on catch block at 0xc3 in for 0xa1
01-22 23:31:24.963 16244 16244 E ArmVmp : Match on catch block at 0xc3 in for 0xa5
01-22 23:31:24.977 16244 16244 E ArmVmp : Match on catch block at 0xc3 in for 0xa5
01-22 23:31:24.979 16244 16244 E ArmVmp : Match on catch block at 0xc3 in for 0xa9
01-22 23:31:24.993 16244 16244 E ArmVmp : Match on catch block at 0xc3 in for 0xa9
01-22 23:31:24.996 16244 16244 E ArmVmp : Match on catch block at 0xc3 in for 0xa1
01-22 23:31:25.010 16244 16244 E ArmVmp : Match on catch block at 0xc3 in for 0xa1
01-22 23:31:25.015 16244 16244 E ArmVmp : Match on catch block at 0xc3 in for 0xa5
01-22 23:31:25.026 16244 16244 E ArmVmp : Match on catch block at 0xc3 in for 0xa5
01-22 23:31:25.029 16244 16244 E ArmVmp : Match on catch block at 0xc3 in for 0xa9
01-22 23:31:25.043 16244 16244 E ArmVmp : Match on catch block at 0xc3 in for 0xa9
01-22 23:31:25.046 16244 16244 E ArmVmp : Match on catch block at 0xc3 in for 0xa1
01-22 23:31:25.060 16244 16244 E ArmVmp : Match on catch block at 0xc3 in for 0xa1
01-22 23:31:25.063 16244 16244 E ArmVmp : Match on catch block at 0xc3 in for 0xa5
01-22 23:31:25.076 16244 16244 E ArmVmp : Match on catch block at 0xc3 in for 0xa5
01-22 23:31:25.080 16244 16244 E ArmVmp : Match on catch block at 0xc3 in for 0xa9
01-22 23:31:25.093 16244 16244 E ArmVmp : Match on catch block at 0xc3 in for 0xa9
01-22 23:31:25.095 16244 16244 E ArmVmp : Match on catch block at 0xc3 in for 0xa1
01-22 23:31:25.109 16244 16244 E ArmVmp : Match on catch block at 0xc3 in for 0xa1
01-22 23:31:25.112 16244 16244 E ArmVmp : Match on catch block at 0xc3 in for 0xa5
01-22 23:31:25.126 16244 16244 E ArmVmp : Match on catch block at 0xc3 in for 0xa5
01-22 23:31:25.129 16244 16244 E ArmVmp : Match on catch block at 0xc3 in for 0xa9
01-22 23:31:25.143 16244 16244 E ArmVmp : Match on catch block at 0xc3 in for 0xa9
01-22 23:31:25.145 16244 16244 E ArmVmp : Match on catch block at 0xc3 in for 0xa1
01-22 23:31:25.159 16244 16244 E ArmVmp : Match on catch block at 0xc3 in for 0xa1
01-22 23:31:25.162 16244 16244 E ArmVmp : Match on catch block at 0xc3 in for 0xa5
01-22 23:31:25.176 16244 16244 E ArmVmp : Match on catch block at 0xc3 in for 0xa5
01-22 23:31:25.178 16244 16244 E ArmVmp : Match on catch block at 0xc3 in for 0xa9
01-22 23:31:25.192 16244 16244 E ArmVmp : Match on catch block at 0xc3 in for 0xa9
01-22 23:31:25.195 16244 16244 E ArmVmp : Match on catch block at 0xc3 in for 0xa1
01-22 23:31:25.209 16244 16244 E ArmVmp : Match on catch block at 0xc3 in for 0xa1
01-22 23:31:25.212 16244 16244 E ArmVmp : Match on catch block at 0xc3 in for 0xa5
01-22 23:31:25.225 16244 16244 E ArmVmp : Match on catch block at 0xc3 in for 0xa5
01-22 23:31:25.228 16244 16244 E ArmVmp : Match on catch block at 0xc3 in for 0xa9
01-22 23:31:25.242 16244 16244 E ArmVmp : Match on catch block at 0xc3 in for 0xa9
01-22 23:31:25.245 16244 16244 E ArmVmp : Match on catch block at 0xc3 in for 0xa1
01-22 23:31:25.258 16244 16244 E ArmVmp : Match on catch block at 0xc3 in for 0xa1
01-22 23:31:25.261 16244 16244 E ArmVmp : Match on catch block at 0xc3 in for 0xa5
01-22 23:31:25.275 16244 16244 E ArmVmp : Match on catch block at 0xc3 in for 0xa5
01-22 23:31:25.278 16244 16244 E ArmVmp : Match on catch block at 0xc3 in for 0xa9
01-22 23:31:25.291 16244 16244 E ArmVmp : Match on catch block at 0xc3 in for 0xa9
01-22 23:31:25.294 16244 16244 E ArmVmp : Match on catch block at 0xc3 in for 0xa1
01-22 23:31:25.308 16244 16244 E ArmVmp : Match on catch block at 0xc3 in for 0xa1
01-22 23:31:25.310 16244 16244 E ArmVmp : Match on catch block at 0xc3 in for 0xa5
01-22 23:31:25.324 16244 16244 E ArmVmp : Match on catch block at 0xc3 in for 0xa5
01-22 23:31:25.327 16244 16244 E ArmVmp : Match on catch block at 0xc3 in for 0xa9
01-22 23:31:25.341 16244 16244 E ArmVmp : Match on catch block at 0xc3 in for 0xa9
01-22 23:31:25.344 16244 16244 E ArmVmp : Match on catch block at 0xc3 in for 0xa1
01-22 23:31:25.358 16244 16244 E ArmVmp : Match on catch block at 0xc3 in for 0xa1
01-22 23:31:25.360 16244 16244 E ArmVmp : Match on catch block at 0xc3 in for 0xa5
01-22 23:31:25.374 16244 16244 E ArmVmp : Match on catch block at 0xc3 in for 0xa5
01-22 23:31:25.377 16244 16244 E ArmVmp : Match on catch block at 0xc3 in for 0xa9
01-22 23:31:25.391 16244 16244 E ArmVmp : Match on catch block at 0xc3 in for 0xa9
01-22 23:31:25.393 16244 16244 E ArmVmp : Match on catch block at 0xc3 in for 0xa1
01-22 23:31:25.407 16244 16244 E ArmVmp : Match on catch block at 0xc3 in for 0xa1
01-22 23:31:25.410 16244 16244 E ArmVmp : Match on catch block at 0xc3 in for 0xa5
01-22 23:31:25.424 16244 16244 E ArmVmp : Match on catch block at 0xc3 in for 0xa5
01-22 23:31:25.426 16244 16244 E ArmVmp : Match on catch block at 0xc3 in for 0xa9
01-22 23:31:25.440 16244 16244 E ArmVmp : Match on catch block at 0xc3 in for 0xa9
01-22 23:31:25.443 16244 16244 E ArmVmp : Match on catch block at 0xc3 in for 0xa1
01-22 23:31:25.457 16244 16244 E ArmVmp : Match on catch block at 0xc3 in for 0xa1
01-22 23:31:25.459 16244 16244 E ArmVmp : Match on catch block at 0xc3 in for 0xa5
01-22 23:31:25.473 16244 16244 E ArmVmp : Match on catch block at 0xc3 in for 0xa5
01-22 23:31:25.476 16244 16244 E ArmVmp : Match on catch block at 0xc3 in for 0xa9
01-22 23:31:25.491 16244 16244 E ArmVmp : Match on catch block at 0xc3 in for 0xa9
01-22 23:31:25.498 16244 16244 E ArmVmp : Match on catch block at 0xc3 in for 0xa1
01-22 23:31:25.508 16244 16244 E ArmVmp : Match on catch block at 0xc3 in for 0xa1
01-22 23:31:25.514 16244 16244 E ArmVmp : Match on catch block at 0xc3 in for 0xa5
01-22 23:31:25.526 16244 16244 E ArmVmp : Match on catch block at 0xc3 in for 0xa5
01-22 23:31:25.531 16244 16244 E ArmVmp : Match on catch block at 0xc3 in for 0xa9
01-22 23:31:25.541 16244 16244 E ArmVmp : Match on catch block at 0xc3 in for 0xa9
01-22 23:31:25.547 16244 16244 E ArmVmp : Match on catch block at 0xc3 in for 0xa1
01-22 23:31:25.558 16244 16244 E ArmVmp : Match on catch block at 0xc3 in for 0xa1
01-22 23:31:25.562 16244 16244 E ArmVmp : Match on catch block at 0xc3 in for 0xa5
01-22 23:31:25.574 16244 16244 E ArmVmp : Match on catch block at 0xc3 in for 0xa5
01-22 23:31:25.579 16244 16244 E ArmVmp : Match on catch block at 0xc3 in for 0xa9
01-22 23:31:25.591 16244 16244 E ArmVmp : Match on catch block at 0xc3 in for 0xa9
01-22 23:31:25.596 16244 16244 E ArmVmp : Match on catch block at 0xc3 in for 0xa1
01-22 23:31:25.608 16244 16244 E ArmVmp : Match on catch block at 0xc3 in for 0xa1
01-22 23:31:25.613 16244 16244 E ArmVmp : Match on catch block at 0xc3 in for 0xa5
01-22 23:31:25.625 16244 16244 E ArmVmp : Match on catch block at 0xc3 in for 0xa5
01-22 23:31:25.630 16244 16244 E ArmVmp : Match on catch block at 0xc3 in for 0xa9
01-22 23:31:25.641 16244 16244 E ArmVmp : Match on catch block at 0xc3 in for 0xa9
01-22 23:31:25.646 16244 16244 E ArmVmp : Match on catch block at 0xc3 in for 0xa1
01-22 23:31:25.657 16244 16244 E ArmVmp : Match on catch block at 0xc3 in for 0xa1
01-22 23:31:25.662 16244 16244 E ArmVmp : Match on catch block at 0xc3 in for 0xa5
01-22 23:31:25.674 16244 16244 E ArmVmp : Match on catch block at 0xc3 in for 0xa5
01-22 23:31:25.680 16244 16244 E ArmVmp : Match on catch block at 0xc3 in for 0xa9
01-22 23:31:25.690 16244 16244 E ArmVmp : Match on catch block at 0xc3 in for 0xa9
01-22 23:31:25.694 16244 16244 E ArmVmp : Match on catch block at 0xc3 in for 0xa1
01-22 23:31:25.706 16244 16244 E ArmVmp : Match on catch block at 0xc3 in for 0xa1
01-22 23:31:25.711 16244 16244 E ArmVmp : Match on catch block at 0xc3 in for 0xa5
01-22 23:31:25.723 16244 16244 E ArmVmp : Match on catch block at 0xc3 in for 0xa5
01-22 23:31:25.727 16244 16244 E ArmVmp : Match on catch block at 0xc3 in for 0xa9
01-22 23:31:25.739 16244 16244 E ArmVmp : Match on catch block at 0xc3 in for 0xa9
01-22 23:31:25.743 16244 16244 E ArmVmp : Match on catch block at 0xc3 in for 0xa1
01-22 23:31:25.756 16244 16244 E ArmVmp : Match on catch block at 0xc3 in for 0xa1
01-22 23:31:25.760 16244 16244 E ArmVmp : Match on catch block at 0xc3 in for 0xa5
01-22 23:31:25.772 16244 16244 E ArmVmp : Match on catch block at 0xc3 in for 0xa5
01-22 23:31:25.776 16244 16244 E ArmVmp : Match on catch block at 0xc3 in for 0xa9
01-22 23:31:25.789 16244 16244 E ArmVmp : Match on catch block at 0xc3 in for 0xa9
01-22 23:31:25.794 16244 16244 E ArmVmp : Match on catch block at 0xc3 in for 0xa1
01-22 23:31:25.806 16244 16244 E ArmVmp : Match on catch block at 0xc3 in for 0xa1
01-22 23:31:25.812 16244 16244 E ArmVmp : Match on catch block at 0xc3 in for 0xa5
01-22 23:31:25.823 16244 16244 E ArmVmp : Match on catch block at 0xc3 in for 0xa5
01-22 23:31:25.828 16244 16244 E ArmVmp : Match on catch block at 0xc3 in for 0xa9
01-22 23:31:25.840 16244 16244 E ArmVmp : Match on catch block at 0xc3 in for 0xa9
01-22 23:31:25.845 16244 16244 E ArmVmp : Match on catch block at 0xc3 in for 0xa1
01-22 23:31:25.856 16244 16244 E ArmVmp : Match on catch block at 0xc3 in for 0xa1
01-22 23:31:25.860 16244 16244 E ArmVmp : Match on catch block at 0xc3 in for 0xa5
01-22 23:31:25.872 16244 16244 E ArmVmp : Match on catch block at 0xc3 in for 0xa5
01-22 23:31:25.878 16244 16244 E ArmVmp : Match on catch block at 0xc3 in for 0xa9
01-22 23:31:25.889 16244 16244 E ArmVmp : Match on catch block at 0xc3 in for 0xa9
01-22 23:31:25.894 16244 16244 E ArmVmp : Match on catch block at 0xc3 in for 0xa1
01-22 23:31:25.905 16244 16244 E ArmVmp : Match on catch block at 0xc3 in for 0xa1
01-22 23:31:25.910 16244 16244 E ArmVmp : Match on catch block at 0xc3 in for 0xa5
01-22 23:31:25.922 16244 16244 E ArmVmp : Match on catch block at 0xc3 in for 0xa5
01-22 23:31:25.927 16244 16244 E ArmVmp : Match on catch block at 0xc3 in for 0xa9
01-22 23:31:25.939 16244 16244 E ArmVmp : Match on catch block at 0xc3 in for 0xa9
01-22 23:31:25.943 16244 16244 E ArmVmp : Match on catch block at 0xc3 in for 0xa1
01-22 23:31:25.954 16244 16244 E ArmVmp : Match on catch block at 0xc3 in for 0xa9
01-22 23:31:25.956 16244 16244 E ArmVmp : Match on catch block at 0xc3 in for 0xa1
01-22 23:31:25.970 16244 16244 E ArmVmp : Match on catch block at 0xc3 in for 0xa1
01-22 23:31:25.973 16244 16244 E ArmVmp : Match on catch block at 0xc3 in for 0xa5
01-22 23:31:25.987 16244 16244 E ArmVmp : Match on catch block at 0xc3 in for 0xa5
01-22 23:31:25.991 16244 16244 E ArmVmp : Match on catch block at 0xc3 in for 0xa9
01-22 23:31:26.003 16244 16244 E ArmVmp : Match on catch block at 0xc3 in for 0xa1
01-22 23:31:26.008 16244 16244 E ArmVmp : Match on catch block at 0xc3 in for 0xa5
01-22 23:31:26.020 16244 16244 E ArmVmp : Match on catch block at 0xc3 in for 0xa5
01-22 23:31:26.023 16244 16244 E ArmVmp : Match on catch block at 0xc3 in for 0xa9
01-22 23:31:26.037 16244 16244 E ArmVmp : Match on catch block at 0xc3 in for 0xa9
01-22 23:31:26.040 16244 16244 E ArmVmp : Match on catch block at 0xc3 in for 0xa1
01-22 23:31:26.053 16244 16244 E ArmVmp : Match on catch block at 0xc3 in for 0xa1
01-22 23:31:26.056 16244 16244 E ArmVmp : Match on catch block at 0xc3 in for 0xa5
01-22 23:31:26.070 16244 16244 E ArmVmp : Match on catch block at 0xc3 in for 0xa5
01-22 23:31:26.073 16244 16244 E ArmVmp : Match on catch block at 0xc3 in for 0xa9
01-22 23:31:26.086 16244 16244 E ArmVmp : Match on catch block at 0xc3 in for 0xa9
01-22 23:31:26.089 16244 16244 E ArmVmp : Match on catch block at 0xc3 in for 0xa1
01-22 23:31:26.103 16244 16244 E ArmVmp : Match on catch block at 0xc3 in for 0xa1
01-22 23:31:26.107 16244 16244 E ArmVmp : Match on catch block at 0xc3 in for 0xa5
01-22 23:31:26.119 16244 16244 E ArmVmp : Match on catch block at 0xc3 in for 0xa5
01-22 23:31:26.122 16244 16244 E ArmVmp : Match on catch block at 0xc3 in for 0xa9
01-22 23:31:26.136 16244 16244 E ArmVmp : Match on catch block at 0xc3 in for 0xa9
01-22 23:31:26.139 16244 16244 E ArmVmp : Match on catch block at 0xc3 in for 0xa1
01-22 23:31:26.153 16244 16244 E ArmVmp : Match on catch block at 0xc3 in for 0xa1
01-22 23:31:26.155 16244 16244 E ArmVmp : Match on catch block at 0xc3 in for 0xa5
01-22 23:31:26.169 16244 16244 E ArmVmp : Match on catch block at 0xc3 in for 0xa5
01-22 23:31:26.172 16244 16244 E ArmVmp : Match on catch block at 0xc3 in for 0xa9
01-22 23:31:26.186 16244 16244 E ArmVmp : Match on catch block at 0xc3 in for 0xa9
01-22 23:31:26.189 16244 16244 E ArmVmp : Match on catch block at 0xc3 in for 0xa1
01-22 23:31:26.203 16244 16244 E ArmVmp : Match on catch block at 0xc3 in for 0xa1
01-22 23:31:26.206 16244 16244 E ArmVmp : Match on catch block at 0xc3 in for 0xa5
01-22 23:31:26.219 16244 16244 E ArmVmp : Match on catch block at 0xc3 in for 0xa5
01-22 23:31:26.222 16244 16244 E ArmVmp : Match on catch block at 0xc3 in for 0xa9
01-22 23:31:26.235 16244 16244 E ArmVmp : Match on catch block at 0xc3 in for 0xa9
01-22 23:31:26.238 16244 16244 E ArmVmp : Match on catch block at 0xc3 in for 0xa1
01-22 23:31:26.252 16244 16244 E ArmVmp : Match on catch block at 0xc3 in for 0xa1
01-22 23:31:26.255 16244 16244 E ArmVmp : Match on catch block at 0xc3 in for 0xa5
01-22 23:31:26.269 16244 16244 E ArmVmp : Match on catch block at 0xc3 in for 0xa5
01-22 23:31:26.272 16244 16244 E ArmVmp : Match on catch block at 0xc3 in for 0xa9
01-22 23:31:26.285 16244 16244 E ArmVmp : Match on catch block at 0xc3 in for 0xa9
01-22 23:31:26.288 16244 16244 E ArmVmp : Match on catch block at 0xc3 in for 0xa1
01-22 23:31:26.302 16244 16244 E ArmVmp : Match on catch block at 0xc3 in for 0xa1
01-22 23:31:26.306 16244 16244 E ArmVmp : Match on catch block at 0xc3 in for 0xa5
01-22 23:31:26.318 16244 16244 E ArmVmp : Match on catch block at 0xc3 in for 0xa5
01-22 23:31:26.322 16244 16244 E ArmVmp : Match on catch block at 0xc3 in for 0xa9
01-22 23:31:26.335 16244 16244 E ArmVmp : Match on catch block at 0xc3 in for 0xa9
01-22 23:31:26.338 16244 16244 E ArmVmp : Match on catch block at 0xc3 in for 0xa1
01-22 23:31:26.351 16244 16244 E ArmVmp : Match on catch block at 0xc3 in for 0xa1
01-22 23:31:26.355 16244 16244 E ArmVmp : Match on catch block at 0xc3 in for 0xa5
01-22 23:31:26.368 16244 16244 E ArmVmp : Match on catch block at 0xc3 in for 0xa5
01-22 23:31:26.371 16244 16244 E ArmVmp : Match on catch block at 0xc3 in for 0xa9
01-22 23:31:26.384 16244 16244 E ArmVmp : Match on catch block at 0xc3 in for 0xa9
01-22 23:31:26.387 16244 16244 E ArmVmp : Match on catch block at 0xc3 in for 0xa1
01-22 23:31:26.401 16244 16244 E ArmVmp : Match on catch block at 0xc3 in for 0xa1
01-22 23:31:26.404 16244 16244 E ArmVmp : Match on catch block at 0xc3 in for 0xa5
01-22 23:31:26.418 16244 16244 E ArmVmp : Match on catch block at 0xc3 in for 0xa5
01-22 23:31:26.421 16244 16244 E ArmVmp : Match on catch block at 0xc3 in for 0xa9
01-22 23:31:26.434 16244 16244 E ArmVmp : Match on catch block at 0xc3 in for 0xa9
01-22 23:31:26.438 16244 16244 E ArmVmp : Match on catch block at 0xc3 in for 0xa1
01-22 23:31:26.452 16244 16244 E ArmVmp : Match on catch block at 0xc3 in for 0xa1
01-22 23:31:26.456 16244 16244 E ArmVmp : Match on catch block at 0xc3 in for 0xa5
01-22 23:31:26.468 16244 16244 E ArmVmp : Match on catch block at 0xc3 in for 0xa5
01-22 23:31:26.473 16244 16244 E ArmVmp : Match on catch block at 0xc3 in for 0xa9
01-22 23:31:26.485 16244 16244 E ArmVmp : Match on catch block at 0xc3 in for 0xa9
01-22 23:31:26.489 16244 16244 E ArmVmp : Match on catch block at 0xc3 in for 0xa1
01-22 23:31:26.501 16244 16244 E ArmVmp : Match on catch block at 0xc3 in for 0xa1
01-22 23:31:26.505 16244 16244 E ArmVmp : Match on catch block at 0xc3 in for 0xa5
01-22 23:31:26.518 16244 16244 E ArmVmp : Match on catch block at 0xc3 in for 0xa5
01-22 23:31:26.522 16244 16244 E ArmVmp : Match on catch block at 0xc3 in for 0xa9
01-22 23:31:26.534 16244 16244 E ArmVmp : Match on catch block at 0xc3 in for 0xa9
01-22 23:31:26.538 16244 16244 E ArmVmp : Match on catch block at 0xc3 in for 0xa1
01-22 23:31:26.551 16244 16244 E ArmVmp : Match on catch block at 0xc3 in for 0xa1
01-22 23:31:26.556 16244 16244 E ArmVmp : Match on catch block at 0xc3 in for 0xa5
01-22 23:31:26.567 16244 16244 E ArmVmp : Match on catch block at 0xc3 in for 0xa1
01-22 23:31:26.570 16244 16244 E ArmVmp : Match on catch block at 0xc3 in for 0xa5
01-22 23:31:26.583 16244 16244 E ArmVmp : Match on catch block at 0xc3 in for 0xa5
01-22 23:31:26.586 16244 16244 E ArmVmp : Match on catch block at 0xc3 in for 0xa9
01-22 23:31:26.600 16244 16244 E ArmVmp : Match on catch block at 0xc3 in for 0xa9
01-22 23:31:26.602 16244 16244 E ArmVmp : Match on catch block at 0xc3 in for 0xa1
01-22 23:31:26.616 16244 16244 E ArmVmp : Match on catch block at 0xc3 in for 0xa1
01-22 23:31:26.619 16244 16244 E ArmVmp : Match on catch block at 0xc3 in for 0xa5
01-22 23:31:26.633 16244 16244 E ArmVmp : Match on catch block at 0xc3 in for 0xa5
01-22 23:31:26.636 16244 16244 E ArmVmp : Match on catch block at 0xc3 in for 0xa9
01-22 23:31:26.649 16244 16244 E ArmVmp : Match on catch block at 0xc3 in for 0xa9
01-22 23:31:26.652 16244 16244 E ArmVmp : Match on catch block at 0xc3 in for 0xa1
01-22 23:31:26.666 16244 16244 E ArmVmp : Match on catch block at 0xc3 in for 0xa1
01-22 23:31:26.669 16244 16244 E ArmVmp : Match on catch block at 0xc3 in for 0xa5
01-22 23:31:26.683 16244 16244 E ArmVmp : Match on catch block at 0xc3 in for 0xa1
01-22 23:31:26.687 16244 16244 E ArmVmp : Match on catch block at 0xc3 in for 0xa5
01-22 23:31:26.706 16244 16244 E ArmVmp : Match on catch block at 0xc3 in for 0xa5
01-22 23:31:26.709 16244 16244 E ArmVmp : Match on catch block at 0xc3 in for 0xa9
01-22 23:31:26.715 16244 16244 E ArmVmp : Match on catch block at 0xc3 in for 0xa9
01-22 23:31:26.719 16244 16244 E ArmVmp : Match on catch block at 0xc3 in for 0xa1
01-22 23:31:26.732 16244 16244 E ArmVmp : Match on catch block at 0xc3 in for 0xa1
01-22 23:31:26.735 16244 16244 E ArmVmp : Match on catch block at 0xc3 in for 0xa5
01-22 23:31:26.749 16244 16244 E ArmVmp : Match on catch block at 0xc3 in for 0xa5
01-22 23:31:26.752 16244 16244 E ArmVmp : Match on catch block at 0xc3 in for 0xa9
01-22 23:31:26.770 16244 16244 E ArmVmp : Match on catch block at 0xc3 in for 0xa9
01-22 23:31:26.773 16244 16244 E ArmVmp : Match on catch block at 0xc3 in for 0xa1
01-22 23:31:26.782 16244 16244 E ArmVmp : Match on catch block at 0xc3 in for 0xa1
01-22 23:31:26.787 16244 16244 E ArmVmp : Match on catch block at 0xc3 in for 0xa5
01-22 23:31:26.798 16244 16244 E ArmVmp : Match on catch block at 0xc3 in for 0xa5
01-22 23:31:26.801 16244 16244 E ArmVmp : Match on catch block at 0xc3 in for 0xa9
01-22 23:31:26.815 16244 16244 E ArmVmp : Match on catch block at 0xc3 in for 0xa9
01-22 23:31:26.818 16244 16244 E ArmVmp : Match on catch block at 0xc3 in for 0xa1
01-22 23:31:26.832 16244 16244 E ArmVmp : Match on catch block at 0xc3 in for 0xa1
01-22 23:31:26.836 16244 16244 E ArmVmp : Match on catch block at 0xc3 in for 0xa5
01-22 23:31:26.848 16244 16244 E ArmVmp : Match on catch block at 0xc3 in for 0xa5
01-22 23:31:26.851 16244 16244 E ArmVmp : Match on catch block at 0xc3 in for 0xa9
01-22 23:31:26.865 16244 16244 E ArmVmp : Match on catch block at 0xc3 in for 0xa9
01-22 23:31:26.868 16244 16244 E ArmVmp : Match on catch block at 0xc3 in for 0xa1
01-22 23:31:26.881 16244 16244 E ArmVmp : Match on catch block at 0xc3 in for 0xa1
01-22 23:31:26.884 16244 16244 E ArmVmp : Match on catch block at 0xc3 in for 0xa5
01-22 23:31:26.898 16244 16244 E ArmVmp : Match on catch block at 0xc3 in for 0xa5
01-22 23:31:26.901 16244 16244 E ArmVmp : Match on catch block at 0xc3 in for 0xa9
01-22 23:31:26.914 16244 16244 E ArmVmp : Match on catch block at 0xc3 in for 0xa9
01-22 23:31:26.917 16244 16244 E ArmVmp : Match on catch block at 0xc3 in for 0xa1
01-22 23:31:26.931 16244 16244 E ArmVmp : Match on catch block at 0xc3 in for 0xa1
01-22 23:31:26.934 16244 16244 E ArmVmp : Match on catch block at 0xc3 in for 0xa5
01-22 23:31:26.947 16244 16244 E ArmVmp : Match on catch block at 0xc3 in for 0xa1
01-22 23:31:26.951 16244 16244 E ArmVmp : Match on catch block at 0xc3 in for 0xa5
01-22 23:31:26.974 16244 16244 E ArmVmp : Match on catch block at 0xc3 in for 0xa5
01-22 23:31:26.981 16244 16244 E ArmVmp : Match on catch block at 0xc3 in for 0xa9
01-22 23:31:27.002 16244 16922 W libEGL : EGLNativeWindowType 0xb400006fc11274e0
disconnect failed
01-22 23:31:27.012 16244 16244 E ArmVmp : Match on catch block at 0xc3 in for 0xa9
01-22 23:31:27.015 16244 16244 E ArmVmp : Match on catch block at 0xc3 in for 0xa1
01-22 23:31:27.026 16244 16244 E ArmVmp : Match on catch block at 0xc3 in for 0xa1
01-22 23:31:27.028 16244 16244 E ArmVmp : Match on catch block at 0xc3 in for 0xa5
01-22 23:31:27.034 16244 16244 E ArmVmp : Match on catch block at 0xc3 in for 0xa5
01-22 23:31:27.036 16244 16244 E ArmVmp : Match on catch block at 0xc3 in for 0xa9
01-22 23:31:27.047 16244 16244 E ArmVmp : Match on catch block at 0xc3 in for 0xa9
01-22 23:31:27.049 16244 16244 E ArmVmp : Match on catch block at 0xc3 in for 0xa1
01-22 23:31:27.063 16244 16244 E ArmVmp : Match on catch block at 0xc3 in for 0xa1
01-22 23:31:27.066 16244 16244 E ArmVmp : Match on catch block at 0xc3 in for 0xa5
01-22 23:31:27.080 16244 16244 E ArmVmp : Match on catch block at 0xc3 in for 0xa5
01-22 23:31:27.082 16244 16244 E ArmVmp : Match on catch block at 0xc3 in for 0xa9
01-22 23:31:27.096 16244 16244 E ArmVmp : Match on catch block at 0xc3 in for 0xa9
01-22 23:31:27.099 16244 16244 E ArmVmp : Match on catch block at 0xc3 in for 0xa1
01-22 23:31:27.113 16244 16244 E ArmVmp : Match on catch block at 0xc3 in for 0xa1
01-22 23:31:27.115 16244 16244 E ArmVmp : Match on catch block at 0xc3 in for 0xa5
01-22 23:31:27.130 16244 16244 E ArmVmp : Match on catch block at 0xc3 in for 0xa5
01-22 23:31:27.132 16244 16244 E ArmVmp : Match on catch block at 0xc3 in for 0xa9
01-22 23:31:27.146 16244 16244 E ArmVmp : Match on catch block at 0xc3 in for 0xa9
01-22 23:31:27.149 16244 16244 E ArmVmp : Match on catch block at 0xc3 in for 0xa1
01-22 23:31:27.163 16244 16244 E ArmVmp : Match on catch block at 0xc3 in for 0xa1
01-22 23:31:27.166 16244 16244 E ArmVmp : Match on catch block at 0xc3 in for 0xa5
01-22 23:31:27.180 16244 16244 E ArmVmp : Match on catch block at 0xc3 in for 0xa5
01-22 23:31:27.184 16244 16244 E ArmVmp : Match on catch block at 0xc3 in for 0xa9
01-22 23:31:27.197 16244 16244 E ArmVmp : Match on catch block at 0xc3 in for 0xa9
01-22 23:31:27.200 16244 16244 E ArmVmp : Match on catch block at 0xc3 in for 0xa1
01-22 23:31:27.213 16244 16244 E ArmVmp : Match on catch block at 0xc3 in for 0xa1
01-22 23:31:27.217 16244 16244 E ArmVmp : Match on catch block at 0xc3 in for 0xa5
01-22 23:31:27.230 16244 16244 E ArmVmp : Match on catch block at 0xc3 in for 0xa5
01-22 23:31:27.235 16244 16244 E ArmVmp : Match on catch block at 0xc3 in for 0xa9
01-22 23:31:27.247 16244 16244 E ArmVmp : Match on catch block at 0xc3 in for 0xa9
01-22 23:31:27.252 16244 16244 E ArmVmp : Match on catch block at 0xc3 in for 0xa1
01-22 23:31:27.263 16244 16244 E ArmVmp : Match on catch block at 0xc3 in for 0xa1
01-22 23:31:27.268 16244 16244 E ArmVmp : Match on catch block at 0xc3 in for 0xa5
01-22 23:31:27.280 16244 16244 E ArmVmp : Match on catch block at 0xc3 in for 0xa5
01-22 23:31:27.284 16244 16244 E ArmVmp : Match on catch block at 0xc3 in for 0xa9
01-22 23:31:27.296 16244 16244 E ArmVmp : Match on catch block at 0xc3 in for 0xa9
01-22 23:31:27.301 16244 16244 E ArmVmp : Match on catch block at 0xc3 in for 0xa1
01-22 23:31:27.313 16244 16244 E ArmVmp : Match on catch block at 0xc3 in for 0xa1
01-22 23:31:27.318 16244 16244 E ArmVmp : Match on catch block at 0xc3 in for 0xa5
01-22 23:31:27.329 16244 16244 E ArmVmp : Match on catch block at 0xc3 in for 0xa5
01-22 23:31:27.335 16244 16244 E ArmVmp : Match on catch block at 0xc3 in for 0xa9
01-22 23:31:27.346 16244 16244 E ArmVmp : Match on catch block at 0xc3 in for 0xa9
01-22 23:31:27.351 16244 16244 E ArmVmp : Match on catch block at 0xc3 in for 0xa1
01-22 23:31:27.363 16244 16244 E ArmVmp : Match on catch block at 0xc3 in for 0xa1
01-22 23:31:27.367 16244 16244 E ArmVmp : Match on catch block at 0xc3 in for 0xa5
01-22 23:31:27.380 16244 16244 E ArmVmp : Match on catch block at 0xc3 in for 0xa5
01-22 23:31:27.384 16244 16244 E ArmVmp : Match on catch block at 0xc3 in for 0xa9
01-22 23:31:27.396 16244 16244 E ArmVmp : Match on catch block at 0xc3 in for 0xa9
01-22 23:31:27.401 16244 16244 E ArmVmp : Match on catch block at 0xc3 in for 0xa1
01-22 23:31:27.412 16244 16244 E ArmVmp : Match on catch block at 0xc3 in for 0xa1
01-22 23:31:27.417 16244 16244 E ArmVmp : Match on catch block at 0xc3 in for 0xa5
01-22 23:31:27.429 16244 16244 E ArmVmp : Match on catch block at 0xc3 in for 0xa5
01-22 23:31:27.433 16244 16244 E ArmVmp : Match on catch block at 0xc3 in for 0xa9
01-22 23:31:27.445 16244 16244 E ArmVmp : Match on catch block at 0xc3 in for 0xa9
01-22 23:31:27.450 16244 16244 E ArmVmp : Match on catch block at 0xc3 in for 0xa1
01-22 23:31:27.463 16244 16244 E ArmVmp : Match on catch block at 0xc3 in for 0xa1
01-22 23:31:27.466 16244 16244 E ArmVmp : Match on catch block at 0xc3 in for 0xa5
01-22 23:31:27.479 16244 16244 E ArmVmp : Match on catch block at 0xc3 in for 0xa5
01-22 23:31:27.483 16244 16244 E ArmVmp : Match on catch block at 0xc3 in for 0xa9
01-22 23:31:27.496 16244 16244 E ArmVmp : Match on catch block at 0xc3 in for 0xa9
01-22 23:31:27.500 16244 16244 E ArmVmp : Match on catch block at 0xc3 in for 0xa1
01-22 23:31:27.512 16244 16244 E ArmVmp : Match on catch block at 0xc3 in for 0xa1
01-22 23:31:27.516 16244 16244 E ArmVmp : Match on catch block at 0xc3 in for 0xa5
01-22 23:31:27.528 16244 16244 E ArmVmp : Match on catch block at 0xc3 in for 0xa5
01-22 23:31:27.533 16244 16244 E ArmVmp : Match on catch block at 0xc3 in for 0xa9
01-22 23:31:27.545 16244 16244 E ArmVmp : Match on catch block at 0xc3 in for 0xa9
01-22 23:31:27.550 16244 16244 E ArmVmp : Match on catch block at 0xc3 in for 0xa1
01-22 23:31:27.561 16244 16244 E ArmVmp : Match on catch block at 0xc3 in for 0xa1
01-22 23:31:27.566 16244 16244 E ArmVmp : Match on catch block at 0xc3 in for 0xa5
01-22 23:31:27.578 16244 16244 E ArmVmp : Match on catch block at 0xc3 in for 0xa5
01-22 23:31:27.583 16244 16244 E ArmVmp : Match on catch block at 0xc3 in for 0xa9
01-22 23:31:27.594 16244 16244 E ArmVmp : Match on catch block at 0xc3 in for 0xa9
01-22 23:31:27.599 16244 16244 E ArmVmp : Match on catch block at 0xc3 in for 0xa1
01-22 23:31:27.611 16244 16244 E ArmVmp : Match on catch block at 0xc3 in for 0xa1
01-22 23:31:27.616 16244 16244 E ArmVmp : Match on catch block at 0xc3 in for 0xa5
01-22 23:31:27.628 16244 16244 E ArmVmp : Match on catch block at 0xc3 in for 0xa5
01-22 23:31:27.633 16244 16244 E ArmVmp : Match on catch block at 0xc3 in for 0xa9
01-22 23:31:27.645 16244 16244 E ArmVmp : Match on catch block at 0xc3 in for 0xa9
01-22 23:31:27.650 16244 16244 E ArmVmp : Match on catch block at 0xc3 in for 0xa1
01-22 23:31:27.661 16244 16244 E ArmVmp : Match on catch block at 0xc3 in for 0xa1
01-22 23:31:27.666 16244 16244 E ArmVmp : Match on catch block at 0xc3 in for 0xa5
01-22 23:31:27.678 16244 16244 E ArmVmp : Match on catch block at 0xc3 in for 0xa5
01-22 23:31:27.683 16244 16244 E ArmVmp : Match on catch block at 0xc3 in for 0xa9
01-22 23:31:27.694 16244 16244 E ArmVmp : Match on catch block at 0xc3 in for 0xa9
01-22 23:31:27.698 16244 16244 E ArmVmp : Match on catch block at 0xc3 in for 0xa1
01-22 23:31:27.710 16244 16244 E ArmVmp : Match on catch block at 0xc3 in for 0xa1
01-22 23:31:27.714 16244 16244 E ArmVmp : Match on catch block at 0xc3 in for 0xa5
01-22 23:31:27.727 16244 16244 E ArmVmp : Match on catch block at 0xc3 in for 0xa5
01-22 23:31:27.731 16244 16244 E ArmVmp : Match on catch block at 0xc3 in for 0xa9
01-22 23:31:27.744 16244 16244 E ArmVmp : Match on catch block at 0xc3 in for 0xa9
01-22 23:31:27.749 16244 16244 E ArmVmp : Match on catch block at 0xc3 in for 0xa1
01-22 23:31:27.760 16244 16244 E ArmVmp : Match on catch block at 0xc3 in for 0xa1
01-22 23:31:27.765 16244 16244 E ArmVmp : Match on catch block at 0xc3 in for 0xa5
01-22 23:31:27.777 16244 16244 E ArmVmp : Match on catch block at 0xc3 in for 0xa5
01-22 23:31:27.781 16244 16244 E ArmVmp : Match on catch block at 0xc3 in for 0xa9
01-22 23:31:27.793 16244 16244 E ArmVmp : Match on catch block at 0xc3 in for 0xa9
01-22 23:31:27.798 16244 16244 E ArmVmp : Match on catch block at 0xc3 in for 0xa1
01-22 23:31:27.809 16244 16244 E ArmVmp : Match on catch block at 0xc3 in for 0xa9
01-22 23:31:27.812 16244 16244 E ArmVmp : Match on catch block at 0xc3 in for 0xa1
01-22 23:31:27.825 16244 16244 E ArmVmp : Match on catch block at 0xc3 in for 0xa1
01-22 23:31:27.828 16244 16244 E ArmVmp : Match on catch block at 0xc3 in for 0xa5
01-22 23:31:27.842 16244 16244 E ArmVmp : Match on catch block at 0xc3 in for 0xa1
01-22 23:31:27.844 16244 16244 E ArmVmp : Match on catch block at 0xc3 in for 0xa5
01-22 23:31:27.944 16244 16244 E ArmVmp : Match on catch block at 0xc3 in for 0xa9
01-22 23:31:27.948 16244 16244 E ArmVmp : Match on catch block at 0xc3 in for 0xa1
01-22 23:31:28.070 16244 16244 E ArmVmp : Match on catch block at 0xc3 in for 0xa5
01-22 23:31:28.075 16244 16244 E ArmVmp : Match on catch block at 0xc3 in for 0xa9
01-22 23:31:28.094 16244 16922 W libEGL : EGLNativeWindowType 0xb400006fc1140da0
disconnect failed
01-22 23:31:28.109 16244 16244 E ArmVmp : Match on catch block at 0xc3 in for 0xa9
01-22 23:31:28.115 16244 16244 E ArmVmp : Match on catch block at 0xc3 in for 0xa1
01-22 23:31:28.127 16244 16244 E ArmVmp : Match on catch block at 0xc3 in for 0xa1
01-22 23:31:28.131 16244 16244 E ArmVmp : Match on catch block at 0xc3 in for 0xa5
01-22 23:31:28.165 16244 16244 E ArmVmp : Match on catch block at 0xc3 in for 0xa5
01-22 23:31:28.167 16244 16244 E ArmVmp : Match on catch block at 0xc3 in for 0xa9
01-22 23:31:28.173 16244 16244 E ArmVmp : Match on catch block at 0xc3 in for 0xa9
01-22 23:31:28.178 16244 16244 E ArmVmp : Match on catch block at 0xc3 in for 0xa1
01-22 23:31:28.190 16244 16244 E ArmVmp : Match on catch block at 0xc3 in for 0xa1
01-22 23:31:28.193 16244 16244 E ArmVmp : Match on catch block at 0xc3 in for 0xa5
01-22 23:31:28.206 16244 16244 E ArmVmp : Match on catch block at 0xc3 in for 0xa5
01-22 23:31:28.210 16244 16244 E ArmVmp : Match on catch block at 0xc3 in for 0xa9
01-22 23:31:28.222 16244 16244 E ArmVmp : Match on catch block at 0xc3 in for 0xa9
01-22 23:31:28.227 16244 16244 E ArmVmp : Match on catch block at 0xc3 in for 0xa1
01-22 23:31:28.240 16244 16244 E ArmVmp : Match on catch block at 0xc3 in for 0xa1
01-22 23:31:28.244 16244 16244 E ArmVmp : Match on catch block at 0xc3 in for 0xa5
01-22 23:31:28.256 16244 16244 E ArmVmp : Match on catch block at 0xc3 in for 0xa5
01-22 23:31:28.260 16244 16244 E ArmVmp : Match on catch block at 0xc3 in for 0xa9
01-22 23:31:28.272 16244 16244 E ArmVmp : Match on catch block at 0xc3 in for 0xa9
01-22 23:31:28.276 16244 16244 E ArmVmp : Match on catch block at 0xc3 in for 0xa1
01-22 23:31:28.289 16244 16244 E ArmVmp : Match on catch block at 0xc3 in for 0xa1
01-22 23:31:28.293 16244 16244 E ArmVmp : Match on catch block at 0xc3 in for 0xa5
01-22 23:31:28.306 16244 16244 E ArmVmp : Match on catch block at 0xc3 in for 0xa5
01-22 23:31:28.311 16244 16244 E ArmVmp : Match on catch block at 0xc3 in for 0xa9
01-22 23:31:28.322 16244 16244 E ArmVmp : Match on catch block at 0xc3 in for 0xa9
01-22 23:31:28.326 16244 16244 E ArmVmp : Match on catch block at 0xc3 in for 0xa1
01-22 23:31:28.339 16244 16244 E ArmVmp : Match on catch block at 0xc3 in for 0xa1
01-22 23:31:28.343 16244 16244 E ArmVmp : Match on catch block at 0xc3 in for 0xa5
01-22 23:31:28.355 16244 16244 E ArmVmp : Match on catch block at 0xc3 in for 0xa5
01-22 23:31:28.358 16244 16244 E ArmVmp : Match on catch block at 0xc3 in for 0xa9
01-22 23:31:28.371 16244 16244 E ArmVmp : Match on catch block at 0xc3 in for 0xa9
01-22 23:31:28.376 16244 16244 E ArmVmp : Match on catch block at 0xc3 in for 0xa1
01-22 23:31:28.388 16244 16244 E ArmVmp : Match on catch block at 0xc3 in for 0xa1
01-22 23:31:28.392 16244 16244 E ArmVmp : Match on catch block at 0xc3 in for 0xa5
01-22 23:31:28.404 16244 16244 E ArmVmp : Match on catch block at 0xc3 in for 0xa5
01-22 23:31:28.412 16244 16244 E ArmVmp : Match on catch block at 0xc3 in for 0xa9
01-22 23:31:28.421 16244 16244 E ArmVmp : Match on catch block at 0xc3 in for 0xa9
01-22 23:31:28.424 16244 16244 E ArmVmp : Match on catch block at 0xc3 in for 0xa1
01-22 23:31:28.439 16244 16244 E ArmVmp : Match on catch block at 0xc3 in for 0xa1
01-22 23:31:28.445 16244 16244 E ArmVmp : Match on catch block at 0xc3 in for 0xa5
01-22 23:31:28.456 16244 16244 E ArmVmp : Match on catch block at 0xc3 in for 0xa5
01-22 23:31:28.459 16244 16244 E ArmVmp : Match on catch block at 0xc3 in for 0xa9
01-22 23:31:28.472 16244 16244 E ArmVmp : Match on catch block at 0xc3 in for 0xa9
01-22 23:31:28.476 16244 16244 E ArmVmp : Match on catch block at 0xc3 in for 0xa1
01-22 23:31:28.488 16244 16244 E ArmVmp : Match on catch block at 0xc3 in for 0xa1
01-22 23:31:28.492 16244 16244 E ArmVmp : Match on catch block at 0xc3 in for 0xa5
01-22 23:31:28.504 16244 16244 E ArmVmp : Match on catch block at 0xc3 in for 0xa5
