01-25 06:18:59.853 4534 4618 W System.err: at
java.lang.Thread.run(Thread.java:923)
01-25 06:18:59.853 4534 4618 W System.err:
01-25 06:19:00.116 4534 4534 E ArmVmp : Match on catch block at 0xc3 in for 0xb5
01-25 06:19:00.120 4534 4534 E ArmVmp : Match on catch block at 0xc3 in for 0xb1
01-25 06:19:00.169 4534 4534 E ArmVmp : Match on catch block at 0xc3 in for 0xa9
01-25 06:19:00.172 4534 4534 E ArmVmp : Match on catch block at 0xc3 in for 0xa5
01-25 06:19:00.220 4534 4534 E ArmVmp : Match on catch block at 0xc3 in for 0xa1
01-25 06:19:00.223 4534 4534 E ArmVmp : Match on catch block at 0xc3 in for 0xa5
01-25 06:19:00.265 4534 4534 E ArmVmp : Match on catch block at 0xc3 in for 0xa1
01-25 06:19:00.268 4534 4534 E ArmVmp : Match on catch block at 0xc3 in for 0xa5
01-25 06:19:00.280 4534 4534 E ArmVmp : Match on catch block at 0xc3 in for 0xa9
01-25 06:19:00.283 4534 4534 E ArmVmp : Match on catch block at 0xc3 in for 0xa1
01-25 06:19:00.288 4534 4534 E ArmVmp : Match on catch block at 0xc3 in for 0xa1
01-25 06:19:00.292 4534 4534 E ArmVmp : Match on catch block at 0xc3 in for 0xa5
01-25 06:19:00.298 4534 4534 E ArmVmp : Match on catch block at 0xc3 in for 0xa1
01-25 06:19:00.301 4534 4534 E ArmVmp : Match on catch block at 0xc3 in for 0xa5
01-25 06:19:00.311 4534 4534 E ArmVmp : Match on catch block at 0xc3 in for 0xa5
01-25 06:19:00.314 4534 4534 E ArmVmp : Match on catch block at 0xc3 in for 0xa9
01-25 06:19:00.484 4534 4598 W libEGL : EGLNativeWindowType 0xb400006fc1056ac0
disconnect failed
01-25 06:19:00.675 4534 4534 E ArmVmp : Match on catch block at 0xc3 in for 0xa5
01-25 06:19:00.679 4534 4534 E ArmVmp : Match on catch block at 0xc3 in for 0xa9
01-25 06:19:00.692 4534 4534 E ArmVmp : Match on catch block at 0xc3 in for 0xa9
01-25 06:19:00.694 4534 4534 E ArmVmp : Match on catch block at 0xc3 in for 0xa1
01-25 06:19:00.708 4534 4534 E ArmVmp : Match on catch block at 0xc3 in for 0xa1
01-25 06:19:00.711 4534 4534 E ArmVmp : Match on catch block at 0xc3 in for 0xa5
01-25 06:19:00.725 4534 4534 E ArmVmp : Match on catch block at 0xc3 in for 0xa9
01-25 06:19:00.728 4534 4534 E ArmVmp : Match on catch block at 0xc3 in for 0xa1
01-25 06:19:00.755 4534 4534 E ArmVmp : Match on catch block at 0xc3 in for 0xa9
01-25 06:19:00.758 4534 4534 E ArmVmp : Match on catch block at 0xc3 in for 0xa1
01-25 06:19:00.781 4534 4598 E FrameEvents: updateAcquireFence: Did not find
frame.
01-25 06:19:00.781 4534 4598 E BufferQueueProducer: [ImageReader-70x70f1u256m2-
4534-0](id:11b600000000,api:0,p:-1,c:4534) disconnect: not connected (req=1)
01-25 06:19:00.781 4534 4598 W libEGL : EGLNativeWindowType 0xb400006fc10fedb0
disconnect failed
01-25 06:19:00.796 4534 4534 E ArmVmp : Match on catch block at 0xc3 in for 0xa1
01-25 06:19:00.804 4534 4534 E ArmVmp : Match on catch block at 0xc3 in for 0xa5
01-25 06:19:00.939 4534 4534 W ResourceType: Bad XML block: header size 18254 or
total size 169478669 is larger than data size 380
01-25 06:19:00.942 4534 4534 W ResourceType: Bad XML block: header size 18254 or
total size 169478669 is larger than data size 431
01-25 06:19:00.953 4534 4534 W ResourceType: Bad XML block: header size 18254 or
total size 169478669 is larger than data size 677
01-25 06:19:00.956 4534 4534 W ResourceType: Bad XML block: header size 18254 or
total size 169478669 is larger than data size 248
01-25 06:19:00.963 4534 4534 W ResourceType: Bad XML block: header size 18254 or
total size 169478669 is larger than data size 571
01-25 06:19:00.970 4534 4534 W ResourceType: Bad XML block: header size 18254 or
total size 169478669 is larger than data size 333
01-25 06:19:00.975 4534 4534 W ResourceType: Bad XML block: header size 18254 or
total size 169478669 is larger than data size 650
01-25 06:19:00.979 4534 4534 W ResourceType: Bad XML block: header size 18254 or
total size 169478669 is larger than data size 1150
01-25 06:19:00.982 4534 4534 W ResourceType: Bad XML block: header size 18254 or
total size 169478669 is larger than data size 491
01-25 06:19:00.985 4534 4534 W ResourceType: Bad XML block: header size 18254 or
total size 169478669 is larger than data size 1150
01-25 06:19:00.989 4534 4534 W ResourceType: Bad XML block: header size 18254 or
total size 169478669 is larger than data size 659
01-25 06:19:00.992 4534 4534 W ResourceType: Bad XML block: header size 18254 or
total size 169478669 is larger than data size 593
01-25 06:19:01.042 4534 4534 W ResourceType: Bad XML block: header size 18254 or
total size 169478669 is larger than data size 473
01-25 06:19:01.046 4534 4534 W ResourceType: Bad XML block: header size 18254 or
total size 169478669 is larger than data size 510
01-25 06:19:01.052 4534 4534 W SQLiteLog: (28) double-quoted string literal:
"340"
01-25 06:19:01.052 4534 4534 W SQLiteLog: (28) double-quoted string literal:
"340"
01-25 06:19:01.109 4534 4534 W ResourceType: Bad XML block: header size 18254 or
total size 169478669 is larger than data size 473
01-25 06:19:01.134 4534 4534 E ArmVmp : Match on catch block at 0xc3 in for 0xa1
01-25 06:19:01.136 4534 4534 E ArmVmp : Match on catch block at 0xc3 in for 0xa5
01-25 06:19:01.165 4534 4534 W View : requestLayout() improperly called by
android.widget.Space{1c25ae I.ED..... ......I. 24,72-32,80 #7f0b00ba
app:id/action_tile_spacing} during layout: running second layout pass
01-25 06:19:01.165 4534 4534 W View : requestLayout() improperly called by
android.widget.Space{20b3f4f I.ED..... ......I. 24,72-32,80 #7f0b00ba
app:id/action_tile_spacing} during layout: running second layout pass
01-25 06:19:01.165 4534 4534 W View : requestLayout() improperly called by
android.widget.Space{22e36dc I.ED..... ......I. 24,72-32,80 #7f0b00ba
app:id/action_tile_spacing} during layout: running second layout pass
01-25 06:19:01.165 4534 4534 W View : requestLayout() improperly called by
android.widget.Space{c8c93e5 I.ED..... ......I. 24,72-32,80 #7f0b00ba
app:id/action_tile_spacing} during layout: running second layout pass
01-25 06:19:01.167 4534 4534 W ResourceType: Bad XML block: header size 18254 or
total size 169478669 is larger than data size 853
01-25 06:19:01.182 4534 4534 E ArmVmp : Match on catch block at 0xc3 in for 0xa1
01-25 06:19:01.184 4534 4534 E ArmVmp : Match on catch block at 0xc3 in for 0xa5
01-25 06:19:01.282 4534 4534 W pool-6-thread-1: type=1400 audit(0.0:546251): avc:
granted { execute } for
path="/data/data/com.whatsapp/files/decompressed/libs.spk.zst/libgifimage.so"
dev="dm-11" ino=213769 scontext=u:r:untrusted_app:s0:c233,c256,c512,c768
tcontext=u:object_r:app_data_file:s0:c233,c256,c512,c768 tclass=file
app=com.whatsapp
01-25 06:19:01.351 4534 4534 E ArmVmp : Match on catch block at 0xc3 in for 0xa1
01-25 06:19:01.354 4534 4534 E ArmVmp : Match on catch block at 0xc3 in for 0xa5
01-25 06:19:01.597 4534 4598 W libEGL : EGLNativeWindowType 0xb400006fc10fa990
disconnect failed
01-25 06:19:01.603 4534 4534 E ArmVmp : Match on catch block at 0xc3 in for 0xa5
01-25 06:19:01.606 4534 4534 E ArmVmp : Match on catch block at 0xc3 in for 0xa9
01-25 06:19:06.549 4534 4534 E ArmVmp : Match on catch block at 0x0a in for 0xc5
01-25 06:19:06.552 4534 4534 E ArmVmp : Match on catch block at 0x0a in for 0xc1
01-25 06:19:06.553 4534 4701 E ArmVmp : Match on catch block at 0x48 in for 0x81
01-25 06:19:06.553 4534 4701 W System.err: java.net.UnknownHostException: Unable
to resolve host "translate.googleapis.com": No address associated with hostname
01-25 06:19:06.553 4534 4701 W System.err:
01-25 06:19:06.553 4534 4701 W System.err: at
java.net.Inet6AddressImpl.lookupHostByName(Inet6AddressImpl.java:156)
01-25 06:19:06.553 4534 4701 W System.err:
01-25 06:19:06.554 4534 4701 W System.err: at
java.net.Inet6AddressImpl.lookupAllHostAddr(Inet6AddressImpl.java:103)
01-25 06:19:06.554 4534 4701 W System.err:
01-25 06:19:06.554 4534 4701 W System.err: at
java.net.InetAddress.getAllByName(InetAddress.java:1152)
01-25 06:19:06.554 4534 4701 W System.err:
01-25 06:19:06.554 4534 4701 W System.err: at
com.android.okhttp.Dns$1.lookup(Dns.java:41)
01-25 06:19:06.554 4534 4701 W System.err:
01-25 06:19:06.554 4534 4701 W System.err: at
com.android.okhttp.internal.http.RouteSelector.resetNextInetSocketAddress(RouteSele
ctor.java:178)
01-25 06:19:06.554 4534 4701 W System.err:
01-25 06:19:06.554 4534 4701 W System.err: at
com.android.okhttp.internal.http.RouteSelector.nextProxy(RouteSelector.java:144)
01-25 06:19:06.554 4534 4701 W System.err:
01-25 06:19:06.554 4534 4701 W System.err: at
com.android.okhttp.internal.http.RouteSelector.next(RouteSelector.java:86)
01-25 06:19:06.554 4534 4701 W System.err:
01-25 06:19:06.554 4534 4701 W System.err: at
com.android.okhttp.internal.http.StreamAllocation.findConnection(StreamAllocation.j
ava:176)
01-25 06:19:06.554 4534 4701 W System.err:
01-25 06:19:06.554 4534 4701 W System.err: at
com.android.okhttp.internal.http.StreamAllocation.findHealthyConnection(StreamAlloc
ation.java:128)
01-25 06:19:06.554 4534 4701 W System.err:
01-25 06:19:06.554 4534 4701 W System.err: at
com.android.okhttp.internal.http.StreamAllocation.newStream(StreamAllocation.java:9
7)
01-25 06:19:06.554 4534 4701 W System.err:
01-25 06:19:06.554 4534 4701 W System.err: at
com.android.okhttp.internal.http.HttpEngine.connect(HttpEngine.java:289)
01-25 06:19:06.554 4534 4701 W System.err:
01-25 06:19:06.555 4534 4701 W System.err: at
com.android.okhttp.internal.http.HttpEngine.sendRequest(HttpEngine.java:232)
01-25 06:19:06.555 4534 4701 W System.err:
01-25 06:19:06.555 4534 4701 W System.err: at
com.android.okhttp.internal.huc.HttpURLConnectionImpl.execute(HttpURLConnectionImpl
.java:465)
01-25 06:19:06.555 4534 4701 W System.err:
01-25 06:19:06.555 4534 4701 W System.err: at
com.android.okhttp.internal.huc.HttpURLConnectionImpl.connect(HttpURLConnectionImpl
.java:131)
01-25 06:19:06.555 4534 4701 W System.err:
01-25 06:19:06.555 4534 4701 W System.err: at
com.android.okhttp.internal.huc.DelegatingHttpsURLConnection.connect(DelegatingHttp
sURLConnection.java:90)
01-25 06:19:06.555 4534 4701 W System.err:
01-25 06:19:06.555 4534 4701 W System.err: at
com.android.okhttp.internal.huc.HttpsURLConnectionImpl.connect(HttpsURLConnectionIm
pl.java:30)
01-25 06:19:06.555 4534 4701 W System.err:
01-25 06:19:06.555 4534 4701 W System.err: at
mbmodsd.mbmodsw.home.MBTranslator.translate(Native Method)
01-25 06:19:06.555 4534 4701 W System.err:
01-25 06:19:06.555 4534 4701 W System.err: at
mbmodsd.mbmodsw.home.MBTranslator$Async.doInBackground(Native Method)
01-25 06:19:06.555 4534 4701 W System.err:
01-25 06:19:06.555 4534 4701 W System.err: at
mbmodsd.mbmodsw.home.MBTranslator$Async.doInBackground(Native Method)
01-25 06:19:06.555 4534 4701 W System.err:
01-25 06:19:06.555 4534 4701 W System.err: at
android.os.AsyncTask$3.call(AsyncTask.java:394)
01-25 06:19:06.555 4534 4701 W System.err:
01-25 06:19:06.555 4534 4701 W System.err: at
java.util.concurrent.FutureTask.run(FutureTask.java:266)
01-25 06:19:06.555 4534 4701 W System.err:
01-25 06:19:06.555 4534 4701 W System.err: at
android.os.AsyncTask$SerialExecutor$1.run(AsyncTask.java:305)
01-25 06:19:06.555 4534 4701 W System.err:
01-25 06:19:06.556 4534 4701 W System.err: at
java.util.concurrent.ThreadPoolExecutor.runWorker(ThreadPoolExecutor.java:1167)
01-25 06:19:06.556 4534 4701 W System.err:
01-25 06:19:06.556 4534 4701 W System.err: at
java.util.concurrent.ThreadPoolExecutor$Worker.run(ThreadPoolExecutor.java:641)
01-25 06:19:06.556 4534 4701 W System.err:
01-25 06:19:06.556 4534 4701 W System.err: at
java.lang.Thread.run(Thread.java:923)
01-25 06:19:06.556 4534 4701 W System.err:
01-25 06:19:06.556 4534 4701 W System.err: Caused by:
android.system.GaiException: android_getaddrinfo failed: EAI_NODATA (No address
associated with hostname)
01-25 06:19:06.556 4534 4701 W System.err:
01-25 06:19:06.556 4534 4701 W System.err: at
libcore.io.Linux.android_getaddrinfo(Native Method)
01-25 06:19:06.556 4534 4701 W System.err:
01-25 06:19:06.556 4534 4701 W System.err: at
libcore.io.ForwardingOs.android_getaddrinfo(ForwardingOs.java:73)
01-25 06:19:06.556 4534 4701 W System.err:
01-25 06:19:06.556 4534 4701 W System.err: at
libcore.io.BlockGuardOs.android_getaddrinfo(BlockGuardOs.java:202)
01-25 06:19:06.556 4534 4701 W System.err:
01-25 06:19:06.556 4534 4701 W System.err: at
libcore.io.ForwardingOs.android_getaddrinfo(ForwardingOs.java:73)
01-25 06:19:06.556 4534 4701 W System.err:
01-25 06:19:06.556 4534 4701 W System.err: at
java.net.Inet6AddressImpl.lookupHostByName(Inet6AddressImpl.java:135)
01-25 06:19:06.557 4534 4701 W System.err:
01-25 06:19:06.557 4534 4701 W System.err: ... 24 more
01-25 06:19:06.557 4534 4701 W System.err:
01-25 06:19:06.557 4534 4701 E ArmVmp : Match on catch block at 0x48 in for 0x95
01-25 06:19:06.557 4534 4701 W System.err: java.net.UnknownHostException: Unable
to resolve host "translate.googleapis.com": No address associated with hostname
01-25 06:19:06.557 4534 4701 W System.err:
01-25 06:19:06.558 4534 4701 W System.err: at
java.net.Inet6AddressImpl.lookupHostByName(Inet6AddressImpl.java:124)
01-25 06:19:06.558 4534 4701 W System.err:
01-25 06:19:06.558 4534 4701 W System.err: at
java.net.Inet6AddressImpl.lookupAllHostAddr(Inet6AddressImpl.java:103)
01-25 06:19:06.558 4534 4701 W System.err:
01-25 06:19:06.558 4534 4701 W System.err: at
java.net.InetAddress.getAllByName(InetAddress.java:1152)
01-25 06:19:06.558 4534 4701 W System.err:
01-25 06:19:06.558 4534 4701 W System.err: at
com.android.okhttp.Dns$1.lookup(Dns.java:41)
01-25 06:19:06.558 4534 4701 W System.err:
01-25 06:19:06.558 4534 4701 W System.err: at
com.android.okhttp.internal.http.RouteSelector.resetNextInetSocketAddress(RouteSele
ctor.java:178)
01-25 06:19:06.558 4534 4701 W System.err:
01-25 06:19:06.558 4534 4701 W System.err: at
com.android.okhttp.internal.http.RouteSelector.nextProxy(RouteSelector.java:144)
01-25 06:19:06.558 4534 4701 W System.err:
01-25 06:19:06.558 4534 4701 W System.err: at
com.android.okhttp.internal.http.RouteSelector.next(RouteSelector.java:86)
01-25 06:19:06.558 4534 4701 W System.err:
01-25 06:19:06.558 4534 4701 W System.err: at
com.android.okhttp.internal.http.StreamAllocation.findConnection(StreamAllocation.j
ava:176)
01-25 06:19:06.558 4534 4701 W System.err:
01-25 06:19:06.558 4534 4701 W System.err: at
com.android.okhttp.internal.http.StreamAllocation.findHealthyConnection(StreamAlloc
ation.java:128)
01-25 06:19:06.558 4534 4701 W System.err:
01-25 06:19:06.559 4534 4701 W System.err: at
com.android.okhttp.internal.http.StreamAllocation.newStream(StreamAllocation.java:9
7)
01-25 06:19:06.559 4534 4701 W System.err:
01-25 06:19:06.559 4534 4701 W System.err: at
com.android.okhttp.internal.http.HttpEngine.connect(HttpEngine.java:289)
01-25 06:19:06.559 4534 4701 W System.err:
01-25 06:19:06.559 4534 4701 W System.err: at
com.android.okhttp.internal.http.HttpEngine.sendRequest(HttpEngine.java:232)
01-25 06:19:06.559 4534 4701 W System.err:
01-25 06:19:06.559 4534 4701 W System.err: at
com.android.okhttp.internal.huc.HttpURLConnectionImpl.execute(HttpURLConnectionImpl
.java:465)
01-25 06:19:06.559 4534 4701 W System.err:
01-25 06:19:06.559 4534 4701 W System.err: at
com.android.okhttp.internal.huc.HttpURLConnectionImpl.connect(HttpURLConnectionImpl
.java:131)
01-25 06:19:06.559 4534 4701 W System.err:
01-25 06:19:06.559 4534 4701 W System.err: at
com.android.okhttp.internal.huc.DelegatingHttpsURLConnection.connect(DelegatingHttp
sURLConnection.java:90)
01-25 06:19:06.559 4534 4701 W System.err:
01-25 06:19:06.559 4534 4701 W System.err: at
com.android.okhttp.internal.huc.HttpsURLConnectionImpl.connect(HttpsURLConnectionIm
pl.java:30)
01-25 06:19:06.559 4534 4701 W System.err:
01-25 06:19:06.559 4534 4701 W System.err: at
mbmodsd.mbmodsw.home.MBTranslator.translate(Native Method)
01-25 06:19:06.559 4534 4701 W System.err:
01-25 06:19:06.559 4534 4701 W System.err: at
mbmodsd.mbmodsw.home.MBTranslator$Async.doInBackground(Native Method)
01-25 06:19:06.559 4534 4701 W System.err:
01-25 06:19:06.559 4534 4701 W System.err: at
mbmodsd.mbmodsw.home.MBTranslator$Async.doInBackground(Native Method)
01-25 06:19:06.559 4534 4701 W System.err:
01-25 06:19:06.559 4534 4701 W System.err: at
android.os.AsyncTask$3.call(AsyncTask.java:394)
01-25 06:19:06.559 4534 4701 W System.err:
01-25 06:19:06.560 4534 4701 W System.err: at
java.util.concurrent.FutureTask.run(FutureTask.java:266)
01-25 06:19:06.560 4534 4701 W System.err:
01-25 06:19:06.560 4534 4701 W System.err: at
android.os.AsyncTask$SerialExecutor$1.run(AsyncTask.java:305)
01-25 06:19:06.560 4534 4701 W System.err:
01-25 06:19:06.560 4534 4701 W System.err: at
java.util.concurrent.ThreadPoolExecutor.runWorker(ThreadPoolExecutor.java:1167)
01-25 06:19:06.560 4534 4701 W System.err:
01-25 06:19:06.560 4534 4701 W System.err: at
java.util.concurrent.ThreadPoolExecutor$Worker.run(ThreadPoolExecutor.java:641)
01-25 06:19:06.560 4534 4701 W System.err:
01-25 06:19:06.560 4534 4701 W System.err: at
java.lang.Thread.run(Thread.java:923)
01-25 06:19:06.560 4534 4701 W System.err:
01-25 06:19:06.592 4534 4534 E ArmVmp : Match on catch block at 0xc3 in for 0xa9
01-25 06:19:06.595 4534 4534 E ArmVmp : Match on catch block at 0xc3 in for 0xa1
01-25 06:19:06.599 4534 4598 E FrameEvents: updateAcquireFence: Did not find
frame.
01-25 06:19:06.599 4534 4598 E BufferQueueProducer: [ImageReader-70x70f1u256m2-
4534-1](id:11b600000001,api:0,p:-1,c:4534) disconnect: not connected (req=1)
01-25 06:19:06.599 4534 4598 W libEGL : EGLNativeWindowType 0xb400006fc11252d0
disconnect failed
01-25 06:19:06.611 4534 4534 E ArmVmp : Match on catch block at 0xc3 in for 0xa9
01-25 06:19:06.615 4534 4534 E ArmVmp : Match on catch block at 0xc3 in for 0xa1
01-25 06:19:06.636 4534 4534 E ArmVmp : Match on catch block at 0xc3 in for 0xa9
01-25 06:19:06.640 4534 4534 E ArmVmp : Match on catch block at 0xc3 in for 0xa1
01-25 06:19:06.985 4534 4534 E ArmVmp : Match on catch block at 0xc3 in for 0xa1
01-25 06:19:06.989 4534 4534 E ArmVmp : Match on catch block at 0xc3 in for 0xa5
01-25 06:19:07.003 4534 4534 E ArmVmp : Match on catch block at 0xc3 in for 0xa1
01-25 06:19:07.006 4534 4534 E ArmVmp : Match on catch block at 0xc3 in for 0xa5
01-25 06:19:07.024 4534 4534 E ArmVmp : Match on catch block at 0xc3 in for 0xa5
01-25 06:19:07.027 4534 4534 E ArmVmp : Match on catch block at 0xc3 in for 0xa9
01-25 06:19:07.096 4534 4598 W libEGL : EGLNativeWindowType 0xb400006fc10fedb0
disconnect failed
01-25 06:19:07.124 4534 4534 E ArmVmp : Match on catch block at 0xc3 in for 0xa1
01-25 06:19:07.128 4534 4534 E ArmVmp : Match on catch block at 0xc3 in for 0xa5
01-25 06:19:07.152 4534 4534 E ArmVmp : Match on catch block at 0xc3 in for 0xa1
01-25 06:19:07.154 4534 4534 E ArmVmp : Match on catch block at 0xc3 in for 0xa5
01-25 06:19:07.166 4534 4534 E ArmVmp : Match on catch block at 0xc3 in for 0xa5
01-25 06:19:07.169 4534 4534 E ArmVmp : Match on catch block at 0xc3 in for 0xa9
01-25 06:19:07.365 4534 4534 E ArmVmp : Match on catch block at 0xc3 in for 0xa5
01-25 06:19:07.368 4534 4534 E ArmVmp : Match on catch block at 0xc3 in for 0xa9
01-25 06:19:07.382 4534 4534 E ArmVmp : Match on catch block at 0xc3 in for 0xa5
01-25 06:19:07.385 4534 4534 E ArmVmp : Match on catch block at 0xc3 in for 0xa9
01-25 06:19:07.402 4534 4534 E ArmVmp : Match on catch block at 0xc3 in for 0xa5
01-25 06:19:07.404 4534 4534 E ArmVmp : Match on catch block at 0xc3 in for 0xa9
01-25 06:19:07.415 4534 4534 E ArmVmp : Match on catch block at 0xc3 in for 0xa1
01-25 06:19:07.418 4534 4534 E ArmVmp : Match on catch block at 0xc3 in for 0xa5
01-25 06:19:07.432 4534 4534 E ArmVmp : Match on catch block at 0xc3 in for 0xa5
01-25 06:19:07.435 4534 4534 E ArmVmp : Match on catch block at 0xc3 in for 0xa9
01-25 06:19:07.449 4534 4534 E ArmVmp : Match on catch block at 0xc3 in for 0xa9
01-25 06:19:07.451 4534 4534 E ArmVmp : Match on catch block at 0xc3 in for 0xa1
01-25 06:19:07.465 4534 4534 E ArmVmp : Match on catch block at 0xc3 in for 0xa1
01-25 06:19:07.469 4534 4534 E ArmVmp : Match on catch block at 0xc3 in for 0xa5
01-25 06:19:07.482 4534 4534 E ArmVmp : Match on catch block at 0xc3 in for 0xa5
01-25 06:19:07.485 4534 4534 E ArmVmp : Match on catch block at 0xc3 in for 0xa9
01-25 06:19:07.498 4534 4534 E ArmVmp : Match on catch block at 0xc3 in for 0xa9
01-25 06:19:07.501 4534 4534 E ArmVmp : Match on catch block at 0xc3 in for 0xa1
01-25 06:19:07.514 4534 4534 E ArmVmp : Match on catch block at 0xc3 in for 0xa1
01-25 06:19:07.517 4534 4534 E ArmVmp : Match on catch block at 0xc3 in for 0xa5
01-25 06:19:07.531 4534 4534 E ArmVmp : Match on catch block at 0xc3 in for 0xa5
01-25 06:19:07.533 4534 4534 E ArmVmp : Match on catch block at 0xc3 in for 0xa9
01-25 06:19:07.547 4534 4534 E ArmVmp : Match on catch block at 0xc3 in for 0xa9
01-25 06:19:07.550 4534 4534 E ArmVmp : Match on catch block at 0xc3 in for 0xa1
01-25 06:19:07.564 4534 4534 E ArmVmp : Match on catch block at 0xc3 in for 0xa1
01-25 06:19:07.567 4534 4534 E ArmVmp : Match on catch block at 0xc3 in for 0xa5
01-25 06:19:07.580 4534 4534 E ArmVmp : Match on catch block at 0xc3 in for 0xa5
01-25 06:19:07.584 4534 4534 E ArmVmp : Match on catch block at 0xc3 in for 0xa9
01-25 06:19:07.597 4534 4534 E ArmVmp : Match on catch block at 0xc3 in for 0xa9
01-25 06:19:07.600 4534 4534 E ArmVmp : Match on catch block at 0xc3 in for 0xa1
01-25 06:19:07.613 4534 4534 E ArmVmp : Match on catch block at 0xc3 in for 0xa1
01-25 06:19:07.616 4534 4534 E ArmVmp : Match on catch block at 0xc3 in for 0xa5
01-25 06:19:07.630 4534 4534 E ArmVmp : Match on catch block at 0xc3 in for 0xa5
01-25 06:19:07.633 4534 4534 E ArmVmp : Match on catch block at 0xc3 in for 0xa9
01-25 06:19:07.646 4534 4534 E ArmVmp : Match on catch block at 0xc3 in for 0xa9
01-25 06:19:07.649 4534 4534 E ArmVmp : Match on catch block at 0xc3 in for 0xa1
01-25 06:19:07.663 4534 4534 E ArmVmp : Match on catch block at 0xc3 in for 0xa1
01-25 06:19:07.667 4534 4534 E ArmVmp : Match on catch block at 0xc3 in for 0xa5
01-25 06:19:07.680 4534 4534 E ArmVmp : Match on catch block at 0xc3 in for 0xa5
01-25 06:19:07.683 4534 4534 E ArmVmp : Match on catch block at 0xc3 in for 0xa9
01-25 06:19:07.696 4534 4534 E ArmVmp : Match on catch block at 0xc3 in for 0xa9
01-25 06:19:07.699 4534 4534 E ArmVmp : Match on catch block at 0xc3 in for 0xa1
01-25 06:19:07.713 4534 4534 E ArmVmp : Match on catch block at 0xc3 in for 0xa1
01-25 06:19:07.715 4534 4534 E ArmVmp : Match on catch block at 0xc3 in for 0xa5
01-25 06:19:07.729 4534 4534 E ArmVmp : Match on catch block at 0xc3 in for 0xa1
01-25 06:19:07.732 4534 4534 E ArmVmp : Match on catch block at 0xc3 in for 0xa5
01-25 06:19:07.748 4534 4534 E ArmVmp : Match on catch block at 0xc3 in for 0xa5
01-25 06:19:07.751 4534 4534 E ArmVmp : Match on catch block at 0xc3 in for 0xa9
01-25 06:19:07.763 4534 4534 E ArmVmp : Match on catch block at 0xc3 in for 0xa9
01-25 06:19:07.765 4534 4534 E ArmVmp : Match on catch block at 0xc3 in for 0xa1
01-25 06:19:07.796 4534 4534 E ArmVmp : Match on catch block at 0xc3 in for 0xa1
01-25 06:19:07.799 4534 4534 E ArmVmp : Match on catch block at 0xc3 in for 0xa5
01-25 06:19:07.813 4534 4534 E ArmVmp : Match on catch block at 0xc3 in for 0xa5
01-25 06:19:07.816 4534 4534 E ArmVmp : Match on catch block at 0xc3 in for 0xa9
01-25 06:19:07.829 4534 4534 E ArmVmp : Match on catch block at 0xc3 in for 0xa9
01-25 06:19:07.832 4534 4534 E ArmVmp : Match on catch block at 0xc3 in for 0xa1
01-25 06:19:07.846 4534 4534 E ArmVmp : Match on catch block at 0xc3 in for 0xa1
01-25 06:19:07.849 4534 4534 E ArmVmp : Match on catch block at 0xc3 in for 0xa5
01-25 06:19:07.863 4534 4534 E ArmVmp : Match on catch block at 0xc3 in for 0xa5
01-25 06:19:07.866 4534 4534 E ArmVmp : Match on catch block at 0xc3 in for 0xa9
01-25 06:19:07.879 4534 4534 E ArmVmp : Match on catch block at 0xc3 in for 0xa9
01-25 06:19:07.882 4534 4534 E ArmVmp : Match on catch block at 0xc3 in for 0xa1
01-25 06:19:07.896 4534 4534 E ArmVmp : Match on catch block at 0xc3 in for 0xa1
01-25 06:19:07.899 4534 4534 E ArmVmp : Match on catch block at 0xc3 in for 0xa5
01-25 06:19:07.912 4534 4534 E ArmVmp : Match on catch block at 0xc3 in for 0xa5
01-25 06:19:07.915 4534 4534 E ArmVmp : Match on catch block at 0xc3 in for 0xa9
01-25 06:19:07.929 4534 4534 E ArmVmp : Match on catch block at 0xc3 in for 0xa9
01-25 06:19:07.931 4534 4534 E ArmVmp : Match on catch block at 0xc3 in for 0xa1
01-25 06:19:07.946 4534 4534 E ArmVmp : Match on catch block at 0xc3 in for 0xa1
01-25 06:19:07.949 4534 4534 E ArmVmp : Match on catch block at 0xc3 in for 0xa5
01-25 06:19:07.962 4534 4534 E ArmVmp : Match on catch block at 0xc3 in for 0xa5
01-25 06:19:07.964 4534 4534 E ArmVmp : Match on catch block at 0xc3 in for 0xa9
01-25 06:19:07.978 4534 4534 E ArmVmp : Match on catch block at 0xc3 in for 0xa9
01-25 06:19:07.981 4534 4534 E ArmVmp : Match on catch block at 0xc3 in for 0xa1
01-25 06:19:07.995 4534 4534 E ArmVmp : Match on catch block at 0xc3 in for 0xa1
01-25 06:19:07.999 4534 4534 E ArmVmp : Match on catch block at 0xc3 in for 0xa5
01-25 06:19:08.011 4534 4534 E ArmVmp : Match on catch block at 0xc3 in for 0xa5
01-25 06:19:08.014 4534 4534 E ArmVmp : Match on catch block at 0xc3 in for 0xa9
01-25 06:19:08.027 4534 4534 E ArmVmp : Match on catch block at 0xc3 in for 0xa9
01-25 06:19:08.030 4534 4534 E ArmVmp : Match on catch block at 0xc3 in for 0xa1
01-25 06:19:08.044 4534 4534 E ArmVmp : Match on catch block at 0xc3 in for 0xa1
01-25 06:19:08.046 4534 4534 E ArmVmp : Match on catch block at 0xc3 in for 0xa5
01-25 06:19:08.061 4534 4534 E ArmVmp : Match on catch block at 0xc3 in for 0xa5
01-25 06:19:08.063 4534 4534 E ArmVmp : Match on catch block at 0xc3 in for 0xa9
01-25 06:19:08.077 4534 4534 E ArmVmp : Match on catch block at 0xc3 in for 0xa9
01-25 06:19:08.080 4534 4534 E ArmVmp : Match on catch block at 0xc3 in for 0xa1
01-25 06:19:08.094 4534 4534 E ArmVmp : Match on catch block at 0xc3 in for 0xa1
01-25 06:19:08.096 4534 4534 E ArmVmp : Match on catch block at 0xc3 in for 0xa5
01-25 06:19:08.110 4534 4534 E ArmVmp : Match on catch block at 0xc3 in for 0xa5
01-25 06:19:08.113 4534 4534 E ArmVmp : Match on catch block at 0xc3 in for 0xa9
01-25 06:19:08.127 4534 4534 E ArmVmp : Match on catch block at 0xc3 in for 0xa9
01-25 06:19:08.129 4534 4534 E ArmVmp : Match on catch block at 0xc3 in for 0xa1
01-25 06:19:08.143 4534 4534 E ArmVmp : Match on catch block at 0xc3 in for 0xa1
01-25 06:19:08.146 4534 4534 E ArmVmp : Match on catch block at 0xc3 in for 0xa5
01-25 06:19:08.160 4534 4534 E ArmVmp : Match on catch block at 0xc3 in for 0xa5
01-25 06:19:08.162 4534 4534 E ArmVmp : Match on catch block at 0xc3 in for 0xa9
01-25 06:19:08.176 4534 4534 E ArmVmp : Match on catch block at 0xc3 in for 0xa9
01-25 06:19:08.179 4534 4534 E ArmVmp : Match on catch block at 0xc3 in for 0xa1
01-25 06:19:08.193 4534 4534 E ArmVmp : Match on catch block at 0xc3 in for 0xa1
01-25 06:19:08.196 4534 4534 E ArmVmp : Match on catch block at 0xc3 in for 0xa5
01-25 06:19:08.209 4534 4534 E ArmVmp : Match on catch block at 0xc3 in for 0xa1
01-25 06:19:08.212 4534 4534 E ArmVmp : Match on catch block at 0xc3 in for 0xa5
01-25 06:19:08.226 4534 4534 E ArmVmp : Match on catch block at 0xc3 in for 0xa5
01-25 06:19:08.230 4534 4534 E ArmVmp : Match on catch block at 0xc3 in for 0xa9
01-25 06:19:08.243 4534 4534 E ArmVmp : Match on catch block at 0xc3 in for 0xa9
01-25 06:19:08.246 4534 4534 E ArmVmp : Match on catch block at 0xc3 in for 0xa1
01-25 06:19:08.294 4534 4534 E ArmVmp : Match on catch block at 0xc3 in for 0xa5
01-25 06:19:08.297 4534 4534 E ArmVmp : Match on catch block at 0xc3 in for 0xa9
01-25 06:19:08.310 4534 4534 E ArmVmp : Match on catch block at 0xc3 in for 0xa1
01-25 06:19:08.313 4534 4534 E ArmVmp : Match on catch block at 0xc3 in for 0xa5
01-25 06:19:08.326 4534 4534 E ArmVmp : Match on catch block at 0xc3 in for 0xa5
01-25 06:19:08.330 4534 4534 E ArmVmp : Match on catch block at 0xc3 in for 0xa9
01-25 06:19:08.343 4534 4534 E ArmVmp : Match on catch block at 0xc3 in for 0xa9
01-25 06:19:08.346 4534 4534 E ArmVmp : Match on catch block at 0xc3 in for 0xa1
01-25 06:19:08.359 4534 4534 E ArmVmp : Match on catch block at 0xc3 in for 0xa1
01-25 06:19:08.362 4534 4534 E ArmVmp : Match on catch block at 0xc3 in for 0xa5
01-25 06:19:08.376 4534 4534 E ArmVmp : Match on catch block at 0xc3 in for 0xa5
01-25 06:19:08.379 4534 4534 E ArmVmp : Match on catch block at 0xc3 in for 0xa9
01-25 06:19:08.392 4534 4534 E ArmVmp : Match on catch block at 0xc3 in for 0xa9
01-25 06:19:08.396 4534 4534 E ArmVmp : Match on catch block at 0xc3 in for 0xa1
01-25 06:19:08.409 4534 4534 E ArmVmp : Match on catch block at 0xc3 in for 0xa1
01-25 06:19:08.412 4534 4534 E ArmVmp : Match on catch block at 0xc3 in for 0xa5
01-25 06:19:08.426 4534 4534 E ArmVmp : Match on catch block at 0xc3 in for 0xa5
01-25 06:19:08.429 4534 4534 E ArmVmp : Match on catch block at 0xc3 in for 0xa9
01-25 06:19:08.442 4534 4534 E ArmVmp : Match on catch block at 0xc3 in for 0xa9
01-25 06:19:08.445 4534 4534 E ArmVmp : Match on catch block at 0xc3 in for 0xa1
01-25 06:19:08.459 4534 4534 E ArmVmp : Match on catch block at 0xc3 in for 0xa1
01-25 06:19:08.461 4534 4534 E ArmVmp : Match on catch block at 0xc3 in for 0xa5
01-25 06:19:08.475 4534 4534 E ArmVmp : Match on catch block at 0xc3 in for 0xa5
01-25 06:19:08.478 4534 4534 E ArmVmp : Match on catch block at 0xc3 in for 0xa9
01-25 06:19:08.492 4534 4534 E ArmVmp : Match on catch block at 0xc3 in for 0xa9
01-25 06:19:08.495 4534 4534 E ArmVmp : Match on catch block at 0xc3 in for 0xa1
01-25 06:19:08.508 4534 4534 E ArmVmp : Match on catch block at 0xc3 in for 0xa1
01-25 06:19:08.511 4534 4534 E ArmVmp : Match on catch block at 0xc3 in for 0xa5
01-25 06:19:08.525 4534 4534 E ArmVmp : Match on catch block at 0xc3 in for 0xa5
01-25 06:19:08.527 4534 4534 E ArmVmp : Match on catch block at 0xc3 in for 0xa9
01-25 06:19:08.541 4534 4534 E ArmVmp : Match on catch block at 0xc3 in for 0xa9
01-25 06:19:08.544 4534 4534 E ArmVmp : Match on catch block at 0xc3 in for 0xa1
01-25 06:19:08.558 4534 4534 E ArmVmp : Match on catch block at 0xc3 in for 0xa5
01-25 06:19:08.560 4534 4534 E ArmVmp : Match on catch block at 0xc3 in for 0xa9
01-25 06:19:08.574 4534 4534 E ArmVmp : Match on catch block at 0xc3 in for 0xa1
01-25 06:19:08.577 4534 4534 E ArmVmp : Match on catch block at 0xc3 in for 0xa5
01-25 06:19:08.591 4534 4534 E ArmVmp : Match on catch block at 0xc3 in for 0xa9
01-25 06:19:08.593 4534 4534 E ArmVmp : Match on catch block at 0xc3 in for 0xa1
01-25 06:19:08.607 4534 4534 E ArmVmp : Match on catch block at 0xc3 in for 0xa5
01-25 06:19:08.609 4534 4534 E ArmVmp : Match on catch block at 0xc3 in for 0xa9
01-25 06:19:08.624 4534 4534 E ArmVmp : Match on catch block at 0xc3 in for 0xa1
01-25 06:19:08.626 4534 4534 E ArmVmp : Match on catch block at 0xc3 in for 0xa5
01-25 06:19:08.668 4534 4534 E ArmVmp : Match on catch block at 0xc3 in for 0xa5
01-25 06:19:08.670 4534 4534 E ArmVmp : Match on catch block at 0xc3 in for 0xa9
01-25 06:19:08.675 4534 4534 E ArmVmp : Match on catch block at 0xc3 in for 0xa1
01-25 06:19:08.677 4534 4534 E ArmVmp : Match on catch block at 0xc3 in for 0xa5
01-25 06:19:08.690 4534 4534 E ArmVmp : Match on catch block at 0xc3 in for 0xa9
01-25 06:19:08.693 4534 4534 E ArmVmp : Match on catch block at 0xc3 in for 0xa1
01-25 06:19:08.707 4534 4534 E ArmVmp : Match on catch block at 0xc3 in for 0xa5
01-25 06:19:08.709 4534 4534 E ArmVmp : Match on catch block at 0xc3 in for 0xa9
01-25 06:19:08.723 4534 4534 E ArmVmp : Match on catch block at 0xc3 in for 0xa1
01-25 06:19:08.726 4534 4534 E ArmVmp : Match on catch block at 0xc3 in for 0xa5
01-25 06:19:08.740 4534 4534 E ArmVmp : Match on catch block at 0xc3 in for 0xa9
01-25 06:19:08.742 4534 4534 E ArmVmp : Match on catch block at 0xc3 in for 0xa1
01-25 06:19:08.756 4534 4534 E ArmVmp : Match on catch block at 0xc3 in for 0xa5
01-25 06:19:08.759 4534 4534 E ArmVmp : Match on catch block at 0xc3 in for 0xa9
01-25 06:19:08.773 4534 4534 E ArmVmp : Match on catch block at 0xc3 in for 0xa1
01-25 06:19:08.776 4534 4534 E ArmVmp : Match on catch block at 0xc3 in for 0xa5
01-25 06:19:08.789 4534 4534 E ArmVmp : Match on catch block at 0xc3 in for 0xa5
01-25 06:19:08.792 4534 4534 E ArmVmp : Match on catch block at 0xc3 in for 0xa9
01-25 06:19:08.806 4534 4534 E ArmVmp : Match on catch block at 0xc3 in for 0xa1
01-25 06:19:08.809 4534 4534 E ArmVmp : Match on catch block at 0xc3 in for 0xa5
01-25 06:19:08.823 4534 4534 E ArmVmp : Match on catch block at 0xc3 in for 0xa9
01-25 06:19:08.825 4534 4534 E ArmVmp : Match on catch block at 0xc3 in for 0xa1
01-25 06:19:08.848 4534 4534 E ArmVmp : Match on catch block at 0xc3 in for 0xa9
01-25 06:19:08.850 4534 4534 E ArmVmp : Match on catch block at 0xc3 in for 0xa1
01-25 06:19:08.856 4534 4534 E ArmVmp : Match on catch block at 0xc3 in for 0xa1
01-25 06:19:08.859 4534 4534 E ArmVmp : Match on catch block at 0xc3 in for 0xa5
01-25 06:19:08.873 4534 4534 E ArmVmp : Match on catch block at 0xc3 in for 0xa5
01-25 06:19:08.875 4534 4534 E ArmVmp : Match on catch block at 0xc3 in for 0xa9
01-25 06:19:08.889 4534 4534 E ArmVmp : Match on catch block at 0xc3 in for 0xa9
01-25 06:19:08.892 4534 4534 E ArmVmp : Match on catch block at 0xc3 in for 0xa1
01-25 06:19:08.906 4534 4534 E ArmVmp : Match on catch block at 0xc3 in for 0xa1
01-25 06:19:08.908 4534 4534 E ArmVmp : Match on catch block at 0xc3 in for 0xa5
01-25 06:19:08.923 4534 4534 E ArmVmp : Match on catch block at 0xc3 in for 0xa5
01-25 06:19:08.925 4534 4534 E ArmVmp : Match on catch block at 0xc3 in for 0xa9
01-25 06:19:08.939 4534 4534 E ArmVmp : Match on catch block at 0xc3 in for 0xa9
01-25 06:19:08.941 4534 4534 E ArmVmp : Match on catch block at 0xc3 in for 0xa1
01-25 06:19:08.955 4534 4534 E ArmVmp : Match on catch block at 0xc3 in for 0xa1
01-25 06:19:08.958 4534 4534 E ArmVmp : Match on catch block at 0xc3 in for 0xa5
01-25 06:19:08.972 4534 4534 E ArmVmp : Match on catch block at 0xc3 in for 0xa5
01-25 06:19:08.974 4534 4534 E ArmVmp : Match on catch block at 0xc3 in for 0xa9
01-25 06:19:08.989 4534 4534 E ArmVmp : Match on catch block at 0xc3 in for 0xa9
01-25 06:19:08.991 4534 4534 E ArmVmp : Match on catch block at 0xc3 in for 0xa1
01-25 06:19:09.005 4534 4534 E ArmVmp : Match on catch block at 0xc3 in for 0xa1
01-25 06:19:09.008 4534 4534 E ArmVmp : Match on catch block at 0xc3 in for 0xa5
01-25 06:19:09.022 4534 4534 E ArmVmp : Match on catch block at 0xc3 in for 0xa5
01-25 06:19:09.025 4534 4534 E ArmVmp : Match on catch block at 0xc3 in for 0xa9
01-25 06:19:09.038 4534 4534 E ArmVmp : Match on catch block at 0xc3 in for 0xa9
01-25 06:19:09.041 4534 4534 E ArmVmp : Match on catch block at 0xc3 in for 0xa1
01-25 06:19:09.055 4534 4534 E ArmVmp : Match on catch block at 0xc3 in for 0xa1
01-25 06:19:09.058 4534 4534 E ArmVmp : Match on catch block at 0xc3 in for 0xa5
01-25 06:19:09.071 4534 4534 E ArmVmp : Match on catch block at 0xc3 in for 0xa5
01-25 06:19:09.075 4534 4534 E ArmVmp : Match on catch block at 0xc3 in for 0xa9
01-25 06:19:09.088 4534 4534 E ArmVmp : Match on catch block at 0xc3 in for 0xa9
01-25 06:19:09.090 4534 4534 E ArmVmp : Match on catch block at 0xc3 in for 0xa1
01-25 06:19:09.104 4534 4534 E ArmVmp : Match on catch block at 0xc3 in for 0xa1
01-25 06:19:09.106 4534 4534 E ArmVmp : Match on catch block at 0xc3 in for 0xa5
01-25 06:19:09.121 4534 4534 E ArmVmp : Match on catch block at 0xc3 in for 0xa5
01-25 06:19:09.123 4534 4534 E ArmVmp : Match on catch block at 0xc3 in for 0xa9
01-25 06:19:09.137 4534 4534 E ArmVmp : Match on catch block at 0xc3 in for 0xa9
01-25 06:19:09.139 4534 4534 E ArmVmp : Match on catch block at 0xc3 in for 0xa1
01-25 06:19:09.171 4534 4534 E ArmVmp : Match on catch block at 0xc3 in for 0xa9
01-25 06:19:09.174 4534 4534 E ArmVmp : Match on catch block at 0xc3 in for 0xa1
01-25 06:19:09.187 4534 4534 E ArmVmp : Match on catch block at 0xc3 in for 0xa1
01-25 06:19:09.190 4534 4534 E ArmVmp : Match on catch block at 0xc3 in for 0xa5
01-25 06:19:09.203 4534 4534 E ArmVmp : Match on catch block at 0xc3 in for 0xa1
01-25 06:19:09.205 4534 4534 E ArmVmp : Match on catch block at 0xc3 in for 0xa5
01-25 06:19:09.601 4534 4534 E ArmVmp : Match on catch block at 0xc3 in for 0xa5
01-25 06:19:09.604 4534 4534 E ArmVmp : Match on catch block at 0xc3 in for 0xa9
01-25 06:19:09.617 4534 4534 E ArmVmp : Match on catch block at 0xc3 in for 0xa9
01-25 06:19:09.620 4534 4534 E ArmVmp : Match on catch block at 0xc3 in for 0xa1
01-25 06:19:09.634 4534 4534 E ArmVmp : Match on catch block at 0xc3 in for 0xa1
01-25 06:19:09.636 4534 4534 E ArmVmp : Match on catch block at 0xc3 in for 0xa5
01-25 06:19:09.650 4534 4534 E ArmVmp : Match on catch block at 0xc3 in for 0xa5
01-25 06:19:09.653 4534 4534 E ArmVmp : Match on catch block at 0xc3 in for 0xa9
01-25 06:19:09.667 4534 4534 E ArmVmp : Match on catch block at 0xc3 in for 0xa9
01-25 06:19:09.669 4534 4534 E ArmVmp : Match on catch block at 0xc3 in for 0xa1
01-25 06:19:09.683 4534 4534 E ArmVmp : Match on catch block at 0xc3 in for 0xa1
01-25 06:19:09.685 4534 4534 E ArmVmp : Match on catch block at 0xc3 in for 0xa5
01-25 06:19:09.700 4534 4534 E ArmVmp : Match on catch block at 0xc3 in for 0xa5
01-25 06:19:09.702 4534 4534 E ArmVmp : Match on catch block at 0xc3 in for 0xa9
01-25 06:19:09.717 4534 4534 E ArmVmp : Match on catch block at 0xc3 in for 0xa9
01-25 06:19:09.719 4534 4534 E ArmVmp : Match on catch block at 0xc3 in for 0xa1
01-25 06:19:09.733 4534 4534 E ArmVmp : Match on catch block at 0xc3 in for 0xa1
01-25 06:19:09.735 4534 4534 E ArmVmp : Match on catch block at 0xc3 in for 0xa5
01-25 06:19:09.749 4534 4534 E ArmVmp : Match on catch block at 0xc3 in for 0xa5
01-25 06:19:09.751 4534 4534 E ArmVmp : Match on catch block at 0xc3 in for 0xa9
01-25 06:19:09.766 4534 4534 E ArmVmp : Match on catch block at 0xc3 in for 0xa9
01-25 06:19:09.769 4534 4534 E ArmVmp : Match on catch block at 0xc3 in for 0xa1
01-25 06:19:09.782 4534 4534 E ArmVmp : Match on catch block at 0xc3 in for 0xa1
01-25 06:19:09.784 4534 4534 E ArmVmp : Match on catch block at 0xc3 in for 0xa5
01-25 06:19:09.799 4534 4534 E ArmVmp : Match on catch block at 0xc3 in for 0xa5
01-25 06:19:09.801 4534 4534 E ArmVmp : Match on catch block at 0xc3 in for 0xa9
01-25 06:19:09.815 4534 4534 E ArmVmp : Match on catch block at 0xc3 in for 0xa9
01-25 06:19:09.817 4534 4534 E ArmVmp : Match on catch block at 0xc3 in for 0xa1
01-25 06:19:09.832 4534 4534 E ArmVmp : Match on catch block at 0xc3 in for 0xa1
01-25 06:19:09.834 4534 4534 E ArmVmp : Match on catch block at 0xc3 in for 0xa5
01-25 06:19:09.849 4534 4534 E ArmVmp : Match on catch block at 0xc3 in for 0xa5
01-25 06:19:09.851 4534 4534 E ArmVmp : Match on catch block at 0xc3 in for 0xa9
01-25 06:19:09.865 4534 4534 E ArmVmp : Match on catch block at 0xc3 in for 0xa9
01-25 06:19:09.867 4534 4534 E ArmVmp : Match on catch block at 0xc3 in for 0xa1
01-25 06:19:09.949 4534 4534 E ArmVmp : Match on catch block at 0xc3 in for 0xa9
01-25 06:19:09.952 4534 4534 E ArmVmp : Match on catch block at 0xc3 in for 0xa1
01-25 06:19:09.965 4534 4534 E ArmVmp : Match on catch block at 0xc3 in for 0xa1
01-25 06:19:09.968 4534 4534 E ArmVmp : Match on catch block at 0xc3 in for 0xa5
01-25 06:19:09.982 4534 4534 E ArmVmp : Match on catch block at 0xc3 in for 0xa5
01-25 06:19:09.985 4534 4534 E ArmVmp : Match on catch block at 0xc3 in for 0xa9
01-25 06:19:09.998 4534 4534 E ArmVmp : Match on catch block at 0xc3 in for 0xa9
01-25 06:19:10.001 4534 4534 E ArmVmp : Match on catch block at 0xc3 in for 0xa1
01-25 06:19:10.015 4534 4534 E ArmVmp : Match on catch block at 0xc3 in for 0xa1
01-25 06:19:10.017 4534 4534 E ArmVmp : Match on catch block at 0xc3 in for 0xa5
01-25 06:19:10.031 4534 4534 E ArmVmp : Match on catch block at 0xc3 in for 0xa5
01-25 06:19:10.034 4534 4534 E ArmVmp : Match on catch block at 0xc3 in for 0xa9
01-25 06:19:10.048 4534 4534 E ArmVmp : Match on catch block at 0xc3 in for 0xa9
01-25 06:19:10.050 4534 4534 E ArmVmp : Match on catch block at 0xc3 in for 0xa1
01-25 06:19:10.065 4534 4534 E ArmVmp : Match on catch block at 0xc3 in for 0xa1
01-25 06:19:10.067 4534 4534 E ArmVmp : Match on catch block at 0xc3 in for 0xa5
01-25 06:19:10.081 4534 4534 E ArmVmp : Match on catch block at 0xc3 in for 0xa1
01-25 06:19:10.084 4534 4534 E ArmVmp : Match on catch block at 0xc3 in for 0xa5
01-25 06:19:10.098 4534 4534 E ArmVmp : Match on catch block at 0xc3 in for 0xa5
01-25 06:19:10.100 4534 4534 E ArmVmp : Match on catch block at 0xc3 in for 0xa9
01-25 06:19:10.114 4534 4534 E ArmVmp : Match on catch block at 0xc3 in for 0xa9
01-25 06:19:10.116 4534 4534 E ArmVmp : Match on catch block at 0xc3 in for 0xa1
01-25 06:19:10.131 4534 4534 E ArmVmp : Match on catch block at 0xc3 in for 0xa1
01-25 06:19:10.133 4534 4534 E ArmVmp : Match on catch block at 0xc3 in for 0xa5
01-25 06:19:10.147 4534 4534 E ArmVmp : Match on catch block at 0xc3 in for 0xa5
01-25 06:19:10.149 4534 4534 E ArmVmp : Match on catch block at 0xc3 in for 0xa9
01-25 06:19:10.164 4534 4534 E ArmVmp : Match on catch block at 0xc3 in for 0xa9
01-25 06:19:10.166 4534 4534 E ArmVmp : Match on catch block at 0xc3 in for 0xa1
01-25 06:19:10.180 4534 4534 E ArmVmp : Match on catch block at 0xc3 in for 0xa1
01-25 06:19:10.183 4534 4534 E ArmVmp : Match on catch block at 0xc3 in for 0xa5
01-25 06:19:10.197 4534 4534 E ArmVmp : Match on catch block at 0xc3 in for 0xa5
01-25 06:19:10.200 4534 4534 E ArmVmp : Match on catch block at 0xc3 in for 0xa9
01-25 06:19:10.214 4534 4534 E ArmVmp : Match on catch block at 0xc3 in for 0xa9
01-25 06:19:10.216 4534 4534 E ArmVmp : Match on catch block at 0xc3 in for 0xa1
01-25 06:19:10.230 4534 4534 E ArmVmp : Match on catch block at 0xc3 in for 0xa1
01-25 06:19:10.232 4534 4534 E ArmVmp : Match on catch block at 0xc3 in for 0xa5
01-25 06:19:10.246 4534 4534 E ArmVmp : Match on catch block at 0xc3 in for 0xa5
01-25 06:19:10.248 4534 4534 E ArmVmp : Match on catch block at 0xc3 in for 0xa9
01-25 06:19:10.263 4534 4534 E ArmVmp : Match on catch block at 0xc3 in for 0xa9
01-25 06:19:10.266 4534 4534 E ArmVmp : Match on catch block at 0xc3 in for 0xa1
01-25 06:19:10.280 4534 4534 E ArmVmp : Match on catch block at 0xc3 in for 0xa1
01-25 06:19:10.283 4534 4534 E ArmVmp : Match on catch block at 0xc3 in for 0xa5
01-25 06:19:10.296 4534 4534 E ArmVmp : Match on catch block at 0xc3 in for 0xa5
01-25 06:19:10.298 4534 4534 E ArmVmp : Match on catch block at 0xc3 in for 0xa9
01-25 06:19:10.313 4534 4534 E ArmVmp : Match on catch block at 0xc3 in for 0xa9
01-25 06:19:10.316 4534 4534 E ArmVmp : Match on catch block at 0xc3 in for 0xa1
01-25 06:19:10.329 4534 4534 E ArmVmp : Match on catch block at 0xc3 in for 0xa1
01-25 06:19:10.331 4534 4534 E ArmVmp : Match on catch block at 0xc3 in for 0xa5
01-25 06:19:10.346 4534 4534 E ArmVmp : Match on catch block at 0xc3 in for 0xa5
01-25 06:19:10.348 4534 4534 E ArmVmp : Match on catch block at 0xc3 in for 0xa9
01-25 06:19:10.362 4534 4534 E ArmVmp : Match on catch block at 0xc3 in for 0xa9
01-25 06:19:10.365 4534 4534 E ArmVmp : Match on catch block at 0xc3 in for 0xa1
01-25 06:19:10.379 4534 4534 E ArmVmp : Match on catch block at 0xc3 in for 0xa1
01-25 06:19:10.382 4534 4534 E ArmVmp : Match on catch block at 0xc3 in for 0xa5
01-25 06:19:10.396 4534 4534 E ArmVmp : Match on catch block at 0xc3 in for 0xa5
01-25 06:19:10.399 4534 4534 E ArmVmp : Match on catch block at 0xc3 in for 0xa9
01-25 06:19:10.412 4534 4534 E ArmVmp : Match on catch block at 0xc3 in for 0xa9
01-25 06:19:10.415 4534 4534 E ArmVmp : Match on catch block at 0xc3 in for 0xa1
01-25 06:19:10.429 4534 4534 E ArmVmp : Match on catch block at 0xc3 in for 0xa1
01-25 06:19:10.431 4534 4534 E ArmVmp : Match on catch block at 0xc3 in for 0xa5
01-25 06:19:10.445 4534 4534 E ArmVmp : Match on catch block at 0xc3 in for 0xa5
01-25 06:19:10.448 4534 4534 E ArmVmp : Match on catch block at 0xc3 in for 0xa9
01-25 06:19:10.478 4534 4534 E ArmVmp : Match on catch block at 0xc3 in for 0xa1
01-25 06:19:10.480 4534 4534 E ArmVmp : Match on catch block at 0xc3 in for 0xa5
01-25 06:19:10.693 4534 4534 E ArmVmp : Match on catch block at 0xc3 in for 0xa5
01-25 06:19:10.695 4534 4534 E ArmVmp : Match on catch block at 0xc3 in for 0xa9
01-25 06:19:10.859 4534 4534 E ArmVmp : Match on catch block at 0xc3 in for 0xa9
01-25 06:19:10.862 4534 4534 E ArmVmp : Match on catch block at 0xc3 in for 0xa1
01-25 06:19:10.875 4534 4534 E ArmVmp : Match on catch block at 0xc3 in for 0xa1
01-25 06:19:10.877 4534 4534 E ArmVmp : Match on catch block at 0xc3 in for 0xa5
01-25 06:19:10.892 4534 4534 E ArmVmp : Match on catch block at 0xc3 in for 0xa5
01-25 06:19:10.894 4534 4534 E ArmVmp : Match on catch block at 0xc3 in for 0xa9
01-25 06:19:10.909 4534 4534 E ArmVmp : Match on catch block at 0xc3 in for 0xa9
01-25 06:19:10.911 4534 4534 E ArmVmp : Match on catch block at 0xc3 in for 0xa1
01-25 06:19:10.925 4534 4534 E ArmVmp : Match on catch block at 0xc3 in for 0xa1
01-25 06:19:10.927 4534 4534 E ArmVmp : Match on catch block at 0xc3 in for 0xa5
01-25 06:19:10.941 4534 4534 E ArmVmp : Match on catch block at 0xc3 in for 0xa5
01-25 06:19:10.944 4534 4534 E ArmVmp : Match on catch block at 0xc3 in for 0xa9
01-25 06:19:10.958 4534 4534 E ArmVmp : Match on catch block at 0xc3 in for 0xa9
01-25 06:19:10.960 4534 4534 E ArmVmp : Match on catch block at 0xc3 in for 0xa1
01-25 06:19:10.974 4534 4534 E ArmVmp : Match on catch block at 0xc3 in for 0xa1
01-25 06:19:10.977 4534 4534 E ArmVmp : Match on catch block at 0xc3 in for 0xa5
01-25 06:19:10.991 4534 4534 E ArmVmp : Match on catch block at 0xc3 in for 0xa5
01-25 06:19:10.994 4534 4534 E ArmVmp : Match on catch block at 0xc3 in for 0xa9
01-25 06:19:11.008 4534 4534 E ArmVmp : Match on catch block at 0xc3 in for 0xa9
01-25 06:19:11.010 4534 4534 E ArmVmp : Match on catch block at 0xc3 in for 0xa1
01-25 06:19:11.024 4534 4534 E ArmVmp : Match on catch block at 0xc3 in for 0xa1
01-25 06:19:11.026 4534 4534 E ArmVmp : Match on catch block at 0xc3 in for 0xa5
01-25 06:19:11.041 4534 4534 E ArmVmp : Match on catch block at 0xc3 in for 0xa5
01-25 06:19:11.043 4534 4534 E ArmVmp : Match on catch block at 0xc3 in for 0xa9
01-25 06:19:11.057 4534 4534 E ArmVmp : Match on catch block at 0xc3 in for 0xa9
01-25 06:19:11.060 4534 4534 E ArmVmp : Match on catch block at 0xc3 in for 0xa1
01-25 06:19:11.074 4534 4534 E ArmVmp : Match on catch block at 0xc3 in for 0xa1
01-25 06:19:11.076 4534 4534 E ArmVmp : Match on catch block at 0xc3 in for 0xa5
01-25 06:19:11.090 4534 4534 E ArmVmp : Match on catch block at 0xc3 in for 0xa5
01-25 06:19:11.093 4534 4534 E ArmVmp : Match on catch block at 0xc3 in for 0xa9
01-25 06:19:11.107 4534 4534 E ArmVmp : Match on catch block at 0xc3 in for 0xa9
01-25 06:19:11.109 4534 4534 E ArmVmp : Match on catch block at 0xc3 in for 0xa1
01-25 06:19:11.123 4534 4534 E ArmVmp : Match on catch block at 0xc3 in for 0xa1
01-25 06:19:11.125 4534 4534 E ArmVmp : Match on catch block at 0xc3 in for 0xa5
01-25 06:19:11.207 4534 4534 E ArmVmp : Match on catch block at 0xc3 in for 0xa5
01-25 06:19:11.209 4534 4534 E ArmVmp : Match on catch block at 0xc3 in for 0xa9
01-25 06:19:11.490 4534 4534 E ArmVmp : Match on catch block at 0xc3 in for 0xa5
01-25 06:19:11.493 4534 4534 E ArmVmp : Match on catch block at 0xc3 in for 0xa9
01-25 06:19:11.504 4534 4534 E ArmVmp : Match on catch block at 0xc3 in for 0xa9
01-25 06:19:11.507 4534 4534 E ArmVmp : Match on catch block at 0xc3 in for 0xa1
01-25 06:19:11.521 4534 4534 E ArmVmp : Match on catch block at 0xc3 in for 0xa1
01-25 06:19:11.523 4534 4534 E ArmVmp : Match on catch block at 0xc3 in for 0xa5
01-25 06:19:11.538 4534 4534 E ArmVmp : Match on catch block at 0xc3 in for 0xa5
01-25 06:19:11.540 4534 4534 E ArmVmp : Match on catch block at 0xc3 in for 0xa9
01-25 06:19:11.554 4534 4534 E ArmVmp : Match on catch block at 0xc3 in for 0xa9
01-25 06:19:11.556 4534 4534 E ArmVmp : Match on catch block at 0xc3 in for 0xa1
01-25 06:19:11.571 4534 4534 E ArmVmp : Match on catch block at 0xc3 in for 0xa1
01-25 06:19:11.573 4534 4534 E ArmVmp : Match on catch block at 0xc3 in for 0xa5
01-25 06:19:11.587 4534 4534 E ArmVmp : Match on catch block at 0xc3 in for 0xa5
01-25 06:19:11.590 4534 4534 E ArmVmp : Match on catch block at 0xc3 in for 0xa9
01-25 06:19:11.604 4534 4534 E ArmVmp : Match on catch block at 0xc3 in for 0xa9
01-25 06:19:11.606 4534 4534 E ArmVmp : Match on catch block at 0xc3 in for 0xa1
01-25 06:19:11.620 4534 4534 E ArmVmp : Match on catch block at 0xc3 in for 0xa1
01-25 06:19:11.622 4534 4534 E ArmVmp : Match on catch block at 0xc3 in for 0xa5
01-25 06:19:11.637 4534 4534 E ArmVmp : Match on catch block at 0xc3 in for 0xa5
01-25 06:19:11.639 4534 4534 E ArmVmp : Match on catch block at 0xc3 in for 0xa9
01-25 06:19:11.653 4534 4534 E ArmVmp : Match on catch block at 0xc3 in for 0xa9
01-25 06:19:11.656 4534 4534 E ArmVmp : Match on catch block at 0xc3 in for 0xa1
01-25 06:19:11.670 4534 4534 E ArmVmp : Match on catch block at 0xc3 in for 0xa1
01-25 06:19:11.672 4534 4534 E ArmVmp : Match on catch block at 0xc3 in for 0xa5
01-25 06:19:11.687 4534 4534 E ArmVmp : Match on catch block at 0xc3 in for 0xa5
01-25 06:19:11.690 4534 4534 E ArmVmp : Match on catch block at 0xc3 in for 0xa9
01-25 06:19:11.703 4534 4534 E ArmVmp : Match on catch block at 0xc3 in for 0xa9
01-25 06:19:11.706 4534 4534 E ArmVmp : Match on catch block at 0xc3 in for 0xa1
01-25 06:19:11.720 4534 4534 E ArmVmp : Match on catch block at 0xc3 in for 0xa1
01-25 06:19:11.722 4534 4534 E ArmVmp : Match on catch block at 0xc3 in for 0xa5
01-25 06:19:12.200 4534 4534 E ArmVmp : Match on catch block at 0xc3 in for 0xa5
01-25 06:19:12.203 4534 4534 E ArmVmp : Match on catch block at 0xc3 in for 0xa9
01-25 06:19:12.249 4534 4534 E ArmVmp : Match on catch block at 0xc3 in for 0xa9
