01-25 16:04:45.885 25631 25631 W ActivityThread: Main thread can not be idle for a
long time.
01-25 16:04:45.998 25631 25631 E OpenGLRenderer: ~SkiaDisplayList() ##### pid =
25631
01-25 16:04:46.504 25631 25742 W com.whatsapp: Accessing hidden method
Lcom/android/org/conscrypt/OpenSSLSocketImpl;->getAlpnSelectedProtocol()[B
(greylist-max-q,core-platform-api, reflection, denied)
01-25 16:04:46.504 25631 25742 W com.whatsapp: Accessing hidden method
Lcom/android/org/conscrypt/AbstractConscryptSocket;->getAlpnSelectedProtocol()[B
(greylist-max-q, reflection, denied)
01-25 16:04:48.605 25631 25631 E RecyclerView: No adapter attached; skipping layout
01-25 16:04:48.769 25631 25631 E ArmVmp : Match on catch block at 0x0a in for 0xc5
01-25 16:04:48.821 25631 25631 W LOTTIE : Animation contains merge paths but they
are disabled.
01-25 16:04:49.065 25631 25631 E RecyclerView: No adapter attached; skipping layout
01-25 16:04:50.152 25631 25655 W LibraryVersion: Failed to get app version for
libraryName: firebase-iid
--------- beginning of system
--------- beginning of main
01-25 18:06:28.684 19322 19322 W com.whatsapp: Using default instruction set
features for ARM CPU variant (generic) using conservative defaults
01-25 18:06:28.693 19322 19322 E com.whatsapp: Not starting debugger since process
cannot load the jdwp agent.
01-25 18:06:29.048 19322 19322 W System.err: java.lang.ClassNotFoundException:
mbmodsd.mbmodsw.ui.views.btn.BtnBK
01-25 18:06:29.048 19322 19322 W System.err: at
java.lang.Runtime.nativeLoad(Native Method)
01-25 18:06:29.049 19322 19322 W System.err: at
java.lang.Runtime.nativeLoad(Runtime.java:1131)
01-25 18:06:29.049 19322 19322 W System.err: at
java.lang.Runtime.loadLibrary0(Runtime.java:1085)
01-25 18:06:29.049 19322 19322 W System.err: at
java.lang.Runtime.loadLibrary0(Runtime.java:1008)
01-25 18:06:29.049 19322 19322 W System.err: at
java.lang.System.loadLibrary(System.java:1664)
01-25 18:06:29.049 19322 19322 W System.err: at arm.EpicVm.<clinit>(Unknown
Source:2)
01-25 18:06:29.049 19322 19322 W System.err: at
java.lang.Class.newInstance(Native Method)
01-25 18:06:29.049 19322 19322 W System.err: at
android.app.AppComponentFactory.instantiateApplication(AppComponentFactory.java:76)
01-25 18:06:29.049 19322 19322 W System.err: at
androidx.core.app.CoreComponentFactory.instantiateApplication(Unknown Source:0)
01-25 18:06:29.049 19322 19322 W System.err: at
android.app.Instrumentation.newApplication(Instrumentation.java:1158)
01-25 18:06:29.049 19322 19322 W System.err: at
android.app.LoadedApk.makeApplication(LoadedApk.java:1268)
01-25 18:06:29.049 19322 19322 W System.err: at
android.app.ActivityThread.handleBindApplication(ActivityThread.java:6927)
01-25 18:06:29.049 19322 19322 W System.err: at
android.app.ActivityThread.access$1300(ActivityThread.java:262)
01-25 18:06:29.049 19322 19322 W System.err: at
android.app.ActivityThread$H.handleMessage(ActivityThread.java:1977)
01-25 18:06:29.049 19322 19322 W System.err: at
android.os.Handler.dispatchMessage(Handler.java:106)
01-25 18:06:29.049 19322 19322 W System.err: at
android.os.Looper.loop(Looper.java:223)
01-25 18:06:29.049 19322 19322 W System.err: at
android.app.ActivityThread.main(ActivityThread.java:8001)
01-25 18:06:29.049 19322 19322 W System.err: at
java.lang.reflect.Method.invoke(Native Method)
01-25 18:06:29.049 19322 19322 W System.err: at
com.android.internal.os.RuntimeInit$MethodAndArgsCaller.run(RuntimeInit.java:635)
01-25 18:06:29.049 19322 19322 W System.err: at
com.android.internal.os.ZygoteInit.main(ZygoteInit.java:947)
01-25 18:06:29.104 19322 19322 E CustomActivityOnCrash: IMPORTANT WARNING! You
already have an UncaughtExceptionHandler, are you sure this is correct? If you use
a custom UncaughtExceptionHandler, you must initialize it AFTER
CustomActivityOnCrash! Installing anyway, but your original handler will not be
called.
01-25 18:06:29.130 19375 19375 W com.whatsapp: Using default instruction set
features for ARM CPU variant (generic) using conservative defaults
01-25 18:06:29.135 19375 19375 E com.whatsapp: Not starting debugger since process
cannot load the jdwp agent.
01-25 18:06:29.669 19322 19322 W com.whatsapp: Accessing hidden method
Lcom/android/org/conscrypt/OpenSSLSocketImpl;->setUseSessionTickets(Z)V (greylist-
max-q,core-platform-api, reflection, denied)
01-25 18:06:29.669 19322 19322 W com.whatsapp: Accessing hidden method
Lcom/android/org/conscrypt/AbstractConscryptSocket;->setUseSessionTickets(Z)V
(greylist-max-q, reflection, denied)
01-25 18:06:30.064 19322 19322 W CheckTime: App running slow: Executing
handleBindApplication : callApplicationOnCreate took 852ms
01-25 18:06:30.122 19322 19422 W com.whatsapp: Class X.2rL failed lock verification
and will run slower.
01-25 18:06:30.122 19322 19422 W com.whatsapp: Common causes for lock verification
issues are non-optimized dex code
01-25 18:06:30.122 19322 19422 W com.whatsapp: and incorrect proguard
optimizations.
01-25 18:06:31.750 19322 19322 W com.whatsapp: Class X.0eU failed lock verification
and will run slower.
01-25 18:06:31.933 19322 19322 W com.whatsapp: Class com.whatsapp.HomeActivity
failed lock verification and will run slower.
01-25 18:06:32.410 19322 19322 E ArmVmp : Match on catch block at 0x0a in for 0xb9
01-25 18:06:32.446 19322 19322 E ArmVmp : Match on catch block at 0x0a in for
0x129
01-25 18:06:33.763 19322 19322 E RecyclerView: No adapter attached; skipping layout
01-25 18:06:33.827 19322 19322 E OpenGLRenderer: ~SkiaDisplayList() ##### pid =
19322
01-25 18:06:34.006 19322 19322 E RecyclerView: No adapter attached; skipping layout
01-25 18:06:34.039 19322 19322 E ArmVmp : Match on catch block at 0x0a in for 0xc5
01-25 18:06:34.250 19322 19515 W LOTTIE : Animation contains merge paths. Merge
paths are only supported on KitKat+ and must be manually enabled by calling
enableMergePathsForKitKatAndAbove().
01-25 18:06:34.490 19322 19322 W LOTTIE : Animation contains merge paths but they
are disabled.
--------- beginning of system
01-25 21:09:07.389 19322 19322 W ActivityThread: Main thread can not be idle for a
long time.
--------- beginning of main
01-25 21:11:27.887 16580 16580 W System.err: java.lang.ClassNotFoundException:
mbmodsd.mbmodsw.ui.views.btn.BtnBK
01-25 21:11:27.889 16580 16580 W System.err: at
java.lang.Runtime.nativeLoad(Native Method)
01-25 21:11:27.889 16580 16580 W System.err: at
java.lang.Runtime.nativeLoad(Runtime.java:1131)
01-25 21:11:27.889 16580 16580 W System.err: at
java.lang.Runtime.loadLibrary0(Runtime.java:1085)
01-25 21:11:27.889 16580 16580 W System.err: at
java.lang.Runtime.loadLibrary0(Runtime.java:1008)
01-25 21:11:27.889 16580 16580 W System.err: at
java.lang.System.loadLibrary(System.java:1664)
01-25 21:11:27.889 16580 16580 W System.err: at arm.EpicVm.<clinit>(Unknown
Source:2)
01-25 21:11:27.889 16580 16580 W System.err: at
java.lang.Class.newInstance(Native Method)
01-25 21:11:27.890 16580 16580 W System.err: at
android.app.AppComponentFactory.instantiateApplication(AppComponentFactory.java:76)
01-25 21:11:27.890 16580 16580 W System.err: at
androidx.core.app.CoreComponentFactory.instantiateApplication(Unknown Source:0)
01-25 21:11:27.890 16580 16580 W System.err: at
android.app.Instrumentation.newApplication(Instrumentation.java:1158)
01-25 21:11:27.890 16580 16580 W System.err: at
android.app.LoadedApk.makeApplication(LoadedApk.java:1268)
01-25 21:11:27.890 16580 16580 W System.err: at
android.app.ActivityThread.handleBindApplication(ActivityThread.java:6927)
01-25 21:11:27.890 16580 16580 W System.err: at
android.app.ActivityThread.access$1300(ActivityThread.java:262)
01-25 21:11:27.890 16580 16580 W System.err: at
android.app.ActivityThread$H.handleMessage(ActivityThread.java:1977)
01-25 21:11:27.890 16580 16580 W System.err: at
android.os.Handler.dispatchMessage(Handler.java:106)
01-25 21:11:27.890 16580 16580 W System.err: at
android.os.Looper.loop(Looper.java:223)
01-25 21:11:27.890 16580 16580 W System.err: at
android.app.ActivityThread.main(ActivityThread.java:8001)
01-25 21:11:27.890 16580 16580 W System.err: at
java.lang.reflect.Method.invoke(Native Method)
01-25 21:11:27.890 16580 16580 W System.err: at
com.android.internal.os.RuntimeInit$MethodAndArgsCaller.run(RuntimeInit.java:635)
01-25 21:11:27.890 16580 16580 W System.err: at
com.android.internal.os.ZygoteInit.main(ZygoteInit.java:947)
01-25 21:11:27.933 16580 16580 E CustomActivityOnCrash: IMPORTANT WARNING! You
already have an UncaughtExceptionHandler, are you sure this is correct? If you use
a custom UncaughtExceptionHandler, you must initialize it AFTER
CustomActivityOnCrash! Installing anyway, but your original handler will not be
called.
01-25 21:11:28.036 16580 16836 W LibraryVersion: Failed to get app version for
libraryName: firebase-iid
01-25 21:11:28.453 16580 16580 W com.whatsapp: Accessing hidden method
Lcom/android/org/conscrypt/OpenSSLSocketImpl;->setUseSessionTickets(Z)V (greylist-
max-q,core-platform-api, reflection, denied)
01-25 21:11:28.454 16580 16580 W com.whatsapp: Accessing hidden method
Lcom/android/org/conscrypt/AbstractConscryptSocket;->setUseSessionTickets(Z)V
(greylist-max-q, reflection, denied)
01-25 21:11:28.560 16580 16580 W com.whatsapp: type=1400 audit(0.0:2609023): avc:
granted { execute } for
path="/data/data/com.whatsapp/files/decompressed/libs.spk.zst/libc++_shared.so"
dev="dm-11" ino=656718 scontext=u:r:untrusted_app:s0:c149,c257,c512,c768
tcontext=u:object_r:app_data_file:s0:c149,c257,c512,c768 tclass=file
app=com.whatsapp
01-25 21:11:28.572 16580 16580 W com.whatsapp: type=1400 audit(0.0:2609024): avc:
granted { execute } for
path="/data/data/com.whatsapp/files/decompressed/libs.spk.zst/libvlc.so" dev="dm-
11" ino=654412 scontext=u:r:untrusted_app:s0:c149,c257,c512,c768
tcontext=u:object_r:app_data_file:s0:c149,c257,c512,c768 tclass=file
app=com.whatsapp
01-25 21:11:28.588 16580 16580 W com.whatsapp: type=1400 audit(0.0:2609025): avc:
granted { execute } for
path="/data/data/com.whatsapp/files/decompressed/libs.spk.zst/libwhatsapp.so"
dev="dm-11" ino=654428 scontext=u:r:untrusted_app:s0:c149,c257,c512,c768
tcontext=u:object_r:app_data_file:s0:c149,c257,c512,c768 tclass=file
app=com.whatsapp
01-25 21:11:28.700 16580 16580 W com.whatsapp: type=1400 audit(0.0:2609026): avc:
granted { execute } for
path="/data/data/com.whatsapp/files/decompressed/libs.spk.zst/libcurve25519.so"
dev="dm-11" ino=654696 scontext=u:r:untrusted_app:s0:c149,c257,c512,c768
tcontext=u:object_r:app_data_file:s0:c149,c257,c512,c768 tclass=file
app=com.whatsapp
01-25 21:11:28.716 16580 16580 W com.whatsapp: type=1400 audit(0.0:2609027): avc:
granted { execute } for
path="/data/data/com.whatsapp/files/decompressed/libs.spk.zst/libwhatsapp.so"
dev="dm-11" ino=654428 scontext=u:r:untrusted_app:s0:c149,c257,c512,c768
tcontext=u:object_r:app_data_file:s0:c149,c257,c512,c768 tclass=file
app=com.whatsapp
01-25 21:11:28.716 16580 16580 W com.whatsapp: type=1400 audit(0.0:2609029): avc:
granted { execute } for
path="/data/data/com.whatsapp/files/decompressed/libs.spk.zst/libwhatsapp.so"
dev="dm-11" ino=654428 scontext=u:r:untrusted_app:s0:c149,c257,c512,c768
tcontext=u:object_r:app_data_file:s0:c149,c257,c512,c768 tclass=file
app=com.whatsapp
01-25 21:11:28.831 16580 16580 W CheckTime: App running slow: Executing
handleBindApplication : callApplicationOnCreate took 806ms
01-25 21:11:28.856 16580 16580 W CheckTime: App running slow: Executing
com.google.firebase.iid.FirebaseInstanceIdReceiver scheduleReceive took 939ms
01-25 21:11:28.856 16580 16580 W ActivityThread: Main thread can not be idle for a
long time.
01-25 21:11:28.969 16580 16889 W com.whatsapp: Class X.2rL failed lock verification
and will run slower.
01-25 21:11:28.969 16580 16889 W com.whatsapp: Common causes for lock verification
issues are non-optimized dex code
01-25 21:11:28.969 16580 16889 W com.whatsapp: and incorrect proguard
optimizations.
01-25 21:11:30.824 16580 16580 W com.whatsapp: Class X.0eU failed lock verification
and will run slower.
01-25 21:11:31.138 17049 17049 W com.whatsapp: Using default instruction set
features for ARM CPU variant (generic) using conservative defaults
01-25 21:11:31.144 16580 16580 W com.whatsapp: Class com.whatsapp.HomeActivity
failed lock verification and will run slower.
01-25 21:11:31.176 17049 17049 E com.whatsapp: Not starting debugger since process
cannot load the jdwp agent.
01-25 21:11:31.401 16580 17075 W GmsClient: unable to connect to service:
com.google.android.gms.wearable.BIND on com.google.android.gms
01-25 21:11:31.771 16580 16580 E ArmVmp : Match on catch block at 0x0a in for 0xb5
01-25 21:11:31.820 16580 16580 E ArmVmp : Match on catch block at 0x0a in for
0x129
01-25 21:11:31.870 16580 17091 W com.whatsapp: Accessing hidden method
Lcom/android/org/conscrypt/ConscryptEngineSocket;->setUseSessionTickets(Z)V
(greylist-max-q,core-platform-api, reflection, denied)
01-25 21:11:31.870 16580 17091 W com.whatsapp: Accessing hidden method
Lcom/android/org/conscrypt/OpenSSLSocketImpl;->setUseSessionTickets(Z)V (greylist-
max-q,core-platform-api, reflection, denied)
01-25 21:11:31.870 16580 17091 W com.whatsapp: Accessing hidden method
Lcom/android/org/conscrypt/AbstractConscryptSocket;->setUseSessionTickets(Z)V
(greylist-max-q, reflection, denied)
01-25 21:11:31.870 16580 17091 W com.whatsapp: Accessing hidden method
Lcom/android/org/conscrypt/ConscryptEngineSocket;->setHostname(Ljava/lang/String;)V
(greylist-max-q,core-platform-api, reflection, denied)
01-25 21:11:31.871 16580 17091 W com.whatsapp: Accessing hidden method
Lcom/android/org/conscrypt/OpenSSLSocketImpl;->setHostname(Ljava/lang/String;)V
(greylist-max-q,core-platform-api, reflection, denied)
01-25 21:11:31.871 16580 17091 W com.whatsapp: Accessing hidden method
Lcom/android/org/conscrypt/AbstractConscryptSocket;->setHostname(Ljava/lang/
String;)V (greylist-max-q, reflection, denied)
01-25 21:11:31.871 16580 17091 W com.whatsapp: Accessing hidden method
Lcom/android/org/conscrypt/OpenSSLSocketImpl;->setAlpnProtocols([B)V (greylist-max-
q,core-platform-api, reflection, denied)
01-25 21:11:31.871 16580 17091 W com.whatsapp: Accessing hidden method
Lcom/android/org/conscrypt/AbstractConscryptSocket;->setAlpnProtocols([B)V
(greylist-max-q, reflection, denied)
01-25 21:11:32.092 16580 16580 W CheckTime: App running slow: Executing activity
onCreate took 931ms
01-25 21:11:32.128 16580 17091 W com.whatsapp: Accessing hidden method
Lcom/android/org/conscrypt/OpenSSLSocketImpl;->getAlpnSelectedProtocol()[B
(greylist-max-q,core-platform-api, reflection, denied)
01-25 21:11:32.129 16580 17091 W com.whatsapp: Accessing hidden method
Lcom/android/org/conscrypt/AbstractConscryptSocket;->getAlpnSelectedProtocol()[B
(greylist-max-q, reflection, denied)
01-25 21:11:33.857 16580 16580 E RecyclerView: No adapter attached; skipping layout
01-25 21:11:33.911 16580 16580 E OpenGLRenderer: ~SkiaDisplayList() ##### pid =
16580
01-25 21:11:34.108 16580 16580 E RecyclerView: No adapter attached; skipping layout
01-25 21:11:34.147 16580 16580 E ArmVmp : Match on catch block at 0x0a in for 0xc1
01-25 21:11:34.333 16580 17175 W LOTTIE : Animation contains merge paths. Merge
paths are only supported on KitKat+ and must be manually enabled by calling
enableMergePathsForKitKatAndAbove().
01-25 21:11:34.642 16580 16580 W LOTTIE : Animation contains merge paths but they
are disabled.
01-25 21:11:35.764 16580 16580 W com.whatsapp: Verification of void
X.5pH.A1Z(android.os.Bundle) took 103.538ms (97867.23 bytecodes/s) (163520B
approximate peak alloc)
01-25 21:11:35.922 16580 17183 E linker : library ""
("/apex/com.android.vndk.v30/lib") needed or dlopened by
"/apex/com.android.vndk.v30/lib/libRS_internal.so" is not accessible for the
namespace: [name="rs", ld_library_paths="",
default_library_paths="/apex/com.android.vndk.v30/lib:/vendor/lib",
permitted_paths="/odm/lib:/vendor/lib:/system/vendor/lib:/data"]
01-25 21:11:35.922 16580 17183 E RenderScript: Failed loading RS driver: dlopen
failed: library "" needed or dlopened by
"/apex/com.android.vndk.v30/lib/libRS_internal.so" is not accessible for the
namespace "rs"
01-25 21:11:35.922 16580 17183 E RenderScript: Failed to load runtime , loading
default
01-25 21:11:36.103 16580 17175 W LOTTIE : Unknown shape type rd
01-25 21:11:36.219 16580 16580 E ArmVmp : Match on catch block at 0x0a in for 0xb5
01-25 21:11:36.230 16580 16580 E ArmVmp : Match on catch block at 0x0a in for 0xb5
01-25 21:11:36.641 16580 16580 E ArmVmp : Match on catch block at 0xc3 in for 0xa1
01-25 21:11:36.664 16580 16580 E ArmVmp : Match on catch block at 0xc3 in for 0xa9
01-25 21:11:36.669 16580 16580 E ArmVmp : Match on catch block at 0xc3 in for 0xa9
01-25 21:11:36.812 16580 16580 E ArmVmp : Match on catch block at 0xc3 in for 0x95
01-25 21:11:36.820 16580 16580 E ArmVmp : Match on catch block at 0xc3 in for 0x91
01-25 21:11:36.823 16580 16580 E ArmVmp : Match on catch block at 0xc3 in for 0x91
01-25 21:11:36.933 16580 16580 E ArmVmp : Match on catch block at 0xc3 in for 0x91
01-25 21:11:36.939 16580 16580 E ArmVmp : Match on catch block at 0xc3 in for 0x95
01-25 21:11:36.942 16580 16580 E ArmVmp : Match on catch block at 0xc3 in for 0x95
01-25 21:11:36.976 16580 16580 E ArmVmp : Match on catch block at 0xc3 in for 0x99
01-25 21:11:36.984 16580 16580 E ArmVmp : Match on catch block at 0xc3 in for 0x91
01-25 21:11:36.988 16580 16580 E ArmVmp : Match on catch block at 0xc3 in for 0x91
01-25 21:11:37.131 16580 16580 E ArmVmp : Match on catch block at 0xc3 in for 0x99
01-25 21:11:37.137 16580 16580 E ArmVmp : Match on catch block at 0xc3 in for 0x91
01-25 21:11:37.141 16580 16580 E ArmVmp : Match on catch block at 0xc3 in for 0x91
01-25 21:11:37.151 16580 16580 E ArmVmp : Match on catch block at 0xc3 in for 0x95
01-25 21:11:37.156 16580 16580 E ArmVmp : Match on catch block at 0xc3 in for 0x99
01-25 21:11:37.159 16580 16580 E ArmVmp : Match on catch block at 0xc3 in for 0x99
01-25 21:11:37.171 16580 16580 E ArmVmp : Match on catch block at 0xc3 in for 0x91
01-25 21:11:37.176 16580 16580 E ArmVmp : Match on catch block at 0xc3 in for 0x95
01-25 21:11:37.179 16580 16580 E ArmVmp : Match on catch block at 0xc3 in for 0x95
01-25 21:11:37.191 16580 16580 E ArmVmp : Match on catch block at 0xc3 in for 0x99
01-25 21:11:37.196 16580 16580 E ArmVmp : Match on catch block at 0xc3 in for 0x91
01-25 21:11:37.199 16580 16580 E ArmVmp : Match on catch block at 0xc3 in for 0x91
01-25 21:11:37.211 16580 16580 E ArmVmp : Match on catch block at 0xc3 in for 0x99
01-25 21:11:37.216 16580 16580 E ArmVmp : Match on catch block at 0xc3 in for 0x91
01-25 21:11:37.219 16580 16580 E ArmVmp : Match on catch block at 0xc3 in for 0x91
01-25 21:11:37.232 16580 16580 E ArmVmp : Match on catch block at 0xc3 in for 0x91
01-25 21:11:37.237 16580 16580 E ArmVmp : Match on catch block at 0xc3 in for 0x95
01-25 21:11:37.240 16580 16580 E ArmVmp : Match on catch block at 0xc3 in for 0x95
01-25 21:11:37.251 16580 16580 E ArmVmp : Match on catch block at 0xc3 in for 0x99
01-25 21:11:37.256 16580 16580 E ArmVmp : Match on catch block at 0xc3 in for 0x91
01-25 21:11:37.259 16580 16580 E ArmVmp : Match on catch block at 0xc3 in for 0x91
01-25 21:11:37.271 16580 16580 E ArmVmp : Match on catch block at 0xc3 in for 0x95
01-25 21:11:37.277 16580 16580 E ArmVmp : Match on catch block at 0xc3 in for 0x99
01-25 21:11:37.282 16580 16580 E ArmVmp : Match on catch block at 0xc3 in for 0x99
01-25 21:11:37.291 16580 16580 E ArmVmp : Match on catch block at 0xc3 in for 0x91
01-25 21:11:37.297 16580 16580 E ArmVmp : Match on catch block at 0xc3 in for 0x95
01-25 21:11:37.301 16580 16580 E ArmVmp : Match on catch block at 0xc3 in for 0x95
01-25 21:11:37.311 16580 16580 E ArmVmp : Match on catch block at 0xc3 in for 0x99
01-25 21:11:37.317 16580 16580 E ArmVmp : Match on catch block at 0xc3 in for 0x91
01-25 21:11:37.321 16580 16580 E ArmVmp : Match on catch block at 0xc3 in for 0x91
01-25 21:11:37.331 16580 16580 E ArmVmp : Match on catch block at 0xc3 in for 0x91
01-25 21:11:37.337 16580 16580 E ArmVmp : Match on catch block at 0xc3 in for 0x95
01-25 21:11:37.342 16580 16580 E ArmVmp : Match on catch block at 0xc3 in for 0x95
01-25 21:11:37.351 16580 16580 E ArmVmp : Match on catch block at 0xc3 in for 0x99
01-25 21:11:37.357 16580 16580 E ArmVmp : Match on catch block at 0xc3 in for 0x91
01-25 21:11:37.361 16580 16580 E ArmVmp : Match on catch block at 0xc3 in for 0x91
01-25 21:11:37.371 16580 16580 E ArmVmp : Match on catch block at 0xc3 in for 0x95
01-25 21:11:37.376 16580 16580 E ArmVmp : Match on catch block at 0xc3 in for 0x99
01-25 21:11:37.379 16580 16580 E ArmVmp : Match on catch block at 0xc3 in for 0x99
01-25 21:11:37.391 16580 16580 E ArmVmp : Match on catch block at 0xc3 in for 0x91
01-25 21:11:37.396 16580 16580 E ArmVmp : Match on catch block at 0xc3 in for 0x95
01-25 21:11:37.399 16580 16580 E ArmVmp : Match on catch block at 0xc3 in for 0x95
01-25 21:11:37.411 16580 16580 E ArmVmp : Match on catch block at 0xc3 in for 0x99
01-25 21:11:37.416 16580 16580 E ArmVmp : Match on catch block at 0xc3 in for 0x91
01-25 21:11:37.419 16580 16580 E ArmVmp : Match on catch block at 0xc3 in for 0x91
01-25 21:11:37.431 16580 16580 E ArmVmp : Match on catch block at 0xc3 in for 0x95
01-25 21:11:37.436 16580 16580 E ArmVmp : Match on catch block at 0xc3 in for 0x99
01-25 21:11:37.440 16580 16580 E ArmVmp : Match on catch block at 0xc3 in for 0x99
01-25 21:11:37.931 16580 16580 E ArmVmp : Match on catch block at 0xc3 in for 0x95
01-25 21:11:37.937 16580 16580 E ArmVmp : Match on catch block at 0xc3 in for 0x99
01-25 21:11:37.941 16580 16580 E ArmVmp : Match on catch block at 0xc3 in for 0x99
01-25 21:11:38.431 16580 16580 E ArmVmp : Match on catch block at 0xc3 in for 0x99
01-25 21:11:38.437 16580 16580 E ArmVmp : Match on catch block at 0xc3 in for 0x91
01-25 21:11:38.441 16580 16580 E ArmVmp : Match on catch block at 0xc3 in for 0x91
01-25 21:11:38.482 16580 16580 E ArmVmp : Match on catch block at 0xc3 in for 0x91
01-25 21:11:38.489 16580 16580 E ArmVmp : Match on catch block at 0xc3 in for 0x95
01-25 21:11:38.493 16580 16580 E ArmVmp : Match on catch block at 0xc3 in for 0x95
01-25 21:11:38.504 16580 16580 E ArmVmp : Match on catch block at 0xc3 in for 0x99
01-25 21:11:38.510 16580 16580 E ArmVmp : Match on catch block at 0xc3 in for 0x91
01-25 21:11:38.513 16580 16580 E ArmVmp : Match on catch block at 0xc3 in for 0x91
01-25 21:11:38.671 16580 16580 E ArmVmp : Match on catch block at 0xc3 in for 0x91
01-25 21:11:38.677 16580 16580 E ArmVmp : Match on catch block at 0xc3 in for 0x95
01-25 21:11:38.680 16580 16580 E ArmVmp : Match on catch block at 0xc3 in for 0x95
01-25 21:11:38.702 16580 16580 E ArmVmp : Match on catch block at 0xc3 in for 0x99
01-25 21:11:38.707 16580 16580 E ArmVmp : Match on catch block at 0xc3 in for 0x91
01-25 21:11:38.710 16580 16580 E ArmVmp : Match on catch block at 0xc3 in for 0x91
01-25 21:11:38.931 16580 16580 E ArmVmp : Match on catch block at 0xc3 in for 0x95
01-25 21:11:38.938 16580 16580 E ArmVmp : Match on catch block at 0xc3 in for 0x99
01-25 21:11:38.943 16580 16580 E ArmVmp : Match on catch block at 0xc3 in for 0x99
01-25 21:11:39.431 16580 16580 E ArmVmp : Match on catch block at 0xc3 in for 0x99
01-25 21:11:39.437 16580 16580 E ArmVmp : Match on catch block at 0xc3 in for 0x91
01-25 21:11:39.440 16580 16580 E ArmVmp : Match on catch block at 0xc3 in for 0x91
01-25 21:11:39.518 16580 16580 E ArmVmp : Match on catch block at 0xc3 in for 0x91
01-25 21:11:39.524 16580 16580 E ArmVmp : Match on catch block at 0xc3 in for 0x95
01-25 21:11:39.527 16580 16580 E ArmVmp : Match on catch block at 0xc3 in for 0x95
01-25 21:11:39.541 16580 16580 E ArmVmp : Match on catch block at 0xc3 in for 0x99
01-25 21:11:39.548 16580 16580 E ArmVmp : Match on catch block at 0xc3 in for 0x91
01-25 21:11:39.552 16580 16580 E ArmVmp : Match on catch block at 0xc3 in for 0x91
01-25 21:11:39.562 16580 16580 E ArmVmp : Match on catch block at 0xc3 in for 0x95
01-25 21:11:39.568 16580 16580 E ArmVmp : Match on catch block at 0xc3 in for 0x99
01-25 21:11:39.572 16580 16580 E ArmVmp : Match on catch block at 0xc3 in for 0x99
01-25 21:11:39.587 16580 16580 E ArmVmp : Match on catch block at 0xc3 in for 0x91
01-25 21:11:39.593 16580 16580 E ArmVmp : Match on catch block at 0xc3 in for 0x95
01-25 21:11:39.597 16580 16580 E ArmVmp : Match on catch block at 0xc3 in for 0x95
01-25 21:11:39.644 16580 16580 E ArmVmp : Match on catch block at 0xc3 in for 0x95
01-25 21:11:39.650 16580 16580 E ArmVmp : Match on catch block at 0xc3 in for 0x99
01-25 21:11:39.677 16580 16580 E ArmVmp : Match on catch block at 0xc3 in for 0x95
01-25 21:11:39.683 16580 16580 E ArmVmp : Match on catch block at 0xc3 in for 0x99
01-25 21:11:39.705 16580 16580 E ArmVmp : Match on catch block at 0xc3 in for 0x95
01-25 21:11:39.710 16580 16580 E ArmVmp : Match on catch block at 0xc3 in for 0x99
01-25 21:11:39.721 16580 16580 E ArmVmp : Match on catch block at 0xc3 in for 0x95
01-25 21:11:39.726 16580 16580 E ArmVmp : Match on catch block at 0xc3 in for 0x99
01-25 21:11:39.730 16580 16580 E ArmVmp : Match on catch block at 0xc3 in for 0x99
01-25 21:11:39.737 16580 16580 E ArmVmp : Match on catch block at 0xc3 in for 0x91
01-25 21:11:39.742 16580 16580 E ArmVmp : Match on catch block at 0xc3 in for 0x95
01-25 21:11:39.746 16580 16580 E ArmVmp : Match on catch block at 0xc3 in for 0x95
01-25 21:11:39.753 16580 16580 E ArmVmp : Match on catch block at 0xc3 in for 0x99
01-25 21:11:39.758 16580 16580 E ArmVmp : Match on catch block at 0xc3 in for 0x91
01-25 21:11:39.763 16580 16580 E ArmVmp : Match on catch block at 0xc3 in for 0x91
01-25 21:11:39.771 16580 16580 E ArmVmp : Match on catch block at 0xc3 in for 0x95
01-25 21:11:39.776 16580 16580 E ArmVmp : Match on catch block at 0xc3 in for 0x99
01-25 21:11:39.780 16580 16580 E ArmVmp : Match on catch block at 0xc3 in for 0x99
01-25 21:11:39.791 16580 16580 E ArmVmp : Match on catch block at 0xc3 in for 0x91
01-25 21:11:39.797 16580 16580 E ArmVmp : Match on catch block at 0xc3 in for 0x95
01-25 21:11:39.801 16580 16580 E ArmVmp : Match on catch block at 0xc3 in for 0x95
01-25 21:11:39.811 16580 16580 E ArmVmp : Match on catch block at 0xc3 in for 0x99
01-25 21:11:39.816 16580 16580 E ArmVmp : Match on catch block at 0xc3 in for 0x91
01-25 21:11:39.819 16580 16580 E ArmVmp : Match on catch block at 0xc3 in for 0x91
01-25 21:11:39.831 16580 16580 E ArmVmp : Match on catch block at 0xc3 in for 0x95
01-25 21:11:39.837 16580 16580 E ArmVmp : Match on catch block at 0xc3 in for 0x99
01-25 21:11:39.840 16580 16580 E ArmVmp : Match on catch block at 0xc3 in for 0x99
01-25 21:11:39.861 16580 16580 E ArmVmp : Match on catch block at 0xc3 in for 0x95
01-25 21:11:39.866 16580 16580 E ArmVmp : Match on catch block at 0xc3 in for 0x99
01-25 21:11:39.869 16580 16580 E ArmVmp : Match on catch block at 0xc3 in for 0x99
01-25 21:11:39.885 16580 16580 E ArmVmp : Match on catch block at 0xc3 in for 0x91
01-25 21:11:39.891 16580 16580 E ArmVmp : Match on catch block at 0xc3 in for 0x95
01-25 21:11:39.894 16580 16580 E ArmVmp : Match on catch block at 0xc3 in for 0x95
01-25 21:11:39.931 16580 16580 E ArmVmp : Match on catch block at 0xc3 in for 0x99
01-25 21:11:39.936 16580 16580 E ArmVmp : Match on catch block at 0xc3 in for 0x91
01-25 21:11:39.939 16580 16580 E ArmVmp : Match on catch block at 0xc3 in for 0x91
01-25 21:11:40.198 16580 16580 E ArmVmp : Match on catch block at 0xc3 in for 0x95
01-25 21:11:40.203 16580 16580 E ArmVmp : Match on catch block at 0xc3 in for 0x99
01-25 21:11:40.207 16580 16580 E ArmVmp : Match on catch block at 0xc3 in for 0x99
01-25 21:11:40.231 16580 16580 E ArmVmp : Match on catch block at 0xc3 in for 0x99
01-25 21:11:40.237 16580 16580 E ArmVmp : Match on catch block at 0xc3 in for 0x91
01-25 21:11:40.240 16580 16580 E ArmVmp : Match on catch block at 0xc3 in for 0x91
01-25 21:11:40.251 16580 16580 E ArmVmp : Match on catch block at 0xc3 in for 0x95
01-25 21:11:40.257 16580 16580 E ArmVmp : Match on catch block at 0xc3 in for 0x99
01-25 21:11:40.261 16580 16580 E ArmVmp : Match on catch block at 0xc3 in for 0x99
01-25 21:11:40.274 16580 16580 E ArmVmp : Match on catch block at 0xc3 in for 0x91
01-25 21:11:40.281 16580 16580 E ArmVmp : Match on catch block at 0xc3 in for 0x95
01-25 21:11:40.289 16580 16580 E ArmVmp : Match on catch block at 0xc3 in for 0x95
01-25 21:11:40.311 16580 16580 E ArmVmp : Match on catch block at 0xc3 in for 0x99
01-25 21:11:40.317 16580 16580 E ArmVmp : Match on catch block at 0xc3 in for 0x91
01-25 21:11:40.320 16580 16580 E ArmVmp : Match on catch block at 0xc3 in for 0x91
01-25 21:11:40.337 16580 16580 E ArmVmp : Match on catch block at 0xc3 in for 0x95
01-25 21:11:40.343 16580 16580 E ArmVmp : Match on catch block at 0xc3 in for 0x99
01-25 21:11:40.347 16580 16580 E ArmVmp : Match on catch block at 0xc3 in for 0x99
01-25 21:11:40.372 16580 16580 E ArmVmp : Match on catch block at 0xc3 in for 0x91
01-25 21:11:40.379 16580 16580 E ArmVmp : Match on catch block at 0xc3 in for 0x95
01-25 21:11:40.385 16580 16580 E ArmVmp : Match on catch block at 0xc3 in for 0x95
01-25 21:11:40.404 16580 16580 E ArmVmp : Match on catch block at 0xc3 in for 0x99
01-25 21:11:40.410 16580 16580 E ArmVmp : Match on catch block at 0xc3 in for 0x91
01-25 21:11:40.413 16580 16580 E ArmVmp : Match on catch block at 0xc3 in for 0x91
01-25 21:11:40.431 16580 16580 E ArmVmp : Match on catch block at 0xc3 in for 0x95
01-25 21:11:40.438 16580 16580 E ArmVmp : Match on catch block at 0xc3 in for 0x99
01-25 21:11:40.441 16580 16580 E ArmVmp : Match on catch block at 0xc3 in for 0x99
01-25 21:11:40.551 16580 16580 E ArmVmp : Match on catch block at 0xc3 in for 0x91
01-25 21:11:40.558 16580 16580 E ArmVmp : Match on catch block at 0xc3 in for 0x95
01-25 21:11:40.563 16580 16580 E ArmVmp : Match on catch block at 0xc3 in for 0x95
01-25 21:11:40.691 16580 16580 E ArmVmp : Match on catch block at 0xc3 in for 0x99
01-25 21:11:40.700 16580 16580 E ArmVmp : Match on catch block at 0xc3 in for 0x91
01-25 21:11:40.703 16580 16580 E ArmVmp : Match on catch block at 0xc3 in for 0x91
01-25 21:11:40.992 16580 16580 E ArmVmp : Match on catch block at 0xc3 in for 0x95
01-25 21:11:40.999 16580 16580 E ArmVmp : Match on catch block at 0xc3 in for 0x99
01-25 21:11:41.003 16580 16580 E ArmVmp : Match on catch block at 0xc3 in for 0x99
01-25 21:11:41.472 16580 16580 E ArmVmp : Match on catch block at 0xc3 in for 0x91
01-25 21:11:41.479 16580 16580 E ArmVmp : Match on catch block at 0xc3 in for 0x95
01-25 21:11:41.484 16580 16580 E ArmVmp : Match on catch block at 0xc3 in for 0x95
01-25 21:11:41.493 16580 16580 E ArmVmp : Match on catch block at 0xc3 in for 0x99
01-25 21:11:41.499 16580 16580 E ArmVmp : Match on catch block at 0xc3 in for 0x91
01-25 21:11:41.502 16580 16580 E ArmVmp : Match on catch block at 0xc3 in for 0x91
01-25 21:11:41.511 16580 16580 E ArmVmp : Match on catch block at 0xc3 in for 0x95
01-25 21:11:41.517 16580 16580 E ArmVmp : Match on catch block at 0xc3 in for 0x99
01-25 21:11:41.521 16580 16580 E ArmVmp : Match on catch block at 0xc3 in for 0x99
01-25 21:11:41.531 16580 16580 E ArmVmp : Match on catch block at 0xc3 in for 0x91
01-25 21:11:41.537 16580 16580 E ArmVmp : Match on catch block at 0xc3 in for 0x95
01-25 21:11:41.541 16580 16580 E ArmVmp : Match on catch block at 0xc3 in for 0x95
01-25 21:11:41.551 16580 16580 E ArmVmp : Match on catch block at 0xc3 in for 0x99
01-25 21:11:41.558 16580 16580 E ArmVmp : Match on catch block at 0xc3 in for 0x91
01-25 21:11:41.561 16580 16580 E ArmVmp : Match on catch block at 0xc3 in for 0x91
01-25 21:11:41.571 16580 16580 E ArmVmp : Match on catch block at 0xc3 in for 0x95
01-25 21:11:41.578 16580 16580 E ArmVmp : Match on catch block at 0xc3 in for 0x99
01-25 21:11:41.582 16580 16580 E ArmVmp : Match on catch block at 0xc3 in for 0x99
01-25 21:11:41.591 16580 16580 E ArmVmp : Match on catch block at 0xc3 in for 0x91
01-25 21:11:41.598 16580 16580 E ArmVmp : Match on catch block at 0xc3 in for 0x95
01-25 21:11:41.601 16580 16580 E ArmVmp : Match on catch block at 0xc3 in for 0x95
01-25 21:11:41.611 16580 16580 E ArmVmp : Match on catch block at 0xc3 in for 0x99
01-25 21:11:41.617 16580 16580 E ArmVmp : Match on catch block at 0xc3 in for 0x91
01-25 21:11:41.621 16580 16580 E ArmVmp : Match on catch block at 0xc3 in for 0x91
01-25 21:11:41.631 16580 16580 E ArmVmp : Match on catch block at 0xc3 in for 0x95
01-25 21:11:41.636 16580 16580 E ArmVmp : Match on catch block at 0xc3 in for 0x99
01-25 21:11:41.640 16580 16580 E ArmVmp : Match on catch block at 0xc3 in for 0x99
01-25 21:11:41.651 16580 16580 E ArmVmp : Match on catch block at 0xc3 in for 0x91
01-25 21:11:41.659 16580 16580 E ArmVmp : Match on catch block at 0xc3 in for 0x95
01-25 21:11:41.663 16580 16580 E ArmVmp : Match on catch block at 0xc3 in for 0x95
01-25 21:11:41.672 16580 16580 E ArmVmp : Match on catch block at 0xc3 in for 0x99
01-25 21:11:41.679 16580 16580 E ArmVmp : Match on catch block at 0xc3 in for 0x91
01-25 21:11:41.682 16580 16580 E ArmVmp : Match on catch block at 0xc3 in for 0x91
01-25 21:11:41.691 16580 16580 E ArmVmp : Match on catch block at 0xc3 in for 0x95
01-25 21:11:41.698 16580 16580 E ArmVmp : Match on catch block at 0xc3 in for 0x99
01-25 21:11:41.701 16580 16580 E ArmVmp : Match on catch block at 0xc3 in for 0x99
01-25 21:11:41.711 16580 16580 E ArmVmp : Match on catch block at 0xc3 in for 0x91
01-25 21:11:41.717 16580 16580 E ArmVmp : Match on catch block at 0xc3 in for 0x95
01-25 21:11:41.721 16580 16580 E ArmVmp : Match on catch block at 0xc3 in for 0x95
01-25 21:11:41.771 16580 16580 E ArmVmp : Match on catch block at 0xc3 in for 0x99
01-25 21:11:41.777 16580 16580 E ArmVmp : Match on catch block at 0xc3 in for 0x91
01-25 21:11:41.781 16580 16580 E ArmVmp : Match on catch block at 0xc3 in for 0x91
01-25 21:11:41.971 16580 16580 E ArmVmp : Match on catch block at 0xc3 in for 0x95
01-25 21:11:41.977 16580 16580 E ArmVmp : Match on catch block at 0xc3 in for 0x99
01-25 21:11:41.981 16580 16580 E ArmVmp : Match on catch block at 0xc3 in for 0x99
01-25 21:11:42.191 16580 16580 E ArmVmp : Match on catch block at 0xc3 in for 0x91
01-25 21:11:42.197 16580 16580 E ArmVmp : Match on catch block at 0xc3 in for 0x95
01-25 21:11:42.201 16580 16580 E ArmVmp : Match on catch block at 0xc3 in for 0x95
01-25 21:11:42.371 16580 16580 E ArmVmp : Match on catch block at 0xc3 in for 0x99
01-25 21:11:42.377 16580 16580 E ArmVmp : Match on catch block at 0xc3 in for 0x91
01-25 21:11:42.381 16580 16580 E ArmVmp : Match on catch block at 0xc3 in for 0x91
01-25 21:11:42.431 16580 16580 E ArmVmp : Match on catch block at 0xc3 in for 0x95
01-25 21:11:42.436 16580 16580 E ArmVmp : Match on catch block at 0xc3 in for 0x99
01-25 21:11:42.440 16580 16580 E ArmVmp : Match on catch block at 0xc3 in for 0x99
01-25 21:11:42.631 16580 16580 E ArmVmp : Match on catch block at 0xc3 in for 0x91
01-25 21:11:42.637 16580 16580 E ArmVmp : Match on catch block at 0xc3 in for 0x95
01-25 21:11:42.642 16580 16580 E ArmVmp : Match on catch block at 0xc3 in for 0x95
01-25 21:11:42.811 16580 16580 E ArmVmp : Match on catch block at 0xc3 in for 0x99
01-25 21:11:42.817 16580 16580 E ArmVmp : Match on catch block at 0xc3 in for 0x91
01-25 21:11:42.821 16580 16580 E ArmVmp : Match on catch block at 0xc3 in for 0x91
01-25 21:11:42.851 16580 16580 E ArmVmp : Match on catch block at 0xc3 in for 0x95
01-25 21:11:42.860 16580 16580 E ArmVmp : Match on catch block at 0xc3 in for 0x99
01-25 21:11:42.866 16580 16580 E ArmVmp : Match on catch block at 0xc3 in for 0x99
01-25 21:11:42.891 16580 16580 E ArmVmp : Match on catch block at 0xc3 in for 0x91
01-25 21:11:42.901 16580 16580 E ArmVmp : Match on catch block at 0xc3 in for 0x95
01-25 21:11:42.906 16580 16580 E ArmVmp : Match on catch block at 0xc3 in for 0x95
01-25 21:11:43.172 16580 16580 E ArmVmp : Match on catch block at 0xc3 in for 0x99
01-25 21:11:43.178 16580 16580 E ArmVmp : Match on catch block at 0xc3 in for 0x91
01-25 21:11:43.181 16580 16580 E ArmVmp : Match on catch block at 0xc3 in for 0x91
01-25 21:11:43.311 16580 16580 E SpannableStringBuilder: SPAN_EXCLUSIVE_EXCLUSIVE
spans cannot have a zero length
01-25 21:11:43.331 16580 16580 E ArmVmp : Match on catch block at 0xc3 in for 0x95
01-25 21:11:43.338 16580 16580 E ArmVmp : Match on catch block at 0xc3 in for 0x99
01-25 21:11:43.342 16580 16580 E ArmVmp : Match on catch block at 0xc3 in for 0x99
01-25 21:11:43.473 16580 16580 E ArmVmp : Match on catch block at 0xc3 in for 0x91
01-25 21:11:43.479 16580 16580 E ArmVmp : Match on catch block at 0xc3 in for 0x95
01-25 21:11:43.482 16580 16580 E ArmVmp : Match on catch block at 0xc3 in for 0x95
01-25 21:11:43.631 16580 16580 E ArmVmp : Match on catch block at 0xc3 in for 0x99
01-25 21:11:43.638 16580 16580 E ArmVmp : Match on catch block at 0xc3 in for 0x91
01-25 21:11:43.642 16580 16580 E ArmVmp : Match on catch block at 0xc3 in for 0x91
01-25 21:11:43.811 16580 16580 E ArmVmp : Match on catch block at 0xc3 in for 0x95
01-25 21:11:43.817 16580 16580 E ArmVmp : Match on catch block at 0xc3 in for 0x99
01-25 21:11:43.821 16580 16580 E ArmVmp : Match on catch block at 0xc3 in for 0x99
01-25 21:11:43.971 16580 16580 E ArmVmp : Match on catch block at 0xc3 in for 0x91
01-25 21:11:43.978 16580 16580 E ArmVmp : Match on catch block at 0xc3 in for 0x95
01-25 21:11:43.981 16580 16580 E ArmVmp : Match on catch block at 0xc3 in for 0x95
01-25 21:11:44.151 16580 16580 E ArmVmp : Match on catch block at 0xc3 in for 0x99
01-25 21:11:44.157 16580 16580 E ArmVmp : Match on catch block at 0xc3 in for 0x91
01-25 21:11:44.161 16580 16580 E ArmVmp : Match on catch block at 0xc3 in for 0x91
01-25 21:11:44.211 16580 16580 E ArmVmp : Match on catch block at 0xc3 in for 0x95
01-25 21:11:44.217 16580 16580 E ArmVmp : Match on catch block at 0xc3 in for 0x99
01-25 21:11:44.221 16580 16580 E ArmVmp : Match on catch block at 0xc3 in for 0x99
01-25 21:11:44.351 16580 16580 E ArmVmp : Match on catch block at 0xc3 in for 0x91
01-25 21:11:44.357 16580 16580 E ArmVmp : Match on catch block at 0xc3 in for 0x95
01-25 21:11:44.360 16580 16580 E ArmVmp : Match on catch block at 0xc3 in for 0x95
01-25 21:11:44.451 16580 16580 E ArmVmp : Match on catch block at 0xc3 in for 0x99
01-25 21:11:44.457 16580 16580 E ArmVmp : Match on catch block at 0xc3 in for 0x91
01-25 21:11:44.461 16580 16580 E ArmVmp : Match on catch block at 0xc3 in for 0x91
01-25 21:11:44.571 16580 16580 E ArmVmp : Match on catch block at 0xc3 in for 0x95
01-25 21:11:44.577 16580 16580 E ArmVmp : Match on catch block at 0xc3 in for 0x99
01-25 21:11:44.580 16580 16580 E ArmVmp : Match on catch block at 0xc3 in for 0x99
01-25 21:11:44.591 16580 16580 E ArmVmp : Match on catch block at 0xc3 in for 0x91
01-25 21:11:44.596 16580 16580 E ArmVmp : Match on catch block at 0xc3 in for 0x95
01-25 21:11:44.599 16580 16580 E ArmVmp : Match on catch block at 0xc3 in for 0x95
01-25 21:11:44.751 16580 16580 E ArmVmp : Match on catch block at 0xc3 in for 0x99
01-25 21:11:44.757 16580 16580 E ArmVmp : Match on catch block at 0xc3 in for 0x91
01-25 21:11:44.761 16580 16580 E ArmVmp : Match on catch block at 0xc3 in for 0x91
01-25 21:11:44.932 16580 16580 E ArmVmp : Match on catch block at 0xc3 in for 0x95
01-25 21:11:44.938 16580 16580 E ArmVmp : Match on catch block at 0xc3 in for 0x99
01-25 21:11:44.942 16580 16580 E ArmVmp : Match on catch block at 0xc3 in for 0x99
01-25 21:11:45.011 16580 16580 E ArmVmp : Match on catch block at 0xc3 in for 0x91
01-25 21:11:45.017 16580 16580 E ArmVmp : Match on catch block at 0xc3 in for 0x95
01-25 21:11:45.022 16580 16580 E ArmVmp : Match on catch block at 0xc3 in for 0x95
01-25 21:11:45.251 16580 16580 E ArmVmp : Match on catch block at 0xc3 in for 0x99
01-25 21:11:45.257 16580 16580 E ArmVmp : Match on catch block at 0xc3 in for 0x91
01-25 21:11:45.261 16580 16580 E ArmVmp : Match on catch block at 0xc3 in for 0x91
01-25 21:11:45.392 16580 16580 E ArmVmp : Match on catch block at 0xc3 in for 0x95
01-25 21:11:45.397 16580 16580 E ArmVmp : Match on catch block at 0xc3 in for 0x99
01-25 21:11:45.401 16580 16580 E ArmVmp : Match on catch block at 0xc3 in for 0x99
01-25 21:11:45.737 16580 16580 E ArmVmp : Match on catch block at 0xc3 in for 0x91
01-25 21:11:45.742 16580 16580 E ArmVmp : Match on catch block at 0xc3 in for 0x95
01-25 21:11:45.746 16580 16580 E ArmVmp : Match on catch block at 0xc3 in for 0x95
01-25 21:11:45.892 16580 16580 E ArmVmp : Match on catch block at 0xc3 in for 0x99
01-25 21:11:45.897 16580 16580 E ArmVmp : Match on catch block at 0xc3 in for 0x91
01-25 21:11:45.902 16580 16580 E ArmVmp : Match on catch block at 0xc3 in for 0x91
01-25 21:11:46.112 16580 16580 E ArmVmp : Match on catch block at 0xc3 in for 0x95
01-25 21:11:46.118 16580 16580 E ArmVmp : Match on catch block at 0xc3 in for 0x99
01-25 21:11:46.123 16580 16580 E ArmVmp : Match on catch block at 0xc3 in for 0x99
01-25 21:11:46.432 16580 16580 E ArmVmp : Match on catch block at 0xc3 in for 0x91
01-25 21:11:46.439 16580 16580 E ArmVmp : Match on catch block at 0xc3 in for 0x95
01-25 21:11:46.443 16580 16580 E ArmVmp : Match on catch block at 0xc3 in for 0x95
01-25 21:11:46.648 16580 16580 E ArmVmp : Match on catch block at 0xc3 in for 0x91
01-25 21:11:46.657 16580 16580 E ArmVmp : Match on catch block at 0xc3 in for 0x95
01-25 21:11:46.665 16580 16580 E ArmVmp : Match on catch block at 0xc3 in for 0x95
01-25 21:11:46.802 16580 16580 E ArmVmp : Match on catch block at 0xc3 in for 0x99
01-25 21:11:46.807 16580 16580 E ArmVmp : Match on catch block at 0xc3 in for 0x91
01-25 21:11:46.810 16580 16580 E ArmVmp : Match on catch block at 0xc3 in for 0x91
01-25 21:11:46.856 16580 16580 E ArmVmp : Match on catch block at 0xc3 in for 0x91
01-25 21:11:46.864 16580 16580 E ArmVmp : Match on catch block at 0xc3 in for 0x95
01-25 21:11:46.868 16580 16580 E ArmVmp : Match on catch block at 0xc3 in for 0x95
01-25 21:11:47.232 16580 16580 E ArmVmp : Match on catch block at 0xc3 in for 0x99
01-25 21:11:47.238 16580 16580 E ArmVmp : Match on catch block at 0xc3 in for 0x91
01-25 21:11:47.243 16580 16580 E ArmVmp : Match on catch block at 0xc3 in for 0x91
01-25 21:11:47.761 16580 16580 E ArmVmp : Match on catch block at 0xc3 in for 0x91
01-25 21:11:47.766 16580 16580 E ArmVmp : Match on catch block at 0xc3 in for 0x95
01-25 21:11:47.769 16580 16580 E ArmVmp : Match on catch block at 0xc3 in for 0x95
01-25 21:11:47.794 16580 16580 E ArmVmp : Match on catch block at 0xc3 in for 0x91
01-25 21:11:47.799 16580 16580 E ArmVmp : Match on catch block at 0xc3 in for 0x95
01-25 21:11:47.803 16580 16580 E ArmVmp : Match on catch block at 0xc3 in for 0x95
01-25 21:11:47.819 16580 16580 E ArmVmp : Match on catch block at 0xc3 in for 0x99
01-25 21:11:47.825 16580 16580 E ArmVmp : Match on catch block at 0xc3 in for 0x91
01-25 21:11:47.828 16580 16580 E ArmVmp : Match on catch block at 0xc3 in for 0x91
01-25 21:11:48.252 16580 16580 E ArmVmp : Match on catch block at 0xc3 in for 0x95
01-25 21:11:48.258 16580 16580 E ArmVmp : Match on catch block at 0xc3 in for 0x99
01-25 21:11:48.261 16580 16580 E ArmVmp : Match on catch block at 0xc3 in for 0x99
01-25 21:11:48.479 16580 16580 E ArmVmp : Match on catch block at 0xc3 in for 0x99
01-25 21:11:48.485 16580 16580 E ArmVmp : Match on catch block at 0xc3 in for 0x91
01-25 21:11:48.488 16580 16580 E ArmVmp : Match on catch block at 0xc3 in for 0x91
01-25 21:11:48.498 16580 16580 E ArmVmp : Match on catch block at 0xc3 in for 0x95
01-25 21:11:48.502 16580 16580 E ArmVmp : Match on catch block at 0xc3 in for 0x99
01-25 21:11:48.506 16580 16580 E ArmVmp : Match on catch block at 0xc3 in for 0x99
01-25 21:11:48.551 16580 16580 E ArmVmp : Match on catch block at 0xc3 in for 0x95
01-25 21:11:48.557 16580 16580 E ArmVmp : Match on catch block at 0xc3 in for 0x99
01-25 21:11:48.561 16580 16580 E ArmVmp : Match on catch block at 0xc3 in for 0x99
01-25 21:11:48.572 16580 16580 E ArmVmp : Match on catch block at 0xc3 in for 0x91
01-25 21:11:48.578 16580 16580 E ArmVmp : Match on catch block at 0xc3 in for 0x95
01-25 21:11:48.581 16580 16580 E ArmVmp : Match on catch block at 0xc3 in for 0x95
01-25 21:11:48.751 16580 16580 E ArmVmp : Match on catch block at 0xc3 in for 0x99
01-25 21:11:48.757 16580 16580 E ArmVmp : Match on catch block at 0xc3 in for 0x91
01-25 21:11:48.762 16580 16580 E ArmVmp : Match on catch block at 0xc3 in for 0x91
01-25 21:11:48.992 16580 16580 E ArmVmp : Match on catch block at 0xc3 in for 0x95
01-25 21:11:48.998 16580 16580 E ArmVmp : Match on catch block at 0xc3 in for 0x99
01-25 21:11:49.002 16580 16580 E ArmVmp : Match on catch block at 0xc3 in for 0x99
01-25 21:11:49.049 16580 16580 E ArmVmp : Match on catch block at 0xc3 in for 0x95
01-25 21:11:49.057 16580 16580 E ArmVmp : Match on catch block at 0xc3 in for 0x99
01-25 21:11:49.060 16580 16580 E ArmVmp : Match on catch block at 0xc3 in for 0x99
01-25 21:11:49.113 16580 16580 E ArmVmp : Match on catch block at 0xc3 in for 0x95
01-25 21:11:49.119 16580 16580 E ArmVmp : Match on catch block at 0xc3 in for 0x99
01-25 21:11:49.128 16580 16580 E ArmVmp : Match on catch block at 0xc3 in for 0x95
01-25 21:11:49.134 16580 16580 E ArmVmp : Match on catch block at 0xc3 in for 0x99
01-25 21:11:49.206 16580 16580 E ArmVmp : Match on catch block at 0xc3 in for 0x91
01-25 21:11:49.211 16580 16580 E ArmVmp : Match on catch block at 0xc3 in for 0x95
01-25 21:11:49.244 16580 16580 E ArmVmp : Match on catch block at 0xc3 in for 0x99
01-25 21:11:49.249 16580 16580 E ArmVmp : Match on catch block at 0xc3 in for 0x91
01-25 21:11:49.264 16580 16580 E ArmVmp : Match on catch block at 0xc3 in for 0x95
01-25 21:11:49.269 16580 16580 E ArmVmp : Match on catch block at 0xc3 in for 0x99
01-25 21:11:49.276 16580 16580 E ArmVmp : Match on catch block at 0xc3 in for 0x95
01-25 21:11:49.282 16580 16580 E ArmVmp : Match on catch block at 0xc3 in for 0x99
01-25 21:11:49.531 16580 16580 E ArmVmp : Match on catch block at 0xc3 in for 0x95
01-25 21:11:49.537 16580 16580 E ArmVmp : Match on catch block at 0xc3 in for 0x99
01-25 21:11:49.631 16580 16580 E ArmVmp : Match on catch block at 0xc3 in for 0x91
01-25 21:11:49.636 16580 16580 E ArmVmp : Match on catch block at 0xc3 in for 0x95
01-25 21:11:49.668 16580 16580 E ArmVmp : Match on catch block at 0xc3 in for 0x95
01-25 21:11:49.679 16580 16580 E ArmVmp : Match on catch block at 0xc3 in for 0x99
01-25 21:11:49.837 16580 16580 E ArmVmp : Match on catch block at 0xc3 in for 0x95
01-25 21:11:49.843 16580 16580 E ArmVmp : Match on catch block at 0xc3 in for 0x99
01-25 21:11:50.209 16580 16580 E ArmVmp : Match on catch block at 0xc3 in for 0x91
01-25 21:11:50.215 16580 16580 E ArmVmp : Match on catch block at 0xc3 in for 0x95
01-25 21:11:50.859 16580 16580 E ArmVmp : Match on catch block at 0x0a in for
0x161
01-25 21:11:50.869 16580 16580 E Dialog : show dialog
view=DecorView@6c1c689[HomeActivity]
--------- beginning of system
--------- beginning of main
01-25 22:27:55.051 16580 16580 E Dialog : show dialog
view=DecorView@8f4f407[SettingsNetworkUsage]
01-25 22:27:58.209 19221 19221 W com.whatsapp: Using default instruction set
features for ARM CPU variant (generic) using conservative defaults
01-25 22:27:58.214 19221 19221 E com.whatsapp: Not starting debugger since process
cannot load the jdwp agent.
01-25 22:27:58.388 19221 19221 W System.err: java.lang.ClassNotFoundException:
mbmodsd.mbmodsw.ui.views.btn.BtnBK
01-25 22:27:58.388 19221 19221 W System.err: at
java.lang.Runtime.nativeLoad(Native Method)
01-25 22:27:58.388 19221 19221 W System.err: at
java.lang.Runtime.nativeLoad(Runtime.java:1131)
01-25 22:27:58.388 19221 19221 W System.err: at
java.lang.Runtime.loadLibrary0(Runtime.java:1085)
01-25 22:27:58.388 19221 19221 W System.err: at
java.lang.Runtime.loadLibrary0(Runtime.java:1008)
01-25 22:27:58.388 19221 19221 W System.err: at
java.lang.System.loadLibrary(System.java:1664)
01-25 22:27:58.388 19221 19221 W System.err: at arm.EpicVm.<clinit>(Unknown
Source:2)
01-25 22:27:58.388 19221 19221 W System.err: at
java.lang.Class.newInstance(Native Method)
01-25 22:27:58.388 19221 19221 W System.err: at
android.app.AppComponentFactory.instantiateApplication(AppComponentFactory.java:76)
01-25 22:27:58.388 19221 19221 W System.err: at
androidx.core.app.CoreComponentFactory.instantiateApplication(Unknown Source:0)
01-25 22:27:58.388 19221 19221 W System.err: at
android.app.Instrumentation.newApplication(Instrumentation.java:1158)
01-25 22:27:58.388 19221 19221 W System.err: at
android.app.LoadedApk.makeApplication(LoadedApk.java:1268)
01-25 22:27:58.389 19221 19221 W System.err: at
android.app.ActivityThread.handleBindApplication(ActivityThread.java:6927)
01-25 22:27:58.389 19221 19221 W System.err: at
android.app.ActivityThread.access$1300(ActivityThread.java:262)
01-25 22:27:58.389 19221 19221 W System.err: at
android.app.ActivityThread$H.handleMessage(ActivityThread.java:1977)
01-25 22:27:58.389 19221 19221 W System.err: at
android.os.Handler.dispatchMessage(Handler.java:106)
01-25 22:27:58.389 19221 19221 W System.err: at
android.os.Looper.loop(Looper.java:223)
01-25 22:27:58.389 19221 19221 W System.err: at
android.app.ActivityThread.main(ActivityThread.java:8001)
01-25 22:27:58.389 19221 19221 W System.err: at
java.lang.reflect.Method.invoke(Native Method)
01-25 22:27:58.389 19221 19221 W System.err: at
com.android.internal.os.RuntimeInit$MethodAndArgsCaller.run(RuntimeInit.java:635)
01-25 22:27:58.389 19221 19221 W System.err: at
com.android.internal.os.ZygoteInit.main(ZygoteInit.java:947)
01-25 22:27:58.402 19221 19221 E CustomActivityOnCrash: IMPORTANT WARNING! You
already have an UncaughtExceptionHandler, are you sure this is correct? If you use
a custom UncaughtExceptionHandler, you must initialize it AFTER
CustomActivityOnCrash! Installing anyway, but your original handler will not be
called.
