"ro.vendor.df.effect.conflict"
01-23 22:09:19.868 2894 2894 W SigquitBasedANRDetector: Could not open target
lib: libart.so
01-23 22:09:19.868 2894 2894 W SigquitBasedANRDetector: Failed to load lib
01-23 22:09:20.019 2894 2945 W com.mbwhatsapp: Class X.2rL failed lock
verification and will run slower.
01-23 22:09:20.019 2894 2945 W com.mbwhatsapp: Common causes for lock
verification issues are non-optimized dex code
01-23 22:09:20.019 2894 2945 W com.mbwhatsapp: and incorrect proguard
optimizations.
--------- beginning of system
01-23 22:09:20.085 2894 2894 W Looper : Slow Looper main: Long Msg: seq=2
plan=22:09:18.463 late=2ms wall=1581ms running=886ms runnable=43ms io=516ms
swapin=21ms reclaim=51ms h=android.app.ActivityThread$H w=110
01-23 22:09:22.540 2894 3008 E ActivityThread: Failed to find provider info for
com.android.contacts
01-23 22:09:22.608 2894 3007 E ActivityThread: Failed to find provider info for
com.android.contacts
01-23 22:09:22.780 2894 3007 E ActivityThread: Failed to find provider info for
com.android.contacts
01-23 22:09:23.084 2894 3010 W Gralloc3: mapper 3.x is not supported
01-23 22:09:23.092 2894 3010 E ion : ioctl c0044901 failed with code -1:
Invalid argument
01-23 22:09:34.577 2894 3007 E ActivityThread: Failed to find provider info for
com.android.contacts
01-23 22:09:34.624 2894 3007 E ActivityThread: Failed to find provider info for
com.android.contacts
01-23 22:09:40.739 2894 2894 W com.mbwhatsapp: Class com.mbwhatsapp.HomeActivity
failed lock verification and will run slower.
01-23 22:09:40.783 2894 2894 W com.mbwhatsapp: Class X.0eU failed lock
verification and will run slower.
01-23 22:09:41.782 2894 2894 E ArmVmp : Match on catch block at 0x0a in for 0xb1
01-23 22:09:41.893 2894 2894 E ArmVmp : Match on catch block at 0x0a in for
0x129
01-23 22:09:42.380 2894 2894 W Activity: Slow Operation: Activity
com.mbwhatsapp/.HomeActivity onCreate took 1476ms
01-23 22:09:42.607 2894 2894 W Activity: Slow Operation: Activity
com.mbwhatsapp/.HomeActivity onStart took 217ms
01-23 22:09:42.700 2894 2894 W PhoneWindow: Previously focused view reported id
2131429103 during save, but can't be found during restore.
01-23 22:09:42.800 2894 2894 W Looper : Slow Looper main: Long Msg: seq=220
plan=22:09:40.564 late=5ms wall=2230ms running=1159ms runnable=72ms io=668ms
reclaim=26ms h=android.app.ActivityThread$H w=159
01-23 22:09:42.801 2894 2894 W Looper : Slow Looper main: Activity
com.mbwhatsapp/.HomeActivity is 2235ms late (wall=0ms running=0ms
ClientTransaction{ callbacks=[android.app.servertransaction.TopResumedActivityChang
eItem] }) because of 1 msg, msg 1 took 2230ms (seq=220 running=1159ms runnable=72ms
io=668ms reclaim=26ms late=5ms h=android.app.ActivityThread$H w=159)
01-23 22:09:42.802 2894 3373 W LOTTIE : Animation contains merge paths. Merge
paths are only supported on KitKat+ and must be manually enabled by calling
enableMergePathsForKitKatAndAbove().
01-23 22:09:42.819 2894 2894 W Looper : Slow Looper main: Activity
com.mbwhatsapp/.HomeActivity is 858ms late (wall=7ms running=1ms ClientTransaction{
callbacks=[android.app.servertransaction.TopResumedActivityChangeItem] }) because
of 12 msg, msg 1 took 2230ms (seq=220 running=1159ms runnable=72ms io=668ms
reclaim=26ms late=5ms h=android.app.ActivityThread$H w=159)
01-23 22:09:42.871 2894 2894 W Looper : Slow Looper main: Activity
com.mbwhatsapp/.HomeActivity is 859ms late (wall=51ms running=15ms
ClientTransaction{ lifecycleRequest=android.app.servertransaction.PauseActivityItem
}) because of 13 msg, msg 1 took 2230ms (seq=220 running=1159ms runnable=72ms
io=668ms reclaim=26ms late=5ms h=android.app.ActivityThread$H w=159)
01-23 22:09:43.724 2894 2894 E RecyclerView: No adapter attached; skipping layout
01-23 22:09:43.826 2894 2894 W LOTTIE : Animation contains merge paths but they
are disabled.
01-23 22:09:43.921 2894 2894 E RecyclerView: No adapter attached; skipping layout
01-23 22:09:43.931 2894 2894 W Looper : Slow Looper main: doFrame is 926ms late
because of 15 msg, msg 1 took 933ms (seq=257 running=627ms runnable=10ms io=180ms
reclaim=6ms late=100ms h=android.view.Choreographer$FrameHandler
c=android.view.Choreographer$FrameDisplayEventReceiver)
01-23 22:09:44.010 2894 2894 E ArmVmp : Match on catch block at 0x0a in for 0xc9
01-23 22:09:44.024 2894 2894 W Looper : Slow Looper main: Activity
com.mbwhatsapp/mbmodsd.mbmodsw.mbsettings.yo.PauseActivity is 665ms late (wall=27ms
running=19ms
ClientTransaction{ callbacks=[android.app.servertransaction.LaunchActivityItem]
lifecycleRequest=android.app.servertransaction.ResumeActivityItem }) because of 49
msg, msg 1 took 933ms (seq=257 running=627ms runnable=10ms io=180ms reclaim=6ms
late=100ms h=android.view.Choreographer$FrameHandler
c=android.view.Choreographer$FrameDisplayEventReceiver), msg 16 took 98ms (seq=272
running=71ms io=16ms late=926ms h=android.view.Choreographer$FrameHandler
c=android.view.Choreographer$FrameDisplayEventReceiver)
01-23 22:09:44.024 2894 2894 W Looper : Slow Looper main: Activity
com.mbwhatsapp/mbmodsd.mbmodsw.mbsettings.yo.PauseActivity is 693ms late (wall=0ms
running=0ms
ClientTransaction{ callbacks=[android.app.servertransaction.TopResumedActivityChang
eItem] }) because of 50 msg, msg 1 took 933ms (seq=257 running=627ms runnable=10ms
io=180ms reclaim=6ms late=100ms h=android.view.Choreographer$FrameHandler
c=android.view.Choreographer$FrameDisplayEventReceiver), msg 16 took 98ms (seq=272
running=71ms io=16ms late=926ms h=android.view.Choreographer$FrameHandler
c=android.view.Choreographer$FrameDisplayEventReceiver)
01-23 22:09:44.111 2894 2918 W LibraryVersion: Failed to get app version for
libraryName: firebase-iid
01-23 22:09:44.507 2894 2894 W ActivityThread: handleWindowVisibility: no
activity for token android.os.BinderProxy@4e77a49
01-23 22:09:45.167 2894 3010 W RenderInspector: DequeueBuffer time out on
com.mbwhatsapp/com.mbwhatsapp.HomeActivity, count=1, avg=20 ms, max=20 ms.
01-23 22:09:48.624 2894 2894 W ActivityThread: handleWindowVisibility: no
activity for token android.os.BinderProxy@1cdd4f8
01-23 22:09:48.941 2894 2894 W com.mbwhatsapp: Verification of void
X.5pH.A1Z(android.os.Bundle) took 130.987ms
01-23 22:09:49.621 2894 2894 W Activity: Slow Operation: Activity
com.mbwhatsapp/.Conversation onCreate took 971ms
01-23 22:09:49.660 2894 2894 E ArmVmp : Match on catch block at 0x0a in for 0xb9
01-23 22:09:49.668 2894 2894 E ArmVmp : Match on catch block at 0x0a in for 0xb9
01-23 22:09:49.733 2894 2894 W Looper : Slow Looper main: Long Msg: seq=679
plan=22:09:48.603 late=22ms wall=1108ms running=783ms runnable=4ms io=210ms
reclaim=2ms h=android.app.ActivityThread$H w=159
01-23 22:09:49.733 2894 2894 W Looper : Slow Looper main: Activity
com.mbwhatsapp/.Conversation is 1130ms late (wall=0ms running=0ms
ClientTransaction{ callbacks=[android.app.servertransaction.TopResumedActivityChang
eItem] }) because of 5 msg, msg 5 took 1108ms (seq=679 running=783ms runnable=4ms
io=210ms reclaim=2ms late=22ms h=android.app.ActivityThread$H w=159)
01-23 22:09:50.387 2894 2894 E ArmVmp : Match on catch block at 0xc3 in for 0xa1
01-23 22:09:50.397 2894 2894 E ArmVmp : Match on catch block at 0xc3 in for 0xa9
01-23 22:09:50.401 2894 2894 E ArmVmp : Match on catch block at 0xc3 in for 0xa9
01-23 22:09:50.492 2894 2894 W Looper : Slow Looper main: doFrame is 1117ms late
because of 6 msg, msg 4 took 1108ms (seq=679 running=783ms runnable=4ms io=210ms
reclaim=2ms late=22ms h=android.app.ActivityThread$H w=159)
01-23 22:09:50.522 2894 2894 E ArmVmp : Match on catch block at 0xc3 in for 0x99
01-23 22:09:50.528 2894 2894 E ArmVmp : Match on catch block at 0xc3 in for 0x95
01-23 22:09:50.531 2894 2894 E ArmVmp : Match on catch block at 0xc3 in for 0x95
01-23 22:09:50.618 2894 2894 W Looper : Slow Looper main: doFrame is 746ms late
because of 49 msg, msg 1 took 755ms (seq=682 running=608ms runnable=1ms io=13ms
late=1117ms h=android.view.Choreographer$FrameHandler
c=android.view.Choreographer$FrameDisplayEventReceiver)
01-23 22:09:50.707 2894 2894 E ArmVmp : Match on catch block at 0xc3 in for 0x99
01-23 22:09:50.713 2894 2894 E ArmVmp : Match on catch block at 0xc3 in for 0x91
01-23 22:09:50.716 2894 2894 E ArmVmp : Match on catch block at 0xc3 in for 0x91
01-23 22:09:50.853 2894 2894 E ArmVmp : Match on catch block at 0xc3 in for 0x95
01-23 22:09:50.859 2894 2894 E ArmVmp : Match on catch block at 0xc3 in for 0x99
01-23 22:09:50.862 2894 2894 E ArmVmp : Match on catch block at 0xc3 in for 0x99
01-23 22:09:50.927 2894 2894 E ArmVmp : Match on catch block at 0xc3 in for 0x91
01-23 22:09:50.933 2894 2894 E ArmVmp : Match on catch block at 0xc3 in for 0x95
01-23 22:09:50.937 2894 2894 E ArmVmp : Match on catch block at 0xc3 in for 0x95
01-23 22:09:51.011 2894 2894 E ArmVmp : Match on catch block at 0xc3 in for 0x91
01-23 22:09:51.020 2894 2894 E ArmVmp : Match on catch block at 0xc3 in for 0x95
01-23 22:09:51.024 2894 2894 E ArmVmp : Match on catch block at 0xc3 in for 0x95
01-23 22:09:51.080 2894 2894 E ArmVmp : Match on catch block at 0xc3 in for 0x95
01-23 22:09:51.087 2894 2894 E ArmVmp : Match on catch block at 0xc3 in for 0x99
01-23 22:09:51.091 2894 2894 E ArmVmp : Match on catch block at 0xc3 in for 0x99
01-23 22:09:51.104 2894 3010 W RenderInspector: QueueBuffer time out on
com.mbwhatsapp/com.mbwhatsapp.Conversation, count=1, avg=30 ms, max=30 ms.
01-23 22:09:51.127 2894 2894 E ArmVmp : Match on catch block at 0xc3 in for 0x99
01-23 22:09:51.134 2894 2894 E ArmVmp : Match on catch block at 0xc3 in for 0x91
01-23 22:09:51.164 2894 2894 E ArmVmp : Match on catch block at 0xc3 in for 0x91
01-23 22:09:51.171 2894 2894 E ArmVmp : Match on catch block at 0xc3 in for 0x95
01-23 22:09:51.175 2894 2894 E ArmVmp : Match on catch block at 0xc3 in for 0x95
01-23 22:09:51.202 2894 2894 E ArmVmp : Match on catch block at 0xc3 in for 0x95
01-23 22:09:51.208 2894 2894 E ArmVmp : Match on catch block at 0xc3 in for 0x99
01-23 22:09:51.213 2894 2894 E ArmVmp : Match on catch block at 0xc3 in for 0x99
01-23 22:09:51.704 2894 2894 E ArmVmp : Match on catch block at 0xc3 in for 0x91
01-23 22:09:51.711 2894 2894 E ArmVmp : Match on catch block at 0xc3 in for 0x95
01-23 22:09:51.716 2894 2894 E ArmVmp : Match on catch block at 0xc3 in for 0x95
01-23 22:09:52.214 2894 2894 E ArmVmp : Match on catch block at 0xc3 in for 0x99
01-23 22:09:52.221 2894 2894 E ArmVmp : Match on catch block at 0xc3 in for 0x91
01-23 22:09:52.225 2894 2894 E ArmVmp : Match on catch block at 0xc3 in for 0x91
01-23 22:09:52.529 2894 2894 E ArmVmp : Match on catch block at 0xc3 in for 0x95
01-23 22:09:52.536 2894 2894 E ArmVmp : Match on catch block at 0xc3 in for 0x99
01-23 22:09:52.540 2894 2894 E ArmVmp : Match on catch block at 0xc3 in for 0x99
01-23 22:09:52.543 2894 2894 W Choreographer: OPTS_INPUT: First frame was drawed
before optimized, so skip!
01-23 22:09:52.549 2894 2894 E ArmVmp : Match on catch block at 0xc3 in for 0x91
01-23 22:09:52.556 2894 2894 E ArmVmp : Match on catch block at 0xc3 in for 0x95
01-23 22:09:52.559 2894 2894 E ArmVmp : Match on catch block at 0xc3 in for 0x95
01-23 22:09:52.568 2894 2894 E ArmVmp : Match on catch block at 0xc3 in for 0x99
01-23 22:09:52.575 2894 2894 E ArmVmp : Match on catch block at 0xc3 in for 0x91
01-23 22:09:52.579 2894 2894 E ArmVmp : Match on catch block at 0xc3 in for 0x91
01-23 22:09:52.588 2894 2894 E ArmVmp : Match on catch block at 0xc3 in for 0x95
01-23 22:09:52.593 2894 2894 E ArmVmp : Match on catch block at 0xc3 in for 0x99
01-23 22:09:52.599 2894 2894 E ArmVmp : Match on catch block at 0xc3 in for 0x99
01-23 22:09:52.608 2894 2894 E ArmVmp : Match on catch block at 0xc3 in for 0x91
01-23 22:09:52.615 2894 2894 E ArmVmp : Match on catch block at 0xc3 in for 0x95
01-23 22:09:52.618 2894 2894 E ArmVmp : Match on catch block at 0xc3 in for 0x95
01-23 22:09:52.641 2894 2894 E ArmVmp : Match on catch block at 0xc3 in for 0x99
01-23 22:09:52.648 2894 2894 E ArmVmp : Match on catch block at 0xc3 in for 0x91
01-23 22:09:52.652 2894 2894 E ArmVmp : Match on catch block at 0xc3 in for 0x91
01-23 22:09:52.771 2894 2894 E ArmVmp : Match on catch block at 0xc3 in for 0x99
01-23 22:09:52.776 2894 2894 E ArmVmp : Match on catch block at 0xc3 in for 0x91
01-23 22:09:52.850 2894 2894 E ArmVmp : Match on catch block at 0xc3 in for 0x95
01-23 22:09:52.855 2894 2894 E ArmVmp : Match on catch block at 0xc3 in for 0x99
01-23 22:09:52.870 2894 2894 E ArmVmp : Match on catch block at 0xc3 in for 0x95
01-23 22:09:52.876 2894 2894 E ArmVmp : Match on catch block at 0xc3 in for 0x99
01-23 22:09:52.881 2894 2894 E ArmVmp : Match on catch block at 0xc3 in for 0x99
01-23 22:09:52.888 2894 2894 E ArmVmp : Match on catch block at 0xc3 in for 0x91
01-23 22:09:52.894 2894 2894 E ArmVmp : Match on catch block at 0xc3 in for 0x95
01-23 22:09:52.898 2894 2894 E ArmVmp : Match on catch block at 0xc3 in for 0x95
01-23 22:09:52.904 2894 2894 E ArmVmp : Match on catch block at 0xc3 in for 0x99
01-23 22:09:52.910 2894 2894 E ArmVmp : Match on catch block at 0xc3 in for 0x91
01-23 22:09:52.913 2894 2894 E ArmVmp : Match on catch block at 0xc3 in for 0x91
01-23 22:09:52.962 2894 2894 E ArmVmp : Match on catch block at 0xc3 in for 0x95
01-23 22:09:52.969 2894 2894 E ArmVmp : Match on catch block at 0xc3 in for 0x99
01-23 22:09:52.973 2894 2894 E ArmVmp : Match on catch block at 0xc3 in for 0x99
01-23 22:09:52.985 2894 2894 E ArmVmp : Match on catch block at 0xc3 in for 0x91
01-23 22:09:52.993 2894 2894 E ArmVmp : Match on catch block at 0xc3 in for 0x95
01-23 22:09:52.998 2894 2894 E ArmVmp : Match on catch block at 0xc3 in for 0x95
01-23 22:09:53.006 2894 2894 E ArmVmp : Match on catch block at 0xc3 in for 0x99
01-23 22:09:53.014 2894 2894 E ArmVmp : Match on catch block at 0xc3 in for 0x91
01-23 22:09:53.018 2894 2894 E ArmVmp : Match on catch block at 0xc3 in for 0x91
01-23 22:09:53.025 2894 2894 E ArmVmp : Match on catch block at 0xc3 in for 0x95
01-23 22:09:53.032 2894 2894 E ArmVmp : Match on catch block at 0xc3 in for 0x99
01-23 22:09:53.036 2894 2894 E ArmVmp : Match on catch block at 0xc3 in for 0x99
01-23 22:09:53.199 2894 2894 E ArmVmp : Match on catch block at 0xc3 in for 0x95
01-23 22:09:53.206 2894 2894 E ArmVmp : Match on catch block at 0xc3 in for 0x99
01-23 22:09:53.210 2894 2894 E ArmVmp : Match on catch block at 0xc3 in for 0x99
01-23 22:09:53.220 2894 2894 E ArmVmp : Match on catch block at 0xc3 in for 0x91
01-23 22:09:53.228 2894 2894 E ArmVmp : Match on catch block at 0xc3 in for 0x95
01-23 22:09:53.234 2894 2894 E ArmVmp : Match on catch block at 0xc3 in for 0x95
01-23 22:09:53.317 2894 2894 E ArmVmp : Match on catch block at 0xc3 in for 0x99
01-23 22:09:53.324 2894 2894 E ArmVmp : Match on catch block at 0xc3 in for 0x91
01-23 22:09:53.328 2894 2894 E ArmVmp : Match on catch block at 0xc3 in for 0x91
01-23 22:09:53.662 2894 2894 E ArmVmp : Match on catch block at 0xc3 in for 0x99
01-23 22:09:53.670 2894 2894 E ArmVmp : Match on catch block at 0xc3 in for 0x91
01-23 22:09:53.694 2894 2894 E ArmVmp : Match on catch block at 0xc3 in for 0x95
01-23 22:09:53.704 2894 2894 E ArmVmp : Match on catch block at 0xc3 in for 0x99
01-23 22:09:53.712 2894 2894 E ArmVmp : Match on catch block at 0xc3 in for 0x95
01-23 22:09:53.719 2894 2894 E ArmVmp : Match on catch block at 0xc3 in for 0x99
01-23 22:09:53.729 2894 2894 E ArmVmp : Match on catch block at 0xc3 in for 0x95
01-23 22:09:53.734 2894 2894 E ArmVmp : Match on catch block at 0xc3 in for 0x99
01-23 22:09:53.811 2894 2894 E ArmVmp : Match on catch block at 0xc3 in for 0x95
01-23 22:09:53.817 2894 2894 E ArmVmp : Match on catch block at 0xc3 in for 0x99
01-23 22:09:54.346 2894 2894 E ArmVmp : Match on catch block at 0xc3 in for 0x91
01-23 22:09:54.352 2894 2894 E ArmVmp : Match on catch block at 0xc3 in for 0x95
01-23 22:09:54.381 2894 2894 E ArmVmp : Match on catch block at 0xc3 in for 0x99
01-23 22:09:54.386 2894 2894 E ArmVmp : Match on catch block at 0xc3 in for 0x91
01-23 22:09:54.404 2894 2894 E ArmVmp : Match on catch block at 0xc3 in for 0x99
01-23 22:09:54.410 2894 2894 E ArmVmp : Match on catch block at 0xc3 in for 0x91
01-23 22:09:54.421 2894 2894 E ArmVmp : Match on catch block at 0xc3 in for 0x99
01-23 22:09:54.429 2894 2894 E ArmVmp : Match on catch block at 0xc3 in for 0x91
01-23 22:09:54.438 2894 2894 E ArmVmp : Match on catch block at 0xc3 in for 0x99
01-23 22:09:54.444 2894 2894 E ArmVmp : Match on catch block at 0xc3 in for 0x91
01-23 22:09:54.463 2894 2894 E ArmVmp : Match on catch block at 0xc3 in for 0x99
01-23 22:09:54.469 2894 2894 E ArmVmp : Match on catch block at 0xc3 in for 0x91
01-23 22:09:54.487 2894 2894 E ArmVmp : Match on catch block at 0xc3 in for 0x99
01-23 22:09:54.494 2894 2894 E ArmVmp : Match on catch block at 0xc3 in for 0x91
01-23 22:09:54.503 2894 2894 E ArmVmp : Match on catch block at 0xc3 in for 0x99
01-23 22:09:54.511 2894 2894 E ArmVmp : Match on catch block at 0xc3 in for 0x91
01-23 22:09:54.519 2894 2894 E ArmVmp : Match on catch block at 0xc3 in for 0x99
01-23 22:09:54.525 2894 2894 E ArmVmp : Match on catch block at 0xc3 in for 0x91
01-23 22:09:54.651 2894 2894 E ArmVmp : Match on catch block at 0xc3 in for 0x99
01-23 22:09:54.657 2894 2894 E ArmVmp : Match on catch block at 0xc3 in for 0x91
01-23 22:09:55.145 2894 2894 E ArmVmp : Match on catch block at 0xc3 in for 0x99
01-23 22:09:55.152 2894 2894 E ArmVmp : Match on catch block at 0xc3 in for 0x91
01-23 22:09:55.162 2894 2894 E ArmVmp : Match on catch block at 0xc3 in for 0x99
01-23 22:09:55.169 2894 2894 E ArmVmp : Match on catch block at 0xc3 in for 0x91
01-23 22:09:55.178 2894 2894 E ArmVmp : Match on catch block at 0xc3 in for 0x99
01-23 22:09:55.185 2894 2894 E ArmVmp : Match on catch block at 0xc3 in for 0x91
01-23 22:09:55.195 2894 2894 E ArmVmp : Match on catch block at 0xc3 in for 0x99
01-23 22:09:55.201 2894 2894 E ArmVmp : Match on catch block at 0xc3 in for 0x91
01-23 22:09:55.211 2894 2894 E ArmVmp : Match on catch block at 0xc3 in for 0x99
01-23 22:09:55.217 2894 2894 E ArmVmp : Match on catch block at 0xc3 in for 0x91
01-23 22:09:55.228 2894 2894 E ArmVmp : Match on catch block at 0xc3 in for 0x99
01-23 22:09:55.234 2894 2894 E ArmVmp : Match on catch block at 0xc3 in for 0x91
01-23 22:09:55.244 2894 2894 E ArmVmp : Match on catch block at 0xc3 in for 0x99
01-23 22:09:55.251 2894 2894 E ArmVmp : Match on catch block at 0xc3 in for 0x91
01-23 22:09:55.261 2894 2894 E ArmVmp : Match on catch block at 0xc3 in for 0x99
01-23 22:09:55.266 2894 2894 E ArmVmp : Match on catch block at 0xc3 in for 0x91
01-23 22:09:55.277 2894 2894 E ArmVmp : Match on catch block at 0xc3 in for 0x99
01-23 22:09:55.283 2894 2894 E ArmVmp : Match on catch block at 0xc3 in for 0x91
01-23 22:09:55.294 2894 2894 E ArmVmp : Match on catch block at 0xc3 in for 0x99
01-23 22:09:55.300 2894 2894 E ArmVmp : Match on catch block at 0xc3 in for 0x91
01-23 22:09:55.310 2894 2894 E ArmVmp : Match on catch block at 0xc3 in for 0x99
01-23 22:09:55.316 2894 2894 E ArmVmp : Match on catch block at 0xc3 in for 0x91
01-23 22:09:55.326 2894 2894 E ArmVmp : Match on catch block at 0xc3 in for 0x99
01-23 22:09:55.332 2894 2894 E ArmVmp : Match on catch block at 0xc3 in for 0x91
01-23 22:09:55.343 2894 2894 E ArmVmp : Match on catch block at 0xc3 in for 0x99
01-23 22:09:55.349 2894 2894 E ArmVmp : Match on catch block at 0xc3 in for 0x91
01-23 22:09:55.360 2894 2894 E ArmVmp : Match on catch block at 0xc3 in for 0x99
01-23 22:09:55.368 2894 2894 E ArmVmp : Match on catch block at 0xc3 in for 0x91
01-23 22:09:55.376 2894 2894 E ArmVmp : Match on catch block at 0xc3 in for 0x99
01-23 22:09:55.383 2894 2894 E ArmVmp : Match on catch block at 0xc3 in for 0x91
01-23 22:09:55.393 2894 2894 E ArmVmp : Match on catch block at 0xc3 in for 0x99
01-23 22:09:55.399 2894 2894 E ArmVmp : Match on catch block at 0xc3 in for 0x91
01-23 22:09:55.491 2894 2894 E ArmVmp : Match on catch block at 0xc3 in for 0x99
01-23 22:09:55.499 2894 2894 E ArmVmp : Match on catch block at 0xc3 in for 0x91
01-23 22:09:55.771 2894 2894 E ArmVmp : Match on catch block at 0xc3 in for 0x99
01-23 22:09:55.778 2894 2894 E ArmVmp : Match on catch block at 0xc3 in for 0x91
01-23 22:09:56.281 2894 2894 E ArmVmp : Match on catch block at 0xc3 in for 0x99
01-23 22:09:56.287 2894 2894 E ArmVmp : Match on catch block at 0xc3 in for 0x91
01-23 22:09:56.545 2894 2894 E ArmVmp : Match on catch block at 0xc3 in for 0x99
01-23 22:09:56.555 2894 2894 E ArmVmp : Match on catch block at 0xc3 in for 0x91
01-23 22:09:56.809 2894 2894 E ArmVmp : Match on catch block at 0xc3 in for 0x99
01-23 22:09:56.816 2894 2894 E ArmVmp : Match on catch block at 0xc3 in for 0x91
01-23 22:09:56.936 2894 2894 E ArmVmp : Match on catch block at 0xc3 in for 0x95
01-23 22:09:56.944 2894 2894 E ArmVmp : Match on catch block at 0xc3 in for 0x99
01-23 22:09:57.008 2894 2894 E ArmVmp : Match on catch block at 0xc3 in for 0x95
01-23 22:09:57.013 2894 2894 E ArmVmp : Match on catch block at 0xc3 in for 0x99
01-23 22:09:57.024 2894 2894 E ArmVmp : Match on catch block at 0xc3 in for 0x95
01-23 22:09:57.030 2894 2894 E ArmVmp : Match on catch block at 0xc3 in for 0x99
01-23 22:09:57.039 2894 2894 E ArmVmp : Match on catch block at 0xc3 in for 0x95
01-23 22:09:57.073 2894 2894 E ArmVmp : Match on catch block at 0xc3 in for 0x99
01-23 22:09:57.089 2894 2894 E ArmVmp : Match on catch block at 0xc3 in for 0x95
01-23 22:09:57.097 2894 2894 E ArmVmp : Match on catch block at 0xc3 in for 0x99
01-23 22:09:57.105 2894 2894 E ArmVmp : Match on catch block at 0xc3 in for 0x95
01-23 22:09:57.113 2894 2894 E ArmVmp : Match on catch block at 0xc3 in for 0x99
01-23 22:09:57.121 2894 2894 E ArmVmp : Match on catch block at 0xc3 in for 0x95
01-23 22:09:57.127 2894 2894 E ArmVmp : Match on catch block at 0xc3 in for 0x99
01-23 22:09:57.268 2894 2894 E ArmVmp : Match on catch block at 0xc3 in for 0x91
01-23 22:09:57.274 2894 2894 E ArmVmp : Match on catch block at 0xc3 in for 0x95
01-23 22:09:57.290 2894 2894 E ArmVmp : Match on catch block at 0xc3 in for 0x91
01-23 22:09:57.296 2894 2894 E ArmVmp : Match on catch block at 0xc3 in for 0x95
01-23 22:09:57.319 2894 2894 E ArmVmp : Match on catch block at 0xc3 in for 0x99
01-23 22:09:57.324 2894 2894 E ArmVmp : Match on catch block at 0xc3 in for 0x91
01-23 22:09:57.331 2894 2894 E ArmVmp : Match on catch block at 0xc3 in for 0x99
01-23 22:09:57.337 2894 2894 E ArmVmp : Match on catch block at 0xc3 in for 0x91
01-23 22:09:57.384 2894 2894 E ArmVmp : Match on catch block at 0xc3 in for 0x99
01-23 22:09:57.390 2894 2894 E ArmVmp : Match on catch block at 0xc3 in for 0x91
01-23 22:09:57.688 2894 2894 E ArmVmp : Match on catch block at 0xc3 in for 0x95
01-23 22:09:57.693 2894 2894 E ArmVmp : Match on catch block at 0xc3 in for 0x99
01-23 22:09:57.704 2894 2894 E ArmVmp : Match on catch block at 0xc3 in for 0x95
01-23 22:09:57.710 2894 2894 E ArmVmp : Match on catch block at 0xc3 in for 0x99
01-23 22:09:57.764 2894 3325 W MediaPlayer: Use of stream types is deprecated for
operations other than volume control
01-23 22:09:57.764 2894 3325 W MediaPlayer: See the documentation of
setAudioStreamType() for what to use instead with android.media.AudioAttributes to
qualify your playback use case
01-23 22:09:57.840 2894 2894 E ArmVmp : Match on catch block at 0xc3 in for 0x95
01-23 22:09:57.852 2894 2894 E ArmVmp : Match on catch block at 0xc3 in for 0x99
01-23 22:09:57.885 2894 2894 E ArmVmp : Match on catch block at 0xc3 in for 0x91
01-23 22:09:57.891 2894 2894 E ArmVmp : Match on catch block at 0xc3 in for 0x95
01-23 22:09:57.912 2894 2894 E ArmVmp : Match on catch block at 0xc3 in for 0x91
01-23 22:09:57.919 2894 2894 E ArmVmp : Match on catch block at 0xc3 in for 0x95
01-23 22:09:57.928 2894 2894 E ArmVmp : Match on catch block at 0xc3 in for 0x91
01-23 22:09:57.936 2894 2894 E ArmVmp : Match on catch block at 0xc3 in for 0x95
01-23 22:09:57.945 2894 2894 E ArmVmp : Match on catch block at 0xc3 in for 0x91
01-23 22:09:57.952 2894 2894 E ArmVmp : Match on catch block at 0xc3 in for 0x95
01-23 22:09:57.972 2894 2894 E ArmVmp : Match on catch block at 0xc3 in for 0x91
01-23 22:09:57.980 2894 2894 E ArmVmp : Match on catch block at 0xc3 in for 0x95
01-23 22:09:57.994 2894 2894 E ArmVmp : Match on catch block at 0xc3 in for 0x99
01-23 22:09:58.001 2894 2894 E ArmVmp : Match on catch block at 0xc3 in for 0x91
01-23 22:09:58.010 2894 2894 E ArmVmp : Match on catch block at 0xc3 in for 0x99
01-23 22:09:58.018 2894 2894 E ArmVmp : Match on catch block at 0xc3 in for 0x91
01-23 22:09:58.027 2894 2894 E ArmVmp : Match on catch block at 0xc3 in for 0x99
01-23 22:09:58.034 2894 2894 E ArmVmp : Match on catch block at 0xc3 in for 0x91
01-23 22:09:58.340 2894 2894 E ArmVmp : Match on catch block at 0xc3 in for 0x99
01-23 22:09:58.346 2894 2894 E ArmVmp : Match on catch block at 0xc3 in for 0x91
01-23 22:09:58.538 2894 2894 E MediaPlayerNative: internal/external state
mismatch corrected
01-23 22:09:58.637 2894 2894 E ArmVmp : Match on catch block at 0xc3 in for 0x99
01-23 22:09:58.643 2894 2894 E ArmVmp : Match on catch block at 0xc3 in for 0x91
01-23 22:09:58.867 2894 2894 E ArmVmp : Match on catch block at 0xc3 in for 0x99
01-23 22:09:58.873 2894 2894 E ArmVmp : Match on catch block at 0xc3 in for 0x91
01-23 22:09:59.295 2894 2894 E ArmVmp : Match on catch block at 0xc3 in for 0x99
01-23 22:09:59.301 2894 2894 E ArmVmp : Match on catch block at 0xc3 in for 0x91
01-23 22:09:59.311 2894 2894 E ArmVmp : Match on catch block at 0xc3 in for 0x99
01-23 22:09:59.317 2894 2894 E ArmVmp : Match on catch block at 0xc3 in for 0x91
01-23 22:09:59.328 2894 2894 E ArmVmp : Match on catch block at 0xc3 in for 0x99
01-23 22:09:59.334 2894 2894 E ArmVmp : Match on catch block at 0xc3 in for 0x91
01-23 22:09:59.345 2894 2894 E ArmVmp : Match on catch block at 0xc3 in for 0x99
01-23 22:09:59.350 2894 2894 E ArmVmp : Match on catch block at 0xc3 in for 0x91
01-23 22:09:59.361 2894 2894 E ArmVmp : Match on catch block at 0xc3 in for 0x99
01-23 22:09:59.367 2894 2894 E ArmVmp : Match on catch block at 0xc3 in for 0x91
01-23 22:09:59.378 2894 2894 E ArmVmp : Match on catch block at 0xc3 in for 0x99
01-23 22:09:59.384 2894 2894 E ArmVmp : Match on catch block at 0xc3 in for 0x91
01-23 22:09:59.395 2894 2894 E ArmVmp : Match on catch block at 0xc3 in for 0x99
01-23 22:09:59.401 2894 2894 E ArmVmp : Match on catch block at 0xc3 in for 0x91
01-23 22:09:59.410 2894 2894 E ArmVmp : Match on catch block at 0xc3 in for 0x99
01-23 22:09:59.415 2894 2894 E ArmVmp : Match on catch block at 0xc3 in for 0x91
01-23 22:09:59.426 2894 2894 E ArmVmp : Match on catch block at 0xc3 in for 0x99
01-23 22:09:59.432 2894 2894 E ArmVmp : Match on catch block at 0xc3 in for 0x91
01-23 22:09:59.444 2894 2894 E ArmVmp : Match on catch block at 0xc3 in for 0x99
01-23 22:09:59.449 2894 2894 E ArmVmp : Match on catch block at 0xc3 in for 0x91
01-23 22:09:59.460 2894 2894 E ArmVmp : Match on catch block at 0xc3 in for 0x99
01-23 22:09:59.466 2894 2894 E ArmVmp : Match on catch block at 0xc3 in for 0x91
01-23 22:09:59.477 2894 2894 E ArmVmp : Match on catch block at 0xc3 in for 0x99
01-23 22:09:59.482 2894 2894 E ArmVmp : Match on catch block at 0xc3 in for 0x91
01-23 22:09:59.492 2894 2894 E ArmVmp : Match on catch block at 0xc3 in for 0x99
01-23 22:09:59.498 2894 2894 E ArmVmp : Match on catch block at 0xc3 in for 0x91
01-23 22:09:59.509 2894 2894 E ArmVmp : Match on catch block at 0xc3 in for 0x99
01-23 22:09:59.514 2894 2894 E ArmVmp : Match on catch block at 0xc3 in for 0x91
01-23 22:09:59.526 2894 2894 E ArmVmp : Match on catch block at 0xc3 in for 0x99
01-23 22:09:59.531 2894 2894 E ArmVmp : Match on catch block at 0xc3 in for 0x91
01-23 22:09:59.542 2894 2894 E ArmVmp : Match on catch block at 0xc3 in for 0x99
01-23 22:09:59.547 2894 2894 E ArmVmp : Match on catch block at 0xc3 in for 0x91
01-23 22:09:59.889 2894 2894 E ArmVmp : Match on catch block at 0xc3 in for 0x99
01-23 22:09:59.895 2894 2894 E ArmVmp : Match on catch block at 0xc3 in for 0x91
01-23 22:10:00.382 2894 2894 E ArmVmp : Match on catch block at 0xc3 in for 0x99
01-23 22:10:00.389 2894 2894 E ArmVmp : Match on catch block at 0xc3 in for 0x91
01-23 22:10:00.594 2894 2894 E ArmVmp : Match on catch block at 0xc3 in for 0x95
01-23 22:10:00.599 2894 2894 E ArmVmp : Match on catch block at 0xc3 in for 0x99
01-23 22:10:00.613 2894 2894 E ArmVmp : Match on catch block at 0xc3 in for 0x95
01-23 22:10:00.619 2894 2894 E ArmVmp : Match on catch block at 0xc3 in for 0x99
01-23 22:10:00.629 2894 2894 E ArmVmp : Match on catch block at 0xc3 in for 0x95
01-23 22:10:00.636 2894 2894 E ArmVmp : Match on catch block at 0xc3 in for 0x99
01-23 22:10:00.645 2894 2894 E ArmVmp : Match on catch block at 0xc3 in for 0x95
01-23 22:10:00.651 2894 2894 E ArmVmp : Match on catch block at 0xc3 in for 0x99
01-23 22:10:00.662 2894 2894 E ArmVmp : Match on catch block at 0xc3 in for 0x95
01-23 22:10:00.668 2894 2894 E ArmVmp : Match on catch block at 0xc3 in for 0x99
01-23 22:10:00.678 2894 2894 E ArmVmp : Match on catch block at 0xc3 in for 0x95
01-23 22:10:00.684 2894 2894 E ArmVmp : Match on catch block at 0xc3 in for 0x99
01-23 22:10:00.695 2894 2894 E ArmVmp : Match on catch block at 0xc3 in for 0x95
01-23 22:10:00.701 2894 2894 E ArmVmp : Match on catch block at 0xc3 in for 0x99
01-23 22:10:00.727 2894 2894 E ArmVmp : Match on catch block at 0xc3 in for 0x91
01-23 22:10:00.733 2894 2894 E ArmVmp : Match on catch block at 0xc3 in for 0x95
01-23 22:10:00.747 2894 2894 E ArmVmp : Match on catch block at 0xc3 in for 0x91
01-23 22:10:00.754 2894 2894 E ArmVmp : Match on catch block at 0xc3 in for 0x95
01-23 22:10:00.783 2894 2894 E ArmVmp : Match on catch block at 0xc3 in for 0x95
01-23 22:10:00.788 2894 2894 E ArmVmp : Match on catch block at 0xc3 in for 0x99
01-23 22:10:00.798 2894 2894 E ArmVmp : Match on catch block at 0xc3 in for 0x95
01-23 22:10:00.805 2894 2894 E ArmVmp : Match on catch block at 0xc3 in for 0x99
01-23 22:10:01.090 2894 2894 E ArmVmp : Match on catch block at 0xc3 in for 0x99
01-23 22:10:01.096 2894 2894 E ArmVmp : Match on catch block at 0xc3 in for 0x91
01-23 22:10:01.601 2894 2894 E ArmVmp : Match on catch block at 0xc3 in for 0x99
01-23 22:10:01.608 2894 2894 E ArmVmp : Match on catch block at 0xc3 in for 0x91
01-23 22:10:02.095 2894 2894 E ArmVmp : Match on catch block at 0xc3 in for 0x99
01-23 22:10:02.100 2894 2894 E ArmVmp : Match on catch block at 0xc3 in for 0x91
01-23 22:10:02.209 2894 2894 E ArmVmp : Match on catch block at 0xc3 in for 0x99
01-23 22:10:02.215 2894 2894 E ArmVmp : Match on catch block at 0xc3 in for 0x91
01-23 22:10:02.374 2894 2894 E ArmVmp : Match on catch block at 0xc3 in for 0x99
01-23 22:10:02.380 2894 2894 E ArmVmp : Match on catch block at 0xc3 in for 0x91
01-23 22:10:02.391 2894 2894 E ArmVmp : Match on catch block at 0xc3 in for 0x99
01-23 22:10:02.396 2894 2894 E ArmVmp : Match on catch block at 0xc3 in for 0x91
01-23 22:10:02.408 2894 2894 E ArmVmp : Match on catch block at 0xc3 in for 0x99
01-23 22:10:02.415 2894 2894 E ArmVmp : Match on catch block at 0xc3 in for 0x91
01-23 22:10:02.428 2894 2894 E ArmVmp : Match on catch block at 0xc3 in for 0x99
01-23 22:10:02.434 2894 2894 E ArmVmp : Match on catch block at 0xc3 in for 0x91
01-23 22:10:02.442 2894 2894 E ArmVmp : Match on catch block at 0xc3 in for 0x99
01-23 22:10:02.449 2894 2894 E ArmVmp : Match on catch block at 0xc3 in for 0x91
01-23 22:10:02.456 2894 2894 E ArmVmp : Match on catch block at 0xc3 in for 0x99
01-23 22:10:02.463 2894 2894 E ArmVmp : Match on catch block at 0xc3 in for 0x91
01-23 22:10:02.473 2894 2894 E ArmVmp : Match on catch block at 0xc3 in for 0x99
01-23 22:10:02.479 2894 2894 E ArmVmp : Match on catch block at 0xc3 in for 0x91
01-23 22:10:02.490 2894 2894 E ArmVmp : Match on catch block at 0xc3 in for 0x99
01-23 22:10:02.497 2894 2894 E ArmVmp : Match on catch block at 0xc3 in for 0x91
01-23 22:10:02.507 2894 2894 E ArmVmp : Match on catch block at 0xc3 in for 0x99
01-23 22:10:02.513 2894 2894 E ArmVmp : Match on catch block at 0xc3 in for 0x91
01-23 22:10:02.523 2894 2894 E ArmVmp : Match on catch block at 0xc3 in for 0x99
01-23 22:10:02.529 2894 2894 E ArmVmp : Match on catch block at 0xc3 in for 0x91
01-23 22:10:02.540 2894 2894 E ArmVmp : Match on catch block at 0xc3 in for 0x99
01-23 22:10:02.546 2894 2894 E ArmVmp : Match on catch block at 0xc3 in for 0x91
01-23 22:10:02.557 2894 2894 E ArmVmp : Match on catch block at 0xc3 in for 0x99
01-23 22:10:02.563 2894 2894 E ArmVmp : Match on catch block at 0xc3 in for 0x91
01-23 22:10:02.572 2894 2894 E ArmVmp : Match on catch block at 0xc3 in for 0x99
01-23 22:10:02.579 2894 2894 E ArmVmp : Match on catch block at 0xc3 in for 0x91
01-23 22:10:02.589 2894 2894 E ArmVmp : Match on catch block at 0xc3 in for 0x99
01-23 22:10:02.595 2894 2894 E ArmVmp : Match on catch block at 0xc3 in for 0x91
01-23 22:10:02.605 2894 2894 E ArmVmp : Match on catch block at 0xc3 in for 0x99
01-23 22:10:02.612 2894 2894 E ArmVmp : Match on catch block at 0xc3 in for 0x91
01-23 22:10:02.622 2894 2894 E ArmVmp : Match on catch block at 0xc3 in for 0x99
01-23 22:10:02.628 2894 2894 E ArmVmp : Match on catch block at 0xc3 in for 0x91
01-23 22:10:02.720 2894 2894 E ArmVmp : Match on catch block at 0xc3 in for 0x99
01-23 22:10:02.727 2894 2894 E ArmVmp : Match on catch block at 0xc3 in for 0x91
01-23 22:10:03.116 2894 2894 E ArmVmp : Match on catch block at 0xc3 in for 0x99
01-23 22:10:03.124 2894 2894 E ArmVmp : Match on catch block at 0xc3 in for 0x91
01-23 22:10:03.362 2894 2894 E ArmVmp : Match on catch block at 0xc3 in for 0x99
01-23 22:10:03.367 2894 2894 E ArmVmp : Match on catch block at 0xc3 in for 0x91
01-23 22:10:03.872 2894 2894 E ArmVmp : Match on catch block at 0xc3 in for 0x99
01-23 22:10:03.877 2894 2894 E ArmVmp : Match on catch block at 0xc3 in for 0x91
01-23 22:10:04.152 2894 2894 E ArmVmp : Match on catch block at 0xc3 in for 0x99
01-23 22:10:04.159 2894 2894 E ArmVmp : Match on catch block at 0xc3 in for 0x91
01-23 22:10:04.664 2894 2894 E ArmVmp : Match on catch block at 0xc3 in for 0x99
01-23 22:10:04.669 2894 2894 E ArmVmp : Match on catch block at 0xc3 in for 0x91
01-23 22:10:04.844 2894 2894 E ArmVmp : Match on catch block at 0xc3 in for 0x99
01-23 22:10:04.850 2894 2894 E ArmVmp : Match on catch block at 0xc3 in for 0x91
01-23 22:10:05.174 2894 2894 E ArmVmp : Match on catch block at 0xc3 in for 0x99
01-23 22:10:05.180 2894 2894 E ArmVmp : Match on catch block at 0xc3 in for 0x91
01-23 22:10:05.685 2894 2894 E ArmVmp : Match on catch block at 0xc3 in for 0x99
01-23 22:10:05.690 2894 2894 E ArmVmp : Match on catch block at 0xc3 in for 0x91
01-23 22:10:06.178 2894 2894 E ArmVmp : Match on catch block at 0xc3 in for 0x99
01-23 22:10:06.184 2894 2894 E ArmVmp : Match on catch block at 0xc3 in for 0x91
01-23 22:10:06.688 2894 2894 E ArmVmp : Match on catch block at 0xc3 in for 0x99
01-23 22:10:06.694 2894 2894 E ArmVmp : Match on catch block at 0xc3 in for 0x91
01-23 22:10:06.754 2894 2894 E ArmVmp : Match on catch block at 0xc3 in for 0x99
01-23 22:10:06.761 2894 2894 E ArmVmp : Match on catch block at 0xc3 in for 0x91
01-23 22:10:07.266 2894 2894 E ArmVmp : Match on catch block at 0xc3 in for 0x99
01-23 22:10:07.271 2894 2894 E ArmVmp : Match on catch block at 0xc3 in for 0x91
01-23 22:10:07.760 2894 2894 E ArmVmp : Match on catch block at 0xc3 in for 0x99
01-23 22:10:07.765 2894 2894 E ArmVmp : Match on catch block at 0xc3 in for 0x91
01-23 22:10:08.270 2894 2894 E ArmVmp : Match on catch block at 0xc3 in for 0x99
01-23 22:10:08.274 2894 2894 E ArmVmp : Match on catch block at 0xc3 in for 0x91
01-23 22:10:08.316 2894 2894 E ArmVmp : Match on catch block at 0xc3 in for 0x95
01-23 22:10:08.322 2894 2894 E ArmVmp : Match on catch block at 0xc3 in for 0x99
01-23 22:10:08.814 2894 2894 E ArmVmp : Match on catch block at 0xc3 in for 0x95
01-23 22:10:08.820 2894 2894 E ArmVmp : Match on catch block at 0xc3 in for 0x99
01-23 22:10:09.308 2894 2894 E ArmVmp : Match on catch block at 0xc3 in for 0x95
01-23 22:10:09.314 2894 2894 E ArmVmp : Match on catch block at 0xc3 in for 0x99
01-23 22:10:09.821 2894 2894 E ArmVmp : Match on catch block at 0xc3 in for 0x95
01-23 22:10:09.829 2894 2894 E ArmVmp : Match on catch block at 0xc3 in for 0x99
01-23 22:10:09.918 2894 2894 E ArmVmp : Match on catch block at 0xc3 in for 0x95
01-23 22:10:09.925 2894 2894 E ArmVmp : Match on catch block at 0xc3 in for 0x99
01-23 22:10:10.428 2894 2894 E ArmVmp : Match on catch block at 0xc3 in for 0x95
01-23 22:10:10.434 2894 2894 E ArmVmp : Match on catch block at 0xc3 in for 0x99
01-23 22:10:10.922 2894 2894 E ArmVmp : Match on catch block at 0xc3 in for 0x95
01-23 22:10:10.927 2894 2894 E ArmVmp : Match on catch block at 0xc3 in for 0x99
01-23 22:10:11.071 2894 2894 E ArmVmp : Match on catch block at 0xc3 in for 0x91
01-23 22:10:11.078 2894 2894 E ArmVmp : Match on catch block at 0xc3 in for 0x95
01-23 22:10:11.274 2894 2894 E ArmVmp : Match on catch block at 0xc3 in for 0x95
01-23 22:10:11.282 2894 2894 E ArmVmp : Match on catch block at 0xc3 in for 0x99
01-23 22:10:11.296 2894 2894 E ArmVmp : Match on catch block at 0xc3 in for 0x95
01-23 22:10:11.303 2894 2894 E ArmVmp : Match on catch block at 0xc3 in for 0x99
01-23 22:10:11.746 2894 2894 E ArmVmp : Match on catch block at 0xc3 in for 0x95
01-23 22:10:11.752 2894 2894 E ArmVmp : Match on catch block at 0xc3 in for 0x99
01-23 22:10:12.239 2894 2894 E ArmVmp : Match on catch block at 0xc3 in for 0x95
01-23 22:10:12.245 2894 2894 E ArmVmp : Match on catch block at 0xc3 in for 0x99
01-23 22:10:12.750 2894 2894 E ArmVmp : Match on catch block at 0xc3 in for 0x95
01-23 22:10:12.756 2894 2894 E ArmVmp : Match on catch block at 0xc3 in for 0x99
01-23 22:10:12.848 2894 2894 E ArmVmp : Match on catch block at 0xc3 in for 0x95
01-23 22:10:12.855 2894 2894 E ArmVmp : Match on catch block at 0xc3 in for 0x99
01-23 22:10:12.865 2894 2894 E ArmVmp : Match on catch block at 0xc3 in for 0x95
01-23 22:10:12.871 2894 2894 E ArmVmp : Match on catch block at 0xc3 in for 0x99
01-23 22:10:12.882 2894 2894 E ArmVmp : Match on catch block at 0xc3 in for 0x95
01-23 22:10:12.889 2894 2894 E ArmVmp : Match on catch block at 0xc3 in for 0x99
01-23 22:10:12.898 2894 2894 E ArmVmp : Match on catch block at 0xc3 in for 0x95
01-23 22:10:12.905 2894 2894 E ArmVmp : Match on catch block at 0xc3 in for 0x99
01-23 22:10:12.914 2894 2894 E ArmVmp : Match on catch block at 0xc3 in for 0x95
01-23 22:10:12.920 2894 2894 E ArmVmp : Match on catch block at 0xc3 in for 0x99
01-23 22:10:12.931 2894 2894 E ArmVmp : Match on catch block at 0xc3 in for 0x95
01-23 22:10:12.937 2894 2894 E ArmVmp : Match on catch block at 0xc3 in for 0x99
01-23 22:10:12.947 2894 2894 E ArmVmp : Match on catch block at 0xc3 in for 0x95
01-23 22:10:12.953 2894 2894 E ArmVmp : Match on catch block at 0xc3 in for 0x99
01-23 22:10:12.964 2894 2894 E ArmVmp : Match on catch block at 0xc3 in for 0x95
01-23 22:10:12.969 2894 2894 E ArmVmp : Match on catch block at 0xc3 in for 0x99
01-23 22:10:12.980 2894 2894 E ArmVmp : Match on catch block at 0xc3 in for 0x95
01-23 22:10:12.986 2894 2894 E ArmVmp : Match on catch block at 0xc3 in for 0x99
01-23 22:10:12.996 2894 2894 E ArmVmp : Match on catch block at 0xc3 in for 0x95
01-23 22:10:13.002 2894 2894 E ArmVmp : Match on catch block at 0xc3 in for 0x99
01-23 22:10:13.013 2894 2894 E ArmVmp : Match on catch block at 0xc3 in for 0x95
01-23 22:10:13.018 2894 2894 E ArmVmp : Match on catch block at 0xc3 in for 0x99
01-23 22:10:13.029 2894 2894 E ArmVmp : Match on catch block at 0xc3 in for 0x95
01-23 22:10:13.035 2894 2894 E ArmVmp : Match on catch block at 0xc3 in for 0x99
01-23 22:10:13.046 2894 2894 E ArmVmp : Match on catch block at 0xc3 in for 0x95
01-23 22:10:13.051 2894 2894 E ArmVmp : Match on catch block at 0xc3 in for 0x99
01-23 22:10:13.062 2894 2894 E ArmVmp : Match on catch block at 0xc3 in for 0x95
01-23 22:10:13.067 2894 2894 E ArmVmp : Match on catch block at 0xc3 in for 0x99
01-23 22:10:13.079 2894 2894 E ArmVmp : Match on catch block at 0xc3 in for 0x95
01-23 22:10:13.084 2894 2894 E ArmVmp : Match on catch block at 0xc3 in for 0x99
01-23 22:10:13.095 2894 2894 E ArmVmp : Match on catch block at 0xc3 in for 0x95
01-23 22:10:13.101 2894 2894 E ArmVmp : Match on catch block at 0xc3 in for 0x99
01-23 22:10:13.244 2894 2894 E ArmVmp : Match on catch block at 0xc3 in for 0x95
01-23 22:10:13.250 2894 2894 E ArmVmp : Match on catch block at 0xc3 in for 0x99
01-23 22:10:13.738 2894 2894 E ArmVmp : Match on catch block at 0xc3 in for 0x95
01-23 22:10:13.743 2894 2894 E ArmVmp : Match on catch block at 0xc3 in for 0x99
01-23 22:10:14.248 2894 2894 E ArmVmp : Match on catch block at 0xc3 in for 0x95
01-23 22:10:14.254 2894 2894 E ArmVmp : Match on catch block at 0xc3 in for 0x99
01-23 22:10:14.742 2894 2894 E ArmVmp : Match on catch block at 0xc3 in for 0x95
01-23 22:10:14.748 2894 2894 E ArmVmp : Match on catch block at 0xc3 in for 0x99
01-23 22:10:15.253 2894 2894 E ArmVmp : Match on catch block at 0xc3 in for 0x95
01-23 22:10:15.259 2894 2894 E ArmVmp : Match on catch block at 0xc3 in for 0x99
01-23 22:10:15.747 2894 2894 E ArmVmp : Match on catch block at 0xc3 in for 0x95
01-23 22:10:15.754 2894 2894 E ArmVmp : Match on catch block at 0xc3 in for 0x99
01-23 22:10:16.258 2894 2894 E ArmVmp : Match on catch block at 0xc3 in for 0x95
01-23 22:10:16.264 2894 2894 E ArmVmp : Match on catch block at 0xc3 in for 0x99
01-23 22:10:16.752 2894 2894 E ArmVmp : Match on catch block at 0xc3 in for 0x95
01-23 22:10:16.758 2894 2894 E ArmVmp : Match on catch block at 0xc3 in for 0x99
01-23 22:10:17.246 2894 2894 E ArmVmp : Match on catch block at 0xc3 in for 0x95
01-23 22:10:17.252 2894 2894 E ArmVmp : Match on catch block at 0xc3 in for 0x99
01-23 22:10:17.756 2894 2894 E ArmVmp : Match on catch block at 0xc3 in for 0x95
01-23 22:10:17.762 2894 2894 E ArmVmp : Match on catch block at 0xc3 in for 0x99
01-23 22:10:18.250 2894 2894 E ArmVmp : Match on catch block at 0xc3 in for 0x95
01-23 22:10:18.256 2894 2894 E ArmVmp : Match on catch block at 0xc3 in for 0x99
01-23 22:10:18.760 2894 2894 E ArmVmp : Match on catch block at 0xc3 in for 0x95
01-23 22:10:18.766 2894 2894 E ArmVmp : Match on catch block at 0xc3 in for 0x99
01-23 22:10:19.254 2894 2894 E ArmVmp : Match on catch block at 0xc3 in for 0x95
01-23 22:10:19.260 2894 2894 E ArmVmp : Match on catch block at 0xc3 in for 0x99
01-23 22:10:19.765 2894 2894 E ArmVmp : Match on catch block at 0xc3 in for 0x95
01-23 22:10:19.771 2894 2894 E ArmVmp : Match on catch block at 0xc3 in for 0x99
01-23 22:10:20.259 2894 2894 E ArmVmp : Match on catch block at 0xc3 in for 0x95
01-23 22:10:20.265 2894 2894 E ArmVmp : Match on catch block at 0xc3 in for 0x99
01-23 22:10:20.753 2894 2894 E ArmVmp : Match on catch block at 0xc3 in for 0x95
01-23 22:10:20.759 2894 2894 E ArmVmp : Match on catch block at 0xc3 in for 0x99
01-23 22:10:21.264 2894 2894 E ArmVmp : Match on catch block at 0xc3 in for 0x95
01-23 22:10:21.270 2894 2894 E ArmVmp : Match on catch block at 0xc3 in for 0x99
01-23 22:10:21.757 2894 2894 E ArmVmp : Match on catch block at 0xc3 in for 0x95
01-23 22:10:21.763 2894 2894 E ArmVmp : Match on catch block at 0xc3 in for 0x99
01-23 22:10:22.269 2894 2894 E ArmVmp : Match on catch block at 0xc3 in for 0x95
01-23 22:10:22.274 2894 2894 E ArmVmp : Match on catch block at 0xc3 in for 0x99
01-23 22:10:22.762 2894 2894 E ArmVmp : Match on catch block at 0xc3 in for 0x95
01-23 22:10:22.768 2894 2894 E ArmVmp : Match on catch block at 0xc3 in for 0x99
01-23 22:10:23.272 2894 2894 E ArmVmp : Match on catch block at 0xc3 in for 0x95
01-23 22:10:23.278 2894 2894 E ArmVmp : Match on catch block at 0xc3 in for 0x99
01-23 22:10:23.767 2894 2894 E ArmVmp : Match on catch block at 0xc3 in for 0x95
01-23 22:10:23.772 2894 2894 E ArmVmp : Match on catch block at 0xc3 in for 0x99
01-23 22:10:24.260 2894 2894 E ArmVmp : Match on catch block at 0xc3 in for 0x95
01-23 22:10:24.266 2894 2894 E ArmVmp : Match on catch block at 0xc3 in for 0x99
01-23 22:10:24.771 2894 2894 E ArmVmp : Match on catch block at 0xc3 in for 0x95
01-23 22:10:24.777 2894 2894 E ArmVmp : Match on catch block at 0xc3 in for 0x99
01-23 22:10:25.265 2894 2894 E ArmVmp : Match on catch block at 0xc3 in for 0x95
01-23 22:10:25.271 2894 2894 E ArmVmp : Match on catch block at 0xc3 in for 0x99
01-23 22:10:25.776 2894 2894 E ArmVmp : Match on catch block at 0xc3 in for 0x95
01-23 22:10:25.781 2894 2894 E ArmVmp : Match on catch block at 0xc3 in for 0x99
01-23 22:10:26.182 2894 2894 W IInputConnectionWrapper: requestCursorAnchorInfo
on inactive InputConnection
01-23 22:10:26.231 2894 2894 W IInputConnectionWrapper: getTextBeforeCursor on
inactive InputConnection
01-23 22:10:26.232 2894 2894 W IInputConnectionWrapper: getTextAfterCursor on
inactive InputConnection
01-23 22:10:26.233 2894 2894 W IInputConnectionWrapper: getSelectedText on
inactive InputConnection
01-23 22:10:26.270 2894 2894 E ArmVmp : Match on catch block at 0xc3 in for 0x95
01-23 22:10:26.277 2894 2894 E ArmVmp : Match on catch block at 0xc3 in for 0x99
01-23 22:10:26.282 2894 2894 W IInputConnectionWrapper: getTextBeforeCursor on
inactive InputConnection
01-23 22:10:26.287 2894 2894 W IInputConnectionWrapper: getTextBeforeCursor on
inactive InputConnection
01-23 22:10:26.305 2894 2894 W IInputConnectionWrapper: getTextBeforeCursor on
inactive InputConnection
01-23 22:10:26.346 2894 2894 W IInputConnectionWrapper: requestCursorAnchorInfo
on inactive InputConnection
01-23 22:10:26.779 2894 2894 E ArmVmp : Match on catch block at 0xc3 in for 0x95
01-23 22:10:26.785 2894 2894 E ArmVmp : Match on catch block at 0xc3 in for 0x99
01-23 22:10:27.288 2894 2894 W Activity: Slow Operation: Activity
com.mbwhatsapp/.Conversation onPause took 314ms
01-23 22:10:27.966 2894 2894 W Activity: Slow Operation: Activity
com.mbwhatsapp/.Conversation onStop took 642ms
01-23 22:10:28.191 2894 2894 E ArmVmp : Match on catch block at 0xc3 in for 0x95
01-23 22:10:28.197 2894 2894 E ArmVmp : Match on catch block at 0xc3 in for 0x99
01-23 22:10:28.371 2894 2894 W Looper : Slow Looper main: doFrame is 743ms late
because of 1 msg, msg 1 took 756ms (seq=1340 running=43ms runnable=14ms io=664ms
late=4ms h=android.app.ActivityThread$H w=137)
01-23 22:10:28.404 2894 2894 W Looper : Slow Looper main: Activity
com.mbwhatsapp/.Conversation is 529ms late (wall=23ms running=2ms
ClientTransaction{ callbacks=[android.app.servertransaction.WindowVisibilityItem] }
) because of 5 msg, msg 1 took 756ms (seq=1340 running=43ms runnable=14ms io=664ms
late=4ms h=android.app.ActivityThread$H w=137), msg 2 took 317ms (seq=1341
running=75ms runnable=10ms io=27ms late=743ms
h=android.view.Choreographer$FrameHandler
c=android.view.Choreographer$FrameDisplayEventReceiver)
01-23 22:10:28.408 2894 2894 W IInputConnectionWrapper: requestCursorAnchorInfo
on inactive InputConnection
01-23 22:12:52.465 2894 2894 E ArmVmp : Match on catch block at 0x0a in for 0xb5
01-23 22:12:52.476 2894 2894 E ArmVmp : Match on catch block at 0x0a in for 0xb1
01-23 22:12:52.521 2894 2894 W Activity: Slow Operation: Activity
com.mbwhatsapp/.Conversation onStart took 231ms
01-23 22:12:52.749 2894 2894 E ArmVmp : Match on catch block at 0xc3 in for 0x99
01-23 22:12:52.772 2894 2894 E ArmVmp : Match on catch block at 0xc3 in for 0x91
01-23 22:12:52.914 2894 2894 W Looper : Slow Looper main: doFrame is 338ms late
because of 3 msg, msg 1 took 344ms (seq=1418 running=148ms runnable=6ms io=171ms
reclaim=1ms late=38ms h=android.app.ActivityThread$H w=159)
01-23 22:12:53.080 2894 2894 E ArmVmp : Match on catch block at 0xc3 in for 0x95
01-23 22:12:53.088 2894 2894 E ArmVmp : Match on catch block at 0xc3 in for 0x99
01-23 22:12:53.103 2894 2894 W Looper : Slow Looper main: doFrame is 442ms late
because of 16 msg, msg 1 took 324ms (seq=1421 running=131ms io=44ms late=338ms
h=android.view.Choreographer$FrameHandler
c=android.view.Choreographer$FrameDisplayEventReceiver), msg 7 took 70ms (seq=1427
running=28ms runnable=1ms io=34ms late=611ms h=android.os.Handler
c=mbmodsd.mbmodsw.ui.views.toast.MBON$2)
01-23 22:12:53.224 2894 2894 E ArmVmp : Match on catch block at 0xc3 in for 0x99
01-23 22:12:53.230 2894 2894 E ArmVmp : Match on catch block at 0xc3 in for 0x91
01-23 22:12:53.302 2894 2894 E ArmVmp : Match on catch block at 0xc3 in for 0x99
01-23 22:12:53.307 2894 2894 E ArmVmp : Match on catch block at 0xc3 in for 0x91
01-23 22:12:53.466 2894 2894 E ArmVmp : Match on catch block at 0xc3 in for 0x99
01-23 22:12:53.473 2894 2894 E ArmVmp : Match on catch block at 0xc3 in for 0x91
01-23 22:12:53.494 2894 2894 E ArmVmp : Match on catch block at 0xc3 in for 0x99
01-23 22:12:53.501 2894 2894 E ArmVmp : Match on catch block at 0xc3 in for 0x91
01-23 22:12:53.514 2894 3010 W RenderInspector: QueueBuffer time out on
com.mbwhatsapp/com.mbwhatsapp.Conversation, count=1, avg=25 ms, max=25 ms.
01-23 22:12:53.519 2894 2894 E ArmVmp : Match on catch block at 0xc3 in for 0x99
01-23 22:12:53.525 2894 2894 E ArmVmp : Match on catch block at 0xc3 in for 0x91
01-23 22:12:53.543 2894 2894 E ArmVmp : Match on catch block at 0xc3 in for 0x99
01-23 22:12:53.551 2894 2894 E ArmVmp : Match on catch block at 0xc3 in for 0x91
01-23 22:12:53.574 2894 2894 E ArmVmp : Match on catch block at 0xc3 in for 0x99
01-23 22:12:53.582 2894 2894 E ArmVmp : Match on catch block at 0xc3 in for 0x91
01-23 22:12:53.601 2894 2894 E ArmVmp : Match on catch block at 0xc3 in for 0x99
01-23 22:12:53.610 2894 2894 E ArmVmp : Match on catch block at 0xc3 in for 0x91
01-23 22:12:53.630 2894 2894 E ArmVmp : Match on catch block at 0xc3 in for 0x99
01-23 22:12:53.637 2894 2894 E ArmVmp : Match on catch block at 0xc3 in for 0x91
01-23 22:12:53.659 2894 2894 E ArmVmp : Match on catch block at 0xc3 in for 0x99
01-23 22:12:53.667 2894 2894 E ArmVmp : Match on catch block at 0xc3 in for 0x91
01-23 22:12:53.684 2894 2894 E ArmVmp : Match on catch block at 0xc3 in for 0x99
