01-23 19:05:18.468 8646 8646 E ArmVmp : Match on catch block at 0xc3 in for 0xa1
01-23 19:05:18.627 8646 8646 E ArmVmp : Match on catch block at 0xc3 in for 0xa5
01-23 19:05:18.635 8646 8646 E ArmVmp : Match on catch block at 0xc3 in for 0xa9
01-23 19:05:18.640 8646 8646 E ArmVmp : Match on catch block at 0xc3 in for 0xa9
01-23 19:05:18.697 8646 8646 E Parcel : Reading a NULL string not supported
here.
01-23 19:05:18.735 8646 8787 E Parcel : Reading a NULL string not supported
here.
01-23 19:05:18.908 8646 9207 E libEGL : Invalid file path for libcolorx-
loader.so
01-23 19:05:18.921 8646 8718 E Parcel : Reading a NULL string not supported
here.
01-23 19:05:18.964 8646 8787 E Parcel : Reading a NULL string not supported
here.
01-23 19:05:19.005 8646 8860 W CursorWindow: Window is full: requested allocation
804 bytes, free space 555 bytes, window size 2097152 bytes
01-23 19:05:19.010 8646 8718 E Parcel : Reading a NULL string not supported
here.
01-23 19:05:19.036 8646 8733 E Parcel : Reading a NULL string not supported
here.
01-23 19:05:19.062 8646 8712 E Parcel : Reading a NULL string not supported
here.
01-23 19:05:19.083 8646 8787 E Parcel : Reading a NULL string not supported
here.
01-23 19:05:19.133 8646 8718 E Parcel : Reading a NULL string not supported
here.
01-23 19:05:19.159 8646 8733 E Parcel : Reading a NULL string not supported
here.
01-23 19:05:19.176 8646 8646 E ArmVmp : Match on catch block at 0xc3 in for 0xa1
01-23 19:05:19.186 8646 8646 E ArmVmp : Match on catch block at 0xc3 in for 0xa5
01-23 19:05:19.188 8646 8712 E Parcel : Reading a NULL string not supported
here.
01-23 19:05:19.190 8646 8646 E ArmVmp : Match on catch block at 0xc3 in for 0xa5
01-23 19:05:19.214 8646 8718 E Parcel : Reading a NULL string not supported
here.
01-23 19:05:19.238 8646 8733 E Parcel : Reading a NULL string not supported
here.
01-23 19:05:19.261 8646 8787 E Parcel : Reading a NULL string not supported
here.
01-23 19:05:19.305 8646 8712 E Parcel : Reading a NULL string not supported
here.
01-23 19:05:19.336 8646 8718 E Parcel : Reading a NULL string not supported
here.
01-23 19:05:19.348 8646 8646 E ArmVmp : Match on catch block at 0x5b in for 0x85
01-23 19:05:19.358 8646 8860 W CursorWindow: Window is full: requested allocation
804 bytes, free space 477 bytes, window size 2097152 bytes
01-23 19:05:19.365 8646 8733 E Parcel : Reading a NULL string not supported
here.
01-23 19:05:19.370 8646 8646 E ArmVmp : Match on catch block at 0x5b in for 0x89
01-23 19:05:19.412 8646 8718 E Parcel : Reading a NULL string not supported
here.
01-23 19:05:19.462 8646 8787 E Parcel : Reading a NULL string not supported
here.
01-23 19:05:19.485 8646 8646 E ArmVmp : Match on catch block at 0x5b in for 0x89
01-23 19:05:19.493 8646 8733 E Parcel : Reading a NULL string not supported
here.
01-23 19:05:19.524 8646 8786 E Parcel : Reading a NULL string not supported
here.
01-23 19:05:19.542 8646 8718 E Parcel : Reading a NULL string not supported
here.
01-23 19:05:19.561 8646 8787 E Parcel : Reading a NULL string not supported
here.
01-23 19:05:19.581 8646 8733 E Parcel : Reading a NULL string not supported
here.
01-23 19:05:19.599 8646 8786 E Parcel : Reading a NULL string not supported
here.
01-23 19:05:19.663 8646 8860 W CursorWindow: Window is full: requested allocation
804 bytes, free space 498 bytes, window size 2097152 bytes
01-23 19:05:25.569 8646 8646 W InputEventReceiver: Attempted to finish an input
event but the input event receiver has already been disposed.
01-23 19:05:27.540 8646 8661 W System : A resource failed to call release.
01-23 19:05:27.540 8646 8661 W System : A resource failed to call release.
01-23 19:05:27.609 8646 8646 E Parcel : Reading a NULL string not supported
here.
01-23 19:05:27.674 8646 9525 E libEGL : Invalid file path for libcolorx-
loader.so
01-23 19:05:27.765 8646 8646 W TabLayout: MODE_SCROLLABLE + GRAVITY_FILL is not
supported, GRAVITY_START will be used instead
01-23 19:05:27.839 8646 9527 E libc : Access denied finding property
"vendor.camera.aux.packagelist"
01-23 19:05:27.840 8646 9527 E libc : Access denied finding property
"vendor.camera.aux.packagelist"
01-23 19:05:27.840 8646 8663 E libc : Access denied finding property
"vendor.camera.aux.packagelist"
01-23 19:05:27.840 8646 8663 E libc : Access denied finding property
"vendor.camera.aux.packagelist"
01-23 19:05:27.840 8646 8663 W CameraManagerGlobal: ignore the torch status
update of camera: 5
01-23 19:05:27.837 8646 8646 W Optic-Task-Hand: type=1400 audit(0.0:2373834):
avc: denied { read } for name="u:object_r:vendor_persist_camera_prop:s0"
dev="tmpfs" ino=1273 scontext=u:r:untrusted_app:s0:c107,c257,c512,c768
tcontext=u:object_r:vendor_persist_camera_prop:s0 tclass=file permissive=0
app=com.mbwhatsapp
01-23 19:05:27.841 8646 8663 E libc : Access denied finding property
"vendor.camera.aux.packagelist"
01-23 19:05:27.841 8646 8663 W CameraManagerGlobal: ignore the torch status
update of camera: 6
01-23 19:05:27.841 8646 8663 E libc : Access denied finding property
"vendor.camera.aux.packagelist"
01-23 19:05:27.841 8646 8663 W CameraManagerGlobal: ignore the torch status
update of camera: 7
01-23 19:05:27.852 8646 8646 E Parcel : Reading a NULL string not supported
here.
01-23 19:05:27.855 8646 8646 E Parcel : Reading a NULL string not supported
here.
01-23 19:05:27.837 8646 8646 W Optic-Task-Hand: type=1400 audit(0.0:2373835):
avc: denied { read } for name="u:object_r:vendor_persist_camera_prop:s0"
dev="tmpfs" ino=1273 scontext=u:r:untrusted_app:s0:c107,c257,c512,c768
tcontext=u:object_r:vendor_persist_camera_prop:s0 tclass=file permissive=0
app=com.mbwhatsapp
01-23 19:05:27.884 8646 8646 E Parcel : Reading a NULL string not supported
here.
01-23 19:05:27.887 8646 8646 E Parcel : Reading a NULL string not supported
here.
01-23 19:05:27.887 8646 8646 E Parcel : Reading a NULL string not supported
here.
01-23 19:05:27.895 8646 8646 W BottomSheetBehavior: BottomSheetBehavior now
supports multiple callbacks. `setBottomSheetCallback()` removes all existing
callbacks, including ones set internally by library authors, which may result in
unintended behavior. This may change in the future. Please use
`addBottomSheetCallback()` and `removeBottomSheetCallback()` instead to set your
own callbacks.
01-23 19:05:27.901 8646 8646 E Parcel : Reading a NULL string not supported
here.
01-23 19:05:27.903 8646 8718 E Parcel : Reading a NULL string not supported
here.
01-23 19:05:27.926 8646 9528 E libc : Access denied finding property
"persist.vendor.camera.privapp.list"
01-23 19:05:27.939 8646 8663 E libc : Access denied finding property
"vendor.camera.aux.packagelist"
01-23 19:05:28.008 8646 8787 E Parcel : Reading a NULL string not supported
here.
01-23 19:05:28.063 8646 8712 E Parcel : Reading a NULL string not supported
here.
01-23 19:05:28.142 8646 8787 E Parcel : Reading a NULL string not supported
here.
01-23 19:05:28.233 8646 9534 E Parcel : Reading a NULL string not supported
here.
01-23 19:05:28.478 8646 8787 E Parcel : Reading a NULL string not supported
here.
01-23 19:05:28.487 8646 8786 E Parcel : Reading a NULL string not supported
here.
01-23 19:05:28.509 8646 9534 E Parcel : Reading a NULL string not supported
here.
01-23 19:05:28.521 8646 8787 E Parcel : Reading a NULL string not supported
here.
01-23 19:05:28.564 8646 9531 E Parcel : Reading a NULL string not supported
here.
01-23 19:05:28.566 8646 8787 E Parcel : Reading a NULL string not supported
here.
01-23 19:05:28.572 8646 8786 E Parcel : Reading a NULL string not supported
here.
01-23 19:05:28.595 8646 9531 E Parcel : Reading a NULL string not supported
here.
01-23 19:05:28.649 8646 8787 E Parcel : Reading a NULL string not supported
here.
01-23 19:05:28.691 8646 8787 E Parcel : Reading a NULL string not supported
here.
01-23 19:05:28.718 8646 8787 E Parcel : Reading a NULL string not supported
here.
01-23 19:05:28.748 8646 8787 E Parcel : Reading a NULL string not supported
here.
01-23 19:05:28.807 8646 8787 E Parcel : Reading a NULL string not supported
here.
01-23 19:05:28.821 8646 8787 E Parcel : Reading a NULL string not supported
here.
01-23 19:05:28.837 8646 8787 E Parcel : Reading a NULL string not supported
here.
01-23 19:05:28.907 8646 8787 E Parcel : Reading a NULL string not supported
here.
01-23 19:05:28.973 8646 8787 E Parcel : Reading a NULL string not supported
here.
01-23 19:05:29.013 8646 8787 E Parcel : Reading a NULL string not supported
here.
01-23 19:05:29.015 8646 9534 E Parcel : Reading a NULL string not supported
here.
01-23 19:05:29.135 8646 8787 E Parcel : Reading a NULL string not supported
here.
01-23 19:05:29.171 8646 8787 E Parcel : Reading a NULL string not supported
here.
01-23 19:05:29.257 8646 8787 E Parcel : Reading a NULL string not supported
here.
01-23 19:05:29.290 8646 9531 E Parcel : Reading a NULL string not supported
here.
01-23 19:05:29.359 8646 9531 E Parcel : Reading a NULL string not supported
here.
01-23 19:05:29.383 8646 8787 E Parcel : Reading a NULL string not supported
here.
01-23 19:05:29.466 8646 8787 E Parcel : Reading a NULL string not supported
here.
01-23 19:05:29.556 8646 9535 E Parcel : Reading a NULL string not supported
here.
01-23 19:05:29.585 8646 9527 E libEGL : Invalid file path for libcolorx-
loader.so
01-23 19:05:29.619 8646 8787 E Parcel : Reading a NULL string not supported
here.
01-23 19:05:29.660 8646 8787 E Parcel : Reading a NULL string not supported
here.
01-23 19:05:29.708 8646 8787 E Parcel : Reading a NULL string not supported
here.
01-23 19:05:29.825 8646 8787 E Parcel : Reading a NULL string not supported
here.
01-23 19:05:29.920 8646 8787 E Parcel : Reading a NULL string not supported
here.
01-23 19:05:30.060 8646 8787 E Parcel : Reading a NULL string not supported
here.
01-23 19:05:30.179 8646 8787 E Parcel : Reading a NULL string not supported
here.
01-23 19:05:30.365 8646 8787 E Parcel : Reading a NULL string not supported
here.
01-23 19:05:30.460 8646 9534 E Parcel : Reading a NULL string not supported
here.
01-23 19:05:30.466 8646 9527 E libEGL : Invalid file path for libcolorx-
loader.so
01-23 19:05:30.559 8646 9534 E Parcel : Reading a NULL string not supported
here.
01-23 19:05:30.564 8646 8787 E Parcel : Reading a NULL string not supported
here.
01-23 19:05:30.657 8646 8787 E Parcel : Reading a NULL string not supported
here.
01-23 19:05:30.681 8646 9534 E Parcel : Reading a NULL string not supported
here.
01-23 19:05:30.738 8646 8787 E Parcel : Reading a NULL string not supported
here.
01-23 19:05:30.836 8646 8787 E Parcel : Reading a NULL string not supported
here.
01-23 19:05:30.946 8646 8787 E Parcel : Reading a NULL string not supported
here.
01-23 19:05:31.008 8646 8787 E Parcel : Reading a NULL string not supported
here.
01-23 19:05:31.057 8646 8787 E Parcel : Reading a NULL string not supported
here.
01-23 19:05:31.115 8646 8787 E Parcel : Reading a NULL string not supported
here.
01-23 19:05:31.155 8646 8787 E Parcel : Reading a NULL string not supported
here.
01-23 19:05:31.225 8646 8787 E Parcel : Reading a NULL string not supported
here.
01-23 19:05:31.252 8646 9535 E Parcel : Reading a NULL string not supported
here.
01-23 19:05:31.255 8646 8787 E Parcel : Reading a NULL string not supported
here.
01-23 19:05:31.318 8646 9535 E Parcel : Reading a NULL string not supported
here.
01-23 19:05:31.319 8646 8787 E Parcel : Reading a NULL string not supported
here.
01-23 19:05:31.361 8646 9535 E Parcel : Reading a NULL string not supported
here.
01-23 19:05:31.406 8646 8787 E Parcel : Reading a NULL string not supported
here.
01-23 19:05:31.411 8646 9535 E Parcel : Reading a NULL string not supported
here.
01-23 19:05:31.443 8646 8787 E Parcel : Reading a NULL string not supported
here.
01-23 19:05:31.477 8646 8787 E Parcel : Reading a NULL string not supported
here.
01-23 19:05:31.481 8646 9535 E Parcel : Reading a NULL string not supported
here.
01-23 19:05:31.522 8646 9535 E Parcel : Reading a NULL string not supported
here.
01-23 19:05:31.522 8646 8787 E Parcel : Reading a NULL string not supported
here.
01-23 19:05:31.611 8646 9535 E Parcel : Reading a NULL string not supported
here.
01-23 19:05:31.681 8646 9535 E Parcel : Reading a NULL string not supported
here.
01-23 19:05:33.794 8646 8661 W System : A resource failed to call close.
01-23 19:06:16.526 8646 8646 E Parcel : Reading a NULL string not supported
here.
01-23 19:06:16.534 8646 8646 E Parcel : Reading a NULL string not supported
here.
01-23 19:06:16.796 8646 10189 E libc : Access denied finding property
"vendor.camera.aux.packagelist"
01-23 19:06:16.793 8646 8646 W Binder:8646_5: type=1400 audit(0.0:2373870): avc:
denied { read } for name="u:object_r:vendor_persist_camera_prop:s0" dev="tmpfs"
ino=1273 scontext=u:r:untrusted_app:s0:c107,c257,c512,c768
tcontext=u:object_r:vendor_persist_camera_prop:s0 tclass=file permissive=0
app=com.mbwhatsapp
01-23 19:06:18.473 8646 8646 E Parcel : Reading a NULL string not supported
here.
01-23 19:06:18.541 8646 10312 E libEGL : Invalid file path for libcolorx-
loader.so
01-23 19:06:18.850 8646 8646 E ArmVmp : Match on catch block at 0x0a in for 0xc5
01-23 19:06:18.854 8646 8646 E ArmVmp : Match on catch block at 0x0a in for 0xc1
01-23 19:06:19.275 8646 8646 E ArmVmp : Match on catch block at 0xc3 in for 0xb1
01-23 19:06:19.283 8646 8646 E ArmVmp : Match on catch block at 0xc3 in for 0xb1
01-23 19:06:19.356 8646 8646 E ArmVmp : Match on catch block at 0xc3 in for 0xa5
01-23 19:06:19.361 8646 8646 E ArmVmp : Match on catch block at 0xc3 in for 0xa9
01-23 19:06:19.364 8646 8646 E ArmVmp : Match on catch block at 0xc3 in for 0xa9
01-23 19:06:19.386 8646 8646 E ArmVmp : Match on catch block at 0xc3 in for 0xa5
01-23 19:06:19.390 8646 8646 E ArmVmp : Match on catch block at 0xc3 in for 0xa9
01-23 19:06:19.393 8646 8646 E ArmVmp : Match on catch block at 0xc3 in for 0xa9
01-23 19:06:19.440 8646 8646 E ArmVmp : Match on catch block at 0xc3 in for 0xa9
01-23 19:06:19.444 8646 8646 E ArmVmp : Match on catch block at 0xc3 in for 0xa1
01-23 19:06:19.447 8646 8646 E ArmVmp : Match on catch block at 0xc3 in for 0xa1
01-23 19:06:19.952 8646 8646 E ArmVmp : Match on catch block at 0xc3 in for 0xa9
01-23 19:06:19.961 8646 8646 E ArmVmp : Match on catch block at 0xc3 in for 0xa1
01-23 19:06:19.965 8646 8646 E ArmVmp : Match on catch block at 0xc3 in for 0xa1
01-23 19:06:20.440 8646 8646 E ArmVmp : Match on catch block at 0xc3 in for 0xa5
01-23 19:06:20.453 8646 8646 E ArmVmp : Match on catch block at 0xc3 in for 0xa9
01-23 19:06:20.461 8646 8646 E ArmVmp : Match on catch block at 0xc3 in for 0xa9
01-23 19:06:20.952 8646 8646 E ArmVmp : Match on catch block at 0xc3 in for 0xa1
01-23 19:06:20.965 8646 8646 E ArmVmp : Match on catch block at 0xc3 in for 0xa5
01-23 19:06:20.970 8646 8646 E ArmVmp : Match on catch block at 0xc3 in for 0xa5
01-23 19:06:21.158 8646 8646 E ArmVmp : Match on catch block at 0xc3 in for 0xa5
01-23 19:06:21.162 8646 8646 E ArmVmp : Match on catch block at 0xc3 in for 0xa9
01-23 19:06:21.165 8646 8646 E ArmVmp : Match on catch block at 0xc3 in for 0xa9
01-23 19:06:21.276 8646 8646 E ArmVmp : Match on catch block at 0xc3 in for 0xa5
01-23 19:06:21.281 8646 8646 E ArmVmp : Match on catch block at 0xc3 in for 0xa9
01-23 19:06:21.284 8646 8646 E ArmVmp : Match on catch block at 0xc3 in for 0xa9
01-23 19:06:21.433 8646 8646 E ArmVmp : Match on catch block at 0xc3 in for 0xa1
01-23 19:06:21.438 8646 8646 E ArmVmp : Match on catch block at 0xc3 in for 0xa5
01-23 19:06:21.442 8646 8646 E ArmVmp : Match on catch block at 0xc3 in for 0xa5
01-23 19:06:21.663 8646 8646 E ArmVmp : Match on catch block at 0xc3 in for 0xa5
01-23 19:06:21.669 8646 8646 E ArmVmp : Match on catch block at 0xc3 in for 0xa9
01-23 19:06:21.672 8646 8646 E ArmVmp : Match on catch block at 0xc3 in for 0xa9
01-23 19:06:21.697 8646 8646 E ArmVmp : Match on catch block at 0xc3 in for 0xa1
01-23 19:06:21.702 8646 8646 E ArmVmp : Match on catch block at 0xc3 in for 0xa5
01-23 19:06:21.705 8646 8646 E ArmVmp : Match on catch block at 0xc3 in for 0xa5
01-23 19:06:21.950 8646 8646 E ArmVmp : Match on catch block at 0xc3 in for 0xa1
01-23 19:06:21.961 8646 8646 E ArmVmp : Match on catch block at 0xc3 in for 0xa5
01-23 19:06:21.967 8646 8646 E ArmVmp : Match on catch block at 0xc3 in for 0xa5
01-23 19:06:22.239 8646 8646 E ArmVmp : Match on catch block at 0xc3 in for 0xa5
01-23 19:06:22.243 8646 8646 E ArmVmp : Match on catch block at 0xc3 in for 0xa9
01-23 19:06:22.247 8646 8646 E ArmVmp : Match on catch block at 0xc3 in for 0xa9
01-23 19:06:22.267 8646 8646 E ArmVmp : Match on catch block at 0xc3 in for 0xa9
01-23 19:06:22.271 8646 8646 E ArmVmp : Match on catch block at 0xc3 in for 0xa1
01-23 19:06:22.274 8646 8646 E ArmVmp : Match on catch block at 0xc3 in for 0xa1
01-23 19:06:22.283 8646 8646 E ArmVmp : Match on catch block at 0xc3 in for 0xa5
01-23 19:06:22.288 8646 8646 E ArmVmp : Match on catch block at 0xc3 in for 0xa9
01-23 19:06:22.291 8646 8646 E ArmVmp : Match on catch block at 0xc3 in for 0xa9
01-23 19:06:22.300 8646 8646 E ArmVmp : Match on catch block at 0xc3 in for 0xa1
01-23 19:06:22.304 8646 8646 E ArmVmp : Match on catch block at 0xc3 in for 0xa5
01-23 19:06:22.308 8646 8646 E ArmVmp : Match on catch block at 0xc3 in for 0xa5
01-23 19:06:22.318 8646 8646 E ArmVmp : Match on catch block at 0xc3 in for 0xa9
01-23 19:06:22.323 8646 8646 E ArmVmp : Match on catch block at 0xc3 in for 0xa1
01-23 19:06:22.327 8646 8646 E ArmVmp : Match on catch block at 0xc3 in for 0xa1
01-23 19:06:22.334 8646 8646 E ArmVmp : Match on catch block at 0xc3 in for 0xa5
01-23 19:06:22.339 8646 8646 E ArmVmp : Match on catch block at 0xc3 in for 0xa9
01-23 19:06:22.343 8646 8646 E ArmVmp : Match on catch block at 0xc3 in for 0xa9
01-23 19:06:22.354 8646 8646 E ArmVmp : Match on catch block at 0xc3 in for 0xa1
01-23 19:06:22.358 8646 8646 E ArmVmp : Match on catch block at 0xc3 in for 0xa5
01-23 19:06:22.362 8646 8646 E ArmVmp : Match on catch block at 0xc3 in for 0xa5
01-23 19:06:22.383 8646 8646 E ArmVmp : Match on catch block at 0xc3 in for 0xa9
01-23 19:06:22.389 8646 8646 E ArmVmp : Match on catch block at 0xc3 in for 0xa1
01-23 19:06:22.393 8646 8646 E ArmVmp : Match on catch block at 0xc3 in for 0xa1
01-23 19:06:22.400 8646 8646 E ArmVmp : Match on catch block at 0xc3 in for 0xa5
01-23 19:06:22.408 8646 8646 E ArmVmp : Match on catch block at 0xc3 in for 0xa9
01-23 19:06:22.411 8646 8646 E ArmVmp : Match on catch block at 0xc3 in for 0xa9
01-23 19:06:22.418 8646 8646 E ArmVmp : Match on catch block at 0xc3 in for 0xa1
01-23 19:06:22.423 8646 8646 E ArmVmp : Match on catch block at 0xc3 in for 0xa5
01-23 19:06:22.426 8646 8646 E ArmVmp : Match on catch block at 0xc3 in for 0xa5
01-23 19:06:22.433 8646 8646 E ArmVmp : Match on catch block at 0xc3 in for 0xa9
01-23 19:06:22.437 8646 8646 E ArmVmp : Match on catch block at 0xc3 in for 0xa1
01-23 19:06:22.440 8646 8646 E ArmVmp : Match on catch block at 0xc3 in for 0xa1
01-23 19:06:22.467 8646 8646 E ArmVmp : Match on catch block at 0xc3 in for 0xa5
01-23 19:06:22.473 8646 8646 E ArmVmp : Match on catch block at 0xc3 in for 0xa9
01-23 19:06:22.477 8646 8646 E ArmVmp : Match on catch block at 0xc3 in for 0xa9
01-23 19:06:22.701 8646 8646 E ArmVmp : Match on catch block at 0xc3 in for 0xa1
01-23 19:06:22.707 8646 8646 E ArmVmp : Match on catch block at 0xc3 in for 0xa5
01-23 19:06:22.711 8646 8646 E ArmVmp : Match on catch block at 0xc3 in for 0xa5
01-23 19:06:23.035 8646 8646 E ArmVmp : Match on catch block at 0xc3 in for 0xa9
01-23 19:06:23.042 8646 8646 E ArmVmp : Match on catch block at 0xc3 in for 0xa1
01-23 19:06:23.048 8646 8646 E ArmVmp : Match on catch block at 0xc3 in for 0xa1
01-23 19:06:23.202 8646 8646 E ArmVmp : Match on catch block at 0xc3 in for 0xa5
01-23 19:06:23.209 8646 8646 E ArmVmp : Match on catch block at 0xc3 in for 0xa9
01-23 19:06:23.214 8646 8646 E ArmVmp : Match on catch block at 0xc3 in for 0xa9
01-23 19:06:23.401 8646 8646 E ArmVmp : Match on catch block at 0xc3 in for 0xa1
01-23 19:06:23.409 8646 8646 E ArmVmp : Match on catch block at 0xc3 in for 0xa5
01-23 19:06:23.413 8646 8646 E ArmVmp : Match on catch block at 0xc3 in for 0xa5
01-23 19:06:23.619 8646 8646 E ArmVmp : Match on catch block at 0xc3 in for 0xa9
01-23 19:06:23.628 8646 8646 E ArmVmp : Match on catch block at 0xc3 in for 0xa1
01-23 19:06:23.633 8646 8646 E ArmVmp : Match on catch block at 0xc3 in for 0xa1
01-23 19:06:23.853 8646 8646 E ArmVmp : Match on catch block at 0xc3 in for 0xa5
01-23 19:06:23.860 8646 8646 E ArmVmp : Match on catch block at 0xc3 in for 0xa9
01-23 19:06:23.865 8646 8646 E ArmVmp : Match on catch block at 0xc3 in for 0xa9
01-23 19:06:24.035 8646 8646 E ArmVmp : Match on catch block at 0xc3 in for 0xa1
01-23 19:06:24.042 8646 8646 E ArmVmp : Match on catch block at 0xc3 in for 0xa5
01-23 19:06:24.047 8646 8646 E ArmVmp : Match on catch block at 0xc3 in for 0xa5
01-23 19:06:24.185 8646 8646 E ArmVmp : Match on catch block at 0xc3 in for 0xa9
01-23 19:06:24.193 8646 8646 E ArmVmp : Match on catch block at 0xc3 in for 0xa1
01-23 19:06:24.197 8646 8646 E ArmVmp : Match on catch block at 0xc3 in for 0xa1
01-23 19:06:24.368 8646 8646 E ArmVmp : Match on catch block at 0xc3 in for 0xa5
01-23 19:06:24.375 8646 8646 E ArmVmp : Match on catch block at 0xc3 in for 0xa9
01-23 19:06:24.380 8646 8646 E ArmVmp : Match on catch block at 0xc3 in for 0xa9
01-23 19:06:24.901 8646 8646 E ArmVmp : Match on catch block at 0xc3 in for 0xa1
01-23 19:06:24.913 8646 8646 E ArmVmp : Match on catch block at 0xc3 in for 0xa5
01-23 19:06:24.918 8646 8646 E ArmVmp : Match on catch block at 0xc3 in for 0xa5
01-23 19:06:24.951 8646 8646 E ArmVmp : Match on catch block at 0xc3 in for 0xa9
01-23 19:06:24.957 8646 8646 E ArmVmp : Match on catch block at 0xc3 in for 0xa1
01-23 19:06:24.962 8646 8646 E ArmVmp : Match on catch block at 0xc3 in for 0xa1
01-23 19:06:25.020 8646 8646 E ArmVmp : Match on catch block at 0xc3 in for 0xa5
01-23 19:06:25.026 8646 8646 E ArmVmp : Match on catch block at 0xc3 in for 0xa9
01-23 19:06:25.031 8646 8646 E ArmVmp : Match on catch block at 0xc3 in for 0xa9
01-23 19:06:25.071 8646 8646 E ArmVmp : Match on catch block at 0xc3 in for 0xa1
01-23 19:06:25.079 8646 8646 E ArmVmp : Match on catch block at 0xc3 in for 0xa5
01-23 19:06:25.085 8646 8646 E ArmVmp : Match on catch block at 0xc3 in for 0xa5
01-23 19:06:25.118 8646 8646 E ArmVmp : Match on catch block at 0xc3 in for 0xa9
01-23 19:06:25.124 8646 8646 E ArmVmp : Match on catch block at 0xc3 in for 0xa1
01-23 19:06:25.130 8646 8646 E ArmVmp : Match on catch block at 0xc3 in for 0xa1
01-23 19:06:25.168 8646 8646 E ArmVmp : Match on catch block at 0xc3 in for 0xa5
01-23 19:06:25.174 8646 8646 E ArmVmp : Match on catch block at 0xc3 in for 0xa9
01-23 19:06:25.179 8646 8646 E ArmVmp : Match on catch block at 0xc3 in for 0xa9
01-23 19:06:25.235 8646 8646 E ArmVmp : Match on catch block at 0xc3 in for 0xa1
01-23 19:06:25.241 8646 8646 E ArmVmp : Match on catch block at 0xc3 in for 0xa5
01-23 19:06:25.246 8646 8646 E ArmVmp : Match on catch block at 0xc3 in for 0xa5
01-23 19:06:25.285 8646 8646 E ArmVmp : Match on catch block at 0xc3 in for 0xa9
01-23 19:06:25.291 8646 8646 E ArmVmp : Match on catch block at 0xc3 in for 0xa1
01-23 19:06:25.297 8646 8646 E ArmVmp : Match on catch block at 0xc3 in for 0xa1
01-23 19:06:25.335 8646 8646 E ArmVmp : Match on catch block at 0xc3 in for 0xa5
01-23 19:06:25.341 8646 8646 E ArmVmp : Match on catch block at 0xc3 in for 0xa9
01-23 19:06:25.346 8646 8646 E ArmVmp : Match on catch block at 0xc3 in for 0xa9
01-23 19:06:25.384 8646 8646 E ArmVmp : Match on catch block at 0xc3 in for 0xa1
01-23 19:06:25.390 8646 8646 E ArmVmp : Match on catch block at 0xc3 in for 0xa5
01-23 19:06:25.395 8646 8646 E ArmVmp : Match on catch block at 0xc3 in for 0xa5
01-23 19:06:25.434 8646 8646 E ArmVmp : Match on catch block at 0xc3 in for 0xa9
01-23 19:06:25.440 8646 8646 E ArmVmp : Match on catch block at 0xc3 in for 0xa1
01-23 19:06:25.445 8646 8646 E ArmVmp : Match on catch block at 0xc3 in for 0xa1
01-23 19:06:25.499 8646 8646 E ArmVmp : Match on catch block at 0xc3 in for 0xa9
01-23 19:06:25.505 8646 8646 E ArmVmp : Match on catch block at 0xc3 in for 0xa1
01-23 19:06:25.508 8646 8646 E ArmVmp : Match on catch block at 0xc3 in for 0xa1
01-23 19:06:25.518 8646 8646 E ArmVmp : Match on catch block at 0xc3 in for 0xa5
01-23 19:06:25.522 8646 8646 E ArmVmp : Match on catch block at 0xc3 in for 0xa9
01-23 19:06:25.526 8646 8646 E ArmVmp : Match on catch block at 0xc3 in for 0xa9
01-23 19:06:25.534 8646 8646 E ArmVmp : Match on catch block at 0xc3 in for 0xa1
01-23 19:06:25.538 8646 8646 E ArmVmp : Match on catch block at 0xc3 in for 0xa5
01-23 19:06:25.542 8646 8646 E ArmVmp : Match on catch block at 0xc3 in for 0xa5
01-23 19:06:25.569 8646 8646 E ArmVmp : Match on catch block at 0xc3 in for 0xa9
01-23 19:06:25.574 8646 8646 E ArmVmp : Match on catch block at 0xc3 in for 0xa1
01-23 19:06:25.577 8646 8646 E ArmVmp : Match on catch block at 0xc3 in for 0xa1
01-23 19:06:25.585 8646 8646 E ArmVmp : Match on catch block at 0xc3 in for 0xa5
01-23 19:06:25.591 8646 8646 E ArmVmp : Match on catch block at 0xc3 in for 0xa9
01-23 19:06:25.594 8646 8646 E ArmVmp : Match on catch block at 0xc3 in for 0xa9
01-23 19:06:25.601 8646 8646 E ArmVmp : Match on catch block at 0xc3 in for 0xa1
01-23 19:06:25.606 8646 8646 E ArmVmp : Match on catch block at 0xc3 in for 0xa5
01-23 19:06:25.609 8646 8646 E ArmVmp : Match on catch block at 0xc3 in for 0xa5
01-23 19:06:25.618 8646 8646 E ArmVmp : Match on catch block at 0xc3 in for 0xa1
01-23 19:06:25.623 8646 8646 E ArmVmp : Match on catch block at 0xc3 in for 0xa5
01-23 19:06:25.626 8646 8646 E ArmVmp : Match on catch block at 0xc3 in for 0xa5
01-23 19:06:25.634 8646 8646 E ArmVmp : Match on catch block at 0xc3 in for 0xa9
01-23 19:06:25.640 8646 8646 E ArmVmp : Match on catch block at 0xc3 in for 0xa1
01-23 19:06:25.643 8646 8646 E ArmVmp : Match on catch block at 0xc3 in for 0xa1
01-23 19:06:25.653 8646 8646 E ArmVmp : Match on catch block at 0xc3 in for 0xa9
01-23 19:06:25.657 8646 8646 E ArmVmp : Match on catch block at 0xc3 in for 0xa1
01-23 19:06:25.660 8646 8646 E ArmVmp : Match on catch block at 0xc3 in for 0xa1
01-23 19:06:25.667 8646 8646 E ArmVmp : Match on catch block at 0xc3 in for 0xa5
01-23 19:06:25.671 8646 8646 E ArmVmp : Match on catch block at 0xc3 in for 0xa9
01-23 19:06:25.674 8646 8646 E ArmVmp : Match on catch block at 0xc3 in for 0xa9
01-23 19:06:25.684 8646 8646 E ArmVmp : Match on catch block at 0xc3 in for 0xa1
01-23 19:06:25.688 8646 8646 E ArmVmp : Match on catch block at 0xc3 in for 0xa5
01-23 19:06:25.692 8646 8646 E ArmVmp : Match on catch block at 0xc3 in for 0xa5
01-23 19:06:25.701 8646 8646 E ArmVmp : Match on catch block at 0xc3 in for 0xa1
01-23 19:06:25.705 8646 8646 E ArmVmp : Match on catch block at 0xc3 in for 0xa5
01-23 19:06:25.709 8646 8646 E ArmVmp : Match on catch block at 0xc3 in for 0xa5
01-23 19:06:25.751 8646 8646 E ArmVmp : Match on catch block at 0xc3 in for 0xa1
01-23 19:06:25.757 8646 8646 E ArmVmp : Match on catch block at 0xc3 in for 0xa5
01-23 19:06:25.761 8646 8646 E ArmVmp : Match on catch block at 0xc3 in for 0xa5
01-23 19:06:25.801 8646 8646 E ArmVmp : Match on catch block at 0xc3 in for 0xa1
01-23 19:06:25.807 8646 8646 E ArmVmp : Match on catch block at 0xc3 in for 0xa5
01-23 19:06:25.812 8646 8646 E ArmVmp : Match on catch block at 0xc3 in for 0xa5
01-23 19:06:26.017 8646 8646 E ArmVmp : Match on catch block at 0xc3 in for 0xa9
01-23 19:06:26.034 8646 8646 E ArmVmp : Match on catch block at 0xc3 in for 0xa1
01-23 19:06:26.039 8646 8646 E ArmVmp : Match on catch block at 0xc3 in for 0xa1
01-23 19:06:26.535 8646 8646 E ArmVmp : Match on catch block at 0xc3 in for 0xa5
01-23 19:06:26.553 8646 8646 E ArmVmp : Match on catch block at 0xc3 in for 0xa9
01-23 19:06:26.560 8646 8646 E ArmVmp : Match on catch block at 0xc3 in for 0xa9
01-23 19:06:27.038 8646 8646 E ArmVmp : Match on catch block at 0xc3 in for 0xa1
01-23 19:06:27.055 8646 8646 E ArmVmp : Match on catch block at 0xc3 in for 0xa5
01-23 19:06:27.063 8646 8646 E ArmVmp : Match on catch block at 0xc3 in for 0xa5
01-23 19:06:27.388 8646 8646 E ArmVmp : Match on catch block at 0xc3 in for 0xa1
01-23 19:06:27.393 8646 8646 E ArmVmp : Match on catch block at 0xc3 in for 0xa5
01-23 19:06:27.417 8646 8646 E ArmVmp : Match on catch block at 0xc3 in for 0xa5
01-23 19:06:27.421 8646 8646 E ArmVmp : Match on catch block at 0xc3 in for 0xa9
01-23 19:06:27.425 8646 8646 E ArmVmp : Match on catch block at 0xc3 in for 0xa9
01-23 19:06:27.434 8646 8646 E ArmVmp : Match on catch block at 0xc3 in for 0xa1
01-23 19:06:27.439 8646 8646 E ArmVmp : Match on catch block at 0xc3 in for 0xa5
01-23 19:06:27.443 8646 8646 E ArmVmp : Match on catch block at 0xc3 in for 0xa5
01-23 19:06:27.451 8646 8646 E ArmVmp : Match on catch block at 0xc3 in for 0xa9
01-23 19:06:27.457 8646 8646 E ArmVmp : Match on catch block at 0xc3 in for 0xa1
01-23 19:06:27.461 8646 8646 E ArmVmp : Match on catch block at 0xc3 in for 0xa1
01-23 19:06:27.467 8646 8646 E ArmVmp : Match on catch block at 0xc3 in for 0xa5
01-23 19:06:27.471 8646 8646 E ArmVmp : Match on catch block at 0xc3 in for 0xa9
01-23 19:06:27.474 8646 8646 E ArmVmp : Match on catch block at 0xc3 in for 0xa9
01-23 19:06:27.484 8646 8646 E ArmVmp : Match on catch block at 0xc3 in for 0xa1
01-23 19:06:27.488 8646 8646 E ArmVmp : Match on catch block at 0xc3 in for 0xa5
01-23 19:06:27.492 8646 8646 E ArmVmp : Match on catch block at 0xc3 in for 0xa5
01-23 19:06:27.503 8646 8646 E ArmVmp : Match on catch block at 0xc3 in for 0xa9
01-23 19:06:27.507 8646 8646 E ArmVmp : Match on catch block at 0xc3 in for 0xa1
01-23 19:06:27.511 8646 8646 E ArmVmp : Match on catch block at 0xc3 in for 0xa1
01-23 19:06:27.519 8646 8646 E ArmVmp : Match on catch block at 0xc3 in for 0xa5
01-23 19:06:27.523 8646 8646 E ArmVmp : Match on catch block at 0xc3 in for 0xa9
01-23 19:06:27.527 8646 8646 E ArmVmp : Match on catch block at 0xc3 in for 0xa9
01-23 19:06:27.534 8646 8646 E ArmVmp : Match on catch block at 0xc3 in for 0xa1
01-23 19:06:27.538 8646 8646 E ArmVmp : Match on catch block at 0xc3 in for 0xa5
01-23 19:06:27.542 8646 8646 E ArmVmp : Match on catch block at 0xc3 in for 0xa5
01-23 19:06:27.551 8646 8646 E ArmVmp : Match on catch block at 0xc3 in for 0xa9
01-23 19:06:27.556 8646 8646 E ArmVmp : Match on catch block at 0xc3 in for 0xa1
01-23 19:06:27.559 8646 8646 E ArmVmp : Match on catch block at 0xc3 in for 0xa1
01-23 19:06:27.569 8646 8646 E ArmVmp : Match on catch block at 0xc3 in for 0xa5
01-23 19:06:27.574 8646 8646 E ArmVmp : Match on catch block at 0xc3 in for 0xa9
01-23 19:06:27.578 8646 8646 E ArmVmp : Match on catch block at 0xc3 in for 0xa9
01-23 19:06:27.600 8646 8646 E ArmVmp : Match on catch block at 0xc3 in for 0xa1
01-23 19:06:27.604 8646 8646 E ArmVmp : Match on catch block at 0xc3 in for 0xa5
01-23 19:06:27.608 8646 8646 E ArmVmp : Match on catch block at 0xc3 in for 0xa5
01-23 19:06:27.685 8646 8646 E ArmVmp : Match on catch block at 0xc3 in for 0xa9
01-23 19:06:27.689 8646 8646 E ArmVmp : Match on catch block at 0xc3 in for 0xa1
01-23 19:06:27.694 8646 8646 E ArmVmp : Match on catch block at 0xc3 in for 0xa1
01-23 19:06:28.035 8646 8646 E ArmVmp : Match on catch block at 0xc3 in for 0xa5
01-23 19:06:28.041 8646 8646 E ArmVmp : Match on catch block at 0xc3 in for 0xa9
01-23 19:06:28.045 8646 8646 E ArmVmp : Match on catch block at 0xc3 in for 0xa9
01-23 19:06:28.168 8646 8646 E ArmVmp : Match on catch block at 0xc3 in for 0xa1
01-23 19:06:28.173 8646 8646 E ArmVmp : Match on catch block at 0xc3 in for 0xa5
01-23 19:06:28.177 8646 8646 E ArmVmp : Match on catch block at 0xc3 in for 0xa5
01-23 19:06:28.202 8646 8646 E ArmVmp : Match on catch block at 0xc3 in for 0xa9
01-23 19:06:28.207 8646 8646 E ArmVmp : Match on catch block at 0xc3 in for 0xa1
01-23 19:06:28.212 8646 8646 E ArmVmp : Match on catch block at 0xc3 in for 0xa1
01-23 19:06:28.321 8646 8646 E ArmVmp : Match on catch block at 0xc3 in for 0xa9
01-23 19:06:28.327 8646 8646 E ArmVmp : Match on catch block at 0xc3 in for 0xa1
01-23 19:06:28.332 8646 8646 E ArmVmp : Match on catch block at 0xc3 in for 0xa1
01-23 19:06:28.351 8646 8646 E ArmVmp : Match on catch block at 0xc3 in for 0xa5
01-23 19:06:28.355 8646 8646 E ArmVmp : Match on catch block at 0xc3 in for 0xa9
01-23 19:06:28.358 8646 8646 E ArmVmp : Match on catch block at 0xc3 in for 0xa9
01-23 19:06:28.367 8646 8646 E ArmVmp : Match on catch block at 0xc3 in for 0xa1
01-23 19:06:28.372 8646 8646 E ArmVmp : Match on catch block at 0xc3 in for 0xa5
01-23 19:06:28.375 8646 8646 E ArmVmp : Match on catch block at 0xc3 in for 0xa5
01-23 19:06:28.384 8646 8646 E ArmVmp : Match on catch block at 0xc3 in for 0xa9
01-23 19:06:28.389 8646 8646 E ArmVmp : Match on catch block at 0xc3 in for 0xa1
01-23 19:06:28.392 8646 8646 E ArmVmp : Match on catch block at 0xc3 in for 0xa1
01-23 19:06:28.400 8646 8646 E ArmVmp : Match on catch block at 0xc3 in for 0xa5
01-23 19:06:28.404 8646 8646 E ArmVmp : Match on catch block at 0xc3 in for 0xa9
01-23 19:06:28.407 8646 8646 E ArmVmp : Match on catch block at 0xc3 in for 0xa9
01-23 19:06:28.417 8646 8646 E ArmVmp : Match on catch block at 0xc3 in for 0xa1
01-23 19:06:28.421 8646 8646 E ArmVmp : Match on catch block at 0xc3 in for 0xa5
01-23 19:06:28.424 8646 8646 E ArmVmp : Match on catch block at 0xc3 in for 0xa5
01-23 19:06:28.434 8646 8646 E ArmVmp : Match on catch block at 0xc3 in for 0xa9
01-23 19:06:28.439 8646 8646 E ArmVmp : Match on catch block at 0xc3 in for 0xa1
01-23 19:06:28.442 8646 8646 E ArmVmp : Match on catch block at 0xc3 in for 0xa1
01-23 19:06:28.451 8646 8646 E ArmVmp : Match on catch block at 0xc3 in for 0xa5
01-23 19:06:28.455 8646 8646 E ArmVmp : Match on catch block at 0xc3 in for 0xa9
01-23 19:06:28.459 8646 8646 E ArmVmp : Match on catch block at 0xc3 in for 0xa9
01-23 19:06:28.468 8646 8646 E ArmVmp : Match on catch block at 0xc3 in for 0xa1
01-23 19:06:28.474 8646 8646 E ArmVmp : Match on catch block at 0xc3 in for 0xa5
01-23 19:06:28.478 8646 8646 E ArmVmp : Match on catch block at 0xc3 in for 0xa5
01-23 19:06:28.484 8646 8646 E ArmVmp : Match on catch block at 0xc3 in for 0xa9
01-23 19:06:28.489 8646 8646 E ArmVmp : Match on catch block at 0xc3 in for 0xa1
01-23 19:06:28.492 8646 8646 E ArmVmp : Match on catch block at 0xc3 in for 0xa1
01-23 19:06:28.501 8646 8646 E ArmVmp : Match on catch block at 0xc3 in for 0xa5
01-23 19:06:28.505 8646 8646 E ArmVmp : Match on catch block at 0xc3 in for 0xa9
01-23 19:06:28.508 8646 8646 E ArmVmp : Match on catch block at 0xc3 in for 0xa9
01-23 19:06:28.517 8646 8646 E ArmVmp : Match on catch block at 0xc3 in for 0xa1
01-23 19:06:28.521 8646 8646 E ArmVmp : Match on catch block at 0xc3 in for 0xa5
01-23 19:06:28.524 8646 8646 E ArmVmp : Match on catch block at 0xc3 in for 0xa5
01-23 19:06:28.852 8646 8646 E ArmVmp : Match on catch block at 0xc3 in for 0xa9
01-23 19:06:28.860 8646 8646 E ArmVmp : Match on catch block at 0xc3 in for 0xa1
01-23 19:06:28.864 8646 8646 E ArmVmp : Match on catch block at 0xc3 in for 0xa1
01-23 19:06:29.339 8646 8646 E ArmVmp : Match on catch block at 0xc3 in for 0xa5
01-23 19:06:29.346 8646 8646 E ArmVmp : Match on catch block at 0xc3 in for 0xa9
01-23 19:06:29.352 8646 8646 E ArmVmp : Match on catch block at 0xc3 in for 0xa9
01-23 19:06:29.370 8646 8646 E ArmVmp : Match on catch block at 0xc3 in for 0xa5
01-23 19:06:29.375 8646 8646 E ArmVmp : Match on catch block at 0xc3 in for 0xa9
01-23 19:06:29.401 8646 8646 E ArmVmp : Match on catch block at 0xc3 in for 0xa9
01-23 19:06:29.405 8646 8646 E ArmVmp : Match on catch block at 0xc3 in for 0xa1
01-23 19:06:29.409 8646 8646 E ArmVmp : Match on catch block at 0xc3 in for 0xa1
01-23 19:06:29.417 8646 8646 E ArmVmp : Match on catch block at 0xc3 in for 0xa5
01-23 19:06:29.423 8646 8646 E ArmVmp : Match on catch block at 0xc3 in for 0xa9
01-23 19:06:29.427 8646 8646 E ArmVmp : Match on catch block at 0xc3 in for 0xa9
01-23 19:06:29.435 8646 8646 E ArmVmp : Match on catch block at 0xc3 in for 0xa1
01-23 19:06:29.441 8646 8646 E ArmVmp : Match on catch block at 0xc3 in for 0xa5
01-23 19:06:29.446 8646 8646 E ArmVmp : Match on catch block at 0xc3 in for 0xa5
01-23 19:06:29.468 8646 8646 E ArmVmp : Match on catch block at 0xc3 in for 0xa9
01-23 19:06:29.473 8646 8646 E ArmVmp : Match on catch block at 0xc3 in for 0xa1
01-23 19:06:29.477 8646 8646 E ArmVmp : Match on catch block at 0xc3 in for 0xa1
01-23 19:06:29.489 8646 8646 E ArmVmp : Match on catch block at 0xc3 in for 0xa5
01-23 19:06:29.494 8646 8646 E ArmVmp : Match on catch block at 0xc3 in for 0xa9
01-23 19:06:29.498 8646 8646 E ArmVmp : Match on catch block at 0xc3 in for 0xa9
01-23 19:06:29.518 8646 8646 E ArmVmp : Match on catch block at 0xc3 in for 0xa1
01-23 19:06:29.524 8646 8646 E ArmVmp : Match on catch block at 0xc3 in for 0xa5
01-23 19:06:29.528 8646 8646 E ArmVmp : Match on catch block at 0xc3 in for 0xa5
01-23 19:06:29.541 8646 8646 E ArmVmp : Match on catch block at 0xc3 in for 0xa9
01-23 19:06:29.546 8646 8646 E ArmVmp : Match on catch block at 0xc3 in for 0xa1
01-23 19:06:29.550 8646 8646 E ArmVmp : Match on catch block at 0xc3 in for 0xa1
01-23 19:06:29.568 8646 8646 E ArmVmp : Match on catch block at 0xc3 in for 0xa5
01-23 19:06:29.573 8646 8646 E ArmVmp : Match on catch block at 0xc3 in for 0xa9
01-23 19:06:29.577 8646 8646 E ArmVmp : Match on catch block at 0xc3 in for 0xa9
01-23 19:06:29.585 8646 8646 E ArmVmp : Match on catch block at 0xc3 in for 0xa1
01-23 19:06:29.590 8646 8646 E ArmVmp : Match on catch block at 0xc3 in for 0xa5
01-23 19:06:29.593 8646 8646 E ArmVmp : Match on catch block at 0xc3 in for 0xa5
01-23 19:06:29.722 8646 8646 E ArmVmp : Match on catch block at 0xc3 in for 0xa9
01-23 19:06:29.729 8646 8646 E ArmVmp : Match on catch block at 0xc3 in for 0xa1
01-23 19:06:29.734 8646 8646 E ArmVmp : Match on catch block at 0xc3 in for 0xa1
01-23 19:06:29.952 8646 8646 E ArmVmp : Match on catch block at 0xc3 in for 0xa5
01-23 19:06:29.957 8646 8646 E ArmVmp : Match on catch block at 0xc3 in for 0xa9
01-23 19:06:29.962 8646 8646 E ArmVmp : Match on catch block at 0xc3 in for 0xa9
01-23 19:06:30.101 8646 8646 E ArmVmp : Match on catch block at 0xc3 in for 0xa1
01-23 19:06:30.109 8646 8646 E ArmVmp : Match on catch block at 0xc3 in for 0xa5
01-23 19:06:30.113 8646 8646 E ArmVmp : Match on catch block at 0xc3 in for 0xa5
01-23 19:06:30.285 8646 8646 E ArmVmp : Match on catch block at 0xc3 in for 0xa9
01-23 19:06:30.293 8646 8646 E ArmVmp : Match on catch block at 0xc3 in for 0xa1
01-23 19:06:30.297 8646 8646 E ArmVmp : Match on catch block at 0xc3 in for 0xa1
01-23 19:06:30.585 8646 8646 E ArmVmp : Match on catch block at 0xc3 in for 0xa5
01-23 19:06:30.592 8646 8646 E ArmVmp : Match on catch block at 0xc3 in for 0xa9
01-23 19:06:30.597 8646 8646 E ArmVmp : Match on catch block at 0xc3 in for 0xa9
01-23 19:06:30.618 8646 8646 E ArmVmp : Match on catch block at 0xc3 in for 0xa1
01-23 19:06:30.623 8646 8646 E ArmVmp : Match on catch block at 0xc3 in for 0xa5
01-23 19:06:30.627 8646 8646 E ArmVmp : Match on catch block at 0xc3 in for 0xa5
01-23 19:06:30.718 8646 8646 E ArmVmp : Match on catch block at 0xc3 in for 0xa9
01-23 19:06:30.725 8646 8646 E ArmVmp : Match on catch block at 0xc3 in for 0xa1
01-23 19:06:30.729 8646 8646 E ArmVmp : Match on catch block at 0xc3 in for 0xa1
01-23 19:06:30.901 8646 8646 E ArmVmp : Match on catch block at 0xc3 in for 0xa5
01-23 19:06:30.909 8646 8646 E ArmVmp : Match on catch block at 0xc3 in for 0xa9
01-23 19:06:30.912 8646 8646 E ArmVmp : Match on catch block at 0xc3 in for 0xa9
01-23 19:06:30.935 8646 8646 E ArmVmp : Match on catch block at 0xc3 in for 0xa1
01-23 19:06:30.940 8646 8646 E ArmVmp : Match on catch block at 0xc3 in for 0xa5
01-23 19:06:30.944 8646 8646 E ArmVmp : Match on catch block at 0xc3 in for 0xa5
01-23 19:06:31.034 8646 8646 E ArmVmp : Match on catch block at 0xc3 in for 0xa9
01-23 19:06:31.041 8646 8646 E ArmVmp : Match on catch block at 0xc3 in for 0xa1
01-23 19:06:31.045 8646 8646 E ArmVmp : Match on catch block at 0xc3 in for 0xa1
01-23 19:06:31.219 8646 8646 E ArmVmp : Match on catch block at 0xc3 in for 0xa5
01-23 19:06:31.225 8646 8646 E ArmVmp : Match on catch block at 0xc3 in for 0xa9
01-23 19:06:31.230 8646 8646 E ArmVmp : Match on catch block at 0xc3 in for 0xa9
01-23 19:06:31.358 8646 8646 E ArmVmp : Match on catch block at 0xc3 in for 0xa5
01-23 19:06:31.364 8646 8646 E ArmVmp : Match on catch block at 0xc3 in for 0xa9
01-23 19:06:31.370 8646 8646 E ArmVmp : Match on catch block at 0xc3 in for 0xa9
01-23 19:06:31.384 8646 8646 E ArmVmp : Match on catch block at 0xc3 in for 0xa1
01-23 19:06:31.389 8646 8646 E ArmVmp : Match on catch block at 0xc3 in for 0xa5
01-23 19:06:31.392 8646 8646 E ArmVmp : Match on catch block at 0xc3 in for 0xa5
01-23 19:06:31.401 8646 8646 E ArmVmp : Match on catch block at 0xc3 in for 0xa9
01-23 19:06:31.405 8646 8646 E ArmVmp : Match on catch block at 0xc3 in for 0xa1
01-23 19:06:31.409 8646 8646 E ArmVmp : Match on catch block at 0xc3 in for 0xa1
01-23 19:06:31.417 8646 8646 E ArmVmp : Match on catch block at 0xc3 in for 0xa5
01-23 19:06:31.422 8646 8646 E ArmVmp : Match on catch block at 0xc3 in for 0xa9
01-23 19:06:31.425 8646 8646 E ArmVmp : Match on catch block at 0xc3 in for 0xa9
01-23 19:06:31.434 8646 8646 E ArmVmp : Match on catch block at 0xc3 in for 0xa1
01-23 19:06:31.438 8646 8646 E ArmVmp : Match on catch block at 0xc3 in for 0xa5
01-23 19:06:31.441 8646 8646 E ArmVmp : Match on catch block at 0xc3 in for 0xa5
01-23 19:06:31.451 8646 8646 E ArmVmp : Match on catch block at 0xc3 in for 0xa9
01-23 19:06:31.456 8646 8646 E ArmVmp : Match on catch block at 0xc3 in for 0xa1
01-23 19:06:31.461 8646 8646 E ArmVmp : Match on catch block at 0xc3 in for 0xa1
01-23 19:06:31.467 8646 8646 E ArmVmp : Match on catch block at 0xc3 in for 0xa5
01-23 19:06:31.473 8646 8646 E ArmVmp : Match on catch block at 0xc3 in for 0xa9
01-23 19:06:31.477 8646 8646 E ArmVmp : Match on catch block at 0xc3 in for 0xa9
01-23 19:06:31.484 8646 8646 E ArmVmp : Match on catch block at 0xc3 in for 0xa1
01-23 19:06:31.489 8646 8646 E ArmVmp : Match on catch block at 0xc3 in for 0xa5
01-23 19:06:31.493 8646 8646 E ArmVmp : Match on catch block at 0xc3 in for 0xa5
01-23 19:06:31.502 8646 8646 E ArmVmp : Match on catch block at 0xc3 in for 0xa1
01-23 19:06:31.507 8646 8646 E ArmVmp : Match on catch block at 0xc3 in for 0xa5
01-23 19:06:31.510 8646 8646 E ArmVmp : Match on catch block at 0xc3 in for 0xa5
01-23 19:06:31.516 8646 8646 E ArmVmp : Match on catch block at 0xc3 in for 0xa9
01-23 19:06:31.521 8646 8646 E ArmVmp : Match on catch block at 0xc3 in for 0xa1
01-23 19:06:31.524 8646 8646 E ArmVmp : Match on catch block at 0xc3 in for 0xa1
01-23 19:06:31.534 8646 8646 E ArmVmp : Match on catch block at 0xc3 in for 0xa5
01-23 19:06:31.538 8646 8646 E ArmVmp : Match on catch block at 0xc3 in for 0xa9
01-23 19:06:31.541 8646 8646 E ArmVmp : Match on catch block at 0xc3 in for 0xa9
01-23 19:06:31.551 8646 8646 E ArmVmp : Match on catch block at 0xc3 in for 0xa1
01-23 19:06:31.557 8646 8646 E ArmVmp : Match on catch block at 0xc3 in for 0xa5
01-23 19:06:31.561 8646 8646 E ArmVmp : Match on catch block at 0xc3 in for 0xa5
01-23 19:06:31.651 8646 8646 E ArmVmp : Match on catch block at 0xc3 in for 0xa1
01-23 19:06:31.657 8646 8646 E ArmVmp : Match on catch block at 0xc3 in for 0xa5
01-23 19:06:31.661 8646 8646 E ArmVmp : Match on catch block at 0xc3 in for 0xa5
01-23 19:06:31.902 8646 8646 E ArmVmp : Match on catch block at 0xc3 in for 0xa9
01-23 19:06:31.914 8646 8646 E ArmVmp : Match on catch block at 0xc3 in for 0xa1
01-23 19:06:31.920 8646 8646 E ArmVmp : Match on catch block at 0xc3 in for 0xa1
01-23 19:06:32.222 8646 8646 E ArmVmp : Match on catch block at 0xc3 in for 0xa9
01-23 19:06:32.228 8646 8646 E ArmVmp : Match on catch block at 0xc3 in for 0xa1
01-23 19:06:32.251 8646 8646 E ArmVmp : Match on catch block at 0xc3 in for 0xa1
01-23 19:06:32.258 8646 8646 E ArmVmp : Match on catch block at 0xc3 in for 0xa5
01-23 19:06:32.262 8646 8646 E ArmVmp : Match on catch block at 0xc3 in for 0xa5
01-23 19:06:32.284 8646 8646 E ArmVmp : Match on catch block at 0xc3 in for 0xa9
01-23 19:06:32.289 8646 8646 E ArmVmp : Match on catch block at 0xc3 in for 0xa1
01-23 19:06:32.293 8646 8646 E ArmVmp : Match on catch block at 0xc3 in for 0xa1
01-23 19:06:32.301 8646 8646 E ArmVmp : Match on catch block at 0xc3 in for 0xa5
01-23 19:06:32.307 8646 8646 E ArmVmp : Match on catch block at 0xc3 in for 0xa9
01-23 19:06:32.310 8646 8646 E ArmVmp : Match on catch block at 0xc3 in for 0xa9
01-23 19:06:32.322 8646 8646 E ArmVmp : Match on catch block at 0xc3 in for 0xa1
01-23 19:06:32.327 8646 8646 E ArmVmp : Match on catch block at 0xc3 in for 0xa5
01-23 19:06:32.330 8646 8646 E ArmVmp : Match on catch block at 0xc3 in for 0xa5
01-23 19:06:32.352 8646 8646 E ArmVmp : Match on catch block at 0xc3 in for 0xa9
01-23 19:06:32.358 8646 8646 E ArmVmp : Match on catch block at 0xc3 in for 0xa1
01-23 19:06:32.362 8646 8646 E ArmVmp : Match on catch block at 0xc3 in for 0xa1
01-23 19:06:32.384 8646 8646 E ArmVmp : Match on catch block at 0xc3 in for 0xa5
01-23 19:06:32.390 8646 8646 E ArmVmp : Match on catch block at 0xc3 in for 0xa9
01-23 19:06:32.393 8646 8646 E ArmVmp : Match on catch block at 0xc3 in for 0xa9
01-23 19:06:32.401 8646 8646 E ArmVmp : Match on catch block at 0xc3 in for 0xa1
01-23 19:06:32.408 8646 8646 E ArmVmp : Match on catch block at 0xc3 in for 0xa5
01-23 19:06:32.411 8646 8646 E ArmVmp : Match on catch block at 0xc3 in for 0xa5
01-23 19:06:32.417 8646 8646 E ArmVmp : Match on catch block at 0xc3 in for 0xa9
01-23 19:06:32.421 8646 8646 E ArmVmp : Match on catch block at 0xc3 in for 0xa1
01-23 19:06:32.425 8646 8646 E ArmVmp : Match on catch block at 0xc3 in for 0xa1
01-23 19:06:32.501 8646 8646 E ArmVmp : Match on catch block at 0xc3 in for 0xa5
01-23 19:06:32.509 8646 8646 E ArmVmp : Match on catch block at 0xc3 in for 0xa9
01-23 19:06:32.513 8646 8646 E ArmVmp : Match on catch block at 0xc3 in for 0xa9
01-23 19:06:32.619 8646 8646 E ArmVmp : Match on catch block at 0xc3 in for 0xa1
01-23 19:06:32.626 8646 8646 E ArmVmp : Match on catch block at 0xc3 in for 0xa5
01-23 19:06:32.631 8646 8646 E ArmVmp : Match on catch block at 0xc3 in for 0xa5
01-23 19:06:32.984 8646 8646 E ArmVmp : Match on catch block at 0xc3 in for 0xa9
01-23 19:06:32.992 8646 8646 E ArmVmp : Match on catch block at 0xc3 in for 0xa1
01-23 19:06:32.996 8646 8646 E ArmVmp : Match on catch block at 0xc3 in for 0xa1
01-23 19:06:33.251 8646 8646 E ArmVmp : Match on catch block at 0xc3 in for 0xa5
01-23 19:06:33.258 8646 8646 E ArmVmp : Match on catch block at 0xc3 in for 0xa9
01-23 19:06:33.263 8646 8646 E ArmVmp : Match on catch block at 0xc3 in for 0xa9
01-23 19:06:33.751 8646 8646 E ArmVmp : Match on catch block at 0xc3 in for 0xa1
01-23 19:06:33.759 8646 8646 E ArmVmp : Match on catch block at 0xc3 in for 0xa5
01-23 19:06:33.764 8646 8646 E ArmVmp : Match on catch block at 0xc3 in for 0xa5
01-23 19:06:34.019 8646 8646 E ArmVmp : Match on catch block at 0xc3 in for 0xa9
01-23 19:06:34.026 8646 8646 E ArmVmp : Match on catch block at 0xc3 in for 0xa1
01-23 19:06:34.031 8646 8646 E ArmVmp : Match on catch block at 0xc3 in for 0xa1
01-23 19:06:34.250 8646 8646 E ArmVmp : Match on catch block at 0xc3 in for 0xa5
01-23 19:06:34.258 8646 8646 E ArmVmp : Match on catch block at 0xc3 in for 0xa9
01-23 19:06:34.262 8646 8646 E ArmVmp : Match on catch block at 0xc3 in for 0xa9
01-23 19:06:34.733 8646 8646 E ArmVmp : Match on catch block at 0xc3 in for 0xa1
01-23 19:06:34.740 8646 8646 E ArmVmp : Match on catch block at 0xc3 in for 0xa5
01-23 19:06:34.744 8646 8646 E ArmVmp : Match on catch block at 0xc3 in for 0xa5
01-23 19:06:34.767 8646 8646 E ArmVmp : Match on catch block at 0xc3 in for 0xa9
01-23 19:06:34.771 8646 8646 E ArmVmp : Match on catch block at 0xc3 in for 0xa1
01-23 19:06:34.775 8646 8646 E ArmVmp : Match on catch block at 0xc3 in for 0xa1
01-23 19:06:35.185 8646 8646 E ArmVmp : Match on catch block at 0xc3 in for 0xa9
01-23 19:06:35.190 8646 8646 E ArmVmp : Match on catch block at 0xc3 in for 0xa1
01-23 19:06:35.194 8646 8646 E ArmVmp : Match on catch block at 0xc3 in for 0xa1
01-23 19:06:35.233 8646 8646 E ArmVmp : Match on catch block at 0xc3 in for 0xa9
01-23 19:06:35.237 8646 8646 E ArmVmp : Match on catch block at 0xc3 in for 0xa1
01-23 19:06:35.241 8646 8646 E ArmVmp : Match on catch block at 0xc3 in for 0xa1
01-23 19:06:35.260 8646 8646 E ArmVmp : Match on catch block at 0xc3 in for 0xa5
01-23 19:06:35.266 8646 8646 E ArmVmp : Match on catch block at 0xc3 in for 0xa9
01-23 19:06:35.284 8646 8646 E ArmVmp : Match on catch block at 0xc3 in for 0xa5
01-23 19:06:35.289 8646 8646 E ArmVmp : Match on catch block at 0xc3 in for 0xa9
01-23 19:06:35.300 8646 8646 E ArmVmp : Match on catch block at 0xc3 in for 0xa5
01-23 19:06:35.304 8646 8646 E ArmVmp : Match on catch block at 0xc3 in for 0xa9
01-23 19:06:35.317 8646 8646 E ArmVmp : Match on catch block at 0xc3 in for 0xa5
01-23 19:06:35.322 8646 8646 E ArmVmp : Match on catch block at 0xc3 in for 0xa9
01-23 19:06:35.348 8646 8646 E ArmVmp : Match on catch block at 0xc3 in for 0xa5
01-23 19:06:35.352 8646 8646 E ArmVmp : Match on catch block at 0xc3 in for 0xa9
01-23 19:06:35.376 8646 8646 E ArmVmp : Match on catch block at 0xc3 in for 0xa9
01-23 19:06:35.381 8646 8646 E ArmVmp : Match on catch block at 0xc3 in for 0xa1
01-23 19:06:35.412 8646 8646 E ArmVmp : Match on catch block at 0xc3 in for 0xa1
01-23 19:06:35.417 8646 8646 E ArmVmp : Match on catch block at 0xc3 in for 0xa5
01-23 19:06:35.434 8646 8646 E ArmVmp : Match on catch block at 0xc3 in for 0xa1
01-23 19:06:35.439 8646 8646 E ArmVmp : Match on catch block at 0xc3 in for 0xa5
01-23 19:06:35.451 8646 8646 E ArmVmp : Match on catch block at 0xc3 in for 0xa1
