01-22 22:26:43.938 19964 19964 E ArmVmp : Match on catch block at 0xc3 in for 0xa9
01-22 22:26:44.085 19964 19964 E ArmVmp : Match on catch block at 0xc3 in for 0xa5
01-22 22:26:44.088 19964 19964 E ArmVmp : Match on catch block at 0xc3 in for 0xa9
01-22 22:26:44.385 19964 19964 E ArmVmp : Match on catch block at 0xc3 in for 0xa5
01-22 22:26:44.387 19964 19964 E ArmVmp : Match on catch block at 0xc3 in for 0xa9
01-22 22:26:44.405 19964 19964 E ArmVmp : Match on catch block at 0xc3 in for 0xa9
01-22 22:26:44.408 19964 19964 E ArmVmp : Match on catch block at 0xc3 in for 0xa1
01-22 22:26:44.425 19964 19964 E ArmVmp : Match on catch block at 0xc3 in for 0xa9
01-22 22:26:44.428 19964 19964 E ArmVmp : Match on catch block at 0xc3 in for 0xa1
01-22 22:26:44.478 19964 19964 E ArmVmp : Match on catch block at 0xc3 in for 0xa1
01-22 22:26:44.481 19964 19964 E ArmVmp : Match on catch block at 0xc3 in for 0xa5
01-22 22:26:44.495 19964 19964 E ArmVmp : Match on catch block at 0xc3 in for 0xa9
01-22 22:26:44.498 19964 19964 E ArmVmp : Match on catch block at 0xc3 in for 0xa1
01-22 22:26:44.503 19964 19964 E ArmVmp : Match on catch block at 0xc3 in for 0xa9
01-22 22:26:44.507 19964 19964 E ArmVmp : Match on catch block at 0xc3 in for 0xa1
01-22 22:26:44.518 19964 19964 E ArmVmp : Match on catch block at 0xc3 in for 0xa9
01-22 22:26:44.521 19964 19964 E ArmVmp : Match on catch block at 0xc3 in for 0xa1
01-22 22:26:44.535 19964 19964 E ArmVmp : Match on catch block at 0xc3 in for 0xa9
01-22 22:26:44.537 19964 19964 E ArmVmp : Match on catch block at 0xc3 in for 0xa1
01-22 22:26:44.551 19964 19964 E ArmVmp : Match on catch block at 0xc3 in for 0xa9
01-22 22:26:44.554 19964 19964 E ArmVmp : Match on catch block at 0xc3 in for 0xa1
01-22 22:26:44.568 19964 19964 E ArmVmp : Match on catch block at 0xc3 in for 0xa9
01-22 22:26:44.571 19964 19964 E ArmVmp : Match on catch block at 0xc3 in for 0xa1
01-22 22:26:44.585 19964 19964 E ArmVmp : Match on catch block at 0xc3 in for 0xa9
01-22 22:26:44.587 19964 19964 E ArmVmp : Match on catch block at 0xc3 in for 0xa1
01-22 22:26:44.601 19964 19964 E ArmVmp : Match on catch block at 0xc3 in for 0xa9
01-22 22:26:44.605 19964 19964 E ArmVmp : Match on catch block at 0xc3 in for 0xa1
01-22 22:26:44.671 19964 19964 E ArmVmp : Match on catch block at 0xc3 in for 0xa5
01-22 22:26:44.673 19964 19964 E ArmVmp : Match on catch block at 0xc3 in for 0xa9
01-22 22:26:44.679 19964 20047 W MediaPlayer: Use of stream types is deprecated for
operations other than volume control
01-22 22:26:44.679 19964 20047 W MediaPlayer: See the documentation of
setAudioStreamType() for what to use instead with android.media.AudioAttributes to
qualify your playback use case
01-22 22:26:44.686 19964 19964 E ArmVmp : Match on catch block at 0xc3 in for 0xa1
01-22 22:26:44.689 19964 19964 E ArmVmp : Match on catch block at 0xc3 in for 0xa5
01-22 22:26:44.841 19964 19964 E ArmVmp : Match on catch block at 0xc3 in for 0xa9
01-22 22:26:44.844 19964 19964 E ArmVmp : Match on catch block at 0xc3 in for 0xa1
01-22 22:26:44.853 19964 19964 E ArmVmp : Match on catch block at 0xc3 in for 0xa9
01-22 22:26:44.856 19964 19964 E ArmVmp : Match on catch block at 0xc3 in for 0xa1
01-22 22:26:44.901 19964 19964 E ArmVmp : Match on catch block at 0xc3 in for 0xa9
01-22 22:26:44.904 19964 19964 E ArmVmp : Match on catch block at 0xc3 in for 0xa1
01-22 22:26:44.951 19964 19964 E ArmVmp : Match on catch block at 0xc3 in for 0xa9
01-22 22:26:44.954 19964 19964 E ArmVmp : Match on catch block at 0xc3 in for 0xa1
01-22 22:26:45.024 19964 19964 E ArmVmp : Match on catch block at 0xc3 in for 0xa5
01-22 22:26:45.030 19964 19964 E ArmVmp : Match on catch block at 0xc3 in for 0xa9
01-22 22:26:45.093 19964 19964 W com.mbwhatsapp: Class com.mbwhatsapp.HomeActivity
failed lock verification and will run slower.
01-22 22:26:45.324 19964 19964 E ArmVmp : Match on catch block at 0x0a in for 0xc5
01-22 22:26:45.343 19964 19964 E ArmVmp : Match on catch block at 0x0a in for
0x131
01-22 22:26:45.409 19964 20155 W com.mbwhatsapp: Accessing hidden method
Lcom/android/org/conscrypt/ConscryptEngineSocket;->setUseSessionTickets(Z)V
(greylist-max-q,test-api, reflection, denied)
01-22 22:26:45.409 19964 20155 W com.mbwhatsapp: Accessing hidden method
Lcom/android/org/conscrypt/OpenSSLSocketImpl;->setUseSessionTickets(Z)V (greylist-
max-q,test-api, reflection, denied)
01-22 22:26:45.409 19964 20155 W com.mbwhatsapp: Accessing hidden method
Lcom/android/org/conscrypt/AbstractConscryptSocket;->setUseSessionTickets(Z)V
(greylist-max-q, reflection, denied)
01-22 22:26:45.409 19964 20155 W com.mbwhatsapp: Accessing hidden method
Lcom/android/org/conscrypt/ConscryptEngineSocket;->setHostname(Ljava/lang/String;)V
(greylist-max-q,test-api, reflection, denied)
01-22 22:26:45.409 19964 20155 W com.mbwhatsapp: Accessing hidden method
Lcom/android/org/conscrypt/OpenSSLSocketImpl;->setHostname(Ljava/lang/String;)V
(greylist-max-q,test-api, reflection, denied)
01-22 22:26:45.409 19964 20155 W com.mbwhatsapp: Accessing hidden method
Lcom/android/org/conscrypt/AbstractConscryptSocket;->setHostname(Ljava/lang/
String;)V (greylist-max-q, reflection, denied)
01-22 22:26:45.409 19964 20155 W com.mbwhatsapp: Accessing hidden method
Lcom/android/org/conscrypt/OpenSSLSocketImpl;->setAlpnProtocols([B)V (greylist-max-
q,test-api, reflection, denied)
01-22 22:26:45.409 19964 20155 W com.mbwhatsapp: Accessing hidden method
Lcom/android/org/conscrypt/AbstractConscryptSocket;->setAlpnProtocols([B)V
(greylist-max-q, reflection, denied)
01-22 22:26:45.511 19964 19964 E ArmVmp : Match on catch block at 0xc3 in for 0xa9
01-22 22:26:45.514 19964 19964 E ArmVmp : Match on catch block at 0xc3 in for 0xa1
01-22 22:26:45.575 19964 20155 W com.mbwhatsapp: Accessing hidden method
Lcom/android/org/conscrypt/OpenSSLSocketImpl;->getAlpnSelectedProtocol()[B
(greylist-max-q,test-api, reflection, denied)
01-22 22:26:45.575 19964 20155 W com.mbwhatsapp: Accessing hidden method
Lcom/android/org/conscrypt/AbstractConscryptSocket;->getAlpnSelectedProtocol()[B
(greylist-max-q, reflection, denied)
01-22 22:26:45.583 19964 20164 W LOTTIE : Animation contains merge paths. Merge
paths are only supported on KitKat+ and must be manually enabled by calling
enableMergePathsForKitKatAndAbove().
01-22 22:26:45.932 19964 19964 E RecyclerView: No adapter attached; skipping layout
01-22 22:26:46.036 19964 19964 E RecyclerView: No adapter attached; skipping layout
01-22 22:26:46.071 19964 19964 E ArmVmp : Match on catch block at 0xc3 in for 0xa5
01-22 22:26:46.075 19964 19964 E ArmVmp : Match on catch block at 0xc3 in for 0xa9
01-22 22:26:46.087 19964 19964 W LOTTIE : Animation contains merge paths but they
are disabled.
01-22 22:26:46.481 19964 19964 E ArmVmp : Match on catch block at 0x5b in for 0x81
01-22 22:26:46.501 19964 19964 E ArmVmp : Match on catch block at 0x5b in for 0x89
01-22 22:26:46.549 19964 19964 E ArmVmp : Match on catch block at 0x0a in for 0xd5
01-22 22:26:49.201 19964 19964 W BottomSheetBehavior: BottomSheetBehavior now
supports multiple callbacks. `setBottomSheetCallback()` removes all existing
callbacks, including ones set internally by library authors, which may result in
unintended behavior. This may change in the future. Please use
`addBottomSheetCallback()` and `removeBottomSheetCallback()` instead to set your
own callbacks.
01-22 22:26:49.201 19964 19964 W BottomSheetBehavior: BottomSheetBehavior now
supports multiple callbacks. `setBottomSheetCallback()` removes all existing
callbacks, including ones set internally by library authors, which may result in
unintended behavior. This may change in the future. Please use
`addBottomSheetCallback()` and `removeBottomSheetCallback()` instead to set your
own callbacks.
01-22 22:26:49.232 19964 19964 W pool-6-thread-1: type=1400 audit(0.0:241236): avc:
granted { execute } for
path="/data/data/com.mbwhatsapp/files/decompressed/libs.spk.zst/libgifimage.so"
dev="dm-10" ino=960147 scontext=u:r:untrusted_app:s0:c72,c256,c512,c768
tcontext=u:object_r:app_data_file:s0:c72,c256,c512,c768 tclass=file
app=com.mbwhatsapp
01-22 22:26:49.291 19964 19964 W BottomSheetBehavior: BottomSheetBehavior now
supports multiple callbacks. `setBottomSheetCallback()` removes all existing
callbacks, including ones set internally by library authors, which may result in
unintended behavior. This may change in the future. Please use
`addBottomSheetCallback()` and `removeBottomSheetCallback()` instead to set your
own callbacks.
01-22 22:26:49.291 19964 19964 W BottomSheetBehavior: BottomSheetBehavior now
supports multiple callbacks. `setBottomSheetCallback()` removes all existing
callbacks, including ones set internally by library authors, which may result in
unintended behavior. This may change in the future. Please use
`addBottomSheetCallback()` and `removeBottomSheetCallback()` instead to set your
own callbacks.
01-22 22:26:49.308 19964 19964 E RecyclerView: No adapter attached; skipping layout
01-22 22:26:49.334 19964 20234 W AudioCapabilities: Unsupported mime audio/x-adpcm-
ms
01-22 22:26:49.334 19964 20234 W AudioCapabilities: Unsupported mime audio/x-adpcm-
dvi-ima
01-22 22:26:49.334 19964 20234 W AudioCapabilities: Unsupported mime audio/alac
01-22 22:26:49.334 19964 20234 W AudioCapabilities: Unsupported mime audio/ape
01-22 22:26:49.336 19964 20234 W VideoCapabilities: Unrecognized profile/level 1/32
for video/mp4v-es
01-22 22:26:49.336 19964 20234 W VideoCapabilities: Unrecognized profile/level
32768/2 for video/mp4v-es
01-22 22:26:49.336 19964 20234 W VideoCapabilities: Unrecognized profile/level
32768/64 for video/mp4v-es
01-22 22:26:49.337 19964 20234 W VideoCapabilities: Unsupported mime video/x-ms-wmv
01-22 22:26:49.337 19964 20234 W VideoCapabilities: Unsupported mime video/xvid
01-22 22:26:49.338 19964 20234 W VideoCapabilities: Unrecognized profile/level 1/32
for video/mp4v-es
01-22 22:26:49.531 19964 20260 W Codec2Client: query -- param skipped: index =
1107298332.
01-22 22:26:49.532 19964 20260 W CCodec : This behavior is subject to change. It
is recommended that app developers double check whether the requested max input
size is in reasonable range.
01-22 22:26:49.534 19964 20260 W Codec2Client: query -- param skipped: index =
1342179345.
01-22 22:26:49.534 19964 20260 W Codec2Client: query -- param skipped: index =
2415921170.
01-22 22:26:49.534 19964 20260 W Codec2Client: query -- param skipped: index =
1610614798.
01-22 22:26:49.535 19964 20260 E FMQ : grantorIdx must be less than 3
01-22 22:26:49.535 19964 20260 E FMQ : grantorIdx must be less than 3
01-22 22:26:49.543 19964 20260 E FMQ : grantorIdx must be less than 3
01-22 22:26:49.561 19964 20243 E FMQ : grantorIdx must be less than 3
01-22 22:26:49.578 19964 20242 W ACodec : Failed to set ANW_HWComposer to OMX,
ignoring (-2147483648)
01-22 22:26:49.863 19964 19979 W System : A resource failed to call release.
01-22 22:26:50.841 19964 20013 E SQLiteDatabase: Error inserting transferred=1
media_job_uuid=a9daefda-3b5b-418c-8b78-a8816472178e transcoded=0 gif_attribution=0
first_scan_length=0 direct_path=/v/t62.7161-
24/34939365_684392317186846_5593893220207912969_n.enc?ccb=11-
4&oh=01_AdQmwozxlsdH6VRi6qIeN98rw9eV4YfCh7Jay6t-A4V8Pg&oe=65D69264&_nc_sid=5e03e0
thumbnail_height_width_ratio=1.7777778 is_animated_sticker=0
file_hash=xpmN2eMgAGLgkLafJc77c8cENFmqG16f6S5Xehb9bP0=
file_path=Media/.Statuses/66f9f07e03b14e6483983d746e786c90.mp4 file_size=3063997
partial_media_hash=null face_x=0 face_y=0 height=1024 trim_to=0
media_key_timestamp=1705980221000 message_url=https://mmg.whatsapp.net/v/t62.7161-
24/34939365_684392317186846_5593893220207912969_n.enc?ccb=11-
4&oh=01_AdQmwozxlsdH6VRi6qIeN98rw9eV4YfCh7Jay6t-
A4V8Pg&oe=65D69264&_nc_sid=5e03e0&mms3=true media_caption=null trim_from=0
mime_type=video/mp4 partial_media_enc_hash=null width=576 original_file_hash=null
has_streaming_sidecar=1 autotransfer_retry_enabled=1 media_upload_handle=null
message_row_id=100290 multicast_id=null
enc_file_hash=z4oNXIxnBeHJkOm40alUwARN04ZoeGPuQyY0+0IaRMM= mute_video=0
page_count=0 first_scan_sidecar=null suspicious_content=0 file_length=3063997
media_name=null media_duration=13 chat_row_id=24 media_key=[B@968dd4b
01-22 22:26:50.841 19964 20013 E SQLiteDatabase:
android.database.sqlite.SQLiteConstraintException: UNIQUE constraint failed:
message_media.message_row_id (code 1555 SQLITE_CONSTRAINT_PRIMARYKEY)
01-22 22:26:50.841 19964 20013 E SQLiteDatabase: at
android.database.sqlite.SQLiteConnection.nativeExecuteForLastInsertedRowId(Native
Method)
01-22 22:26:50.841 19964 20013 E SQLiteDatabase: at
android.database.sqlite.SQLiteConnection.executeForLastInsertedRowId(SQLiteConnecti
on.java:938)
01-22 22:26:50.841 19964 20013 E SQLiteDatabase: at
android.database.sqlite.SQLiteSession.executeForLastInsertedRowId(SQLiteSession.jav
a:790)
01-22 22:26:50.841 19964 20013 E SQLiteDatabase: at
android.database.sqlite.SQLiteStatement.executeInsert(SQLiteStatement.java:88)
01-22 22:26:50.841 19964 20013 E SQLiteDatabase: at
android.database.sqlite.SQLiteDatabase.insertWithOnConflict(SQLiteDatabase.java:172
0)
01-22 22:26:50.841 19964 20013 E SQLiteDatabase: at
android.database.sqlite.SQLiteDatabase.insert(SQLiteDatabase.java:1589)
01-22 22:26:50.841 19964 20013 E SQLiteDatabase: at X.2tm.A08(Unknown
Source:6)
01-22 22:26:50.841 19964 20013 E SQLiteDatabase: at X.35Y.A07(Unknown
Source:212)
01-22 22:26:50.841 19964 20013 E SQLiteDatabase: at X.3QF.A14(Unknown
Source:470)
01-22 22:26:50.841 19964 20013 E SQLiteDatabase: at X.3gU.run(Unknown
Source:982)
01-22 22:26:50.841 19964 20013 E SQLiteDatabase: at
android.os.Handler.handleCallback(Handler.java:938)
01-22 22:26:50.841 19964 20013 E SQLiteDatabase: at
android.os.Handler.dispatchMessage(Handler.java:99)
01-22 22:26:50.841 19964 20013 E SQLiteDatabase: at
X.0zq.dispatchMessage(Unknown Source:4)
01-22 22:26:50.841 19964 20013 E SQLiteDatabase: at
android.os.Looper.loop(Looper.java:268)
01-22 22:26:50.841 19964 20013 E SQLiteDatabase: at
android.os.HandlerThread.run(HandlerThread.java:67)
01-22 22:26:54.836 19964 20260 W Codec2Client: query -- param skipped: index =
1342179345.
01-22 22:26:54.836 19964 20260 W Codec2Client: query -- param skipped: index =
2415921170.
01-22 22:26:54.836 19964 20260 W Codec2Client: query -- param skipped: index =
1610614798.
01-22 22:26:54.841 19964 20242 W ACodec : Failed to set ANW_HWComposer to OMX,
ignoring (-2147483648)
01-22 22:26:55.655 19964 19964 W View : requestLayout() improperly called by
com.mbwhatsapp.status.ContactStatusThumbnail{ccea97 V.ED..... ......ID 42,30-
210,198 #7f0b0646 app:id/contact_photo} during layout: running second layout pass
01-22 22:26:55.656 19964 19964 W View : requestLayout() improperly called by
com.mbwhatsapp.status.ContactStatusThumbnail{4c42da1 V.ED..... ......ID 42,30-
210,198 #7f0b0646 app:id/contact_photo} during layout: running second layout pass
01-22 22:26:56.632 19964 19964 W BottomSheetBehavior: BottomSheetBehavior now
supports multiple callbacks. `setBottomSheetCallback()` removes all existing
callbacks, including ones set internally by library authors, which may result in
unintended behavior. This may change in the future. Please use
`addBottomSheetCallback()` and `removeBottomSheetCallback()` instead to set your
own callbacks.
01-22 22:26:56.632 19964 19964 W BottomSheetBehavior: BottomSheetBehavior now
supports multiple callbacks. `setBottomSheetCallback()` removes all existing
callbacks, including ones set internally by library authors, which may result in
unintended behavior. This may change in the future. Please use
`addBottomSheetCallback()` and `removeBottomSheetCallback()` instead to set your
own callbacks.
01-22 22:26:56.665 19964 19964 W BottomSheetBehavior: BottomSheetBehavior now
supports multiple callbacks. `setBottomSheetCallback()` removes all existing
callbacks, including ones set internally by library authors, which may result in
unintended behavior. This may change in the future. Please use
`addBottomSheetCallback()` and `removeBottomSheetCallback()` instead to set your
own callbacks.
01-22 22:26:56.665 19964 19964 W BottomSheetBehavior: BottomSheetBehavior now
supports multiple callbacks. `setBottomSheetCallback()` removes all existing
callbacks, including ones set internally by library authors, which may result in
unintended behavior. This may change in the future. Please use
`addBottomSheetCallback()` and `removeBottomSheetCallback()` instead to set your
own callbacks.
01-22 22:26:56.825 19964 20380 W Codec2Client: query -- param skipped: index =
1107298332.
01-22 22:26:56.825 19964 20380 W CCodec : This behavior is subject to change. It
is recommended that app developers double check whether the requested max input
size is in reasonable range.
01-22 22:26:56.826 19964 20380 W Codec2Client: query -- param skipped: index =
1342179345.
01-22 22:26:56.826 19964 20380 W Codec2Client: query -- param skipped: index =
2415921170.
01-22 22:26:56.826 19964 20380 W Codec2Client: query -- param skipped: index =
1610614798.
01-22 22:26:56.827 19964 20380 E FMQ : grantorIdx must be less than 3
01-22 22:26:56.827 19964 20380 E FMQ : grantorIdx must be less than 3
01-22 22:26:56.829 19964 20380 E FMQ : grantorIdx must be less than 3
01-22 22:26:56.842 19964 20243 E FMQ : grantorIdx must be less than 3
01-22 22:27:09.783 19964 20380 W Codec2Client: query -- param skipped: index =
1342179345.
01-22 22:27:09.783 19964 20380 W Codec2Client: query -- param skipped: index =
2415921170.
01-22 22:27:09.783 19964 20380 W Codec2Client: query -- param skipped: index =
1610614798.
01-22 22:27:09.786 19964 20372 W ACodec : Failed to set ANW_HWComposer to OMX,
ignoring (-2147483648)
01-22 22:27:09.802 19964 19964 W BottomSheetBehavior: BottomSheetBehavior now
supports multiple callbacks. `setBottomSheetCallback()` removes all existing
callbacks, including ones set internally by library authors, which may result in
unintended behavior. This may change in the future. Please use
`addBottomSheetCallback()` and `removeBottomSheetCallback()` instead to set your
own callbacks.
01-22 22:27:09.802 19964 19964 W BottomSheetBehavior: BottomSheetBehavior now
supports multiple callbacks. `setBottomSheetCallback()` removes all existing
callbacks, including ones set internally by library authors, which may result in
unintended behavior. This may change in the future. Please use
`addBottomSheetCallback()` and `removeBottomSheetCallback()` instead to set your
own callbacks.
01-22 22:27:09.828 19964 19964 W MessageThumbsTh: type=1400 audit(0.0:241303): avc:
denied { search } for name="ppm" dev="proc" ino=4026531935
scontext=u:r:untrusted_app:s0:c72,c256,c512,c768 tcontext=u:object_r:proc_ppm:s0
tclass=dir permissive=0 app=com.mbwhatsapp
01-22 22:27:09.832 19964 19964 W MessageThumbsTh: type=1400 audit(0.0:241304): avc:
denied { search } for name="ppm" dev="proc" ino=4026531935
scontext=u:r:untrusted_app:s0:c72,c256,c512,c768 tcontext=u:object_r:proc_ppm:s0
tclass=dir permissive=0 app=com.mbwhatsapp
01-22 22:27:09.882 19964 20483 W Codec2Client: query -- param skipped: index =
1107298332.
01-22 22:27:09.882 19964 20483 W CCodec : This behavior is subject to change. It
is recommended that app developers double check whether the requested max input
size is in reasonable range.
01-22 22:27:09.883 19964 20483 W Codec2Client: query -- param skipped: index =
1342179345.
01-22 22:27:09.883 19964 20483 W Codec2Client: query -- param skipped: index =
2415921170.
01-22 22:27:09.883 19964 20483 W Codec2Client: query -- param skipped: index =
1610614798.
01-22 22:27:09.884 19964 20483 E FMQ : grantorIdx must be less than 3
01-22 22:27:09.884 19964 20483 E FMQ : grantorIdx must be less than 3
01-22 22:27:09.889 19964 20483 E FMQ : grantorIdx must be less than 3
01-22 22:27:09.899 19964 20243 E FMQ : grantorIdx must be less than 3
01-22 22:27:19.313 19964 20483 W Codec2Client: query -- param skipped: index =
1342179345.
01-22 22:27:19.313 19964 20483 W Codec2Client: query -- param skipped: index =
2415921170.
01-22 22:27:19.313 19964 20483 W Codec2Client: query -- param skipped: index =
1610614798.
01-22 22:27:19.324 19964 20470 W ACodec : Failed to set ANW_HWComposer to OMX,
ignoring (-2147483648)
01-22 22:27:26.231 19964 19964 E ArmVmp : Match on catch block at 0x0a in for 0xc9
01-22 22:27:26.233 19964 19964 E ArmVmp : Match on catch block at 0x0a in for 0xc5
01-22 22:27:26.479 19964 19979 W System : A resource failed to call release.
01-22 22:27:26.481 19964 19979 W System : A resource failed to call release.
01-22 22:27:26.489 19964 19964 E ArmVmp : Match on catch block at 0xc3 in for 0xb5
01-22 22:27:26.496 19964 19964 E ArmVmp : Match on catch block at 0xc3 in for 0xb5
01-22 22:27:26.500 19964 19964 E ArmVmp : Match on catch block at 0xc3 in for 0xb5
01-22 22:27:26.539 19964 19964 E ArmVmp : Match on catch block at 0xc3 in for 0xa9
01-22 22:27:26.542 19964 19964 E ArmVmp : Match on catch block at 0xc3 in for 0xa1
01-22 22:27:26.545 19964 19964 E ArmVmp : Match on catch block at 0xc3 in for 0xa1
01-22 22:27:26.558 19964 19964 E ArmVmp : Match on catch block at 0xc3 in for 0xa1
01-22 22:27:26.562 19964 19964 E ArmVmp : Match on catch block at 0xc3 in for 0xa5
01-22 22:27:26.564 19964 19964 E ArmVmp : Match on catch block at 0xc3 in for 0xa5
01-22 22:27:26.587 19964 19964 E ArmVmp : Match on catch block at 0xc3 in for 0xa9
01-22 22:27:26.590 19964 19964 E ArmVmp : Match on catch block at 0xc3 in for 0xa1
01-22 22:27:26.593 19964 19964 E ArmVmp : Match on catch block at 0xc3 in for 0xa1
01-22 22:27:27.060 19964 19964 E ArmVmp : Match on catch block at 0xc3 in for 0xa5
01-22 22:27:27.065 19964 19964 E ArmVmp : Match on catch block at 0xc3 in for 0xa9
01-22 22:27:27.068 19964 19964 E ArmVmp : Match on catch block at 0xc3 in for 0xa9
01-22 22:27:27.078 19964 19964 E ArmVmp : Match on catch block at 0xc3 in for 0xa1
01-22 22:27:27.084 19964 19964 E ArmVmp : Match on catch block at 0xc3 in for 0xa5
01-22 22:27:27.087 19964 19964 E ArmVmp : Match on catch block at 0xc3 in for 0xa5
01-22 22:27:27.093 19964 19964 E ArmVmp : Match on catch block at 0xc3 in for 0xa9
01-22 22:27:27.099 19964 19964 E ArmVmp : Match on catch block at 0xc3 in for 0xa1
01-22 22:27:27.102 19964 19964 E ArmVmp : Match on catch block at 0xc3 in for 0xa1
01-22 22:27:27.109 19964 19964 E ArmVmp : Match on catch block at 0xc3 in for 0xa1
01-22 22:27:27.112 19964 19964 E ArmVmp : Match on catch block at 0xc3 in for 0xa5
01-22 22:27:27.114 19964 19964 E ArmVmp : Match on catch block at 0xc3 in for 0xa5
01-22 22:27:27.127 19964 19964 E ArmVmp : Match on catch block at 0xc3 in for 0xa9
01-22 22:27:27.130 19964 19964 E ArmVmp : Match on catch block at 0xc3 in for 0xa1
01-22 22:27:27.132 19964 19964 E ArmVmp : Match on catch block at 0xc3 in for 0xa1
01-22 22:27:27.142 19964 19964 E ArmVmp : Match on catch block at 0xc3 in for 0xa9
01-22 22:27:27.146 19964 19964 E ArmVmp : Match on catch block at 0xc3 in for 0xa1
01-22 22:27:27.148 19964 19964 E ArmVmp : Match on catch block at 0xc3 in for 0xa1
01-22 22:27:27.159 19964 19964 E ArmVmp : Match on catch block at 0xc3 in for 0xa5
01-22 22:27:27.162 19964 19964 E ArmVmp : Match on catch block at 0xc3 in for 0xa9
01-22 22:27:27.164 19964 19964 E ArmVmp : Match on catch block at 0xc3 in for 0xa9
01-22 22:27:27.176 19964 19964 E ArmVmp : Match on catch block at 0xc3 in for 0xa5
01-22 22:27:27.179 19964 19964 E ArmVmp : Match on catch block at 0xc3 in for 0xa9
01-22 22:27:27.182 19964 19964 E ArmVmp : Match on catch block at 0xc3 in for 0xa9
01-22 22:27:27.192 19964 19964 E ArmVmp : Match on catch block at 0xc3 in for 0xa1
01-22 22:27:27.195 19964 19964 E ArmVmp : Match on catch block at 0xc3 in for 0xa5
01-22 22:27:27.197 19964 19964 E ArmVmp : Match on catch block at 0xc3 in for 0xa5
01-22 22:27:27.209 19964 19964 E ArmVmp : Match on catch block at 0xc3 in for 0xa9
01-22 22:27:27.212 19964 19964 E ArmVmp : Match on catch block at 0xc3 in for 0xa1
01-22 22:27:27.215 19964 19964 E ArmVmp : Match on catch block at 0xc3 in for 0xa1
01-22 22:27:27.225 19964 19964 E ArmVmp : Match on catch block at 0xc3 in for 0xa5
01-22 22:27:27.229 19964 19964 E ArmVmp : Match on catch block at 0xc3 in for 0xa9
01-22 22:27:27.231 19964 19964 E ArmVmp : Match on catch block at 0xc3 in for 0xa9
01-22 22:27:27.242 19964 19964 E ArmVmp : Match on catch block at 0xc3 in for 0xa1
01-22 22:27:27.246 19964 19964 E ArmVmp : Match on catch block at 0xc3 in for 0xa5
01-22 22:27:27.248 19964 19964 E ArmVmp : Match on catch block at 0xc3 in for 0xa5
01-22 22:27:27.259 19964 19964 E ArmVmp : Match on catch block at 0xc3 in for 0xa9
01-22 22:27:27.262 19964 19964 E ArmVmp : Match on catch block at 0xc3 in for 0xa1
01-22 22:27:27.264 19964 19964 E ArmVmp : Match on catch block at 0xc3 in for 0xa1
01-22 22:27:27.275 19964 19964 E ArmVmp : Match on catch block at 0xc3 in for 0xa5
01-22 22:27:27.278 19964 19964 E ArmVmp : Match on catch block at 0xc3 in for 0xa9
01-22 22:27:27.280 19964 19964 E ArmVmp : Match on catch block at 0xc3 in for 0xa9
01-22 22:27:27.292 19964 19964 E ArmVmp : Match on catch block at 0xc3 in for 0xa1
01-22 22:27:27.295 19964 19964 E ArmVmp : Match on catch block at 0xc3 in for 0xa5
01-22 22:27:27.297 19964 19964 E ArmVmp : Match on catch block at 0xc3 in for 0xa5
01-22 22:27:27.309 19964 19964 E ArmVmp : Match on catch block at 0xc3 in for 0xa9
01-22 22:27:27.312 19964 19964 E ArmVmp : Match on catch block at 0xc3 in for 0xa1
01-22 22:27:27.314 19964 19964 E ArmVmp : Match on catch block at 0xc3 in for 0xa1
01-22 22:27:27.325 19964 19964 E ArmVmp : Match on catch block at 0xc3 in for 0xa5
01-22 22:27:27.328 19964 19964 E ArmVmp : Match on catch block at 0xc3 in for 0xa9
01-22 22:27:27.330 19964 19964 E ArmVmp : Match on catch block at 0xc3 in for 0xa9
01-22 22:27:27.342 19964 19964 E ArmVmp : Match on catch block at 0xc3 in for 0xa1
01-22 22:27:27.346 19964 19964 E ArmVmp : Match on catch block at 0xc3 in for 0xa5
01-22 22:27:27.348 19964 19964 E ArmVmp : Match on catch block at 0xc3 in for 0xa5
01-22 22:27:27.359 19964 19964 E ArmVmp : Match on catch block at 0xc3 in for 0xa9
01-22 22:27:27.362 19964 19964 E ArmVmp : Match on catch block at 0xc3 in for 0xa1
01-22 22:27:27.364 19964 19964 E ArmVmp : Match on catch block at 0xc3 in for 0xa1
01-22 22:27:27.376 19964 19964 E ArmVmp : Match on catch block at 0xc3 in for 0xa5
01-22 22:27:27.378 19964 19964 E ArmVmp : Match on catch block at 0xc3 in for 0xa9
01-22 22:27:27.380 19964 19964 E ArmVmp : Match on catch block at 0xc3 in for 0xa9
01-22 22:27:27.609 19964 19964 E ArmVmp : Match on catch block at 0xc3 in for 0xa1
01-22 22:27:27.612 19964 19964 E ArmVmp : Match on catch block at 0xc3 in for 0xa5
01-22 22:27:27.614 19964 19964 E ArmVmp : Match on catch block at 0xc3 in for 0xa5
01-22 22:27:28.050 19964 19964 E ArmVmp : Match on catch block at 0xc3 in for 0xa5
01-22 22:27:28.053 19964 19964 E ArmVmp : Match on catch block at 0xc3 in for 0xa9
01-22 22:27:28.055 19964 19964 E ArmVmp : Match on catch block at 0xc3 in for 0xa9
01-22 22:27:28.061 19964 19964 E ArmVmp : Match on catch block at 0xc3 in for 0xa1
01-22 22:27:28.065 19964 19964 E ArmVmp : Match on catch block at 0xc3 in for 0xa5
01-22 22:27:28.068 19964 19964 E ArmVmp : Match on catch block at 0xc3 in for 0xa5
01-22 22:27:28.109 19964 19964 E ArmVmp : Match on catch block at 0xc3 in for 0xa9
01-22 22:27:28.113 19964 19964 E ArmVmp : Match on catch block at 0xc3 in for 0xa1
01-22 22:27:28.116 19964 19964 E ArmVmp : Match on catch block at 0xc3 in for 0xa1
01-22 22:27:28.139 19964 19964 E ArmVmp : Match on catch block at 0xc3 in for 0xa5
01-22 22:27:28.142 19964 19964 E ArmVmp : Match on catch block at 0xc3 in for 0xa9
01-22 22:27:28.145 19964 19964 E ArmVmp : Match on catch block at 0xc3 in for 0xa9
01-22 22:27:28.159 19964 19964 E ArmVmp : Match on catch block at 0xc3 in for 0xa1
01-22 22:27:28.162 19964 19964 E ArmVmp : Match on catch block at 0xc3 in for 0xa5
01-22 22:27:28.164 19964 19964 E ArmVmp : Match on catch block at 0xc3 in for 0xa5
01-22 22:27:28.610 19964 19964 E ArmVmp : Match on catch block at 0xc3 in for 0xa9
01-22 22:27:28.615 19964 19964 E ArmVmp : Match on catch block at 0xc3 in for 0xa1
01-22 22:27:28.618 19964 19964 E ArmVmp : Match on catch block at 0xc3 in for 0xa1
01-22 22:27:29.017 19964 19964 E ArmVmp : Match on catch block at 0xc3 in for 0xa9
01-22 22:27:29.022 19964 19964 E ArmVmp : Match on catch block at 0xc3 in for 0xa1
01-22 22:27:29.026 19964 19964 E ArmVmp : Match on catch block at 0xc3 in for 0xa1
01-22 22:27:29.042 19964 19964 E ArmVmp : Match on catch block at 0xc3 in for 0xa1
01-22 22:27:29.045 19964 19964 E ArmVmp : Match on catch block at 0xc3 in for 0xa5
01-22 22:27:29.047 19964 19964 E ArmVmp : Match on catch block at 0xc3 in for 0xa5
01-22 22:27:29.059 19964 19964 E ArmVmp : Match on catch block at 0xc3 in for 0xa9
01-22 22:27:29.063 19964 19964 E ArmVmp : Match on catch block at 0xc3 in for 0xa1
01-22 22:27:29.065 19964 19964 E ArmVmp : Match on catch block at 0xc3 in for 0xa1
01-22 22:27:29.075 19964 19964 E ArmVmp : Match on catch block at 0xc3 in for 0xa5
01-22 22:27:29.078 19964 19964 E ArmVmp : Match on catch block at 0xc3 in for 0xa9
01-22 22:27:29.080 19964 19964 E ArmVmp : Match on catch block at 0xc3 in for 0xa9
01-22 22:27:29.092 19964 19964 E ArmVmp : Match on catch block at 0xc3 in for 0xa1
01-22 22:27:29.095 19964 19964 E ArmVmp : Match on catch block at 0xc3 in for 0xa5
01-22 22:27:29.097 19964 19964 E ArmVmp : Match on catch block at 0xc3 in for 0xa5
01-22 22:27:29.108 19964 19964 E ArmVmp : Match on catch block at 0xc3 in for 0xa9
01-22 22:27:29.113 19964 19964 E ArmVmp : Match on catch block at 0xc3 in for 0xa1
01-22 22:27:29.116 19964 19964 E ArmVmp : Match on catch block at 0xc3 in for 0xa1
01-22 22:27:29.125 19964 19964 E ArmVmp : Match on catch block at 0xc3 in for 0xa5
01-22 22:27:29.129 19964 19964 E ArmVmp : Match on catch block at 0xc3 in for 0xa9
01-22 22:27:29.131 19964 19964 E ArmVmp : Match on catch block at 0xc3 in for 0xa9
01-22 22:27:29.144 19964 19964 E ArmVmp : Match on catch block at 0xc3 in for 0xa1
01-22 22:27:29.148 19964 19964 E ArmVmp : Match on catch block at 0xc3 in for 0xa5
01-22 22:27:29.150 19964 19964 E ArmVmp : Match on catch block at 0xc3 in for 0xa5
01-22 22:27:29.158 19964 19964 E ArmVmp : Match on catch block at 0xc3 in for 0xa9
01-22 22:27:29.161 19964 19964 E ArmVmp : Match on catch block at 0xc3 in for 0xa1
01-22 22:27:29.163 19964 19964 E ArmVmp : Match on catch block at 0xc3 in for 0xa1
01-22 22:27:29.175 19964 19964 E ArmVmp : Match on catch block at 0xc3 in for 0xa5
01-22 22:27:29.178 19964 19964 E ArmVmp : Match on catch block at 0xc3 in for 0xa9
01-22 22:27:29.180 19964 19964 E ArmVmp : Match on catch block at 0xc3 in for 0xa9
01-22 22:27:29.192 19964 19964 E ArmVmp : Match on catch block at 0xc3 in for 0xa1
01-22 22:27:29.195 19964 19964 E ArmVmp : Match on catch block at 0xc3 in for 0xa5
01-22 22:27:29.198 19964 19964 E ArmVmp : Match on catch block at 0xc3 in for 0xa5
01-22 22:27:29.208 19964 19964 E ArmVmp : Match on catch block at 0xc3 in for 0xa9
01-22 22:27:29.213 19964 19964 E ArmVmp : Match on catch block at 0xc3 in for 0xa1
01-22 22:27:29.215 19964 19964 E ArmVmp : Match on catch block at 0xc3 in for 0xa1
01-22 22:27:29.225 19964 19964 E ArmVmp : Match on catch block at 0xc3 in for 0xa5
01-22 22:27:29.229 19964 19964 E ArmVmp : Match on catch block at 0xc3 in for 0xa9
01-22 22:27:29.232 19964 19964 E ArmVmp : Match on catch block at 0xc3 in for 0xa9
01-22 22:27:29.308 19964 19964 E ArmVmp : Match on catch block at 0xc3 in for 0xa9
01-22 22:27:29.313 19964 19964 E ArmVmp : Match on catch block at 0xc3 in for 0xa1
01-22 22:27:29.316 19964 19964 E ArmVmp : Match on catch block at 0xc3 in for 0xa1
01-22 22:27:29.741 19964 19964 E ArmVmp : Match on catch block at 0xc3 in for 0xa5
01-22 22:27:29.745 19964 19964 E ArmVmp : Match on catch block at 0xc3 in for 0xa9
01-22 22:27:29.746 19964 19964 E ArmVmp : Match on catch block at 0xc3 in for 0xa9
01-22 22:27:29.758 19964 19964 E ArmVmp : Match on catch block at 0xc3 in for 0xa1
01-22 22:27:29.761 19964 19964 E ArmVmp : Match on catch block at 0xc3 in for 0xa5
01-22 22:27:29.763 19964 19964 E ArmVmp : Match on catch block at 0xc3 in for 0xa5
01-22 22:27:29.775 19964 19964 E ArmVmp : Match on catch block at 0xc3 in for 0xa9
01-22 22:27:29.778 19964 19964 E ArmVmp : Match on catch block at 0xc3 in for 0xa1
01-22 22:27:29.780 19964 19964 E ArmVmp : Match on catch block at 0xc3 in for 0xa1
01-22 22:27:29.791 19964 19964 E ArmVmp : Match on catch block at 0xc3 in for 0xa5
01-22 22:27:29.795 19964 19964 E ArmVmp : Match on catch block at 0xc3 in for 0xa9
01-22 22:27:29.796 19964 19964 E ArmVmp : Match on catch block at 0xc3 in for 0xa9
01-22 22:27:29.809 19964 19964 E ArmVmp : Match on catch block at 0xc3 in for 0xa1
01-22 22:27:29.814 19964 19964 E ArmVmp : Match on catch block at 0xc3 in for 0xa5
01-22 22:27:29.817 19964 19964 E ArmVmp : Match on catch block at 0xc3 in for 0xa5
01-22 22:27:29.826 19964 19964 E ArmVmp : Match on catch block at 0xc3 in for 0xa9
01-22 22:27:29.831 19964 19964 E ArmVmp : Match on catch block at 0xc3 in for 0xa1
01-22 22:27:29.834 19964 19964 E ArmVmp : Match on catch block at 0xc3 in for 0xa1
01-22 22:27:29.843 19964 19964 E ArmVmp : Match on catch block at 0xc3 in for 0xa5
01-22 22:27:29.848 19964 19964 E ArmVmp : Match on catch block at 0xc3 in for 0xa9
01-22 22:27:29.851 19964 19964 E ArmVmp : Match on catch block at 0xc3 in for 0xa9
01-22 22:27:29.859 19964 19964 E ArmVmp : Match on catch block at 0xc3 in for 0xa1
01-22 22:27:29.864 19964 19964 E ArmVmp : Match on catch block at 0xc3 in for 0xa5
01-22 22:27:29.867 19964 19964 E ArmVmp : Match on catch block at 0xc3 in for 0xa5
01-22 22:27:29.876 19964 19964 E ArmVmp : Match on catch block at 0xc3 in for 0xa9
01-22 22:27:29.881 19964 19964 E ArmVmp : Match on catch block at 0xc3 in for 0xa1
01-22 22:27:29.884 19964 19964 E ArmVmp : Match on catch block at 0xc3 in for 0xa1
01-22 22:27:29.892 19964 19964 E ArmVmp : Match on catch block at 0xc3 in for 0xa5
01-22 22:27:29.897 19964 19964 E ArmVmp : Match on catch block at 0xc3 in for 0xa9
01-22 22:27:29.900 19964 19964 E ArmVmp : Match on catch block at 0xc3 in for 0xa9
01-22 22:27:29.909 19964 19964 E ArmVmp : Match on catch block at 0xc3 in for 0xa1
01-22 22:27:29.912 19964 19964 E ArmVmp : Match on catch block at 0xc3 in for 0xa5
01-22 22:27:29.914 19964 19964 E ArmVmp : Match on catch block at 0xc3 in for 0xa5
01-22 22:27:29.925 19964 19964 E ArmVmp : Match on catch block at 0xc3 in for 0xa9
01-22 22:27:29.928 19964 19964 E ArmVmp : Match on catch block at 0xc3 in for 0xa1
01-22 22:27:29.930 19964 19964 E ArmVmp : Match on catch block at 0xc3 in for 0xa1
01-22 22:27:29.942 19964 19964 E ArmVmp : Match on catch block at 0xc3 in for 0xa5
01-22 22:27:29.945 19964 19964 E ArmVmp : Match on catch block at 0xc3 in for 0xa9
01-22 22:27:29.947 19964 19964 E ArmVmp : Match on catch block at 0xc3 in for 0xa9
01-22 22:27:29.958 19964 19964 E ArmVmp : Match on catch block at 0xc3 in for 0xa1
01-22 22:27:29.962 19964 19964 E ArmVmp : Match on catch block at 0xc3 in for 0xa5
01-22 22:27:29.963 19964 19964 E ArmVmp : Match on catch block at 0xc3 in for 0xa5
01-22 22:27:29.975 19964 19964 E ArmVmp : Match on catch block at 0xc3 in for 0xa9
01-22 22:27:29.978 19964 19964 E ArmVmp : Match on catch block at 0xc3 in for 0xa1
01-22 22:27:29.980 19964 19964 E ArmVmp : Match on catch block at 0xc3 in for 0xa1
01-22 22:27:29.992 19964 19964 E ArmVmp : Match on catch block at 0xc3 in for 0xa5
01-22 22:27:29.995 19964 19964 E ArmVmp : Match on catch block at 0xc3 in for 0xa9
01-22 22:27:29.997 19964 19964 E ArmVmp : Match on catch block at 0xc3 in for 0xa9
01-22 22:27:30.011 19964 19964 E ArmVmp : Match on catch block at 0xc3 in for 0xa1
01-22 22:27:30.013 19964 19964 E ArmVmp : Match on catch block at 0xc3 in for 0xa5
01-22 22:27:30.017 19964 19964 E ArmVmp : Match on catch block at 0xc3 in for 0xa5
01-22 22:27:30.375 19964 19964 E ArmVmp : Match on catch block at 0xc3 in for 0xa9
01-22 22:27:30.378 19964 19964 E ArmVmp : Match on catch block at 0xc3 in for 0xa1
01-22 22:27:30.380 19964 19964 E ArmVmp : Match on catch block at 0xc3 in for 0xa1
01-22 22:27:30.609 19964 19964 E ArmVmp : Match on catch block at 0xc3 in for 0xa5
01-22 22:27:30.612 19964 19964 E ArmVmp : Match on catch block at 0xc3 in for 0xa9
01-22 22:27:30.614 19964 19964 E ArmVmp : Match on catch block at 0xc3 in for 0xa9
01-22 22:27:30.959 19964 19964 E ArmVmp : Match on catch block at 0xc3 in for 0xa1
01-22 22:27:30.962 19964 19964 E ArmVmp : Match on catch block at 0xc3 in for 0xa5
01-22 22:27:30.964 19964 19964 E ArmVmp : Match on catch block at 0xc3 in for 0xa5
01-22 22:27:30.979 19964 19964 E ArmVmp : Match on catch block at 0xc3 in for 0xa1
01-22 22:27:30.982 19964 19964 E ArmVmp : Match on catch block at 0xc3 in for 0xa5
01-22 22:27:30.985 19964 19964 E ArmVmp : Match on catch block at 0xc3 in for 0xa5
01-22 22:27:31.000 19964 19964 E ArmVmp : Match on catch block at 0xc3 in for 0xa9
01-22 22:27:31.004 19964 19964 E ArmVmp : Match on catch block at 0xc3 in for 0xa1
01-22 22:27:31.042 19964 19964 E ArmVmp : Match on catch block at 0xc3 in for 0xa1
01-22 22:27:31.045 19964 19964 E ArmVmp : Match on catch block at 0xc3 in for 0xa5
01-22 22:27:31.058 19964 19964 E ArmVmp : Match on catch block at 0xc3 in for 0xa9
01-22 22:27:31.061 19964 19964 E ArmVmp : Match on catch block at 0xc3 in for 0xa1
01-22 22:27:31.074 19964 19964 E ArmVmp : Match on catch block at 0xc3 in for 0xa1
01-22 22:27:31.077 19964 19964 E ArmVmp : Match on catch block at 0xc3 in for 0xa5
01-22 22:27:31.091 19964 19964 E ArmVmp : Match on catch block at 0xc3 in for 0xa1
01-22 22:27:31.095 19964 19964 E ArmVmp : Match on catch block at 0xc3 in for 0xa5
01-22 22:27:31.108 19964 19964 E ArmVmp : Match on catch block at 0xc3 in for 0xa1
01-22 22:27:31.111 19964 19964 E ArmVmp : Match on catch block at 0xc3 in for 0xa5
01-22 22:27:31.125 19964 19964 E ArmVmp : Match on catch block at 0xc3 in for 0xa1
01-22 22:27:31.128 19964 19964 E ArmVmp : Match on catch block at 0xc3 in for 0xa5
01-22 22:27:31.141 19964 19964 E ArmVmp : Match on catch block at 0xc3 in for 0xa1
01-22 22:27:31.144 19964 19964 E ArmVmp : Match on catch block at 0xc3 in for 0xa5
01-22 22:27:31.158 19964 19964 E ArmVmp : Match on catch block at 0xc3 in for 0xa1
01-22 22:27:31.161 19964 19964 E ArmVmp : Match on catch block at 0xc3 in for 0xa5
01-22 22:27:31.175 19964 19964 E ArmVmp : Match on catch block at 0xc3 in for 0xa1
01-22 22:27:31.179 19964 19964 E ArmVmp : Match on catch block at 0xc3 in for 0xa5
01-22 22:27:31.244 19964 19964 E ArmVmp : Match on catch block at 0xc3 in for 0xa1
01-22 22:27:31.247 19964 19964 E ArmVmp : Match on catch block at 0xc3 in for 0xa5
01-22 22:27:31.252 19964 20047 W MediaPlayer: Use of stream types is deprecated for
operations other than volume control
01-22 22:27:31.252 19964 20047 W MediaPlayer: See the documentation of
setAudioStreamType() for what to use instead with android.media.AudioAttributes to
qualify your playback use case
01-22 22:27:31.258 19964 19964 E ArmVmp : Match on catch block at 0xc3 in for 0xa9
01-22 22:27:31.263 19964 19964 E ArmVmp : Match on catch block at 0xc3 in for 0xa1
01-22 22:27:31.492 19964 19964 E ArmVmp : Match on catch block at 0xc3 in for 0xa9
01-22 22:27:31.497 19964 19964 E ArmVmp : Match on catch block at 0xc3 in for 0xa1
01-22 22:27:31.763 19964 19964 E ArmVmp : Match on catch block at 0xc3 in for 0xa9
01-22 22:27:31.769 19964 19964 E ArmVmp : Match on catch block at 0xc3 in for 0xa1
01-22 22:27:31.787 19964 19964 E ArmVmp : Match on catch block at 0xc3 in for 0xa9
01-22 22:27:31.792 19964 19964 E ArmVmp : Match on catch block at 0xc3 in for 0xa1
01-22 22:27:31.816 19964 19964 E ArmVmp : Match on catch block at 0xc3 in for 0xa5
01-22 22:27:31.824 19964 19964 E ArmVmp : Match on catch block at 0xc3 in for 0xa9
01-22 22:27:31.996 19964 19964 E ArmVmp : Match on catch block at 0xc3 in for 0xa5
01-22 22:27:32.006 19964 19964 E ArmVmp : Match on catch block at 0xc3 in for 0xa9
01-22 22:27:32.497 19964 19964 E ArmVmp : Match on catch block at 0xc3 in for 0xa9
01-22 22:27:32.506 19964 19964 E ArmVmp : Match on catch block at 0xc3 in for 0xa1
01-22 22:27:32.647 19964 19964 E ArmVmp : Match on catch block at 0xc3 in for 0xa1
01-22 22:27:32.650 19964 19964 E ArmVmp : Match on catch block at 0xc3 in for 0xa5
01-22 22:27:32.659 19964 19964 E ArmVmp : Match on catch block at 0xc3 in for 0xa1
01-22 22:27:32.662 19964 19964 E ArmVmp : Match on catch block at 0xc3 in for 0xa5
01-22 22:27:32.744 19964 19964 E ArmVmp : Match on catch block at 0xc3 in for 0xa9
01-22 22:27:32.747 19964 19964 E ArmVmp : Match on catch block at 0xc3 in for 0xa1
01-22 22:27:32.758 19964 19964 E ArmVmp : Match on catch block at 0xc3 in for 0xa9
01-22 22:27:32.762 19964 19964 E ArmVmp : Match on catch block at 0xc3 in for 0xa1
01-22 22:27:32.809 19964 19964 E ArmVmp : Match on catch block at 0xc3 in for 0xa9
01-22 22:27:32.812 19964 19964 E ArmVmp : Match on catch block at 0xc3 in for 0xa1
01-22 22:27:32.875 19964 19964 E ArmVmp : Match on catch block at 0xc3 in for 0xa5
01-22 22:27:32.880 19964 19964 E ArmVmp : Match on catch block at 0xc3 in for 0xa9
01-22 22:27:33.217 19964 19964 E ArmVmp : Match on catch block at 0xc3 in for 0xa5
01-22 22:27:33.220 19964 19964 E ArmVmp : Match on catch block at 0xc3 in for 0xa9
01-22 22:27:35.903 19964 19964 E ArmVmp : Match on catch block at 0x0a in for 0xc9
01-22 22:27:35.906 19964 19964 E ArmVmp : Match on catch block at 0x0a in for 0xc5
01-22 22:27:36.127 19964 19964 E ArmVmp : Match on catch block at 0xc3 in for 0xb1
01-22 22:27:36.132 19964 19964 E ArmVmp : Match on catch block at 0xc3 in for 0xb1
01-22 22:27:36.201 19964 19964 E ArmVmp : Match on catch block at 0xc3 in for 0xa9
01-22 22:27:36.204 19964 19964 E ArmVmp : Match on catch block at 0xc3 in for 0xa1
01-22 22:27:36.207 19964 19964 E ArmVmp : Match on catch block at 0xc3 in for 0xa1
01-22 22:27:36.253 19964 19964 E ArmVmp : Match on catch block at 0xc3 in for 0xa5
01-22 22:27:36.256 19964 19964 E ArmVmp : Match on catch block at 0xc3 in for 0xa9
01-22 22:27:36.258 19964 19964 E ArmVmp : Match on catch block at 0xc3 in for 0xa9
01-22 22:27:36.328 19964 19964 E ArmVmp : Match on catch block at 0xc3 in for 0xa9
01-22 22:27:36.332 19964 19964 E ArmVmp : Match on catch block at 0xc3 in for 0xa1
01-22 22:27:36.334 19964 19964 E ArmVmp : Match on catch block at 0xc3 in for 0xa1
01-22 22:27:36.759 19964 19964 E ArmVmp : Match on catch block at 0xc3 in for 0xa9
01-22 22:27:36.766 19964 19964 E ArmVmp : Match on catch block at 0xc3 in for 0xa1
01-22 22:27:36.770 19964 19964 E ArmVmp : Match on catch block at 0xc3 in for 0xa1
01-22 22:27:36.777 19964 19964 E ArmVmp : Match on catch block at 0xc3 in for 0xa1
01-22 22:27:36.781 19964 19964 E ArmVmp : Match on catch block at 0xc3 in for 0xa5
01-22 22:27:36.783 19964 19964 E ArmVmp : Match on catch block at 0xc3 in for 0xa5
01-22 22:27:36.792 19964 19964 E ArmVmp : Match on catch block at 0xc3 in for 0xa9
01-22 22:27:36.796 19964 19964 E ArmVmp : Match on catch block at 0xc3 in for 0xa1
01-22 22:27:36.798 19964 19964 E ArmVmp : Match on catch block at 0xc3 in for 0xa1
01-22 22:27:36.807 19964 19964 E ArmVmp : Match on catch block at 0xc3 in for 0xa5
01-22 22:27:36.812 19964 19964 E ArmVmp : Match on catch block at 0xc3 in for 0xa9
01-22 22:27:36.815 19964 19964 E ArmVmp : Match on catch block at 0xc3 in for 0xa9
01-22 22:27:36.824 19964 19964 E ArmVmp : Match on catch block at 0xc3 in for 0xa5
01-22 22:27:36.830 19964 19964 E ArmVmp : Match on catch block at 0xc3 in for 0xa9
01-22 22:27:36.835 19964 19964 E ArmVmp : Match on catch block at 0xc3 in for 0xa9
01-22 22:27:36.842 19964 19964 E ArmVmp : Match on catch block at 0xc3 in for 0xa5
01-22 22:27:36.848 19964 19964 E ArmVmp : Match on catch block at 0xc3 in for 0xa9
01-22 22:27:36.851 19964 19964 E ArmVmp : Match on catch block at 0xc3 in for 0xa9
01-22 22:27:36.865 19964 19964 E ArmVmp : Match on catch block at 0xc3 in for 0xa9
01-22 22:27:36.868 19964 19964 E ArmVmp : Match on catch block at 0xc3 in for 0xa1
01-22 22:27:36.870 19964 19964 E ArmVmp : Match on catch block at 0xc3 in for 0xa1
01-22 22:27:36.876 19964 19964 E ArmVmp : Match on catch block at 0xc3 in for 0xa5
01-22 22:27:36.878 19964 19964 E ArmVmp : Match on catch block at 0xc3 in for 0xa9
01-22 22:27:36.881 19964 19964 E ArmVmp : Match on catch block at 0xc3 in for 0xa9
01-22 22:27:36.890 19964 19964 E ArmVmp : Match on catch block at 0xc3 in for 0xa1
01-22 22:27:36.893 19964 19964 E ArmVmp : Match on catch block at 0xc3 in for 0xa5
01-22 22:27:36.895 19964 19964 E ArmVmp : Match on catch block at 0xc3 in for 0xa5
01-22 22:27:36.908 19964 19964 E ArmVmp : Match on catch block at 0xc3 in for 0xa9
01-22 22:27:36.911 19964 19964 E ArmVmp : Match on catch block at 0xc3 in for 0xa1
01-22 22:27:36.914 19964 19964 E ArmVmp : Match on catch block at 0xc3 in for 0xa1
01-22 22:27:36.924 19964 19964 E ArmVmp : Match on catch block at 0xc3 in for 0xa5
01-22 22:27:36.928 19964 19964 E ArmVmp : Match on catch block at 0xc3 in for 0xa9
01-22 22:27:36.932 19964 19964 E ArmVmp : Match on catch block at 0xc3 in for 0xa9
01-22 22:27:36.940 19964 19964 E ArmVmp : Match on catch block at 0xc3 in for 0xa1
01-22 22:27:36.944 19964 19964 E ArmVmp : Match on catch block at 0xc3 in for 0xa5
01-22 22:27:36.948 19964 19964 E ArmVmp : Match on catch block at 0xc3 in for 0xa5
01-22 22:27:36.957 19964 19964 E ArmVmp : Match on catch block at 0xc3 in for 0xa9
01-22 22:27:36.961 19964 19964 E ArmVmp : Match on catch block at 0xc3 in for 0xa1
01-22 22:27:36.963 19964 19964 E ArmVmp : Match on catch block at 0xc3 in for 0xa1
01-22 22:27:36.975 19964 19964 E ArmVmp : Match on catch block at 0xc3 in for 0xa5
01-22 22:27:36.980 19964 19964 E ArmVmp : Match on catch block at 0xc3 in for 0xa9
01-22 22:27:36.982 19964 19964 E ArmVmp : Match on catch block at 0xc3 in for 0xa9
01-22 22:27:37.006 19964 19964 E ArmVmp : Match on catch block at 0xc3 in for 0xa9
01-22 22:27:37.009 19964 19964 E ArmVmp : Match on catch block at 0xc3 in for 0xa1
01-22 22:27:37.011 19964 19964 E ArmVmp : Match on catch block at 0xc3 in for 0xa1
01-22 22:27:37.027 19964 19964 E ArmVmp : Match on catch block at 0xc3 in for 0xa5
01-22 22:27:37.030 19964 19964 E ArmVmp : Match on catch block at 0xc3 in for 0xa9
01-22 22:27:37.033 19964 19964 E ArmVmp : Match on catch block at 0xc3 in for 0xa9
01-22 22:27:37.050 19964 19964 E ArmVmp : Match on catch block at 0xc3 in for 0xa1
01-22 22:27:37.053 19964 19964 E ArmVmp : Match on catch block at 0xc3 in for 0xa5
01-22 22:27:37.055 19964 19964 E ArmVmp : Match on catch block at 0xc3 in for 0xa5
01-22 22:27:37.074 19964 19964 E ArmVmp : Match on catch block at 0xc3 in for 0xa9
01-22 22:27:37.078 19964 19964 E ArmVmp : Match on catch block at 0xc3 in for 0xa1
01-22 22:27:37.081 19964 19964 E ArmVmp : Match on catch block at 0xc3 in for 0xa1
01-22 22:27:37.291 19964 19964 E ArmVmp : Match on catch block at 0xc3 in for 0xa5
01-22 22:27:37.294 19964 19964 E ArmVmp : Match on catch block at 0xc3 in for 0xa9
01-22 22:27:37.298 19964 19964 E ArmVmp : Match on catch block at 0xc3 in for 0xa9
01-22 22:27:37.790 19964 19964 E ArmVmp : Match on catch block at 0xc3 in for 0xa1
01-22 22:27:37.793 19964 19964 E ArmVmp : Match on catch block at 0xc3 in for 0xa5
01-22 22:27:37.795 19964 19964 E ArmVmp : Match on catch block at 0xc3 in for 0xa5
01-22 22:27:37.810 19964 19964 E ArmVmp : Match on catch block at 0xc3 in for 0xa1
01-22 22:27:37.815 19964 19964 E ArmVmp : Match on catch block at 0xc3 in for 0xa5
01-22 22:27:37.828 19964 19964 E ArmVmp : Match on catch block at 0xc3 in for 0xa5
01-22 22:27:37.833 19964 19964 E ArmVmp : Match on catch block at 0xc3 in for 0xa9
01-22 22:27:37.836 19964 19964 E ArmVmp : Match on catch block at 0xc3 in for 0xa9
01-22 22:27:37.840 19964 19964 E ArmVmp : Match on catch block at 0xc3 in for 0xa1
01-22 22:27:37.846 19964 19964 E ArmVmp : Match on catch block at 0xc3 in for 0xa5
01-22 22:27:37.849 19964 19964 E ArmVmp : Match on catch block at 0xc3 in for 0xa5
01-22 22:27:37.857 19964 19964 E ArmVmp : Match on catch block at 0xc3 in for 0xa9
01-22 22:27:37.860 19964 19964 E ArmVmp : Match on catch block at 0xc3 in for 0xa1
01-22 22:27:37.862 19964 19964 E ArmVmp : Match on catch block at 0xc3 in for 0xa1
01-22 22:27:37.873 19964 19964 E ArmVmp : Match on catch block at 0xc3 in for 0xa5
01-22 22:27:37.876 19964 19964 E ArmVmp : Match on catch block at 0xc3 in for 0xa9
01-22 22:27:37.878 19964 19964 E ArmVmp : Match on catch block at 0xc3 in for 0xa9
01-22 22:27:37.890 19964 19964 E ArmVmp : Match on catch block at 0xc3 in for 0xa1
01-22 22:27:37.892 19964 19964 E ArmVmp : Match on catch block at 0xc3 in for 0xa5
01-22 22:27:37.895 19964 19964 E ArmVmp : Match on catch block at 0xc3 in for 0xa5
01-22 22:27:37.906 19964 19964 E ArmVmp : Match on catch block at 0xc3 in for 0xa9
01-22 22:27:37.909 19964 19964 E ArmVmp : Match on catch block at 0xc3 in for 0xa1
01-22 22:27:37.912 19964 19964 E ArmVmp : Match on catch block at 0xc3 in for 0xa1
01-22 22:27:37.923 19964 19964 E ArmVmp : Match on catch block at 0xc3 in for 0xa5
01-22 22:27:37.926 19964 19964 E ArmVmp : Match on catch block at 0xc3 in for 0xa9
01-22 22:27:37.929 19964 19964 E ArmVmp : Match on catch block at 0xc3 in for 0xa9
01-22 22:27:37.942 19964 19964 E ArmVmp : Match on catch block at 0xc3 in for 0xa1
01-22 22:27:37.945 19964 19964 E ArmVmp : Match on catch block at 0xc3 in for 0xa5
01-22 22:27:37.947 19964 19964 E ArmVmp : Match on catch block at 0xc3 in for 0xa5
01-22 22:27:37.956 19964 19964 E ArmVmp : Match on catch block at 0xc3 in for 0xa9
01-22 22:27:37.959 19964 19964 E ArmVmp : Match on catch block at 0xc3 in for 0xa1
01-22 22:27:37.961 19964 19964 E ArmVmp : Match on catch block at 0xc3 in for 0xa1
01-22 22:27:37.973 19964 19964 E ArmVmp : Match on catch block at 0xc3 in for 0xa5
