android.app.Instrumentation.newApplication(Instrumentation.java:1158)
01-22 22:16:28.753 13886 13886 W System.err: at
android.app.LoadedApk.makeApplication(LoadedApk.java:1244)
01-22 22:16:28.753 13886 13886 W System.err: at
android.app.ActivityThread.handleBindApplication(ActivityThread.java:7092)
01-22 22:16:28.753 13886 13886 W System.err: at
android.app.ActivityThread.access$1600(ActivityThread.java:268)
01-22 22:16:28.753 13886 13886 W System.err: at
android.app.ActivityThread$H.handleMessage(ActivityThread.java:2056)
01-22 22:16:28.753 13886 13886 W System.err: at
android.os.Handler.dispatchMessage(Handler.java:106)
01-22 22:16:28.753 13886 13886 W System.err: at
android.os.Looper.loop(Looper.java:268)
01-22 22:16:28.753 13886 13886 W System.err: at
android.app.ActivityThread.main(ActivityThread.java:8101)
01-22 22:16:28.753 13886 13886 W System.err: at
java.lang.reflect.Method.invoke(Native Method)
01-22 22:16:28.753 13886 13886 W System.err: at
com.android.internal.os.RuntimeInit$MethodAndArgsCaller.run(RuntimeInit.java:627)
01-22 22:16:28.753 13886 13886 W System.err: at
com.android.internal.os.ZygoteInit.main(ZygoteInit.java:997)
01-22 22:16:28.773 13886 13886 E libc : Access denied finding property
"ro.vendor.pref_scale_resolution"
01-22 22:16:28.784 13886 13886 E CustomActivityOnCrash: IMPORTANT WARNING! You
already have an UncaughtExceptionHandler, are you sure this is correct? If you use
a custom UncaughtExceptionHandler, you must initialize it AFTER
CustomActivityOnCrash! Installing anyway, but your original handler will not be
called.
01-22 22:16:28.797 13886 13908 E ion : ioctl c0044901 failed with code -1:
Invalid argument
01-22 22:16:28.841 13886 13908 W AsyncDrawableCache: can not found res: 2131233001,
maybe dynamic res id.
01-22 22:16:28.914 13886 13913 W LibraryVersion: Failed to get app version for
libraryName: firebase-iid
01-22 22:16:29.383 13886 13886 W com.mbwhatsapp: Accessing hidden method
Lcom/android/org/conscrypt/OpenSSLSocketImpl;->setUseSessionTickets(Z)V (greylist-
max-q,test-api, reflection, denied)
01-22 22:16:29.384 13886 13886 W com.mbwhatsapp: Accessing hidden method
Lcom/android/org/conscrypt/AbstractConscryptSocket;->setUseSessionTickets(Z)V
(greylist-max-q, reflection, denied)
01-22 22:16:29.416 13886 13886 W com.mbwhatsapp: type=1400 audit(0.0:240581): avc:
granted { execute } for
path="/data/data/com.mbwhatsapp/files/decompressed/libs.spk.zst/libc++_shared.so"
dev="dm-10" ino=1058237 scontext=u:r:untrusted_app:s0:c72,c256,c512,c768
tcontext=u:object_r:app_data_file:s0:c72,c256,c512,c768 tclass=file
app=com.mbwhatsapp
01-22 22:16:29.420 13886 13886 W linker : Warning:
"/data/data/com.mbwhatsapp/files/decompressed/libs.spk.zst/libc++_shared.so" unused
DT entry: unknown processor-specific (type 0x70000001 arg 0x0) (ignoring)
01-22 22:16:29.424 13886 13886 W com.mbwhatsapp: type=1400 audit(0.0:240582): avc:
granted { execute } for
path="/data/data/com.mbwhatsapp/files/decompressed/libs.spk.zst/libvlc.so" dev="dm-
10" ino=959705 scontext=u:r:untrusted_app:s0:c72,c256,c512,c768
tcontext=u:object_r:app_data_file:s0:c72,c256,c512,c768 tclass=file
app=com.mbwhatsapp
01-22 22:16:29.432 13886 13886 W com.mbwhatsapp: type=1400 audit(0.0:240583): avc:
granted { execute } for
path="/data/data/com.mbwhatsapp/files/decompressed/libs.spk.zst/libwhatsapp.so"
dev="dm-10" ino=960069 scontext=u:r:untrusted_app:s0:c72,c256,c512,c768
tcontext=u:object_r:app_data_file:s0:c72,c256,c512,c768 tclass=file
app=com.mbwhatsapp
01-22 22:16:29.476 13886 13886 W com.mbwhatsapp: type=1400 audit(0.0:240584): avc:
granted { execute } for
path="/data/data/com.mbwhatsapp/files/decompressed/libs.spk.zst/libcurve25519.so"
dev="dm-10" ino=958855 scontext=u:r:untrusted_app:s0:c72,c256,c512,c768
tcontext=u:object_r:app_data_file:s0:c72,c256,c512,c768 tclass=file
app=com.mbwhatsapp
01-22 22:16:29.488 13886 13886 W com.mbwhatsapp: type=1400 audit(0.0:240585): avc:
granted { execute } for
path="/data/data/com.mbwhatsapp/files/decompressed/libs.spk.zst/libwhatsapp.so"
dev="dm-10" ino=960069 scontext=u:r:untrusted_app:s0:c72,c256,c512,c768
tcontext=u:object_r:app_data_file:s0:c72,c256,c512,c768 tclass=file
app=com.mbwhatsapp
01-22 22:16:29.557 13886 13953 W com.mbwhatsapp: Class X.2rL failed lock
verification and will run slower.
01-22 22:16:29.557 13886 13953 W com.mbwhatsapp: Common causes for lock
verification issues are non-optimized dex code
01-22 22:16:29.557 13886 13953 W com.mbwhatsapp: and incorrect proguard
optimizations.
01-22 22:16:29.795 13886 13886 W com.mbwhatsapp: Class X.0eU failed lock
verification and will run slower.
--------- beginning of system
01-22 22:16:29.947 13886 13974 W System : ClassLoader referenced unknown path:
system/framework/mediatek-cta.jar
01-22 22:16:29.959 13886 13886 W com.mbwhatsapp: Class com.mbwhatsapp.HomeActivity
failed lock verification and will run slower.
01-22 22:16:30.061 13886 13970 W System : ClassLoader referenced unknown path:
system/framework/mediatek-cta.jar
01-22 22:16:30.202 13886 13886 E ArmVmp : Match on catch block at 0x0a in for 0xc5
01-22 22:16:30.220 13886 13886 E ArmVmp : Match on catch block at 0x0a in for
0x139
01-22 22:16:30.286 13886 14012 W com.mbwhatsapp: Accessing hidden method
Lcom/android/org/conscrypt/ConscryptEngineSocket;->setUseSessionTickets(Z)V
(greylist-max-q,test-api, reflection, denied)
01-22 22:16:30.286 13886 14012 W com.mbwhatsapp: Accessing hidden method
Lcom/android/org/conscrypt/OpenSSLSocketImpl;->setUseSessionTickets(Z)V (greylist-
max-q,test-api, reflection, denied)
01-22 22:16:30.286 13886 14012 W com.mbwhatsapp: Accessing hidden method
Lcom/android/org/conscrypt/AbstractConscryptSocket;->setUseSessionTickets(Z)V
(greylist-max-q, reflection, denied)
01-22 22:16:30.286 13886 14012 W com.mbwhatsapp: Accessing hidden method
Lcom/android/org/conscrypt/ConscryptEngineSocket;->setHostname(Ljava/lang/String;)V
(greylist-max-q,test-api, reflection, denied)
01-22 22:16:30.286 13886 14012 W com.mbwhatsapp: Accessing hidden method
Lcom/android/org/conscrypt/OpenSSLSocketImpl;->setHostname(Ljava/lang/String;)V
(greylist-max-q,test-api, reflection, denied)
01-22 22:16:30.286 13886 14012 W com.mbwhatsapp: Accessing hidden method
Lcom/android/org/conscrypt/AbstractConscryptSocket;->setHostname(Ljava/lang/
String;)V (greylist-max-q, reflection, denied)
01-22 22:16:30.287 13886 14012 W com.mbwhatsapp: Accessing hidden method
Lcom/android/org/conscrypt/OpenSSLSocketImpl;->setAlpnProtocols([B)V (greylist-max-
q,test-api, reflection, denied)
01-22 22:16:30.287 13886 14012 W com.mbwhatsapp: Accessing hidden method
Lcom/android/org/conscrypt/AbstractConscryptSocket;->setAlpnProtocols([B)V
(greylist-max-q, reflection, denied)
01-22 22:16:30.395 13886 13886 E libc : Access denied finding property
"ro.vendor.tgpa_resolution_tuner"
01-22 22:16:30.398 13886 13886 E libc : Access denied finding property
"ro.vendor.scaler_version"
01-22 22:16:30.399 13886 13886 E libc : Access denied finding property
"ro.vendor.scaler_version"
01-22 22:16:30.453 13886 14012 W com.mbwhatsapp: Accessing hidden method
Lcom/android/org/conscrypt/OpenSSLSocketImpl;->getAlpnSelectedProtocol()[B
(greylist-max-q,test-api, reflection, denied)
01-22 22:16:30.453 13886 14012 W com.mbwhatsapp: Accessing hidden method
Lcom/android/org/conscrypt/AbstractConscryptSocket;->getAlpnSelectedProtocol()[B
(greylist-max-q, reflection, denied)
01-22 22:16:30.875 13886 14070 E libc : Access denied finding property
"vendor.debug.drm.logv"
01-22 22:16:30.876 13886 14070 E libc : Access denied finding property
"vendor.debug.drm.logv"
01-22 22:16:30.877 13886 14070 E libc : Access denied finding property
"vendor.debug.drm.logd"
01-22 22:16:30.877 13886 14070 E libc : Access denied finding property
"vendor.debug.drm.logv"
01-22 22:16:31.195 13886 13886 E RecyclerView: No adapter attached; skipping layout
01-22 22:16:31.232 13886 13988 E ion : ioctl c0044901 failed with code -1:
Invalid argument
01-22 22:16:31.312 13886 13886 E RecyclerView: No adapter attached; skipping layout
01-22 22:16:31.342 13886 13886 E ArmVmp : Match on catch block at 0x0a in for 0xd1
01-22 22:16:31.491 13886 14098 W LOTTIE : Animation contains merge paths. Merge
paths are only supported on KitKat+ and must be manually enabled by calling
enableMergePathsForKitKatAndAbove().
01-22 22:16:31.685 13886 13886 W LOTTIE : Animation contains merge paths but they
are disabled.
01-22 22:16:32.193 13886 13886 E ArmVmp : Match on catch block at 0x5b in for 0x89
01-22 22:16:32.215 13886 13886 E ArmVmp : Match on catch block at 0x5b in for 0x89
01-22 22:16:43.737 13886 14201 E RenderScript: Failed loading RS driver: dlopen
failed: library "libRSDriver_mtk.so" not found
01-22 22:16:43.737 13886 14201 E RenderScript: Failed to load runtime
libRSDriver_mtk.so, loading default
01-22 22:16:43.919 13886 13886 E ArmVmp : Match on catch block at 0x0a in for 0xc5
01-22 22:16:43.923 13886 13886 E ArmVmp : Match on catch block at 0x0a in for 0xc5
01-22 22:16:44.152 13886 13886 W StickerImageFil: type=1400 audit(0.0:240633): avc:
granted { execute } for
path="/data/data/com.mbwhatsapp/files/decompressed/libs.spk.zst/libstatic-webp.so"
dev="dm-10" ino=960134 scontext=u:r:untrusted_app:s0:c72,c256,c512,c768
tcontext=u:object_r:app_data_file:s0:c72,c256,c512,c768 tclass=file
app=com.mbwhatsapp
01-22 22:16:44.285 13886 13886 E ArmVmp : Match on catch block at 0xc3 in for 0xb1
01-22 22:16:44.301 13886 13886 E ArmVmp : Match on catch block at 0xc3 in for 0xb9
01-22 22:16:44.308 13886 13886 E ArmVmp : Match on catch block at 0xc3 in for 0xb9
01-22 22:16:44.369 13886 13886 E ArmVmp : Match on catch block at 0xc3 in for 0xa9
01-22 22:16:44.373 13886 13886 E ArmVmp : Match on catch block at 0xc3 in for 0xa5
01-22 22:16:44.374 13886 13886 E ArmVmp : Match on catch block at 0xc3 in for 0xa5
01-22 22:16:44.390 13886 13886 E ArmVmp : Match on catch block at 0xc3 in for 0xa5
01-22 22:16:44.394 13886 13886 E ArmVmp : Match on catch block at 0xc3 in for 0xa9
01-22 22:16:44.398 13886 13886 E ArmVmp : Match on catch block at 0xc3 in for 0xa9
01-22 22:16:44.422 13886 13886 E ArmVmp : Match on catch block at 0xc3 in for 0xa1
01-22 22:16:44.426 13886 13886 E ArmVmp : Match on catch block at 0xc3 in for 0xa5
01-22 22:16:44.428 13886 13886 E ArmVmp : Match on catch block at 0xc3 in for 0xa5
01-22 22:16:44.780 13886 13886 E ArmVmp : Match on catch block at 0xc3 in for 0xa1
01-22 22:16:44.786 13886 13886 E ArmVmp : Match on catch block at 0xc3 in for 0xa5
01-22 22:16:44.789 13886 13886 E ArmVmp : Match on catch block at 0xc3 in for 0xa5
01-22 22:16:44.798 13886 13886 E ArmVmp : Match on catch block at 0xc3 in for 0xa9
01-22 22:16:44.802 13886 13886 E ArmVmp : Match on catch block at 0xc3 in for 0xa1
01-22 22:16:44.806 13886 13886 E ArmVmp : Match on catch block at 0xc3 in for 0xa1
01-22 22:16:44.813 13886 13886 E ArmVmp : Match on catch block at 0xc3 in for 0xa5
01-22 22:16:44.818 13886 13886 E ArmVmp : Match on catch block at 0xc3 in for 0xa9
01-22 22:16:44.822 13886 13886 E ArmVmp : Match on catch block at 0xc3 in for 0xa9
01-22 22:16:44.831 13886 13886 E ArmVmp : Match on catch block at 0xc3 in for 0xa1
01-22 22:16:44.836 13886 13886 E ArmVmp : Match on catch block at 0xc3 in for 0xa5
01-22 22:16:44.838 13886 13886 E ArmVmp : Match on catch block at 0xc3 in for 0xa5
01-22 22:16:44.848 13886 13886 E ArmVmp : Match on catch block at 0xc3 in for 0xa9
01-22 22:16:44.851 13886 13886 E ArmVmp : Match on catch block at 0xc3 in for 0xa1
01-22 22:16:44.853 13886 13886 E ArmVmp : Match on catch block at 0xc3 in for 0xa1
01-22 22:16:44.861 13886 13886 W Choreographer: Frame time is 0.233998 now =
249152419592925 timestampNanos = 249152419826923 ms in the future! Check that
graphics HAL is generating vsync timestamps using the correct timebase.
01-22 22:16:44.865 13886 13886 E ArmVmp : Match on catch block at 0xc3 in for 0xa5
01-22 22:16:44.868 13886 13886 E ArmVmp : Match on catch block at 0xc3 in for 0xa9
01-22 22:16:44.870 13886 13886 E ArmVmp : Match on catch block at 0xc3 in for 0xa9
01-22 22:16:44.880 13886 13886 E ArmVmp : Match on catch block at 0xc3 in for 0xa1
01-22 22:16:44.884 13886 13886 E ArmVmp : Match on catch block at 0xc3 in for 0xa5
01-22 22:16:44.886 13886 13886 E ArmVmp : Match on catch block at 0xc3 in for 0xa5
01-22 22:16:44.897 13886 13886 E ArmVmp : Match on catch block at 0xc3 in for 0xa9
01-22 22:16:44.900 13886 13886 E ArmVmp : Match on catch block at 0xc3 in for 0xa1
01-22 22:16:44.903 13886 13886 E ArmVmp : Match on catch block at 0xc3 in for 0xa1
01-22 22:16:44.913 13886 13886 E ArmVmp : Match on catch block at 0xc3 in for 0xa5
01-22 22:16:44.917 13886 13886 E ArmVmp : Match on catch block at 0xc3 in for 0xa9
01-22 22:16:44.920 13886 13886 E ArmVmp : Match on catch block at 0xc3 in for 0xa9
01-22 22:16:44.930 13886 13886 E ArmVmp : Match on catch block at 0xc3 in for 0xa1
01-22 22:16:44.934 13886 13886 E ArmVmp : Match on catch block at 0xc3 in for 0xa5
01-22 22:16:44.936 13886 13886 E ArmVmp : Match on catch block at 0xc3 in for 0xa5
01-22 22:16:44.947 13886 13886 E ArmVmp : Match on catch block at 0xc3 in for 0xa9
01-22 22:16:44.950 13886 13886 E ArmVmp : Match on catch block at 0xc3 in for 0xa1
01-22 22:16:44.954 13886 13886 E ArmVmp : Match on catch block at 0xc3 in for 0xa1
01-22 22:16:44.964 13886 13886 E ArmVmp : Match on catch block at 0xc3 in for 0xa5
01-22 22:16:44.970 13886 13886 E ArmVmp : Match on catch block at 0xc3 in for 0xa9
01-22 22:16:44.974 13886 13886 E ArmVmp : Match on catch block at 0xc3 in for 0xa9
01-22 22:16:44.982 13886 13886 E ArmVmp : Match on catch block at 0xc3 in for 0xa5
01-22 22:16:44.988 13886 13886 E ArmVmp : Match on catch block at 0xc3 in for 0xa9
01-22 22:16:44.992 13886 13886 E ArmVmp : Match on catch block at 0xc3 in for 0xa9
01-22 22:16:45.001 13886 13886 E ArmVmp : Match on catch block at 0xc3 in for 0xa1
01-22 22:16:45.006 13886 13886 E ArmVmp : Match on catch block at 0xc3 in for 0xa5
01-22 22:16:45.010 13886 13886 E ArmVmp : Match on catch block at 0xc3 in for 0xa5
01-22 22:16:45.032 13886 13886 E ArmVmp : Match on catch block at 0xc3 in for 0xa9
01-22 22:16:45.038 13886 13886 E ArmVmp : Match on catch block at 0xc3 in for 0xa1
01-22 22:16:45.041 13886 13886 E ArmVmp : Match on catch block at 0xc3 in for 0xa1
01-22 22:16:45.048 13886 13886 E ArmVmp : Match on catch block at 0xc3 in for 0xa1
01-22 22:16:45.054 13886 13886 E ArmVmp : Match on catch block at 0xc3 in for 0xa5
01-22 22:16:45.056 13886 13886 E ArmVmp : Match on catch block at 0xc3 in for 0xa5
01-22 22:16:45.063 13886 13886 E ArmVmp : Match on catch block at 0xc3 in for 0xa9
01-22 22:16:45.068 13886 13886 E ArmVmp : Match on catch block at 0xc3 in for 0xa1
01-22 22:16:45.072 13886 13886 E ArmVmp : Match on catch block at 0xc3 in for 0xa1
01-22 22:16:45.081 13886 13886 E ArmVmp : Match on catch block at 0xc3 in for 0xa5
01-22 22:16:45.084 13886 13886 E ArmVmp : Match on catch block at 0xc3 in for 0xa9
01-22 22:16:45.086 13886 13886 E ArmVmp : Match on catch block at 0xc3 in for 0xa9
01-22 22:16:45.155 13886 13886 E ArmVmp : Match on catch block at 0xc3 in for 0xa1
01-22 22:16:45.158 13886 13886 E ArmVmp : Match on catch block at 0xc3 in for 0xa5
01-22 22:16:45.160 13886 13886 E ArmVmp : Match on catch block at 0xc3 in for 0xa5
01-22 22:16:45.166 13886 13886 E ArmVmp : Match on catch block at 0xc3 in for 0xa9
01-22 22:16:45.169 13886 13886 E ArmVmp : Match on catch block at 0xc3 in for 0xa1
01-22 22:16:45.172 13886 13886 E ArmVmp : Match on catch block at 0xc3 in for 0xa1
01-22 22:16:45.220 13886 13886 E ArmVmp : Match on catch block at 0xc3 in for 0xa5
01-22 22:16:45.223 13886 13886 E ArmVmp : Match on catch block at 0xc3 in for 0xa9
01-22 22:16:45.227 13886 13886 E ArmVmp : Match on catch block at 0xc3 in for 0xa9
01-22 22:16:45.233 13886 13886 E ArmVmp : Match on catch block at 0xc3 in for 0xa1
01-22 22:16:45.236 13886 13886 E ArmVmp : Match on catch block at 0xc3 in for 0xa5
01-22 22:16:45.238 13886 13886 E ArmVmp : Match on catch block at 0xc3 in for 0xa5
01-22 22:16:45.304 13886 13886 E ArmVmp : Match on catch block at 0xc3 in for 0xa9
01-22 22:16:45.309 13886 13886 E ArmVmp : Match on catch block at 0xc3 in for 0xa1
01-22 22:16:45.311 13886 13886 E ArmVmp : Match on catch block at 0xc3 in for 0xa1
01-22 22:16:45.325 13886 13886 E ArmVmp : Match on catch block at 0xc3 in for 0xa5
01-22 22:16:45.328 13886 13886 E ArmVmp : Match on catch block at 0xc3 in for 0xa9
01-22 22:16:45.330 13886 13886 E ArmVmp : Match on catch block at 0xc3 in for 0xa9
01-22 22:16:45.441 13886 13886 E ArmVmp : Match on catch block at 0xc3 in for 0xa5
01-22 22:16:45.446 13886 13886 E ArmVmp : Match on catch block at 0xc3 in for 0xa9
01-22 22:16:45.448 13886 13886 E ArmVmp : Match on catch block at 0xc3 in for 0xa9
01-22 22:16:45.456 13886 13886 E ArmVmp : Match on catch block at 0xc3 in for 0xa1
01-22 22:16:45.459 13886 13886 E ArmVmp : Match on catch block at 0xc3 in for 0xa5
01-22 22:16:45.461 13886 13886 E ArmVmp : Match on catch block at 0xc3 in for 0xa5
01-22 22:16:45.903 13886 13886 E ArmVmp : Match on catch block at 0xc3 in for 0xa9
01-22 22:16:45.909 13886 13886 E ArmVmp : Match on catch block at 0xc3 in for 0xa1
01-22 22:16:45.913 13886 13886 E ArmVmp : Match on catch block at 0xc3 in for 0xa1
01-22 22:16:45.931 13886 13886 E ArmVmp : Match on catch block at 0xc3 in for 0xa1
01-22 22:16:45.938 13886 13886 E ArmVmp : Match on catch block at 0xc3 in for 0xa5
01-22 22:16:45.942 13886 13886 E ArmVmp : Match on catch block at 0xc3 in for 0xa5
01-22 22:16:45.948 13886 13886 E ArmVmp : Match on catch block at 0xc3 in for 0xa9
01-22 22:16:45.952 13886 13886 E ArmVmp : Match on catch block at 0xc3 in for 0xa1
01-22 22:16:45.957 13886 13886 E ArmVmp : Match on catch block at 0xc3 in for 0xa1
01-22 22:16:45.963 13886 13886 E ArmVmp : Match on catch block at 0xc3 in for 0xa5
01-22 22:16:45.967 13886 13886 E ArmVmp : Match on catch block at 0xc3 in for 0xa9
01-22 22:16:45.971 13886 13886 E ArmVmp : Match on catch block at 0xc3 in for 0xa9
01-22 22:16:45.981 13886 13886 E ArmVmp : Match on catch block at 0xc3 in for 0xa1
01-22 22:16:45.985 13886 13886 E ArmVmp : Match on catch block at 0xc3 in for 0xa5
01-22 22:16:45.987 13886 13886 E ArmVmp : Match on catch block at 0xc3 in for 0xa5
01-22 22:16:45.998 13886 13886 E ArmVmp : Match on catch block at 0xc3 in for 0xa9
01-22 22:16:46.002 13886 13886 E ArmVmp : Match on catch block at 0xc3 in for 0xa1
01-22 22:16:46.005 13886 13886 E ArmVmp : Match on catch block at 0xc3 in for 0xa1
01-22 22:16:46.016 13886 13886 E ArmVmp : Match on catch block at 0xc3 in for 0xa5
01-22 22:16:46.020 13886 13886 E ArmVmp : Match on catch block at 0xc3 in for 0xa9
01-22 22:16:46.024 13886 13886 E ArmVmp : Match on catch block at 0xc3 in for 0xa9
01-22 22:16:46.036 13886 13886 E ArmVmp : Match on catch block at 0xc3 in for 0xa1
01-22 22:16:46.040 13886 13886 E ArmVmp : Match on catch block at 0xc3 in for 0xa5
01-22 22:16:46.042 13886 13886 E ArmVmp : Match on catch block at 0xc3 in for 0xa5
01-22 22:16:46.047 13886 13886 E ArmVmp : Match on catch block at 0xc3 in for 0xa9
01-22 22:16:46.053 13886 13886 E ArmVmp : Match on catch block at 0xc3 in for 0xa1
01-22 22:16:46.056 13886 13886 E ArmVmp : Match on catch block at 0xc3 in for 0xa1
01-22 22:16:46.063 13886 13886 E ArmVmp : Match on catch block at 0xc3 in for 0xa5
01-22 22:16:46.066 13886 13886 E ArmVmp : Match on catch block at 0xc3 in for 0xa9
01-22 22:16:46.068 13886 13886 E ArmVmp : Match on catch block at 0xc3 in for 0xa9
01-22 22:16:46.080 13886 13886 E ArmVmp : Match on catch block at 0xc3 in for 0xa1
01-22 22:16:46.084 13886 13886 E ArmVmp : Match on catch block at 0xc3 in for 0xa5
01-22 22:16:46.086 13886 13886 E ArmVmp : Match on catch block at 0xc3 in for 0xa5
01-22 22:16:46.096 13886 13886 E ArmVmp : Match on catch block at 0xc3 in for 0xa9
01-22 22:16:46.100 13886 13886 E ArmVmp : Match on catch block at 0xc3 in for 0xa1
01-22 22:16:46.104 13886 13886 E ArmVmp : Match on catch block at 0xc3 in for 0xa1
01-22 22:16:46.113 13886 13886 E ArmVmp : Match on catch block at 0xc3 in for 0xa5
01-22 22:16:46.116 13886 13886 E ArmVmp : Match on catch block at 0xc3 in for 0xa9
01-22 22:16:46.119 13886 13886 E ArmVmp : Match on catch block at 0xc3 in for 0xa9
01-22 22:16:46.296 13886 13886 E ArmVmp : Match on catch block at 0xc3 in for 0xa1
01-22 22:16:46.300 13886 13886 E ArmVmp : Match on catch block at 0xc3 in for 0xa5
01-22 22:16:46.303 13886 13886 E ArmVmp : Match on catch block at 0xc3 in for 0xa5
01-22 22:16:46.363 13886 13886 E ArmVmp : Match on catch block at 0xc3 in for 0xa9
01-22 22:16:46.366 13886 13886 E ArmVmp : Match on catch block at 0xc3 in for 0xa1
01-22 22:16:46.368 13886 13886 E ArmVmp : Match on catch block at 0xc3 in for 0xa1
01-22 22:16:46.579 13886 13886 E ArmVmp : Match on catch block at 0xc3 in for 0xa5
01-22 22:16:46.582 13886 13886 E ArmVmp : Match on catch block at 0xc3 in for 0xa9
01-22 22:16:46.585 13886 13886 E ArmVmp : Match on catch block at 0xc3 in for 0xa9
01-22 22:16:46.648 13886 13886 E ArmVmp : Match on catch block at 0xc3 in for 0xa1
01-22 22:16:46.654 13886 13886 E ArmVmp : Match on catch block at 0xc3 in for 0xa5
01-22 22:16:46.658 13886 13886 E ArmVmp : Match on catch block at 0xc3 in for 0xa5
01-22 22:16:46.764 13886 13886 E ArmVmp : Match on catch block at 0xc3 in for 0xa9
01-22 22:16:46.770 13886 13886 E ArmVmp : Match on catch block at 0xc3 in for 0xa1
01-22 22:16:47.048 13886 13886 E ArmVmp : Match on catch block at 0xc3 in for 0xa1
01-22 22:16:47.055 13886 13886 E ArmVmp : Match on catch block at 0xc3 in for 0xa5
01-22 22:16:47.059 13886 13886 E ArmVmp : Match on catch block at 0xc3 in for 0xa5
01-22 22:16:47.067 13886 13886 E ArmVmp : Match on catch block at 0xc3 in for 0xa9
01-22 22:16:47.071 13886 13886 E ArmVmp : Match on catch block at 0xc3 in for 0xa1
01-22 22:16:47.075 13886 13886 E ArmVmp : Match on catch block at 0xc3 in for 0xa1
01-22 22:16:47.082 13886 13886 E ArmVmp : Match on catch block at 0xc3 in for 0xa5
01-22 22:16:47.088 13886 13886 E ArmVmp : Match on catch block at 0xc3 in for 0xa9
01-22 22:16:47.091 13886 13886 E ArmVmp : Match on catch block at 0xc3 in for 0xa9
01-22 22:16:47.096 13886 13886 E ArmVmp : Match on catch block at 0xc3 in for 0xa1
01-22 22:16:47.103 13886 13886 E ArmVmp : Match on catch block at 0xc3 in for 0xa5
01-22 22:16:47.105 13886 13886 E ArmVmp : Match on catch block at 0xc3 in for 0xa5
01-22 22:16:47.113 13886 13886 E ArmVmp : Match on catch block at 0xc3 in for 0xa9
01-22 22:16:47.116 13886 13886 E ArmVmp : Match on catch block at 0xc3 in for 0xa1
01-22 22:16:47.130 13886 13886 E ArmVmp : Match on catch block at 0xc3 in for 0xa1
01-22 22:16:47.133 13886 13886 E ArmVmp : Match on catch block at 0xc3 in for 0xa5
01-22 22:16:47.136 13886 13886 E ArmVmp : Match on catch block at 0xc3 in for 0xa5
01-22 22:16:47.197 13886 13886 E ArmVmp : Match on catch block at 0xc3 in for 0xa5
01-22 22:16:47.200 13886 13886 E ArmVmp : Match on catch block at 0xc3 in for 0xa9
01-22 22:16:47.202 13886 13886 E ArmVmp : Match on catch block at 0xc3 in for 0xa9
01-22 22:16:47.224 13886 13886 E ArmVmp : Match on catch block at 0xc3 in for 0xa9
01-22 22:16:47.227 13886 13886 E ArmVmp : Match on catch block at 0xc3 in for 0xa1
01-22 22:16:47.229 13886 13886 E ArmVmp : Match on catch block at 0xc3 in for 0xa1
01-22 22:16:47.257 13886 13886 E ArmVmp : Match on catch block at 0xc3 in for 0xa5
01-22 22:16:47.260 13886 13886 E ArmVmp : Match on catch block at 0xc3 in for 0xa9
01-22 22:16:47.262 13886 13886 E ArmVmp : Match on catch block at 0xc3 in for 0xa9
01-22 22:16:47.297 13886 13886 E ArmVmp : Match on catch block at 0xc3 in for 0xa9
01-22 22:16:47.301 13886 13886 E ArmVmp : Match on catch block at 0xc3 in for 0xa1
01-22 22:16:47.303 13886 13886 E ArmVmp : Match on catch block at 0xc3 in for 0xa1
01-22 22:16:47.316 13886 13886 E ArmVmp : Match on catch block at 0xc3 in for 0xa5
01-22 22:16:47.320 13886 13886 E ArmVmp : Match on catch block at 0xc3 in for 0xa9
01-22 22:16:47.322 13886 13886 E ArmVmp : Match on catch block at 0xc3 in for 0xa9
01-22 22:16:47.331 13886 13886 E ArmVmp : Match on catch block at 0xc3 in for 0xa1
01-22 22:16:47.334 13886 13886 E ArmVmp : Match on catch block at 0xc3 in for 0xa5
01-22 22:16:47.337 13886 13886 E ArmVmp : Match on catch block at 0xc3 in for 0xa5
01-22 22:16:47.347 13886 13886 E ArmVmp : Match on catch block at 0xc3 in for 0xa9
01-22 22:16:47.350 13886 13886 E ArmVmp : Match on catch block at 0xc3 in for 0xa1
01-22 22:16:47.352 13886 13886 E ArmVmp : Match on catch block at 0xc3 in for 0xa1
01-22 22:16:47.364 13886 13886 E ArmVmp : Match on catch block at 0xc3 in for 0xa5
01-22 22:16:47.367 13886 13886 E ArmVmp : Match on catch block at 0xc3 in for 0xa9
01-22 22:16:47.369 13886 13886 E ArmVmp : Match on catch block at 0xc3 in for 0xa9
01-22 22:16:47.380 13886 13886 E ArmVmp : Match on catch block at 0xc3 in for 0xa1
01-22 22:16:47.383 13886 13886 E ArmVmp : Match on catch block at 0xc3 in for 0xa5
01-22 22:16:47.385 13886 13886 E ArmVmp : Match on catch block at 0xc3 in for 0xa5
01-22 22:16:47.397 13886 13886 E ArmVmp : Match on catch block at 0xc3 in for 0xa9
01-22 22:16:47.400 13886 13886 E ArmVmp : Match on catch block at 0xc3 in for 0xa1
01-22 22:16:47.402 13886 13886 E ArmVmp : Match on catch block at 0xc3 in for 0xa1
01-22 22:16:47.413 13886 13886 E ArmVmp : Match on catch block at 0xc3 in for 0xa5
01-22 22:16:47.417 13886 13886 E ArmVmp : Match on catch block at 0xc3 in for 0xa9
01-22 22:16:47.418 13886 13886 E ArmVmp : Match on catch block at 0xc3 in for 0xa9
01-22 22:16:47.430 13886 13886 E ArmVmp : Match on catch block at 0xc3 in for 0xa1
01-22 22:16:47.433 13886 13886 E ArmVmp : Match on catch block at 0xc3 in for 0xa5
01-22 22:16:47.435 13886 13886 E ArmVmp : Match on catch block at 0xc3 in for 0xa5
01-22 22:16:47.447 13886 13886 E ArmVmp : Match on catch block at 0xc3 in for 0xa9
01-22 22:16:47.450 13886 13886 E ArmVmp : Match on catch block at 0xc3 in for 0xa1
01-22 22:16:47.452 13886 13886 E ArmVmp : Match on catch block at 0xc3 in for 0xa1
01-22 22:16:47.463 13886 13886 E ArmVmp : Match on catch block at 0xc3 in for 0xa5
01-22 22:16:47.467 13886 13886 E ArmVmp : Match on catch block at 0xc3 in for 0xa9
01-22 22:16:47.470 13886 13886 E ArmVmp : Match on catch block at 0xc3 in for 0xa9
01-22 22:16:47.480 13886 13886 E ArmVmp : Match on catch block at 0xc3 in for 0xa1
01-22 22:16:47.483 13886 13886 E ArmVmp : Match on catch block at 0xc3 in for 0xa5
01-22 22:16:47.485 13886 13886 E ArmVmp : Match on catch block at 0xc3 in for 0xa5
01-22 22:16:47.516 13886 13886 E ArmVmp : Match on catch block at 0xc3 in for 0xa1
01-22 22:16:47.520 13886 13886 E ArmVmp : Match on catch block at 0xc3 in for 0xa5
01-22 22:16:47.522 13886 13886 E ArmVmp : Match on catch block at 0xc3 in for 0xa5
01-22 22:16:47.530 13886 13886 E ArmVmp : Match on catch block at 0xc3 in for 0xa9
01-22 22:16:47.534 13886 13886 E ArmVmp : Match on catch block at 0xc3 in for 0xa1
01-22 22:16:47.536 13886 13886 E ArmVmp : Match on catch block at 0xc3 in for 0xa1
01-22 22:16:47.615 13886 13886 E ArmVmp : Match on catch block at 0xc3 in for 0xa5
01-22 22:16:47.618 13886 13886 E ArmVmp : Match on catch block at 0xc3 in for 0xa9
01-22 22:16:47.620 13886 13886 E ArmVmp : Match on catch block at 0xc3 in for 0xa9
01-22 22:16:47.663 13886 13886 E ArmVmp : Match on catch block at 0xc3 in for 0xa9
01-22 22:16:47.666 13886 13886 E ArmVmp : Match on catch block at 0xc3 in for 0xa1
01-22 22:16:47.668 13886 13886 E ArmVmp : Match on catch block at 0xc3 in for 0xa1
01-22 22:16:47.680 13886 13886 E ArmVmp : Match on catch block at 0xc3 in for 0xa5
01-22 22:16:47.683 13886 13886 E ArmVmp : Match on catch block at 0xc3 in for 0xa9
01-22 22:16:47.686 13886 13886 E ArmVmp : Match on catch block at 0xc3 in for 0xa9
01-22 22:16:47.732 13886 13886 E ArmVmp : Match on catch block at 0xc3 in for 0xa1
01-22 22:16:47.739 13886 13886 E ArmVmp : Match on catch block at 0xc3 in for 0xa5
01-22 22:16:47.744 13886 13886 E ArmVmp : Match on catch block at 0xc3 in for 0xa5
01-22 22:16:47.763 13886 13886 E ArmVmp : Match on catch block at 0xc3 in for 0xa9
01-22 22:16:47.768 13886 13886 E ArmVmp : Match on catch block at 0xc3 in for 0xa1
01-22 22:16:47.772 13886 13886 E ArmVmp : Match on catch block at 0xc3 in for 0xa1
01-22 22:16:47.813 13886 13886 E ArmVmp : Match on catch block at 0xc3 in for 0xa5
01-22 22:16:47.818 13886 13886 E ArmVmp : Match on catch block at 0xc3 in for 0xa9
01-22 22:16:47.821 13886 13886 E ArmVmp : Match on catch block at 0xc3 in for 0xa9
01-22 22:16:47.864 13886 13886 E ArmVmp : Match on catch block at 0xc3 in for 0xa1
01-22 22:16:47.867 13886 13886 E ArmVmp : Match on catch block at 0xc3 in for 0xa5
01-22 22:16:47.870 13886 13886 E ArmVmp : Match on catch block at 0xc3 in for 0xa5
01-22 22:16:47.913 13886 13886 E ArmVmp : Match on catch block at 0xc3 in for 0xa9
01-22 22:16:47.917 13886 13886 E ArmVmp : Match on catch block at 0xc3 in for 0xa1
01-22 22:16:47.920 13886 13886 E ArmVmp : Match on catch block at 0xc3 in for 0xa1
01-22 22:16:48.412 13886 13886 E ArmVmp : Match on catch block at 0xc3 in for 0xa5
01-22 22:16:48.418 13886 13886 E ArmVmp : Match on catch block at 0xc3 in for 0xa9
01-22 22:16:48.421 13886 13886 E ArmVmp : Match on catch block at 0xc3 in for 0xa9
01-22 22:16:48.497 13886 13886 E ArmVmp : Match on catch block at 0xc3 in for 0xa1
01-22 22:16:48.502 13886 13886 E ArmVmp : Match on catch block at 0xc3 in for 0xa5
01-22 22:16:48.506 13886 13886 E ArmVmp : Match on catch block at 0xc3 in for 0xa5
01-22 22:16:48.664 13886 13886 E ArmVmp : Match on catch block at 0xc3 in for 0xa9
01-22 22:16:48.668 13886 13886 E ArmVmp : Match on catch block at 0xc3 in for 0xa1
01-22 22:16:48.672 13886 13886 E ArmVmp : Match on catch block at 0xc3 in for 0xa1
01-22 22:16:48.780 13886 13886 E ArmVmp : Match on catch block at 0xc3 in for 0xa5
01-22 22:16:48.786 13886 13886 E ArmVmp : Match on catch block at 0xc3 in for 0xa9
01-22 22:16:48.789 13886 13886 E ArmVmp : Match on catch block at 0xc3 in for 0xa9
01-22 22:16:48.897 13886 13886 E ArmVmp : Match on catch block at 0xc3 in for 0xa1
01-22 22:16:48.902 13886 13886 E ArmVmp : Match on catch block at 0xc3 in for 0xa5
01-22 22:16:48.906 13886 13886 E ArmVmp : Match on catch block at 0xc3 in for 0xa5
01-22 22:16:49.130 13886 13886 E ArmVmp : Match on catch block at 0xc3 in for 0xa9
01-22 22:16:49.135 13886 13886 E ArmVmp : Match on catch block at 0xc3 in for 0xa1
01-22 22:16:49.139 13886 13886 E ArmVmp : Match on catch block at 0xc3 in for 0xa1
01-22 22:16:49.147 13886 13886 E ArmVmp : Match on catch block at 0xc3 in for 0xa5
01-22 22:16:49.152 13886 13886 E ArmVmp : Match on catch block at 0xc3 in for 0xa9
01-22 22:16:49.155 13886 13886 E ArmVmp : Match on catch block at 0xc3 in for 0xa9
01-22 22:16:49.162 13886 13886 E ArmVmp : Match on catch block at 0xc3 in for 0xa1
01-22 22:16:49.168 13886 13886 E ArmVmp : Match on catch block at 0xc3 in for 0xa5
01-22 22:16:49.172 13886 13886 E ArmVmp : Match on catch block at 0xc3 in for 0xa5
01-22 22:16:49.179 13886 13886 E ArmVmp : Match on catch block at 0xc3 in for 0xa9
01-22 22:16:49.183 13886 13886 E ArmVmp : Match on catch block at 0xc3 in for 0xa1
01-22 22:16:49.186 13886 13886 E ArmVmp : Match on catch block at 0xc3 in for 0xa1
01-22 22:16:49.196 13886 13886 E ArmVmp : Match on catch block at 0xc3 in for 0xa5
01-22 22:16:49.200 13886 13886 E ArmVmp : Match on catch block at 0xc3 in for 0xa9
01-22 22:16:49.202 13886 13886 E ArmVmp : Match on catch block at 0xc3 in for 0xa9
01-22 22:16:49.212 13886 13886 E ArmVmp : Match on catch block at 0xc3 in for 0xa1
01-22 22:16:49.216 13886 13886 E ArmVmp : Match on catch block at 0xc3 in for 0xa5
01-22 22:16:49.217 13886 13886 E ArmVmp : Match on catch block at 0xc3 in for 0xa5
01-22 22:16:49.229 13886 13886 E ArmVmp : Match on catch block at 0xc3 in for 0xa9
01-22 22:16:49.232 13886 13886 E ArmVmp : Match on catch block at 0xc3 in for 0xa1
01-22 22:16:49.235 13886 13886 E ArmVmp : Match on catch block at 0xc3 in for 0xa1
01-22 22:16:49.258 13886 13886 E ArmVmp : Match on catch block at 0xc3 in for 0xa5
01-22 22:16:49.261 13886 13886 E ArmVmp : Match on catch block at 0xc3 in for 0xa9
01-22 22:16:49.264 13886 13886 E ArmVmp : Match on catch block at 0xc3 in for 0xa9
01-22 22:16:49.296 13886 13886 E ArmVmp : Match on catch block at 0xc3 in for 0xa9
01-22 22:16:49.299 13886 13886 E ArmVmp : Match on catch block at 0xc3 in for 0xa1
01-22 22:16:49.301 13886 13886 E ArmVmp : Match on catch block at 0xc3 in for 0xa1
01-22 22:16:49.314 13886 13886 E ArmVmp : Match on catch block at 0xc3 in for 0xa5
01-22 22:16:49.317 13886 13886 E ArmVmp : Match on catch block at 0xc3 in for 0xa9
01-22 22:16:49.320 13886 13886 E ArmVmp : Match on catch block at 0xc3 in for 0xa9
01-22 22:16:49.331 13886 13886 E ArmVmp : Match on catch block at 0xc3 in for 0xa1
01-22 22:16:49.335 13886 13886 E ArmVmp : Match on catch block at 0xc3 in for 0xa5
01-22 22:16:49.337 13886 13886 E ArmVmp : Match on catch block at 0xc3 in for 0xa5
01-22 22:16:49.349 13886 13886 E ArmVmp : Match on catch block at 0xc3 in for 0xa9
01-22 22:16:49.353 13886 13886 E ArmVmp : Match on catch block at 0xc3 in for 0xa1
01-22 22:16:49.355 13886 13886 E ArmVmp : Match on catch block at 0xc3 in for 0xa1
01-22 22:16:49.366 13886 13886 E ArmVmp : Match on catch block at 0xc3 in for 0xa5
01-22 22:16:49.369 13886 13886 E ArmVmp : Match on catch block at 0xc3 in for 0xa9
01-22 22:16:49.371 13886 13886 E ArmVmp : Match on catch block at 0xc3 in for 0xa9
01-22 22:16:49.383 13886 13886 E ArmVmp : Match on catch block at 0xc3 in for 0xa1
01-22 22:16:49.386 13886 13886 E ArmVmp : Match on catch block at 0xc3 in for 0xa5
01-22 22:16:49.388 13886 13886 E ArmVmp : Match on catch block at 0xc3 in for 0xa5
01-22 22:16:49.413 13886 13886 E ArmVmp : Match on catch block at 0xc3 in for 0xa9
01-22 22:16:49.416 13886 13886 E ArmVmp : Match on catch block at 0xc3 in for 0xa1
01-22 22:16:49.418 13886 13886 E ArmVmp : Match on catch block at 0xc3 in for 0xa1
01-22 22:16:49.481 13886 13886 E ArmVmp : Match on catch block at 0xc3 in for 0xa5
01-22 22:16:49.487 13886 13886 E ArmVmp : Match on catch block at 0xc3 in for 0xa9
01-22 22:16:49.491 13886 13886 E ArmVmp : Match on catch block at 0xc3 in for 0xa9
01-22 22:16:49.963 13886 13886 E ArmVmp : Match on catch block at 0xc3 in for 0xa1
01-22 22:16:49.968 13886 13886 E ArmVmp : Match on catch block at 0xc3 in for 0xa5
01-22 22:16:49.972 13886 13886 E ArmVmp : Match on catch block at 0xc3 in for 0xa5
01-22 22:16:50.467 13886 13886 E ArmVmp : Match on catch block at 0xc3 in for 0xa9
01-22 22:16:50.477 13886 13886 E ArmVmp : Match on catch block at 0xc3 in for 0xa1
01-22 22:16:50.483 13886 13886 E ArmVmp : Match on catch block at 0xc3 in for 0xa1
01-22 22:16:50.762 13886 13886 E ArmVmp : Match on catch block at 0xc3 in for 0xa5
01-22 22:16:50.767 13886 13886 E ArmVmp : Match on catch block at 0xc3 in for 0xa9
01-22 22:16:50.771 13886 13886 E ArmVmp : Match on catch block at 0xc3 in for 0xa9
01-22 22:16:50.930 13886 13886 E ArmVmp : Match on catch block at 0xc3 in for 0xa1
01-22 22:16:50.935 13886 13886 E ArmVmp : Match on catch block at 0xc3 in for 0xa5
01-22 22:16:50.938 13886 13886 E ArmVmp : Match on catch block at 0xc3 in for 0xa5
01-22 22:16:50.963 13886 13886 E ArmVmp : Match on catch block at 0xc3 in for 0xa9
01-22 22:16:50.968 13886 13886 E ArmVmp : Match on catch block at 0xc3 in for 0xa1
01-22 22:16:50.972 13886 13886 E ArmVmp : Match on catch block at 0xc3 in for 0xa1
01-22 22:16:51.263 13886 13886 E ArmVmp : Match on catch block at 0xc3 in for 0xa5
01-22 22:16:51.268 13886 13886 E ArmVmp : Match on catch block at 0xc3 in for 0xa9
01-22 22:16:51.272 13886 13886 E ArmVmp : Match on catch block at 0xc3 in for 0xa9
01-22 22:16:51.463 13886 13886 E ArmVmp : Match on catch block at 0xc3 in for 0xa1
01-22 22:16:51.468 13886 13886 E ArmVmp : Match on catch block at 0xc3 in for 0xa5
01-22 22:16:51.472 13886 13886 E ArmVmp : Match on catch block at 0xc3 in for 0xa5
01-22 22:16:51.931 13886 13886 E ArmVmp : Match on catch block at 0xc3 in for 0xa9
01-22 22:16:51.936 13886 13886 E ArmVmp : Match on catch block at 0xc3 in for 0xa1
01-22 22:16:51.940 13886 13886 E ArmVmp : Match on catch block at 0xc3 in for 0xa1
01-22 22:16:51.952 13886 13886 E ArmVmp : Match on catch block at 0xc3 in for 0xa5
01-22 22:16:51.957 13886 13886 E ArmVmp : Match on catch block at 0xc3 in for 0xa9
01-22 22:16:51.960 13886 13886 E ArmVmp : Match on catch block at 0xc3 in for 0xa9
01-22 22:16:52.263 13886 13886 E ArmVmp : Match on catch block at 0xc3 in for 0xa1
01-22 22:16:52.268 13886 13886 E ArmVmp : Match on catch block at 0xc3 in for 0xa5
01-22 22:16:52.271 13886 13886 E ArmVmp : Match on catch block at 0xc3 in for 0xa5
01-22 22:16:52.308 13886 13886 E ArmVmp : Match on catch block at 0xc3 in for 0xa5
01-22 22:16:52.314 13886 13886 E ArmVmp : Match on catch block at 0xc3 in for 0xa9
01-22 22:16:52.317 13886 13886 E ArmVmp : Match on catch block at 0xc3 in for 0xa9
01-22 22:16:52.342 13886 13886 E ArmVmp : Match on catch block at 0xc3 in for 0xa9
01-22 22:16:52.349 13886 13886 E ArmVmp : Match on catch block at 0xc3 in for 0xa1
01-22 22:16:52.359 13886 13886 E ArmVmp : Match on catch block at 0xc3 in for 0xa9
01-22 22:16:52.362 13886 13886 E ArmVmp : Match on catch block at 0xc3 in for 0xa1
01-22 22:16:52.389 13886 13886 E ArmVmp : Match on catch block at 0xc3 in for 0xa5
01-22 22:16:52.392 13886 13886 E ArmVmp : Match on catch block at 0xc3 in for 0xa9
01-22 22:16:52.406 13886 13886 E ArmVmp : Match on catch block at 0xc3 in for 0xa1
01-22 22:16:52.409 13886 13886 E ArmVmp : Match on catch block at 0xc3 in for 0xa5
01-22 22:16:52.422 13886 13886 E ArmVmp : Match on catch block at 0xc3 in for 0xa9
01-22 22:16:52.424 13886 13886 E ArmVmp : Match on catch block at 0xc3 in for 0xa1
01-22 22:16:52.430 13886 13886 E ArmVmp : Match on catch block at 0xc3 in for 0xa9
01-22 22:16:52.432 13886 13886 E ArmVmp : Match on catch block at 0xc3 in for 0xa1
01-22 22:16:52.445 13886 13886 E ArmVmp : Match on catch block at 0xc3 in for 0xa9
01-22 22:16:52.448 13886 13886 E ArmVmp : Match on catch block at 0xc3 in for 0xa1
01-22 22:16:52.462 13886 13886 E ArmVmp : Match on catch block at 0xc3 in for 0xa9
01-22 22:16:52.465 13886 13886 E ArmVmp : Match on catch block at 0xc3 in for 0xa1
01-22 22:16:52.478 13886 13886 E ArmVmp : Match on catch block at 0xc3 in for 0xa9
01-22 22:16:52.481 13886 13886 E ArmVmp : Match on catch block at 0xc3 in for 0xa1
01-22 22:16:52.614 13886 13886 E ArmVmp : Match on catch block at 0xc3 in for 0xa5
01-22 22:16:52.617 13886 13886 E ArmVmp : Match on catch block at 0xc3 in for 0xa9
01-22 22:16:52.627 13886 14021 W MediaPlayer: Use of stream types is deprecated for
operations other than volume control
01-22 22:16:52.627 13886 14021 W MediaPlayer: See the documentation of
setAudioStreamType() for what to use instead with android.media.AudioAttributes to
qualify your playback use case
01-22 22:16:52.629 13886 13886 E ArmVmp : Match on catch block at 0xc3 in for 0xa1
01-22 22:16:52.632 13886 13886 E ArmVmp : Match on catch block at 0xc3 in for 0xa5
01-22 22:16:52.796 13886 13886 E ArmVmp : Match on catch block at 0xc3 in for 0xa1
01-22 22:16:52.799 13886 13886 E ArmVmp : Match on catch block at 0xc3 in for 0xa5
01-22 22:16:53.083 13886 13886 E ArmVmp : Match on catch block at 0xc3 in for 0xa1
01-22 22:16:53.087 13886 13886 E ArmVmp : Match on catch block at 0xc3 in for 0xa5
01-22 22:16:53.120 13886 13886 E ArmVmp : Match on catch block at 0xc3 in for 0xa5
01-22 22:16:53.126 13886 13886 E ArmVmp : Match on catch block at 0xc3 in for 0xa9
01-22 22:16:53.161 13886 13886 E ArmVmp : Match on catch block at 0xc3 in for 0xa9
01-22 22:16:53.168 13886 13886 E ArmVmp : Match on catch block at 0xc3 in for 0xa1
01-22 22:16:53.217 13886 13886 E ArmVmp : Match on catch block at 0xc3 in for 0xa1
01-22 22:16:53.222 13886 13886 E ArmVmp : Match on catch block at 0xc3 in for 0xa5
01-22 22:16:53.238 13886 13886 E ArmVmp : Match on catch block at 0xc3 in for 0xa1
01-22 22:16:53.241 13886 13886 E ArmVmp : Match on catch block at 0xc3 in for 0xa5
01-22 22:16:53.253 13886 13886 E ArmVmp : Match on catch block at 0xc3 in for 0xa1
01-22 22:16:53.259 13886 13886 E ArmVmp : Match on catch block at 0xc3 in for 0xa5
01-22 22:16:53.273 13886 13886 E ArmVmp : Match on catch block at 0xc3 in for 0xa1
01-22 22:16:53.276 13886 13886 E ArmVmp : Match on catch block at 0xc3 in for 0xa5
01-22 22:16:53.289 13886 13886 E ArmVmp : Match on catch block at 0xc3 in for 0xa1
01-22 22:16:53.293 13886 13886 E ArmVmp : Match on catch block at 0xc3 in for 0xa5
01-22 22:16:53.305 13886 13886 E ArmVmp : Match on catch block at 0xc3 in for 0xa1
01-22 22:16:53.308 13886 13886 E ArmVmp : Match on catch block at 0xc3 in for 0xa5
01-22 22:16:53.318 13886 13886 E ArmVmp : Match on catch block at 0xc3 in for 0xa1
01-22 22:16:53.321 13886 13886 E ArmVmp : Match on catch block at 0xc3 in for 0xa5
01-22 22:16:53.332 13886 13886 E ArmVmp : Match on catch block at 0xc3 in for 0xa1
01-22 22:16:53.336 13886 13886 E ArmVmp : Match on catch block at 0xc3 in for 0xa5
01-22 22:16:53.346 13886 13886 E ArmVmp : Match on catch block at 0xc3 in for 0xa1
01-22 22:16:53.349 13886 13886 E ArmVmp : Match on catch block at 0xc3 in for 0xa5
01-22 22:16:53.361 13886 13886 E ArmVmp : Match on catch block at 0xc3 in for 0xa1
01-22 22:16:53.364 13886 13886 E ArmVmp : Match on catch block at 0xc3 in for 0xa5
01-22 22:16:53.378 13886 13886 E ArmVmp : Match on catch block at 0xc3 in for 0xa5
01-22 22:16:53.381 13886 13886 E ArmVmp : Match on catch block at 0xc3 in for 0xa9
01-22 22:16:53.395 13886 13886 E ArmVmp : Match on catch block at 0xc3 in for 0xa5
01-22 22:16:53.398 13886 13886 E ArmVmp : Match on catch block at 0xc3 in for 0xa9
01-22 22:16:53.411 13886 13886 E ArmVmp : Match on catch block at 0xc3 in for 0xa5
01-22 22:16:53.414 13886 13886 E ArmVmp : Match on catch block at 0xc3 in for 0xa9
01-22 22:16:53.428 13886 13886 E ArmVmp : Match on catch block at 0xc3 in for 0xa5
01-22 22:16:53.431 13886 13886 E ArmVmp : Match on catch block at 0xc3 in for 0xa9
01-22 22:16:53.445 13886 13886 E ArmVmp : Match on catch block at 0xc3 in for 0xa5
01-22 22:16:53.448 13886 13886 E ArmVmp : Match on catch block at 0xc3 in for 0xa9
01-22 22:16:53.461 13886 13886 E ArmVmp : Match on catch block at 0xc3 in for 0xa5
01-22 22:16:53.464 13886 13886 E ArmVmp : Match on catch block at 0xc3 in for 0xa9
01-22 22:16:53.478 13886 13886 E ArmVmp : Match on catch block at 0xc3 in for 0xa5
01-22 22:16:53.481 13886 13886 E ArmVmp : Match on catch block at 0xc3 in for 0xa9
01-22 22:16:53.495 13886 13886 E ArmVmp : Match on catch block at 0xc3 in for 0xa5
01-22 22:16:53.498 13886 13886 E ArmVmp : Match on catch block at 0xc3 in for 0xa9
01-22 22:16:53.511 13886 13886 E ArmVmp : Match on catch block at 0xc3 in for 0xa5
01-22 22:16:53.514 13886 13886 E ArmVmp : Match on catch block at 0xc3 in for 0xa9
01-22 22:16:53.816 13886 13886 E ArmVmp : Match on catch block at 0xc3 in for 0xa5
01-22 22:16:53.825 13886 13886 E ArmVmp : Match on catch block at 0xc3 in for 0xa9
01-22 22:16:54.195 13886 13886 E ArmVmp : Match on catch block at 0xc3 in for 0xa5
01-22 22:16:54.198 13886 13886 E ArmVmp : Match on catch block at 0xc3 in for 0xa9
01-22 22:16:54.208 13886 13886 E ArmVmp : Match on catch block at 0xc3 in for 0xa5
01-22 22:16:54.211 13886 13886 E ArmVmp : Match on catch block at 0xc3 in for 0xa9
01-22 22:16:54.282 13886 13886 E ArmVmp : Match on catch block at 0xc3 in for 0xa9
01-22 22:16:54.287 13886 13886 E ArmVmp : Match on catch block at 0xc3 in for 0xa1
01-22 22:16:54.296 13886 13886 E ArmVmp : Match on catch block at 0xc3 in for 0xa9
01-22 22:16:54.301 13886 13886 E ArmVmp : Match on catch block at 0xc3 in for 0xa1
01-22 22:16:54.312 13886 13886 E ArmVmp : Match on catch block at 0xc3 in for 0xa9
01-22 22:16:54.316 13886 13886 E ArmVmp : Match on catch block at 0xc3 in for 0xa1
01-22 22:16:54.362 13886 13886 E ArmVmp : Match on catch block at 0xc3 in for 0xa5
01-22 22:16:54.366 13886 13886 E ArmVmp : Match on catch block at 0xc3 in for 0xa9
01-22 22:16:54.460 13886 13886 E ArmVmp : Match on catch block at 0xc3 in for 0xa9
01-22 22:16:54.464 13886 13886 E ArmVmp : Match on catch block at 0xc3 in for 0xa1
01-22 22:16:54.804 13886 13886 E ArmVmp : Match on catch block at 0xc3 in for 0xa1
01-22 22:16:54.806 13886 13886 E ArmVmp : Match on catch block at 0xc3 in for 0xa5
01-22 22:17:24.460 13886 13886 E ArmVmp : Match on catch block at 0x0a in for 0xc9
01-22 22:17:24.462 13886 13886 E ArmVmp : Match on catch block at 0x0a in for 0xc5
01-22 22:17:24.678 13886 13886 E ArmVmp : Match on catch block at 0xc3 in for 0xb9
01-22 22:17:24.685 13886 13886 E ArmVmp : Match on catch block at 0xc3 in for 0xb9
01-22 22:17:24.721 13886 13886 E ArmVmp : Match on catch block at 0xc3 in for 0xa5
01-22 22:17:24.724 13886 13886 E ArmVmp : Match on catch block at 0xc3 in for 0xa9
01-22 22:17:24.726 13886 13886 E ArmVmp : Match on catch block at 0xc3 in for 0xa9
01-22 22:17:24.741 13886 13886 E ArmVmp : Match on catch block at 0xc3 in for 0xa9
01-22 22:17:24.745 13886 13886 E ArmVmp : Match on catch block at 0xc3 in for 0xa1
01-22 22:17:24.747 13886 13886 E ArmVmp : Match on catch block at 0xc3 in for 0xa1
01-22 22:17:24.769 13886 13886 E ArmVmp : Match on catch block at 0xc3 in for 0xa5
01-22 22:17:24.772 13886 13886 E ArmVmp : Match on catch block at 0xc3 in for 0xa9
01-22 22:17:24.774 13886 13886 E ArmVmp : Match on catch block at 0xc3 in for 0xa9
01-22 22:17:25.271 13886 13886 E ArmVmp : Match on catch block at 0xc3 in for 0xa1
01-22 22:17:25.274 13886 13886 E ArmVmp : Match on catch block at 0xc3 in for 0xa5
01-22 22:17:25.276 13886 13886 E ArmVmp : Match on catch block at 0xc3 in for 0xa5
01-22 22:17:25.309 13886 13886 E ArmVmp : Match on catch block at 0xc3 in for 0xa9
01-22 22:17:25.317 13886 13886 E ArmVmp : Match on catch block at 0xc3 in for 0xa1
01-22 22:17:25.323 13886 13886 E ArmVmp : Match on catch block at 0xc3 in for 0xa1
01-22 22:17:25.341 13886 13886 E ArmVmp : Match on catch block at 0xc3 in for 0xa5
01-22 22:17:25.350 13886 13886 E ArmVmp : Match on catch block at 0xc3 in for 0xa9
01-22 22:17:25.354 13886 13886 E ArmVmp : Match on catch block at 0xc3 in for 0xa9
01-22 22:17:25.373 13886 13886 E ArmVmp : Match on catch block at 0xc3 in for 0xa5
01-22 22:17:25.380 13886 13886 E ArmVmp : Match on catch block at 0xc3 in for 0xa9
01-22 22:17:25.384 13886 13886 E ArmVmp : Match on catch block at 0xc3 in for 0xa9
01-22 22:17:25.409 13886 13886 E ArmVmp : Match on catch block at 0xc3 in for 0xa1
01-22 22:17:25.415 13886 13886 E ArmVmp : Match on catch block at 0xc3 in for 0xa5
01-22 22:17:25.420 13886 13886 E ArmVmp : Match on catch block at 0xc3 in for 0xa5
01-22 22:17:25.441 13886 13886 E ArmVmp : Match on catch block at 0xc3 in for 0xa9
01-22 22:17:25.449 13886 13886 E ArmVmp : Match on catch block at 0xc3 in for 0xa1
01-22 22:17:25.453 13886 13886 E ArmVmp : Match on catch block at 0xc3 in for 0xa1
01-22 22:17:25.474 13886 13886 E ArmVmp : Match on catch block at 0xc3 in for 0xa5
01-22 22:17:25.482 13886 13886 E ArmVmp : Match on catch block at 0xc3 in for 0xa9
01-22 22:17:25.488 13886 13886 E ArmVmp : Match on catch block at 0xc3 in for 0xa9
01-22 22:17:25.508 13886 13886 E ArmVmp : Match on catch block at 0xc3 in for 0xa1
01-22 22:17:25.515 13886 13886 E ArmVmp : Match on catch block at 0xc3 in for 0xa5
01-22 22:17:25.520 13886 13886 E ArmVmp : Match on catch block at 0xc3 in for 0xa5
01-22 22:17:25.541 13886 13886 E ArmVmp : Match on catch block at 0xc3 in for 0xa9
01-22 22:17:25.550 13886 13886 E ArmVmp : Match on catch block at 0xc3 in for 0xa1
01-22 22:17:25.556 13886 13886 E ArmVmp : Match on catch block at 0xc3 in for 0xa1
01-22 22:17:25.572 13886 13886 E ArmVmp : Match on catch block at 0xc3 in for 0xa5
01-22 22:17:25.577 13886 13886 E ArmVmp : Match on catch block at 0xc3 in for 0xa9
01-22 22:17:25.580 13886 13886 E ArmVmp : Match on catch block at 0xc3 in for 0xa9
01-22 22:17:25.588 13886 13886 E ArmVmp : Match on catch block at 0xc3 in for 0xa1
01-22 22:17:25.593 13886 13886 E ArmVmp : Match on catch block at 0xc3 in for 0xa5
01-22 22:17:25.596 13886 13886 E ArmVmp : Match on catch block at 0xc3 in for 0xa5
01-22 22:17:25.605 13886 13886 E ArmVmp : Match on catch block at 0xc3 in for 0xa9
01-22 22:17:25.610 13886 13886 E ArmVmp : Match on catch block at 0xc3 in for 0xa1
01-22 22:17:25.613 13886 13886 E ArmVmp : Match on catch block at 0xc3 in for 0xa1
01-22 22:17:25.774 13886 13886 E ArmVmp : Match on catch block at 0xc3 in for 0xa5
01-22 22:17:25.780 13886 13886 E ArmVmp : Match on catch block at 0xc3 in for 0xa9
01-22 22:17:25.784 13886 13886 E ArmVmp : Match on catch block at 0xc3 in for 0xa9
01-22 22:17:26.273 13886 13886 E ArmVmp : Match on catch block at 0xc3 in for 0xa1
01-22 22:17:26.279 13886 13886 E ArmVmp : Match on catch block at 0xc3 in for 0xa5
01-22 22:17:26.284 13886 13886 E ArmVmp : Match on catch block at 0xc3 in for 0xa5
01-22 22:17:26.343 13886 13886 E ArmVmp : Match on catch block at 0xc3 in for 0xa9
01-22 22:17:26.353 13886 13886 E ArmVmp : Match on catch block at 0xc3 in for 0xa1
01-22 22:17:26.359 13886 13886 E ArmVmp : Match on catch block at 0xc3 in for 0xa1
01-22 22:17:26.374 13886 13886 E ArmVmp : Match on catch block at 0xc3 in for 0xa5
01-22 22:17:26.384 13886 13886 E ArmVmp : Match on catch block at 0xc3 in for 0xa9
01-22 22:17:26.390 13886 13886 E ArmVmp : Match on catch block at 0xc3 in for 0xa9
01-22 22:17:26.403 13886 13886 E ArmVmp : Match on catch block at 0xc3 in for 0xa1
01-22 22:17:26.413 13886 13886 E ArmVmp : Match on catch block at 0xc3 in for 0xa5
01-22 22:17:26.420 13886 13886 E ArmVmp : Match on catch block at 0xc3 in for 0xa5
01-22 22:17:26.431 13886 13886 E ArmVmp : Match on catch block at 0xc3 in for 0xa9
01-22 22:17:26.441 13886 13886 E ArmVmp : Match on catch block at 0xc3 in for 0xa1
