01-22 21:58:16.639 3753 3753 E ArmVmp : Match on catch block at 0xc3 in for 0xa5
01-22 21:58:16.642 3753 3753 E ArmVmp : Match on catch block at 0xc3 in for 0xa9
01-22 21:58:16.644 3753 3753 E ArmVmp : Match on catch block at 0xc3 in for 0xa9
01-22 21:58:16.653 3753 3753 E ArmVmp : Match on catch block at 0xc3 in for 0xa1
01-22 21:58:16.656 3753 3753 E ArmVmp : Match on catch block at 0xc3 in for 0xa5
01-22 21:58:16.658 3753 3753 E ArmVmp : Match on catch block at 0xc3 in for 0xa5
01-22 21:58:18.258 3753 3753 E ArmVmp : Match on catch block at 0xc3 in for 0xa9
01-22 21:58:18.274 3753 3753 E ArmVmp : Match on catch block at 0xc3 in for 0xa1
01-22 21:58:18.283 3753 3753 E ArmVmp : Match on catch block at 0xc3 in for 0xa1
01-22 21:58:18.305 3753 3753 E ArmVmp : Match on catch block at 0xc3 in for 0xa5
01-22 21:58:18.321 3753 3753 E ArmVmp : Match on catch block at 0xc3 in for 0xa9
01-22 21:58:18.330 3753 3753 E ArmVmp : Match on catch block at 0xc3 in for 0xa9
01-22 21:58:18.341 3753 3753 E ArmVmp : Match on catch block at 0xc3 in for 0xa1
01-22 21:58:18.354 3753 3753 E ArmVmp : Match on catch block at 0xc3 in for 0xa5
01-22 21:58:18.357 3753 3753 E ArmVmp : Match on catch block at 0xc3 in for 0xa5
01-22 21:58:18.377 3753 3753 E ArmVmp : Match on catch block at 0xc3 in for 0xa9
01-22 21:58:18.382 3753 3753 E ArmVmp : Match on catch block at 0xc3 in for 0xa1
01-22 21:58:18.386 3753 3753 E ArmVmp : Match on catch block at 0xc3 in for 0xa1
01-22 21:58:18.392 3753 3753 E ArmVmp : Match on catch block at 0xc3 in for 0xa5
01-22 21:58:18.397 3753 3753 E ArmVmp : Match on catch block at 0xc3 in for 0xa9
01-22 21:58:18.401 3753 3753 E ArmVmp : Match on catch block at 0xc3 in for 0xa9
01-22 21:58:18.407 3753 3753 E ArmVmp : Match on catch block at 0xc3 in for 0xa1
01-22 21:58:18.413 3753 3753 E ArmVmp : Match on catch block at 0xc3 in for 0xa5
01-22 21:58:18.416 3753 3753 E ArmVmp : Match on catch block at 0xc3 in for 0xa5
01-22 21:58:18.423 3753 3753 E ArmVmp : Match on catch block at 0xc3 in for 0xa9
01-22 21:58:18.428 3753 3753 E ArmVmp : Match on catch block at 0xc3 in for 0xa1
01-22 21:58:18.431 3753 3753 E ArmVmp : Match on catch block at 0xc3 in for 0xa1
01-22 21:58:18.438 3753 3753 E ArmVmp : Match on catch block at 0xc3 in for 0xa5
01-22 21:58:18.444 3753 3753 E ArmVmp : Match on catch block at 0xc3 in for 0xa9
01-22 21:58:18.447 3753 3753 E ArmVmp : Match on catch block at 0xc3 in for 0xa9
01-22 21:58:18.454 3753 3753 E ArmVmp : Match on catch block at 0xc3 in for 0xa1
01-22 21:58:18.458 3753 3753 E ArmVmp : Match on catch block at 0xc3 in for 0xa5
01-22 21:58:18.460 3753 3753 E ArmVmp : Match on catch block at 0xc3 in for 0xa5
01-22 21:58:18.467 3753 3753 E ArmVmp : Match on catch block at 0xc3 in for 0xa9
01-22 21:58:18.471 3753 3753 E ArmVmp : Match on catch block at 0xc3 in for 0xa1
01-22 21:58:18.473 3753 3753 E ArmVmp : Match on catch block at 0xc3 in for 0xa1
01-22 21:58:18.484 3753 3753 E ArmVmp : Match on catch block at 0xc3 in for 0xa5
01-22 21:58:18.487 3753 3753 E ArmVmp : Match on catch block at 0xc3 in for 0xa9
01-22 21:58:18.489 3753 3753 E ArmVmp : Match on catch block at 0xc3 in for 0xa9
01-22 21:58:18.500 3753 3753 E ArmVmp : Match on catch block at 0xc3 in for 0xa1
01-22 21:58:18.503 3753 3753 E ArmVmp : Match on catch block at 0xc3 in for 0xa5
01-22 21:58:18.505 3753 3753 E ArmVmp : Match on catch block at 0xc3 in for 0xa5
01-22 21:58:23.797 3753 3934 E FrameEvents: updateAcquireFence: Did not find
frame.
01-22 21:58:23.811 3753 3753 E ArmVmp : Match on catch block at 0xc3 in for 0xa9
01-22 21:58:23.814 3753 3753 E ArmVmp : Match on catch block at 0xc3 in for 0xa1
01-22 21:58:23.816 3753 3753 E ArmVmp : Match on catch block at 0xc3 in for 0xa1
01-22 21:58:23.824 3753 3753 E ArmVmp : Match on catch block at 0xc3 in for 0xa5
01-22 21:58:23.827 3753 3753 E ArmVmp : Match on catch block at 0xc3 in for 0xa9
01-22 21:58:23.829 3753 3753 E ArmVmp : Match on catch block at 0xc3 in for 0xa9
01-22 21:58:24.117 3753 3753 E ArmVmp : Match on catch block at 0xc3 in for 0xa1
01-22 21:58:24.120 3753 3753 E ArmVmp : Match on catch block at 0xc3 in for 0xa5
01-22 21:58:24.122 3753 3753 E ArmVmp : Match on catch block at 0xc3 in for 0xa5
01-22 21:58:24.137 3753 3753 E ArmVmp : Match on catch block at 0xc3 in for 0xa1
01-22 21:58:24.140 3753 3753 E ArmVmp : Match on catch block at 0xc3 in for 0xa5
01-22 21:58:24.142 3753 3753 E ArmVmp : Match on catch block at 0xc3 in for 0xa5
01-22 21:58:24.155 3753 3753 E ArmVmp : Match on catch block at 0xc3 in for 0xa9
01-22 21:58:24.157 3753 3753 E ArmVmp : Match on catch block at 0xc3 in for 0xa1
01-22 21:58:24.159 3753 3753 E ArmVmp : Match on catch block at 0xc3 in for 0xa1
01-22 21:58:24.232 3753 3753 E ArmVmp : Match on catch block at 0xc3 in for 0xa1
01-22 21:58:24.236 3753 3753 E ArmVmp : Match on catch block at 0xc3 in for 0xa5
01-22 21:58:24.237 3753 3753 E ArmVmp : Match on catch block at 0xc3 in for 0xa5
01-22 21:58:24.254 3753 3753 E ArmVmp : Match on catch block at 0xc3 in for 0xa1
01-22 21:58:24.257 3753 3753 E ArmVmp : Match on catch block at 0xc3 in for 0xa5
01-22 21:58:24.258 3753 3753 E ArmVmp : Match on catch block at 0xc3 in for 0xa5
01-22 21:58:24.401 3753 3753 E ArmVmp : Match on catch block at 0xc3 in for 0xa5
01-22 21:58:24.405 3753 3753 E ArmVmp : Match on catch block at 0xc3 in for 0xa9
01-22 21:58:24.408 3753 3753 E ArmVmp : Match on catch block at 0xc3 in for 0xa9
01-22 21:58:24.422 3753 3753 E ArmVmp : Match on catch block at 0xc3 in for 0xa1
01-22 21:58:24.426 3753 3753 E ArmVmp : Match on catch block at 0xc3 in for 0xa5
01-22 21:58:24.429 3753 3753 E ArmVmp : Match on catch block at 0xc3 in for 0xa5
01-22 21:58:24.768 3753 3753 E ArmVmp : Match on catch block at 0xc3 in for 0xa9
01-22 21:58:24.774 3753 3753 E ArmVmp : Match on catch block at 0xc3 in for 0xa1
01-22 21:58:24.776 3753 3753 E ArmVmp : Match on catch block at 0xc3 in for 0xa1
01-22 21:58:25.219 3753 3753 E ArmVmp : Match on catch block at 0xc3 in for 0xa1
01-22 21:58:25.223 3753 3753 E ArmVmp : Match on catch block at 0xc3 in for 0xa5
01-22 21:58:25.225 3753 3753 E ArmVmp : Match on catch block at 0xc3 in for 0xa5
01-22 21:58:25.245 3753 3753 E ArmVmp : Match on catch block at 0xc3 in for 0xa9
01-22 21:58:25.250 3753 3753 E ArmVmp : Match on catch block at 0xc3 in for 0xa1
01-22 21:58:25.253 3753 3753 E ArmVmp : Match on catch block at 0xc3 in for 0xa1
01-22 21:58:25.287 3753 3753 E ArmVmp : Match on catch block at 0xc3 in for 0xa5
01-22 21:58:25.291 3753 3753 E ArmVmp : Match on catch block at 0xc3 in for 0xa9
01-22 21:58:25.294 3753 3753 E ArmVmp : Match on catch block at 0xc3 in for 0xa9
01-22 21:58:25.369 3753 3753 E ArmVmp : Match on catch block at 0xc3 in for 0xa1
01-22 21:58:25.373 3753 3753 E ArmVmp : Match on catch block at 0xc3 in for 0xa5
01-22 21:58:25.375 3753 3753 E ArmVmp : Match on catch block at 0xc3 in for 0xa5
01-22 21:58:25.391 3753 3753 E ArmVmp : Match on catch block at 0xc3 in for 0xa9
01-22 21:58:25.394 3753 3753 E ArmVmp : Match on catch block at 0xc3 in for 0xa1
01-22 21:58:25.396 3753 3753 E ArmVmp : Match on catch block at 0xc3 in for 0xa1
01-22 21:58:25.488 3753 3753 E ArmVmp : Match on catch block at 0xc3 in for 0xa5
01-22 21:58:25.492 3753 3753 E ArmVmp : Match on catch block at 0xc3 in for 0xa9
01-22 21:58:25.495 3753 3753 E ArmVmp : Match on catch block at 0xc3 in for 0xa9
01-22 21:58:25.516 3753 3753 E ArmVmp : Match on catch block at 0xc3 in for 0xa1
01-22 21:58:25.523 3753 3753 E ArmVmp : Match on catch block at 0xc3 in for 0xa5
01-22 21:58:25.525 3753 3753 E ArmVmp : Match on catch block at 0xc3 in for 0xa5
01-22 21:58:25.571 3753 3753 E ArmVmp : Match on catch block at 0xc3 in for 0xa5
01-22 21:58:25.574 3753 3753 E ArmVmp : Match on catch block at 0xc3 in for 0xa9
01-22 21:58:25.583 3753 3753 E ArmVmp : Match on catch block at 0xc3 in for 0xa5
01-22 21:58:25.588 3753 3753 E ArmVmp : Match on catch block at 0xc3 in for 0xa9
01-22 21:58:25.783 3753 3753 E ArmVmp : Match on catch block at 0xc3 in for 0xa5
01-22 21:58:25.787 3753 3753 E ArmVmp : Match on catch block at 0xc3 in for 0xa9
01-22 21:58:26.021 3753 3753 E ArmVmp : Match on catch block at 0xc3 in for 0xa5
01-22 21:58:26.025 3753 3753 E ArmVmp : Match on catch block at 0xc3 in for 0xa9
01-22 21:58:26.036 3753 3753 E ArmVmp : Match on catch block at 0xc3 in for 0xa1
01-22 21:58:26.040 3753 3753 E ArmVmp : Match on catch block at 0xc3 in for 0xa5
01-22 21:58:26.049 3753 3753 E ArmVmp : Match on catch block at 0xc3 in for 0xa1
01-22 21:58:26.052 3753 3753 E ArmVmp : Match on catch block at 0xc3 in for 0xa5
01-22 21:58:26.066 3753 3753 E ArmVmp : Match on catch block at 0xc3 in for 0xa1
01-22 21:58:26.069 3753 3753 E ArmVmp : Match on catch block at 0xc3 in for 0xa5
01-22 21:58:26.082 3753 3753 E ArmVmp : Match on catch block at 0xc3 in for 0xa1
01-22 21:58:26.085 3753 3753 E ArmVmp : Match on catch block at 0xc3 in for 0xa5
01-22 21:58:26.100 3753 3753 E ArmVmp : Match on catch block at 0xc3 in for 0xa1
01-22 21:58:26.104 3753 3753 E ArmVmp : Match on catch block at 0xc3 in for 0xa5
01-22 21:58:26.116 3753 3753 E ArmVmp : Match on catch block at 0xc3 in for 0xa1
01-22 21:58:26.118 3753 3753 E ArmVmp : Match on catch block at 0xc3 in for 0xa5
01-22 21:58:26.136 3753 3753 E ArmVmp : Match on catch block at 0xc3 in for 0xa1
01-22 21:58:26.140 3753 3753 E ArmVmp : Match on catch block at 0xc3 in for 0xa5
01-22 21:58:26.149 3753 3753 E ArmVmp : Match on catch block at 0xc3 in for 0xa1
01-22 21:58:26.153 3753 3753 E ArmVmp : Match on catch block at 0xc3 in for 0xa5
01-22 21:58:26.166 3753 3753 E ArmVmp : Match on catch block at 0xc3 in for 0xa1
01-22 21:58:26.169 3753 3753 E ArmVmp : Match on catch block at 0xc3 in for 0xa5
01-22 21:58:26.183 3753 3753 E ArmVmp : Match on catch block at 0xc3 in for 0xa1
01-22 21:58:26.187 3753 3753 E ArmVmp : Match on catch block at 0xc3 in for 0xa5
01-22 21:58:26.201 3753 3753 E ArmVmp : Match on catch block at 0xc3 in for 0xa1
01-22 21:58:26.204 3753 3753 E ArmVmp : Match on catch block at 0xc3 in for 0xa5
01-22 21:58:26.217 3753 3753 E ArmVmp : Match on catch block at 0xc3 in for 0xa1
01-22 21:58:26.222 3753 3753 E ArmVmp : Match on catch block at 0xc3 in for 0xa5
01-22 21:58:26.266 3753 3753 E ArmVmp : Match on catch block at 0xc3 in for 0xa1
01-22 21:58:26.269 3753 3753 E ArmVmp : Match on catch block at 0xc3 in for 0xa5
01-22 21:58:26.366 3753 3753 E ArmVmp : Match on catch block at 0xc3 in for 0xa1
01-22 21:58:26.369 3753 3753 E ArmVmp : Match on catch block at 0xc3 in for 0xa5
01-22 21:58:26.432 3753 3753 E ArmVmp : Match on catch block at 0xc3 in for 0xa1
01-22 21:58:26.435 3753 3753 E ArmVmp : Match on catch block at 0xc3 in for 0xa5
01-22 21:58:26.532 3753 3753 E ArmVmp : Match on catch block at 0xc3 in for 0xa1
01-22 21:58:26.535 3753 3753 E ArmVmp : Match on catch block at 0xc3 in for 0xa5
01-22 21:58:26.633 3753 3753 E ArmVmp : Match on catch block at 0xc3 in for 0xa1
01-22 21:58:26.636 3753 3753 E ArmVmp : Match on catch block at 0xc3 in for 0xa5
01-22 21:58:26.732 3753 3753 E ArmVmp : Match on catch block at 0xc3 in for 0xa1
01-22 21:58:26.737 3753 3753 E ArmVmp : Match on catch block at 0xc3 in for 0xa5
01-22 21:58:26.815 3753 3753 E ArmVmp : Match on catch block at 0xc3 in for 0xa1
01-22 21:58:26.818 3753 3753 E ArmVmp : Match on catch block at 0xc3 in for 0xa5
01-22 21:58:27.182 3753 3753 E ArmVmp : Match on catch block at 0xc3 in for 0xa1
01-22 21:58:27.185 3753 3753 E ArmVmp : Match on catch block at 0xc3 in for 0xa5
01-22 21:58:27.198 3753 3753 E ArmVmp : Match on catch block at 0xc3 in for 0xa1
01-22 21:58:27.203 3753 3753 E ArmVmp : Match on catch block at 0xc3 in for 0xa5
01-22 21:58:27.215 3753 3753 E ArmVmp : Match on catch block at 0xc3 in for 0xa9
01-22 21:58:27.218 3753 3753 E ArmVmp : Match on catch block at 0xc3 in for 0xa1
01-22 21:58:27.232 3753 3753 E ArmVmp : Match on catch block at 0xc3 in for 0xa9
01-22 21:58:27.235 3753 3753 E ArmVmp : Match on catch block at 0xc3 in for 0xa1
01-22 21:58:27.248 3753 3753 E ArmVmp : Match on catch block at 0xc3 in for 0xa9
01-22 21:58:27.251 3753 3753 E ArmVmp : Match on catch block at 0xc3 in for 0xa1
01-22 21:58:27.265 3753 3753 E ArmVmp : Match on catch block at 0xc3 in for 0xa9
01-22 21:58:27.268 3753 3753 E ArmVmp : Match on catch block at 0xc3 in for 0xa1
01-22 21:58:27.282 3753 3753 E ArmVmp : Match on catch block at 0xc3 in for 0xa9
01-22 21:58:27.285 3753 3753 E ArmVmp : Match on catch block at 0xc3 in for 0xa1
01-22 21:58:27.299 3753 3753 E ArmVmp : Match on catch block at 0xc3 in for 0xa9
01-22 21:58:27.302 3753 3753 E ArmVmp : Match on catch block at 0xc3 in for 0xa1
01-22 21:58:27.317 3753 3753 E ArmVmp : Match on catch block at 0xc3 in for 0xa9
01-22 21:58:27.321 3753 3753 E ArmVmp : Match on catch block at 0xc3 in for 0xa1
01-22 21:58:27.333 3753 3753 E ArmVmp : Match on catch block at 0xc3 in for 0xa9
01-22 21:58:27.337 3753 3753 E ArmVmp : Match on catch block at 0xc3 in for 0xa1
01-22 21:58:27.350 3753 3753 E ArmVmp : Match on catch block at 0xc3 in for 0xa9
01-22 21:58:27.354 3753 3753 E ArmVmp : Match on catch block at 0xc3 in for 0xa1
01-22 21:58:27.366 3753 3753 E ArmVmp : Match on catch block at 0xc3 in for 0xa9
01-22 21:58:27.370 3753 3753 E ArmVmp : Match on catch block at 0xc3 in for 0xa1
01-22 21:58:27.382 3753 3753 E ArmVmp : Match on catch block at 0xc3 in for 0xa9
01-22 21:58:27.387 3753 3753 E ArmVmp : Match on catch block at 0xc3 in for 0xa1
01-22 21:58:27.400 3753 3753 E ArmVmp : Match on catch block at 0xc3 in for 0xa9
01-22 21:58:27.405 3753 3753 E ArmVmp : Match on catch block at 0xc3 in for 0xa1
01-22 21:58:27.415 3753 3753 E ArmVmp : Match on catch block at 0xc3 in for 0xa9
01-22 21:58:27.418 3753 3753 E ArmVmp : Match on catch block at 0xc3 in for 0xa1
01-22 21:58:27.432 3753 3753 E ArmVmp : Match on catch block at 0xc3 in for 0xa9
01-22 21:58:27.435 3753 3753 E ArmVmp : Match on catch block at 0xc3 in for 0xa1
01-22 21:58:27.498 3753 3753 E ArmVmp : Match on catch block at 0xc3 in for 0xa9
01-22 21:58:27.503 3753 3753 E ArmVmp : Match on catch block at 0xc3 in for 0xa1
01-22 21:58:27.765 3753 3753 E ArmVmp : Match on catch block at 0xc3 in for 0xa9
01-22 21:58:27.768 3753 3753 E ArmVmp : Match on catch block at 0xc3 in for 0xa1
01-22 21:58:27.786 3753 3753 E ArmVmp : Match on catch block at 0xc3 in for 0xa1
01-22 21:58:27.788 3753 3753 E ArmVmp : Match on catch block at 0xc3 in for 0xa5
01-22 21:58:27.802 3753 3753 E ArmVmp : Match on catch block at 0xc3 in for 0xa9
01-22 21:58:27.807 3753 3753 E ArmVmp : Match on catch block at 0xc3 in for 0xa1
01-22 21:58:27.815 3753 3753 E ArmVmp : Match on catch block at 0xc3 in for 0xa9
01-22 21:58:27.818 3753 3753 E ArmVmp : Match on catch block at 0xc3 in for 0xa1
01-22 21:58:27.832 3753 3753 E ArmVmp : Match on catch block at 0xc3 in for 0xa9
01-22 21:58:27.834 3753 3753 E ArmVmp : Match on catch block at 0xc3 in for 0xa1
01-22 21:58:27.848 3753 3753 E ArmVmp : Match on catch block at 0xc3 in for 0xa9
01-22 21:58:27.852 3753 3753 E ArmVmp : Match on catch block at 0xc3 in for 0xa1
01-22 21:58:27.865 3753 3753 E ArmVmp : Match on catch block at 0xc3 in for 0xa9
01-22 21:58:27.868 3753 3753 E ArmVmp : Match on catch block at 0xc3 in for 0xa1
01-22 21:58:27.883 3753 3753 E ArmVmp : Match on catch block at 0xc3 in for 0xa9
01-22 21:58:27.887 3753 3753 E ArmVmp : Match on catch block at 0xc3 in for 0xa1
01-22 21:58:27.900 3753 3753 E ArmVmp : Match on catch block at 0xc3 in for 0xa9
01-22 21:58:27.903 3753 3753 E ArmVmp : Match on catch block at 0xc3 in for 0xa1
01-22 21:58:27.915 3753 3753 E ArmVmp : Match on catch block at 0xc3 in for 0xa9
01-22 21:58:27.918 3753 3753 E ArmVmp : Match on catch block at 0xc3 in for 0xa1
01-22 21:58:27.940 3753 3753 E ArmVmp : Match on catch block at 0xc3 in for 0xa1
01-22 21:58:27.942 3753 3753 E ArmVmp : Match on catch block at 0xc3 in for 0xa5
01-22 21:58:27.952 3753 3753 E ArmVmp : Match on catch block at 0xc3 in for 0xa5
01-22 21:58:27.955 3753 3753 E ArmVmp : Match on catch block at 0xc3 in for 0xa9
01-22 21:58:27.965 3753 3753 E ArmVmp : Match on catch block at 0xc3 in for 0xa5
01-22 21:58:27.969 3753 3753 E ArmVmp : Match on catch block at 0xc3 in for 0xa9
01-22 21:58:27.981 3753 3753 E ArmVmp : Match on catch block at 0xc3 in for 0xa5
01-22 21:58:27.984 3753 3753 E ArmVmp : Match on catch block at 0xc3 in for 0xa9
01-22 21:58:28.167 3753 3753 E ArmVmp : Match on catch block at 0xc3 in for 0xa1
01-22 21:58:28.170 3753 3753 E ArmVmp : Match on catch block at 0xc3 in for 0xa5
01-22 21:58:28.180 3753 3954 W MediaPlayer: Use of stream types is deprecated for
operations other than volume control
01-22 21:58:28.180 3753 3954 W MediaPlayer: See the documentation of
setAudioStreamType() for what to use instead with android.media.AudioAttributes to
qualify your playback use case
01-22 21:58:28.182 3753 3753 E ArmVmp : Match on catch block at 0xc3 in for 0xa9
01-22 21:58:28.184 3753 3753 E ArmVmp : Match on catch block at 0xc3 in for 0xa1
01-22 21:58:28.282 3753 3753 E ArmVmp : Match on catch block at 0xc3 in for 0xa9
01-22 21:58:28.286 3753 3753 E ArmVmp : Match on catch block at 0xc3 in for 0xa1
01-22 21:58:28.586 3753 3753 E ArmVmp : Match on catch block at 0xc3 in for 0xa9
01-22 21:58:28.591 3753 3753 E ArmVmp : Match on catch block at 0xc3 in for 0xa1
01-22 21:58:28.623 3753 3753 E ArmVmp : Match on catch block at 0xc3 in for 0xa9
01-22 21:58:28.628 3753 3753 E ArmVmp : Match on catch block at 0xc3 in for 0xa1
01-22 21:58:28.646 3753 3753 E ArmVmp : Match on catch block at 0xc3 in for 0xa5
01-22 21:58:28.650 3753 3753 E ArmVmp : Match on catch block at 0xc3 in for 0xa9
01-22 21:58:28.714 3753 3753 E ArmVmp : Match on catch block at 0xc3 in for 0xa1
01-22 21:58:28.718 3753 3753 E ArmVmp : Match on catch block at 0xc3 in for 0xa5
01-22 21:58:28.729 3753 3753 E ArmVmp : Match on catch block at 0xc3 in for 0xa1
01-22 21:58:28.733 3753 3753 E ArmVmp : Match on catch block at 0xc3 in for 0xa5
01-22 21:58:28.743 3753 3753 E ArmVmp : Match on catch block at 0xc3 in for 0xa1
01-22 21:58:28.747 3753 3753 E ArmVmp : Match on catch block at 0xc3 in for 0xa5
01-22 21:58:28.759 3753 3753 E ArmVmp : Match on catch block at 0xc3 in for 0xa1
01-22 21:58:28.763 3753 3753 E ArmVmp : Match on catch block at 0xc3 in for 0xa5
01-22 21:58:28.776 3753 3753 E ArmVmp : Match on catch block at 0xc3 in for 0xa1
01-22 21:58:28.781 3753 3753 E ArmVmp : Match on catch block at 0xc3 in for 0xa5
01-22 21:58:28.791 3753 3753 E ArmVmp : Match on catch block at 0xc3 in for 0xa1
01-22 21:58:28.796 3753 3753 E ArmVmp : Match on catch block at 0xc3 in for 0xa5
01-22 21:58:28.805 3753 3753 E ArmVmp : Match on catch block at 0xc3 in for 0xa1
01-22 21:58:28.809 3753 3753 E ArmVmp : Match on catch block at 0xc3 in for 0xa5
01-22 21:58:28.819 3753 3753 E ArmVmp : Match on catch block at 0xc3 in for 0xa1
01-22 21:58:28.823 3753 3753 E ArmVmp : Match on catch block at 0xc3 in for 0xa5
01-22 21:58:28.832 3753 3753 E ArmVmp : Match on catch block at 0xc3 in for 0xa1
01-22 21:58:28.835 3753 3753 E ArmVmp : Match on catch block at 0xc3 in for 0xa5
01-22 21:58:28.849 3753 3753 E ArmVmp : Match on catch block at 0xc3 in for 0xa1
01-22 21:58:28.852 3753 3753 E ArmVmp : Match on catch block at 0xc3 in for 0xa5
01-22 21:58:28.865 3753 3753 E ArmVmp : Match on catch block at 0xc3 in for 0xa1
01-22 21:58:28.868 3753 3753 E ArmVmp : Match on catch block at 0xc3 in for 0xa5
01-22 21:58:28.882 3753 3753 E ArmVmp : Match on catch block at 0xc3 in for 0xa1
01-22 21:58:28.885 3753 3753 E ArmVmp : Match on catch block at 0xc3 in for 0xa5
01-22 21:58:28.898 3753 3753 E ArmVmp : Match on catch block at 0xc3 in for 0xa1
01-22 21:58:28.902 3753 3753 E ArmVmp : Match on catch block at 0xc3 in for 0xa5
01-22 21:58:28.915 3753 3753 E ArmVmp : Match on catch block at 0xc3 in for 0xa1
01-22 21:58:28.919 3753 3753 E ArmVmp : Match on catch block at 0xc3 in for 0xa5
01-22 21:58:28.933 3753 3753 E ArmVmp : Match on catch block at 0xc3 in for 0xa1
01-22 21:58:28.937 3753 3753 E ArmVmp : Match on catch block at 0xc3 in for 0xa5
01-22 21:58:28.948 3753 3753 E ArmVmp : Match on catch block at 0xc3 in for 0xa1
01-22 21:58:28.952 3753 3753 E ArmVmp : Match on catch block at 0xc3 in for 0xa5
01-22 21:58:28.965 3753 3753 E ArmVmp : Match on catch block at 0xc3 in for 0xa1
01-22 21:58:28.968 3753 3753 E ArmVmp : Match on catch block at 0xc3 in for 0xa5
01-22 21:58:28.981 3753 3753 E ArmVmp : Match on catch block at 0xc3 in for 0xa1
01-22 21:58:28.984 3753 3753 E ArmVmp : Match on catch block at 0xc3 in for 0xa5
01-22 21:58:28.998 3753 3753 E ArmVmp : Match on catch block at 0xc3 in for 0xa1
01-22 21:58:29.002 3753 3753 E ArmVmp : Match on catch block at 0xc3 in for 0xa5
01-22 21:58:29.016 3753 3753 E ArmVmp : Match on catch block at 0xc3 in for 0xa1
01-22 21:58:29.019 3753 3753 E ArmVmp : Match on catch block at 0xc3 in for 0xa5
01-22 21:58:29.904 3753 3753 E ArmVmp : Match on catch block at 0xc3 in for 0xa5
01-22 21:58:29.908 3753 3753 E ArmVmp : Match on catch block at 0xc3 in for 0xa9
01-22 21:58:30.232 3753 3753 E ArmVmp : Match on catch block at 0xc3 in for 0xa5
01-22 21:58:30.237 3753 3753 E ArmVmp : Match on catch block at 0xc3 in for 0xa9
01-22 21:58:30.249 3753 3753 E ArmVmp : Match on catch block at 0xc3 in for 0xa5
01-22 21:58:30.254 3753 3753 E ArmVmp : Match on catch block at 0xc3 in for 0xa9
01-22 21:58:30.266 3753 3753 E ArmVmp : Match on catch block at 0xc3 in for 0xa5
01-22 21:58:30.271 3753 3753 E ArmVmp : Match on catch block at 0xc3 in for 0xa9
01-22 21:58:30.283 3753 3753 E ArmVmp : Match on catch block at 0xc3 in for 0xa5
01-22 21:58:30.287 3753 3753 E ArmVmp : Match on catch block at 0xc3 in for 0xa9
01-22 21:58:30.299 3753 3753 E ArmVmp : Match on catch block at 0xc3 in for 0xa5
01-22 21:58:30.304 3753 3753 E ArmVmp : Match on catch block at 0xc3 in for 0xa9
01-22 21:58:30.316 3753 3753 E ArmVmp : Match on catch block at 0xc3 in for 0xa5
01-22 21:58:30.321 3753 3753 E ArmVmp : Match on catch block at 0xc3 in for 0xa9
01-22 21:58:30.333 3753 3753 E ArmVmp : Match on catch block at 0xc3 in for 0xa5
01-22 21:58:30.338 3753 3753 E ArmVmp : Match on catch block at 0xc3 in for 0xa9
01-22 21:58:30.348 3753 3753 E ArmVmp : Match on catch block at 0xc3 in for 0xa5
01-22 21:58:30.353 3753 3753 E ArmVmp : Match on catch block at 0xc3 in for 0xa9
01-22 21:58:30.366 3753 3753 E ArmVmp : Match on catch block at 0xc3 in for 0xa5
01-22 21:58:30.371 3753 3753 E ArmVmp : Match on catch block at 0xc3 in for 0xa9
01-22 21:58:30.382 3753 3753 E ArmVmp : Match on catch block at 0xc3 in for 0xa5
01-22 21:58:30.387 3753 3753 E ArmVmp : Match on catch block at 0xc3 in for 0xa9
01-22 21:58:30.399 3753 3753 E ArmVmp : Match on catch block at 0xc3 in for 0xa5
01-22 21:58:30.404 3753 3753 E ArmVmp : Match on catch block at 0xc3 in for 0xa9
01-22 21:58:30.415 3753 3753 E ArmVmp : Match on catch block at 0xc3 in for 0xa5
01-22 21:58:30.420 3753 3753 E ArmVmp : Match on catch block at 0xc3 in for 0xa9
01-22 21:58:30.432 3753 3753 E ArmVmp : Match on catch block at 0xc3 in for 0xa5
01-22 21:58:30.437 3753 3753 E ArmVmp : Match on catch block at 0xc3 in for 0xa9
01-22 21:58:30.449 3753 3753 E ArmVmp : Match on catch block at 0xc3 in for 0xa5
01-22 21:58:30.454 3753 3753 E ArmVmp : Match on catch block at 0xc3 in for 0xa9
01-22 21:58:30.464 3753 3753 E ArmVmp : Match on catch block at 0xc3 in for 0xa5
01-22 21:58:30.467 3753 3753 E ArmVmp : Match on catch block at 0xc3 in for 0xa9
01-22 21:58:30.483 3753 3753 E ArmVmp : Match on catch block at 0xc3 in for 0xa5
01-22 21:58:30.487 3753 3753 E ArmVmp : Match on catch block at 0xc3 in for 0xa9
01-22 21:58:30.659 3753 3753 E ArmVmp : Match on catch block at 0xc3 in for 0xa9
01-22 21:58:30.664 3753 3753 E ArmVmp : Match on catch block at 0xc3 in for 0xa1
01-22 21:58:30.681 3753 3753 E ArmVmp : Match on catch block at 0xc3 in for 0xa5
01-22 21:58:30.684 3753 3753 E ArmVmp : Match on catch block at 0xc3 in for 0xa9
01-22 21:58:30.698 3753 3753 E ArmVmp : Match on catch block at 0xc3 in for 0xa5
01-22 21:58:30.700 3753 3753 E ArmVmp : Match on catch block at 0xc3 in for 0xa9
01-22 21:58:30.715 3753 3753 E ArmVmp : Match on catch block at 0xc3 in for 0xa5
01-22 21:58:30.717 3753 3753 E ArmVmp : Match on catch block at 0xc3 in for 0xa9
01-22 21:58:30.731 3753 3753 E ArmVmp : Match on catch block at 0xc3 in for 0xa5
01-22 21:58:30.734 3753 3753 E ArmVmp : Match on catch block at 0xc3 in for 0xa9
01-22 21:58:30.748 3753 3753 E ArmVmp : Match on catch block at 0xc3 in for 0xa5
01-22 21:58:30.751 3753 3753 E ArmVmp : Match on catch block at 0xc3 in for 0xa9
01-22 21:58:30.768 3753 3753 E ArmVmp : Match on catch block at 0xc3 in for 0xa5
01-22 21:58:30.771 3753 3753 E ArmVmp : Match on catch block at 0xc3 in for 0xa9
01-22 21:58:30.783 3753 3753 E ArmVmp : Match on catch block at 0xc3 in for 0xa5
01-22 21:58:30.787 3753 3753 E ArmVmp : Match on catch block at 0xc3 in for 0xa9
01-22 21:58:30.797 3753 3769 W System : A resource failed to call close.
01-22 21:58:30.798 3753 3769 W System : A resource failed to call release.
01-22 21:58:30.798 3753 3769 W System : A resource failed to call close.
01-22 21:58:30.799 3753 3753 E ArmVmp : Match on catch block at 0xc3 in for 0xa5
01-22 21:58:30.803 3753 3753 E ArmVmp : Match on catch block at 0xc3 in for 0xa9
01-22 21:58:30.816 3753 3753 E ArmVmp : Match on catch block at 0xc3 in for 0xa5
01-22 21:58:30.819 3753 3753 E ArmVmp : Match on catch block at 0xc3 in for 0xa9
01-22 21:58:30.832 3753 3753 E ArmVmp : Match on catch block at 0xc3 in for 0xa5
01-22 21:58:30.835 3753 3753 E ArmVmp : Match on catch block at 0xc3 in for 0xa9
01-22 21:58:30.848 3753 3753 E ArmVmp : Match on catch block at 0xc3 in for 0xa5
01-22 21:58:30.851 3753 3753 E ArmVmp : Match on catch block at 0xc3 in for 0xa9
01-22 21:58:30.898 3753 3753 E ArmVmp : Match on catch block at 0xc3 in for 0xa5
01-22 21:58:30.901 3753 3753 E ArmVmp : Match on catch block at 0xc3 in for 0xa9
01-22 21:58:31.048 3753 3753 E ArmVmp : Match on catch block at 0xc3 in for 0xa5
01-22 21:58:31.051 3753 3753 E ArmVmp : Match on catch block at 0xc3 in for 0xa9
01-22 21:58:31.131 3753 3753 E ArmVmp : Match on catch block at 0xc3 in for 0xa5
01-22 21:58:31.134 3753 3753 E ArmVmp : Match on catch block at 0xc3 in for 0xa9
01-22 21:58:31.464 3753 3753 E ArmVmp : Match on catch block at 0xc3 in for 0xa5
01-22 21:58:31.467 3753 3753 E ArmVmp : Match on catch block at 0xc3 in for 0xa9
01-22 21:58:31.699 3753 3753 E ArmVmp : Match on catch block at 0xc3 in for 0xa5
01-22 21:58:31.703 3753 3753 E ArmVmp : Match on catch block at 0xc3 in for 0xa9
01-22 21:58:31.899 3753 3753 E ArmVmp : Match on catch block at 0xc3 in for 0xa5
01-22 21:58:31.903 3753 3753 E ArmVmp : Match on catch block at 0xc3 in for 0xa9
01-22 21:58:32.032 3753 3753 E ArmVmp : Match on catch block at 0xc3 in for 0xa5
01-22 21:58:32.037 3753 3753 E ArmVmp : Match on catch block at 0xc3 in for 0xa9
01-22 21:58:32.299 3753 3753 E ArmVmp : Match on catch block at 0xc3 in for 0xa5
01-22 21:58:32.303 3753 3753 E ArmVmp : Match on catch block at 0xc3 in for 0xa9
01-22 21:58:32.315 3753 3753 E ArmVmp : Match on catch block at 0xc3 in for 0xa5
01-22 21:58:32.320 3753 3753 E ArmVmp : Match on catch block at 0xc3 in for 0xa9
01-22 21:58:32.331 3753 3753 E ArmVmp : Match on catch block at 0xc3 in for 0xa5
01-22 21:58:32.335 3753 3753 E ArmVmp : Match on catch block at 0xc3 in for 0xa9
01-22 21:58:32.349 3753 3753 E ArmVmp : Match on catch block at 0xc3 in for 0xa5
01-22 21:58:32.353 3753 3753 E ArmVmp : Match on catch block at 0xc3 in for 0xa9
01-22 21:58:32.364 3753 3753 E ArmVmp : Match on catch block at 0xc3 in for 0xa5
01-22 21:58:32.369 3753 3753 E ArmVmp : Match on catch block at 0xc3 in for 0xa9
01-22 21:58:32.382 3753 3753 E ArmVmp : Match on catch block at 0xc3 in for 0xa5
01-22 21:58:32.387 3753 3753 E ArmVmp : Match on catch block at 0xc3 in for 0xa9
01-22 21:58:32.399 3753 3753 E ArmVmp : Match on catch block at 0xc3 in for 0xa5
01-22 21:58:32.403 3753 3753 E ArmVmp : Match on catch block at 0xc3 in for 0xa9
01-22 21:58:32.414 3753 3753 E ArmVmp : Match on catch block at 0xc3 in for 0xa5
01-22 21:58:32.419 3753 3753 E ArmVmp : Match on catch block at 0xc3 in for 0xa9
01-22 21:58:32.431 3753 3753 E ArmVmp : Match on catch block at 0xc3 in for 0xa5
01-22 21:58:32.434 3753 3753 E ArmVmp : Match on catch block at 0xc3 in for 0xa9
01-22 21:58:32.448 3753 3753 E ArmVmp : Match on catch block at 0xc3 in for 0xa5
01-22 21:58:32.451 3753 3753 E ArmVmp : Match on catch block at 0xc3 in for 0xa9
01-22 21:58:32.465 3753 3753 E ArmVmp : Match on catch block at 0xc3 in for 0xa5
01-22 21:58:32.467 3753 3753 E ArmVmp : Match on catch block at 0xc3 in for 0xa9
01-22 21:58:32.481 3753 3753 E ArmVmp : Match on catch block at 0xc3 in for 0xa5
01-22 21:58:32.484 3753 3753 E ArmVmp : Match on catch block at 0xc3 in for 0xa9
01-22 21:58:32.498 3753 3753 E ArmVmp : Match on catch block at 0xc3 in for 0xa5
01-22 21:58:32.500 3753 3753 E ArmVmp : Match on catch block at 0xc3 in for 0xa9
01-22 21:58:32.514 3753 3753 E ArmVmp : Match on catch block at 0xc3 in for 0xa5
01-22 21:58:32.517 3753 3753 E ArmVmp : Match on catch block at 0xc3 in for 0xa9
01-22 21:58:32.531 3753 3753 E ArmVmp : Match on catch block at 0xc3 in for 0xa5
01-22 21:58:32.534 3753 3753 E ArmVmp : Match on catch block at 0xc3 in for 0xa9
01-22 21:58:32.548 3753 3753 E ArmVmp : Match on catch block at 0xc3 in for 0xa5
01-22 21:58:32.553 3753 3753 E ArmVmp : Match on catch block at 0xc3 in for 0xa9
01-22 21:58:32.564 3753 3753 E ArmVmp : Match on catch block at 0xc3 in for 0xa5
01-22 21:58:32.568 3753 3753 E ArmVmp : Match on catch block at 0xc3 in for 0xa9
01-22 21:58:32.581 3753 3753 E ArmVmp : Match on catch block at 0xc3 in for 0xa5
01-22 21:58:32.584 3753 3753 E ArmVmp : Match on catch block at 0xc3 in for 0xa9
01-22 21:58:32.598 3753 3753 E ArmVmp : Match on catch block at 0xc3 in for 0xa5
01-22 21:58:32.600 3753 3753 E ArmVmp : Match on catch block at 0xc3 in for 0xa9
01-22 21:58:32.614 3753 3753 E ArmVmp : Match on catch block at 0xc3 in for 0xa5
01-22 21:58:32.617 3753 3753 E ArmVmp : Match on catch block at 0xc3 in for 0xa9
01-22 21:58:32.631 3753 3753 E ArmVmp : Match on catch block at 0xc3 in for 0xa5
01-22 21:58:32.634 3753 3753 E ArmVmp : Match on catch block at 0xc3 in for 0xa9
01-22 21:58:32.647 3753 3753 E ArmVmp : Match on catch block at 0xc3 in for 0xa5
01-22 21:58:32.650 3753 3753 E ArmVmp : Match on catch block at 0xc3 in for 0xa9
01-22 21:58:32.664 3753 3753 E ArmVmp : Match on catch block at 0xc3 in for 0xa5
01-22 21:58:32.667 3753 3753 E ArmVmp : Match on catch block at 0xc3 in for 0xa9
01-22 21:58:32.681 3753 3753 E ArmVmp : Match on catch block at 0xc3 in for 0xa5
01-22 21:58:32.683 3753 3753 E ArmVmp : Match on catch block at 0xc3 in for 0xa9
01-22 21:58:32.698 3753 3753 E ArmVmp : Match on catch block at 0xc3 in for 0xa5
01-22 21:58:32.701 3753 3753 E ArmVmp : Match on catch block at 0xc3 in for 0xa9
01-22 21:58:32.764 3753 3753 E ArmVmp : Match on catch block at 0xc3 in for 0xa5
01-22 21:58:32.767 3753 3753 E ArmVmp : Match on catch block at 0xc3 in for 0xa9
01-22 21:58:32.931 3753 3753 E ArmVmp : Match on catch block at 0xc3 in for 0xa5
01-22 21:58:32.937 3753 3753 E ArmVmp : Match on catch block at 0xc3 in for 0xa9
01-22 21:58:33.147 3753 3753 E ArmVmp : Match on catch block at 0xc3 in for 0xa5
01-22 21:58:33.150 3753 3753 E ArmVmp : Match on catch block at 0xc3 in for 0xa9
01-22 21:58:33.314 3753 3753 E ArmVmp : Match on catch block at 0xc3 in for 0xa5
01-22 21:58:33.316 3753 3753 E ArmVmp : Match on catch block at 0xc3 in for 0xa9
01-22 21:58:33.465 3753 3753 E ArmVmp : Match on catch block at 0xc3 in for 0xa5
01-22 21:58:33.470 3753 3753 E ArmVmp : Match on catch block at 0xc3 in for 0xa9
01-22 21:58:33.865 3753 3753 E ArmVmp : Match on catch block at 0xc3 in for 0xa5
01-22 21:58:33.871 3753 3753 E ArmVmp : Match on catch block at 0xc3 in for 0xa9
01-22 21:58:33.905 3753 3753 E ArmVmp : Match on catch block at 0xc3 in for 0xa1
01-22 21:58:33.908 3753 3753 E ArmVmp : Match on catch block at 0xc3 in for 0xa5
01-22 21:58:33.913 3753 3954 W MediaPlayer: Use of stream types is deprecated for
operations other than volume control
01-22 21:58:33.913 3753 3954 W MediaPlayer: See the documentation of
setAudioStreamType() for what to use instead with android.media.AudioAttributes to
qualify your playback use case
01-22 21:58:33.918 3753 3753 E ArmVmp : Match on catch block at 0xc3 in for 0xa9
01-22 21:58:33.922 3753 3753 E ArmVmp : Match on catch block at 0xc3 in for 0xa1
01-22 21:58:33.931 3753 3753 E ArmVmp : Match on catch block at 0xc3 in for 0xa9
01-22 21:58:33.935 3753 3753 E ArmVmp : Match on catch block at 0xc3 in for 0xa1
01-22 21:58:34.015 3753 3753 E ArmVmp : Match on catch block at 0xc3 in for 0xa9
01-22 21:58:34.019 3753 3753 E ArmVmp : Match on catch block at 0xc3 in for 0xa1
01-22 21:58:34.515 3753 3753 E ArmVmp : Match on catch block at 0xc3 in for 0xa9
01-22 21:58:34.519 3753 3753 E ArmVmp : Match on catch block at 0xc3 in for 0xa1
01-22 21:58:34.548 3753 3753 E ArmVmp : Match on catch block at 0xc3 in for 0xa9
01-22 21:58:34.551 3753 3753 E ArmVmp : Match on catch block at 0xc3 in for 0xa1
01-22 21:58:34.882 3753 3753 E ArmVmp : Match on catch block at 0xc3 in for 0xa9
01-22 21:58:34.886 3753 3753 E ArmVmp : Match on catch block at 0xc3 in for 0xa1
01-22 21:58:34.998 3753 3753 E ArmVmp : Match on catch block at 0xc3 in for 0xa9
01-22 21:58:35.002 3753 3753 E ArmVmp : Match on catch block at 0xc3 in for 0xa1
01-22 21:58:35.098 3753 3753 E ArmVmp : Match on catch block at 0xc3 in for 0xa9
01-22 21:58:35.103 3753 3753 E ArmVmp : Match on catch block at 0xc3 in for 0xa1
01-22 21:58:35.348 3753 3753 E ArmVmp : Match on catch block at 0xc3 in for 0xa9
01-22 21:58:35.353 3753 3753 E ArmVmp : Match on catch block at 0xc3 in for 0xa1
01-22 21:58:35.480 3753 3753 E ArmVmp : Match on catch block at 0xc3 in for 0xa9
01-22 21:58:35.486 3753 3753 E ArmVmp : Match on catch block at 0xc3 in for 0xa1
01-22 21:58:35.531 3753 3753 E ArmVmp : Match on catch block at 0xc3 in for 0xa9
01-22 21:58:35.536 3753 3753 E ArmVmp : Match on catch block at 0xc3 in for 0xa1
01-22 21:58:35.548 3753 3753 E ArmVmp : Match on catch block at 0xc3 in for 0xa9
01-22 21:58:35.553 3753 3753 E ArmVmp : Match on catch block at 0xc3 in for 0xa1
01-22 21:58:35.565 3753 3753 E ArmVmp : Match on catch block at 0xc3 in for 0xa9
01-22 21:58:35.569 3753 3753 E ArmVmp : Match on catch block at 0xc3 in for 0xa1
01-22 21:58:35.581 3753 3753 E ArmVmp : Match on catch block at 0xc3 in for 0xa9
01-22 21:58:35.586 3753 3753 E ArmVmp : Match on catch block at 0xc3 in for 0xa1
01-22 21:58:35.597 3753 3753 E ArmVmp : Match on catch block at 0xc3 in for 0xa9
01-22 21:58:35.600 3753 3753 E ArmVmp : Match on catch block at 0xc3 in for 0xa1
01-22 21:58:35.615 3753 3753 E ArmVmp : Match on catch block at 0xc3 in for 0xa9
01-22 21:58:35.619 3753 3753 E ArmVmp : Match on catch block at 0xc3 in for 0xa1
01-22 21:58:35.630 3753 3753 E ArmVmp : Match on catch block at 0xc3 in for 0xa9
01-22 21:58:35.635 3753 3753 E ArmVmp : Match on catch block at 0xc3 in for 0xa1
01-22 21:58:35.647 3753 3753 E ArmVmp : Match on catch block at 0xc3 in for 0xa9
01-22 21:58:35.650 3753 3753 E ArmVmp : Match on catch block at 0xc3 in for 0xa1
01-22 21:58:35.663 3753 3753 E ArmVmp : Match on catch block at 0xc3 in for 0xa9
01-22 21:58:35.667 3753 3753 E ArmVmp : Match on catch block at 0xc3 in for 0xa1
01-22 21:58:35.680 3753 3753 E ArmVmp : Match on catch block at 0xc3 in for 0xa9
01-22 21:58:35.685 3753 3753 E ArmVmp : Match on catch block at 0xc3 in for 0xa1
01-22 21:58:35.697 3753 3753 E ArmVmp : Match on catch block at 0xc3 in for 0xa9
01-22 21:58:35.700 3753 3753 E ArmVmp : Match on catch block at 0xc3 in for 0xa1
01-22 21:58:35.713 3753 3753 E ArmVmp : Match on catch block at 0xc3 in for 0xa9
01-22 21:58:35.716 3753 3753 E ArmVmp : Match on catch block at 0xc3 in for 0xa1
01-22 21:58:35.731 3753 3753 E ArmVmp : Match on catch block at 0xc3 in for 0xa9
01-22 21:58:35.736 3753 3753 E ArmVmp : Match on catch block at 0xc3 in for 0xa1
01-22 21:58:35.747 3753 3753 E ArmVmp : Match on catch block at 0xc3 in for 0xa9
01-22 21:58:35.750 3753 3753 E ArmVmp : Match on catch block at 0xc3 in for 0xa1
01-22 21:58:35.763 3753 3753 E ArmVmp : Match on catch block at 0xc3 in for 0xa9
01-22 21:58:35.766 3753 3753 E ArmVmp : Match on catch block at 0xc3 in for 0xa1
01-22 21:58:35.780 3753 3753 E ArmVmp : Match on catch block at 0xc3 in for 0xa9
01-22 21:58:35.783 3753 3753 E ArmVmp : Match on catch block at 0xc3 in for 0xa1
01-22 21:58:35.797 3753 3753 E ArmVmp : Match on catch block at 0xc3 in for 0xa9
01-22 21:58:35.799 3753 3753 E ArmVmp : Match on catch block at 0xc3 in for 0xa1
01-22 21:58:36.148 3753 3753 E ArmVmp : Match on catch block at 0xc3 in for 0xa9
01-22 21:58:36.152 3753 3753 E ArmVmp : Match on catch block at 0xc3 in for 0xa1
01-22 21:58:36.651 3753 3753 E ArmVmp : Match on catch block at 0xc3 in for 0xa9
01-22 21:58:36.660 3753 3753 E ArmVmp : Match on catch block at 0xc3 in for 0xa1
01-22 21:58:37.080 3753 3753 E ArmVmp : Match on catch block at 0xc3 in for 0xa9
01-22 21:58:37.082 3753 3753 E ArmVmp : Match on catch block at 0xc3 in for 0xa1
01-22 21:58:37.100 3753 3753 E ArmVmp : Match on catch block at 0xc3 in for 0xa1
01-22 21:58:37.103 3753 3753 E ArmVmp : Match on catch block at 0xc3 in for 0xa5
01-22 21:58:37.119 3753 3753 E ArmVmp : Match on catch block at 0xc3 in for 0xa1
01-22 21:58:37.123 3753 3753 E ArmVmp : Match on catch block at 0xc3 in for 0xa5
01-22 21:58:37.144 3753 3753 E ArmVmp : Match on catch block at 0xc3 in for 0xa5
01-22 21:58:37.147 3753 3753 E ArmVmp : Match on catch block at 0xc3 in for 0xa9
01-22 21:58:37.157 3753 3753 E ArmVmp : Match on catch block at 0xc3 in for 0xa5
01-22 21:58:37.160 3753 3753 E ArmVmp : Match on catch block at 0xc3 in for 0xa9
01-22 21:58:37.165 3753 3753 E ArmVmp : Match on catch block at 0xc3 in for 0xa5
01-22 21:58:37.167 3753 3753 E ArmVmp : Match on catch block at 0xc3 in for 0xa9
01-22 21:58:37.180 3753 3753 E ArmVmp : Match on catch block at 0xc3 in for 0xa5
01-22 21:58:37.183 3753 3753 E ArmVmp : Match on catch block at 0xc3 in for 0xa9
01-22 21:58:37.196 3753 3753 E ArmVmp : Match on catch block at 0xc3 in for 0xa5
01-22 21:58:37.199 3753 3753 E ArmVmp : Match on catch block at 0xc3 in for 0xa9
01-22 21:58:37.213 3753 3753 E ArmVmp : Match on catch block at 0xc3 in for 0xa5
01-22 21:58:37.216 3753 3753 E ArmVmp : Match on catch block at 0xc3 in for 0xa9
01-22 21:58:37.230 3753 3753 E ArmVmp : Match on catch block at 0xc3 in for 0xa5
01-22 21:58:37.232 3753 3753 E ArmVmp : Match on catch block at 0xc3 in for 0xa9
01-22 21:58:37.246 3753 3753 E ArmVmp : Match on catch block at 0xc3 in for 0xa5
01-22 21:58:37.249 3753 3753 E ArmVmp : Match on catch block at 0xc3 in for 0xa9
01-22 21:58:37.264 3753 3753 E ArmVmp : Match on catch block at 0xc3 in for 0xa5
01-22 21:58:37.267 3753 3753 E ArmVmp : Match on catch block at 0xc3 in for 0xa9
01-22 21:58:37.280 3753 3753 E ArmVmp : Match on catch block at 0xc3 in for 0xa5
01-22 21:58:37.282 3753 3753 E ArmVmp : Match on catch block at 0xc3 in for 0xa9
01-22 21:58:37.296 3753 3753 E ArmVmp : Match on catch block at 0xc3 in for 0xa5
01-22 21:58:37.299 3753 3753 E ArmVmp : Match on catch block at 0xc3 in for 0xa9
01-22 21:58:37.483 3753 3753 E ArmVmp : Match on catch block at 0xc3 in for 0xa5
01-22 21:58:37.485 3753 3753 E ArmVmp : Match on catch block at 0xc3 in for 0xa9
01-22 21:58:37.490 3753 3954 W MediaPlayer: Use of stream types is deprecated for
operations other than volume control
01-22 21:58:37.490 3753 3954 W MediaPlayer: See the documentation of
setAudioStreamType() for what to use instead with android.media.AudioAttributes to
qualify your playback use case
01-22 21:58:37.498 3753 3753 E ArmVmp : Match on catch block at 0xc3 in for 0xa1
01-22 21:58:37.502 3753 3753 E ArmVmp : Match on catch block at 0xc3 in for 0xa5
01-22 21:58:37.596 3753 3753 E ArmVmp : Match on catch block at 0xc3 in for 0xa1
01-22 21:58:37.599 3753 3753 E ArmVmp : Match on catch block at 0xc3 in for 0xa5
01-22 21:58:37.720 3753 3753 E ArmVmp : Match on catch block at 0xc3 in for 0xa5
01-22 21:58:37.723 3753 3753 E ArmVmp : Match on catch block at 0xc3 in for 0xa9
01-22 21:58:37.731 3753 3753 E ArmVmp : Match on catch block at 0xc3 in for 0xa5
01-22 21:58:37.734 3753 3753 E ArmVmp : Match on catch block at 0xc3 in for 0xa9
01-22 21:58:37.767 3753 3753 E ArmVmp : Match on catch block at 0xc3 in for 0xa9
01-22 21:58:37.769 3753 3753 E ArmVmp : Match on catch block at 0xc3 in for 0xa1
01-22 21:58:37.782 3753 3753 E ArmVmp : Match on catch block at 0xc3 in for 0xa5
01-22 21:58:37.785 3753 3753 E ArmVmp : Match on catch block at 0xc3 in for 0xa9
01-22 21:58:37.806 3753 3753 E ArmVmp : Match on catch block at 0xc3 in for 0xa1
01-22 21:58:37.809 3753 3753 E ArmVmp : Match on catch block at 0xc3 in for 0xa5
01-22 21:58:37.825 3753 3753 E ArmVmp : Match on catch block at 0xc3 in for 0xa9
01-22 21:58:37.828 3753 3753 E ArmVmp : Match on catch block at 0xc3 in for 0xa1
01-22 21:58:37.895 3753 3753 E ArmVmp : Match on catch block at 0xc3 in for 0xa5
01-22 21:58:37.902 3753 3753 E ArmVmp : Match on catch block at 0xc3 in for 0xa9
01-22 21:58:37.944 3753 3753 E ArmVmp : Match on catch block at 0xc3 in for 0xa5
01-22 21:58:37.951 3753 3753 E ArmVmp : Match on catch block at 0xc3 in for 0xa9
01-22 21:58:37.992 3753 3753 W com.mbwhatsapp: Class com.mbwhatsapp.HomeActivity
failed lock verification and will run slower.
01-22 21:58:38.233 3753 3753 E ArmVmp : Match on catch block at 0x0a in for 0xc1
01-22 21:58:38.251 3753 3753 E ArmVmp : Match on catch block at 0x0a in for
0x139
01-22 21:58:38.327 3753 4066 W com.mbwhatsapp: Accessing hidden method
Lcom/android/org/conscrypt/ConscryptEngineSocket;->setUseSessionTickets(Z)V
(greylist-max-q,test-api, reflection, denied)
01-22 21:58:38.327 3753 4066 W com.mbwhatsapp: Accessing hidden method
Lcom/android/org/conscrypt/OpenSSLSocketImpl;->setUseSessionTickets(Z)V (greylist-
max-q,test-api, reflection, denied)
01-22 21:58:38.327 3753 4066 W com.mbwhatsapp: Accessing hidden method
Lcom/android/org/conscrypt/AbstractConscryptSocket;->setUseSessionTickets(Z)V
(greylist-max-q, reflection, denied)
01-22 21:58:38.328 3753 4066 W com.mbwhatsapp: Accessing hidden method
Lcom/android/org/conscrypt/ConscryptEngineSocket;->setHostname(Ljava/lang/String;)V
(greylist-max-q,test-api, reflection, denied)
01-22 21:58:38.328 3753 4066 W com.mbwhatsapp: Accessing hidden method
Lcom/android/org/conscrypt/OpenSSLSocketImpl;->setHostname(Ljava/lang/String;)V
(greylist-max-q,test-api, reflection, denied)
01-22 21:58:38.328 3753 4066 W com.mbwhatsapp: Accessing hidden method
Lcom/android/org/conscrypt/AbstractConscryptSocket;->setHostname(Ljava/lang/
String;)V (greylist-max-q, reflection, denied)
01-22 21:58:38.328 3753 4066 W com.mbwhatsapp: Accessing hidden method
Lcom/android/org/conscrypt/OpenSSLSocketImpl;->setAlpnProtocols([B)V (greylist-max-
q,test-api, reflection, denied)
01-22 21:58:38.328 3753 4066 W com.mbwhatsapp: Accessing hidden method
Lcom/android/org/conscrypt/AbstractConscryptSocket;->setAlpnProtocols([B)V
(greylist-max-q, reflection, denied)
01-22 21:58:38.352 3753 3753 E ArmVmp : Match on catch block at 0xc3 in for 0xa1
01-22 21:58:38.355 3753 3753 E ArmVmp : Match on catch block at 0xc3 in for 0xa5
01-22 21:58:38.440 3753 4074 W LOTTIE : Animation contains merge paths. Merge
paths are only supported on KitKat+ and must be manually enabled by calling
enableMergePathsForKitKatAndAbove().
01-22 21:58:38.509 3753 4066 W com.mbwhatsapp: Accessing hidden method
Lcom/android/org/conscrypt/OpenSSLSocketImpl;->getAlpnSelectedProtocol()[B
(greylist-max-q,test-api, reflection, denied)
01-22 21:58:38.509 3753 4066 W com.mbwhatsapp: Accessing hidden method
Lcom/android/org/conscrypt/AbstractConscryptSocket;->getAlpnSelectedProtocol()[B
(greylist-max-q, reflection, denied)
01-22 21:58:38.787 3753 3753 E RecyclerView: No adapter attached; skipping layout
01-22 21:58:38.931 3753 3753 E ArmVmp : Match on catch block at 0xc3 in for 0xa1
01-22 21:58:38.935 3753 3753 E ArmVmp : Match on catch block at 0xc3 in for 0xa5
01-22 21:58:38.965 3753 3753 E RecyclerView: No adapter attached; skipping layout
01-22 21:58:38.983 3753 3753 W LOTTIE : Animation contains merge paths but they
are disabled.
01-22 21:58:39.191 3753 3753 E ArmVmp : Match on catch block at 0x0a in for 0xd5
01-22 21:58:39.298 3753 3753 E ArmVmp : Match on catch block at 0x5b in for 0x89
01-22 21:58:39.318 3753 3753 E ArmVmp : Match on catch block at 0x5b in for 0x89
--------- beginning of main
--------- beginning of system
01-22 21:58:59.884 4236 4236 E com.mbwhatsapp: Not starting debugger since
process cannot load the jdwp agent.
01-22 21:59:00.027 4236 4236 W System.err: java.lang.ClassNotFoundException:
mbmodsd.mbmodsw.ui.views.btn.BtnBK
01-22 21:59:00.032 4236 4236 W System.err: at
java.lang.Runtime.nativeLoad(Native Method)
01-22 21:59:00.032 4236 4236 W System.err: at
java.lang.Runtime.nativeLoad(Runtime.java:1131)
01-22 21:59:00.032 4236 4236 W System.err: at
java.lang.Runtime.loadLibrary0(Runtime.java:1085)
01-22 21:59:00.032 4236 4236 W System.err: at
java.lang.Runtime.loadLibrary0(Runtime.java:1008)
01-22 21:59:00.032 4236 4236 W System.err: at
java.lang.System.loadLibrary(System.java:1664)
01-22 21:59:00.032 4236 4236 W System.err: at arm.EpicVm.<clinit>(Unknown
Source:2)
01-22 21:59:00.032 4236 4236 W System.err: at
java.lang.Class.newInstance(Native Method)
01-22 21:59:00.033 4236 4236 W System.err: at
android.app.AppComponentFactory.instantiateApplication(AppComponentFactory.java:76)
01-22 21:59:00.033 4236 4236 W System.err: at
androidx.core.app.CoreComponentFactory.instantiateApplication(Unknown Source:0)
01-22 21:59:00.033 4236 4236 W System.err: at
android.app.Instrumentation.newApplication(Instrumentation.java:1158)
01-22 21:59:00.033 4236 4236 W System.err: at
android.app.LoadedApk.makeApplication(LoadedApk.java:1244)
01-22 21:59:00.033 4236 4236 W System.err: at
android.app.ActivityThread.handleBindApplication(ActivityThread.java:7092)
01-22 21:59:00.033 4236 4236 W System.err: at
android.app.ActivityThread.access$1600(ActivityThread.java:268)
01-22 21:59:00.033 4236 4236 W System.err: at
android.app.ActivityThread$H.handleMessage(ActivityThread.java:2056)
01-22 21:59:00.033 4236 4236 W System.err: at
android.os.Handler.dispatchMessage(Handler.java:106)
01-22 21:59:00.033 4236 4236 W System.err: at
android.os.Looper.loop(Looper.java:268)
01-22 21:59:00.033 4236 4236 W System.err: at
android.app.ActivityThread.main(ActivityThread.java:8101)
01-22 21:59:00.033 4236 4236 W System.err: at
java.lang.reflect.Method.invoke(Native Method)
01-22 21:59:00.033 4236 4236 W System.err: at
com.android.internal.os.RuntimeInit$MethodAndArgsCaller.run(RuntimeInit.java:627)
01-22 21:59:00.033 4236 4236 W System.err: at
com.android.internal.os.ZygoteInit.main(ZygoteInit.java:997)
01-22 21:59:00.047 4236 4236 E libc : Access denied finding property
"ro.vendor.pref_scale_resolution"
01-22 21:59:00.054 4236 4236 E CustomActivityOnCrash: IMPORTANT WARNING! You
already have an UncaughtExceptionHandler, are you sure this is correct? If you use
a custom UncaughtExceptionHandler, you must initialize it AFTER
CustomActivityOnCrash! Installing anyway, but your original handler will not be
called.
01-22 21:59:00.062 4236 4258 E ion : ioctl c0044901 failed with code -1:
Invalid argument
01-22 21:59:00.096 4236 4258 W AsyncDrawableCache: can not found res: 2131233001,
maybe dynamic res id.
01-22 21:59:00.104 4236 4261 W LibraryVersion: Failed to get app version for
libraryName: firebase-iid
01-22 21:59:00.415 4236 4236 W com.mbwhatsapp: Accessing hidden method
Lcom/android/org/conscrypt/OpenSSLSocketImpl;->setUseSessionTickets(Z)V (greylist-
max-q,test-api, reflection, denied)
01-22 21:59:00.415 4236 4236 W com.mbwhatsapp: Accessing hidden method
Lcom/android/org/conscrypt/AbstractConscryptSocket;->setUseSessionTickets(Z)V
(greylist-max-q, reflection, denied)
01-22 21:59:00.452 4236 4236 W com.mbwhatsapp: type=1400 audit(0.0:239537): avc:
granted { execute } for
path="/data/data/com.mbwhatsapp/files/decompressed/libs.spk.zst/libc++_shared.so"
dev="dm-10" ino=1058237 scontext=u:r:untrusted_app:s0:c72,c256,c512,c768
tcontext=u:object_r:app_data_file:s0:c72,c256,c512,c768 tclass=file
app=com.mbwhatsapp
01-22 21:59:00.452 4236 4236 W com.mbwhatsapp: type=1400 audit(0.0:239538): avc:
granted { execute } for
path="/data/data/com.mbwhatsapp/files/decompressed/libs.spk.zst/libvlc.so" dev="dm-
10" ino=959705 scontext=u:r:untrusted_app:s0:c72,c256,c512,c768
tcontext=u:object_r:app_data_file:s0:c72,c256,c512,c768 tclass=file
app=com.mbwhatsapp
01-22 21:59:00.455 4236 4236 W linker : Warning:
"/data/data/com.mbwhatsapp/files/decompressed/libs.spk.zst/libc++_shared.so" unused
DT entry: unknown processor-specific (type 0x70000001 arg 0x0) (ignoring)
01-22 21:59:00.460 4236 4236 W com.mbwhatsapp: type=1400 audit(0.0:239539): avc:
granted { execute } for
path="/data/data/com.mbwhatsapp/files/decompressed/libs.spk.zst/libwhatsapp.so"
dev="dm-10" ino=960069 scontext=u:r:untrusted_app:s0:c72,c256,c512,c768
tcontext=u:object_r:app_data_file:s0:c72,c256,c512,c768 tclass=file
app=com.mbwhatsapp
01-22 21:59:00.492 4236 4236 W com.mbwhatsapp: type=1400 audit(0.0:239540): avc:
granted { execute } for
path="/data/data/com.mbwhatsapp/files/decompressed/libs.spk.zst/libcurve25519.so"
dev="dm-10" ino=958855 scontext=u:r:untrusted_app:s0:c72,c256,c512,c768
tcontext=u:object_r:app_data_file:s0:c72,c256,c512,c768 tclass=file
app=com.mbwhatsapp
01-22 21:59:00.496 4236 4236 W com.mbwhatsapp: type=1400 audit(0.0:239541): avc:
granted { execute } for
path="/data/data/com.mbwhatsapp/files/decompressed/libs.spk.zst/libwhatsapp.so"
dev="dm-10" ino=960069 scontext=u:r:untrusted_app:s0:c72,c256,c512,c768
