tcontext=u:object_r:app_data_file:s0:c72,c256,c512,c768 tclass=file
app=com.mbwhatsapp
01-22 21:59:00.597 4236 4292 W com.mbwhatsapp: Class X.2rL failed lock
verification and will run slower.
01-22 21:59:00.597 4236 4292 W com.mbwhatsapp: Common causes for lock
verification issues are non-optimized dex code
01-22 21:59:00.597 4236 4292 W com.mbwhatsapp: and incorrect proguard
optimizations.
01-22 21:59:00.788 4236 4307 W System : ClassLoader referenced unknown path:
system/framework/mediatek-cta.jar
01-22 21:59:01.074 4236 4300 W System : ClassLoader referenced unknown path:
system/framework/mediatek-cta.jar
01-22 21:59:01.820 4236 4335 E libc : Access denied finding property
"vendor.debug.drm.logv"
01-22 21:59:01.821 4236 4335 E libc : Access denied finding property
"vendor.debug.drm.logv"
01-22 21:59:01.822 4236 4335 E libc : Access denied finding property
"vendor.debug.drm.logd"
01-22 21:59:01.822 4236 4335 E libc : Access denied finding property
"vendor.debug.drm.logv"
--------- beginning of main
01-22 22:06:13.236 7754 7754 E com.mbwhatsapp: Not starting debugger since
process cannot load the jdwp agent.
01-22 22:06:13.558 7754 7754 W System.err: java.lang.ClassNotFoundException:
mbmodsd.mbmodsw.ui.views.btn.BtnBK
01-22 22:06:13.563 7754 7754 W System.err: at
java.lang.Runtime.nativeLoad(Native Method)
01-22 22:06:13.563 7754 7754 W System.err: at
java.lang.Runtime.nativeLoad(Runtime.java:1131)
01-22 22:06:13.563 7754 7754 W System.err: at
java.lang.Runtime.loadLibrary0(Runtime.java:1085)
01-22 22:06:13.563 7754 7754 W System.err: at
java.lang.Runtime.loadLibrary0(Runtime.java:1008)
01-22 22:06:13.563 7754 7754 W System.err: at
java.lang.System.loadLibrary(System.java:1664)
01-22 22:06:13.563 7754 7754 W System.err: at arm.EpicVm.<clinit>(Unknown
Source:2)
01-22 22:06:13.564 7754 7754 W System.err: at
java.lang.Class.newInstance(Native Method)
01-22 22:06:13.564 7754 7754 W System.err: at
android.app.AppComponentFactory.instantiateApplication(AppComponentFactory.java:76)
01-22 22:06:13.564 7754 7754 W System.err: at
androidx.core.app.CoreComponentFactory.instantiateApplication(Unknown Source:0)
01-22 22:06:13.564 7754 7754 W System.err: at
android.app.Instrumentation.newApplication(Instrumentation.java:1158)
01-22 22:06:13.564 7754 7754 W System.err: at
android.app.LoadedApk.makeApplication(LoadedApk.java:1244)
01-22 22:06:13.564 7754 7754 W System.err: at
android.app.ActivityThread.handleBindApplication(ActivityThread.java:7092)
01-22 22:06:13.564 7754 7754 W System.err: at
android.app.ActivityThread.access$1600(ActivityThread.java:268)
01-22 22:06:13.565 7754 7754 W System.err: at
android.app.ActivityThread$H.handleMessage(ActivityThread.java:2056)
01-22 22:06:13.565 7754 7754 W System.err: at
android.os.Handler.dispatchMessage(Handler.java:106)
01-22 22:06:13.565 7754 7754 W System.err: at
android.os.Looper.loop(Looper.java:268)
01-22 22:06:13.565 7754 7754 W System.err: at
android.app.ActivityThread.main(ActivityThread.java:8101)
01-22 22:06:13.565 7754 7754 W System.err: at
java.lang.reflect.Method.invoke(Native Method)
01-22 22:06:13.565 7754 7754 W System.err: at
com.android.internal.os.RuntimeInit$MethodAndArgsCaller.run(RuntimeInit.java:627)
01-22 22:06:13.565 7754 7754 W System.err: at
com.android.internal.os.ZygoteInit.main(ZygoteInit.java:997)
01-22 22:06:13.611 7754 7754 E libc : Access denied finding property
"ro.vendor.pref_scale_resolution"
01-22 22:06:13.637 7754 7754 E CustomActivityOnCrash: IMPORTANT WARNING! You
already have an UncaughtExceptionHandler, are you sure this is correct? If you use
a custom UncaughtExceptionHandler, you must initialize it AFTER
CustomActivityOnCrash! Installing anyway, but your original handler will not be
called.
01-22 22:06:13.645 7754 7777 E ion : ioctl c0044901 failed with code -1:
Invalid argument
01-22 22:06:13.696 7754 7777 W AsyncDrawableCache: can not found res: 2131233001,
maybe dynamic res id.
01-22 22:06:13.715 7754 7780 W LibraryVersion: Failed to get app version for
libraryName: firebase-iid
01-22 22:06:14.138 7754 7754 W com.mbwhatsapp: Accessing hidden method
Lcom/android/org/conscrypt/OpenSSLSocketImpl;->setUseSessionTickets(Z)V (greylist-
max-q,test-api, reflection, denied)
01-22 22:06:14.138 7754 7754 W com.mbwhatsapp: Accessing hidden method
Lcom/android/org/conscrypt/AbstractConscryptSocket;->setUseSessionTickets(Z)V
(greylist-max-q, reflection, denied)
01-22 22:06:14.210 7754 7754 W linker : Warning:
"/data/data/com.mbwhatsapp/files/decompressed/libs.spk.zst/libc++_shared.so" unused
DT entry: unknown processor-specific (type 0x70000001 arg 0x0) (ignoring)
01-22 22:06:14.400 7754 7815 W com.mbwhatsapp: Class X.2rL failed lock
verification and will run slower.
01-22 22:06:14.400 7754 7815 W com.mbwhatsapp: Common causes for lock
verification issues are non-optimized dex code
01-22 22:06:14.400 7754 7815 W com.mbwhatsapp: and incorrect proguard
optimizations.
01-22 22:06:14.665 7754 7830 W System : ClassLoader referenced unknown path:
system/framework/mediatek-cta.jar
01-22 22:06:15.018 7754 7824 W System : ClassLoader referenced unknown path:
system/framework/mediatek-cta.jar
--------- beginning of system
01-22 22:06:15.810 7754 7864 E libc : Access denied finding property
"vendor.debug.drm.logv"
01-22 22:06:15.811 7754 7864 E libc : Access denied finding property
"vendor.debug.drm.logv"
01-22 22:06:15.812 7754 7864 E libc : Access denied finding property
"vendor.debug.drm.logd"
01-22 22:06:15.812 7754 7864 E libc : Access denied finding property
"vendor.debug.drm.logv"
--------- beginning of main
01-22 22:15:38.745 7754 7754 E ArmVmp : Match on catch block at 0xc3 in for 0xa9
01-22 22:15:38.750 7754 7754 E ArmVmp : Match on catch block at 0xc3 in for 0xa1
01-22 22:15:38.761 7754 7754 E ArmVmp : Match on catch block at 0xc3 in for 0xa9
01-22 22:15:38.766 7754 7754 E ArmVmp : Match on catch block at 0xc3 in for 0xa1
01-22 22:15:39.239 7754 7754 E ArmVmp : Match on catch block at 0xc3 in for 0xa9
01-22 22:15:39.243 7754 7754 E ArmVmp : Match on catch block at 0xc3 in for 0xa1
01-22 22:15:39.271 7754 7754 E ArmVmp : Match on catch block at 0xc3 in for 0xa5
01-22 22:15:39.275 7754 7754 E ArmVmp : Match on catch block at 0xc3 in for 0xa9
01-22 22:15:39.306 7754 7754 E ArmVmp : Match on catch block at 0xc3 in for 0xa5
01-22 22:15:39.309 7754 7754 E ArmVmp : Match on catch block at 0xc3 in for 0xa9
01-22 22:15:39.340 7754 7754 E ArmVmp : Match on catch block at 0xc3 in for 0xa5
01-22 22:15:39.346 7754 7754 E ArmVmp : Match on catch block at 0xc3 in for 0xa9
01-22 22:15:39.370 7754 7754 E ArmVmp : Match on catch block at 0xc3 in for 0xa5
01-22 22:15:39.373 7754 7754 E ArmVmp : Match on catch block at 0xc3 in for 0xa9
01-22 22:15:39.380 7754 7754 E ArmVmp : Match on catch block at 0xc3 in for 0xa5
01-22 22:15:39.384 7754 7754 E ArmVmp : Match on catch block at 0xc3 in for 0xa9
01-22 22:15:39.397 7754 7754 E ArmVmp : Match on catch block at 0xc3 in for 0xa5
01-22 22:15:39.401 7754 7754 E ArmVmp : Match on catch block at 0xc3 in for 0xa9
01-22 22:15:39.412 7754 7754 E ArmVmp : Match on catch block at 0xc3 in for 0xa5
01-22 22:15:39.417 7754 7754 E ArmVmp : Match on catch block at 0xc3 in for 0xa9
01-22 22:15:39.428 7754 7754 E ArmVmp : Match on catch block at 0xc3 in for 0xa5
01-22 22:15:39.432 7754 7754 E ArmVmp : Match on catch block at 0xc3 in for 0xa9
01-22 22:15:39.449 7754 7754 E ArmVmp : Match on catch block at 0xc3 in for 0xa5
01-22 22:15:39.452 7754 7754 E ArmVmp : Match on catch block at 0xc3 in for 0xa9
01-22 22:15:39.465 7754 7754 E ArmVmp : Match on catch block at 0xc3 in for 0xa5
01-22 22:15:39.469 7754 7754 E ArmVmp : Match on catch block at 0xc3 in for 0xa9
01-22 22:15:39.479 7754 7754 E ArmVmp : Match on catch block at 0xc3 in for 0xa5
01-22 22:15:39.483 7754 7754 E ArmVmp : Match on catch block at 0xc3 in for 0xa9
01-22 22:15:39.495 7754 7754 E ArmVmp : Match on catch block at 0xc3 in for 0xa5
01-22 22:15:39.499 7754 7754 E ArmVmp : Match on catch block at 0xc3 in for 0xa9
01-22 22:15:39.513 7754 7754 E ArmVmp : Match on catch block at 0xc3 in for 0xa5
01-22 22:15:39.517 7754 7754 E ArmVmp : Match on catch block at 0xc3 in for 0xa9
01-22 22:15:39.529 7754 7754 E ArmVmp : Match on catch block at 0xc3 in for 0xa5
01-22 22:15:39.532 7754 7754 E ArmVmp : Match on catch block at 0xc3 in for 0xa9
01-22 22:15:39.545 7754 7754 E ArmVmp : Match on catch block at 0xc3 in for 0xa5
01-22 22:15:39.548 7754 7754 E ArmVmp : Match on catch block at 0xc3 in for 0xa9
01-22 22:15:39.563 7754 7754 E ArmVmp : Match on catch block at 0xc3 in for 0xa5
01-22 22:15:39.567 7754 7754 E ArmVmp : Match on catch block at 0xc3 in for 0xa9
01-22 22:15:39.794 7754 7754 E ArmVmp : Match on catch block at 0xc3 in for 0xa5
01-22 22:15:39.797 7754 7754 E ArmVmp : Match on catch block at 0xc3 in for 0xa9
01-22 22:15:40.299 7754 7754 E ArmVmp : Match on catch block at 0xc3 in for 0xa5
01-22 22:15:40.309 7754 7754 E ArmVmp : Match on catch block at 0xc3 in for 0xa9
01-22 22:15:40.644 7754 7754 W InputEventReceiver: Attempted to finish an input
event but the input event receiver has already been disposed.
01-22 22:15:40.647 7754 7754 E ArmVmp : Match on catch block at 0xc3 in for 0xa1
01-22 22:15:40.651 7754 7754 E ArmVmp : Match on catch block at 0xc3 in for 0xa5
01-22 22:15:40.843 7754 7754 E ArmVmp : Match on catch block at 0xc3 in for 0xa1
01-22 22:15:40.850 7754 7754 E ArmVmp : Match on catch block at 0xc3 in for 0xa5
01-22 22:15:40.940 7754 7754 E ArmVmp : Match on catch block at 0xc3 in for 0xa1
01-22 22:15:40.944 7754 7754 E ArmVmp : Match on catch block at 0xc3 in for 0xa5
01-22 22:15:40.952 7754 7754 E ArmVmp : Match on catch block at 0xc3 in for 0xa1
01-22 22:15:40.956 7754 7754 E ArmVmp : Match on catch block at 0xc3 in for 0xa5
01-22 22:15:40.976 7754 7754 E ArmVmp : Match on catch block at 0xc3 in for 0xa1
01-22 22:15:40.979 7754 7754 E ArmVmp : Match on catch block at 0xc3 in for 0xa5
01-22 22:15:40.989 7754 7754 E ArmVmp : Match on catch block at 0xc3 in for 0xa1
01-22 22:15:40.993 7754 7754 E ArmVmp : Match on catch block at 0xc3 in for 0xa5
01-22 22:15:41.002 7754 7754 E ArmVmp : Match on catch block at 0xc3 in for 0xa1
01-22 22:15:41.005 7754 7754 E ArmVmp : Match on catch block at 0xc3 in for 0xa5
01-22 22:15:41.011 7754 7754 E ArmVmp : Match on catch block at 0xc3 in for 0xa1
01-22 22:15:41.014 7754 7754 E ArmVmp : Match on catch block at 0xc3 in for 0xa5
01-22 22:15:41.027 7754 7754 E ArmVmp : Match on catch block at 0xc3 in for 0xa1
01-22 22:15:41.030 7754 7754 E ArmVmp : Match on catch block at 0xc3 in for 0xa5
01-22 22:15:41.044 7754 7754 E ArmVmp : Match on catch block at 0xc3 in for 0xa1
01-22 22:15:41.047 7754 7754 E ArmVmp : Match on catch block at 0xc3 in for 0xa5
01-22 22:15:41.060 7754 7754 E ArmVmp : Match on catch block at 0xc3 in for 0xa1
01-22 22:15:41.064 7754 7754 E ArmVmp : Match on catch block at 0xc3 in for 0xa5
01-22 22:15:41.077 7754 7754 E ArmVmp : Match on catch block at 0xc3 in for 0xa1
01-22 22:15:41.080 7754 7754 E ArmVmp : Match on catch block at 0xc3 in for 0xa5
01-22 22:15:41.094 7754 7754 E ArmVmp : Match on catch block at 0xc3 in for 0xa1
01-22 22:15:41.097 7754 7754 E ArmVmp : Match on catch block at 0xc3 in for 0xa5
01-22 22:15:41.110 7754 7754 E ArmVmp : Match on catch block at 0xc3 in for 0xa1
01-22 22:15:41.113 7754 7754 E ArmVmp : Match on catch block at 0xc3 in for 0xa5
01-22 22:15:41.127 7754 7754 E ArmVmp : Match on catch block at 0xc3 in for 0xa1
01-22 22:15:41.131 7754 7754 E ArmVmp : Match on catch block at 0xc3 in for 0xa5
01-22 22:15:41.144 7754 7754 E ArmVmp : Match on catch block at 0xc3 in for 0xa1
01-22 22:15:41.147 7754 7754 E ArmVmp : Match on catch block at 0xc3 in for 0xa5
01-22 22:15:41.160 7754 7754 E ArmVmp : Match on catch block at 0xc3 in for 0xa1
01-22 22:15:41.163 7754 7754 E ArmVmp : Match on catch block at 0xc3 in for 0xa5
01-22 22:15:41.177 7754 7754 E ArmVmp : Match on catch block at 0xc3 in for 0xa1
01-22 22:15:41.180 7754 7754 E ArmVmp : Match on catch block at 0xc3 in for 0xa5
01-22 22:15:41.194 7754 7754 E ArmVmp : Match on catch block at 0xc3 in for 0xa1
01-22 22:15:41.197 7754 7754 E ArmVmp : Match on catch block at 0xc3 in for 0xa5
01-22 22:15:41.211 7754 7754 E ArmVmp : Match on catch block at 0xc3 in for 0xa1
01-22 22:15:41.216 7754 7754 E ArmVmp : Match on catch block at 0xc3 in for 0xa5
01-22 22:15:41.455 7754 7754 E ArmVmp : Match on catch block at 0xc3 in for 0xa1
01-22 22:15:41.460 7754 7754 E ArmVmp : Match on catch block at 0xc3 in for 0xa5
01-22 22:15:41.487 7754 7754 E ArmVmp : Match on catch block at 0xc3 in for 0xa1
01-22 22:15:41.492 7754 7754 E ArmVmp : Match on catch block at 0xc3 in for 0xa5
01-22 22:15:42.741 7754 7754 E ArmVmp : Match on catch block at 0xc3 in for 0xa5
01-22 22:15:42.748 7754 7754 E ArmVmp : Match on catch block at 0xc3 in for 0xa9
01-22 22:15:42.846 7754 8646 W MediaPlayer: Use of stream types is deprecated for
operations other than volume control
01-22 22:15:42.846 7754 8646 W MediaPlayer: See the documentation of
setAudioStreamType() for what to use instead with android.media.AudioAttributes to
qualify your playback use case
01-22 22:15:42.886 7754 7754 E ArmVmp : Match on catch block at 0xc3 in for 0xa5
01-22 22:15:42.891 7754 7754 E ArmVmp : Match on catch block at 0xc3 in for 0xa9
01-22 22:15:42.915 7754 7754 E ArmVmp : Match on catch block at 0xc3 in for 0xa5
01-22 22:15:42.919 7754 7754 E ArmVmp : Match on catch block at 0xc3 in for 0xa9
01-22 22:15:42.962 7754 7754 E ArmVmp : Match on catch block at 0xc3 in for 0xa1
01-22 22:15:42.966 7754 7754 E ArmVmp : Match on catch block at 0xc3 in for 0xa5
01-22 22:15:42.977 7754 7754 E ArmVmp : Match on catch block at 0xc3 in for 0xa9
01-22 22:15:42.980 7754 7754 E ArmVmp : Match on catch block at 0xc3 in for 0xa1
01-22 22:15:42.987 7754 7754 E ArmVmp : Match on catch block at 0xc3 in for 0xa9
01-22 22:15:42.990 7754 7754 E ArmVmp : Match on catch block at 0xc3 in for 0xa1
01-22 22:15:43.946 7754 7754 E ArmVmp : Match on catch block at 0xc3 in for 0xa1
01-22 22:15:43.949 7754 7754 E ArmVmp : Match on catch block at 0xc3 in for 0xa5
01-22 22:15:43.957 7754 8646 W MediaPlayer: Use of stream types is deprecated for
operations other than volume control
01-22 22:15:43.957 7754 8646 W MediaPlayer: See the documentation of
setAudioStreamType() for what to use instead with android.media.AudioAttributes to
qualify your playback use case
01-22 22:15:44.019 7754 7754 E ArmVmp : Match on catch block at 0xc3 in for 0xa9
01-22 22:15:44.024 7754 7754 E ArmVmp : Match on catch block at 0xc3 in for 0xa1
01-22 22:15:44.041 7754 7754 E ArmVmp : Match on catch block at 0xc3 in for 0xa9
01-22 22:15:44.046 7754 7754 E ArmVmp : Match on catch block at 0xc3 in for 0xa1
01-22 22:15:44.249 7754 7754 E ArmVmp : Match on catch block at 0xc3 in for 0xa1
01-22 22:15:44.254 7754 7754 E ArmVmp : Match on catch block at 0xc3 in for 0xa5
01-22 22:15:44.439 7754 13740 W com.mbwhatsapp: Accessing hidden method
Lcom/android/org/conscrypt/ConscryptEngineSocket;->setUseSessionTickets(Z)V
(greylist-max-q,test-api, reflection, denied)
01-22 22:15:44.439 7754 13740 W com.mbwhatsapp: Accessing hidden method
Lcom/android/org/conscrypt/OpenSSLSocketImpl;->setUseSessionTickets(Z)V (greylist-
max-q,test-api, reflection, denied)
01-22 22:15:44.439 7754 13740 W com.mbwhatsapp: Accessing hidden method
Lcom/android/org/conscrypt/AbstractConscryptSocket;->setUseSessionTickets(Z)V
(greylist-max-q, reflection, denied)
01-22 22:15:44.440 7754 13740 W com.mbwhatsapp: Accessing hidden method
Lcom/android/org/conscrypt/ConscryptEngineSocket;->setHostname(Ljava/lang/String;)V
(greylist-max-q,test-api, reflection, denied)
01-22 22:15:44.440 7754 13740 W com.mbwhatsapp: Accessing hidden method
Lcom/android/org/conscrypt/OpenSSLSocketImpl;->setHostname(Ljava/lang/String;)V
(greylist-max-q,test-api, reflection, denied)
01-22 22:15:44.440 7754 13740 W com.mbwhatsapp: Accessing hidden method
Lcom/android/org/conscrypt/AbstractConscryptSocket;->setHostname(Ljava/lang/
String;)V (greylist-max-q, reflection, denied)
01-22 22:15:44.440 7754 13740 W com.mbwhatsapp: Accessing hidden method
Lcom/android/org/conscrypt/OpenSSLSocketImpl;->setAlpnProtocols([B)V (greylist-max-
q,test-api, reflection, denied)
01-22 22:15:44.440 7754 13740 W com.mbwhatsapp: Accessing hidden method
Lcom/android/org/conscrypt/AbstractConscryptSocket;->setAlpnProtocols([B)V
(greylist-max-q, reflection, denied)
01-22 22:15:44.743 7754 7754 E ArmVmp : Match on catch block at 0xc3 in for 0xa1
01-22 22:15:44.746 7754 7754 E ArmVmp : Match on catch block at 0xc3 in for 0xa5
01-22 22:15:45.067 7754 13740 W com.mbwhatsapp: Accessing hidden method
Lcom/android/org/conscrypt/OpenSSLSocketImpl;->getAlpnSelectedProtocol()[B
(greylist-max-q,test-api, reflection, denied)
01-22 22:15:45.068 7754 13740 W com.mbwhatsapp: Accessing hidden method
Lcom/android/org/conscrypt/AbstractConscryptSocket;->getAlpnSelectedProtocol()[B
(greylist-max-q, reflection, denied)
01-22 22:15:45.250 7754 7754 E ArmVmp : Match on catch block at 0xc3 in for 0xa1
01-22 22:15:45.264 7754 7754 E ArmVmp : Match on catch block at 0xc3 in for 0xa5
01-22 22:15:45.493 7754 7754 E ArmVmp : Match on catch block at 0xc3 in for 0xa1
01-22 22:15:45.497 7754 7754 E ArmVmp : Match on catch block at 0xc3 in for 0xa5
01-22 22:15:45.561 7754 7754 E ArmVmp : Match on catch block at 0xc3 in for 0xa1
01-22 22:15:45.566 7754 7754 E ArmVmp : Match on catch block at 0xc3 in for 0xa5
01-22 22:15:45.577 7754 7754 E ArmVmp : Match on catch block at 0xc3 in for 0xa1
01-22 22:15:45.583 7754 7754 E ArmVmp : Match on catch block at 0xc3 in for 0xa5
01-22 22:15:45.594 7754 7754 E ArmVmp : Match on catch block at 0xc3 in for 0xa1
01-22 22:15:45.600 7754 7754 E ArmVmp : Match on catch block at 0xc3 in for 0xa5
01-22 22:15:45.609 7754 7754 E ArmVmp : Match on catch block at 0xc3 in for 0xa1
01-22 22:15:45.615 7754 7754 E ArmVmp : Match on catch block at 0xc3 in for 0xa5
01-22 22:15:45.626 7754 7754 E ArmVmp : Match on catch block at 0xc3 in for 0xa1
01-22 22:15:45.629 7754 7754 E ArmVmp : Match on catch block at 0xc3 in for 0xa5
01-22 22:15:45.643 7754 7754 E ArmVmp : Match on catch block at 0xc3 in for 0xa1
01-22 22:15:45.646 7754 7754 E ArmVmp : Match on catch block at 0xc3 in for 0xa5
01-22 22:15:45.659 7754 7754 E ArmVmp : Match on catch block at 0xc3 in for 0xa1
01-22 22:15:45.662 7754 7754 E ArmVmp : Match on catch block at 0xc3 in for 0xa5
01-22 22:15:45.676 7754 7754 E ArmVmp : Match on catch block at 0xc3 in for 0xa1
01-22 22:15:45.679 7754 7754 E ArmVmp : Match on catch block at 0xc3 in for 0xa5
01-22 22:15:45.693 7754 7754 E ArmVmp : Match on catch block at 0xc3 in for 0xa1
01-22 22:15:45.697 7754 7754 E ArmVmp : Match on catch block at 0xc3 in for 0xa5
01-22 22:15:45.711 7754 7754 E ArmVmp : Match on catch block at 0xc3 in for 0xa1
01-22 22:15:45.717 7754 7754 E ArmVmp : Match on catch block at 0xc3 in for 0xa5
01-22 22:15:45.726 7754 7754 E ArmVmp : Match on catch block at 0xc3 in for 0xa1
01-22 22:15:45.729 7754 7754 E ArmVmp : Match on catch block at 0xc3 in for 0xa5
01-22 22:15:45.743 7754 7754 E ArmVmp : Match on catch block at 0xc3 in for 0xa1
01-22 22:15:45.747 7754 7754 E ArmVmp : Match on catch block at 0xc3 in for 0xa5
01-22 22:15:45.760 7754 7754 E ArmVmp : Match on catch block at 0xc3 in for 0xa1
01-22 22:15:45.764 7754 7754 E ArmVmp : Match on catch block at 0xc3 in for 0xa5
01-22 22:15:45.777 7754 7754 E ArmVmp : Match on catch block at 0xc3 in for 0xa1
01-22 22:15:45.781 7754 7754 E ArmVmp : Match on catch block at 0xc3 in for 0xa5
01-22 22:15:45.794 7754 7754 E ArmVmp : Match on catch block at 0xc3 in for 0xa1
01-22 22:15:45.799 7754 7754 E ArmVmp : Match on catch block at 0xc3 in for 0xa5
01-22 22:15:45.811 7754 7754 E ArmVmp : Match on catch block at 0xc3 in for 0xa1
01-22 22:15:45.816 7754 7754 E ArmVmp : Match on catch block at 0xc3 in for 0xa5
01-22 22:15:50.145 7754 7754 W InputEventReceiver: Attempted to finish an input
event but the input event receiver has already been disposed.
01-22 22:15:50.196 7754 7754 E ArmVmp : Match on catch block at 0xc3 in for 0xa5
01-22 22:15:50.199 7754 7754 E ArmVmp : Match on catch block at 0xc3 in for 0xa9
01-22 22:15:50.698 7754 7754 E ArmVmp : Match on catch block at 0xc3 in for 0xa5
01-22 22:15:50.712 7754 7754 E ArmVmp : Match on catch block at 0xc3 in for 0xa9
01-22 22:15:51.200 7754 7754 E ArmVmp : Match on catch block at 0xc3 in for 0xa5
01-22 22:15:51.213 7754 7754 E ArmVmp : Match on catch block at 0xc3 in for 0xa9
01-22 22:15:51.359 7754 7754 E ArmVmp : Match on catch block at 0xc3 in for 0xa1
01-22 22:15:51.362 7754 7754 E ArmVmp : Match on catch block at 0xc3 in for 0xa5
01-22 22:15:51.425 7754 7754 E ArmVmp : Match on catch block at 0xc3 in for 0xa1
01-22 22:15:51.427 7754 7754 E ArmVmp : Match on catch block at 0xc3 in for 0xa5
01-22 22:15:51.435 7754 7754 E ArmVmp : Match on catch block at 0xc3 in for 0xa1
01-22 22:15:51.438 7754 7754 E ArmVmp : Match on catch block at 0xc3 in for 0xa5
01-22 22:15:51.443 7754 7754 E ArmVmp : Match on catch block at 0xc3 in for 0xa1
01-22 22:15:51.445 7754 7754 E ArmVmp : Match on catch block at 0xc3 in for 0xa5
01-22 22:15:51.459 7754 7754 E ArmVmp : Match on catch block at 0xc3 in for 0xa1
01-22 22:15:51.461 7754 7754 E ArmVmp : Match on catch block at 0xc3 in for 0xa5
01-22 22:15:51.475 7754 7754 E ArmVmp : Match on catch block at 0xc3 in for 0xa1
01-22 22:15:51.478 7754 7754 E ArmVmp : Match on catch block at 0xc3 in for 0xa5
01-22 22:15:51.492 7754 7754 E ArmVmp : Match on catch block at 0xc3 in for 0xa1
01-22 22:15:51.495 7754 7754 E ArmVmp : Match on catch block at 0xc3 in for 0xa5
01-22 22:15:51.508 7754 7754 E ArmVmp : Match on catch block at 0xc3 in for 0xa1
01-22 22:15:51.511 7754 7754 E ArmVmp : Match on catch block at 0xc3 in for 0xa5
01-22 22:15:51.525 7754 7754 E ArmVmp : Match on catch block at 0xc3 in for 0xa1
01-22 22:15:51.528 7754 7754 E ArmVmp : Match on catch block at 0xc3 in for 0xa5
01-22 22:15:51.541 7754 7754 E ArmVmp : Match on catch block at 0xc3 in for 0xa1
01-22 22:15:51.544 7754 7754 E ArmVmp : Match on catch block at 0xc3 in for 0xa5
01-22 22:15:51.558 7754 7754 E ArmVmp : Match on catch block at 0xc3 in for 0xa1
01-22 22:15:51.561 7754 7754 E ArmVmp : Match on catch block at 0xc3 in for 0xa5
01-22 22:15:51.575 7754 7754 E ArmVmp : Match on catch block at 0xc3 in for 0xa1
01-22 22:15:51.578 7754 7754 E ArmVmp : Match on catch block at 0xc3 in for 0xa5
01-22 22:15:51.591 7754 7754 E ArmVmp : Match on catch block at 0xc3 in for 0xa1
01-22 22:15:51.594 7754 7754 E ArmVmp : Match on catch block at 0xc3 in for 0xa5
01-22 22:15:51.608 7754 7754 E ArmVmp : Match on catch block at 0xc3 in for 0xa1
01-22 22:15:51.611 7754 7754 E ArmVmp : Match on catch block at 0xc3 in for 0xa5
01-22 22:15:51.625 7754 7754 E ArmVmp : Match on catch block at 0xc3 in for 0xa1
01-22 22:15:51.628 7754 7754 E ArmVmp : Match on catch block at 0xc3 in for 0xa5
01-22 22:15:51.641 7754 7754 E ArmVmp : Match on catch block at 0xc3 in for 0xa1
01-22 22:15:51.644 7754 7754 E ArmVmp : Match on catch block at 0xc3 in for 0xa5
01-22 22:15:51.658 7754 7754 E ArmVmp : Match on catch block at 0xc3 in for 0xa1
01-22 22:15:51.661 7754 7754 E ArmVmp : Match on catch block at 0xc3 in for 0xa5
01-22 22:15:51.675 7754 7754 E ArmVmp : Match on catch block at 0xc3 in for 0xa1
01-22 22:15:51.678 7754 7754 E ArmVmp : Match on catch block at 0xc3 in for 0xa5
01-22 22:15:51.691 7754 7754 E ArmVmp : Match on catch block at 0xc3 in for 0xa1
01-22 22:15:51.694 7754 7754 E ArmVmp : Match on catch block at 0xc3 in for 0xa5
01-22 22:15:51.708 7754 7754 E ArmVmp : Match on catch block at 0xc3 in for 0xa1
01-22 22:15:51.711 7754 7754 E ArmVmp : Match on catch block at 0xc3 in for 0xa5
01-22 22:15:51.725 7754 7754 E ArmVmp : Match on catch block at 0xc3 in for 0xa1
01-22 22:15:51.727 7754 7754 E ArmVmp : Match on catch block at 0xc3 in for 0xa5
01-22 22:15:51.743 7754 7754 E ArmVmp : Match on catch block at 0xc3 in for 0xa1
01-22 22:15:51.746 7754 7754 E ArmVmp : Match on catch block at 0xc3 in for 0xa5
01-22 22:15:52.192 7754 7754 E ArmVmp : Match on catch block at 0xc3 in for 0xa1
01-22 22:15:52.196 7754 7754 E ArmVmp : Match on catch block at 0xc3 in for 0xa5
01-22 22:15:52.696 7754 7754 E ArmVmp : Match on catch block at 0xc3 in for 0xa1
01-22 22:15:52.706 7754 7754 E ArmVmp : Match on catch block at 0xc3 in for 0xa5
01-22 22:15:53.030 7754 7754 E ArmVmp : Match on catch block at 0xc3 in for 0xa1
01-22 22:15:53.040 7754 7754 E ArmVmp : Match on catch block at 0xc3 in for 0xa5
01-22 22:15:53.052 7754 7754 E ArmVmp : Match on catch block at 0xc3 in for 0xa1
01-22 22:15:53.063 7754 7754 E ArmVmp : Match on catch block at 0xc3 in for 0xa5
01-22 22:15:53.080 7754 7754 E ArmVmp : Match on catch block at 0xc3 in for 0xa1
01-22 22:15:53.090 7754 7754 E ArmVmp : Match on catch block at 0xc3 in for 0xa5
01-22 22:15:53.112 7754 7754 E ArmVmp : Match on catch block at 0xc3 in for 0xa1
01-22 22:15:53.122 7754 7754 E ArmVmp : Match on catch block at 0xc3 in for 0xa5
01-22 22:15:53.135 7754 7754 E ArmVmp : Match on catch block at 0xc3 in for 0xa1
01-22 22:15:53.145 7754 7754 E ArmVmp : Match on catch block at 0xc3 in for 0xa5
01-22 22:15:53.162 7754 7754 E ArmVmp : Match on catch block at 0xc3 in for 0xa1
01-22 22:15:53.172 7754 7754 E ArmVmp : Match on catch block at 0xc3 in for 0xa5
01-22 22:15:53.184 7754 7754 E ArmVmp : Match on catch block at 0xc3 in for 0xa1
01-22 22:15:53.192 7754 7754 E ArmVmp : Match on catch block at 0xc3 in for 0xa5
01-22 22:15:53.212 7754 7754 E ArmVmp : Match on catch block at 0xc3 in for 0xa1
01-22 22:15:53.221 7754 7754 E ArmVmp : Match on catch block at 0xc3 in for 0xa5
01-22 22:15:53.233 7754 7754 E ArmVmp : Match on catch block at 0xc3 in for 0xa1
01-22 22:15:53.240 7754 7754 E ArmVmp : Match on catch block at 0xc3 in for 0xa5
01-22 22:15:53.262 7754 7754 E ArmVmp : Match on catch block at 0xc3 in for 0xa1
01-22 22:15:53.272 7754 7754 E ArmVmp : Match on catch block at 0xc3 in for 0xa5
01-22 22:15:53.284 7754 7754 E ArmVmp : Match on catch block at 0xc3 in for 0xa1
01-22 22:15:53.292 7754 7754 E ArmVmp : Match on catch block at 0xc3 in for 0xa5
01-22 22:15:53.398 7754 7754 E ArmVmp : Match on catch block at 0xc3 in for 0xa5
01-22 22:15:53.403 7754 7754 E ArmVmp : Match on catch block at 0xc3 in for 0xa9
01-22 22:15:53.418 7754 7754 E ArmVmp : Match on catch block at 0xc3 in for 0xa1
01-22 22:15:53.422 7754 7754 E ArmVmp : Match on catch block at 0xc3 in for 0xa5
01-22 22:15:53.442 7754 7754 E ArmVmp : Match on catch block at 0xc3 in for 0xa1
01-22 22:15:53.445 7754 7754 E ArmVmp : Match on catch block at 0xc3 in for 0xa5
01-22 22:15:53.458 7754 7754 E ArmVmp : Match on catch block at 0xc3 in for 0xa1
01-22 22:15:53.461 7754 7754 E ArmVmp : Match on catch block at 0xc3 in for 0xa5
01-22 22:15:53.474 7754 7754 E ArmVmp : Match on catch block at 0xc3 in for 0xa1
01-22 22:15:53.479 7754 7754 E ArmVmp : Match on catch block at 0xc3 in for 0xa5
01-22 22:15:53.491 7754 7754 E ArmVmp : Match on catch block at 0xc3 in for 0xa1
01-22 22:15:53.494 7754 7754 E ArmVmp : Match on catch block at 0xc3 in for 0xa5
01-22 22:15:53.510 7754 7754 E ArmVmp : Match on catch block at 0xc3 in for 0xa1
01-22 22:15:53.513 7754 7754 E ArmVmp : Match on catch block at 0xc3 in for 0xa5
01-22 22:15:53.524 7754 7754 E ArmVmp : Match on catch block at 0xc3 in for 0xa1
01-22 22:15:53.527 7754 7754 E ArmVmp : Match on catch block at 0xc3 in for 0xa5
01-22 22:15:53.541 7754 7754 E ArmVmp : Match on catch block at 0xc3 in for 0xa1
01-22 22:15:53.544 7754 7754 E ArmVmp : Match on catch block at 0xc3 in for 0xa5
01-22 22:15:53.557 7754 7754 E ArmVmp : Match on catch block at 0xc3 in for 0xa1
01-22 22:15:53.560 7754 7754 E ArmVmp : Match on catch block at 0xc3 in for 0xa5
01-22 22:15:53.574 7754 7754 E ArmVmp : Match on catch block at 0xc3 in for 0xa1
01-22 22:15:53.577 7754 7754 E ArmVmp : Match on catch block at 0xc3 in for 0xa5
01-22 22:15:53.591 7754 7754 E ArmVmp : Match on catch block at 0xc3 in for 0xa1
01-22 22:15:53.594 7754 7754 E ArmVmp : Match on catch block at 0xc3 in for 0xa5
01-22 22:15:53.624 7754 7754 E ArmVmp : Match on catch block at 0xc3 in for 0xa1
01-22 22:15:53.629 7754 7754 E ArmVmp : Match on catch block at 0xc3 in for 0xa5
01-22 22:15:53.724 7754 7754 E ArmVmp : Match on catch block at 0xc3 in for 0xa1
01-22 22:15:53.727 7754 7754 E ArmVmp : Match on catch block at 0xc3 in for 0xa5
01-22 22:15:53.824 7754 7754 E ArmVmp : Match on catch block at 0xc3 in for 0xa1
01-22 22:15:53.827 7754 7754 E ArmVmp : Match on catch block at 0xc3 in for 0xa5
01-22 22:15:53.924 7754 7754 E ArmVmp : Match on catch block at 0xc3 in for 0xa1
01-22 22:15:53.927 7754 7754 E ArmVmp : Match on catch block at 0xc3 in for 0xa5
01-22 22:15:54.024 7754 7754 E ArmVmp : Match on catch block at 0xc3 in for 0xa1
01-22 22:15:54.027 7754 7754 E ArmVmp : Match on catch block at 0xc3 in for 0xa5
01-22 22:15:54.125 7754 7754 E ArmVmp : Match on catch block at 0xc3 in for 0xa1
01-22 22:15:54.131 7754 7754 E ArmVmp : Match on catch block at 0xc3 in for 0xa5
01-22 22:15:54.209 7754 7754 E ArmVmp : Match on catch block at 0xc3 in for 0xa1
01-22 22:15:54.213 7754 7754 E ArmVmp : Match on catch block at 0xc3 in for 0xa5
01-22 22:15:54.509 7754 7754 E ArmVmp : Match on catch block at 0xc3 in for 0xa1
01-22 22:15:54.513 7754 7754 E ArmVmp : Match on catch block at 0xc3 in for 0xa5
01-22 22:15:55.008 7754 7754 E ArmVmp : Match on catch block at 0xc3 in for 0xa1
01-22 22:15:55.014 7754 7754 E ArmVmp : Match on catch block at 0xc3 in for 0xa5
01-22 22:15:55.024 7754 7754 E ArmVmp : Match on catch block at 0xc3 in for 0xa1
01-22 22:15:55.030 7754 7754 E ArmVmp : Match on catch block at 0xc3 in for 0xa5
01-22 22:15:55.409 7754 7754 E ArmVmp : Match on catch block at 0xc3 in for 0xa1
01-22 22:15:55.414 7754 7754 E ArmVmp : Match on catch block at 0xc3 in for 0xa5
01-22 22:15:55.608 7754 7754 E ArmVmp : Match on catch block at 0xc3 in for 0xa1
01-22 22:15:55.613 7754 7754 E ArmVmp : Match on catch block at 0xc3 in for 0xa5
01-22 22:15:55.642 7754 7754 E ArmVmp : Match on catch block at 0xc3 in for 0xa5
01-22 22:15:55.648 7754 7754 E ArmVmp : Match on catch block at 0xc3 in for 0xa9
01-22 22:15:55.671 7754 7754 E ArmVmp : Match on catch block at 0xc3 in for 0xa1
01-22 22:15:55.674 7754 7754 E ArmVmp : Match on catch block at 0xc3 in for 0xa5
01-22 22:15:55.680 7754 7754 E ArmVmp : Match on catch block at 0xc3 in for 0xa1
01-22 22:15:55.683 7754 7754 E ArmVmp : Match on catch block at 0xc3 in for 0xa5
01-22 22:15:55.701 7754 7754 E ArmVmp : Match on catch block at 0xc3 in for 0xa9
01-22 22:15:55.705 7754 7754 E ArmVmp : Match on catch block at 0xc3 in for 0xa1
01-22 22:15:55.722 7754 7754 E ArmVmp : Match on catch block at 0xc3 in for 0xa1
01-22 22:15:55.727 7754 7754 E ArmVmp : Match on catch block at 0xc3 in for 0xa5
01-22 22:15:55.735 7754 7754 E ArmVmp : Match on catch block at 0xc3 in for 0xa1
01-22 22:15:55.738 7754 7754 E ArmVmp : Match on catch block at 0xc3 in for 0xa5
01-22 22:15:55.757 7754 7754 E ArmVmp : Match on catch block at 0xc3 in for 0xa1
01-22 22:15:55.761 7754 7754 E ArmVmp : Match on catch block at 0xc3 in for 0xa5
01-22 22:15:55.774 7754 7754 E ArmVmp : Match on catch block at 0xc3 in for 0xa1
01-22 22:15:55.777 7754 7754 E ArmVmp : Match on catch block at 0xc3 in for 0xa5
01-22 22:15:55.791 7754 7754 E ArmVmp : Match on catch block at 0xc3 in for 0xa1
01-22 22:15:55.794 7754 7754 E ArmVmp : Match on catch block at 0xc3 in for 0xa5
01-22 22:15:55.809 7754 7754 E ArmVmp : Match on catch block at 0xc3 in for 0xa1
01-22 22:15:55.812 7754 7754 E ArmVmp : Match on catch block at 0xc3 in for 0xa5
01-22 22:15:55.824 7754 7754 E ArmVmp : Match on catch block at 0xc3 in for 0xa1
01-22 22:15:55.827 7754 7754 E ArmVmp : Match on catch block at 0xc3 in for 0xa5
01-22 22:15:55.928 7754 7754 E ArmVmp : Match on catch block at 0xc3 in for 0xa5
01-22 22:15:55.933 7754 7754 E ArmVmp : Match on catch block at 0xc3 in for 0xa9
01-22 22:15:55.940 7754 8646 W MediaPlayer: Use of stream types is deprecated for
operations other than volume control
01-22 22:15:55.940 7754 8646 W MediaPlayer: See the documentation of
setAudioStreamType() for what to use instead with android.media.AudioAttributes to
qualify your playback use case
01-22 22:15:55.942 7754 7754 E ArmVmp : Match on catch block at 0xc3 in for 0xa1
01-22 22:15:55.948 7754 7754 E ArmVmp : Match on catch block at 0xc3 in for 0xa5
01-22 22:15:56.073 7754 7754 E ArmVmp : Match on catch block at 0xc3 in for 0xa1
01-22 22:15:56.076 7754 7754 E ArmVmp : Match on catch block at 0xc3 in for 0xa5
01-22 22:15:56.099 7754 7754 E ArmVmp : Match on catch block at 0xc3 in for 0xa1
01-22 22:15:56.103 7754 7754 E ArmVmp : Match on catch block at 0xc3 in for 0xa5
01-22 22:15:56.157 7754 7754 E ArmVmp : Match on catch block at 0xc3 in for 0xa1
01-22 22:15:56.161 7754 7754 E ArmVmp : Match on catch block at 0xc3 in for 0xa5
01-22 22:15:56.169 7754 7754 E ArmVmp : Match on catch block at 0xc3 in for 0xa1
01-22 22:15:56.172 7754 7754 E ArmVmp : Match on catch block at 0xc3 in for 0xa5
01-22 22:15:56.448 7754 7754 E ArmVmp : Match on catch block at 0xc3 in for 0xa1
01-22 22:15:56.451 7754 7754 E ArmVmp : Match on catch block at 0xc3 in for 0xa5
01-22 22:15:56.479 7754 7754 E ArmVmp : Match on catch block at 0xc3 in for 0xa1
01-22 22:15:56.483 7754 7754 E ArmVmp : Match on catch block at 0xc3 in for 0xa5
01-22 22:15:56.506 7754 7754 E ArmVmp : Match on catch block at 0xc3 in for 0xa9
01-22 22:15:56.511 7754 7754 E ArmVmp : Match on catch block at 0xc3 in for 0xa1
01-22 22:15:56.538 7754 7754 E ArmVmp : Match on catch block at 0xc3 in for 0xa5
01-22 22:15:56.542 7754 7754 E ArmVmp : Match on catch block at 0xc3 in for 0xa9
01-22 22:15:56.552 7754 7754 E ArmVmp : Match on catch block at 0xc3 in for 0xa5
01-22 22:15:56.556 7754 7754 E ArmVmp : Match on catch block at 0xc3 in for 0xa9
01-22 22:15:56.567 7754 7754 E ArmVmp : Match on catch block at 0xc3 in for 0xa5
01-22 22:15:56.571 7754 7754 E ArmVmp : Match on catch block at 0xc3 in for 0xa9
01-22 22:15:56.583 7754 7754 E ArmVmp : Match on catch block at 0xc3 in for 0xa5
01-22 22:15:56.586 7754 7754 E ArmVmp : Match on catch block at 0xc3 in for 0xa9
01-22 22:15:56.606 7754 7754 E ArmVmp : Match on catch block at 0xc3 in for 0xa5
01-22 22:15:56.610 7754 7754 E ArmVmp : Match on catch block at 0xc3 in for 0xa9
01-22 22:15:56.622 7754 7754 E ArmVmp : Match on catch block at 0xc3 in for 0xa5
01-22 22:15:56.626 7754 7754 E ArmVmp : Match on catch block at 0xc3 in for 0xa9
01-22 22:15:56.638 7754 7754 E ArmVmp : Match on catch block at 0xc3 in for 0xa5
01-22 22:15:56.642 7754 7754 E ArmVmp : Match on catch block at 0xc3 in for 0xa9
01-22 22:15:56.658 7754 7754 E ArmVmp : Match on catch block at 0xc3 in for 0xa5
01-22 22:15:56.661 7754 7754 E ArmVmp : Match on catch block at 0xc3 in for 0xa9
01-22 22:15:56.675 7754 7754 E ArmVmp : Match on catch block at 0xc3 in for 0xa5
01-22 22:15:56.679 7754 7754 E ArmVmp : Match on catch block at 0xc3 in for 0xa9
01-22 22:15:56.692 7754 7754 E ArmVmp : Match on catch block at 0xc3 in for 0xa5
01-22 22:15:56.696 7754 7754 E ArmVmp : Match on catch block at 0xc3 in for 0xa9
01-22 22:15:56.710 7754 7754 E ArmVmp : Match on catch block at 0xc3 in for 0xa5
01-22 22:15:56.716 7754 7754 E ArmVmp : Match on catch block at 0xc3 in for 0xa9
01-22 22:15:56.740 7754 7754 E ArmVmp : Match on catch block at 0xc3 in for 0xa5
01-22 22:15:56.744 7754 7754 E ArmVmp : Match on catch block at 0xc3 in for 0xa9
01-22 22:15:56.758 7754 7754 E ArmVmp : Match on catch block at 0xc3 in for 0xa5
01-22 22:15:56.762 7754 7754 E ArmVmp : Match on catch block at 0xc3 in for 0xa9
01-22 22:15:56.776 7754 7754 E ArmVmp : Match on catch block at 0xc3 in for 0xa5
01-22 22:15:56.780 7754 7754 E ArmVmp : Match on catch block at 0xc3 in for 0xa9
01-22 22:15:56.790 7754 7754 E ArmVmp : Match on catch block at 0xc3 in for 0xa5
01-22 22:15:56.793 7754 7754 E ArmVmp : Match on catch block at 0xc3 in for 0xa9
01-22 22:15:56.808 7754 7754 E ArmVmp : Match on catch block at 0xc3 in for 0xa5
01-22 22:15:56.811 7754 7754 E ArmVmp : Match on catch block at 0xc3 in for 0xa9
01-22 22:15:56.840 7754 7754 E ArmVmp : Match on catch block at 0xc3 in for 0xa5
01-22 22:15:56.844 7754 7754 E ArmVmp : Match on catch block at 0xc3 in for 0xa9
01-22 22:15:56.857 7754 7754 E ArmVmp : Match on catch block at 0xc3 in for 0xa5
01-22 22:15:56.861 7754 7754 E ArmVmp : Match on catch block at 0xc3 in for 0xa9
01-22 22:15:56.877 7754 7754 E ArmVmp : Match on catch block at 0xc3 in for 0xa5
01-22 22:15:56.881 7754 7754 E ArmVmp : Match on catch block at 0xc3 in for 0xa9
01-22 22:15:56.891 7754 7754 E ArmVmp : Match on catch block at 0xc3 in for 0xa5
01-22 22:15:56.895 7754 7754 E ArmVmp : Match on catch block at 0xc3 in for 0xa9
01-22 22:15:57.220 7754 7754 E ArmVmp : Match on catch block at 0xc3 in for 0xa1
01-22 22:15:57.223 7754 7754 E ArmVmp : Match on catch block at 0xc3 in for 0xa5
01-22 22:15:57.330 7754 7754 E ArmVmp : Match on catch block at 0x0a in for 0xc9
01-22 22:15:57.333 7754 7754 E ArmVmp : Match on catch block at 0x0a in for 0xc9
01-22 22:15:57.413 7754 7754 E ArmVmp : Match on catch block at 0x0a in for 0xa1
01-22 22:15:57.420 7754 7754 E ArmVmp : Match on catch block at 0x0a in for 0xa1
01-22 22:15:57.641 7754 7754 E ArmVmp : Match on catch block at 0x0a in for 0xa1
01-22 22:15:57.645 7754 7754 E ArmVmp : Match on catch block at 0x0a in for 0xa1
01-22 22:15:57.725 7754 7754 E ArmVmp : Match on catch block at 0xc3 in for 0xa5
01-22 22:15:57.730 7754 7754 E ArmVmp : Match on catch block at 0xc3 in for 0xa9
01-22 22:15:58.075 7754 7754 E ArmVmp : Match on catch block at 0xc3 in for 0xa5
01-22 22:15:58.079 7754 7754 E ArmVmp : Match on catch block at 0xc3 in for 0xa9
01-22 22:15:58.092 7754 7754 E ArmVmp : Match on catch block at 0xc3 in for 0xa5
01-22 22:15:58.097 7754 7754 E ArmVmp : Match on catch block at 0xc3 in for 0xa9
01-22 22:15:58.108 7754 7754 E ArmVmp : Match on catch block at 0xc3 in for 0xa5
01-22 22:15:58.114 7754 7754 E ArmVmp : Match on catch block at 0xc3 in for 0xa9
01-22 22:15:58.123 7754 7754 E ArmVmp : Match on catch block at 0xc3 in for 0xa5
01-22 22:15:58.131 7754 7754 E ArmVmp : Match on catch block at 0xc3 in for 0xa9
01-22 22:15:58.141 7754 7754 E ArmVmp : Match on catch block at 0xc3 in for 0xa5
01-22 22:15:58.147 7754 7754 E ArmVmp : Match on catch block at 0xc3 in for 0xa9
01-22 22:15:58.158 7754 7754 E ArmVmp : Match on catch block at 0xc3 in for 0xa5
01-22 22:15:58.163 7754 7754 E ArmVmp : Match on catch block at 0xc3 in for 0xa9
01-22 22:15:58.174 7754 7754 E ArmVmp : Match on catch block at 0xc3 in for 0xa5
01-22 22:15:58.180 7754 7754 E ArmVmp : Match on catch block at 0xc3 in for 0xa9
01-22 22:15:58.191 7754 7754 E ArmVmp : Match on catch block at 0xc3 in for 0xa5
01-22 22:15:58.196 7754 7754 E ArmVmp : Match on catch block at 0xc3 in for 0xa9
01-22 22:15:58.206 7754 7754 E ArmVmp : Match on catch block at 0xc3 in for 0xa5
01-22 22:15:58.211 7754 7754 E ArmVmp : Match on catch block at 0xc3 in for 0xa9
01-22 22:15:58.225 7754 7754 E ArmVmp : Match on catch block at 0xc3 in for 0xa5
01-22 22:15:58.230 7754 7754 E ArmVmp : Match on catch block at 0xc3 in for 0xa9
01-22 22:15:58.241 7754 7754 E ArmVmp : Match on catch block at 0xc3 in for 0xa5
01-22 22:15:58.247 7754 7754 E ArmVmp : Match on catch block at 0xc3 in for 0xa9
01-22 22:15:58.257 7754 7754 E ArmVmp : Match on catch block at 0xc3 in for 0xa5
01-22 22:15:58.260 7754 7754 E ArmVmp : Match on catch block at 0xc3 in for 0xa9
01-22 22:15:58.273 7754 7754 E ArmVmp : Match on catch block at 0xc3 in for 0xa5
01-22 22:15:58.276 7754 7754 E ArmVmp : Match on catch block at 0xc3 in for 0xa9
01-22 22:15:58.290 7754 7754 E ArmVmp : Match on catch block at 0xc3 in for 0xa5
01-22 22:15:58.293 7754 7754 E ArmVmp : Match on catch block at 0xc3 in for 0xa9
01-22 22:15:58.306 7754 7754 E ArmVmp : Match on catch block at 0xc3 in for 0xa5
01-22 22:15:58.311 7754 7754 E ArmVmp : Match on catch block at 0xc3 in for 0xa9
01-22 22:15:58.323 7754 7754 E ArmVmp : Match on catch block at 0xc3 in for 0xa5
01-22 22:15:58.328 7754 7754 E ArmVmp : Match on catch block at 0xc3 in for 0xa9
01-22 22:15:58.658 7754 7754 E ArmVmp : Match on catch block at 0x0a in for 0xa1
01-22 22:15:58.663 7754 7754 E ArmVmp : Match on catch block at 0x0a in for 0xa1
01-22 22:15:58.723 7754 7754 E ArmVmp : Match on catch block at 0xc3 in for 0xa5
01-22 22:15:58.727 7754 7754 E ArmVmp : Match on catch block at 0xc3 in for 0xa9
01-22 22:15:58.758 7754 7754 E ArmVmp : Match on catch block at 0x0a in for 0xa1
01-22 22:15:58.760 7754 7754 E ArmVmp : Match on catch block at 0x0a in for 0xa1
01-22 22:15:59.224 7754 7754 E ArmVmp : Match on catch block at 0xc3 in for 0xa5
01-22 22:15:59.229 7754 7754 E ArmVmp : Match on catch block at 0xc3 in for 0xa9
01-22 22:15:59.460 7754 7754 E ArmVmp : Match on catch block at 0x0a in for 0xa1
01-22 22:15:59.464 7754 7754 E ArmVmp : Match on catch block at 0x0a in for 0xa1
01-22 22:15:59.725 7754 7754 E ArmVmp : Match on catch block at 0xc3 in for 0xa5
01-22 22:15:59.730 7754 7754 E ArmVmp : Match on catch block at 0xc3 in for 0xa9
01-22 22:15:59.876 7754 7754 E ArmVmp : Match on catch block at 0x0a in for 0xa1
01-22 22:15:59.879 7754 7754 E ArmVmp : Match on catch block at 0x0a in for 0xa1
01-22 22:16:00.224 7754 7754 E ArmVmp : Match on catch block at 0xc3 in for 0xa5
01-22 22:16:00.230 7754 7754 E ArmVmp : Match on catch block at 0xc3 in for 0xa9
01-22 22:16:00.511 7754 7754 E ArmVmp : Match on catch block at 0x0a in for 0xa1
01-22 22:16:00.514 7754 7754 E ArmVmp : Match on catch block at 0x0a in for 0xa1
01-22 22:16:00.575 7754 7754 E ArmVmp : Match on catch block at 0x0a in for 0xa1
01-22 22:16:00.578 7754 7754 E ArmVmp : Match on catch block at 0x0a in for 0xa1
01-22 22:16:00.741 7754 7754 E ArmVmp : Match on catch block at 0xc3 in for 0xa5
01-22 22:16:00.746 7754 7754 E ArmVmp : Match on catch block at 0xc3 in for 0xa9
01-22 22:16:01.239 7754 7754 E ArmVmp : Match on catch block at 0xc3 in for 0xa5
01-22 22:16:01.242 7754 7754 E ArmVmp : Match on catch block at 0xc3 in for 0xa9
01-22 22:16:01.510 7754 7754 E ArmVmp : Match on catch block at 0x0a in for 0xa1
01-22 22:16:01.608 7754 7754 E ArmVmp : Match on catch block at 0x0a in for 0xa1
01-22 22:16:01.609 7754 7754 E ArmVmp : Match on catch block at 0x0a in for 0xa1
01-22 22:16:01.612 7754 7754 E ArmVmp : Match on catch block at 0x0a in for 0xa1
01-22 22:16:01.742 7754 7754 E ArmVmp : Match on catch block at 0xc3 in for 0xa5
01-22 22:16:01.748 7754 7754 E ArmVmp : Match on catch block at 0xc3 in for 0xa9
01-22 22:16:02.175 7754 7754 E ArmVmp : Match on catch block at 0x0a in for 0xa1
01-22 22:16:02.177 7754 7754 E ArmVmp : Match on catch block at 0x0a in for 0xa1
01-22 22:16:02.241 7754 7754 E ArmVmp : Match on catch block at 0xc3 in for 0xa5
01-22 22:16:02.246 7754 7754 E ArmVmp : Match on catch block at 0xc3 in for 0xa9
01-22 22:16:02.711 7754 7754 E ArmVmp : Match on catch block at 0x0a in for 0xa1
01-22 22:16:02.712 7754 7754 E ArmVmp : Match on catch block at 0x0a in for 0xa1
01-22 22:16:02.713 7754 7754 E ArmVmp : Match on catch block at 0x0a in for 0xa1
01-22 22:16:02.714 7754 7754 E ArmVmp : Match on catch block at 0x0a in for 0xa1
01-22 22:16:02.742 7754 7754 E ArmVmp : Match on catch block at 0xc3 in for 0xa5
01-22 22:16:02.747 7754 7754 E ArmVmp : Match on catch block at 0xc3 in for 0xa9
01-22 22:16:02.941 7754 7754 E ArmVmp : Match on catch block at 0x0a in for 0xa1
01-22 22:16:02.944 7754 7754 E ArmVmp : Match on catch block at 0x0a in for 0xa1
01-22 22:16:03.240 7754 7754 E ArmVmp : Match on catch block at 0xc3 in for 0xa5
01-22 22:16:03.245 7754 7754 E ArmVmp : Match on catch block at 0xc3 in for 0xa9
01-22 22:16:03.291 7754 7754 E ArmVmp : Match on catch block at 0x0a in for 0xa1
01-22 22:16:03.292 7754 7754 E ArmVmp : Match on catch block at 0x0a in for 0xa1
01-22 22:16:03.293 7754 7754 E ArmVmp : Match on catch block at 0x0a in for 0xa1
01-22 22:16:03.691 7754 7754 E ArmVmp : Match on catch block at 0x0a in for 0xa1
01-22 22:16:03.692 7754 7754 E ArmVmp : Match on catch block at 0x0a in for 0xa1
01-22 22:16:03.694 7754 7754 E ArmVmp : Match on catch block at 0x0a in for 0xa1
01-22 22:16:03.695 7754 7754 E ArmVmp : Match on catch block at 0x0a in for 0xa1
01-22 22:16:03.744 7754 7754 E ArmVmp : Match on catch block at 0xc3 in for 0xa5
01-22 22:16:03.749 7754 7754 E ArmVmp : Match on catch block at 0xc3 in for 0xa9
01-22 22:16:04.024 7754 7754 E ArmVmp : Match on catch block at 0x0a in for 0xa1
01-22 22:16:04.028 7754 7754 E ArmVmp : Match on catch block at 0x0a in for 0xa1
01-22 22:16:04.240 7754 7754 E ArmVmp : Match on catch block at 0xc3 in for 0xa5
01-22 22:16:04.244 7754 7754 E ArmVmp : Match on catch block at 0xc3 in for 0xa9
01-22 22:16:04.657 7754 7754 E ArmVmp : Match on catch block at 0x0a in for 0xa1
01-22 22:16:04.660 7754 7754 E ArmVmp : Match on catch block at 0x0a in for 0xa1
01-22 22:16:04.741 7754 7754 E ArmVmp : Match on catch block at 0xc3 in for 0xa5
01-22 22:16:04.745 7754 7754 E ArmVmp : Match on catch block at 0xc3 in for 0xa9
01-22 22:16:05.240 7754 7754 E ArmVmp : Match on catch block at 0xc3 in for 0xa5
01-22 22:16:05.245 7754 7754 E ArmVmp : Match on catch block at 0xc3 in for 0xa9
01-22 22:16:05.641 7754 7754 E ArmVmp : Match on catch block at 0x0a in for 0xa1
01-22 22:16:05.643 7754 7754 E ArmVmp : Match on catch block at 0x0a in for 0xa1
01-22 22:16:05.741 7754 7754 E ArmVmp : Match on catch block at 0xc3 in for 0xa5
01-22 22:16:05.746 7754 7754 E ArmVmp : Match on catch block at 0xc3 in for 0xa9
01-22 22:16:06.144 7754 7754 E ArmVmp : Match on catch block at 0xc3 in for 0xa1
01-22 22:16:06.151 7754 7754 E ArmVmp : Match on catch block at 0xc3 in for 0xa5
01-22 22:16:06.193 7754 7754 E ArmVmp : Match on catch block at 0xc3 in for 0xa1
01-22 22:16:06.198 7754 7754 E ArmVmp : Match on catch block at 0xc3 in for 0xa5
01-22 22:16:06.257 7754 7754 E ArmVmp : Match on catch block at 0xc3 in for 0xa1
01-22 22:16:06.263 7754 7754 E ArmVmp : Match on catch block at 0xc3 in for 0xa5
01-22 22:16:06.755 7754 7754 E ArmVmp : Match on catch block at 0xc3 in for 0xa1
01-22 22:16:06.760 7754 7754 E ArmVmp : Match on catch block at 0xc3 in for 0xa5
01-22 22:16:06.947 7754 7754 E ArmVmp : Match on catch block at 0x0a in for 0xa9
01-22 22:16:06.949 7754 7754 E ArmVmp : Match on catch block at 0x0a in for 0xa9
01-22 22:16:07.128 7754 7754 E ArmVmp : Match on catch block at 0x0a in for 0xa9
01-22 22:16:07.131 7754 7754 E ArmVmp : Match on catch block at 0x0a in for 0xa9
01-22 22:16:07.257 7754 7754 E ArmVmp : Match on catch block at 0xc3 in for 0xa1
01-22 22:16:07.262 7754 7754 E ArmVmp : Match on catch block at 0xc3 in for 0xa5
01-22 22:16:07.456 7754 7754 E ArmVmp : Match on catch block at 0xc3 in for 0xa1
01-22 22:16:07.461 7754 7754 E ArmVmp : Match on catch block at 0xc3 in for 0xa5
01-22 22:16:07.724 7754 7754 E ArmVmp : Match on catch block at 0xc3 in for 0xa1
01-22 22:16:07.732 7754 7754 E ArmVmp : Match on catch block at 0xc3 in for 0xa5
01-22 22:16:07.742 7754 7754 E ArmVmp : Match on catch block at 0xc3 in for 0xa1
01-22 22:16:07.751 7754 7754 E ArmVmp : Match on catch block at 0xc3 in for 0xa5
01-22 22:16:07.760 7754 7754 E ArmVmp : Match on catch block at 0xc3 in for 0xa1
01-22 22:16:07.770 7754 7754 E ArmVmp : Match on catch block at 0xc3 in for 0xa5
01-22 22:16:07.777 7754 7754 E ArmVmp : Match on catch block at 0xc3 in for 0xa1
01-22 22:16:07.782 7754 7754 E ArmVmp : Match on catch block at 0xc3 in for 0xa5
01-22 22:16:07.789 7754 7754 E ArmVmp : Match on catch block at 0xc3 in for 0xa1
01-22 22:16:07.795 7754 7754 E ArmVmp : Match on catch block at 0xc3 in for 0xa5
01-22 22:16:07.805 7754 7754 E ArmVmp : Match on catch block at 0xc3 in for 0xa1
01-22 22:16:07.808 7754 7754 E ArmVmp : Match on catch block at 0xc3 in for 0xa5
01-22 22:16:07.821 7754 7754 E ArmVmp : Match on catch block at 0xc3 in for 0xa1
01-22 22:16:07.825 7754 7754 E ArmVmp : Match on catch block at 0xc3 in for 0xa5
01-22 22:16:07.838 7754 7754 E ArmVmp : Match on catch block at 0xc3 in for 0xa1
01-22 22:16:07.848 7754 7754 E ArmVmp : Match on catch block at 0xc3 in for 0xa5
01-22 22:16:07.855 7754 7754 E ArmVmp : Match on catch block at 0xc3 in for 0xa1
01-22 22:16:07.859 7754 7754 E ArmVmp : Match on catch block at 0xc3 in for 0xa5
01-22 22:16:07.872 7754 7754 E ArmVmp : Match on catch block at 0xc3 in for 0xa1
01-22 22:16:07.878 7754 7754 E ArmVmp : Match on catch block at 0xc3 in for 0xa5
01-22 22:16:07.912 7754 7754 E ArmVmp : Match on catch block at 0xc3 in for 0xa1
01-22 22:16:07.922 7754 7754 E ArmVmp : Match on catch block at 0xc3 in for 0xa5
01-22 22:16:28.645 13886 13886 E com.mbwhatsapp: Not starting debugger since
process cannot load the jdwp agent.
01-22 22:16:28.749 13886 13886 W System.err: java.lang.ClassNotFoundException:
mbmodsd.mbmodsw.ui.views.btn.BtnBK
01-22 22:16:28.753 13886 13886 W System.err: at
java.lang.Runtime.nativeLoad(Native Method)
01-22 22:16:28.753 13886 13886 W System.err: at
java.lang.Runtime.nativeLoad(Runtime.java:1131)
01-22 22:16:28.753 13886 13886 W System.err: at
java.lang.Runtime.loadLibrary0(Runtime.java:1085)
01-22 22:16:28.753 13886 13886 W System.err: at
java.lang.Runtime.loadLibrary0(Runtime.java:1008)
01-22 22:16:28.753 13886 13886 W System.err: at
java.lang.System.loadLibrary(System.java:1664)
01-22 22:16:28.753 13886 13886 W System.err: at arm.EpicVm.<clinit>(Unknown
Source:2)
01-22 22:16:28.753 13886 13886 W System.err: at
java.lang.Class.newInstance(Native Method)
01-22 22:16:28.753 13886 13886 W System.err: at
android.app.AppComponentFactory.instantiateApplication(AppComponentFactory.java:76)
01-22 22:16:28.753 13886 13886 W System.err: at
androidx.core.app.CoreComponentFactory.instantiateApplication(Unknown Source:0)
01-22 22:16:28.753 13886 13886 W System.err: at
