01-22 21:29:27.172 22238 22238 E ArmVmp : Match on catch block at 0xc3 in for 0xa9
01-22 21:29:27.174 22238 22238 E ArmVmp : Match on catch block at 0xc3 in for 0xa1
01-22 21:29:27.176 22238 22238 E ArmVmp : Match on catch block at 0xc3 in for 0xa1
01-22 21:29:27.191 22238 22238 E ArmVmp : Match on catch block at 0xc3 in for 0xa5
01-22 21:29:27.193 22238 22238 E ArmVmp : Match on catch block at 0xc3 in for 0xa9
01-22 21:29:27.196 22238 22238 E ArmVmp : Match on catch block at 0xc3 in for 0xa9
01-22 21:29:27.205 22238 22238 E ArmVmp : Match on catch block at 0xc3 in for 0xa1
01-22 21:29:27.208 22238 22238 E ArmVmp : Match on catch block at 0xc3 in for 0xa5
01-22 21:29:27.210 22238 22238 E ArmVmp : Match on catch block at 0xc3 in for 0xa5
01-22 21:29:27.222 22238 22238 E ArmVmp : Match on catch block at 0xc3 in for 0xa9
01-22 21:29:27.225 22238 22238 E ArmVmp : Match on catch block at 0xc3 in for 0xa1
01-22 21:29:27.226 22238 22238 E ArmVmp : Match on catch block at 0xc3 in for 0xa1
01-22 21:29:27.238 22238 22238 E ArmVmp : Match on catch block at 0xc3 in for 0xa5
01-22 21:29:27.241 22238 22238 E ArmVmp : Match on catch block at 0xc3 in for 0xa9
01-22 21:29:27.243 22238 22238 E ArmVmp : Match on catch block at 0xc3 in for 0xa9
01-22 21:29:27.255 22238 22238 E ArmVmp : Match on catch block at 0xc3 in for 0xa1
01-22 21:29:27.258 22238 22238 E ArmVmp : Match on catch block at 0xc3 in for 0xa5
01-22 21:29:27.260 22238 22238 E ArmVmp : Match on catch block at 0xc3 in for 0xa5
01-22 21:29:27.272 22238 22238 E ArmVmp : Match on catch block at 0xc3 in for 0xa9
01-22 21:29:27.275 22238 22238 E ArmVmp : Match on catch block at 0xc3 in for 0xa1
01-22 21:29:27.277 22238 22238 E ArmVmp : Match on catch block at 0xc3 in for 0xa1
01-22 21:29:27.288 22238 22238 E ArmVmp : Match on catch block at 0xc3 in for 0xa5
01-22 21:29:27.291 22238 22238 E ArmVmp : Match on catch block at 0xc3 in for 0xa9
01-22 21:29:27.293 22238 22238 E ArmVmp : Match on catch block at 0xc3 in for 0xa9
01-22 21:29:27.305 22238 22238 E ArmVmp : Match on catch block at 0xc3 in for 0xa1
01-22 21:29:27.308 22238 22238 E ArmVmp : Match on catch block at 0xc3 in for 0xa5
01-22 21:29:27.311 22238 22238 E ArmVmp : Match on catch block at 0xc3 in for 0xa5
01-22 21:29:27.322 22238 22238 E ArmVmp : Match on catch block at 0xc3 in for 0xa9
01-22 21:29:27.325 22238 22238 E ArmVmp : Match on catch block at 0xc3 in for 0xa1
01-22 21:29:27.327 22238 22238 E ArmVmp : Match on catch block at 0xc3 in for 0xa1
01-22 21:29:27.339 22238 22238 E ArmVmp : Match on catch block at 0xc3 in for 0xa5
01-22 21:29:27.342 22238 22238 E ArmVmp : Match on catch block at 0xc3 in for 0xa9
01-22 21:29:27.344 22238 22238 E ArmVmp : Match on catch block at 0xc3 in for 0xa9
01-22 21:29:27.355 22238 22238 E ArmVmp : Match on catch block at 0xc3 in for 0xa1
01-22 21:29:27.358 22238 22238 E ArmVmp : Match on catch block at 0xc3 in for 0xa5
01-22 21:29:27.360 22238 22238 E ArmVmp : Match on catch block at 0xc3 in for 0xa5
01-22 21:29:27.372 22238 22238 E ArmVmp : Match on catch block at 0xc3 in for 0xa9
01-22 21:29:27.375 22238 22238 E ArmVmp : Match on catch block at 0xc3 in for 0xa1
01-22 21:29:27.377 22238 22238 E ArmVmp : Match on catch block at 0xc3 in for 0xa1
01-22 21:29:27.388 22238 22238 E ArmVmp : Match on catch block at 0xc3 in for 0xa5
01-22 21:29:27.391 22238 22238 E ArmVmp : Match on catch block at 0xc3 in for 0xa9
01-22 21:29:27.393 22238 22238 E ArmVmp : Match on catch block at 0xc3 in for 0xa9
01-22 21:29:27.405 22238 22238 E ArmVmp : Match on catch block at 0xc3 in for 0xa1
01-22 21:29:27.408 22238 22238 E ArmVmp : Match on catch block at 0xc3 in for 0xa5
01-22 21:29:27.410 22238 22238 E ArmVmp : Match on catch block at 0xc3 in for 0xa5
01-22 21:29:27.422 22238 22238 E ArmVmp : Match on catch block at 0xc3 in for 0xa9
01-22 21:29:27.425 22238 22238 E ArmVmp : Match on catch block at 0xc3 in for 0xa1
01-22 21:29:27.427 22238 22238 E ArmVmp : Match on catch block at 0xc3 in for 0xa1
01-22 21:29:27.438 22238 22238 E ArmVmp : Match on catch block at 0xc3 in for 0xa5
01-22 21:29:27.441 22238 22238 E ArmVmp : Match on catch block at 0xc3 in for 0xa9
01-22 21:29:27.444 22238 22238 E ArmVmp : Match on catch block at 0xc3 in for 0xa9
01-22 21:29:27.455 22238 22238 E ArmVmp : Match on catch block at 0xc3 in for 0xa1
01-22 21:29:27.458 22238 22238 E ArmVmp : Match on catch block at 0xc3 in for 0xa5
01-22 21:29:27.460 22238 22238 E ArmVmp : Match on catch block at 0xc3 in for 0xa5
01-22 21:29:27.472 22238 22238 E ArmVmp : Match on catch block at 0xc3 in for 0xa9
01-22 21:29:27.475 22238 22238 E ArmVmp : Match on catch block at 0xc3 in for 0xa1
01-22 21:29:27.477 22238 22238 E ArmVmp : Match on catch block at 0xc3 in for 0xa1
01-22 21:29:27.571 22238 22238 E ArmVmp : Match on catch block at 0xc3 in for 0xa5
01-22 21:29:27.574 22238 22238 E ArmVmp : Match on catch block at 0xc3 in for 0xa9
01-22 21:29:27.576 22238 22238 E ArmVmp : Match on catch block at 0xc3 in for 0xa9
01-22 21:29:27.705 22238 22238 E ArmVmp : Match on catch block at 0xc3 in for 0xa1
01-22 21:29:27.708 22238 22238 E ArmVmp : Match on catch block at 0xc3 in for 0xa5
01-22 21:29:27.710 22238 22238 E ArmVmp : Match on catch block at 0xc3 in for 0xa5
01-22 21:29:27.721 22238 22238 E ArmVmp : Match on catch block at 0xc3 in for 0xa9
01-22 21:29:27.725 22238 22238 E ArmVmp : Match on catch block at 0xc3 in for 0xa1
01-22 21:29:27.727 22238 22238 E ArmVmp : Match on catch block at 0xc3 in for 0xa1
01-22 21:29:27.738 22238 22238 E ArmVmp : Match on catch block at 0xc3 in for 0xa5
01-22 21:29:27.741 22238 22238 E ArmVmp : Match on catch block at 0xc3 in for 0xa9
01-22 21:29:27.743 22238 22238 E ArmVmp : Match on catch block at 0xc3 in for 0xa9
01-22 21:29:27.755 22238 22238 E ArmVmp : Match on catch block at 0xc3 in for 0xa1
01-22 21:29:27.758 22238 22238 E ArmVmp : Match on catch block at 0xc3 in for 0xa5
01-22 21:29:27.760 22238 22238 E ArmVmp : Match on catch block at 0xc3 in for 0xa5
01-22 21:29:27.771 22238 22238 E ArmVmp : Match on catch block at 0xc3 in for 0xa9
01-22 21:29:27.774 22238 22238 E ArmVmp : Match on catch block at 0xc3 in for 0xa1
01-22 21:29:27.776 22238 22238 E ArmVmp : Match on catch block at 0xc3 in for 0xa1
01-22 21:29:27.788 22238 22238 E ArmVmp : Match on catch block at 0xc3 in for 0xa5
01-22 21:29:27.791 22238 22238 E ArmVmp : Match on catch block at 0xc3 in for 0xa9
01-22 21:29:27.793 22238 22238 E ArmVmp : Match on catch block at 0xc3 in for 0xa9
01-22 21:29:27.805 22238 22238 E ArmVmp : Match on catch block at 0xc3 in for 0xa1
01-22 21:29:27.808 22238 22238 E ArmVmp : Match on catch block at 0xc3 in for 0xa5
01-22 21:29:27.810 22238 22238 E ArmVmp : Match on catch block at 0xc3 in for 0xa5
01-22 21:29:27.821 22238 22238 E ArmVmp : Match on catch block at 0xc3 in for 0xa9
01-22 21:29:27.825 22238 22238 E ArmVmp : Match on catch block at 0xc3 in for 0xa1
01-22 21:29:27.827 22238 22238 E ArmVmp : Match on catch block at 0xc3 in for 0xa1
01-22 21:29:27.838 22238 22238 E ArmVmp : Match on catch block at 0xc3 in for 0xa5
01-22 21:29:27.842 22238 22238 E ArmVmp : Match on catch block at 0xc3 in for 0xa9
01-22 21:29:27.844 22238 22238 E ArmVmp : Match on catch block at 0xc3 in for 0xa9
01-22 21:29:27.855 22238 22238 E ArmVmp : Match on catch block at 0xc3 in for 0xa1
01-22 21:29:27.858 22238 22238 E ArmVmp : Match on catch block at 0xc3 in for 0xa5
01-22 21:29:27.860 22238 22238 E ArmVmp : Match on catch block at 0xc3 in for 0xa5
01-22 21:29:27.871 22238 22238 E ArmVmp : Match on catch block at 0xc3 in for 0xa9
01-22 21:29:27.875 22238 22238 E ArmVmp : Match on catch block at 0xc3 in for 0xa1
01-22 21:29:27.877 22238 22238 E ArmVmp : Match on catch block at 0xc3 in for 0xa1
01-22 21:29:27.888 22238 22238 E ArmVmp : Match on catch block at 0xc3 in for 0xa5
01-22 21:29:27.891 22238 22238 E ArmVmp : Match on catch block at 0xc3 in for 0xa9
01-22 21:29:27.893 22238 22238 E ArmVmp : Match on catch block at 0xc3 in for 0xa9
01-22 21:29:27.905 22238 22238 E ArmVmp : Match on catch block at 0xc3 in for 0xa1
01-22 21:29:27.908 22238 22238 E ArmVmp : Match on catch block at 0xc3 in for 0xa5
01-22 21:29:27.910 22238 22238 E ArmVmp : Match on catch block at 0xc3 in for 0xa5
01-22 21:29:27.922 22238 22238 E ArmVmp : Match on catch block at 0xc3 in for 0xa9
01-22 21:29:27.925 22238 22238 E ArmVmp : Match on catch block at 0xc3 in for 0xa1
01-22 21:29:27.927 22238 22238 E ArmVmp : Match on catch block at 0xc3 in for 0xa1
01-22 21:29:27.938 22238 22238 E ArmVmp : Match on catch block at 0xc3 in for 0xa5
01-22 21:29:27.941 22238 22238 E ArmVmp : Match on catch block at 0xc3 in for 0xa9
01-22 21:29:27.944 22238 22238 E ArmVmp : Match on catch block at 0xc3 in for 0xa9
01-22 21:29:27.955 22238 22238 E ArmVmp : Match on catch block at 0xc3 in for 0xa1
01-22 21:29:27.958 22238 22238 E ArmVmp : Match on catch block at 0xc3 in for 0xa5
01-22 21:29:27.960 22238 22238 E ArmVmp : Match on catch block at 0xc3 in for 0xa5
01-22 21:29:28.038 22238 22238 E ArmVmp : Match on catch block at 0xc3 in for 0xa9
01-22 21:29:28.041 22238 22238 E ArmVmp : Match on catch block at 0xc3 in for 0xa1
01-22 21:29:28.043 22238 22238 E ArmVmp : Match on catch block at 0xc3 in for 0xa1
01-22 21:29:28.221 22238 22238 E ArmVmp : Match on catch block at 0xc3 in for 0xa5
01-22 21:29:28.224 22238 22238 E ArmVmp : Match on catch block at 0xc3 in for 0xa9
01-22 21:29:28.227 22238 22238 E ArmVmp : Match on catch block at 0xc3 in for 0xa9
01-22 21:29:28.388 22238 22238 E ArmVmp : Match on catch block at 0xc3 in for 0xa1
01-22 21:29:28.391 22238 22238 E ArmVmp : Match on catch block at 0xc3 in for 0xa5
01-22 21:29:28.394 22238 22238 E ArmVmp : Match on catch block at 0xc3 in for 0xa5
01-22 21:29:28.589 22238 22238 E ArmVmp : Match on catch block at 0xc3 in for 0xa9
01-22 21:29:28.595 22238 22238 E ArmVmp : Match on catch block at 0xc3 in for 0xa1
01-22 21:29:28.598 22238 22238 E ArmVmp : Match on catch block at 0xc3 in for 0xa1
01-22 21:29:28.906 22238 22238 E ArmVmp : Match on catch block at 0xc3 in for 0xa5
01-22 21:29:28.911 22238 22238 E ArmVmp : Match on catch block at 0xc3 in for 0xa9
01-22 21:29:28.914 22238 22238 E ArmVmp : Match on catch block at 0xc3 in for 0xa9
01-22 21:29:28.937 22238 22238 E ArmVmp : Match on catch block at 0xc3 in for 0xa5
01-22 21:29:28.942 22238 22238 E ArmVmp : Match on catch block at 0xc3 in for 0xa9
01-22 21:29:28.946 22238 22238 E ArmVmp : Match on catch block at 0xc3 in for 0xa9
01-22 21:29:28.972 22238 22238 E ArmVmp : Match on catch block at 0xc3 in for 0xa9
01-22 21:29:28.976 22238 22238 E ArmVmp : Match on catch block at 0xc3 in for 0xa1
01-22 21:29:28.983 22238 22238 E ArmVmp : Match on catch block at 0xc3 in for 0xa9
01-22 21:29:28.988 22238 22238 E ArmVmp : Match on catch block at 0xc3 in for 0xa1
01-22 21:29:29.005 22238 22238 E ArmVmp : Match on catch block at 0xc3 in for 0xa9
01-22 21:29:29.008 22238 22238 E ArmVmp : Match on catch block at 0xc3 in for 0xa1
01-22 21:29:29.052 22238 22238 E ArmVmp : Match on catch block at 0xc3 in for 0xa5
01-22 21:29:29.055 22238 22238 E ArmVmp : Match on catch block at 0xc3 in for 0xa9
01-22 21:29:29.069 22238 22238 E ArmVmp : Match on catch block at 0xc3 in for 0xa1
01-22 21:29:29.072 22238 22238 E ArmVmp : Match on catch block at 0xc3 in for 0xa5
01-22 21:29:29.084 22238 22238 E ArmVmp : Match on catch block at 0xc3 in for 0xa1
01-22 21:29:29.087 22238 22238 E ArmVmp : Match on catch block at 0xc3 in for 0xa5
01-22 21:29:29.092 22238 22238 E ArmVmp : Match on catch block at 0xc3 in for 0xa1
01-22 21:29:29.096 22238 22238 E ArmVmp : Match on catch block at 0xc3 in for 0xa5
01-22 21:29:29.105 22238 22238 E ArmVmp : Match on catch block at 0xc3 in for 0xa1
01-22 21:29:29.107 22238 22238 E ArmVmp : Match on catch block at 0xc3 in for 0xa5
01-22 21:29:29.121 22238 22238 E ArmVmp : Match on catch block at 0xc3 in for 0xa1
01-22 21:29:29.124 22238 22238 E ArmVmp : Match on catch block at 0xc3 in for 0xa5
01-22 21:29:29.324 22238 22238 E ArmVmp : Match on catch block at 0xc3 in for 0xa1
01-22 21:29:29.327 22238 22238 E ArmVmp : Match on catch block at 0xc3 in for 0xa5
01-22 21:29:29.351 22238 22238 E ArmVmp : Match on catch block at 0xc3 in for 0xa9
01-22 21:29:29.354 22238 22316 W MediaPlayer: Use of stream types is deprecated for
operations other than volume control
01-22 21:29:29.354 22238 22316 W MediaPlayer: See the documentation of
setAudioStreamType() for what to use instead with android.media.AudioAttributes to
qualify your playback use case
01-22 21:29:29.355 22238 22238 E ArmVmp : Match on catch block at 0xc3 in for 0xa1
01-22 21:29:29.370 22238 22238 E ArmVmp : Match on catch block at 0xc3 in for 0xa9
01-22 21:29:29.376 22238 22238 E ArmVmp : Match on catch block at 0xc3 in for 0xa1
01-22 21:29:29.388 22238 22238 E ArmVmp : Match on catch block at 0xc3 in for 0xa9
01-22 21:29:29.392 22238 22238 E ArmVmp : Match on catch block at 0xc3 in for 0xa1
01-22 21:29:29.405 22238 22238 E ArmVmp : Match on catch block at 0xc3 in for 0xa9
01-22 21:29:29.409 22238 22238 E ArmVmp : Match on catch block at 0xc3 in for 0xa1
01-22 21:29:29.422 22238 22238 E ArmVmp : Match on catch block at 0xc3 in for 0xa9
01-22 21:29:29.426 22238 22238 E ArmVmp : Match on catch block at 0xc3 in for 0xa1
01-22 21:29:29.438 22238 22238 E ArmVmp : Match on catch block at 0xc3 in for 0xa9
01-22 21:29:29.443 22238 22238 E ArmVmp : Match on catch block at 0xc3 in for 0xa1
01-22 21:29:29.459 22238 22238 E ArmVmp : Match on catch block at 0xc3 in for 0xa9
01-22 21:29:29.462 22238 22238 E ArmVmp : Match on catch block at 0xc3 in for 0xa1
01-22 21:29:29.471 22238 22238 E ArmVmp : Match on catch block at 0xc3 in for 0xa9
01-22 21:29:29.474 22238 22238 E ArmVmp : Match on catch block at 0xc3 in for 0xa1
01-22 21:29:29.488 22238 22238 E ArmVmp : Match on catch block at 0xc3 in for 0xa9
01-22 21:29:29.491 22238 22238 E ArmVmp : Match on catch block at 0xc3 in for 0xa1
01-22 21:29:29.505 22238 22238 E ArmVmp : Match on catch block at 0xc3 in for 0xa9
01-22 21:29:29.508 22238 22238 E ArmVmp : Match on catch block at 0xc3 in for 0xa1
01-22 21:29:29.523 22238 22238 E ArmVmp : Match on catch block at 0xc3 in for 0xa9
01-22 21:29:29.526 22238 22238 E ArmVmp : Match on catch block at 0xc3 in for 0xa1
01-22 21:29:29.539 22238 22238 E ArmVmp : Match on catch block at 0xc3 in for 0xa9
01-22 21:29:29.543 22238 22238 E ArmVmp : Match on catch block at 0xc3 in for 0xa1
01-22 21:29:29.621 22238 22238 E ArmVmp : Match on catch block at 0xc3 in for 0xa1
01-22 21:29:29.624 22238 22238 E ArmVmp : Match on catch block at 0xc3 in for 0xa5
01-22 21:29:29.855 22238 22238 E ArmVmp : Match on catch block at 0xc3 in for 0xa1
01-22 21:29:29.858 22238 22238 E ArmVmp : Match on catch block at 0xc3 in for 0xa5
01-22 21:29:30.106 22238 22238 E ArmVmp : Match on catch block at 0xc3 in for 0xa1
01-22 21:29:30.111 22238 22238 E ArmVmp : Match on catch block at 0xc3 in for 0xa5
01-22 21:29:30.289 22238 22238 E ArmVmp : Match on catch block at 0xc3 in for 0xa1
01-22 21:29:30.294 22238 22238 E ArmVmp : Match on catch block at 0xc3 in for 0xa5
01-22 21:29:30.312 22238 22238 E ArmVmp : Match on catch block at 0xc3 in for 0xa9
01-22 21:29:30.317 22238 22238 E ArmVmp : Match on catch block at 0xc3 in for 0xa1
01-22 21:29:30.327 22238 22238 E ArmVmp : Match on catch block at 0xc3 in for 0xa9
01-22 21:29:30.332 22238 22238 E ArmVmp : Match on catch block at 0xc3 in for 0xa1
01-22 21:29:30.372 22238 22238 E ArmVmp : Match on catch block at 0xc3 in for 0xa9
01-22 21:29:30.375 22238 22238 E ArmVmp : Match on catch block at 0xc3 in for 0xa1
01-22 21:29:30.522 22238 22238 E ArmVmp : Match on catch block at 0xc3 in for 0xa9
01-22 21:29:30.527 22238 22238 E ArmVmp : Match on catch block at 0xc3 in for 0xa1
01-22 21:29:30.622 22238 22238 E ArmVmp : Match on catch block at 0xc3 in for 0xa1
01-22 21:29:30.627 22238 22238 E ArmVmp : Match on catch block at 0xc3 in for 0xa5
01-22 21:29:30.822 22238 22238 E ArmVmp : Match on catch block at 0xc3 in for 0xa1
01-22 21:29:30.827 22238 22238 E ArmVmp : Match on catch block at 0xc3 in for 0xa5
01-22 21:29:30.939 22238 22238 E ArmVmp : Match on catch block at 0xc3 in for 0xa1
01-22 21:29:30.944 22238 22238 E ArmVmp : Match on catch block at 0xc3 in for 0xa5
01-22 21:29:31.105 22238 22238 E ArmVmp : Match on catch block at 0xc3 in for 0xa1
01-22 21:29:31.110 22238 22238 E ArmVmp : Match on catch block at 0xc3 in for 0xa5
01-22 21:29:31.239 22238 22238 E ArmVmp : Match on catch block at 0xc3 in for 0xa1
01-22 21:29:31.244 22238 22238 E ArmVmp : Match on catch block at 0xc3 in for 0xa5
01-22 21:29:31.355 22238 22238 E ArmVmp : Match on catch block at 0xc3 in for 0xa1
01-22 21:29:31.360 22238 22238 E ArmVmp : Match on catch block at 0xc3 in for 0xa5
01-22 21:29:31.705 22238 22238 E ArmVmp : Match on catch block at 0xc3 in for 0xa1
01-22 21:29:31.710 22238 22238 E ArmVmp : Match on catch block at 0xc3 in for 0xa5
01-22 21:29:31.922 22238 22238 E ArmVmp : Match on catch block at 0xc3 in for 0xa1
01-22 21:29:31.927 22238 22238 E ArmVmp : Match on catch block at 0xc3 in for 0xa5
01-22 21:29:31.939 22238 22238 E ArmVmp : Match on catch block at 0xc3 in for 0xa1
01-22 21:29:31.944 22238 22238 E ArmVmp : Match on catch block at 0xc3 in for 0xa5
01-22 21:29:31.956 22238 22238 E ArmVmp : Match on catch block at 0xc3 in for 0xa1
01-22 21:29:31.961 22238 22238 E ArmVmp : Match on catch block at 0xc3 in for 0xa5
01-22 21:29:31.972 22238 22238 E ArmVmp : Match on catch block at 0xc3 in for 0xa1
01-22 21:29:31.978 22238 22238 E ArmVmp : Match on catch block at 0xc3 in for 0xa5
01-22 21:29:31.989 22238 22238 E ArmVmp : Match on catch block at 0xc3 in for 0xa1
01-22 21:29:31.994 22238 22238 E ArmVmp : Match on catch block at 0xc3 in for 0xa5
01-22 21:29:32.004 22238 22238 E ArmVmp : Match on catch block at 0xc3 in for 0xa1
01-22 21:29:32.009 22238 22238 E ArmVmp : Match on catch block at 0xc3 in for 0xa5
01-22 21:29:32.022 22238 22238 E ArmVmp : Match on catch block at 0xc3 in for 0xa1
01-22 21:29:32.027 22238 22238 E ArmVmp : Match on catch block at 0xc3 in for 0xa5
01-22 21:29:32.039 22238 22238 E ArmVmp : Match on catch block at 0xc3 in for 0xa1
01-22 21:29:32.044 22238 22238 E ArmVmp : Match on catch block at 0xc3 in for 0xa5
01-22 21:29:32.055 22238 22238 E ArmVmp : Match on catch block at 0xc3 in for 0xa1
01-22 21:29:32.061 22238 22238 E ArmVmp : Match on catch block at 0xc3 in for 0xa5
01-22 21:29:32.071 22238 22238 E ArmVmp : Match on catch block at 0xc3 in for 0xa1
01-22 21:29:32.074 22238 22238 E ArmVmp : Match on catch block at 0xc3 in for 0xa5
01-22 21:29:32.087 22238 22238 E ArmVmp : Match on catch block at 0xc3 in for 0xa1
01-22 21:29:32.090 22238 22238 E ArmVmp : Match on catch block at 0xc3 in for 0xa5
01-22 21:29:32.104 22238 22238 E ArmVmp : Match on catch block at 0xc3 in for 0xa1
01-22 21:29:32.108 22238 22238 E ArmVmp : Match on catch block at 0xc3 in for 0xa5
01-22 21:29:32.121 22238 22238 E ArmVmp : Match on catch block at 0xc3 in for 0xa1
01-22 21:29:32.124 22238 22238 E ArmVmp : Match on catch block at 0xc3 in for 0xa5
01-22 21:29:32.139 22238 22238 E ArmVmp : Match on catch block at 0xc3 in for 0xa1
01-22 21:29:32.142 22238 22238 E ArmVmp : Match on catch block at 0xc3 in for 0xa5
01-22 21:29:32.154 22238 22238 E ArmVmp : Match on catch block at 0xc3 in for 0xa1
01-22 21:29:32.157 22238 22238 E ArmVmp : Match on catch block at 0xc3 in for 0xa5
01-22 21:29:32.171 22238 22238 E ArmVmp : Match on catch block at 0xc3 in for 0xa1
01-22 21:29:32.174 22238 22238 E ArmVmp : Match on catch block at 0xc3 in for 0xa5
01-22 21:29:32.187 22238 22238 E ArmVmp : Match on catch block at 0xc3 in for 0xa1
01-22 21:29:32.191 22238 22238 E ArmVmp : Match on catch block at 0xc3 in for 0xa5
01-22 21:29:32.305 22238 22238 E ArmVmp : Match on catch block at 0xc3 in for 0xa1
01-22 21:29:32.310 22238 22238 E ArmVmp : Match on catch block at 0xc3 in for 0xa5
01-22 21:29:32.521 22238 22238 E ArmVmp : Match on catch block at 0xc3 in for 0xa1
01-22 21:29:32.524 22238 22238 E ArmVmp : Match on catch block at 0xc3 in for 0xa5
01-22 21:29:32.637 22238 22238 E ArmVmp : Match on catch block at 0xc3 in for 0xa1
01-22 21:29:32.640 22238 22238 E ArmVmp : Match on catch block at 0xc3 in for 0xa5
01-22 21:29:32.788 22238 22238 E ArmVmp : Match on catch block at 0xc3 in for 0xa1
01-22 21:29:32.793 22238 22238 E ArmVmp : Match on catch block at 0xc3 in for 0xa5
01-22 21:29:33.292 22238 22238 E ArmVmp : Match on catch block at 0xc3 in for 0xa1
01-22 21:29:33.301 22238 22238 E ArmVmp : Match on catch block at 0xc3 in for 0xa5
01-22 21:29:33.458 22238 22238 E ArmVmp : Match on catch block at 0xc3 in for 0xa9
01-22 21:29:33.463 22238 22238 E ArmVmp : Match on catch block at 0xc3 in for 0xa1
01-22 21:29:33.474 22238 22238 E ArmVmp : Match on catch block at 0xc3 in for 0xa9
01-22 21:29:33.479 22238 22238 E ArmVmp : Match on catch block at 0xc3 in for 0xa1
01-22 21:29:33.788 22238 22238 E ArmVmp : Match on catch block at 0xc3 in for 0xa9
01-22 21:29:33.793 22238 22238 E ArmVmp : Match on catch block at 0xc3 in for 0xa1
01-22 21:29:33.827 22238 22238 E ArmVmp : Match on catch block at 0xc3 in for 0xa9
01-22 21:29:33.832 22238 22238 E ArmVmp : Match on catch block at 0xc3 in for 0xa1
01-22 21:29:33.856 22238 22238 E ArmVmp : Match on catch block at 0xc3 in for 0xa5
01-22 21:29:33.860 22238 22238 E ArmVmp : Match on catch block at 0xc3 in for 0xa9
01-22 21:29:33.867 22238 22238 E ArmVmp : Match on catch block at 0xc3 in for 0xa5
01-22 21:29:33.870 22238 22238 E ArmVmp : Match on catch block at 0xc3 in for 0xa9
01-22 21:29:33.915 22238 22238 E ArmVmp : Match on catch block at 0xc3 in for 0xa1
01-22 21:29:33.918 22238 22238 E ArmVmp : Match on catch block at 0xc3 in for 0xa5
01-22 21:29:33.934 22238 22238 E ArmVmp : Match on catch block at 0xc3 in for 0xa5
01-22 21:29:33.937 22238 22238 E ArmVmp : Match on catch block at 0xc3 in for 0xa9
01-22 21:29:33.949 22238 22238 E ArmVmp : Match on catch block at 0xc3 in for 0xa5
01-22 21:29:33.952 22238 22238 E ArmVmp : Match on catch block at 0xc3 in for 0xa9
01-22 21:29:33.957 22238 22238 E ArmVmp : Match on catch block at 0xc3 in for 0xa5
01-22 21:29:33.960 22238 22238 E ArmVmp : Match on catch block at 0xc3 in for 0xa9
01-22 21:29:33.970 22238 22238 E ArmVmp : Match on catch block at 0xc3 in for 0xa5
01-22 21:29:33.973 22238 22238 E ArmVmp : Match on catch block at 0xc3 in for 0xa9
01-22 21:29:33.987 22238 22238 E ArmVmp : Match on catch block at 0xc3 in for 0xa5
01-22 21:29:33.990 22238 22238 E ArmVmp : Match on catch block at 0xc3 in for 0xa9
01-22 21:29:34.004 22238 22238 E ArmVmp : Match on catch block at 0xc3 in for 0xa5
01-22 21:29:34.006 22238 22238 E ArmVmp : Match on catch block at 0xc3 in for 0xa9
01-22 21:29:34.240 22238 22238 E ArmVmp : Match on catch block at 0xc3 in for 0xa9
01-22 21:29:34.243 22238 22238 E ArmVmp : Match on catch block at 0xc3 in for 0xa1
01-22 21:29:34.249 22238 22316 W MediaPlayer: Use of stream types is deprecated for
operations other than volume control
01-22 21:29:34.249 22238 22316 W MediaPlayer: See the documentation of
setAudioStreamType() for what to use instead with android.media.AudioAttributes to
qualify your playback use case
01-22 21:29:34.254 22238 22238 E ArmVmp : Match on catch block at 0xc3 in for 0xa9
01-22 21:29:34.257 22238 22238 E ArmVmp : Match on catch block at 0xc3 in for 0xa1
01-22 21:29:34.320 22238 22238 E ArmVmp : Match on catch block at 0xc3 in for 0xa9
01-22 21:29:34.323 22238 22238 E ArmVmp : Match on catch block at 0xc3 in for 0xa1
01-22 21:29:34.820 22238 22238 E ArmVmp : Match on catch block at 0xc3 in for 0xa1
01-22 21:29:34.824 22238 22238 E ArmVmp : Match on catch block at 0xc3 in for 0xa5
01-22 21:29:35.121 22238 22238 W SoundPool: Use of stream types is deprecated for
operations other than volume control
01-22 21:29:35.121 22238 22238 W SoundPool: See the documentation of SoundPool()
for what to use instead with android.media.AudioAttributes to qualify your playback
use case
01-22 21:29:35.137 22238 22238 W AudioManager: Use of stream types is deprecated
for operations other than volume control
01-22 21:29:35.137 22238 22238 W AudioManager: See the documentation of
requestAudioFocus() for what to use instead with android.media.AudioAttributes to
qualify your playback use case
01-22 21:29:35.147 22238 22324 W SoundPool: play soundID 1 not READY
01-22 21:29:35.176 22238 22469 W Codec2Client: query -- param skipped: index =
1107298332.
01-22 21:29:35.176 22238 22468 W Codec2Client: query -- param skipped: index =
1107298332.
01-22 21:29:35.177 22238 22468 W Codec2Client: query -- param skipped: index =
1342179345.
01-22 21:29:35.177 22238 22468 W Codec2Client: query -- param skipped: index =
2415921170.
01-22 21:29:35.178 22238 22469 W Codec2Client: query -- param skipped: index =
1342179345.
01-22 21:29:35.179 22238 22469 W Codec2Client: query -- param skipped: index =
2415921170.
01-22 21:29:35.181 22238 22469 E FMQ : grantorIdx must be less than 3
01-22 21:29:35.181 22238 22469 E FMQ : grantorIdx must be less than 3
01-22 21:29:35.181 22238 22468 E FMQ : grantorIdx must be less than 3
01-22 21:29:35.182 22238 22468 E FMQ : grantorIdx must be less than 3
01-22 21:29:35.184 22238 22469 E FMQ : grantorIdx must be less than 3
01-22 21:29:35.185 22238 22468 E FMQ : grantorIdx must be less than 3
01-22 21:29:35.187 22238 22238 W libOpenSLES: Conversion from OpenSL ES positional
channel mask 0x4 to Android mask 0 loses channels
01-22 21:29:35.193 22238 22474 E FMQ : grantorIdx must be less than 3
01-22 21:29:35.194 22238 22474 E FMQ : grantorIdx must be less than 3
01-22 21:29:35.237 22238 22486 W Codec2Client: query -- param skipped: index =
1107298332.
01-22 21:29:35.237 22238 22486 W Codec2Client: query -- param skipped: index =
1342179345.
01-22 21:29:35.237 22238 22486 W Codec2Client: query -- param skipped: index =
2415921170.
01-22 21:29:35.238 22238 22486 E FMQ : grantorIdx must be less than 3
01-22 21:29:35.238 22238 22486 E FMQ : grantorIdx must be less than 3
01-22 21:29:35.241 22238 22486 E FMQ : grantorIdx must be less than 3
01-22 21:29:35.249 22238 22474 E FMQ : grantorIdx must be less than 3
01-22 21:29:35.254 22238 22489 W Codec2Client: query -- param skipped: index =
1107298332.
01-22 21:29:35.254 22238 22489 W Codec2Client: query -- param skipped: index =
1342179345.
01-22 21:29:35.255 22238 22489 W Codec2Client: query -- param skipped: index =
2415921170.
01-22 21:29:35.255 22238 22238 E ArmVmp : Match on catch block at 0xc3 in for 0xa9
01-22 21:29:35.257 22238 22489 E FMQ : grantorIdx must be less than 3
01-22 21:29:35.257 22238 22489 E FMQ : grantorIdx must be less than 3
01-22 21:29:35.260 22238 22238 E ArmVmp : Match on catch block at 0xc3 in for 0xa1
01-22 21:29:35.261 22238 22489 E FMQ : grantorIdx must be less than 3
01-22 21:29:35.271 22238 22474 E FMQ : grantorIdx must be less than 3
01-22 21:29:35.294 22238 22238 E ArmVmp : Match on catch block at 0xc3 in for 0xa1
01-22 21:29:35.300 22238 22238 E ArmVmp : Match on catch block at 0xc3 in for 0xa5
01-22 21:29:35.301 22238 22492 W Codec2Client: query -- param skipped: index =
1107298332.
01-22 21:29:35.303 22238 22492 W Codec2Client: query -- param skipped: index =
1342179345.
01-22 21:29:35.303 22238 22492 W Codec2Client: query -- param skipped: index =
2415921170.
01-22 21:29:35.304 22238 22492 E FMQ : grantorIdx must be less than 3
01-22 21:29:35.304 22238 22492 E FMQ : grantorIdx must be less than 3
01-22 21:29:35.309 22238 22492 E FMQ : grantorIdx must be less than 3
01-22 21:29:35.311 22238 22238 E ArmVmp : Match on catch block at 0xc3 in for 0xa5
01-22 21:29:35.317 22238 22474 E FMQ : grantorIdx must be less than 3
01-22 21:29:35.318 22238 22238 E ArmVmp : Match on catch block at 0xc3 in for 0xa9
01-22 21:29:35.337 22238 22238 E ArmVmp : Match on catch block at 0xc3 in for 0xa5
01-22 21:29:35.341 22238 22238 E ArmVmp : Match on catch block at 0xc3 in for 0xa9
01-22 21:29:35.356 22238 22497 W Codec2Client: query -- param skipped: index =
1107298332.
01-22 21:29:35.357 22238 22497 W Codec2Client: query -- param skipped: index =
1342179345.
01-22 21:29:35.357 22238 22497 W Codec2Client: query -- param skipped: index =
2415921170.
01-22 21:29:35.358 22238 22497 E FMQ : grantorIdx must be less than 3
01-22 21:29:35.358 22238 22497 E FMQ : grantorIdx must be less than 3
01-22 21:29:35.358 22238 22238 E ArmVmp : Match on catch block at 0xc3 in for 0xa9
01-22 21:29:35.362 22238 22238 E ArmVmp : Match on catch block at 0xc3 in for 0xa1
01-22 21:29:35.364 22238 22497 E FMQ : grantorIdx must be less than 3
01-22 21:29:35.369 22238 22474 E FMQ : grantorIdx must be less than 3
01-22 21:29:35.388 22238 22238 E ArmVmp : Match on catch block at 0xc3 in for 0xa1
01-22 21:29:35.391 22238 22238 E ArmVmp : Match on catch block at 0xc3 in for 0xa5
01-22 21:29:35.532 22238 22238 E ArmVmp : Match on catch block at 0xc3 in for 0xa9
01-22 21:29:35.535 22238 22238 E ArmVmp : Match on catch block at 0xc3 in for 0xa1
01-22 21:29:35.542 22238 22238 E ArmVmp : Match on catch block at 0xc3 in for 0xa9
01-22 21:29:35.545 22238 22238 E ArmVmp : Match on catch block at 0xc3 in for 0xa1
01-22 21:29:35.556 22238 22238 E ArmVmp : Match on catch block at 0xc3 in for 0xa1
01-22 21:29:35.562 22238 22238 E ArmVmp : Match on catch block at 0xc3 in for 0xa5
01-22 21:29:35.576 22238 22238 E ArmVmp : Match on catch block at 0xc3 in for 0xa9
01-22 21:29:35.579 22238 22238 E ArmVmp : Match on catch block at 0xc3 in for 0xa1
01-22 21:29:35.588 22238 22238 E ArmVmp : Match on catch block at 0xc3 in for 0xa1
01-22 21:29:35.591 22238 22238 E ArmVmp : Match on catch block at 0xc3 in for 0xa5
01-22 21:29:35.604 22238 22238 E ArmVmp : Match on catch block at 0xc3 in for 0xa5
01-22 21:29:35.609 22238 22238 E ArmVmp : Match on catch block at 0xc3 in for 0xa9
01-22 21:29:35.622 22238 22238 E ArmVmp : Match on catch block at 0xc3 in for 0xa5
01-22 21:29:35.628 22238 22238 E ArmVmp : Match on catch block at 0xc3 in for 0xa9
01-22 21:29:35.638 22238 22238 E ArmVmp : Match on catch block at 0xc3 in for 0xa5
01-22 21:29:35.645 22238 22238 E ArmVmp : Match on catch block at 0xc3 in for 0xa9
01-22 21:29:35.655 22238 22238 E ArmVmp : Match on catch block at 0xc3 in for 0xa5
01-22 21:29:35.660 22238 22238 E ArmVmp : Match on catch block at 0xc3 in for 0xa9
01-22 21:29:35.671 22238 22238 E ArmVmp : Match on catch block at 0xc3 in for 0xa5
01-22 21:29:35.677 22238 22238 E ArmVmp : Match on catch block at 0xc3 in for 0xa9
01-22 21:29:35.688 22238 22238 E ArmVmp : Match on catch block at 0xc3 in for 0xa5
01-22 21:29:35.694 22238 22238 E ArmVmp : Match on catch block at 0xc3 in for 0xa9
01-22 21:29:35.706 22238 22238 E ArmVmp : Match on catch block at 0xc3 in for 0xa5
01-22 21:29:35.711 22238 22238 E ArmVmp : Match on catch block at 0xc3 in for 0xa9
01-22 21:29:35.723 22238 22238 E ArmVmp : Match on catch block at 0xc3 in for 0xa5
01-22 21:29:35.728 22238 22238 E ArmVmp : Match on catch block at 0xc3 in for 0xa9
01-22 21:29:35.739 22238 22238 E ArmVmp : Match on catch block at 0xc3 in for 0xa5
01-22 21:29:35.745 22238 22238 E ArmVmp : Match on catch block at 0xc3 in for 0xa9
01-22 21:29:35.756 22238 22238 E ArmVmp : Match on catch block at 0xc3 in for 0xa5
01-22 21:29:35.763 22238 22238 E ArmVmp : Match on catch block at 0xc3 in for 0xa9
01-22 21:29:35.772 22238 22238 E ArmVmp : Match on catch block at 0xc3 in for 0xa5
01-22 21:29:35.779 22238 22238 E ArmVmp : Match on catch block at 0xc3 in for 0xa9
01-22 21:29:35.789 22238 22238 E ArmVmp : Match on catch block at 0xc3 in for 0xa5
01-22 21:29:35.796 22238 22238 E ArmVmp : Match on catch block at 0xc3 in for 0xa9
01-22 21:29:35.807 22238 22238 E ArmVmp : Match on catch block at 0xc3 in for 0xa5
01-22 21:29:35.813 22238 22238 E ArmVmp : Match on catch block at 0xc3 in for 0xa9
01-22 21:29:35.823 22238 22238 E ArmVmp : Match on catch block at 0xc3 in for 0xa9
01-22 21:29:35.830 22238 22238 E ArmVmp : Match on catch block at 0xc3 in for 0xa1
01-22 21:29:35.840 22238 22238 E ArmVmp : Match on catch block at 0xc3 in for 0xa1
01-22 21:29:35.846 22238 22238 E ArmVmp : Match on catch block at 0xc3 in for 0xa5
01-22 21:29:35.856 22238 22238 E ArmVmp : Match on catch block at 0xc3 in for 0xa5
01-22 21:29:35.863 22238 22238 E ArmVmp : Match on catch block at 0xc3 in for 0xa9
01-22 21:29:35.873 22238 22238 E ArmVmp : Match on catch block at 0xc3 in for 0xa9
01-22 21:29:35.880 22238 22238 E ArmVmp : Match on catch block at 0xc3 in for 0xa1
01-22 21:29:35.890 22238 22238 E ArmVmp : Match on catch block at 0xc3 in for 0xa1
01-22 21:29:35.897 22238 22238 E ArmVmp : Match on catch block at 0xc3 in for 0xa5
01-22 21:29:35.907 22238 22238 E ArmVmp : Match on catch block at 0xc3 in for 0xa5
01-22 21:29:35.914 22238 22238 E ArmVmp : Match on catch block at 0xc3 in for 0xa9
01-22 21:29:35.924 22238 22238 E ArmVmp : Match on catch block at 0xc3 in for 0xa9
01-22 21:29:35.930 22238 22238 E ArmVmp : Match on catch block at 0xc3 in for 0xa1
01-22 21:29:35.940 22238 22238 E ArmVmp : Match on catch block at 0xc3 in for 0xa1
01-22 21:29:35.946 22238 22238 E ArmVmp : Match on catch block at 0xc3 in for 0xa5
01-22 21:29:35.960 22238 22238 E ArmVmp : Match on catch block at 0xc3 in for 0xa5
01-22 21:29:35.966 22238 22238 E ArmVmp : Match on catch block at 0xc3 in for 0xa9
01-22 21:29:35.976 22238 22238 E ArmVmp : Match on catch block at 0xc3 in for 0xa9
01-22 21:29:35.982 22238 22238 E ArmVmp : Match on catch block at 0xc3 in for 0xa1
01-22 21:29:35.991 22238 22238 E ArmVmp : Match on catch block at 0xc3 in for 0xa1
01-22 21:29:35.997 22238 22238 E ArmVmp : Match on catch block at 0xc3 in for 0xa5
01-22 21:29:36.006 22238 22238 E ArmVmp : Match on catch block at 0xc3 in for 0xa5
01-22 21:29:36.011 22238 22238 E ArmVmp : Match on catch block at 0xc3 in for 0xa9
01-22 21:29:36.022 22238 22238 E ArmVmp : Match on catch block at 0xc3 in for 0xa9
01-22 21:29:36.028 22238 22238 E ArmVmp : Match on catch block at 0xc3 in for 0xa1
01-22 21:29:36.039 22238 22238 E ArmVmp : Match on catch block at 0xc3 in for 0xa9
01-22 21:29:36.045 22238 22238 E ArmVmp : Match on catch block at 0xc3 in for 0xa1
01-22 21:29:36.057 22238 22238 E ArmVmp : Match on catch block at 0xc3 in for 0xa9
01-22 21:29:36.064 22238 22238 E ArmVmp : Match on catch block at 0xc3 in for 0xa1
01-22 21:29:36.075 22238 22238 E ArmVmp : Match on catch block at 0xc3 in for 0xa1
01-22 21:29:36.081 22238 22238 E ArmVmp : Match on catch block at 0xc3 in for 0xa5
01-22 21:29:36.091 22238 22238 E ArmVmp : Match on catch block at 0xc3 in for 0xa5
01-22 21:29:36.098 22238 22238 E ArmVmp : Match on catch block at 0xc3 in for 0xa9
01-22 21:29:36.107 22238 22238 E ArmVmp : Match on catch block at 0xc3 in for 0xa9
01-22 21:29:36.116 22238 22238 E ArmVmp : Match on catch block at 0xc3 in for 0xa1
01-22 21:29:36.126 22238 22238 E ArmVmp : Match on catch block at 0xc3 in for 0xa1
01-22 21:29:36.131 22238 22238 E ArmVmp : Match on catch block at 0xc3 in for 0xa5
01-22 21:29:36.142 22238 22238 E ArmVmp : Match on catch block at 0xc3 in for 0xa1
01-22 21:29:36.149 22238 22238 E ArmVmp : Match on catch block at 0xc3 in for 0xa5
01-22 21:29:36.158 22238 22238 E ArmVmp : Match on catch block at 0xc3 in for 0xa1
01-22 21:29:36.165 22238 22238 E ArmVmp : Match on catch block at 0xc3 in for 0xa5
01-22 21:29:36.172 22238 22238 E ArmVmp : Match on catch block at 0xc3 in for 0xa1
01-22 21:29:36.178 22238 22238 E ArmVmp : Match on catch block at 0xc3 in for 0xa5
01-22 21:29:36.189 22238 22238 E ArmVmp : Match on catch block at 0xc3 in for 0xa5
01-22 21:29:36.194 22238 22238 E ArmVmp : Match on catch block at 0xc3 in for 0xa9
01-22 21:29:36.207 22238 22238 E ArmVmp : Match on catch block at 0xc3 in for 0xa9
01-22 21:29:36.213 22238 22238 E ArmVmp : Match on catch block at 0xc3 in for 0xa1
01-22 21:29:36.224 22238 22238 E ArmVmp : Match on catch block at 0xc3 in for 0xa1
01-22 21:29:36.230 22238 22238 E ArmVmp : Match on catch block at 0xc3 in for 0xa5
01-22 21:29:36.239 22238 22238 E ArmVmp : Match on catch block at 0xc3 in for 0xa1
01-22 21:29:36.244 22238 22238 E ArmVmp : Match on catch block at 0xc3 in for 0xa5
01-22 21:29:36.257 22238 22238 E ArmVmp : Match on catch block at 0xc3 in for 0xa1
01-22 21:29:36.264 22238 22238 E ArmVmp : Match on catch block at 0xc3 in for 0xa5
01-22 21:29:36.274 22238 22238 E ArmVmp : Match on catch block at 0xc3 in for 0xa5
01-22 21:29:36.280 22238 22238 E ArmVmp : Match on catch block at 0xc3 in for 0xa9
01-22 21:29:36.289 22238 22238 E ArmVmp : Match on catch block at 0xc3 in for 0xa9
01-22 21:29:36.295 22238 22238 E ArmVmp : Match on catch block at 0xc3 in for 0xa1
01-22 21:29:36.305 22238 22238 E ArmVmp : Match on catch block at 0xc3 in for 0xa9
01-22 21:29:36.312 22238 22238 E ArmVmp : Match on catch block at 0xc3 in for 0xa1
01-22 21:29:36.323 22238 22238 E ArmVmp : Match on catch block at 0xc3 in for 0xa9
01-22 21:29:36.330 22238 22238 E ArmVmp : Match on catch block at 0xc3 in for 0xa1
01-22 21:29:36.338 22238 22238 E ArmVmp : Match on catch block at 0xc3 in for 0xa9
01-22 21:29:36.345 22238 22238 E ArmVmp : Match on catch block at 0xc3 in for 0xa1
01-22 21:29:36.356 22238 22238 E ArmVmp : Match on catch block at 0xc3 in for 0xa9
01-22 21:29:36.364 22238 22238 E ArmVmp : Match on catch block at 0xc3 in for 0xa1
01-22 21:29:36.373 22238 22238 E ArmVmp : Match on catch block at 0xc3 in for 0xa9
01-22 21:29:36.380 22238 22238 E ArmVmp : Match on catch block at 0xc3 in for 0xa1
01-22 21:29:36.389 22238 22238 E ArmVmp : Match on catch block at 0xc3 in for 0xa9
01-22 21:29:36.396 22238 22238 E ArmVmp : Match on catch block at 0xc3 in for 0xa1
01-22 21:29:36.406 22238 22238 E ArmVmp : Match on catch block at 0xc3 in for 0xa9
01-22 21:29:36.412 22238 22238 E ArmVmp : Match on catch block at 0xc3 in for 0xa1
01-22 21:29:36.422 22238 22238 E ArmVmp : Match on catch block at 0xc3 in for 0xa9
01-22 21:29:36.428 22238 22238 E ArmVmp : Match on catch block at 0xc3 in for 0xa1
01-22 21:29:36.439 22238 22238 E ArmVmp : Match on catch block at 0xc3 in for 0xa9
01-22 21:29:36.445 22238 22238 E ArmVmp : Match on catch block at 0xc3 in for 0xa1
01-22 21:29:36.458 22238 22238 E ArmVmp : Match on catch block at 0xc3 in for 0xa9
01-22 21:29:36.466 22238 22238 E ArmVmp : Match on catch block at 0xc3 in for 0xa1
01-22 21:29:36.475 22238 22238 E ArmVmp : Match on catch block at 0xc3 in for 0xa9
01-22 21:29:36.482 22238 22238 E ArmVmp : Match on catch block at 0xc3 in for 0xa1
01-22 21:29:36.489 22238 22238 E ArmVmp : Match on catch block at 0xc3 in for 0xa9
01-22 21:29:36.494 22238 22238 E ArmVmp : Match on catch block at 0xc3 in for 0xa1
01-22 21:29:36.505 22238 22238 E ArmVmp : Match on catch block at 0xc3 in for 0xa9
01-22 21:29:36.511 22238 22238 E ArmVmp : Match on catch block at 0xc3 in for 0xa1
01-22 21:29:36.523 22238 22238 E ArmVmp : Match on catch block at 0xc3 in for 0xa1
01-22 21:29:36.529 22238 22238 E ArmVmp : Match on catch block at 0xc3 in for 0xa5
01-22 21:29:36.539 22238 22238 E ArmVmp : Match on catch block at 0xc3 in for 0xa5
01-22 21:29:36.545 22238 22238 E ArmVmp : Match on catch block at 0xc3 in for 0xa9
01-22 21:29:36.556 22238 22238 E ArmVmp : Match on catch block at 0xc3 in for 0xa9
01-22 21:29:36.562 22238 22238 E ArmVmp : Match on catch block at 0xc3 in for 0xa1
01-22 21:29:36.573 22238 22238 E ArmVmp : Match on catch block at 0xc3 in for 0xa1
01-22 21:29:36.580 22238 22238 E ArmVmp : Match on catch block at 0xc3 in for 0xa5
01-22 21:29:36.592 22238 22238 E ArmVmp : Match on catch block at 0xc3 in for 0xa1
01-22 21:29:36.599 22238 22238 E ArmVmp : Match on catch block at 0xc3 in for 0xa5
01-22 21:29:36.609 22238 22238 E ArmVmp : Match on catch block at 0xc3 in for 0xa1
01-22 21:29:36.617 22238 22238 E ArmVmp : Match on catch block at 0xc3 in for 0xa5
01-22 21:29:36.627 22238 22238 E ArmVmp : Match on catch block at 0xc3 in for 0xa1
01-22 21:29:36.633 22238 22238 E ArmVmp : Match on catch block at 0xc3 in for 0xa5
01-22 21:29:36.641 22238 22238 E ArmVmp : Match on catch block at 0xc3 in for 0xa5
01-22 21:29:36.646 22238 22238 E ArmVmp : Match on catch block at 0xc3 in for 0xa9
01-22 21:29:36.655 22238 22238 E ArmVmp : Match on catch block at 0xc3 in for 0xa5
01-22 21:29:36.660 22238 22238 E ArmVmp : Match on catch block at 0xc3 in for 0xa9
01-22 21:29:36.672 22238 22238 E ArmVmp : Match on catch block at 0xc3 in for 0xa5
01-22 21:29:36.678 22238 22238 E ArmVmp : Match on catch block at 0xc3 in for 0xa9
01-22 21:29:36.689 22238 22238 E ArmVmp : Match on catch block at 0xc3 in for 0xa5
01-22 21:29:36.696 22238 22238 E ArmVmp : Match on catch block at 0xc3 in for 0xa9
01-22 21:29:36.709 22238 22238 E ArmVmp : Match on catch block at 0xc3 in for 0xa9
01-22 21:29:36.716 22238 22238 E ArmVmp : Match on catch block at 0xc3 in for 0xa1
01-22 21:29:36.725 22238 22238 E ArmVmp : Match on catch block at 0xc3 in for 0xa9
01-22 21:29:36.732 22238 22238 E ArmVmp : Match on catch block at 0xc3 in for 0xa1
01-22 21:29:36.740 22238 22238 E ArmVmp : Match on catch block at 0xc3 in for 0xa9
01-22 21:29:36.745 22238 22238 E ArmVmp : Match on catch block at 0xc3 in for 0xa1
01-22 21:29:36.755 22238 22238 E ArmVmp : Match on catch block at 0xc3 in for 0xa9
01-22 21:29:36.760 22238 22238 E ArmVmp : Match on catch block at 0xc3 in for 0xa1
01-22 21:29:36.773 22238 22238 E ArmVmp : Match on catch block at 0xc3 in for 0xa1
01-22 21:29:36.780 22238 22238 E ArmVmp : Match on catch block at 0xc3 in for 0xa5
01-22 21:29:36.789 22238 22238 E ArmVmp : Match on catch block at 0xc3 in for 0xa1
01-22 21:29:36.796 22238 22238 E ArmVmp : Match on catch block at 0xc3 in for 0xa5
01-22 21:29:36.807 22238 22238 E ArmVmp : Match on catch block at 0xc3 in for 0xa1
01-22 21:29:36.815 22238 22238 E ArmVmp : Match on catch block at 0xc3 in for 0xa5
01-22 21:29:36.825 22238 22238 E ArmVmp : Match on catch block at 0xc3 in for 0xa9
01-22 21:29:36.832 22238 22238 E ArmVmp : Match on catch block at 0xc3 in for 0xa1
01-22 21:29:36.842 22238 22238 E ArmVmp : Match on catch block at 0xc3 in for 0xa9
01-22 21:29:36.849 22238 22238 E ArmVmp : Match on catch block at 0xc3 in for 0xa1
01-22 21:29:36.857 22238 22238 E ArmVmp : Match on catch block at 0xc3 in for 0xa9
01-22 21:29:36.862 22238 22238 E ArmVmp : Match on catch block at 0xc3 in for 0xa1
01-22 21:29:36.871 22238 22238 E ArmVmp : Match on catch block at 0xc3 in for 0xa9
01-22 21:29:36.877 22238 22238 E ArmVmp : Match on catch block at 0xc3 in for 0xa1
01-22 21:29:36.888 22238 22238 E ArmVmp : Match on catch block at 0xc3 in for 0xa1
01-22 21:29:36.895 22238 22238 E ArmVmp : Match on catch block at 0xc3 in for 0xa5
01-22 21:29:36.909 22238 22238 E ArmVmp : Match on catch block at 0xc3 in for 0xa5
01-22 21:29:36.917 22238 22238 E ArmVmp : Match on catch block at 0xc3 in for 0xa9
01-22 21:29:36.926 22238 22238 E ArmVmp : Match on catch block at 0xc3 in for 0xa5
01-22 21:29:36.934 22238 22238 E ArmVmp : Match on catch block at 0xc3 in for 0xa9
01-22 21:29:36.941 22238 22238 E ArmVmp : Match on catch block at 0xc3 in for 0xa9
01-22 21:29:36.946 22238 22238 E ArmVmp : Match on catch block at 0xc3 in for 0xa1
01-22 21:29:36.954 22238 22238 E ArmVmp : Match on catch block at 0xc3 in for 0xa9
01-22 21:29:36.959 22238 22238 E ArmVmp : Match on catch block at 0xc3 in for 0xa1
01-22 21:29:36.972 22238 22238 E ArmVmp : Match on catch block at 0xc3 in for 0xa9
01-22 21:29:36.980 22238 22238 E ArmVmp : Match on catch block at 0xc3 in for 0xa1
01-22 21:29:36.989 22238 22238 E ArmVmp : Match on catch block at 0xc3 in for 0xa9
01-22 21:29:36.996 22238 22238 E ArmVmp : Match on catch block at 0xc3 in for 0xa1
01-22 21:29:37.006 22238 22238 E ArmVmp : Match on catch block at 0xc3 in for 0xa1
01-22 21:29:37.013 22238 22238 E ArmVmp : Match on catch block at 0xc3 in for 0xa5
01-22 21:29:37.025 22238 22238 E ArmVmp : Match on catch block at 0xc3 in for 0xa5
01-22 21:29:37.032 22238 22238 E ArmVmp : Match on catch block at 0xc3 in for 0xa9
01-22 21:29:37.042 22238 22238 E ArmVmp : Match on catch block at 0xc3 in for 0xa9
01-22 21:29:37.051 22238 22238 E ArmVmp : Match on catch block at 0xc3 in for 0xa1
01-22 21:29:37.063 22238 22238 E ArmVmp : Match on catch block at 0xc3 in for 0xa1
01-22 21:29:37.069 22238 22238 E ArmVmp : Match on catch block at 0xc3 in for 0xa5
01-22 21:29:37.078 22238 22238 E ArmVmp : Match on catch block at 0xc3 in for 0xa9
01-22 21:29:37.083 22238 22238 E ArmVmp : Match on catch block at 0xc3 in for 0xa1
01-22 21:29:37.091 22238 22238 E ArmVmp : Match on catch block at 0xc3 in for 0xa1
01-22 21:29:37.095 22238 22238 E ArmVmp : Match on catch block at 0xc3 in for 0xa5
01-22 21:29:37.105 22238 22238 E ArmVmp : Match on catch block at 0xc3 in for 0xa5
01-22 21:29:37.110 22238 22238 E ArmVmp : Match on catch block at 0xc3 in for 0xa9
01-22 21:29:37.125 22238 22238 E ArmVmp : Match on catch block at 0xc3 in for 0xa9
01-22 21:29:37.131 22238 22238 E ArmVmp : Match on catch block at 0xc3 in for 0xa1
01-22 21:29:37.142 22238 22238 E ArmVmp : Match on catch block at 0xc3 in for 0xa5
01-22 21:29:37.148 22238 22238 E ArmVmp : Match on catch block at 0xc3 in for 0xa9
01-22 21:29:37.158 22238 22238 E ArmVmp : Match on catch block at 0xc3 in for 0xa9
01-22 21:29:37.166 22238 22238 E ArmVmp : Match on catch block at 0xc3 in for 0xa1
01-22 21:29:37.174 22238 22238 E ArmVmp : Match on catch block at 0xc3 in for 0xa1
01-22 21:29:37.180 22238 22238 E ArmVmp : Match on catch block at 0xc3 in for 0xa5
01-22 21:29:37.188 22238 22238 E ArmVmp : Match on catch block at 0xc3 in for 0xa1
01-22 21:29:37.194 22238 22238 E ArmVmp : Match on catch block at 0xc3 in for 0xa5
01-22 21:29:37.206 22238 22238 E ArmVmp : Match on catch block at 0xc3 in for 0xa5
01-22 21:29:37.212 22238 22238 E ArmVmp : Match on catch block at 0xc3 in for 0xa9
01-22 21:29:37.223 22238 22238 E ArmVmp : Match on catch block at 0xc3 in for 0xa5
01-22 21:29:37.229 22238 22238 E ArmVmp : Match on catch block at 0xc3 in for 0xa9
01-22 21:29:37.239 22238 22238 E ArmVmp : Match on catch block at 0xc3 in for 0xa5
01-22 21:29:37.245 22238 22238 E ArmVmp : Match on catch block at 0xc3 in for 0xa9
01-22 21:29:37.255 22238 22238 E ArmVmp : Match on catch block at 0xc3 in for 0xa5
01-22 21:29:37.261 22238 22238 E ArmVmp : Match on catch block at 0xc3 in for 0xa9
01-22 21:29:37.273 22238 22238 E ArmVmp : Match on catch block at 0xc3 in for 0xa9
01-22 21:29:37.280 22238 22238 E ArmVmp : Match on catch block at 0xc3 in for 0xa1
01-22 21:29:37.289 22238 22238 E ArmVmp : Match on catch block at 0xc3 in for 0xa9
01-22 21:29:37.296 22238 22238 E ArmVmp : Match on catch block at 0xc3 in for 0xa1
01-22 21:29:37.307 22238 22238 E ArmVmp : Match on catch block at 0xc3 in for 0xa9
01-22 21:29:37.314 22238 22238 E ArmVmp : Match on catch block at 0xc3 in for 0xa1
01-22 21:29:37.323 22238 22238 E ArmVmp : Match on catch block at 0xc3 in for 0xa9
01-22 21:29:37.329 22238 22238 E ArmVmp : Match on catch block at 0xc3 in for 0xa1
01-22 21:29:37.345 22238 22238 E ArmVmp : Match on catch block at 0xc3 in for 0xa1
01-22 21:29:37.352 22238 22238 E ArmVmp : Match on catch block at 0xc3 in for 0xa5
01-22 21:29:37.361 22238 22238 E ArmVmp : Match on catch block at 0xc3 in for 0xa1
01-22 21:29:37.368 22238 22238 E ArmVmp : Match on catch block at 0xc3 in for 0xa5
01-22 21:29:37.375 22238 22238 E ArmVmp : Match on catch block at 0xc3 in for 0xa1
01-22 21:29:37.381 22238 22238 E ArmVmp : Match on catch block at 0xc3 in for 0xa5
01-22 21:29:37.388 22238 22238 E ArmVmp : Match on catch block at 0xc3 in for 0xa1
01-22 21:29:37.394 22238 22238 E ArmVmp : Match on catch block at 0xc3 in for 0xa5
01-22 21:29:37.405 22238 22238 E ArmVmp : Match on catch block at 0xc3 in for 0xa1
01-22 21:29:37.412 22238 22238 E ArmVmp : Match on catch block at 0xc3 in for 0xa5
01-22 21:29:37.421 22238 22238 E ArmVmp : Match on catch block at 0xc3 in for 0xa1
01-22 21:29:37.428 22238 22238 E ArmVmp : Match on catch block at 0xc3 in for 0xa5
01-22 21:29:37.440 22238 22238 E ArmVmp : Match on catch block at 0xc3 in for 0xa1
01-22 21:29:37.446 22238 22238 E ArmVmp : Match on catch block at 0xc3 in for 0xa5
01-22 21:29:37.456 22238 22238 E ArmVmp : Match on catch block at 0xc3 in for 0xa1
01-22 21:29:37.462 22238 22238 E ArmVmp : Match on catch block at 0xc3 in for 0xa5
01-22 21:29:37.473 22238 22238 E ArmVmp : Match on catch block at 0xc3 in for 0xa1
01-22 21:29:37.481 22238 22238 E ArmVmp : Match on catch block at 0xc3 in for 0xa5
01-22 21:29:37.491 22238 22238 E ArmVmp : Match on catch block at 0xc3 in for 0xa1
01-22 21:29:37.497 22238 22238 E ArmVmp : Match on catch block at 0xc3 in for 0xa5
01-22 21:29:37.507 22238 22238 E ArmVmp : Match on catch block at 0xc3 in for 0xa1
01-22 21:29:37.515 22238 22238 E ArmVmp : Match on catch block at 0xc3 in for 0xa5
01-22 21:29:37.526 22238 22238 E ArmVmp : Match on catch block at 0xc3 in for 0xa5
01-22 21:29:37.533 22238 22238 E ArmVmp : Match on catch block at 0xc3 in for 0xa9
01-22 21:29:37.543 22238 22238 E ArmVmp : Match on catch block at 0xc3 in for 0xa9
01-22 21:29:37.551 22238 22238 E ArmVmp : Match on catch block at 0xc3 in for 0xa1
01-22 21:29:37.558 22238 22238 E ArmVmp : Match on catch block at 0xc3 in for 0xa9
01-22 21:29:37.563 22238 22238 E ArmVmp : Match on catch block at 0xc3 in for 0xa1
01-22 21:29:37.573 22238 22238 E ArmVmp : Match on catch block at 0xc3 in for 0xa9
01-22 21:29:37.579 22238 22238 E ArmVmp : Match on catch block at 0xc3 in for 0xa1
01-22 21:29:37.589 22238 22238 E ArmVmp : Match on catch block at 0xc3 in for 0xa9
01-22 21:29:37.596 22238 22238 E ArmVmp : Match on catch block at 0xc3 in for 0xa1
01-22 21:29:37.606 22238 22238 E ArmVmp : Match on catch block at 0xc3 in for 0xa9
01-22 21:29:37.612 22238 22238 E ArmVmp : Match on catch block at 0xc3 in for 0xa1
01-22 21:29:37.623 22238 22238 E ArmVmp : Match on catch block at 0xc3 in for 0xa9
01-22 21:29:37.629 22238 22238 E ArmVmp : Match on catch block at 0xc3 in for 0xa1
01-22 21:29:37.641 22238 22238 E ArmVmp : Match on catch block at 0xc3 in for 0xa9
