01-22 21:37:20.443 20758 20758 W System.err: at
androidx.core.app.CoreComponentFactory.instantiateApplication(Unknown Source:0)
01-22 21:37:20.443 20758 20758 W System.err: at
android.app.Instrumentation.newApplication(Instrumentation.java:1158)
01-22 21:37:20.443 20758 20758 W System.err: at
android.app.LoadedApk.makeApplication(LoadedApk.java:1268)
01-22 21:37:20.443 20758 20758 W System.err: at
android.app.ActivityThread.handleBindApplication(ActivityThread.java:6911)
01-22 21:37:20.443 20758 20758 W System.err: at
android.app.ActivityThread.access$1300(ActivityThread.java:260)
01-22 21:37:20.443 20758 20758 W System.err: at
android.app.ActivityThread$H.handleMessage(ActivityThread.java:1955)
01-22 21:37:20.443 20758 20758 W System.err: at
android.os.Handler.dispatchMessage(Handler.java:106)
01-22 21:37:20.443 20758 20758 W System.err: at
android.os.Looper.loop(Looper.java:223)
01-22 21:37:20.443 20758 20758 W System.err: at
android.app.ActivityThread.main(ActivityThread.java:7977)
01-22 21:37:20.443 20758 20758 W System.err: at
java.lang.reflect.Method.invoke(Native Method)
01-22 21:37:20.443 20758 20758 W System.err: at
com.android.internal.os.RuntimeInit$MethodAndArgsCaller.run(RuntimeInit.java:603)
01-22 21:37:20.443 20758 20758 W System.err: at
com.android.internal.os.ZygoteInit.main(ZygoteInit.java:948)
01-22 21:37:20.591 20758 20758 E CustomActivityOnCrash: IMPORTANT WARNING! You
already have an UncaughtExceptionHandler, are you sure this is correct? If you use
a custom UncaughtExceptionHandler, you must initialize it AFTER
CustomActivityOnCrash! Installing anyway, but your original handler will not be
called.
01-22 21:37:20.836 20758 20758 W com.mbwhatsapp: Accessing hidden method
Lcom/android/org/conscrypt/OpenSSLSocketImpl;->setUseSessionTickets(Z)V (greylist-
max-q,test-api, reflection, denied)
01-22 21:37:20.836 20758 20758 W com.mbwhatsapp: Accessing hidden method
Lcom/android/org/conscrypt/AbstractConscryptSocket;->setUseSessionTickets(Z)V
(greylist-max-q, reflection, denied)
01-22 21:37:20.883 20758 20758 W com.mbwhatsapp: type=1400 audit(0.0:1869106): avc:
granted { execute } for
path="/data/data/com.mbwhatsapp/files/decompressed/libs.spk.zst/libc++_shared.so"
dev="dm-11" ino=342158 scontext=u:r:untrusted_app:s0:c60,c257,c512,c768
tcontext=u:object_r:app_data_file:s0:c60,c257,c512,c768 tclass=file
app=com.mbwhatsapp
01-22 21:37:20.887 20758 20758 W com.mbwhatsapp: type=1400 audit(0.0:1869107): avc:
granted { execute } for
path="/data/data/com.mbwhatsapp/files/decompressed/libs.spk.zst/libvlc.so" dev="dm-
11" ino=335031 scontext=u:r:untrusted_app:s0:c60,c257,c512,c768
tcontext=u:object_r:app_data_file:s0:c60,c257,c512,c768 tclass=file
app=com.mbwhatsapp
01-22 21:37:20.891 20758 20758 W com.mbwhatsapp: type=1400 audit(0.0:1869108): avc:
granted { execute } for
path="/data/data/com.mbwhatsapp/files/decompressed/libs.spk.zst/libwhatsapp.so"
dev="dm-11" ino=335044 scontext=u:r:untrusted_app:s0:c60,c257,c512,c768
tcontext=u:object_r:app_data_file:s0:c60,c257,c512,c768 tclass=file
app=com.mbwhatsapp
01-22 21:37:20.888 20758 20758 W linker : Warning:
"/data/data/com.mbwhatsapp/files/decompressed/libs.spk.zst/libc++_shared.so" unused
DT entry: unknown processor-specific (type 0x70000001 arg 0x0) (ignoring)
01-22 21:37:20.907 20758 20758 W com.mbwhatsapp: type=1400 audit(0.0:1869109): avc:
granted { execute } for
path="/data/data/com.mbwhatsapp/files/decompressed/libs.spk.zst/libcurve25519.so"
dev="dm-11" ino=345374 scontext=u:r:untrusted_app:s0:c60,c257,c512,c768
tcontext=u:object_r:app_data_file:s0:c60,c257,c512,c768 tclass=file
app=com.mbwhatsapp
01-22 21:37:20.915 20758 20758 W com.mbwhatsapp: type=1400 audit(0.0:1869110): avc:
granted { execute } for
path="/data/data/com.mbwhatsapp/files/decompressed/libs.spk.zst/libwhatsapp.so"
dev="dm-11" ino=335044 scontext=u:r:untrusted_app:s0:c60,c257,c512,c768
tcontext=u:object_r:app_data_file:s0:c60,c257,c512,c768 tclass=file
app=com.mbwhatsapp
01-22 21:37:21.042 20758 20758 W CheckTime: App running slow: Executing
handleBindApplication : callApplicationOnCreate took 399ms
01-22 21:37:21.079 20758 27559 W com.mbwhatsapp: Class X.2rL failed lock
verification and will run slower.
01-22 21:37:21.079 20758 27559 W com.mbwhatsapp: Common causes for lock
verification issues are non-optimized dex code
01-22 21:37:21.079 20758 27559 W com.mbwhatsapp: and incorrect proguard
optimizations.
01-22 21:37:21.097 20758 20758 W com.mbwhatsapp: Class X.0eU failed lock
verification and will run slower.
01-22 21:37:21.283 27586 27586 E com.mbwhatsapp: Not starting debugger since
process cannot load the jdwp agent.
01-22 21:37:21.337 20758 20758 W com.mbwhatsapp: Class com.mbwhatsapp.HomeActivity
failed lock verification and will run slower.
01-22 21:37:21.798 20758 20758 E ArmVmp : Match on catch block at 0x0a in for 0xc1
01-22 21:37:21.830 20758 20758 E ArmVmp : Match on catch block at 0x0a in for
0x135
01-22 21:37:21.857 20758 27641 W com.mbwhatsapp: Accessing hidden method
Lcom/android/org/conscrypt/ConscryptEngineSocket;->setUseSessionTickets(Z)V
(greylist-max-q,test-api, reflection, denied)
01-22 21:37:21.857 20758 27641 W com.mbwhatsapp: Accessing hidden method
Lcom/android/org/conscrypt/OpenSSLSocketImpl;->setUseSessionTickets(Z)V (greylist-
max-q,test-api, reflection, denied)
01-22 21:37:21.857 20758 27641 W com.mbwhatsapp: Accessing hidden method
Lcom/android/org/conscrypt/AbstractConscryptSocket;->setUseSessionTickets(Z)V
(greylist-max-q, reflection, denied)
01-22 21:37:21.857 20758 27641 W com.mbwhatsapp: Accessing hidden method
Lcom/android/org/conscrypt/ConscryptEngineSocket;->setHostname(Ljava/lang/String;)V
(greylist-max-q,test-api, reflection, denied)
01-22 21:37:21.857 20758 27641 W com.mbwhatsapp: Accessing hidden method
Lcom/android/org/conscrypt/OpenSSLSocketImpl;->setHostname(Ljava/lang/String;)V
(greylist-max-q,test-api, reflection, denied)
01-22 21:37:21.857 20758 27641 W com.mbwhatsapp: Accessing hidden method
Lcom/android/org/conscrypt/AbstractConscryptSocket;->setHostname(Ljava/lang/
String;)V (greylist-max-q, reflection, denied)
01-22 21:37:21.858 20758 27641 W com.mbwhatsapp: Accessing hidden method
Lcom/android/org/conscrypt/OpenSSLSocketImpl;->setAlpnProtocols([B)V (greylist-max-
q,test-api, reflection, denied)
01-22 21:37:21.858 20758 27641 W com.mbwhatsapp: Accessing hidden method
Lcom/android/org/conscrypt/AbstractConscryptSocket;->setAlpnProtocols([B)V
(greylist-max-q, reflection, denied)
01-22 21:37:22.307 20758 27641 W com.mbwhatsapp: Accessing hidden method
Lcom/android/org/conscrypt/OpenSSLSocketImpl;->getAlpnSelectedProtocol()[B
(greylist-max-q,test-api, reflection, denied)
01-22 21:37:22.307 20758 27641 W com.mbwhatsapp: Accessing hidden method
Lcom/android/org/conscrypt/AbstractConscryptSocket;->getAlpnSelectedProtocol()[B
(greylist-max-q, reflection, denied)
01-22 21:37:22.685 20758 27610 E libc : Access denied finding property
"vendor.mali.config"
01-22 21:37:22.956 20758 20758 E RecyclerView: No adapter attached; skipping layout
01-22 21:37:23.014 20758 27610 E libc : Access denied finding property
"persist.vendor.sf.fbc"
01-22 21:37:23.014 20758 27610 E libc : Access denied finding property
"persist.vendor.gpu.fbc"
01-22 21:37:23.014 20758 27610 E libc : Access denied finding property
"persist.vendor.vsp.fbc"
01-22 21:37:23.443 20758 20758 E RecyclerView: No adapter attached; skipping layout
01-22 21:37:23.451 20758 20758 W View : requestLayout() improperly called by
androidx.appcompat.view.menu.ActionMenuItemView{865bd26 VFED..C.. ......ID 164,0-
246,0 #7f0b0f8a app:id/menuitem_search} during layout: running second layout pass
01-22 21:37:23.451 20758 20758 W View : requestLayout() improperly called by
androidx.appcompat.widget.ActionMenuView{4574d67 V.E...... ......ID 347,212-
749,212} during layout: running second layout pass
01-22 21:37:23.542 20758 20758 E Dialog : show dialog
view=DecorView@4c91e2d[HomeActivity]
01-22 21:37:23.573 20758 20758 E ArmVmp : Match on catch block at 0x0a in for 0xd1
01-22 21:37:23.831 20758 20758 W View : requestLayout() improperly called by
DecorView@d37b485[HomeActivity] during second layout pass: posting in next frame
01-22 21:37:23.919 20758 27801 W LOTTIE : Animation contains merge paths. Merge
paths are only supported on KitKat+ and must be manually enabled by calling
enableMergePathsForKitKatAndAbove().
01-22 21:37:24.194 20758 20758 W LOTTIE : Animation contains merge paths but they
are disabled.
01-22 21:37:24.214 20758 27495 W LibraryVersion: Failed to get app version for
libraryName: firebase-iid
01-22 21:37:25.753 11665 11683 W System : A resource failed to call release.
--------- beginning of system
--------- beginning of main
01-22 21:38:19.487 20758 20758 E ArmVmp : Match on catch block at 0xc3 in for 0xa5
01-22 21:38:19.489 20758 20758 E ArmVmp : Match on catch block at 0xc3 in for 0xa9
01-22 21:38:19.987 20758 20758 E ArmVmp : Match on catch block at 0xc3 in for 0xa9
01-22 21:38:19.990 20758 20758 E ArmVmp : Match on catch block at 0xc3 in for 0xa1
01-22 21:38:20.487 20758 20758 E ArmVmp : Match on catch block at 0xc3 in for 0xa9
01-22 21:38:20.492 20758 20758 E ArmVmp : Match on catch block at 0xc3 in for 0xa1
01-22 21:38:20.704 20758 20758 E ArmVmp : Match on catch block at 0xc3 in for 0xa1
01-22 21:38:20.707 20758 20758 E ArmVmp : Match on catch block at 0xc3 in for 0xa5
01-22 21:38:20.722 20758 20758 E ArmVmp : Match on catch block at 0xc3 in for 0xa5
01-22 21:38:20.725 20758 20758 E ArmVmp : Match on catch block at 0xc3 in for 0xa9
01-22 21:38:20.763 20758 20758 E ArmVmp : Match on catch block at 0xc3 in for 0xa5
01-22 21:38:20.766 20758 20758 E ArmVmp : Match on catch block at 0xc3 in for 0xa9
01-22 21:38:20.799 20758 20758 E ArmVmp : Match on catch block at 0xc3 in for 0xa9
01-22 21:38:20.801 20758 20758 E ArmVmp : Match on catch block at 0xc3 in for 0xa1
01-22 21:38:20.815 20758 20758 E ArmVmp : Match on catch block at 0xc3 in for 0xa9
01-22 21:38:20.817 20758 20758 E ArmVmp : Match on catch block at 0xc3 in for 0xa1
01-22 21:38:20.825 20758 20758 E ArmVmp : Match on catch block at 0xc3 in for 0xa9
01-22 21:38:20.827 20758 20758 E ArmVmp : Match on catch block at 0xc3 in for 0xa1
01-22 21:38:20.837 20758 20758 E ArmVmp : Match on catch block at 0xc3 in for 0xa9
01-22 21:38:20.839 20758 20758 E ArmVmp : Match on catch block at 0xc3 in for 0xa1
01-22 21:38:20.853 20758 20758 E ArmVmp : Match on catch block at 0xc3 in for 0xa9
01-22 21:38:20.855 20758 20758 E ArmVmp : Match on catch block at 0xc3 in for 0xa1
01-22 21:38:20.870 20758 20758 E ArmVmp : Match on catch block at 0xc3 in for 0xa9
01-22 21:38:20.872 20758 20758 E ArmVmp : Match on catch block at 0xc3 in for 0xa1
01-22 21:38:20.887 20758 20758 E ArmVmp : Match on catch block at 0xc3 in for 0xa9
01-22 21:38:20.891 20758 20758 E ArmVmp : Match on catch block at 0xc3 in for 0xa1
01-22 21:38:20.903 20758 20758 E ArmVmp : Match on catch block at 0xc3 in for 0xa9
01-22 21:38:20.905 20758 20758 E ArmVmp : Match on catch block at 0xc3 in for 0xa1
01-22 21:38:20.920 20758 20758 E ArmVmp : Match on catch block at 0xc3 in for 0xa9
01-22 21:38:20.922 20758 20758 E ArmVmp : Match on catch block at 0xc3 in for 0xa1
01-22 21:38:21.175 20758 20758 E ArmVmp : Match on catch block at 0xc3 in for 0xa5
01-22 21:38:21.178 20758 20758 E ArmVmp : Match on catch block at 0xc3 in for 0xa9
01-22 21:38:21.184 20758 27651 W MediaPlayer: Use of stream types is deprecated for
operations other than volume control
01-22 21:38:21.184 20758 27651 W MediaPlayer: See the documentation of
setAudioStreamType() for what to use instead with android.media.AudioAttributes to
qualify your playback use case
01-22 21:38:21.187 20758 20758 E ArmVmp : Match on catch block at 0xc3 in for 0xa5
01-22 21:38:21.189 20758 20758 E ArmVmp : Match on catch block at 0xc3 in for 0xa9
01-22 21:38:21.220 20758 20758 E ArmVmp : Match on catch block at 0xc3 in for 0xa5
01-22 21:38:21.222 20758 20758 E ArmVmp : Match on catch block at 0xc3 in for 0xa9
01-22 21:38:21.625 20758 20758 E ArmVmp : Match on catch block at 0xc3 in for 0xa9
01-22 21:38:21.628 20758 20758 E ArmVmp : Match on catch block at 0xc3 in for 0xa1
01-22 21:38:21.685 20758 20758 E ArmVmp : Match on catch block at 0xc3 in for 0xa5
01-22 21:38:21.688 20758 20758 E ArmVmp : Match on catch block at 0xc3 in for 0xa9
01-22 21:38:21.735 20758 20758 E ArmVmp : Match on catch block at 0xc3 in for 0xa1
01-22 21:38:21.741 20758 20758 E ArmVmp : Match on catch block at 0xc3 in for 0xa5
01-22 21:38:21.819 20758 20758 E ArmVmp : Match on catch block at 0xc3 in for 0xa5
01-22 21:38:21.821 20758 20758 E ArmVmp : Match on catch block at 0xc3 in for 0xa9
01-22 21:38:21.837 20758 20758 E ArmVmp : Match on catch block at 0xc3 in for 0xa9
01-22 21:38:21.839 20758 20758 E ArmVmp : Match on catch block at 0xc3 in for 0xa1
01-22 21:38:21.854 20758 20758 E ArmVmp : Match on catch block at 0xc3 in for 0xa9
01-22 21:38:21.859 20758 20758 E ArmVmp : Match on catch block at 0xc3 in for 0xa1
01-22 21:38:21.870 20758 20758 E ArmVmp : Match on catch block at 0xc3 in for 0xa9
01-22 21:38:21.872 20758 20758 E ArmVmp : Match on catch block at 0xc3 in for 0xa1
01-22 21:38:21.887 20758 20758 E ArmVmp : Match on catch block at 0xc3 in for 0xa9
01-22 21:38:21.889 20758 20758 E ArmVmp : Match on catch block at 0xc3 in for 0xa1
01-22 21:38:21.903 20758 20758 E ArmVmp : Match on catch block at 0xc3 in for 0xa9
01-22 21:38:21.906 20758 20758 E ArmVmp : Match on catch block at 0xc3 in for 0xa1
01-22 21:38:21.920 20758 20758 E ArmVmp : Match on catch block at 0xc3 in for 0xa5
01-22 21:38:21.923 20758 20758 E ArmVmp : Match on catch block at 0xc3 in for 0xa9
01-22 21:38:21.936 20758 20758 E ArmVmp : Match on catch block at 0xc3 in for 0xa5
01-22 21:38:21.939 20758 20758 E ArmVmp : Match on catch block at 0xc3 in for 0xa9
01-22 21:38:21.954 20758 20758 E ArmVmp : Match on catch block at 0xc3 in for 0xa5
01-22 21:38:21.959 20758 20758 E ArmVmp : Match on catch block at 0xc3 in for 0xa9
01-22 21:38:21.971 20758 20758 E ArmVmp : Match on catch block at 0xc3 in for 0xa5
01-22 21:38:21.975 20758 20758 E ArmVmp : Match on catch block at 0xc3 in for 0xa9
01-22 21:38:21.987 20758 20758 E ArmVmp : Match on catch block at 0xc3 in for 0xa5
01-22 21:38:21.993 20758 20758 E ArmVmp : Match on catch block at 0xc3 in for 0xa9
01-22 21:38:22.004 20758 20758 E ArmVmp : Match on catch block at 0xc3 in for 0xa5
01-22 21:38:22.016 20758 20758 E ArmVmp : Match on catch block at 0xc3 in for 0xa9
01-22 21:38:22.028 20758 20758 E ArmVmp : Match on catch block at 0xc3 in for 0xa5
01-22 21:38:22.032 20758 20758 E ArmVmp : Match on catch block at 0xc3 in for 0xa9
01-22 21:38:22.044 20758 20758 E ArmVmp : Match on catch block at 0xc3 in for 0xa5
01-22 21:38:22.051 20758 20758 E ArmVmp : Match on catch block at 0xc3 in for 0xa9
01-22 21:38:22.064 20758 20758 E ArmVmp : Match on catch block at 0xc3 in for 0xa5
01-22 21:38:22.068 20758 20758 E ArmVmp : Match on catch block at 0xc3 in for 0xa9
01-22 21:38:22.079 20758 20758 E ArmVmp : Match on catch block at 0xc3 in for 0xa5
01-22 21:38:22.083 20758 20758 E ArmVmp : Match on catch block at 0xc3 in for 0xa9
01-22 21:38:22.091 20758 20758 E ArmVmp : Match on catch block at 0xc3 in for 0xa5
01-22 21:38:22.095 20758 20758 E ArmVmp : Match on catch block at 0xc3 in for 0xa9
01-22 21:38:22.104 20758 20758 E ArmVmp : Match on catch block at 0xc3 in for 0xa5
01-22 21:38:22.106 20758 20758 E ArmVmp : Match on catch block at 0xc3 in for 0xa9
01-22 21:38:22.120 20758 20758 E ArmVmp : Match on catch block at 0xc3 in for 0xa5
01-22 21:38:22.123 20758 20758 E ArmVmp : Match on catch block at 0xc3 in for 0xa9
01-22 21:38:22.136 20758 20758 E ArmVmp : Match on catch block at 0xc3 in for 0xa5
01-22 21:38:22.139 20758 20758 E ArmVmp : Match on catch block at 0xc3 in for 0xa9
01-22 21:38:22.153 20758 20758 E ArmVmp : Match on catch block at 0xc3 in for 0xa5
01-22 21:38:22.155 20758 20758 E ArmVmp : Match on catch block at 0xc3 in for 0xa9
01-22 21:38:22.304 20758 20758 E ArmVmp : Match on catch block at 0xc3 in for 0xa5
01-22 21:38:22.310 20758 20758 E ArmVmp : Match on catch block at 0xc3 in for 0xa9
01-22 21:38:22.804 20758 20758 E ArmVmp : Match on catch block at 0xc3 in for 0xa5
01-22 21:38:22.810 20758 20758 E ArmVmp : Match on catch block at 0xc3 in for 0xa9
01-22 21:38:23.304 20758 20758 E ArmVmp : Match on catch block at 0xc3 in for 0xa5
01-22 21:38:23.307 20758 20758 E ArmVmp : Match on catch block at 0xc3 in for 0xa9
01-22 21:38:23.337 20758 20758 E ArmVmp : Match on catch block at 0xc3 in for 0xa5
01-22 21:38:23.341 20758 20758 E ArmVmp : Match on catch block at 0xc3 in for 0xa9
01-22 21:38:23.353 20758 20758 E ArmVmp : Match on catch block at 0xc3 in for 0xa5
01-22 21:38:23.358 20758 20758 E ArmVmp : Match on catch block at 0xc3 in for 0xa9
01-22 21:38:23.370 20758 20758 E ArmVmp : Match on catch block at 0xc3 in for 0xa5
01-22 21:38:23.373 20758 20758 E ArmVmp : Match on catch block at 0xc3 in for 0xa9
01-22 21:38:23.387 20758 20758 E ArmVmp : Match on catch block at 0xc3 in for 0xa5
01-22 21:38:23.391 20758 20758 E ArmVmp : Match on catch block at 0xc3 in for 0xa9
01-22 21:38:23.403 20758 20758 E ArmVmp : Match on catch block at 0xc3 in for 0xa5
01-22 21:38:23.407 20758 20758 E ArmVmp : Match on catch block at 0xc3 in for 0xa9
01-22 21:38:23.420 20758 20758 E ArmVmp : Match on catch block at 0xc3 in for 0xa5
01-22 21:38:23.424 20758 20758 E ArmVmp : Match on catch block at 0xc3 in for 0xa9
01-22 21:38:23.436 20758 20758 E ArmVmp : Match on catch block at 0xc3 in for 0xa5
01-22 21:38:23.440 20758 20758 E ArmVmp : Match on catch block at 0xc3 in for 0xa9
01-22 21:38:23.454 20758 20758 E ArmVmp : Match on catch block at 0xc3 in for 0xa5
01-22 21:38:23.458 20758 20758 E ArmVmp : Match on catch block at 0xc3 in for 0xa9
01-22 21:38:23.471 20758 20758 E ArmVmp : Match on catch block at 0xc3 in for 0xa5
01-22 21:38:23.474 20758 20758 E ArmVmp : Match on catch block at 0xc3 in for 0xa9
01-22 21:38:23.487 20758 20758 E ArmVmp : Match on catch block at 0xc3 in for 0xa5
01-22 21:38:23.490 20758 20758 E ArmVmp : Match on catch block at 0xc3 in for 0xa9
01-22 21:38:23.504 20758 20758 E ArmVmp : Match on catch block at 0xc3 in for 0xa5
01-22 21:38:23.508 20758 20758 E ArmVmp : Match on catch block at 0xc3 in for 0xa9
01-22 21:38:23.520 20758 20758 E ArmVmp : Match on catch block at 0xc3 in for 0xa5
01-22 21:38:23.523 20758 20758 E ArmVmp : Match on catch block at 0xc3 in for 0xa9
01-22 21:38:23.537 20758 20758 E ArmVmp : Match on catch block at 0xc3 in for 0xa5
01-22 21:38:23.541 20758 20758 E ArmVmp : Match on catch block at 0xc3 in for 0xa9
01-22 21:38:23.554 20758 20758 E ArmVmp : Match on catch block at 0xc3 in for 0xa5
01-22 21:38:23.557 20758 20758 E ArmVmp : Match on catch block at 0xc3 in for 0xa9
01-22 21:38:23.570 20758 20758 E ArmVmp : Match on catch block at 0xc3 in for 0xa5
01-22 21:38:23.574 20758 20758 E ArmVmp : Match on catch block at 0xc3 in for 0xa9
01-22 21:38:23.587 20758 20758 E ArmVmp : Match on catch block at 0xc3 in for 0xa5
01-22 21:38:23.590 20758 20758 E ArmVmp : Match on catch block at 0xc3 in for 0xa9
01-22 21:38:23.823 20758 20758 E ArmVmp : Match on catch block at 0xc3 in for 0xa1
01-22 21:38:23.827 20758 20758 E ArmVmp : Match on catch block at 0xc3 in for 0xa5
01-22 21:38:24.319 20758 20758 E ArmVmp : Match on catch block at 0xc3 in for 0xa1
01-22 21:38:24.323 20758 20758 E ArmVmp : Match on catch block at 0xc3 in for 0xa5
01-22 21:38:24.820 20758 20758 E ArmVmp : Match on catch block at 0xc3 in for 0xa1
01-22 21:38:24.823 20758 20758 E ArmVmp : Match on catch block at 0xc3 in for 0xa5
01-22 21:38:25.320 20758 20758 E ArmVmp : Match on catch block at 0xc3 in for 0xa1
01-22 21:38:25.323 20758 20758 E ArmVmp : Match on catch block at 0xc3 in for 0xa5
01-22 21:38:25.836 20758 20758 E ArmVmp : Match on catch block at 0xc3 in for 0xa9
01-22 21:38:25.840 20758 20758 E ArmVmp : Match on catch block at 0xc3 in for 0xa1
01-22 21:38:26.338 20758 20758 E ArmVmp : Match on catch block at 0xc3 in for 0xa9
01-22 21:38:26.344 20758 20758 E ArmVmp : Match on catch block at 0xc3 in for 0xa1
01-22 21:38:26.836 20758 20758 E ArmVmp : Match on catch block at 0xc3 in for 0xa9
01-22 21:38:26.841 20758 20758 E ArmVmp : Match on catch block at 0xc3 in for 0xa1
01-22 21:38:27.336 20758 20758 E ArmVmp : Match on catch block at 0xc3 in for 0xa9
01-22 21:38:27.340 20758 20758 E ArmVmp : Match on catch block at 0xc3 in for 0xa1
01-22 21:38:27.854 20758 20758 E ArmVmp : Match on catch block at 0xc3 in for 0xa5
01-22 21:38:27.858 20758 20758 E ArmVmp : Match on catch block at 0xc3 in for 0xa9
01-22 21:38:28.353 20758 20758 E ArmVmp : Match on catch block at 0xc3 in for 0xa5
01-22 21:38:28.359 20758 20758 E ArmVmp : Match on catch block at 0xc3 in for 0xa9
01-22 21:38:28.852 20758 20758 E ArmVmp : Match on catch block at 0xc3 in for 0xa5
01-22 21:38:28.855 20758 20758 E ArmVmp : Match on catch block at 0xc3 in for 0xa9
01-22 21:38:29.351 20758 20758 E ArmVmp : Match on catch block at 0xc3 in for 0xa1
01-22 21:38:29.355 20758 20758 E ArmVmp : Match on catch block at 0xc3 in for 0xa5
01-22 21:38:29.851 20758 20758 E ArmVmp : Match on catch block at 0xc3 in for 0xa1
01-22 21:38:29.855 20758 20758 E ArmVmp : Match on catch block at 0xc3 in for 0xa5
01-22 21:38:30.352 20758 20758 E ArmVmp : Match on catch block at 0xc3 in for 0xa1
01-22 21:38:30.357 20758 20758 E ArmVmp : Match on catch block at 0xc3 in for 0xa5
01-22 21:38:30.851 20758 20758 E ArmVmp : Match on catch block at 0xc3 in for 0xa1
01-22 21:38:30.854 20758 20758 E ArmVmp : Match on catch block at 0xc3 in for 0xa5
01-22 21:38:31.353 20758 20758 E ArmVmp : Match on catch block at 0xc3 in for 0xa5
01-22 21:38:31.356 20758 20758 E ArmVmp : Match on catch block at 0xc3 in for 0xa9
01-22 21:38:31.368 20758 20758 E ArmVmp : Match on catch block at 0xc3 in for 0xa9
01-22 21:38:31.369 20758 20758 E ArmVmp : Match on catch block at 0xc3 in for 0xa1
01-22 21:38:31.384 20758 20758 E ArmVmp : Match on catch block at 0xc3 in for 0xa1
01-22 21:38:31.386 20758 20758 E ArmVmp : Match on catch block at 0xc3 in for 0xa5
01-22 21:38:31.404 20758 20758 E ArmVmp : Match on catch block at 0xc3 in for 0xa5
01-22 21:38:31.406 20758 20758 E ArmVmp : Match on catch block at 0xc3 in for 0xa9
01-22 21:38:31.418 20758 20758 E ArmVmp : Match on catch block at 0xc3 in for 0xa9
01-22 21:38:31.419 20758 20758 E ArmVmp : Match on catch block at 0xc3 in for 0xa1
01-22 21:38:31.444 20758 20758 E ArmVmp : Match on catch block at 0xc3 in for 0xa9
01-22 21:38:31.446 20758 20758 E ArmVmp : Match on catch block at 0xc3 in for 0xa1
01-22 21:38:31.458 20758 20758 E ArmVmp : Match on catch block at 0xc3 in for 0xa9
01-22 21:38:31.460 20758 20758 E ArmVmp : Match on catch block at 0xc3 in for 0xa1
01-22 21:38:31.479 20758 20758 E ArmVmp : Match on catch block at 0xc3 in for 0xa9
01-22 21:38:31.480 20758 20758 E ArmVmp : Match on catch block at 0xc3 in for 0xa1
01-22 21:38:31.483 20758 20758 E ArmVmp : Match on catch block at 0xc3 in for 0xa9
01-22 21:38:31.485 20758 20758 E ArmVmp : Match on catch block at 0xc3 in for 0xa1
01-22 21:38:31.500 20758 20758 E ArmVmp : Match on catch block at 0xc3 in for 0xa9
01-22 21:38:31.502 20758 20758 E ArmVmp : Match on catch block at 0xc3 in for 0xa1
01-22 21:38:31.517 20758 20758 E ArmVmp : Match on catch block at 0xc3 in for 0xa9
01-22 21:38:31.519 20758 20758 E ArmVmp : Match on catch block at 0xc3 in for 0xa1
01-22 21:38:31.534 20758 20758 E ArmVmp : Match on catch block at 0xc3 in for 0xa9
01-22 21:38:31.536 20758 20758 E ArmVmp : Match on catch block at 0xc3 in for 0xa1
01-22 21:38:31.551 20758 20758 E ArmVmp : Match on catch block at 0xc3 in for 0xa9
01-22 21:38:31.552 20758 20758 E ArmVmp : Match on catch block at 0xc3 in for 0xa1
01-22 21:38:31.567 20758 20758 E ArmVmp : Match on catch block at 0xc3 in for 0xa9
01-22 21:38:31.569 20758 20758 E ArmVmp : Match on catch block at 0xc3 in for 0xa1
01-22 21:38:31.583 20758 20758 E ArmVmp : Match on catch block at 0xc3 in for 0xa9
01-22 21:38:31.585 20758 20758 E ArmVmp : Match on catch block at 0xc3 in for 0xa1
01-22 21:38:31.600 20758 20758 E ArmVmp : Match on catch block at 0xc3 in for 0xa9
01-22 21:38:31.602 20758 20758 E ArmVmp : Match on catch block at 0xc3 in for 0xa1
01-22 21:38:31.617 20758 20758 E ArmVmp : Match on catch block at 0xc3 in for 0xa9
01-22 21:38:31.620 20758 20758 E ArmVmp : Match on catch block at 0xc3 in for 0xa1
01-22 21:38:31.634 20758 20758 E ArmVmp : Match on catch block at 0xc3 in for 0xa9
01-22 21:38:31.636 20758 20758 E ArmVmp : Match on catch block at 0xc3 in for 0xa1
01-22 21:38:31.650 20758 20758 E ArmVmp : Match on catch block at 0xc3 in for 0xa9
01-22 21:38:31.653 20758 20758 E ArmVmp : Match on catch block at 0xc3 in for 0xa1
01-22 21:38:31.667 20758 20758 E ArmVmp : Match on catch block at 0xc3 in for 0xa9
01-22 21:38:31.669 20758 20758 E ArmVmp : Match on catch block at 0xc3 in for 0xa1
01-22 21:38:31.683 20758 20758 E ArmVmp : Match on catch block at 0xc3 in for 0xa9
01-22 21:38:31.686 20758 20758 E ArmVmp : Match on catch block at 0xc3 in for 0xa1
01-22 21:38:31.708 20758 20758 E ArmVmp : Match on catch block at 0xc3 in for 0xa9
01-22 21:38:31.710 20758 20758 E ArmVmp : Match on catch block at 0xc3 in for 0xa1
01-22 21:38:31.717 20758 20758 E ArmVmp : Match on catch block at 0xc3 in for 0xa9
01-22 21:38:31.719 20758 20758 E ArmVmp : Match on catch block at 0xc3 in for 0xa1
01-22 21:38:31.850 20758 20758 E ArmVmp : Match on catch block at 0xc3 in for 0xa9
01-22 21:38:31.853 20758 20758 E ArmVmp : Match on catch block at 0xc3 in for 0xa1
01-22 21:38:32.069 20758 20758 E ArmVmp : Match on catch block at 0xc3 in for 0xa1
01-22 21:38:32.071 20758 20758 E ArmVmp : Match on catch block at 0xc3 in for 0xa5
01-22 21:38:32.083 20758 20758 E ArmVmp : Match on catch block at 0xc3 in for 0xa9
01-22 21:38:32.085 20758 20758 E ArmVmp : Match on catch block at 0xc3 in for 0xa1
01-22 21:38:32.100 20758 20758 E ArmVmp : Match on catch block at 0xc3 in for 0xa9
01-22 21:38:32.102 20758 20758 E ArmVmp : Match on catch block at 0xc3 in for 0xa1
01-22 21:38:32.117 20758 20758 E ArmVmp : Match on catch block at 0xc3 in for 0xa9
01-22 21:38:32.119 20758 20758 E ArmVmp : Match on catch block at 0xc3 in for 0xa1
01-22 21:38:32.133 20758 20758 E ArmVmp : Match on catch block at 0xc3 in for 0xa9
01-22 21:38:32.135 20758 20758 E ArmVmp : Match on catch block at 0xc3 in for 0xa1
01-22 21:38:32.150 20758 20758 E ArmVmp : Match on catch block at 0xc3 in for 0xa9
01-22 21:38:32.152 20758 20758 E ArmVmp : Match on catch block at 0xc3 in for 0xa1
01-22 21:38:32.167 20758 20758 E ArmVmp : Match on catch block at 0xc3 in for 0xa9
01-22 21:38:32.169 20758 20758 E ArmVmp : Match on catch block at 0xc3 in for 0xa1
01-22 21:38:32.185 20758 20758 E ArmVmp : Match on catch block at 0xc3 in for 0xa9
01-22 21:38:32.189 20758 20758 E ArmVmp : Match on catch block at 0xc3 in for 0xa1
01-22 21:38:32.200 20758 20758 E ArmVmp : Match on catch block at 0xc3 in for 0xa9
01-22 21:38:32.203 20758 20758 E ArmVmp : Match on catch block at 0xc3 in for 0xa1
01-22 21:38:32.216 20758 20758 E ArmVmp : Match on catch block at 0xc3 in for 0xa9
01-22 21:38:32.219 20758 20758 E ArmVmp : Match on catch block at 0xc3 in for 0xa1
01-22 21:38:32.233 20758 20758 E ArmVmp : Match on catch block at 0xc3 in for 0xa9
01-22 21:38:32.235 20758 20758 E ArmVmp : Match on catch block at 0xc3 in for 0xa1
01-22 21:38:32.250 20758 20758 E ArmVmp : Match on catch block at 0xc3 in for 0xa9
01-22 21:38:32.255 20758 20758 E ArmVmp : Match on catch block at 0xc3 in for 0xa1
01-22 21:38:32.266 20758 20758 E ArmVmp : Match on catch block at 0xc3 in for 0xa1
01-22 21:38:32.269 20758 20758 E ArmVmp : Match on catch block at 0xc3 in for 0xa5
01-22 21:38:32.367 20758 20758 E ArmVmp : Match on catch block at 0xc3 in for 0xa5
01-22 21:38:32.369 20758 20758 E ArmVmp : Match on catch block at 0xc3 in for 0xa9
01-22 21:38:32.567 20758 20758 E ArmVmp : Match on catch block at 0xc3 in for 0xa9
01-22 21:38:32.570 20758 20758 E ArmVmp : Match on catch block at 0xc3 in for 0xa1
01-22 21:38:32.766 20758 20758 E ArmVmp : Match on catch block at 0xc3 in for 0xa1
01-22 21:38:32.769 20758 20758 E ArmVmp : Match on catch block at 0xc3 in for 0xa5
01-22 21:38:32.983 20758 20758 E ArmVmp : Match on catch block at 0xc3 in for 0xa5
01-22 21:38:32.986 20758 20758 E ArmVmp : Match on catch block at 0xc3 in for 0xa9
01-22 21:38:33.183 20758 20758 E ArmVmp : Match on catch block at 0xc3 in for 0xa9
01-22 21:38:33.185 20758 20758 E ArmVmp : Match on catch block at 0xc3 in for 0xa1
01-22 21:38:33.300 20758 20758 E ArmVmp : Match on catch block at 0xc3 in for 0xa1
01-22 21:38:33.302 20758 20758 E ArmVmp : Match on catch block at 0xc3 in for 0xa5
01-22 21:38:33.316 20758 20758 E ArmVmp : Match on catch block at 0xc3 in for 0xa1
01-22 21:38:33.319 20758 20758 E ArmVmp : Match on catch block at 0xc3 in for 0xa5
01-22 21:38:33.333 20758 20758 E ArmVmp : Match on catch block at 0xc3 in for 0xa1
01-22 21:38:33.335 20758 20758 E ArmVmp : Match on catch block at 0xc3 in for 0xa5
01-22 21:38:33.350 20758 20758 E ArmVmp : Match on catch block at 0xc3 in for 0xa1
01-22 21:38:33.352 20758 20758 E ArmVmp : Match on catch block at 0xc3 in for 0xa5
01-22 21:38:33.366 20758 20758 E ArmVmp : Match on catch block at 0xc3 in for 0xa1
01-22 21:38:33.369 20758 20758 E ArmVmp : Match on catch block at 0xc3 in for 0xa5
01-22 21:38:33.383 20758 20758 E ArmVmp : Match on catch block at 0xc3 in for 0xa1
01-22 21:38:33.385 20758 20758 E ArmVmp : Match on catch block at 0xc3 in for 0xa5
01-22 21:38:33.400 20758 20758 E ArmVmp : Match on catch block at 0xc3 in for 0xa1
01-22 21:38:33.402 20758 20758 E ArmVmp : Match on catch block at 0xc3 in for 0xa5
01-22 21:38:33.416 20758 20758 E ArmVmp : Match on catch block at 0xc3 in for 0xa1
01-22 21:38:33.419 20758 20758 E ArmVmp : Match on catch block at 0xc3 in for 0xa5
01-22 21:38:33.433 20758 20758 E ArmVmp : Match on catch block at 0xc3 in for 0xa5
01-22 21:38:33.435 20758 20758 E ArmVmp : Match on catch block at 0xc3 in for 0xa9
01-22 21:38:33.450 20758 20758 E ArmVmp : Match on catch block at 0xc3 in for 0xa5
01-22 21:38:33.453 20758 20758 E ArmVmp : Match on catch block at 0xc3 in for 0xa9
01-22 21:38:33.466 20758 20758 E ArmVmp : Match on catch block at 0xc3 in for 0xa5
01-22 21:38:33.468 20758 20758 E ArmVmp : Match on catch block at 0xc3 in for 0xa9
01-22 21:38:33.483 20758 20758 E ArmVmp : Match on catch block at 0xc3 in for 0xa5
01-22 21:38:33.485 20758 20758 E ArmVmp : Match on catch block at 0xc3 in for 0xa9
01-22 21:38:33.500 20758 20758 E ArmVmp : Match on catch block at 0xc3 in for 0xa5
01-22 21:38:33.502 20758 20758 E ArmVmp : Match on catch block at 0xc3 in for 0xa9
01-22 21:38:33.516 20758 20758 E ArmVmp : Match on catch block at 0xc3 in for 0xa5
01-22 21:38:33.518 20758 20758 E ArmVmp : Match on catch block at 0xc3 in for 0xa9
01-22 21:38:33.533 20758 20758 E ArmVmp : Match on catch block at 0xc3 in for 0xa5
01-22 21:38:33.535 20758 20758 E ArmVmp : Match on catch block at 0xc3 in for 0xa9
01-22 21:38:33.550 20758 20758 E ArmVmp : Match on catch block at 0xc3 in for 0xa9
01-22 21:38:33.553 20758 20758 E ArmVmp : Match on catch block at 0xc3 in for 0xa1
01-22 21:38:33.566 20758 20758 E ArmVmp : Match on catch block at 0xc3 in for 0xa9
01-22 21:38:33.568 20758 20758 E ArmVmp : Match on catch block at 0xc3 in for 0xa1
01-22 21:38:33.583 20758 20758 E ArmVmp : Match on catch block at 0xc3 in for 0xa9
01-22 21:38:33.585 20758 20758 E ArmVmp : Match on catch block at 0xc3 in for 0xa1
01-22 21:38:33.716 20758 20758 E ArmVmp : Match on catch block at 0xc3 in for 0xa1
01-22 21:38:33.719 20758 20758 E ArmVmp : Match on catch block at 0xc3 in for 0xa5
01-22 21:38:33.900 20758 20758 E ArmVmp : Match on catch block at 0xc3 in for 0xa5
01-22 21:38:33.902 20758 20758 E ArmVmp : Match on catch block at 0xc3 in for 0xa9
01-22 21:38:34.016 20758 20758 E ArmVmp : Match on catch block at 0xc3 in for 0xa9
01-22 21:38:34.018 20758 20758 E ArmVmp : Match on catch block at 0xc3 in for 0xa1
01-22 21:38:34.299 20758 20758 E ArmVmp : Match on catch block at 0xc3 in for 0xa1
01-22 21:38:34.302 20758 20758 E ArmVmp : Match on catch block at 0xc3 in for 0xa5
01-22 21:38:34.324 20758 20758 E ArmVmp : Match on catch block at 0xc3 in for 0xa5
01-22 21:38:34.326 20758 20758 E ArmVmp : Match on catch block at 0xc3 in for 0xa9
01-22 21:38:34.362 20758 20758 E ArmVmp : Match on catch block at 0xc3 in for 0xa1
01-22 21:38:34.364 20758 20758 E ArmVmp : Match on catch block at 0xc3 in for 0xa5
01-22 21:38:34.404 20758 20758 E ArmVmp : Match on catch block at 0xc3 in for 0xa9
01-22 21:38:34.406 20758 20758 E ArmVmp : Match on catch block at 0xc3 in for 0xa1
01-22 21:38:34.419 20758 20758 E ArmVmp : Match on catch block at 0xc3 in for 0xa9
01-22 21:38:34.421 20758 20758 E ArmVmp : Match on catch block at 0xc3 in for 0xa1
01-22 21:38:34.428 20758 20758 E ArmVmp : Match on catch block at 0xc3 in for 0xa9
01-22 21:38:34.433 20758 20758 E ArmVmp : Match on catch block at 0xc3 in for 0xa1
01-22 21:38:34.438 20758 20758 E ArmVmp : Match on catch block at 0xc3 in for 0xa9
01-22 21:38:34.441 20758 20758 E ArmVmp : Match on catch block at 0xc3 in for 0xa1
01-22 21:38:34.449 20758 20758 E ArmVmp : Match on catch block at 0xc3 in for 0xa9
01-22 21:38:34.451 20758 20758 E ArmVmp : Match on catch block at 0xc3 in for 0xa1
01-22 21:38:34.466 20758 20758 E ArmVmp : Match on catch block at 0xc3 in for 0xa9
01-22 21:38:34.469 20758 20758 E ArmVmp : Match on catch block at 0xc3 in for 0xa1
01-22 21:38:34.483 20758 20758 E ArmVmp : Match on catch block at 0xc3 in for 0xa9
01-22 21:38:34.485 20758 20758 E ArmVmp : Match on catch block at 0xc3 in for 0xa1
01-22 21:38:34.499 20758 20758 E ArmVmp : Match on catch block at 0xc3 in for 0xa9
01-22 21:38:34.501 20758 20758 E ArmVmp : Match on catch block at 0xc3 in for 0xa1
01-22 21:38:34.516 20758 20758 E ArmVmp : Match on catch block at 0xc3 in for 0xa9
01-22 21:38:34.519 20758 20758 E ArmVmp : Match on catch block at 0xc3 in for 0xa1
01-22 21:38:34.736 20758 20758 E ArmVmp : Match on catch block at 0xc3 in for 0xa1
01-22 21:38:34.738 20758 20758 E ArmVmp : Match on catch block at 0xc3 in for 0xa5
01-22 21:38:34.744 20758 27651 W MediaPlayer: Use of stream types is deprecated for
operations other than volume control
01-22 21:38:34.744 20758 27651 W MediaPlayer: See the documentation of
setAudioStreamType() for what to use instead with android.media.AudioAttributes to
qualify your playback use case
01-22 21:38:34.750 20758 20758 E ArmVmp : Match on catch block at 0xc3 in for 0xa1
01-22 21:38:34.754 20758 20758 E ArmVmp : Match on catch block at 0xc3 in for 0xa5
01-22 21:38:34.816 20758 20758 E ArmVmp : Match on catch block at 0xc3 in for 0xa1
01-22 21:38:34.819 20758 20758 E ArmVmp : Match on catch block at 0xc3 in for 0xa5
01-22 21:38:35.082 20758 20758 E ArmVmp : Match on catch block at 0xc3 in for 0xa1
01-22 21:38:35.086 20758 20758 E ArmVmp : Match on catch block at 0xc3 in for 0xa5
01-22 21:38:35.118 20758 20758 E ArmVmp : Match on catch block at 0xc3 in for 0xa5
01-22 21:38:35.120 20758 20758 E ArmVmp : Match on catch block at 0xc3 in for 0xa9
01-22 21:38:35.132 20758 20758 E ArmVmp : Match on catch block at 0xc3 in for 0xa5
01-22 21:38:35.134 20758 20758 E ArmVmp : Match on catch block at 0xc3 in for 0xa9
01-22 21:38:35.160 20758 20758 E ArmVmp : Match on catch block at 0xc3 in for 0xa5
01-22 21:38:35.162 20758 20758 E ArmVmp : Match on catch block at 0xc3 in for 0xa9
01-22 21:38:35.169 20758 20758 E ArmVmp : Match on catch block at 0xc3 in for 0xa5
01-22 21:38:35.171 20758 20758 E ArmVmp : Match on catch block at 0xc3 in for 0xa9
01-22 21:38:35.183 20758 20758 E ArmVmp : Match on catch block at 0xc3 in for 0xa5
01-22 21:38:35.185 20758 20758 E ArmVmp : Match on catch block at 0xc3 in for 0xa9
01-22 21:38:35.199 20758 20758 E ArmVmp : Match on catch block at 0xc3 in for 0xa5
01-22 21:38:35.201 20758 20758 E ArmVmp : Match on catch block at 0xc3 in for 0xa9
01-22 21:38:35.216 20758 20758 E ArmVmp : Match on catch block at 0xc3 in for 0xa5
01-22 21:38:35.218 20758 20758 E ArmVmp : Match on catch block at 0xc3 in for 0xa9
01-22 21:38:35.232 20758 20758 E ArmVmp : Match on catch block at 0xc3 in for 0xa5
01-22 21:38:35.235 20758 20758 E ArmVmp : Match on catch block at 0xc3 in for 0xa9
01-22 21:38:35.249 20758 20758 E ArmVmp : Match on catch block at 0xc3 in for 0xa5
01-22 21:38:35.251 20758 20758 E ArmVmp : Match on catch block at 0xc3 in for 0xa9
01-22 21:38:35.266 20758 20758 E ArmVmp : Match on catch block at 0xc3 in for 0xa5
01-22 21:38:35.268 20758 20758 E ArmVmp : Match on catch block at 0xc3 in for 0xa9
01-22 21:38:35.282 20758 20758 E ArmVmp : Match on catch block at 0xc3 in for 0xa5
01-22 21:38:35.285 20758 20758 E ArmVmp : Match on catch block at 0xc3 in for 0xa9
01-22 21:38:35.299 20758 20758 E ArmVmp : Match on catch block at 0xc3 in for 0xa5
01-22 21:38:35.301 20758 20758 E ArmVmp : Match on catch block at 0xc3 in for 0xa9
01-22 21:38:35.316 20758 20758 E ArmVmp : Match on catch block at 0xc3 in for 0xa5
01-22 21:38:35.318 20758 20758 E ArmVmp : Match on catch block at 0xc3 in for 0xa9
01-22 21:38:35.332 20758 20758 E ArmVmp : Match on catch block at 0xc3 in for 0xa5
01-22 21:38:35.335 20758 20758 E ArmVmp : Match on catch block at 0xc3 in for 0xa9
01-22 21:38:35.349 20758 20758 E ArmVmp : Match on catch block at 0xc3 in for 0xa5
01-22 21:38:35.351 20758 20758 E ArmVmp : Match on catch block at 0xc3 in for 0xa9
01-22 21:38:35.366 20758 20758 E ArmVmp : Match on catch block at 0xc3 in for 0xa5
01-22 21:38:35.369 20758 20758 E ArmVmp : Match on catch block at 0xc3 in for 0xa9
01-22 21:38:35.382 20758 20758 E ArmVmp : Match on catch block at 0xc3 in for 0xa5
01-22 21:38:35.385 20758 20758 E ArmVmp : Match on catch block at 0xc3 in for 0xa9
01-22 21:38:35.399 20758 20758 E ArmVmp : Match on catch block at 0xc3 in for 0xa1
01-22 21:38:35.402 20758 20758 E ArmVmp : Match on catch block at 0xc3 in for 0xa5
01-22 21:38:35.416 20758 20758 E ArmVmp : Match on catch block at 0xc3 in for 0xa1
01-22 21:38:35.418 20758 20758 E ArmVmp : Match on catch block at 0xc3 in for 0xa5
01-22 21:38:35.432 20758 20758 E ArmVmp : Match on catch block at 0xc3 in for 0xa1
01-22 21:38:35.435 20758 20758 E ArmVmp : Match on catch block at 0xc3 in for 0xa5
01-22 21:38:35.449 20758 20758 E ArmVmp : Match on catch block at 0xc3 in for 0xa1
01-22 21:38:35.451 20758 20758 E ArmVmp : Match on catch block at 0xc3 in for 0xa5
01-22 21:38:35.466 20758 20758 E ArmVmp : Match on catch block at 0xc3 in for 0xa1
01-22 21:38:35.468 20758 20758 E ArmVmp : Match on catch block at 0xc3 in for 0xa5
01-22 21:38:35.483 20758 20758 E ArmVmp : Match on catch block at 0xc3 in for 0xa1
01-22 21:38:35.485 20758 20758 E ArmVmp : Match on catch block at 0xc3 in for 0xa5
01-22 21:38:35.499 20758 20758 E ArmVmp : Match on catch block at 0xc3 in for 0xa1
01-22 21:38:35.503 20758 20758 E ArmVmp : Match on catch block at 0xc3 in for 0xa5
01-22 21:38:35.516 20758 20758 E ArmVmp : Match on catch block at 0xc3 in for 0xa1
01-22 21:38:35.518 20758 20758 E ArmVmp : Match on catch block at 0xc3 in for 0xa5
01-22 21:38:35.533 20758 20758 E ArmVmp : Match on catch block at 0xc3 in for 0xa1
01-22 21:38:35.535 20758 20758 E ArmVmp : Match on catch block at 0xc3 in for 0xa5
01-22 21:38:35.979 20758 20758 E WindowManager: android.view.WindowLeaked: Activity
com.mbwhatsapp.HomeActivity has leaked window DecorView@4c91e2d[HomeActivity] that
was originally added here
01-22 21:38:35.979 20758 20758 E WindowManager: at
android.view.ViewRootImpl.<init>(ViewRootImpl.java:765)
01-22 21:38:35.979 20758 20758 E WindowManager: at
android.view.ViewRootImpl.<init>(ViewRootImpl.java:749)
01-22 21:38:35.979 20758 20758 E WindowManager: at
android.view.SprdViewRootImpl.<init>(SprdViewRootImpl.java:47)
01-22 21:38:35.979 20758 20758 E WindowManager: at
android.view.WindowManagerGlobal.addView(WindowManagerGlobal.java:407)
01-22 21:38:35.979 20758 20758 E WindowManager: at
android.view.WindowManagerImpl.addView(WindowManagerImpl.java:109)
01-22 21:38:35.979 20758 20758 E WindowManager: at
android.app.Dialog.show(Dialog.java:340)
01-22 21:38:35.979 20758 20758 E WindowManager: at
mbmodsd.mbmodsw.update.MBUpdate.show(Native Method)
01-22 21:38:35.979 20758 20758 E WindowManager: at
mbmodsd.mbmodsw.home.HomeActivity$2.onResponse(Native Method)
01-22 21:38:35.979 20758 20758 E WindowManager: at
mbmodsd.mbmodsw.update.RequestNetworkController$3$2.run(Native Method)
01-22 21:38:35.979 20758 20758 E WindowManager: at
android.os.Handler.handleCallback(Handler.java:938)
01-22 21:38:35.979 20758 20758 E WindowManager: at
android.os.Handler.dispatchMessage(Handler.java:99)
01-22 21:38:35.979 20758 20758 E WindowManager: at
android.os.Looper.loop(Looper.java:223)
01-22 21:38:35.979 20758 20758 E WindowManager: at
android.app.ActivityThread.main(ActivityThread.java:7977)
01-22 21:38:35.979 20758 20758 E WindowManager: at
java.lang.reflect.Method.invoke(Native Method)
01-22 21:38:35.979 20758 20758 E WindowManager: at
com.android.internal.os.RuntimeInit$MethodAndArgsCaller.run(RuntimeInit.java:603)
01-22 21:38:35.979 20758 20758 E WindowManager: at
com.android.internal.os.ZygoteInit.main(ZygoteInit.java:948)
01-22 21:38:36.465 20758 20758 E ArmVmp : Match on catch block at 0xc3 in for 0xa9
01-22 21:38:36.469 20758 20758 E ArmVmp : Match on catch block at 0xc3 in for 0xa1
01-22 21:38:36.521 20758 20758 W IInputConnectionWrapper: requestCursorAnchorInfo
on inactive InputConnection
01-22 21:38:36.978 27586 27586 W System.err: java.lang.ClassNotFoundException:
mbmodsd.mbmodsw.ui.views.btn.BtnBK
01-22 21:38:36.978 27586 27586 W System.err: at
java.lang.Runtime.nativeLoad(Native Method)
01-22 21:38:36.978 27586 27586 W System.err: at
java.lang.Runtime.nativeLoad(Runtime.java:1131)
01-22 21:38:36.978 27586 27586 W System.err: at
java.lang.Runtime.loadLibrary0(Runtime.java:1085)
01-22 21:38:36.978 27586 27586 W System.err: at
java.lang.Runtime.loadLibrary0(Runtime.java:1008)
01-22 21:38:36.978 27586 27586 W System.err: at
java.lang.System.loadLibrary(System.java:1664)
01-22 21:38:36.978 27586 27586 W System.err: at arm.EpicVm.<clinit>(Unknown
Source:2)
01-22 21:38:36.978 27586 27586 W System.err: at
java.lang.Class.newInstance(Native Method)
01-22 21:38:36.978 27586 27586 W System.err: at
android.app.AppComponentFactory.instantiateApplication(AppComponentFactory.java:76)
01-22 21:38:36.978 27586 27586 W System.err: at
androidx.core.app.CoreComponentFactory.instantiateApplication(Unknown Source:0)
01-22 21:38:36.978 27586 27586 W System.err: at
android.app.Instrumentation.newApplication(Instrumentation.java:1158)
01-22 21:38:36.978 27586 27586 W System.err: at
android.app.LoadedApk.makeApplication(LoadedApk.java:1268)
01-22 21:38:36.978 27586 27586 W System.err: at
android.app.ActivityThread.handleBindApplication(ActivityThread.java:6911)
01-22 21:38:36.978 27586 27586 W System.err: at
android.app.ActivityThread.access$1300(ActivityThread.java:260)
01-22 21:38:36.978 27586 27586 W System.err: at
android.app.ActivityThread$H.handleMessage(ActivityThread.java:1955)
01-22 21:38:36.978 27586 27586 W System.err: at
android.os.Handler.dispatchMessage(Handler.java:106)
01-22 21:38:36.978 27586 27586 W System.err: at
android.os.Looper.loop(Looper.java:223)
01-22 21:38:36.978 27586 27586 W System.err: at
android.app.ActivityThread.main(ActivityThread.java:7977)
01-22 21:38:36.978 27586 27586 W System.err: at
java.lang.reflect.Method.invoke(Native Method)
01-22 21:38:36.978 27586 27586 W System.err: at
com.android.internal.os.RuntimeInit$MethodAndArgsCaller.run(RuntimeInit.java:603)
01-22 21:38:36.978 27586 27586 W System.err: at
com.android.internal.os.ZygoteInit.main(ZygoteInit.java:948)
01-22 21:38:37.026 27586 27586 E CustomActivityOnCrash: IMPORTANT WARNING! You
already have an UncaughtExceptionHandler, are you sure this is correct? If you use
a custom UncaughtExceptionHandler, you must initialize it AFTER
CustomActivityOnCrash! Installing anyway, but your original handler will not be
called.
01-22 21:38:37.218 27586 27586 W com.mbwhatsapp: Accessing hidden method
Lcom/android/org/conscrypt/OpenSSLSocketImpl;->setUseSessionTickets(Z)V (greylist-
max-q,test-api, reflection, denied)
01-22 21:38:37.218 27586 27586 W com.mbwhatsapp: Accessing hidden method
Lcom/android/org/conscrypt/AbstractConscryptSocket;->setUseSessionTickets(Z)V
(greylist-max-q, reflection, denied)
01-22 21:38:37.250 27586 27586 W linker : Warning:
"/data/data/com.mbwhatsapp/files/decompressed/libs.spk.zst/libc++_shared.so" unused
DT entry: unknown processor-specific (type 0x70000001 arg 0x0) (ignoring)
01-22 21:38:37.247 27586 27586 W com.mbwhatsapp: type=1400 audit(0.0:1869322): avc:
granted { execute } for
path="/data/data/com.mbwhatsapp/files/decompressed/libs.spk.zst/libc++_shared.so"
dev="dm-11" ino=209229 scontext=u:r:untrusted_app:s0:c60,c257,c512,c768
tcontext=u:object_r:app_data_file:s0:c60,c257,c512,c768 tclass=file
app=com.mbwhatsapp
01-22 21:38:37.247 27586 27586 W com.mbwhatsapp: type=1400 audit(0.0:1869323): avc:
granted { execute } for
path="/data/data/com.mbwhatsapp/files/decompressed/libs.spk.zst/libvlc.so" dev="dm-
11" ino=36487 scontext=u:r:untrusted_app:s0:c60,c257,c512,c768
tcontext=u:object_r:app_data_file:s0:c60,c257,c512,c768 tclass=file
app=com.mbwhatsapp
01-22 21:38:37.251 27586 27586 W com.mbwhatsapp: type=1400 audit(0.0:1869324): avc:
granted { execute } for
path="/data/data/com.mbwhatsapp/files/decompressed/libs.spk.zst/libwhatsapp.so"
dev="dm-11" ino=36776 scontext=u:r:untrusted_app:s0:c60,c257,c512,c768
tcontext=u:object_r:app_data_file:s0:c60,c257,c512,c768 tclass=file
app=com.mbwhatsapp
01-22 21:38:37.267 27586 27586 W com.mbwhatsapp: type=1400 audit(0.0:1869325): avc:
granted { execute } for
path="/data/data/com.mbwhatsapp/files/decompressed/libs.spk.zst/libcurve25519.so"
dev="dm-11" ino=208881 scontext=u:r:untrusted_app:s0:c60,c257,c512,c768
tcontext=u:object_r:app_data_file:s0:c60,c257,c512,c768 tclass=file
app=com.mbwhatsapp
01-22 21:38:37.271 27586 27586 W com.mbwhatsapp: type=1400 audit(0.0:1869326): avc:
granted { execute } for
path="/data/data/com.mbwhatsapp/files/decompressed/libs.spk.zst/libwhatsapp.so"
dev="dm-11" ino=36776 scontext=u:r:untrusted_app:s0:c60,c257,c512,c768
tcontext=u:object_r:app_data_file:s0:c60,c257,c512,c768 tclass=file
app=com.mbwhatsapp
01-22 21:38:37.345 27586 27586 W CheckTime: App running slow: Executing
handleBindApplication : callApplicationOnCreate took 296ms
01-22 21:38:37.368 27586 27586 W com.mbwhatsapp: Class X.0eU failed lock
verification and will run slower.
01-22 21:38:37.368 27586 27586 W com.mbwhatsapp: Common causes for lock
verification issues are non-optimized dex code
01-22 21:38:37.368 27586 27586 W com.mbwhatsapp: and incorrect proguard
optimizations.
01-22 21:38:37.390 27586 29871 W com.mbwhatsapp: Class X.2rL failed lock
verification and will run slower.
01-22 21:38:37.551 29887 29887 E com.mbwhatsapp: Not starting debugger since
process cannot load the jdwp agent.
01-22 21:38:37.594 27586 27586 W com.mbwhatsapp: Class com.mbwhatsapp.HomeActivity
failed lock verification and will run slower.
01-22 21:38:37.866 27586 27586 E ArmVmp : Match on catch block at 0x0a in for 0xc9
01-22 21:38:37.884 27586 27586 E ArmVmp : Match on catch block at 0x0a in for
0x139
01-22 21:38:37.928 27586 29939 W com.mbwhatsapp: Accessing hidden method
Lcom/android/org/conscrypt/ConscryptEngineSocket;->setUseSessionTickets(Z)V
(greylist-max-q,test-api, reflection, denied)
01-22 21:38:37.928 27586 29939 W com.mbwhatsapp: Accessing hidden method
Lcom/android/org/conscrypt/OpenSSLSocketImpl;->setUseSessionTickets(Z)V (greylist-
max-q,test-api, reflection, denied)
01-22 21:38:37.928 27586 29939 W com.mbwhatsapp: Accessing hidden method
Lcom/android/org/conscrypt/AbstractConscryptSocket;->setUseSessionTickets(Z)V
(greylist-max-q, reflection, denied)
01-22 21:38:37.928 27586 29939 W com.mbwhatsapp: Accessing hidden method
Lcom/android/org/conscrypt/ConscryptEngineSocket;->setHostname(Ljava/lang/String;)V
(greylist-max-q,test-api, reflection, denied)
01-22 21:38:37.928 27586 29939 W com.mbwhatsapp: Accessing hidden method
Lcom/android/org/conscrypt/OpenSSLSocketImpl;->setHostname(Ljava/lang/String;)V
(greylist-max-q,test-api, reflection, denied)
01-22 21:38:37.928 27586 29939 W com.mbwhatsapp: Accessing hidden method
Lcom/android/org/conscrypt/AbstractConscryptSocket;->setHostname(Ljava/lang/
String;)V (greylist-max-q, reflection, denied)
01-22 21:38:37.928 27586 29939 W com.mbwhatsapp: Accessing hidden method
Lcom/android/org/conscrypt/OpenSSLSocketImpl;->setAlpnProtocols([B)V (greylist-max-
q,test-api, reflection, denied)
01-22 21:38:37.928 27586 29939 W com.mbwhatsapp: Accessing hidden method
Lcom/android/org/conscrypt/AbstractConscryptSocket;->setAlpnProtocols([B)V
(greylist-max-q, reflection, denied)
01-22 21:38:38.078 27586 29939 W com.mbwhatsapp: Accessing hidden method
Lcom/android/org/conscrypt/OpenSSLSocketImpl;->getAlpnSelectedProtocol()[B
(greylist-max-q,test-api, reflection, denied)
01-22 21:38:38.078 27586 29939 W com.mbwhatsapp: Accessing hidden method
Lcom/android/org/conscrypt/AbstractConscryptSocket;->getAlpnSelectedProtocol()[B
(greylist-max-q, reflection, denied)
01-22 21:38:38.097 11665 11710 E OpenGLRenderer: error : EGL_BAD_DISPLAY, because
eglTerminate has been called.
01-22 21:38:38.270 27586 29902 E libc : Access denied finding property
"vendor.mali.config"
01-22 21:38:39.025 27586 27586 E RecyclerView: No adapter attached; skipping layout
01-22 21:38:39.054 27586 29902 E libc : Access denied finding property
"persist.vendor.sf.fbc"
01-22 21:38:39.054 27586 29902 E libc : Access denied finding property
"persist.vendor.gpu.fbc"
01-22 21:38:39.054 27586 29902 E libc : Access denied finding property
"persist.vendor.vsp.fbc"
