java:1068)
03-14 17:06:21.145 9593 10712 E SQLiteDatabase: at
android.database.sqlite.SQLiteConnection.prepare(SQLiteConnection.java:673)
03-14 17:06:21.145 9593 10712 E SQLiteDatabase: at
android.database.sqlite.SQLiteSession.prepare(SQLiteSession.java:590)
03-14 17:06:21.145 9593 10712 E SQLiteDatabase: at
android.database.sqlite.SQLiteProgram.<init>(SQLiteProgram.java:62)
03-14 17:06:21.145 9593 10712 E SQLiteDatabase: at
android.database.sqlite.SQLiteStatement.<init>(SQLiteStatement.java:34)
03-14 17:06:21.145 9593 10712 E SQLiteDatabase: at
android.database.sqlite.SQLiteDatabase.insertWithOnConflict(SQLiteDatabase.java:186
6)
03-14 17:06:21.145 9593 10712 E SQLiteDatabase: at
android.database.sqlite.SQLiteDatabase.insert(SQLiteDatabase.java:1737)
03-14 17:06:21.145 9593 10712 E SQLiteDatabase: at X.2tm.A08(Unknown
Source:6)
03-14 17:06:21.145 9593 10712 E SQLiteDatabase: at
com.mbwhatsapp.jobqueue.job.messagejob.AsyncMessageJob.A06(Unknown Source:355)
03-14 17:06:21.145 9593 10712 E SQLiteDatabase: at X.3e7.run(Unknown
Source:1006)
03-14 17:06:21.145 9593 10712 E SQLiteDatabase: at
java.util.concurrent.ThreadPoolExecutor.runWorker(ThreadPoolExecutor.java:1145)
03-14 17:06:21.145 9593 10712 E SQLiteDatabase: at
java.util.concurrent.ThreadPoolExecutor$Worker.run(ThreadPoolExecutor.java:644)
03-14 17:06:21.145 9593 10712 E SQLiteDatabase: at X.3e7.run(Unknown
Source:1130)
03-14 17:06:21.145 9593 10712 E SQLiteDatabase: at
java.lang.Thread.run(Thread.java:1012)
03-14 17:06:22.151 9593 10712 W SQLiteLog: (28) double-quoted string literal: ""
03-14 17:06:22.984 9593 9657 E gralloc4: Empty SMPTE 2094-40 data
03-14 17:06:22.985 9593 9657 W Parcel : Expecting binder but got null!
03-14 17:06:22.993 9593 9657 E gralloc4: Empty SMPTE 2094-40 data
03-14 17:06:23.003 9593 9657 E gralloc4: Empty SMPTE 2094-40 data
03-14 17:06:23.015 9593 9657 E gralloc4: Empty SMPTE 2094-40 data
03-14 17:06:23.030 9593 9657 E gralloc4: Empty SMPTE 2094-40 data
03-14 17:06:23.046 9593 9657 E gralloc4: Empty SMPTE 2094-40 data
03-14 17:06:23.061 9593 9657 E gralloc4: Empty SMPTE 2094-40 data
03-14 17:06:23.080 9593 9657 E gralloc4: Empty SMPTE 2094-40 data
03-14 17:06:23.096 9593 9657 E gralloc4: Empty SMPTE 2094-40 data
03-14 17:06:23.112 9593 9657 E gralloc4: Empty SMPTE 2094-40 data
03-14 17:06:23.130 9593 9657 E gralloc4: Empty SMPTE 2094-40 data
03-14 17:06:23.146 9593 9657 E gralloc4: Empty SMPTE 2094-40 data
03-14 17:06:23.164 9593 9657 E gralloc4: Empty SMPTE 2094-40 data
03-14 17:06:23.180 9593 9657 E gralloc4: Empty SMPTE 2094-40 data
03-14 17:06:23.195 9593 9657 E gralloc4: Empty SMPTE 2094-40 data
03-14 17:06:23.213 9593 9657 E gralloc4: Empty SMPTE 2094-40 data
03-14 17:06:23.229 9593 9657 E gralloc4: Empty SMPTE 2094-40 data
03-14 17:06:23.242 9593 9657 E gralloc4: Empty SMPTE 2094-40 data
03-14 17:06:23.259 9593 9657 E gralloc4: Empty SMPTE 2094-40 data
03-14 17:06:23.275 9593 9657 E gralloc4: Empty SMPTE 2094-40 data
03-14 17:06:23.292 9593 9657 E gralloc4: Empty SMPTE 2094-40 data
03-14 17:06:23.309 9593 9657 E gralloc4: Empty SMPTE 2094-40 data
03-14 17:06:23.325 9593 9657 E gralloc4: Empty SMPTE 2094-40 data
03-14 17:06:23.345 9593 9657 E gralloc4: Empty SMPTE 2094-40 data
03-14 17:06:23.362 9593 9657 E gralloc4: Empty SMPTE 2094-40 data
03-14 17:06:23.378 9593 9657 E gralloc4: Empty SMPTE 2094-40 data
03-14 17:06:23.396 9593 9657 E gralloc4: Empty SMPTE 2094-40 data
03-14 17:06:23.412 9593 9657 E gralloc4: Empty SMPTE 2094-40 data
03-14 17:06:23.428 9593 9657 E gralloc4: Empty SMPTE 2094-40 data
03-14 17:06:23.445 9593 9657 E gralloc4: Empty SMPTE 2094-40 data
03-14 17:06:23.462 9593 9657 E gralloc4: Empty SMPTE 2094-40 data
03-14 17:06:23.479 9593 9657 E gralloc4: Empty SMPTE 2094-40 data
03-14 17:06:23.496 9593 9657 E gralloc4: Empty SMPTE 2094-40 data
03-14 17:06:23.678 9593 9657 E gralloc4: Empty SMPTE 2094-40 data
03-14 17:06:23.697 9593 9657 E gralloc4: Empty SMPTE 2094-40 data
03-14 17:06:23.708 9593 9657 E gralloc4: Empty SMPTE 2094-40 data
03-14 17:06:23.721 9593 9657 E gralloc4: Empty SMPTE 2094-40 data
03-14 17:06:23.732 9593 9657 E gralloc4: Empty SMPTE 2094-40 data
03-14 17:06:23.749 9593 9657 E gralloc4: Empty SMPTE 2094-40 data
03-14 17:06:23.765 9593 9657 E gralloc4: Empty SMPTE 2094-40 data
03-14 17:06:23.782 9593 9657 E gralloc4: Empty SMPTE 2094-40 data
03-14 17:06:23.803 9593 9657 E gralloc4: Empty SMPTE 2094-40 data
03-14 17:06:23.817 9593 9657 E gralloc4: Empty SMPTE 2094-40 data
03-14 17:06:23.830 9593 9657 E gralloc4: Empty SMPTE 2094-40 data
03-14 17:06:23.840 9593 9657 E gralloc4: Empty SMPTE 2094-40 data
03-14 17:06:23.840 9593 9657 W Parcel : Expecting binder but got null!
03-14 17:06:23.859 9593 9657 E gralloc4: Empty SMPTE 2094-40 data
03-14 17:06:23.875 9593 9657 E gralloc4: Empty SMPTE 2094-40 data
03-14 17:06:23.878 9593 9657 E gralloc4: Empty SMPTE 2094-40 data
03-14 17:06:23.899 9593 9657 E gralloc4: Empty SMPTE 2094-40 data
03-14 17:06:23.910 9593 9593 W OnBackInvokedCallback: OnBackInvokedCallback is
not enabled for the application.
03-14 17:06:23.910 9593 9593 W OnBackInvokedCallback: Set
'android:enableOnBackInvokedCallback="true"' in the application manifest.
03-14 17:06:23.914 9593 9657 E gralloc4: Empty SMPTE 2094-40 data
03-14 17:06:23.938 9593 9657 E gralloc4: Empty SMPTE 2094-40 data
03-14 17:06:23.955 9593 9657 E gralloc4: Empty SMPTE 2094-40 data
03-14 17:06:23.979 9593 9657 E gralloc4: Empty SMPTE 2094-40 data
03-14 17:06:23.994 9593 9657 E gralloc4: Empty SMPTE 2094-40 data
03-14 17:06:24.023 9593 9593 E ArmVmp : Match on catch block at 0xc3 in for
0x766bd9a025
03-14 17:06:24.028 9593 9593 E ArmVmp : Match on catch block at 0xc3 in for
0x766bd9a025
03-14 17:06:24.052 9593 9657 E gralloc4: Empty SMPTE 2094-40 data
03-14 17:06:24.054 9593 9593 E FileUtils: err write to mi_exception_log
03-14 17:06:24.059 9593 9657 E gralloc4: Empty SMPTE 2094-40 data
03-14 17:06:24.069 9593 9657 E gralloc4: Empty SMPTE 2094-40 data
03-14 17:06:24.081 9593 9657 E gralloc4: Empty SMPTE 2094-40 data
03-14 17:06:24.098 9593 9593 E ArmVmp : Match on catch block at 0xc3 in for
0x766bd9a025
03-14 17:06:24.103 9593 9593 E ArmVmp : Match on catch block at 0xc3 in for
0x766bd9a025
03-14 17:06:24.121 9593 9593 E FileUtils: err write to mi_exception_log
03-14 17:06:24.127 9593 9657 E gralloc4: Empty SMPTE 2094-40 data
03-14 17:06:24.132 9593 9593 E ArmVmp : Match on catch block at 0xc3 in for
0x766bd9a025
03-14 17:06:24.136 9593 9593 E ArmVmp : Match on catch block at 0xc3 in for
0x766bd9a025
03-14 17:06:24.159 9593 9657 E gralloc4: Empty SMPTE 2094-40 data
03-14 17:06:24.171 9593 9657 E gralloc4: Empty SMPTE 2094-40 data
03-14 17:06:24.298 9593 9657 E gralloc4: Empty SMPTE 2094-40 data
03-14 17:06:24.626 9593 9657 E gralloc4: Empty SMPTE 2094-40 data
03-14 17:06:25.129 9593 9657 E gralloc4: Empty SMPTE 2094-40 data
03-14 17:06:25.244 9593 9593 E ArmVmp : Match on catch block at 0xc3 in for
0x766bd9a025
03-14 17:06:25.247 9593 9593 E ArmVmp : Match on catch block at 0xc3 in for
0x766bd9a025
03-14 17:06:25.262 9593 9657 E gralloc4: Empty SMPTE 2094-40 data
03-14 17:06:25.273 9593 9593 E ArmVmp : Match on catch block at 0xc3 in for
0x766bd9a025
03-14 17:06:25.278 9593 9657 E gralloc4: Empty SMPTE 2094-40 data
03-14 17:06:25.279 9593 9593 E ArmVmp : Match on catch block at 0xc3 in for
0x766bd9a025
03-14 17:06:25.308 9593 9657 E gralloc4: Empty SMPTE 2094-40 data
03-14 17:06:25.315 9593 9657 E gralloc4: Empty SMPTE 2094-40 data
03-14 17:06:25.622 9593 9657 E gralloc4: Empty SMPTE 2094-40 data
03-14 17:06:25.937 9593 9657 E gralloc4: Empty SMPTE 2094-40 data
03-14 17:06:25.938 9593 9657 W Parcel : Expecting binder but got null!
03-14 17:06:25.941 9593 9657 E gralloc4: Empty SMPTE 2094-40 data
03-14 17:06:25.952 9593 9657 E gralloc4: Empty SMPTE 2094-40 data
03-14 17:06:25.966 9593 9657 E gralloc4: Empty SMPTE 2094-40 data
03-14 17:06:25.982 9593 9657 E gralloc4: Empty SMPTE 2094-40 data
03-14 17:06:25.999 9593 9657 E gralloc4: Empty SMPTE 2094-40 data
03-14 17:06:26.015 9593 9657 E gralloc4: Empty SMPTE 2094-40 data
03-14 17:06:26.032 9593 9657 E gralloc4: Empty SMPTE 2094-40 data
03-14 17:06:26.048 9593 9657 E gralloc4: Empty SMPTE 2094-40 data
03-14 17:06:26.065 9593 9657 E gralloc4: Empty SMPTE 2094-40 data
03-14 17:06:26.081 9593 9657 E gralloc4: Empty SMPTE 2094-40 data
03-14 17:06:26.102 9593 9657 E gralloc4: Empty SMPTE 2094-40 data
03-14 17:06:26.117 9593 9657 E gralloc4: Empty SMPTE 2094-40 data
03-14 17:06:26.134 9593 9657 E gralloc4: Empty SMPTE 2094-40 data
03-14 17:06:26.152 9593 9657 E gralloc4: Empty SMPTE 2094-40 data
03-14 17:06:26.155 9593 9657 E gralloc4: Empty SMPTE 2094-40 data
03-14 17:06:26.165 9593 9657 E gralloc4: Empty SMPTE 2094-40 data
03-14 17:06:26.184 9593 9657 E gralloc4: Empty SMPTE 2094-40 data
03-14 17:06:26.201 9593 9657 E gralloc4: Empty SMPTE 2094-40 data
03-14 17:06:26.218 9593 9657 E gralloc4: Empty SMPTE 2094-40 data
03-14 17:06:26.235 9593 9657 E gralloc4: Empty SMPTE 2094-40 data
03-14 17:06:26.250 9593 9657 E gralloc4: Empty SMPTE 2094-40 data
03-14 17:06:26.266 9593 9657 E gralloc4: Empty SMPTE 2094-40 data
03-14 17:06:26.283 9593 9657 E gralloc4: Empty SMPTE 2094-40 data
03-14 17:06:26.300 9593 9657 E gralloc4: Empty SMPTE 2094-40 data
03-14 17:06:26.317 9593 9657 E gralloc4: Empty SMPTE 2094-40 data
03-14 17:06:26.333 9593 9657 E gralloc4: Empty SMPTE 2094-40 data
03-14 17:06:26.350 9593 9657 E gralloc4: Empty SMPTE 2094-40 data
03-14 17:06:26.368 9593 9657 E gralloc4: Empty SMPTE 2094-40 data
03-14 17:06:26.383 9593 9657 E gralloc4: Empty SMPTE 2094-40 data
03-14 17:06:26.400 9593 9657 E gralloc4: Empty SMPTE 2094-40 data
03-14 17:06:26.417 9593 9657 E gralloc4: Empty SMPTE 2094-40 data
03-14 17:06:26.433 9593 9657 E gralloc4: Empty SMPTE 2094-40 data
03-14 17:06:26.449 9593 9657 E gralloc4: Empty SMPTE 2094-40 data
03-14 17:06:26.467 9593 9657 E gralloc4: Empty SMPTE 2094-40 data
03-14 17:06:26.626 9593 9657 E gralloc4: Empty SMPTE 2094-40 data
03-14 17:06:26.643 9593 9657 E gralloc4: Empty SMPTE 2094-40 data
03-14 17:06:26.656 9593 9657 E gralloc4: Empty SMPTE 2094-40 data
03-14 17:06:26.669 9593 9657 E gralloc4: Empty SMPTE 2094-40 data
03-14 17:06:26.682 9593 9657 E gralloc4: Empty SMPTE 2094-40 data
03-14 17:06:26.693 9593 9657 E gralloc4: Empty SMPTE 2094-40 data
03-14 17:06:26.708 9593 9657 E gralloc4: Empty SMPTE 2094-40 data
03-14 17:06:26.728 9593 9657 E gralloc4: Empty SMPTE 2094-40 data
03-14 17:06:26.745 9593 9657 E gralloc4: Empty SMPTE 2094-40 data
03-14 17:06:26.760 9593 9657 E gralloc4: Empty SMPTE 2094-40 data
03-14 17:06:26.777 9593 9657 E gralloc4: Empty SMPTE 2094-40 data
03-14 17:06:26.791 9593 9657 E gralloc4: Empty SMPTE 2094-40 data
03-14 17:06:26.810 9593 9657 E gralloc4: Empty SMPTE 2094-40 data
03-14 17:06:26.829 9593 9657 E gralloc4: Empty SMPTE 2094-40 data
03-14 17:06:26.845 9593 9657 E gralloc4: Empty SMPTE 2094-40 data
03-14 17:06:26.859 9593 9593 E ArmVmp : Match on catch block at 0xc3 in for
0x766bd9a025
03-14 17:06:26.861 9593 9657 E gralloc4: Empty SMPTE 2094-40 data
03-14 17:06:26.864 9593 9593 E ArmVmp : Match on catch block at 0xc3 in for
0x766bd9a025
03-14 17:06:26.886 9593 9657 E gralloc4: Empty SMPTE 2094-40 data
03-14 17:06:26.890 9593 9593 E ArmVmp : Match on catch block at 0xc3 in for
0x766bd9a025
03-14 17:06:26.894 9593 9657 E gralloc4: Empty SMPTE 2094-40 data
03-14 17:06:26.895 9593 9593 E ArmVmp : Match on catch block at 0xc3 in for
0x766bd9a025
03-14 17:06:26.917 9593 9657 E gralloc4: Empty SMPTE 2094-40 data
03-14 17:06:26.925 9593 9657 E gralloc4: Empty SMPTE 2094-40 data
03-14 17:06:26.932 9593 9593 E ArmVmp : Match on catch block at 0xc3 in for
0x766bd9a025
03-14 17:06:26.936 9593 9657 E gralloc4: Empty SMPTE 2094-40 data
03-14 17:06:26.939 9593 9593 E ArmVmp : Match on catch block at 0xc3 in for
0x766bd9a025
03-14 17:06:26.960 9593 9657 E gralloc4: Empty SMPTE 2094-40 data
03-14 17:06:26.962 9593 9593 E ArmVmp : Match on catch block at 0xc3 in for
0x766bd9a025
03-14 17:06:26.965 9593 9593 E ArmVmp : Match on catch block at 0xc3 in for
0x766bd9a025
03-14 17:06:26.966 9593 9657 E gralloc4: Empty SMPTE 2094-40 data
03-14 17:06:26.976 9593 9657 E gralloc4: Empty SMPTE 2094-40 data
03-14 17:06:26.979 9593 9657 E gralloc4: Empty SMPTE 2094-40 data
03-14 17:06:26.979 9593 9593 E ArmVmp : Match on catch block at 0xc3 in for
0x766bd9a025
03-14 17:06:26.982 9593 9593 E ArmVmp : Match on catch block at 0xc3 in for
0x766bd9a025
03-14 17:06:26.994 9593 9657 E gralloc4: Empty SMPTE 2094-40 data
03-14 17:06:26.995 9593 9593 E RippleDrawable: The RippleDrawable.STYLE_PATTERNED
animation is not supported for a non-hardware accelerated Canvas. Skipping
animation.
03-14 17:06:26.997 9593 9657 E gralloc4: Empty SMPTE 2094-40 data
03-14 17:06:26.998 9593 9593 E ArmVmp : Match on catch block at 0xc3 in for
0x766bd9a025
03-14 17:06:27.000 9593 9593 E ArmVmp : Match on catch block at 0xc3 in for
0x766bd9a025
03-14 17:06:27.011 9593 9657 E gralloc4: Empty SMPTE 2094-40 data
03-14 17:06:27.012 9593 9593 E RippleDrawable: The RippleDrawable.STYLE_PATTERNED
animation is not supported for a non-hardware accelerated Canvas. Skipping
animation.
03-14 17:06:27.014 9593 9657 E gralloc4: Empty SMPTE 2094-40 data
03-14 17:06:27.014 9593 9593 E ArmVmp : Match on catch block at 0xc3 in for
0x766bd9a025
03-14 17:06:27.017 9593 9593 E ArmVmp : Match on catch block at 0xc3 in for
0x766bd9a025
03-14 17:06:27.028 9593 9657 E gralloc4: Empty SMPTE 2094-40 data
03-14 17:06:27.029 9593 9593 E RippleDrawable: The RippleDrawable.STYLE_PATTERNED
animation is not supported for a non-hardware accelerated Canvas. Skipping
animation.
03-14 17:06:27.032 9593 9657 E gralloc4: Empty SMPTE 2094-40 data
03-14 17:06:27.033 9593 9593 E ArmVmp : Match on catch block at 0xc3 in for
0x766bd9a025
03-14 17:06:27.035 9593 9593 E ArmVmp : Match on catch block at 0xc3 in for
0x766bd9a025
03-14 17:06:27.045 9593 9657 E gralloc4: Empty SMPTE 2094-40 data
03-14 17:06:27.046 9593 9593 E RippleDrawable: The RippleDrawable.STYLE_PATTERNED
animation is not supported for a non-hardware accelerated Canvas. Skipping
animation.
03-14 17:06:27.049 9593 9657 E gralloc4: Empty SMPTE 2094-40 data
03-14 17:06:27.058 9593 9593 E ArmVmp : Match on catch block at 0xc3 in for
0x766bd9a025
03-14 17:06:27.060 9593 9593 E ArmVmp : Match on catch block at 0xc3 in for
0x766bd9a025
03-14 17:06:27.065 9593 9593 E ArmVmp : Match on catch block at 0xc3 in for
0x766bd9a025
03-14 17:06:27.067 9593 9657 E gralloc4: Empty SMPTE 2094-40 data
03-14 17:06:27.067 9593 9593 E ArmVmp : Match on catch block at 0xc3 in for
0x766bd9a025
03-14 17:06:27.072 9593 9657 E gralloc4: Empty SMPTE 2094-40 data
03-14 17:06:27.076 9593 9593 E ArmVmp : Match on catch block at 0xc3 in for
0x766bd9a025
03-14 17:06:27.078 9593 9593 E ArmVmp : Match on catch block at 0xc3 in for
0x766bd9a025
03-14 17:06:27.084 9593 9657 E gralloc4: Empty SMPTE 2094-40 data
03-14 17:06:27.093 9593 9593 E ArmVmp : Match on catch block at 0xc3 in for
0x766bd9a025
03-14 17:06:27.095 9593 9593 E ArmVmp : Match on catch block at 0xc3 in for
0x766bd9a025
03-14 17:06:27.102 9593 9657 E gralloc4: Empty SMPTE 2094-40 data
03-14 17:06:27.110 9593 9593 E ArmVmp : Match on catch block at 0xc3 in for
0x766bd9a025
03-14 17:06:27.114 9593 9593 E ArmVmp : Match on catch block at 0xc3 in for
0x766bd9a025
03-14 17:06:27.121 9593 9657 E gralloc4: Empty SMPTE 2094-40 data
03-14 17:06:27.127 9593 9593 E ArmVmp : Match on catch block at 0xc3 in for
0x766bd9a025
03-14 17:06:27.130 9593 9593 E ArmVmp : Match on catch block at 0xc3 in for
0x766bd9a025
03-14 17:06:27.138 9593 9657 E gralloc4: Empty SMPTE 2094-40 data
03-14 17:06:27.144 9593 9593 E ArmVmp : Match on catch block at 0xc3 in for
0x766bd9a025
03-14 17:06:27.147 9593 9593 E ArmVmp : Match on catch block at 0xc3 in for
0x766bd9a025
03-14 17:06:27.154 9593 9657 E gralloc4: Empty SMPTE 2094-40 data
03-14 17:06:27.160 9593 9593 E ArmVmp : Match on catch block at 0xc3 in for
0x766bd9a025
03-14 17:06:27.163 9593 9593 E ArmVmp : Match on catch block at 0xc3 in for
0x766bd9a025
03-14 17:06:27.170 9593 9657 E gralloc4: Empty SMPTE 2094-40 data
03-14 17:06:27.177 9593 9593 E ArmVmp : Match on catch block at 0xc3 in for
0x766bd9a025
03-14 17:06:27.181 9593 9593 E ArmVmp : Match on catch block at 0xc3 in for
0x766bd9a025
03-14 17:06:27.187 9593 9657 E gralloc4: Empty SMPTE 2094-40 data
03-14 17:06:27.194 9593 9593 E ArmVmp : Match on catch block at 0xc3 in for
0x766bd9a025
03-14 17:06:27.197 9593 9593 E ArmVmp : Match on catch block at 0xc3 in for
0x766bd9a025
03-14 17:06:27.204 9593 9657 E gralloc4: Empty SMPTE 2094-40 data
03-14 17:06:27.211 9593 9593 E ArmVmp : Match on catch block at 0xc3 in for
0x766bd9a025
03-14 17:06:27.214 9593 9593 E ArmVmp : Match on catch block at 0xc3 in for
0x766bd9a025
03-14 17:06:27.221 9593 9657 E gralloc4: Empty SMPTE 2094-40 data
03-14 17:06:27.510 9593 9593 E ArmVmp : Match on catch block at 0xc3 in for
0x766bd9a025
03-14 17:06:27.512 9593 9593 E ArmVmp : Match on catch block at 0xc3 in for
0x766bd9a025
03-14 17:06:27.520 9593 9657 E gralloc4: Empty SMPTE 2094-40 data
03-14 17:06:27.527 9593 9593 E ArmVmp : Match on catch block at 0xc3 in for
0x766bd9a025
03-14 17:06:27.529 9593 9593 E ArmVmp : Match on catch block at 0xc3 in for
0x766bd9a025
03-14 17:06:27.533 9593 9657 E gralloc4: Empty SMPTE 2094-40 data
03-14 17:06:27.549 9593 9657 E gralloc4: Empty SMPTE 2094-40 data
03-14 17:06:27.553 9593 9593 E ArmVmp : Match on catch block at 0xc3 in for
0x766bd9a025
03-14 17:06:27.556 9593 9593 E ArmVmp : Match on catch block at 0xc3 in for
0x766bd9a025
03-14 17:06:27.565 9593 9657 E gralloc4: Empty SMPTE 2094-40 data
03-14 17:06:27.573 9593 9593 E ArmVmp : Match on catch block at 0xc3 in for
0x766bd9a025
03-14 17:06:27.575 9593 9593 E ArmVmp : Match on catch block at 0xc3 in for
0x766bd9a025
03-14 17:06:27.580 9593 9657 E gralloc4: Empty SMPTE 2094-40 data
03-14 17:06:27.599 9593 9657 E gralloc4: Empty SMPTE 2094-40 data
03-14 17:06:27.612 9593 9657 E gralloc4: Empty SMPTE 2094-40 data
03-14 17:06:27.616 9593 9593 E ArmVmp : Match on catch block at 0xc3 in for
0x766bd9a025
03-14 17:06:27.618 9593 9593 E ArmVmp : Match on catch block at 0xc3 in for
0x766bd9a025
03-14 17:06:27.626 9593 9657 E gralloc4: Empty SMPTE 2094-40 data
03-14 17:06:27.646 9593 9593 E ArmVmp : Match on catch block at 0xc3 in for
0x766bd9a025
03-14 17:06:27.649 9593 9593 E ArmVmp : Match on catch block at 0xc3 in for
0x766bd9a025
03-14 17:06:27.651 9593 9657 E gralloc4: Empty SMPTE 2094-40 data
03-14 17:06:27.656 9593 9657 E gralloc4: Empty SMPTE 2094-40 data
03-14 17:06:27.666 9593 9657 E gralloc4: Empty SMPTE 2094-40 data
03-14 17:06:27.669 9593 9593 E ArmVmp : Match on catch block at 0xc3 in for
0x766bd9a025
03-14 17:06:27.672 9593 9593 E ArmVmp : Match on catch block at 0xc3 in for
0x766bd9a025
03-14 17:06:27.678 9593 9657 E gralloc4: Empty SMPTE 2094-40 data
03-14 17:06:27.685 9593 9657 E gralloc4: Empty SMPTE 2094-40 data
03-14 17:06:27.688 9593 9593 E ArmVmp : Match on catch block at 0xc3 in for
0x766bd9a025
03-14 17:06:27.690 9593 9593 E ArmVmp : Match on catch block at 0xc3 in for
0x766bd9a025
03-14 17:06:27.693 9593 9657 E gralloc4: Empty SMPTE 2094-40 data
03-14 17:06:27.698 9593 9593 E ArmVmp : Match on catch block at 0xc3 in for
0x766bd9a025
03-14 17:06:27.700 9593 9657 E gralloc4: Empty SMPTE 2094-40 data
03-14 17:06:27.701 9593 9593 E ArmVmp : Match on catch block at 0xc3 in for
0x766bd9a025
03-14 17:06:27.713 9593 9657 E gralloc4: Empty SMPTE 2094-40 data
03-14 17:06:27.720 9593 9657 E gralloc4: Empty SMPTE 2094-40 data
03-14 17:06:27.725 9593 9657 E gralloc4: Empty SMPTE 2094-40 data
03-14 17:06:27.731 9593 9657 E gralloc4: Empty SMPTE 2094-40 data
03-14 17:06:27.734 9593 9657 E gralloc4: Empty SMPTE 2094-40 data
03-14 17:06:27.747 9593 9657 E gralloc4: Empty SMPTE 2094-40 data
03-14 17:06:27.749 9593 9657 E gralloc4: Empty SMPTE 2094-40 data
03-14 17:06:27.763 9593 9657 E gralloc4: Empty SMPTE 2094-40 data
03-14 17:06:27.767 9593 9657 E gralloc4: Empty SMPTE 2094-40 data
03-14 17:06:27.779 9593 9657 E gralloc4: Empty SMPTE 2094-40 data
03-14 17:06:27.796 9593 9657 E gralloc4: Empty SMPTE 2094-40 data
03-14 17:06:27.812 9593 9657 E gralloc4: Empty SMPTE 2094-40 data
03-14 17:06:27.829 9593 9657 E gralloc4: Empty SMPTE 2094-40 data
03-14 17:06:27.845 9593 9657 E gralloc4: Empty SMPTE 2094-40 data
03-14 17:06:27.862 9593 9657 E gralloc4: Empty SMPTE 2094-40 data
03-14 17:06:27.879 9593 9657 E gralloc4: Empty SMPTE 2094-40 data
03-14 17:06:27.896 9593 9657 E gralloc4: Empty SMPTE 2094-40 data
03-14 17:06:27.912 9593 9657 E gralloc4: Empty SMPTE 2094-40 data
03-14 17:06:27.929 9593 9657 E gralloc4: Empty SMPTE 2094-40 data
03-14 17:06:27.948 9593 9657 E gralloc4: Empty SMPTE 2094-40 data
03-14 17:06:27.964 9593 9657 E gralloc4: Empty SMPTE 2094-40 data
03-14 17:06:27.981 9593 9657 E gralloc4: Empty SMPTE 2094-40 data
03-14 17:06:27.992 9593 9593 E ArmVmp : Match on catch block at 0xc3 in for
0x766bd9a025
03-14 17:06:27.998 9593 9657 E gralloc4: Empty SMPTE 2094-40 data
03-14 17:06:27.999 9593 9593 E ArmVmp : Match on catch block at 0xc3 in for
0x766bd9a025
03-14 17:06:28.014 9593 9657 E gralloc4: Empty SMPTE 2094-40 data
03-14 17:06:28.031 9593 9657 E gralloc4: Empty SMPTE 2094-40 data
03-14 17:06:28.048 9593 9657 E gralloc4: Empty SMPTE 2094-40 data
03-14 17:06:28.064 9593 9657 E gralloc4: Empty SMPTE 2094-40 data
03-14 17:06:28.081 9593 9657 E gralloc4: Empty SMPTE 2094-40 data
03-14 17:06:28.098 9593 9657 E gralloc4: Empty SMPTE 2094-40 data
03-14 17:06:28.114 9593 9657 E gralloc4: Empty SMPTE 2094-40 data
03-14 17:06:28.132 9593 9657 E gralloc4: Empty SMPTE 2094-40 data
03-14 17:06:28.149 9593 9657 E gralloc4: Empty SMPTE 2094-40 data
03-14 17:06:28.166 9593 9593 E ArmVmp : Match on catch block at 0xc3 in for
0x766bd9a025
03-14 17:06:28.170 9593 9593 E ArmVmp : Match on catch block at 0xc3 in for
0x766bd9a025
03-14 17:06:28.577 9593 9657 E gralloc4: Empty SMPTE 2094-40 data
03-14 17:06:28.596 9593 9593 E ArmVmp : Match on catch block at 0x0a in for
0x766bd9a05d
03-14 17:06:28.597 9593 9657 E gralloc4: Empty SMPTE 2094-40 data
03-14 17:06:28.608 9593 9657 E gralloc4: Empty SMPTE 2094-40 data
03-14 17:06:28.622 9593 9657 E gralloc4: Empty SMPTE 2094-40 data
03-14 17:06:28.622 9593 9657 W Parcel : Expecting binder but got null!
03-14 17:06:28.630 9593 9657 E gralloc4: Empty SMPTE 2094-40 data
03-14 17:06:28.641 9593 9657 E gralloc4: Empty SMPTE 2094-40 data
03-14 17:06:28.644 9593 9657 E gralloc4: Empty SMPTE 2094-40 data
03-14 17:06:28.648 9593 9657 E gralloc4: Empty SMPTE 2094-40 data
03-14 17:06:28.664 9593 9657 E gralloc4: Empty SMPTE 2094-40 data
03-14 17:06:28.673 9593 9657 E gralloc4: Empty SMPTE 2094-40 data
03-14 17:06:28.686 9593 9657 E gralloc4: Empty SMPTE 2094-40 data
03-14 17:06:28.702 9593 9657 E gralloc4: Empty SMPTE 2094-40 data
03-14 17:06:28.712 9593 9657 E gralloc4: Empty SMPTE 2094-40 data
03-14 17:06:28.715 9593 9657 E gralloc4: Empty SMPTE 2094-40 data
03-14 17:06:28.730 9593 9657 E gralloc4: Empty SMPTE 2094-40 data
03-14 17:06:28.735 9593 9657 E gralloc4: Empty SMPTE 2094-40 data
03-14 17:06:28.752 9593 9657 E gralloc4: Empty SMPTE 2094-40 data
03-14 17:06:28.758 9593 9657 E gralloc4: Empty SMPTE 2094-40 data
03-14 17:06:28.776 9593 9657 E gralloc4: Empty SMPTE 2094-40 data
03-14 17:06:28.786 9593 9657 E gralloc4: Empty SMPTE 2094-40 data
03-14 17:06:28.795 9593 9657 E gralloc4: Empty SMPTE 2094-40 data
03-14 17:06:28.800 9593 9657 E gralloc4: Empty SMPTE 2094-40 data
03-14 17:06:28.818 9593 9657 E gralloc4: Empty SMPTE 2094-40 data
03-14 17:06:28.824 9593 9657 E gralloc4: Empty SMPTE 2094-40 data
03-14 17:06:28.838 9593 9657 E gralloc4: Empty SMPTE 2094-40 data
03-14 17:06:28.845 9593 9657 E gralloc4: Empty SMPTE 2094-40 data
03-14 17:06:28.863 9593 9657 E gralloc4: Empty SMPTE 2094-40 data
03-14 17:06:28.880 9593 9657 E gralloc4: Empty SMPTE 2094-40 data
03-14 17:06:28.893 9593 9657 E gralloc4: Empty SMPTE 2094-40 data
03-14 17:06:28.910 9593 9657 E gralloc4: Empty SMPTE 2094-40 data
03-14 17:06:28.926 9593 9657 E gralloc4: Empty SMPTE 2094-40 data
03-14 17:06:28.943 9593 9657 E gralloc4: Empty SMPTE 2094-40 data
03-14 17:06:28.960 9593 9657 E gralloc4: Empty SMPTE 2094-40 data
03-14 17:06:28.976 9593 9657 E gralloc4: Empty SMPTE 2094-40 data
03-14 17:06:28.992 9593 9657 E gralloc4: Empty SMPTE 2094-40 data
03-14 17:06:29.009 9593 9657 E gralloc4: Empty SMPTE 2094-40 data
03-14 17:06:29.026 9593 9657 E gralloc4: Empty SMPTE 2094-40 data
03-14 17:06:29.043 9593 9657 E gralloc4: Empty SMPTE 2094-40 data
03-14 17:06:29.060 9593 9657 E gralloc4: Empty SMPTE 2094-40 data
03-14 17:06:29.077 9593 9657 E gralloc4: Empty SMPTE 2094-40 data
03-14 17:06:29.080 9593 9657 E gralloc4: Empty SMPTE 2094-40 data
03-14 17:06:29.092 9593 9657 E gralloc4: Empty SMPTE 2094-40 data
03-14 17:06:29.109 9593 9657 E gralloc4: Empty SMPTE 2094-40 data
03-14 17:06:29.125 9593 9657 E gralloc4: Empty SMPTE 2094-40 data
03-14 17:06:29.142 9593 9657 E gralloc4: Empty SMPTE 2094-40 data
03-14 17:06:29.158 9593 9657 E gralloc4: Empty SMPTE 2094-40 data
03-14 17:06:29.181 9593 9657 E gralloc4: Empty SMPTE 2094-40 data
03-14 17:06:29.203 9593 9657 E gralloc4: Empty SMPTE 2094-40 data
03-14 17:06:29.208 9593 9657 E gralloc4: Empty SMPTE 2094-40 data
03-14 17:06:29.220 9593 9657 E gralloc4: Empty SMPTE 2094-40 data
03-14 17:06:29.234 9593 9657 E gralloc4: Empty SMPTE 2094-40 data
03-14 17:06:29.238 9593 9657 E gralloc4: Empty SMPTE 2094-40 data
03-14 17:06:29.249 9593 9657 E gralloc4: Empty SMPTE 2094-40 data
03-14 17:06:29.268 9593 9657 E gralloc4: Empty SMPTE 2094-40 data
03-14 17:06:29.272 9593 9657 E gralloc4: Empty SMPTE 2094-40 data
03-14 17:06:29.280 9593 9657 E gralloc4: Empty SMPTE 2094-40 data
03-14 17:06:29.299 9593 9657 E gralloc4: Empty SMPTE 2094-40 data
03-14 17:06:29.302 9593 9657 E gralloc4: Empty SMPTE 2094-40 data
03-14 17:06:29.313 9593 9657 E gralloc4: Empty SMPTE 2094-40 data
03-14 17:06:29.329 9593 9657 E gralloc4: Empty SMPTE 2094-40 data
03-14 17:06:29.344 9593 9657 E gralloc4: Empty SMPTE 2094-40 data
03-14 17:06:29.349 9593 9657 E gralloc4: Empty SMPTE 2094-40 data
03-14 17:06:29.363 9593 9657 E gralloc4: Empty SMPTE 2094-40 data
03-14 17:06:29.378 9593 9657 E gralloc4: Empty SMPTE 2094-40 data
03-14 17:06:29.381 9593 9657 E gralloc4: Empty SMPTE 2094-40 data
03-14 17:06:29.395 9593 9657 E gralloc4: Empty SMPTE 2094-40 data
03-14 17:06:29.410 9593 9657 E gralloc4: Empty SMPTE 2094-40 data
03-14 17:06:29.414 9593 9657 E gralloc4: Empty SMPTE 2094-40 data
03-14 17:06:29.427 9593 9657 E gralloc4: Empty SMPTE 2094-40 data
03-14 17:06:29.438 9593 9657 E gralloc4: Empty SMPTE 2094-40 data
03-14 17:06:29.448 9593 9657 E gralloc4: Empty SMPTE 2094-40 data
03-14 17:06:29.463 9593 9657 E gralloc4: Empty SMPTE 2094-40 data
03-14 17:06:29.466 9593 9657 E gralloc4: Empty SMPTE 2094-40 data
03-14 17:06:29.476 9593 9657 E gralloc4: Empty SMPTE 2094-40 data
03-14 17:06:29.486 9593 9657 E gralloc4: Empty SMPTE 2094-40 data
03-14 17:06:29.500 9593 9657 E gralloc4: Empty SMPTE 2094-40 data
03-14 17:06:29.510 9593 9657 E gralloc4: Empty SMPTE 2094-40 data
03-14 17:06:29.649 9593 9593 W InputEventReceiver: Attempted to finish an input
event but the input event receiver has already been disposed.
03-14 17:06:29.690 9593 9657 E gralloc4: Empty SMPTE 2094-40 data
03-14 17:06:29.706 9593 9657 E gralloc4: Empty SMPTE 2094-40 data
03-14 17:06:29.725 9593 9657 E gralloc4: Empty SMPTE 2094-40 data
03-14 17:06:29.742 9593 9657 E gralloc4: Empty SMPTE 2094-40 data
03-14 17:06:29.759 9593 9657 E gralloc4: Empty SMPTE 2094-40 data
03-14 17:06:29.775 9593 9657 E gralloc4: Empty SMPTE 2094-40 data
03-14 17:06:29.791 9593 9657 E gralloc4: Empty SMPTE 2094-40 data
03-14 17:06:29.973 9593 9657 E gralloc4: Empty SMPTE 2094-40 data
03-14 17:06:29.974 9593 9657 W Parcel : Expecting binder but got null!
03-14 17:06:29.978 9593 9657 E gralloc4: Empty SMPTE 2094-40 data
03-14 17:06:29.987 9593 9657 E gralloc4: Empty SMPTE 2094-40 data
03-14 17:06:30.003 9593 9657 E gralloc4: Empty SMPTE 2094-40 data
03-14 17:06:30.018 9593 9657 E gralloc4: Empty SMPTE 2094-40 data
03-14 17:06:30.036 9593 9657 E gralloc4: Empty SMPTE 2094-40 data
03-14 17:06:30.051 9593 9657 E gralloc4: Empty SMPTE 2094-40 data
03-14 17:06:30.056 9593 9657 E gralloc4: Empty SMPTE 2094-40 data
03-14 17:06:30.068 9593 9657 E gralloc4: Empty SMPTE 2094-40 data
03-14 17:06:30.072 9593 9657 E gralloc4: Empty SMPTE 2094-40 data
03-14 17:06:30.084 9593 9657 E gralloc4: Empty SMPTE 2094-40 data
03-14 17:06:30.090 9593 9657 E gralloc4: Empty SMPTE 2094-40 data
03-14 17:06:30.110 9593 9657 E gralloc4: Empty SMPTE 2094-40 data
03-14 17:06:30.125 9593 9657 E gralloc4: Empty SMPTE 2094-40 data
03-14 17:06:30.135 9593 9657 E gralloc4: Empty SMPTE 2094-40 data
03-14 17:06:30.160 9593 9657 E gralloc4: Empty SMPTE 2094-40 data
03-14 17:06:30.169 9593 9657 E gralloc4: Empty SMPTE 2094-40 data
03-14 17:06:30.171 9593 9657 W Parcel : Expecting binder but got null!
03-14 17:06:30.174 9593 9657 E gralloc4: Empty SMPTE 2094-40 data
03-14 17:06:30.181 9593 9657 E gralloc4: Empty SMPTE 2094-40 data
03-14 17:06:30.184 9593 9657 E gralloc4: Empty SMPTE 2094-40 data
03-14 17:06:30.198 9593 9657 E gralloc4: Empty SMPTE 2094-40 data
03-14 17:06:30.200 9593 9657 E gralloc4: Empty SMPTE 2094-40 data
03-14 17:06:30.218 9593 9657 E gralloc4: Empty SMPTE 2094-40 data
03-14 17:06:30.228 9593 9657 E gralloc4: Empty SMPTE 2094-40 data
03-14 17:06:30.230 9593 9657 E gralloc4: Empty SMPTE 2094-40 data
03-14 17:06:30.234 9593 9657 E gralloc4: Empty SMPTE 2094-40 data
03-14 17:06:30.243 9593 9657 E gralloc4: Empty SMPTE 2094-40 data
03-14 17:06:30.246 9593 9657 E gralloc4: Empty SMPTE 2094-40 data
03-14 17:06:30.252 9593 9657 E gralloc4: Empty SMPTE 2094-40 data
03-14 17:06:30.268 9593 9657 E gralloc4: Empty SMPTE 2094-40 data
03-14 17:06:30.271 9593 9657 E gralloc4: Empty SMPTE 2094-40 data
03-14 17:06:30.275 9593 9657 E gralloc4: Empty SMPTE 2094-40 data
03-14 17:06:30.284 9593 9657 E gralloc4: Empty SMPTE 2094-40 data
03-14 17:06:30.299 9593 9657 E gralloc4: Empty SMPTE 2094-40 data
03-14 17:06:30.303 9593 9657 E gralloc4: Empty SMPTE 2094-40 data
03-14 17:06:30.309 9593 9657 E gralloc4: Empty SMPTE 2094-40 data
03-14 17:06:30.316 9593 9657 E gralloc4: Empty SMPTE 2094-40 data
03-14 17:06:30.323 9593 9657 E gralloc4: Empty SMPTE 2094-40 data
03-14 17:06:30.333 9593 9657 E gralloc4: Empty SMPTE 2094-40 data
03-14 17:06:30.338 9593 9657 E gralloc4: Empty SMPTE 2094-40 data
03-14 17:06:30.346 9593 9657 E gralloc4: Empty SMPTE 2094-40 data
03-14 17:06:30.349 9593 9657 E gralloc4: Empty SMPTE 2094-40 data
03-14 17:06:30.352 9593 9657 E gralloc4: Empty SMPTE 2094-40 data
03-14 17:06:30.361 9593 9657 E gralloc4: Empty SMPTE 2094-40 data
03-14 17:06:30.366 9593 9657 E gralloc4: Empty SMPTE 2094-40 data
03-14 17:06:30.370 9593 9657 E gralloc4: Empty SMPTE 2094-40 data
03-14 17:06:30.376 9593 9657 E gralloc4: Empty SMPTE 2094-40 data
03-14 17:06:30.382 9593 9657 E gralloc4: Empty SMPTE 2094-40 data
03-14 17:06:30.387 9593 9657 E gralloc4: Empty SMPTE 2094-40 data
03-14 17:06:30.400 9593 9657 E gralloc4: Empty SMPTE 2094-40 data
03-14 17:06:30.404 9593 9657 E gralloc4: Empty SMPTE 2094-40 data
03-14 17:06:30.418 9593 9657 E gralloc4: Empty SMPTE 2094-40 data
03-14 17:06:30.422 9593 9657 E gralloc4: Empty SMPTE 2094-40 data
03-14 17:06:30.433 9593 9657 E gralloc4: Empty SMPTE 2094-40 data
03-14 17:06:30.437 9593 9657 E gralloc4: Empty SMPTE 2094-40 data
03-14 17:06:30.450 9593 9657 E gralloc4: Empty SMPTE 2094-40 data
03-14 17:06:30.455 9593 9657 E gralloc4: Empty SMPTE 2094-40 data
03-14 17:06:30.466 9593 9657 E gralloc4: Empty SMPTE 2094-40 data
03-14 17:06:30.470 9593 9657 E gralloc4: Empty SMPTE 2094-40 data
03-14 17:06:30.483 9593 9657 E gralloc4: Empty SMPTE 2094-40 data
03-14 17:06:30.487 9593 9657 E gralloc4: Empty SMPTE 2094-40 data
03-14 17:06:30.500 9593 9657 E gralloc4: Empty SMPTE 2094-40 data
03-14 17:06:30.503 9593 9657 E gralloc4: Empty SMPTE 2094-40 data
03-14 17:06:30.520 9593 9657 E gralloc4: Empty SMPTE 2094-40 data
03-14 17:06:30.533 9593 9657 E gralloc4: Empty SMPTE 2094-40 data
03-14 17:06:30.553 9593 9657 E gralloc4: Empty SMPTE 2094-40 data
03-14 17:06:30.571 9593 9657 E gralloc4: Empty SMPTE 2094-40 data
03-14 17:06:30.587 9593 9657 E gralloc4: Empty SMPTE 2094-40 data
03-14 17:06:30.603 9593 9657 E gralloc4: Empty SMPTE 2094-40 data
03-14 17:06:30.619 9593 9657 E gralloc4: Empty SMPTE 2094-40 data
03-14 17:06:30.636 9593 9657 E gralloc4: Empty SMPTE 2094-40 data
03-14 17:06:30.648 9593 9593 E RippleDrawable: The RippleDrawable.STYLE_PATTERNED
animation is not supported for a non-hardware accelerated Canvas. Skipping
animation.
03-14 17:06:30.650 9593 9593 E RippleDrawable: The RippleDrawable.STYLE_PATTERNED
animation is not supported for a non-hardware accelerated Canvas. Skipping
animation.
03-14 17:06:30.652 9593 9657 E gralloc4: Empty SMPTE 2094-40 data
03-14 17:06:30.654 9593 9657 E gralloc4: Empty SMPTE 2094-40 data
03-14 17:06:30.664 9593 9657 E gralloc4: Empty SMPTE 2094-40 data
03-14 17:06:30.664 9593 9593 E RippleDrawable: The RippleDrawable.STYLE_PATTERNED
animation is not supported for a non-hardware accelerated Canvas. Skipping
animation.
03-14 17:06:30.664 9593 9593 E RippleDrawable: The RippleDrawable.STYLE_PATTERNED
animation is not supported for a non-hardware accelerated Canvas. Skipping
animation.
03-14 17:06:30.667 9593 9657 E gralloc4: Empty SMPTE 2094-40 data
03-14 17:06:30.670 9593 9657 E gralloc4: Empty SMPTE 2094-40 data
03-14 17:06:30.675 9593 9657 E gralloc4: Empty SMPTE 2094-40 data
03-14 17:06:30.685 9593 9657 E gralloc4: Empty SMPTE 2094-40 data
03-14 17:06:30.703 9593 9657 E gralloc4: Empty SMPTE 2094-40 data
03-14 17:06:30.709 9593 9657 E gralloc4: Empty SMPTE 2094-40 data
03-14 17:06:30.718 9593 9657 E gralloc4: Empty SMPTE 2094-40 data
03-14 17:06:30.734 9593 9657 E gralloc4: Empty SMPTE 2094-40 data
03-14 17:06:30.753 9593 9657 E gralloc4: Empty SMPTE 2094-40 data
03-14 17:06:30.769 9593 9657 E gralloc4: Empty SMPTE 2094-40 data
03-14 17:06:30.785 9593 9657 E gralloc4: Empty SMPTE 2094-40 data
03-14 17:06:30.802 9593 9657 E gralloc4: Empty SMPTE 2094-40 data
03-14 17:06:30.818 9593 9657 E gralloc4: Empty SMPTE 2094-40 data
03-14 17:06:30.835 9593 9657 E gralloc4: Empty SMPTE 2094-40 data
03-14 17:06:30.851 9593 9657 E gralloc4: Empty SMPTE 2094-40 data
03-14 17:06:30.869 9593 9657 E gralloc4: Empty SMPTE 2094-40 data
03-14 17:06:30.884 9593 9657 E gralloc4: Empty SMPTE 2094-40 data
03-14 17:06:30.901 9593 9657 E gralloc4: Empty SMPTE 2094-40 data
03-14 17:06:30.901 9593 9593 E FileUtils: err write to mi_exception_log
03-14 17:06:30.910 9593 9657 E gralloc4: Empty SMPTE 2094-40 data
03-14 17:06:30.920 9593 9657 E gralloc4: Empty SMPTE 2094-40 data
03-14 17:06:30.940 9593 9657 E gralloc4: Empty SMPTE 2094-40 data
03-14 17:06:30.963 9593 9657 E gralloc4: Empty SMPTE 2094-40 data
03-14 17:06:30.964 9593 9657 W Parcel : Expecting binder but got null!
03-14 17:06:30.964 9593 9593 E FileUtils: err write to mi_exception_log
03-14 17:06:30.983 9593 9657 E gralloc4: Empty SMPTE 2094-40 data
03-14 17:06:30.990 9593 9657 E gralloc4: Empty SMPTE 2094-40 data
03-14 17:06:30.994 9593 9657 E gralloc4: Empty SMPTE 2094-40 data
03-14 17:06:30.997 9593 9657 E gralloc4: Empty SMPTE 2094-40 data
03-14 17:06:31.003 9593 9657 E gralloc4: Empty SMPTE 2094-40 data
03-14 17:06:31.009 9593 9657 E gralloc4: Empty SMPTE 2094-40 data
03-14 17:06:31.019 9593 9657 E gralloc4: Empty SMPTE 2094-40 data
03-14 17:06:31.023 9593 9657 E gralloc4: Empty SMPTE 2094-40 data
03-14 17:06:31.032 9593 9657 E gralloc4: Empty SMPTE 2094-40 data
03-14 17:06:31.036 9593 9657 E gralloc4: Empty SMPTE 2094-40 data
03-14 17:06:31.048 9593 9657 E gralloc4: Empty SMPTE 2094-40 data
03-14 17:06:31.053 9593 9657 E gralloc4: Empty SMPTE 2094-40 data
03-14 17:06:31.065 9593 9657 E gralloc4: Empty SMPTE 2094-40 data
03-14 17:06:31.070 9593 9657 E gralloc4: Empty SMPTE 2094-40 data
03-14 17:06:31.081 9593 9657 E gralloc4: Empty SMPTE 2094-40 data
03-14 17:06:31.098 9593 9657 E gralloc4: Empty SMPTE 2094-40 data
03-14 17:06:31.114 9593 9657 E gralloc4: Empty SMPTE 2094-40 data
03-14 17:06:31.130 9593 9657 E gralloc4: Empty SMPTE 2094-40 data
03-14 17:06:31.147 9593 9657 E gralloc4: Empty SMPTE 2094-40 data
03-14 17:06:31.840 9593 9657 E gralloc4: Empty SMPTE 2094-40 data
03-14 17:06:31.843 9593 9657 E gralloc4: Empty SMPTE 2094-40 data
03-14 17:06:31.848 9593 9657 E gralloc4: Empty SMPTE 2094-40 data
03-14 17:06:31.866 9593 9657 E gralloc4: Empty SMPTE 2094-40 data
03-14 17:06:31.882 9593 9657 E gralloc4: Empty SMPTE 2094-40 data
03-14 17:06:31.898 9593 9657 E gralloc4: Empty SMPTE 2094-40 data
03-14 17:06:31.915 9593 9657 E gralloc4: Empty SMPTE 2094-40 data
03-14 17:06:31.931 9593 9657 E gralloc4: Empty SMPTE 2094-40 data
03-14 17:06:31.948 9593 9657 E gralloc4: Empty SMPTE 2094-40 data
03-14 17:06:31.964 9593 9657 E gralloc4: Empty SMPTE 2094-40 data
03-14 17:06:31.981 9593 9657 E gralloc4: Empty SMPTE 2094-40 data
03-14 17:06:31.986 9593 9593 E FileUtils: err write to mi_exception_log
03-14 17:06:31.999 9593 9657 E gralloc4: Empty SMPTE 2094-40 data
03-14 17:06:32.027 9593 9657 E gralloc4: Empty SMPTE 2094-40 data
03-14 17:06:32.028 9593 9657 W Parcel : Expecting binder but got null!
03-14 17:06:32.031 9593 9657 E gralloc4: Empty SMPTE 2094-40 data
03-14 17:06:32.056 9593 9657 E gralloc4: Empty SMPTE 2094-40 data
03-14 17:06:32.060 9593 9657 E gralloc4: Empty SMPTE 2094-40 data
03-14 17:06:32.068 9593 9657 E gralloc4: Empty SMPTE 2094-40 data
03-14 17:06:32.071 9593 9657 E gralloc4: Empty SMPTE 2094-40 data
03-14 17:06:32.081 9593 9657 E gralloc4: Empty SMPTE 2094-40 data
03-14 17:06:32.085 9593 9657 E gralloc4: Empty SMPTE 2094-40 data
03-14 17:06:32.097 9593 9657 E gralloc4: Empty SMPTE 2094-40 data
03-14 17:06:32.100 9593 9657 E gralloc4: Empty SMPTE 2094-40 data
03-14 17:06:32.112 9593 9657 E gralloc4: Empty SMPTE 2094-40 data
03-14 17:06:32.116 9593 9657 E gralloc4: Empty SMPTE 2094-40 data
03-14 17:06:32.130 9593 9657 E gralloc4: Empty SMPTE 2094-40 data
03-14 17:06:32.133 9593 9657 E gralloc4: Empty SMPTE 2094-40 data
03-14 17:06:32.146 9593 9657 E gralloc4: Empty SMPTE 2094-40 data
03-14 17:06:32.150 9593 9657 E gralloc4: Empty SMPTE 2094-40 data
03-14 17:06:32.163 9593 9657 E gralloc4: Empty SMPTE 2094-40 data
03-14 17:06:32.167 9593 9657 E gralloc4: Empty SMPTE 2094-40 data
03-14 17:06:32.173 9593 9593 W Choreographer: Frame time is 0.12546399 now =
2615874984119917 timestampNanos = 2615874984245381 ms in the future! Check that
graphics HAL is generating vsync timestamps using the correct timebase.
03-14 17:06:32.176 9593 9657 E gralloc4: Empty SMPTE 2094-40 data
03-14 17:06:32.180 9593 9657 E gralloc4: Empty SMPTE 2094-40 data
03-14 17:06:32.193 9593 9657 E gralloc4: Empty SMPTE 2094-40 data
03-14 17:06:32.197 9593 9657 E gralloc4: Empty SMPTE 2094-40 data
03-14 17:06:32.210 9593 9657 E gralloc4: Empty SMPTE 2094-40 data
03-14 17:06:32.214 9593 9657 E gralloc4: Empty SMPTE 2094-40 data
03-14 17:06:32.230 9593 9657 E gralloc4: Empty SMPTE 2094-40 data
03-14 17:06:32.250 9593 9657 E gralloc4: Empty SMPTE 2094-40 data
03-14 17:06:32.261 9593 9657 E gralloc4: Empty SMPTE 2094-40 data
03-14 17:06:32.281 9593 9657 E gralloc4: Empty SMPTE 2094-40 data
03-14 17:06:32.301 9593 9657 E gralloc4: Empty SMPTE 2094-40 data
03-14 17:06:32.314 9593 9657 E gralloc4: Empty SMPTE 2094-40 data
03-14 17:06:32.331 9593 9657 E gralloc4: Empty SMPTE 2094-40 data
03-14 17:06:32.347 9593 9657 E gralloc4: Empty SMPTE 2094-40 data
03-14 17:06:32.364 9593 9657 E gralloc4: Empty SMPTE 2094-40 data
03-14 17:06:32.381 9593 9657 E gralloc4: Empty SMPTE 2094-40 data
03-14 17:06:32.397 9593 9657 E gralloc4: Empty SMPTE 2094-40 data
03-14 17:06:32.414 9593 9657 E gralloc4: Empty SMPTE 2094-40 data
03-14 17:06:32.431 9593 9657 E gralloc4: Empty SMPTE 2094-40 data
03-14 17:06:32.448 9593 9657 E gralloc4: Empty SMPTE 2094-40 data
03-14 17:06:33.078 9593 9657 E gralloc4: Empty SMPTE 2094-40 data
03-14 17:06:33.095 9593 9657 E gralloc4: Empty SMPTE 2094-40 data
03-14 17:06:33.110 9593 9657 E gralloc4: Empty SMPTE 2094-40 data
03-14 17:06:33.131 9593 9657 E gralloc4: Empty SMPTE 2094-40 data
03-14 17:06:33.167 9593 9657 E gralloc4: Empty SMPTE 2094-40 data
03-14 17:06:33.188 9593 9657 E gralloc4: Empty SMPTE 2094-40 data
03-14 17:06:33.207 9593 9657 E gralloc4: Empty SMPTE 2094-40 data
03-14 17:06:33.224 9593 9657 E gralloc4: Empty SMPTE 2094-40 data
03-14 17:06:33.265 9593 9657 E gralloc4: Empty SMPTE 2094-40 data
03-14 17:06:33.275 9593 9657 E gralloc4: Empty SMPTE 2094-40 data
03-14 17:06:33.891 9593 9657 E gralloc4: Empty SMPTE 2094-40 data
03-14 17:06:33.909 9593 9657 E gralloc4: Empty SMPTE 2094-40 data
03-14 17:06:33.926 9593 9657 E gralloc4: Empty SMPTE 2094-40 data
03-14 17:06:33.943 9593 9657 E gralloc4: Empty SMPTE 2094-40 data
03-14 17:06:33.960 9593 9657 E gralloc4: Empty SMPTE 2094-40 data
03-14 17:06:33.974 9593 9657 E gralloc4: Empty SMPTE 2094-40 data
03-14 17:06:33.991 9593 9657 E gralloc4: Empty SMPTE 2094-40 data
03-14 17:06:34.007 9593 9657 E gralloc4: Empty SMPTE 2094-40 data
03-14 17:06:34.023 9593 9657 E gralloc4: Empty SMPTE 2094-40 data
03-14 17:06:34.041 9593 9657 E gralloc4: Empty SMPTE 2094-40 data
03-14 17:06:34.057 9593 9657 E gralloc4: Empty SMPTE 2094-40 data
03-14 17:06:34.074 9593 9657 E gralloc4: Empty SMPTE 2094-40 data
03-14 17:06:34.090 9593 9657 E gralloc4: Empty SMPTE 2094-40 data
03-14 17:06:34.104 9593 9593 E FileUtils: err write to mi_exception_log
03-14 17:06:34.109 9593 9657 E gralloc4: Empty SMPTE 2094-40 data
03-14 17:06:34.120 9593 9657 E gralloc4: Empty SMPTE 2094-40 data
03-14 17:06:34.140 9593 9657 E gralloc4: Empty SMPTE 2094-40 data
03-14 17:06:34.150 9593 9657 E gralloc4: Empty SMPTE 2094-40 data
03-14 17:06:34.151 9593 9657 W Parcel : Expecting binder but got null!
03-14 17:06:34.503 9593 9657 E gralloc4: Empty SMPTE 2094-40 data
03-14 17:06:34.505 9593 9593 E FileUtils: err write to mi_exception_log
03-14 17:06:34.509 9593 9657 E gralloc4: Empty SMPTE 2094-40 data
03-14 17:06:34.519 9593 9657 E gralloc4: Empty SMPTE 2094-40 data
03-14 17:06:34.520 9593 9593 E FileUtils: err write to mi_exception_log
03-14 17:06:34.528 9593 9657 E gralloc4: Empty SMPTE 2094-40 data
03-14 17:06:34.541 9593 9657 E gralloc4: Empty SMPTE 2094-40 data
03-14 17:06:34.556 9593 9657 E gralloc4: Empty SMPTE 2094-40 data
03-14 17:06:34.568 9593 9657 E gralloc4: Empty SMPTE 2094-40 data
03-14 17:06:34.574 9593 9657 E gralloc4: Empty SMPTE 2094-40 data
03-14 17:06:34.578 9593 9657 E gralloc4: Empty SMPTE 2094-40 data
03-14 17:06:34.594 9593 9657 E gralloc4: Empty SMPTE 2094-40 data
03-14 17:06:34.604 9593 9657 E gralloc4: Empty SMPTE 2094-40 data
03-14 17:06:34.620 9593 9657 E gralloc4: Empty SMPTE 2094-40 data
03-14 17:06:34.635 9593 9657 E gralloc4: Empty SMPTE 2094-40 data
03-14 17:06:34.653 9593 9657 E gralloc4: Empty SMPTE 2094-40 data
03-14 17:06:35.068 9593 9657 E gralloc4: Empty SMPTE 2094-40 data
03-14 17:06:35.085 9593 9657 E gralloc4: Empty SMPTE 2094-40 data
03-14 17:06:35.102 9593 9657 E gralloc4: Empty SMPTE 2094-40 data
03-14 17:06:35.118 9593 9657 E gralloc4: Empty SMPTE 2094-40 data
03-14 17:06:35.135 9593 9657 E gralloc4: Empty SMPTE 2094-40 data
03-14 17:06:35.151 9593 9657 E gralloc4: Empty SMPTE 2094-40 data
03-14 17:06:35.168 9593 9657 E gralloc4: Empty SMPTE 2094-40 data
03-14 17:06:35.186 9593 9657 E gralloc4: Empty SMPTE 2094-40 data
03-14 17:06:35.200 9593 9657 E gralloc4: Empty SMPTE 2094-40 data
03-14 17:06:35.219 9593 9657 E gralloc4: Empty SMPTE 2094-40 data
03-14 17:06:35.236 9593 9657 E gralloc4: Empty SMPTE 2094-40 data
03-14 17:06:35.250 9593 9657 E gralloc4: Empty SMPTE 2094-40 data
03-14 17:06:35.285 9593 9657 E gralloc4: Empty SMPTE 2094-40 data
03-14 17:06:35.299 9593 9657 E gralloc4: Empty SMPTE 2094-40 data
03-14 17:06:35.316 9593 9657 E gralloc4: Empty SMPTE 2094-40 data
03-14 17:06:35.334 9593 9657 E gralloc4: Empty SMPTE 2094-40 data
03-14 17:06:35.351 9593 9657 E gralloc4: Empty SMPTE 2094-40 data
03-14 17:06:35.367 9593 9657 E gralloc4: Empty SMPTE 2094-40 data
03-14 17:06:35.384 9593 9657 E gralloc4: Empty SMPTE 2094-40 data
03-14 17:06:35.401 9593 9657 E gralloc4: Empty SMPTE 2094-40 data
03-14 17:06:35.416 9593 9657 E gralloc4: Empty SMPTE 2094-40 data
03-14 17:06:35.432 9593 9657 E gralloc4: Empty SMPTE 2094-40 data
03-14 17:06:35.450 9593 9657 E gralloc4: Empty SMPTE 2094-40 data
03-14 17:06:35.467 9593 9657 E gralloc4: Empty SMPTE 2094-40 data
03-14 17:06:35.481 9593 9657 E gralloc4: Empty SMPTE 2094-40 data
03-14 17:06:35.500 9593 9657 E gralloc4: Empty SMPTE 2094-40 data
03-14 17:06:35.515 9593 9657 E gralloc4: Empty SMPTE 2094-40 data
03-14 17:06:35.532 9593 9657 E gralloc4: Empty SMPTE 2094-40 data
03-14 17:06:35.548 9593 9657 E gralloc4: Empty SMPTE 2094-40 data
03-14 17:06:35.567 9593 9657 E gralloc4: Empty SMPTE 2094-40 data
03-14 17:06:35.598 9593 9657 E gralloc4: Empty SMPTE 2094-40 data
03-14 17:06:35.616 9593 9657 E gralloc4: Empty SMPTE 2094-40 data
03-14 17:06:35.631 9593 9657 E gralloc4: Empty SMPTE 2094-40 data
03-14 17:06:35.648 9593 9657 E gralloc4: Empty SMPTE 2094-40 data
03-14 17:06:35.666 9593 9657 E gralloc4: Empty SMPTE 2094-40 data
03-14 17:06:35.684 9593 9657 E gralloc4: Empty SMPTE 2094-40 data
03-14 17:06:35.701 9593 9657 E gralloc4: Empty SMPTE 2094-40 data
03-14 17:06:35.715 9593 9657 E gralloc4: Empty SMPTE 2094-40 data
03-14 17:06:35.734 9593 9657 E gralloc4: Empty SMPTE 2094-40 data
03-14 17:06:35.748 9593 9657 E gralloc4: Empty SMPTE 2094-40 data
03-14 17:06:35.767 9593 9657 E gralloc4: Empty SMPTE 2094-40 data
03-14 17:06:35.784 9593 9657 E gralloc4: Empty SMPTE 2094-40 data
03-14 17:06:35.799 9593 9657 E gralloc4: Empty SMPTE 2094-40 data
03-14 17:06:35.815 9593 9657 E gralloc4: Empty SMPTE 2094-40 data
03-14 17:06:35.831 9593 9657 E gralloc4: Empty SMPTE 2094-40 data
03-14 17:06:35.848 9593 9657 E gralloc4: Empty SMPTE 2094-40 data
03-14 17:06:35.866 9593 9657 E gralloc4: Empty SMPTE 2094-40 data
03-14 17:06:35.883 9593 9657 E gralloc4: Empty SMPTE 2094-40 data
03-14 17:06:35.900 9593 9657 E gralloc4: Empty SMPTE 2094-40 data
03-14 17:06:35.921 9593 9657 E gralloc4: Empty SMPTE 2094-40 data
03-14 17:06:35.930 9593 9657 E gralloc4: Empty SMPTE 2094-40 data
03-14 17:06:35.947 9593 9657 E gralloc4: Empty SMPTE 2094-40 data
03-14 17:06:35.964 9593 9657 E gralloc4: Empty SMPTE 2094-40 data
03-14 17:06:35.981 9593 9657 E gralloc4: Empty SMPTE 2094-40 data
03-14 17:06:35.998 9593 9657 E gralloc4: Empty SMPTE 2094-40 data
03-14 17:06:36.013 9593 9657 E gralloc4: Empty SMPTE 2094-40 data
03-14 17:06:36.029 9593 9657 E gralloc4: Empty SMPTE 2094-40 data
03-14 17:06:36.047 9593 9657 E gralloc4: Empty SMPTE 2094-40 data
03-14 17:06:36.065 9593 9657 E gralloc4: Empty SMPTE 2094-40 data
03-14 17:06:36.080 9593 9657 E gralloc4: Empty SMPTE 2094-40 data
03-14 17:06:36.096 9593 9657 E gralloc4: Empty SMPTE 2094-40 data
03-14 17:06:36.115 9593 9657 E gralloc4: Empty SMPTE 2094-40 data
03-14 17:06:36.131 9593 9657 E gralloc4: Empty SMPTE 2094-40 data
03-14 17:06:36.147 9593 9657 E gralloc4: Empty SMPTE 2094-40 data
03-14 17:06:36.163 9593 9657 E gralloc4: Empty SMPTE 2094-40 data
03-14 17:06:36.182 9593 9657 E gralloc4: Empty SMPTE 2094-40 data
03-14 17:06:36.196 9593 9657 E gralloc4: Empty SMPTE 2094-40 data
03-14 17:06:36.215 9593 9657 E gralloc4: Empty SMPTE 2094-40 data
03-14 17:06:36.231 9593 9657 E gralloc4: Empty SMPTE 2094-40 data
03-14 17:06:36.251 9593 9657 E gralloc4: Empty SMPTE 2094-40 data
03-14 17:06:36.265 9593 9657 E gralloc4: Empty SMPTE 2094-40 data
03-14 17:06:36.279 9593 9657 E gralloc4: Empty SMPTE 2094-40 data
03-14 17:06:36.298 9593 9657 E gralloc4: Empty SMPTE 2094-40 data
03-14 17:06:36.314 9593 9657 E gralloc4: Empty SMPTE 2094-40 data
03-14 17:06:36.331 9593 9657 E gralloc4: Empty SMPTE 2094-40 data
03-14 17:06:36.345 9593 9657 E gralloc4: Empty SMPTE 2094-40 data
03-14 17:06:36.362 9593 9657 E gralloc4: Empty SMPTE 2094-40 data
03-14 17:06:36.381 9593 9657 E gralloc4: Empty SMPTE 2094-40 data
03-14 17:06:36.395 9593 9657 E gralloc4: Empty SMPTE 2094-40 data
03-14 17:06:36.412 9593 9657 E gralloc4: Empty SMPTE 2094-40 data
03-14 17:06:36.428 9593 9657 E gralloc4: Empty SMPTE 2094-40 data
03-14 17:06:36.446 9593 9657 E gralloc4: Empty SMPTE 2094-40 data
03-14 17:06:36.461 9593 9657 E gralloc4: Empty SMPTE 2094-40 data
03-14 17:06:36.481 9593 9657 E gralloc4: Empty SMPTE 2094-40 data
03-14 17:06:36.497 9593 9657 E gralloc4: Empty SMPTE 2094-40 data
03-14 17:06:36.511 9593 9657 E gralloc4: Empty SMPTE 2094-40 data
03-14 17:06:36.528 9593 9657 E gralloc4: Empty SMPTE 2094-40 data
03-14 17:06:36.547 9593 9657 E gralloc4: Empty SMPTE 2094-40 data
03-14 17:06:36.563 9593 9657 E gralloc4: Empty SMPTE 2094-40 data
03-14 17:06:36.578 9593 9657 E gralloc4: Empty SMPTE 2094-40 data
03-14 17:06:36.595 9593 9657 E gralloc4: Empty SMPTE 2094-40 data
03-14 17:06:36.611 9593 9657 E gralloc4: Empty SMPTE 2094-40 data
03-14 17:06:36.628 9593 9657 E gralloc4: Empty SMPTE 2094-40 data
03-14 17:06:36.646 9593 9657 E gralloc4: Empty SMPTE 2094-40 data
03-14 17:06:36.663 9593 9657 E gralloc4: Empty SMPTE 2094-40 data
03-14 17:06:36.677 9593 9657 E gralloc4: Empty SMPTE 2094-40 data
03-14 17:06:36.695 9593 9657 E gralloc4: Empty SMPTE 2094-40 data
03-14 17:06:36.712 9593 9657 E gralloc4: Empty SMPTE 2094-40 data
03-14 17:06:36.729 9593 9657 E gralloc4: Empty SMPTE 2094-40 data
03-14 17:06:36.744 9593 9657 E gralloc4: Empty SMPTE 2094-40 data
03-14 17:06:36.760 9593 9657 E gralloc4: Empty SMPTE 2094-40 data
03-14 17:06:36.777 9593 9657 E gralloc4: Empty SMPTE 2094-40 data
03-14 17:06:36.795 9593 9657 E gralloc4: Empty SMPTE 2094-40 data
03-14 17:06:36.810 9593 9657 E gralloc4: Empty SMPTE 2094-40 data
