03-14 17:06:06.577 9593 9657 E gralloc4: Empty SMPTE 2094-40 data
03-14 17:06:06.593 9593 9657 E gralloc4: Empty SMPTE 2094-40 data
03-14 17:06:06.596 9593 9657 E gralloc4: Empty SMPTE 2094-40 data
03-14 17:06:06.607 9593 9657 E gralloc4: Empty SMPTE 2094-40 data
03-14 17:06:06.609 9593 9657 E gralloc4: Empty SMPTE 2094-40 data
03-14 17:06:06.623 9593 9657 E gralloc4: Empty SMPTE 2094-40 data
03-14 17:06:06.627 9593 9657 E gralloc4: Empty SMPTE 2094-40 data
03-14 17:06:06.640 9593 9657 E gralloc4: Empty SMPTE 2094-40 data
03-14 17:06:06.644 9593 9657 E gralloc4: Empty SMPTE 2094-40 data
03-14 17:06:06.663 9593 9657 E gralloc4: Empty SMPTE 2094-40 data
03-14 17:06:06.665 9593 9657 E gralloc4: Empty SMPTE 2094-40 data
03-14 17:06:06.675 9593 9657 E gralloc4: Empty SMPTE 2094-40 data
03-14 17:06:06.678 9593 9657 E gralloc4: Empty SMPTE 2094-40 data
03-14 17:06:06.689 9593 9657 E gralloc4: Empty SMPTE 2094-40 data
03-14 17:06:06.692 9593 9657 E gralloc4: Empty SMPTE 2094-40 data
03-14 17:06:06.709 9593 9657 E gralloc4: Empty SMPTE 2094-40 data
03-14 17:06:06.712 9593 9657 E gralloc4: Empty SMPTE 2094-40 data
03-14 17:06:06.726 9593 9657 E gralloc4: Empty SMPTE 2094-40 data
03-14 17:06:06.728 9593 9657 E gralloc4: Empty SMPTE 2094-40 data
03-14 17:06:06.739 9593 9657 E gralloc4: Empty SMPTE 2094-40 data
03-14 17:06:06.742 9593 9657 E gralloc4: Empty SMPTE 2094-40 data
03-14 17:06:06.758 9593 9657 E gralloc4: Empty SMPTE 2094-40 data
03-14 17:06:06.762 9593 9657 E gralloc4: Empty SMPTE 2094-40 data
03-14 17:06:06.770 9593 9657 E gralloc4: Empty SMPTE 2094-40 data
03-14 17:06:06.787 9593 9657 E gralloc4: Empty SMPTE 2094-40 data
03-14 17:06:06.804 9593 9657 E gralloc4: Empty SMPTE 2094-40 data
03-14 17:06:06.822 9593 9657 E gralloc4: Empty SMPTE 2094-40 data
03-14 17:06:06.839 9593 9657 E gralloc4: Empty SMPTE 2094-40 data
03-14 17:06:06.856 9593 9657 E gralloc4: Empty SMPTE 2094-40 data
03-14 17:06:06.872 9593 9657 E gralloc4: Empty SMPTE 2094-40 data
03-14 17:06:06.889 9593 9657 E gralloc4: Empty SMPTE 2094-40 data
03-14 17:06:06.906 9593 9657 E gralloc4: Empty SMPTE 2094-40 data
03-14 17:06:06.922 9593 9657 E gralloc4: Empty SMPTE 2094-40 data
03-14 17:06:06.938 9593 9657 E gralloc4: Empty SMPTE 2094-40 data
03-14 17:06:06.955 9593 9657 E gralloc4: Empty SMPTE 2094-40 data
03-14 17:06:06.971 9593 9657 E gralloc4: Empty SMPTE 2094-40 data
03-14 17:06:06.980 9593 9657 E gralloc4: Empty SMPTE 2094-40 data
03-14 17:06:07.256 9593 9657 E gralloc4: Empty SMPTE 2094-40 data
03-14 17:06:07.274 9593 9657 E gralloc4: Empty SMPTE 2094-40 data
03-14 17:06:07.524 9593 9657 E gralloc4: Empty SMPTE 2094-40 data
03-14 17:06:07.545 9593 9657 E gralloc4: Empty SMPTE 2094-40 data
03-14 17:06:07.855 9593 9657 E gralloc4: Empty SMPTE 2094-40 data
03-14 17:06:07.872 9593 9657 E gralloc4: Empty SMPTE 2094-40 data
03-14 17:06:07.985 9593 9657 E gralloc4: Empty SMPTE 2094-40 data
03-14 17:06:08.002 9593 9657 E gralloc4: Empty SMPTE 2094-40 data
03-14 17:06:08.019 9593 9657 E gralloc4: Empty SMPTE 2094-40 data
03-14 17:06:08.036 9593 9657 E gralloc4: Empty SMPTE 2094-40 data
03-14 17:06:08.053 9593 9657 E gralloc4: Empty SMPTE 2094-40 data
03-14 17:06:08.067 9593 9657 E gralloc4: Empty SMPTE 2094-40 data
03-14 17:06:08.083 9593 9657 E gralloc4: Empty SMPTE 2094-40 data
03-14 17:06:08.101 9593 9657 E gralloc4: Empty SMPTE 2094-40 data
03-14 17:06:08.126 9593 9657 E gralloc4: Empty SMPTE 2094-40 data
03-14 17:06:08.141 9593 9657 E gralloc4: Empty SMPTE 2094-40 data
03-14 17:06:08.153 9593 9657 E gralloc4: Empty SMPTE 2094-40 data
03-14 17:06:08.178 9593 9657 E gralloc4: Empty SMPTE 2094-40 data
03-14 17:06:08.193 9593 9657 E gralloc4: Empty SMPTE 2094-40 data
03-14 17:06:08.210 9593 9657 E gralloc4: Empty SMPTE 2094-40 data
03-14 17:06:08.226 9593 9657 E gralloc4: Empty SMPTE 2094-40 data
03-14 17:06:08.234 9593 9657 E gralloc4: Empty SMPTE 2094-40 data
03-14 17:06:08.257 9593 9657 E gralloc4: Empty SMPTE 2094-40 data
03-14 17:06:08.273 9593 9657 E gralloc4: Empty SMPTE 2094-40 data
03-14 17:06:08.291 9593 9657 E gralloc4: Empty SMPTE 2094-40 data
03-14 17:06:08.301 9593 9657 E gralloc4: Empty SMPTE 2094-40 data
03-14 17:06:08.326 9593 9657 E gralloc4: Empty SMPTE 2094-40 data
03-14 17:06:08.340 9593 9657 E gralloc4: Empty SMPTE 2094-40 data
03-14 17:06:08.361 9593 9657 E gralloc4: Empty SMPTE 2094-40 data
03-14 17:06:08.371 9593 9657 E gralloc4: Empty SMPTE 2094-40 data
03-14 17:06:08.396 9593 9657 E gralloc4: Empty SMPTE 2094-40 data
03-14 17:06:08.427 9593 9657 E gralloc4: Empty SMPTE 2094-40 data
03-14 17:06:08.436 9593 9657 E gralloc4: Empty SMPTE 2094-40 data
03-14 17:06:08.450 9593 9657 E gralloc4: Empty SMPTE 2094-40 data
03-14 17:06:08.459 9593 9657 E gralloc4: Empty SMPTE 2094-40 data
03-14 17:06:08.481 9593 9657 E gralloc4: Empty SMPTE 2094-40 data
03-14 17:06:08.490 9593 9657 E gralloc4: Empty SMPTE 2094-40 data
03-14 17:06:08.516 9593 9657 E gralloc4: Empty SMPTE 2094-40 data
03-14 17:06:08.522 9593 9657 E gralloc4: Empty SMPTE 2094-40 data
03-14 17:06:08.550 9593 9657 E gralloc4: Empty SMPTE 2094-40 data
03-14 17:06:08.558 9593 9657 E gralloc4: Empty SMPTE 2094-40 data
03-14 17:06:08.582 9593 9657 E gralloc4: Empty SMPTE 2094-40 data
03-14 17:06:08.592 9593 9657 E gralloc4: Empty SMPTE 2094-40 data
03-14 17:06:08.610 9593 9657 E gralloc4: Empty SMPTE 2094-40 data
03-14 17:06:08.616 9593 9657 E gralloc4: Empty SMPTE 2094-40 data
03-14 17:06:08.633 9593 9657 E gralloc4: Empty SMPTE 2094-40 data
03-14 17:06:08.659 9593 9657 E gralloc4: Empty SMPTE 2094-40 data
03-14 17:06:08.679 9593 9657 E gralloc4: Empty SMPTE 2094-40 data
03-14 17:06:08.695 9593 9657 E gralloc4: Empty SMPTE 2094-40 data
03-14 17:06:08.708 9593 9657 E gralloc4: Empty SMPTE 2094-40 data
03-14 17:06:08.721 9593 9657 E gralloc4: Empty SMPTE 2094-40 data
03-14 17:06:08.744 9593 9657 E gralloc4: Empty SMPTE 2094-40 data
03-14 17:06:08.766 9593 9657 E gralloc4: Empty SMPTE 2094-40 data
03-14 17:06:08.785 9593 9657 E gralloc4: Empty SMPTE 2094-40 data
03-14 17:06:08.795 9593 9657 E gralloc4: Empty SMPTE 2094-40 data
03-14 17:06:08.815 9593 9657 E gralloc4: Empty SMPTE 2094-40 data
03-14 17:06:08.830 9593 9657 E gralloc4: Empty SMPTE 2094-40 data
03-14 17:06:08.856 9593 9657 E gralloc4: Empty SMPTE 2094-40 data
03-14 17:06:08.875 9593 9657 E gralloc4: Empty SMPTE 2094-40 data
03-14 17:06:08.901 9593 9657 E gralloc4: Empty SMPTE 2094-40 data
03-14 17:06:08.922 9593 9657 E gralloc4: Empty SMPTE 2094-40 data
03-14 17:06:08.936 9593 9657 E gralloc4: Empty SMPTE 2094-40 data
03-14 17:06:08.951 9593 9657 E gralloc4: Empty SMPTE 2094-40 data
03-14 17:06:08.976 9593 9657 E gralloc4: Empty SMPTE 2094-40 data
03-14 17:06:08.986 9593 9657 E gralloc4: Empty SMPTE 2094-40 data
03-14 17:06:09.014 9593 9657 E gralloc4: Empty SMPTE 2094-40 data
03-14 17:06:09.033 9593 9657 E gralloc4: Empty SMPTE 2094-40 data
03-14 17:06:09.051 9593 9657 E gralloc4: Empty SMPTE 2094-40 data
03-14 17:06:09.065 9593 9657 E gralloc4: Empty SMPTE 2094-40 data
03-14 17:06:09.078 9593 9657 E gralloc4: Empty SMPTE 2094-40 data
03-14 17:06:09.092 9593 9657 E gralloc4: Empty SMPTE 2094-40 data
03-14 17:06:09.107 9593 9657 E gralloc4: Empty SMPTE 2094-40 data
03-14 17:06:09.128 9593 9657 E gralloc4: Empty SMPTE 2094-40 data
03-14 17:06:09.143 9593 9657 E gralloc4: Empty SMPTE 2094-40 data
03-14 17:06:09.155 9593 9657 E gralloc4: Empty SMPTE 2094-40 data
03-14 17:06:09.170 9593 9657 E gralloc4: Empty SMPTE 2094-40 data
03-14 17:06:09.187 9593 9657 E gralloc4: Empty SMPTE 2094-40 data
03-14 17:06:09.211 9593 9657 E gralloc4: Empty SMPTE 2094-40 data
03-14 17:06:09.220 9593 9657 E gralloc4: Empty SMPTE 2094-40 data
03-14 17:06:09.238 9593 9657 E gralloc4: Empty SMPTE 2094-40 data
03-14 17:06:09.265 9593 9657 E gralloc4: Empty SMPTE 2094-40 data
03-14 17:06:09.280 9593 9657 E gralloc4: Empty SMPTE 2094-40 data
03-14 17:06:09.305 9593 9657 E gralloc4: Empty SMPTE 2094-40 data
03-14 17:06:09.316 9593 9657 E gralloc4: Empty SMPTE 2094-40 data
03-14 17:06:09.322 9593 9657 E gralloc4: Empty SMPTE 2094-40 data
03-14 17:06:09.330 9593 9657 E gralloc4: Empty SMPTE 2094-40 data
03-14 17:06:09.347 9593 9657 E gralloc4: Empty SMPTE 2094-40 data
03-14 17:06:09.364 9593 9657 E gralloc4: Empty SMPTE 2094-40 data
03-14 17:06:09.388 9593 9657 E gralloc4: Empty SMPTE 2094-40 data
03-14 17:06:09.404 9593 9657 E gralloc4: Empty SMPTE 2094-40 data
03-14 17:06:09.415 9593 9657 E gralloc4: Empty SMPTE 2094-40 data
03-14 17:06:09.437 9593 9657 E gralloc4: Empty SMPTE 2094-40 data
03-14 17:06:09.462 9593 9657 E gralloc4: Empty SMPTE 2094-40 data
03-14 17:06:09.483 9593 9657 E gralloc4: Empty SMPTE 2094-40 data
03-14 17:06:09.522 9593 9657 E gralloc4: Empty SMPTE 2094-40 data
03-14 17:06:09.535 9593 9657 E gralloc4: Empty SMPTE 2094-40 data
03-14 17:06:09.548 9593 9657 E gralloc4: Empty SMPTE 2094-40 data
03-14 17:06:09.564 9593 9657 E gralloc4: Empty SMPTE 2094-40 data
03-14 17:06:09.572 9593 9657 E gralloc4: Empty SMPTE 2094-40 data
03-14 17:06:09.585 9593 9657 E gralloc4: Empty SMPTE 2094-40 data
03-14 17:06:09.602 9593 9657 E gralloc4: Empty SMPTE 2094-40 data
03-14 17:06:09.612 9593 9657 E gralloc4: Empty SMPTE 2094-40 data
03-14 17:06:09.635 9593 9657 E gralloc4: Empty SMPTE 2094-40 data
03-14 17:06:09.653 9593 9657 E gralloc4: Empty SMPTE 2094-40 data
03-14 17:06:09.662 9593 9657 E gralloc4: Empty SMPTE 2094-40 data
03-14 17:06:09.678 9593 9657 E gralloc4: Empty SMPTE 2094-40 data
03-14 17:06:09.706 9593 9657 E gralloc4: Empty SMPTE 2094-40 data
03-14 17:06:09.715 9593 9657 E gralloc4: Empty SMPTE 2094-40 data
03-14 17:06:09.734 9593 9657 E gralloc4: Empty SMPTE 2094-40 data
03-14 17:06:09.746 9593 9657 E gralloc4: Empty SMPTE 2094-40 data
03-14 17:06:09.766 9593 9657 E gralloc4: Empty SMPTE 2094-40 data
03-14 17:06:09.791 9593 9657 E gralloc4: Empty SMPTE 2094-40 data
03-14 17:06:09.816 9593 9657 E gralloc4: Empty SMPTE 2094-40 data
03-14 17:06:09.834 9593 9657 E gralloc4: Empty SMPTE 2094-40 data
03-14 17:06:09.852 9593 9657 E gralloc4: Empty SMPTE 2094-40 data
03-14 17:06:09.872 9593 9657 E gralloc4: Empty SMPTE 2094-40 data
03-14 17:06:09.890 9593 9657 E gralloc4: Empty SMPTE 2094-40 data
03-14 17:06:09.901 9593 9657 E gralloc4: Empty SMPTE 2094-40 data
03-14 17:06:09.913 9593 9657 E gralloc4: Empty SMPTE 2094-40 data
03-14 17:06:10.002 9593 9657 E gralloc4: Empty SMPTE 2094-40 data
03-14 17:06:10.021 9593 9657 E gralloc4: Empty SMPTE 2094-40 data
03-14 17:06:10.031 9593 9657 E gralloc4: Empty SMPTE 2094-40 data
03-14 17:06:10.046 9593 9657 E gralloc4: Empty SMPTE 2094-40 data
03-14 17:06:10.064 9593 9657 E gralloc4: Empty SMPTE 2094-40 data
03-14 17:06:10.086 9593 9657 E gralloc4: Empty SMPTE 2094-40 data
03-14 17:06:10.097 9593 9657 E gralloc4: Empty SMPTE 2094-40 data
03-14 17:06:10.115 9593 9657 E gralloc4: Empty SMPTE 2094-40 data
03-14 17:06:10.130 9593 9657 E gralloc4: Empty SMPTE 2094-40 data
03-14 17:06:10.146 9593 9657 E gralloc4: Empty SMPTE 2094-40 data
03-14 17:06:10.161 9593 9657 E gralloc4: Empty SMPTE 2094-40 data
03-14 17:06:10.178 9593 9657 E gralloc4: Empty SMPTE 2094-40 data
03-14 17:06:10.195 9593 9657 E gralloc4: Empty SMPTE 2094-40 data
03-14 17:06:10.211 9593 9657 E gralloc4: Empty SMPTE 2094-40 data
03-14 17:06:10.228 9593 9657 E gralloc4: Empty SMPTE 2094-40 data
03-14 17:06:10.230 9593 9593 E ArmVmp : Match on catch block at 0x0a in for
0x766bd9a035
03-14 17:06:10.234 9593 9593 E ArmVmp : Match on catch block at 0x0a in for
0x766bd9a035
03-14 17:06:10.246 9593 9657 E gralloc4: Empty SMPTE 2094-40 data
03-14 17:06:10.263 9593 9657 E gralloc4: Empty SMPTE 2094-40 data
03-14 17:06:10.270 9593 9593 E FileUtils: err write to mi_exception_log
03-14 17:06:10.279 9593 9657 E gralloc4: Empty SMPTE 2094-40 data
03-14 17:06:10.298 9593 9657 E gralloc4: Empty SMPTE 2094-40 data
03-14 17:06:10.316 9593 9657 E gralloc4: Empty SMPTE 2094-40 data
03-14 17:06:10.331 9593 9657 E gralloc4: Empty SMPTE 2094-40 data
03-14 17:06:10.348 9593 9657 E gralloc4: Empty SMPTE 2094-40 data
03-14 17:06:10.362 9593 9657 E gralloc4: Empty SMPTE 2094-40 data
03-14 17:06:10.379 9593 9657 E gralloc4: Empty SMPTE 2094-40 data
03-14 17:06:10.394 9593 9657 E gralloc4: Empty SMPTE 2094-40 data
03-14 17:06:10.412 9593 9657 E gralloc4: Empty SMPTE 2094-40 data
03-14 17:06:10.427 9593 9657 E gralloc4: Empty SMPTE 2094-40 data
03-14 17:06:10.430 9593 9593 E ArmVmp : Match on catch block at 0xc3 in for
0x766bd9a021
03-14 17:06:10.433 9593 9593 E ArmVmp : Match on catch block at 0xc3 in for
0x766bd9a021
03-14 17:06:10.445 9593 9657 E gralloc4: Empty SMPTE 2094-40 data
03-14 17:06:10.455 9593 9657 E gralloc4: Empty SMPTE 2094-40 data
03-14 17:06:10.456 9593 9657 W Parcel : Expecting binder but got null!
03-14 17:06:10.457 9593 9593 E FileUtils: err write to mi_exception_log
03-14 17:06:10.487 9593 9593 E ArmVmp : Match on catch block at 0xc3 in for
0x766bd9a025
03-14 17:06:10.489 9593 9593 E ArmVmp : Match on catch block at 0xc3 in for
0x766bd9a025
03-14 17:06:10.505 9593 9657 E gralloc4: Empty SMPTE 2094-40 data
03-14 17:06:10.517 9593 9657 E gralloc4: Empty SMPTE 2094-40 data
03-14 17:06:10.531 9593 9657 E gralloc4: Empty SMPTE 2094-40 data
03-14 17:06:10.536 9593 9593 E ArmVmp : Match on catch block at 0xc3 in for
0x766bd9a025
03-14 17:06:10.538 9593 9593 E ArmVmp : Match on catch block at 0xc3 in for
0x766bd9a025
03-14 17:06:10.547 9593 9657 E gralloc4: Empty SMPTE 2094-40 data
03-14 17:06:10.555 9593 9657 E gralloc4: Empty SMPTE 2094-40 data
03-14 17:06:10.565 9593 9657 E gralloc4: Empty SMPTE 2094-40 data
03-14 17:06:10.596 9593 9657 E gralloc4: Empty SMPTE 2094-40 data
03-14 17:06:10.603 9593 9593 E ArmVmp : Match on catch block at 0xc3 in for
0x766bd9a025
03-14 17:06:10.605 9593 9593 E ArmVmp : Match on catch block at 0xc3 in for
0x766bd9a025
03-14 17:06:10.615 9593 9657 E gralloc4: Empty SMPTE 2094-40 data
03-14 17:06:10.624 9593 9657 E gralloc4: Empty SMPTE 2094-40 data
03-14 17:06:10.630 9593 9657 E gralloc4: Empty SMPTE 2094-40 data
03-14 17:06:10.648 9593 9657 E gralloc4: Empty SMPTE 2094-40 data
03-14 17:06:10.666 9593 9657 E gralloc4: Empty SMPTE 2094-40 data
03-14 17:06:10.679 9593 9593 E ArmVmp : Match on catch block at 0xc3 in for
0x766bd9a025
03-14 17:06:10.681 9593 9657 E gralloc4: Empty SMPTE 2094-40 data
03-14 17:06:10.683 9593 9593 E ArmVmp : Match on catch block at 0xc3 in for
0x766bd9a025
03-14 17:06:10.692 9593 9657 E gralloc4: Empty SMPTE 2094-40 data
03-14 17:06:10.699 9593 9657 E gralloc4: Empty SMPTE 2094-40 data
03-14 17:06:10.713 9593 9657 E gralloc4: Empty SMPTE 2094-40 data
03-14 17:06:10.716 9593 9593 E ArmVmp : Match on catch block at 0xc3 in for
0x766bd9a025
03-14 17:06:10.718 9593 9593 E ArmVmp : Match on catch block at 0xc3 in for
0x766bd9a025
03-14 17:06:10.729 9593 9657 E gralloc4: Empty SMPTE 2094-40 data
03-14 17:06:10.742 9593 9593 E ArmVmp : Match on catch block at 0xc3 in for
0x766bd9a025
03-14 17:06:10.746 9593 9593 E ArmVmp : Match on catch block at 0xc3 in for
0x766bd9a025
03-14 17:06:10.747 9593 9657 E gralloc4: Empty SMPTE 2094-40 data
03-14 17:06:10.757 9593 9657 E gralloc4: Empty SMPTE 2094-40 data
03-14 17:06:10.772 9593 9593 E ArmVmp : Match on catch block at 0xc3 in for
0x766bd9a025
03-14 17:06:10.776 9593 9657 E gralloc4: Empty SMPTE 2094-40 data
03-14 17:06:10.777 9593 9593 E ArmVmp : Match on catch block at 0xc3 in for
0x766bd9a025
03-14 17:06:10.784 9593 9657 E gralloc4: Empty SMPTE 2094-40 data
03-14 17:06:10.813 9593 9657 E gralloc4: Empty SMPTE 2094-40 data
03-14 17:06:10.832 9593 9657 E gralloc4: Empty SMPTE 2094-40 data
03-14 17:06:10.845 9593 9657 E gralloc4: Empty SMPTE 2094-40 data
03-14 17:06:10.863 9593 9657 E gralloc4: Empty SMPTE 2094-40 data
03-14 17:06:10.882 9593 9657 E gralloc4: Empty SMPTE 2094-40 data
03-14 17:06:10.891 9593 9657 E gralloc4: Empty SMPTE 2094-40 data
03-14 17:06:10.905 9593 9657 E gralloc4: Empty SMPTE 2094-40 data
03-14 17:06:10.991 9593 9657 E gralloc4: Empty SMPTE 2094-40 data
03-14 17:06:10.992 9593 9657 W Parcel : Expecting binder but got null!
03-14 17:06:11.003 9593 9657 E gralloc4: Empty SMPTE 2094-40 data
03-14 17:06:11.013 9593 9657 E gralloc4: Empty SMPTE 2094-40 data
03-14 17:06:11.020 9593 9657 E gralloc4: Empty SMPTE 2094-40 data
03-14 17:06:11.037 9593 9657 E gralloc4: Empty SMPTE 2094-40 data
03-14 17:06:11.054 9593 9657 E gralloc4: Empty SMPTE 2094-40 data
03-14 17:06:11.070 9593 9657 E gralloc4: Empty SMPTE 2094-40 data
03-14 17:06:11.086 9593 9593 E ArmVmp : Match on catch block at 0xc3 in for
0x766bd9a025
03-14 17:06:11.087 9593 9657 E gralloc4: Empty SMPTE 2094-40 data
03-14 17:06:11.091 9593 9593 E ArmVmp : Match on catch block at 0xc3 in for
0x766bd9a025
03-14 17:06:11.097 9593 9657 E gralloc4: Empty SMPTE 2094-40 data
03-14 17:06:11.103 9593 9593 E ArmVmp : Match on catch block at 0xc3 in for
0x766bd9a025
03-14 17:06:11.104 9593 9657 E gralloc4: Empty SMPTE 2094-40 data
03-14 17:06:11.106 9593 9593 E ArmVmp : Match on catch block at 0xc3 in for
0x766bd9a025
03-14 17:06:11.112 9593 9657 E gralloc4: Empty SMPTE 2094-40 data
03-14 17:06:11.122 9593 9657 E gralloc4: Empty SMPTE 2094-40 data
03-14 17:06:11.122 9593 9593 E ArmVmp : Match on catch block at 0xc3 in for
0x766bd9a025
03-14 17:06:11.126 9593 9593 E ArmVmp : Match on catch block at 0xc3 in for
0x766bd9a025
03-14 17:06:11.132 9593 9657 E gralloc4: Empty SMPTE 2094-40 data
03-14 17:06:11.136 9593 9593 E ArmVmp : Match on catch block at 0xc3 in for
0x766bd9a025
03-14 17:06:11.137 9593 9657 E gralloc4: Empty SMPTE 2094-40 data
03-14 17:06:11.141 9593 9593 E ArmVmp : Match on catch block at 0xc3 in for
0x766bd9a025
03-14 17:06:11.147 9593 9657 E gralloc4: Empty SMPTE 2094-40 data
03-14 17:06:11.152 9593 9593 E ArmVmp : Match on catch block at 0xc3 in for
0x766bd9a025
03-14 17:06:11.154 9593 9657 E gralloc4: Empty SMPTE 2094-40 data
03-14 17:06:11.155 9593 9593 E ArmVmp : Match on catch block at 0xc3 in for
0x766bd9a025
03-14 17:06:11.161 9593 9657 E gralloc4: Empty SMPTE 2094-40 data
03-14 17:06:11.169 9593 9593 E ArmVmp : Match on catch block at 0xc3 in for
0x766bd9a025
03-14 17:06:11.170 9593 9657 E gralloc4: Empty SMPTE 2094-40 data
03-14 17:06:11.172 9593 9593 E ArmVmp : Match on catch block at 0xc3 in for
0x766bd9a025
03-14 17:06:11.179 9593 9657 E gralloc4: Empty SMPTE 2094-40 data
03-14 17:06:11.186 9593 9593 E ArmVmp : Match on catch block at 0xc3 in for
0x766bd9a025
03-14 17:06:11.188 9593 9657 E gralloc4: Empty SMPTE 2094-40 data
03-14 17:06:11.188 9593 9593 E ArmVmp : Match on catch block at 0xc3 in for
0x766bd9a025
03-14 17:06:11.196 9593 9657 E gralloc4: Empty SMPTE 2094-40 data
03-14 17:06:11.203 9593 9593 E ArmVmp : Match on catch block at 0xc3 in for
0x766bd9a025
03-14 17:06:11.204 9593 9657 E gralloc4: Empty SMPTE 2094-40 data
03-14 17:06:11.206 9593 9593 E ArmVmp : Match on catch block at 0xc3 in for
0x766bd9a025
03-14 17:06:11.213 9593 9657 E gralloc4: Empty SMPTE 2094-40 data
03-14 17:06:11.219 9593 9593 E ArmVmp : Match on catch block at 0xc3 in for
0x766bd9a025
03-14 17:06:11.220 9593 9657 E gralloc4: Empty SMPTE 2094-40 data
03-14 17:06:11.222 9593 9593 E ArmVmp : Match on catch block at 0xc3 in for
0x766bd9a025
03-14 17:06:11.229 9593 9657 E gralloc4: Empty SMPTE 2094-40 data
03-14 17:06:11.235 9593 9593 E ArmVmp : Match on catch block at 0xc3 in for
0x766bd9a025
03-14 17:06:11.237 9593 9657 E gralloc4: Empty SMPTE 2094-40 data
03-14 17:06:11.239 9593 9593 E ArmVmp : Match on catch block at 0xc3 in for
0x766bd9a025
03-14 17:06:11.244 9593 9657 E gralloc4: Empty SMPTE 2094-40 data
03-14 17:06:11.253 9593 9593 E ArmVmp : Match on catch block at 0xc3 in for
0x766bd9a025
03-14 17:06:11.254 9593 9657 E gralloc4: Empty SMPTE 2094-40 data
03-14 17:06:11.256 9593 9593 E ArmVmp : Match on catch block at 0xc3 in for
0x766bd9a025
03-14 17:06:11.263 9593 9657 E gralloc4: Empty SMPTE 2094-40 data
03-14 17:06:11.269 9593 9657 E gralloc4: Empty SMPTE 2094-40 data
03-14 17:06:11.270 9593 9593 E ArmVmp : Match on catch block at 0xc3 in for
0x766bd9a025
03-14 17:06:11.274 9593 9593 E ArmVmp : Match on catch block at 0xc3 in for
0x766bd9a025
03-14 17:06:11.284 9593 9657 E gralloc4: Empty SMPTE 2094-40 data
03-14 17:06:11.307 9593 9657 E gralloc4: Empty SMPTE 2094-40 data
03-14 17:06:11.324 9593 9657 E gralloc4: Empty SMPTE 2094-40 data
03-14 17:06:11.341 9593 9657 E gralloc4: Empty SMPTE 2094-40 data
03-14 17:06:11.349 9593 9593 E FileUtils: err write to mi_exception_log
03-14 17:06:11.352 9593 9657 E gralloc4: Empty SMPTE 2094-40 data
03-14 17:06:11.358 9593 9657 E gralloc4: Empty SMPTE 2094-40 data
03-14 17:06:11.363 9593 9593 E ArmVmp : Match on catch block at 0xc3 in for
0x766bd9a025
03-14 17:06:11.366 9593 9593 E ArmVmp : Match on catch block at 0xc3 in for
0x766bd9a025
03-14 17:06:11.374 9593 9657 E gralloc4: Empty SMPTE 2094-40 data
03-14 17:06:11.393 9593 9657 E gralloc4: Empty SMPTE 2094-40 data
03-14 17:06:11.411 9593 9657 E gralloc4: Empty SMPTE 2094-40 data
03-14 17:06:11.411 9593 9657 W Parcel : Expecting binder but got null!
03-14 17:06:11.412 9593 9593 E FileUtils: err write to mi_exception_log
03-14 17:06:11.418 9593 9657 E gralloc4: Empty SMPTE 2094-40 data
03-14 17:06:11.422 9593 9593 E ArmVmp : Match on catch block at 0xc3 in for
0x766bd9a025
03-14 17:06:11.422 9593 9657 E gralloc4: Empty SMPTE 2094-40 data
03-14 17:06:11.426 9593 9593 E ArmVmp : Match on catch block at 0xc3 in for
0x766bd9a025
03-14 17:06:11.434 9593 9657 E gralloc4: Empty SMPTE 2094-40 data
03-14 17:06:11.458 9593 9657 E gralloc4: Empty SMPTE 2094-40 data
03-14 17:06:11.469 9593 9657 E gralloc4: Empty SMPTE 2094-40 data
03-14 17:06:11.474 9593 9593 E ArmVmp : Match on catch block at 0xc3 in for
0x766bd9a025
03-14 17:06:11.474 9593 9657 E gralloc4: Empty SMPTE 2094-40 data
03-14 17:06:11.476 9593 9593 E ArmVmp : Match on catch block at 0xc3 in for
0x766bd9a025
03-14 17:06:11.479 9593 9657 E gralloc4: Empty SMPTE 2094-40 data
03-14 17:06:11.490 9593 9657 E gralloc4: Empty SMPTE 2094-40 data
03-14 17:06:11.495 9593 9657 E gralloc4: Empty SMPTE 2094-40 data
03-14 17:06:11.500 9593 9657 E gralloc4: Empty SMPTE 2094-40 data
03-14 17:06:11.504 9593 9593 E ArmVmp : Match on catch block at 0xc3 in for
0x766bd9a025
03-14 17:06:11.505 9593 9657 E gralloc4: Empty SMPTE 2094-40 data
03-14 17:06:11.507 9593 9593 E ArmVmp : Match on catch block at 0xc3 in for
0x766bd9a025
03-14 17:06:11.515 9593 9657 E gralloc4: Empty SMPTE 2094-40 data
03-14 17:06:11.525 9593 9657 E gralloc4: Empty SMPTE 2094-40 data
03-14 17:06:11.530 9593 9657 E gralloc4: Empty SMPTE 2094-40 data
03-14 17:06:11.532 9593 9593 E ArmVmp : Match on catch block at 0xc3 in for
0x766bd9a025
03-14 17:06:11.534 9593 9593 E ArmVmp : Match on catch block at 0xc3 in for
0x766bd9a025
03-14 17:06:11.535 9593 9657 E gralloc4: Empty SMPTE 2094-40 data
03-14 17:06:11.543 9593 9657 E gralloc4: Empty SMPTE 2094-40 data
03-14 17:06:11.545 9593 9593 E ArmVmp : Match on catch block at 0xc3 in for
0x766bd9a025
03-14 17:06:11.546 9593 9657 E gralloc4: Empty SMPTE 2094-40 data
03-14 17:06:11.548 9593 9593 E ArmVmp : Match on catch block at 0xc3 in for
0x766bd9a025
03-14 17:06:11.554 9593 9593 E ArmVmp : Match on catch block at 0xc3 in for
0x766bd9a025
03-14 17:06:11.555 9593 9657 E gralloc4: Empty SMPTE 2094-40 data
03-14 17:06:11.556 9593 9593 E ArmVmp : Match on catch block at 0xc3 in for
0x766bd9a025
03-14 17:06:11.562 9593 9657 E gralloc4: Empty SMPTE 2094-40 data
03-14 17:06:11.576 9593 9657 E gralloc4: Empty SMPTE 2094-40 data
03-14 17:06:11.582 9593 9657 E gralloc4: Empty SMPTE 2094-40 data
03-14 17:06:11.584 9593 9593 E ArmVmp : Match on catch block at 0xc3 in for
0x766bd9a025
03-14 17:06:11.586 9593 9593 E ArmVmp : Match on catch block at 0xc3 in for
0x766bd9a025
03-14 17:06:11.591 9593 9657 E gralloc4: Empty SMPTE 2094-40 data
03-14 17:06:11.607 9593 9657 E gralloc4: Empty SMPTE 2094-40 data
03-14 17:06:11.623 9593 9657 E gralloc4: Empty SMPTE 2094-40 data
03-14 17:06:11.641 9593 9657 E gralloc4: Empty SMPTE 2094-40 data
03-14 17:06:11.656 9593 9657 E gralloc4: Empty SMPTE 2094-40 data
03-14 17:06:11.673 9593 9657 E gralloc4: Empty SMPTE 2094-40 data
03-14 17:06:11.689 9593 9657 E gralloc4: Empty SMPTE 2094-40 data
03-14 17:06:11.699 9593 9657 E gralloc4: Empty SMPTE 2094-40 data
03-14 17:06:11.705 9593 9657 E gralloc4: Empty SMPTE 2094-40 data
03-14 17:06:11.712 9593 9657 E gralloc4: Empty SMPTE 2094-40 data
03-14 17:06:11.723 9593 9657 E gralloc4: Empty SMPTE 2094-40 data
03-14 17:06:11.728 9593 9657 E gralloc4: Empty SMPTE 2094-40 data
03-14 17:06:11.740 9593 9657 E gralloc4: Empty SMPTE 2094-40 data
03-14 17:06:11.757 9593 9657 E gralloc4: Empty SMPTE 2094-40 data
03-14 17:06:11.760 9593 9657 E gralloc4: Empty SMPTE 2094-40 data
03-14 17:06:11.765 9593 9593 E ArmVmp : Match on catch block at 0xc3 in for
0x766bd9a025
03-14 17:06:11.767 9593 9657 E gralloc4: Empty SMPTE 2094-40 data
03-14 17:06:11.768 9593 9593 E ArmVmp : Match on catch block at 0xc3 in for
0x766bd9a025
03-14 17:06:11.774 9593 9657 E gralloc4: Empty SMPTE 2094-40 data
03-14 17:06:11.787 9593 9657 E gralloc4: Empty SMPTE 2094-40 data
03-14 17:06:11.791 9593 9657 E gralloc4: Empty SMPTE 2094-40 data
03-14 17:06:11.798 9593 9657 E gralloc4: Empty SMPTE 2094-40 data
03-14 17:06:11.806 9593 9657 E gralloc4: Empty SMPTE 2094-40 data
03-14 17:06:11.810 9593 9657 E gralloc4: Empty SMPTE 2094-40 data
03-14 17:06:11.822 9593 9657 E gralloc4: Empty SMPTE 2094-40 data
03-14 17:06:11.827 9593 9657 E gralloc4: Empty SMPTE 2094-40 data
03-14 17:06:11.838 9593 9657 E gralloc4: Empty SMPTE 2094-40 data
03-14 17:06:11.848 9593 9657 E gralloc4: Empty SMPTE 2094-40 data
03-14 17:06:11.857 9593 9657 E gralloc4: Empty SMPTE 2094-40 data
03-14 17:06:11.863 9593 9657 E gralloc4: Empty SMPTE 2094-40 data
03-14 17:06:11.873 9593 9657 E gralloc4: Empty SMPTE 2094-40 data
03-14 17:06:11.881 9593 9657 E gralloc4: Empty SMPTE 2094-40 data
03-14 17:06:11.889 9593 9657 E gralloc4: Empty SMPTE 2094-40 data
03-14 17:06:11.894 9593 9657 E gralloc4: Empty SMPTE 2094-40 data
03-14 17:06:11.905 9593 9657 E gralloc4: Empty SMPTE 2094-40 data
03-14 17:06:11.910 9593 9657 E gralloc4: Empty SMPTE 2094-40 data
03-14 17:06:11.922 9593 9657 E gralloc4: Empty SMPTE 2094-40 data
03-14 17:06:11.926 9593 9657 E gralloc4: Empty SMPTE 2094-40 data
03-14 17:06:11.939 9593 9657 E gralloc4: Empty SMPTE 2094-40 data
03-14 17:06:11.944 9593 9657 E gralloc4: Empty SMPTE 2094-40 data
03-14 17:06:11.956 9593 9657 E gralloc4: Empty SMPTE 2094-40 data
03-14 17:06:11.962 9593 9657 E gralloc4: Empty SMPTE 2094-40 data
03-14 17:06:11.973 9593 9657 E gralloc4: Empty SMPTE 2094-40 data
03-14 17:06:11.979 9593 9657 E gralloc4: Empty SMPTE 2094-40 data
03-14 17:06:11.987 9593 9657 E gralloc4: Empty SMPTE 2094-40 data
03-14 17:06:11.996 9593 9657 E gralloc4: Empty SMPTE 2094-40 data
03-14 17:06:12.001 9593 9657 E gralloc4: Empty SMPTE 2094-40 data
03-14 17:06:12.006 9593 9657 E gralloc4: Empty SMPTE 2094-40 data
03-14 17:06:12.023 9593 9657 E gralloc4: Empty SMPTE 2094-40 data
03-14 17:06:12.039 9593 9657 E gralloc4: Empty SMPTE 2094-40 data
03-14 17:06:12.054 9593 9657 E gralloc4: Empty SMPTE 2094-40 data
03-14 17:06:12.069 9593 9657 E gralloc4: Empty SMPTE 2094-40 data
03-14 17:06:12.073 9593 9657 E gralloc4: Empty SMPTE 2094-40 data
03-14 17:06:12.085 9593 9657 E gralloc4: Empty SMPTE 2094-40 data
03-14 17:06:12.099 9593 9593 E ArmVmp : Match on catch block at 0xc3 in for
0x766bd9a025
03-14 17:06:12.101 9593 9593 E ArmVmp : Match on catch block at 0xc3 in for
0x766bd9a025
03-14 17:06:12.105 9593 9657 E gralloc4: Empty SMPTE 2094-40 data
03-14 17:06:12.111 9593 9657 E gralloc4: Empty SMPTE 2094-40 data
03-14 17:06:12.115 9593 9593 E ArmVmp : Match on catch block at 0xc3 in for
0x766bd9a025
03-14 17:06:12.117 9593 9593 E ArmVmp : Match on catch block at 0xc3 in for
0x766bd9a025
03-14 17:06:12.121 9593 9657 E gralloc4: Empty SMPTE 2094-40 data
03-14 17:06:12.131 9593 9657 E gralloc4: Empty SMPTE 2094-40 data
03-14 17:06:12.138 9593 9657 E gralloc4: Empty SMPTE 2094-40 data
03-14 17:06:12.153 9593 9657 E gralloc4: Empty SMPTE 2094-40 data
03-14 17:06:12.160 9593 9657 E gralloc4: Empty SMPTE 2094-40 data
03-14 17:06:12.163 9593 9593 E ArmVmp : Match on catch block at 0xc3 in for
0x766bd9a025
03-14 17:06:12.165 9593 9593 E ArmVmp : Match on catch block at 0xc3 in for
0x766bd9a025
03-14 17:06:12.171 9593 9657 E gralloc4: Empty SMPTE 2094-40 data
03-14 17:06:12.174 9593 9657 E gralloc4: Empty SMPTE 2094-40 data
03-14 17:06:12.188 9593 9657 E gralloc4: Empty SMPTE 2094-40 data
03-14 17:06:12.194 9593 9657 E gralloc4: Empty SMPTE 2094-40 data
03-14 17:06:12.195 9593 9657 W Parcel : Expecting binder but got null!
03-14 17:06:12.203 9593 9657 E gralloc4: Empty SMPTE 2094-40 data
03-14 17:06:12.206 9593 9593 E ArmVmp : Match on catch block at 0xc3 in for
0x766bd9a025
03-14 17:06:12.208 9593 9593 E ArmVmp : Match on catch block at 0xc3 in for
0x766bd9a025
03-14 17:06:12.212 9593 9657 E gralloc4: Empty SMPTE 2094-40 data
03-14 17:06:12.222 9593 9657 E gralloc4: Empty SMPTE 2094-40 data
03-14 17:06:12.229 9593 9657 E gralloc4: Empty SMPTE 2094-40 data
03-14 17:06:12.231 9593 9657 E gralloc4: Empty SMPTE 2094-40 data
03-14 17:06:12.235 9593 9657 E gralloc4: Empty SMPTE 2094-40 data
03-14 17:06:12.242 9593 9593 E ArmVmp : Match on catch block at 0xc3 in for
0x766bd9a025
03-14 17:06:12.245 9593 9593 E ArmVmp : Match on catch block at 0xc3 in for
0x766bd9a025
03-14 17:06:12.255 9593 9657 E gralloc4: Empty SMPTE 2094-40 data
03-14 17:06:12.260 9593 9657 E gralloc4: Empty SMPTE 2094-40 data
03-14 17:06:12.264 9593 9657 E gralloc4: Empty SMPTE 2094-40 data
03-14 17:06:12.268 9593 9657 E gralloc4: Empty SMPTE 2094-40 data
03-14 17:06:12.273 9593 9593 E ArmVmp : Match on catch block at 0xc3 in for
0x766bd9a025
03-14 17:06:12.276 9593 9593 E ArmVmp : Match on catch block at 0xc3 in for
0x766bd9a025
03-14 17:06:12.288 9593 9657 E gralloc4: Empty SMPTE 2094-40 data
03-14 17:06:12.295 9593 9657 E gralloc4: Empty SMPTE 2094-40 data
03-14 17:06:12.297 9593 9657 E gralloc4: Empty SMPTE 2094-40 data
03-14 17:06:12.301 9593 9657 E gralloc4: Empty SMPTE 2094-40 data
03-14 17:06:12.318 9593 9593 E ArmVmp : Match on catch block at 0xc3 in for
0x766bd9a025
03-14 17:06:12.319 9593 9657 E gralloc4: Empty SMPTE 2094-40 data
03-14 17:06:12.320 9593 9593 E ArmVmp : Match on catch block at 0xc3 in for
0x766bd9a025
03-14 17:06:12.323 9593 9657 E gralloc4: Empty SMPTE 2094-40 data
03-14 17:06:12.335 9593 9657 E gralloc4: Empty SMPTE 2094-40 data
03-14 17:06:12.338 9593 9657 E gralloc4: Empty SMPTE 2094-40 data
03-14 17:06:12.338 9593 9593 E ArmVmp : Match on catch block at 0xc3 in for
0x766bd9a025
03-14 17:06:12.340 9593 9593 E ArmVmp : Match on catch block at 0xc3 in for
0x766bd9a025
03-14 17:06:12.342 9593 9657 E gralloc4: Empty SMPTE 2094-40 data
03-14 17:06:12.353 9593 9657 E gralloc4: Empty SMPTE 2094-40 data
03-14 17:06:12.356 9593 9657 E gralloc4: Empty SMPTE 2094-40 data
03-14 17:06:12.359 9593 9593 E ArmVmp : Match on catch block at 0xc3 in for
0x766bd9a025
03-14 17:06:12.360 9593 9657 E gralloc4: Empty SMPTE 2094-40 data
03-14 17:06:12.362 9593 9593 E ArmVmp : Match on catch block at 0xc3 in for
0x766bd9a025
03-14 17:06:12.371 9593 9657 E gralloc4: Empty SMPTE 2094-40 data
03-14 17:06:12.376 9593 9657 E gralloc4: Empty SMPTE 2094-40 data
03-14 17:06:12.379 9593 9657 E gralloc4: Empty SMPTE 2094-40 data
03-14 17:06:12.388 9593 9657 E gralloc4: Empty SMPTE 2094-40 data
03-14 17:06:12.391 9593 9657 E gralloc4: Empty SMPTE 2094-40 data
03-14 17:06:12.404 9593 9657 E gralloc4: Empty SMPTE 2094-40 data
03-14 17:06:12.421 9593 9657 E gralloc4: Empty SMPTE 2094-40 data
03-14 17:06:12.438 9593 9657 E gralloc4: Empty SMPTE 2094-40 data
03-14 17:06:12.455 9593 9657 E gralloc4: Empty SMPTE 2094-40 data
03-14 17:06:12.471 9593 9657 E gralloc4: Empty SMPTE 2094-40 data
03-14 17:06:12.487 9593 9657 E gralloc4: Empty SMPTE 2094-40 data
03-14 17:06:12.504 9593 9657 E gralloc4: Empty SMPTE 2094-40 data
03-14 17:06:12.520 9593 9657 E gralloc4: Empty SMPTE 2094-40 data
03-14 17:06:12.536 9593 9657 E gralloc4: Empty SMPTE 2094-40 data
03-14 17:06:12.550 9593 9657 E gralloc4: Empty SMPTE 2094-40 data
03-14 17:06:12.570 9593 9657 E gralloc4: Empty SMPTE 2094-40 data
03-14 17:06:12.586 9593 9657 E gralloc4: Empty SMPTE 2094-40 data
03-14 17:06:12.608 9593 9657 E gralloc4: Empty SMPTE 2094-40 data
03-14 17:06:12.622 9593 9657 E gralloc4: Empty SMPTE 2094-40 data
03-14 17:06:12.641 9593 9657 E gralloc4: Empty SMPTE 2094-40 data
03-14 17:06:12.655 9593 9657 E gralloc4: Empty SMPTE 2094-40 data
03-14 17:06:12.673 9593 9657 E gralloc4: Empty SMPTE 2094-40 data
03-14 17:06:12.689 9593 9657 E gralloc4: Empty SMPTE 2094-40 data
03-14 17:06:12.705 9593 9657 E gralloc4: Empty SMPTE 2094-40 data
03-14 17:06:12.722 9593 9657 E gralloc4: Empty SMPTE 2094-40 data
03-14 17:06:12.741 9593 9657 E gralloc4: Empty SMPTE 2094-40 data
03-14 17:06:12.753 9593 9657 E gralloc4: Empty SMPTE 2094-40 data
03-14 17:06:12.770 9593 9657 E gralloc4: Empty SMPTE 2094-40 data
03-14 17:06:12.788 9593 9657 E gralloc4: Empty SMPTE 2094-40 data
03-14 17:06:12.806 9593 9657 E gralloc4: Empty SMPTE 2094-40 data
03-14 17:06:12.822 9593 9657 E gralloc4: Empty SMPTE 2094-40 data
03-14 17:06:12.836 9593 9657 E gralloc4: Empty SMPTE 2094-40 data
03-14 17:06:12.855 9593 9657 E gralloc4: Empty SMPTE 2094-40 data
03-14 17:06:12.870 9593 9657 E gralloc4: Empty SMPTE 2094-40 data
03-14 17:06:12.886 9593 9657 E gralloc4: Empty SMPTE 2094-40 data
03-14 17:06:12.903 9593 9657 E gralloc4: Empty SMPTE 2094-40 data
03-14 17:06:12.920 9593 9657 E gralloc4: Empty SMPTE 2094-40 data
03-14 17:06:12.936 9593 9657 E gralloc4: Empty SMPTE 2094-40 data
03-14 17:06:12.952 9593 9657 E gralloc4: Empty SMPTE 2094-40 data
03-14 17:06:12.963 9593 9593 E ArmVmp : Match on catch block at 0xc3 in for
0x766bd9a025
03-14 17:06:12.967 9593 9593 E ArmVmp : Match on catch block at 0xc3 in for
0x766bd9a025
03-14 17:06:12.988 9593 9657 E gralloc4: Empty SMPTE 2094-40 data
03-14 17:06:12.998 9593 9657 E gralloc4: Empty SMPTE 2094-40 data
03-14 17:06:13.006 9593 9593 E ArmVmp : Match on catch block at 0xc3 in for
0x766bd9a025
03-14 17:06:13.010 9593 9593 E ArmVmp : Match on catch block at 0xc3 in for
0x766bd9a025
03-14 17:06:13.027 9593 9657 E gralloc4: Empty SMPTE 2094-40 data
03-14 17:06:13.039 9593 9657 E gralloc4: Empty SMPTE 2094-40 data
03-14 17:06:13.043 9593 9593 E ArmVmp : Match on catch block at 0xc3 in for
0x766bd9a025
03-14 17:06:13.046 9593 9593 E ArmVmp : Match on catch block at 0xc3 in for
0x766bd9a025
03-14 17:06:13.071 9593 9593 E ArmVmp : Match on catch block at 0xc3 in for
0x766bd9a025
03-14 17:06:13.072 9593 9657 E gralloc4: Empty SMPTE 2094-40 data
03-14 17:06:13.077 9593 9593 E ArmVmp : Match on catch block at 0xc3 in for
0x766bd9a025
03-14 17:06:13.102 9593 9657 E gralloc4: Empty SMPTE 2094-40 data
03-14 17:06:13.112 9593 9593 E ArmVmp : Match on catch block at 0xc3 in for
0x766bd9a025
03-14 17:06:13.113 9593 9657 E gralloc4: Empty SMPTE 2094-40 data
03-14 17:06:13.119 9593 9593 E ArmVmp : Match on catch block at 0xc3 in for
0x766bd9a025
03-14 17:06:13.144 9593 9593 E ArmVmp : Match on catch block at 0xc3 in for
0x766bd9a025
03-14 17:06:13.145 9593 9657 E gralloc4: Empty SMPTE 2094-40 data
03-14 17:06:13.148 9593 9593 E ArmVmp : Match on catch block at 0xc3 in for
0x766bd9a025
03-14 17:06:13.168 9593 9657 E gralloc4: Empty SMPTE 2094-40 data
03-14 17:06:13.178 9593 9657 E gralloc4: Empty SMPTE 2094-40 data
03-14 17:06:13.182 9593 9593 E ArmVmp : Match on catch block at 0xc3 in for
0x766bd9a025
03-14 17:06:13.188 9593 9593 E ArmVmp : Match on catch block at 0xc3 in for
0x766bd9a025
03-14 17:06:13.206 9593 9657 E gralloc4: Empty SMPTE 2094-40 data
03-14 17:06:13.224 9593 9593 E ArmVmp : Match on catch block at 0xc3 in for
0x766bd9a025
03-14 17:06:13.231 9593 9593 E ArmVmp : Match on catch block at 0xc3 in for
0x766bd9a025
03-14 17:06:13.254 9593 9657 E gralloc4: Empty SMPTE 2094-40 data
03-14 17:06:13.267 9593 9657 E gralloc4: Empty SMPTE 2094-40 data
03-14 17:06:19.706 9593 10712 W SQLiteLog: (28) double-quoted string literal: ""
03-14 17:06:20.355 9593 10712 W SQLiteLog: (28) double-quoted string literal: ""
03-14 17:06:20.363 9593 10712 E SQLiteLog: (1) no such table: messages_vcards in
"INSERT INTO messages_vcards(vcard,message_row_id,sender_jid,chat_jid) VALUES
(?,?,?,?)"
03-14 17:06:20.364 9593 10712 E SQLiteDatabase: Error inserting vcard=BEGIN:VCARD
03-14 17:06:20.364 9593 10712 E SQLiteDatabase: VERSION:3.0
03-14 17:06:20.364 9593 10712 E SQLiteDatabase: N:AUTOTUR;LIC;VICTOR;;
03-14 17:06:20.364 9593 10712 E SQLiteDatabase: FN:LIC VICTOR AUTOTUR
03-14 17:06:20.364 9593 10712 E SQLiteDatabase: item1.TEL;waid=5212293314610:+52
229 331 4610
03-14 17:06:20.364 9593 10712 E SQLiteDatabase: item1.X-ABLabel:Celular
03-14 17:06:20.364 9593 10712 E SQLiteDatabase: END:VCARD message_row_id=4677
sender_jid=5212293313604@s.whatsapp.net chat_jid=5218445425325@s.whatsapp.net
03-14 17:06:20.364 9593 10712 E SQLiteDatabase:
android.database.sqlite.SQLiteException: no such table: messages_vcards (code 1
SQLITE_ERROR): , while compiling: INSERT INTO
messages_vcards(vcard,message_row_id,sender_jid,chat_jid) VALUES (?,?,?,?)
03-14 17:06:20.364 9593 10712 E SQLiteDatabase: at
android.database.sqlite.SQLiteConnection.nativePrepareStatement(Native Method)
03-14 17:06:20.364 9593 10712 E SQLiteDatabase: at
android.database.sqlite.SQLiteConnection.acquirePreparedStatement(SQLiteConnection.
java:1068)
03-14 17:06:20.364 9593 10712 E SQLiteDatabase: at
android.database.sqlite.SQLiteConnection.prepare(SQLiteConnection.java:673)
03-14 17:06:20.364 9593 10712 E SQLiteDatabase: at
android.database.sqlite.SQLiteSession.prepare(SQLiteSession.java:590)
03-14 17:06:20.364 9593 10712 E SQLiteDatabase: at
android.database.sqlite.SQLiteProgram.<init>(SQLiteProgram.java:62)
03-14 17:06:20.364 9593 10712 E SQLiteDatabase: at
android.database.sqlite.SQLiteStatement.<init>(SQLiteStatement.java:34)
03-14 17:06:20.364 9593 10712 E SQLiteDatabase: at
android.database.sqlite.SQLiteDatabase.insertWithOnConflict(SQLiteDatabase.java:186
6)
03-14 17:06:20.364 9593 10712 E SQLiteDatabase: at
android.database.sqlite.SQLiteDatabase.insert(SQLiteDatabase.java:1737)
03-14 17:06:20.364 9593 10712 E SQLiteDatabase: at X.2tm.A08(Unknown
Source:6)
03-14 17:06:20.364 9593 10712 E SQLiteDatabase: at
com.mbwhatsapp.jobqueue.job.messagejob.AsyncMessageJob.A06(Unknown Source:300)
03-14 17:06:20.364 9593 10712 E SQLiteDatabase: at X.3e7.run(Unknown
Source:1006)
03-14 17:06:20.364 9593 10712 E SQLiteDatabase: at
java.util.concurrent.ThreadPoolExecutor.runWorker(ThreadPoolExecutor.java:1145)
03-14 17:06:20.364 9593 10712 E SQLiteDatabase: at
java.util.concurrent.ThreadPoolExecutor$Worker.run(ThreadPoolExecutor.java:644)
03-14 17:06:20.364 9593 10712 E SQLiteDatabase: at X.3e7.run(Unknown
Source:1130)
03-14 17:06:20.364 9593 10712 E SQLiteDatabase: at
java.lang.Thread.run(Thread.java:1012)
03-14 17:06:20.364 9593 10712 E SQLiteLog: (1) no such table: messages_vcards_jids
in "INSERT INTO messages_vcards_jids(vcard_row_id,message_row_id,vcard_jid) VALUES
(?,?,?)"
03-14 17:06:20.366 9593 10712 E SQLiteDatabase: Error inserting vcard_row_id=-1
message_row_id=4677 vcard_jid=5212293314610@s.whatsapp.net
03-14 17:06:20.366 9593 10712 E SQLiteDatabase:
android.database.sqlite.SQLiteException: no such table: messages_vcards_jids (code
1 SQLITE_ERROR): , while compiling: INSERT INTO
messages_vcards_jids(vcard_row_id,message_row_id,vcard_jid) VALUES (?,?,?)
03-14 17:06:20.366 9593 10712 E SQLiteDatabase: at
android.database.sqlite.SQLiteConnection.nativePrepareStatement(Native Method)
03-14 17:06:20.366 9593 10712 E SQLiteDatabase: at
android.database.sqlite.SQLiteConnection.acquirePreparedStatement(SQLiteConnection.
java:1068)
03-14 17:06:20.366 9593 10712 E SQLiteDatabase: at
android.database.sqlite.SQLiteConnection.prepare(SQLiteConnection.java:673)
03-14 17:06:20.366 9593 10712 E SQLiteDatabase: at
android.database.sqlite.SQLiteSession.prepare(SQLiteSession.java:590)
03-14 17:06:20.366 9593 10712 E SQLiteDatabase: at
android.database.sqlite.SQLiteProgram.<init>(SQLiteProgram.java:62)
03-14 17:06:20.366 9593 10712 E SQLiteDatabase: at
android.database.sqlite.SQLiteStatement.<init>(SQLiteStatement.java:34)
03-14 17:06:20.366 9593 10712 E SQLiteDatabase: at
android.database.sqlite.SQLiteDatabase.insertWithOnConflict(SQLiteDatabase.java:186
6)
03-14 17:06:20.366 9593 10712 E SQLiteDatabase: at
android.database.sqlite.SQLiteDatabase.insert(SQLiteDatabase.java:1737)
03-14 17:06:20.366 9593 10712 E SQLiteDatabase: at X.2tm.A08(Unknown
Source:6)
03-14 17:06:20.366 9593 10712 E SQLiteDatabase: at
com.mbwhatsapp.jobqueue.job.messagejob.AsyncMessageJob.A06(Unknown Source:355)
03-14 17:06:20.366 9593 10712 E SQLiteDatabase: at X.3e7.run(Unknown
Source:1006)
03-14 17:06:20.366 9593 10712 E SQLiteDatabase: at
java.util.concurrent.ThreadPoolExecutor.runWorker(ThreadPoolExecutor.java:1145)
03-14 17:06:20.366 9593 10712 E SQLiteDatabase: at
java.util.concurrent.ThreadPoolExecutor$Worker.run(ThreadPoolExecutor.java:644)
03-14 17:06:20.366 9593 10712 E SQLiteDatabase: at X.3e7.run(Unknown
Source:1130)
03-14 17:06:20.366 9593 10712 E SQLiteDatabase: at
java.lang.Thread.run(Thread.java:1012)
03-14 17:06:20.383 9593 10712 E SQLiteLog: (1) no such table: messages_vcards in
"INSERT INTO messages_vcards(vcard,message_row_id,sender_jid,chat_jid) VALUES
(?,?,?,?)"
03-14 17:06:20.384 9593 10712 E SQLiteDatabase: Error inserting vcard=BEGIN:VCARD
03-14 17:06:20.384 9593 10712 E SQLiteDatabase: VERSION:3.0
03-14 17:06:20.384 9593 10712 E SQLiteDatabase: N:;Karem;;;
03-14 17:06:20.384 9593 10712 E SQLiteDatabase: FN:Karem
03-14 17:06:20.384 9593 10712 E SQLiteDatabase: item1.TEL;waid=5212282300056:+52
228 230 0056
03-14 17:06:20.384 9593 10712 E SQLiteDatabase: item1.X-ABLabel:Celular
03-14 17:06:20.384 9593 10712 E SQLiteDatabase: END:VCARD message_row_id=4679
sender_jid=5212293313604@s.whatsapp.net chat_jid=5218445425325@s.whatsapp.net
03-14 17:06:20.384 9593 10712 E SQLiteDatabase:
android.database.sqlite.SQLiteException: no such table: messages_vcards (code 1
SQLITE_ERROR): , while compiling: INSERT INTO
messages_vcards(vcard,message_row_id,sender_jid,chat_jid) VALUES (?,?,?,?)
03-14 17:06:20.384 9593 10712 E SQLiteDatabase: at
android.database.sqlite.SQLiteConnection.nativePrepareStatement(Native Method)
03-14 17:06:20.384 9593 10712 E SQLiteDatabase: at
android.database.sqlite.SQLiteConnection.acquirePreparedStatement(SQLiteConnection.
java:1068)
03-14 17:06:20.384 9593 10712 E SQLiteDatabase: at
android.database.sqlite.SQLiteConnection.prepare(SQLiteConnection.java:673)
03-14 17:06:20.384 9593 10712 E SQLiteDatabase: at
android.database.sqlite.SQLiteSession.prepare(SQLiteSession.java:590)
03-14 17:06:20.384 9593 10712 E SQLiteDatabase: at
android.database.sqlite.SQLiteProgram.<init>(SQLiteProgram.java:62)
03-14 17:06:20.384 9593 10712 E SQLiteDatabase: at
android.database.sqlite.SQLiteStatement.<init>(SQLiteStatement.java:34)
03-14 17:06:20.384 9593 10712 E SQLiteDatabase: at
android.database.sqlite.SQLiteDatabase.insertWithOnConflict(SQLiteDatabase.java:186
6)
03-14 17:06:20.384 9593 10712 E SQLiteDatabase: at
android.database.sqlite.SQLiteDatabase.insert(SQLiteDatabase.java:1737)
03-14 17:06:20.384 9593 10712 E SQLiteDatabase: at X.2tm.A08(Unknown
Source:6)
03-14 17:06:20.384 9593 10712 E SQLiteDatabase: at
com.mbwhatsapp.jobqueue.job.messagejob.AsyncMessageJob.A06(Unknown Source:300)
03-14 17:06:20.384 9593 10712 E SQLiteDatabase: at X.3e7.run(Unknown
Source:1006)
03-14 17:06:20.384 9593 10712 E SQLiteDatabase: at
java.util.concurrent.ThreadPoolExecutor.runWorker(ThreadPoolExecutor.java:1145)
03-14 17:06:20.384 9593 10712 E SQLiteDatabase: at
java.util.concurrent.ThreadPoolExecutor$Worker.run(ThreadPoolExecutor.java:644)
03-14 17:06:20.384 9593 10712 E SQLiteDatabase: at X.3e7.run(Unknown
Source:1130)
03-14 17:06:20.384 9593 10712 E SQLiteDatabase: at
java.lang.Thread.run(Thread.java:1012)
03-14 17:06:20.384 9593 10712 E SQLiteLog: (1) no such table: messages_vcards_jids
in "INSERT INTO messages_vcards_jids(vcard_row_id,message_row_id,vcard_jid) VALUES
(?,?,?)"
03-14 17:06:20.384 9593 10712 E SQLiteDatabase: Error inserting vcard_row_id=-1
message_row_id=4679 vcard_jid=5212282300056@s.whatsapp.net
03-14 17:06:20.384 9593 10712 E SQLiteDatabase:
android.database.sqlite.SQLiteException: no such table: messages_vcards_jids (code
1 SQLITE_ERROR): , while compiling: INSERT INTO
messages_vcards_jids(vcard_row_id,message_row_id,vcard_jid) VALUES (?,?,?)
03-14 17:06:20.384 9593 10712 E SQLiteDatabase: at
android.database.sqlite.SQLiteConnection.nativePrepareStatement(Native Method)
03-14 17:06:20.384 9593 10712 E SQLiteDatabase: at
android.database.sqlite.SQLiteConnection.acquirePreparedStatement(SQLiteConnection.
java:1068)
03-14 17:06:20.384 9593 10712 E SQLiteDatabase: at
android.database.sqlite.SQLiteConnection.prepare(SQLiteConnection.java:673)
03-14 17:06:20.384 9593 10712 E SQLiteDatabase: at
android.database.sqlite.SQLiteSession.prepare(SQLiteSession.java:590)
03-14 17:06:20.384 9593 10712 E SQLiteDatabase: at
android.database.sqlite.SQLiteProgram.<init>(SQLiteProgram.java:62)
03-14 17:06:20.384 9593 10712 E SQLiteDatabase: at
android.database.sqlite.SQLiteStatement.<init>(SQLiteStatement.java:34)
03-14 17:06:20.384 9593 10712 E SQLiteDatabase: at
android.database.sqlite.SQLiteDatabase.insertWithOnConflict(SQLiteDatabase.java:186
6)
03-14 17:06:20.384 9593 10712 E SQLiteDatabase: at
android.database.sqlite.SQLiteDatabase.insert(SQLiteDatabase.java:1737)
03-14 17:06:20.384 9593 10712 E SQLiteDatabase: at X.2tm.A08(Unknown
Source:6)
03-14 17:06:20.384 9593 10712 E SQLiteDatabase: at
com.mbwhatsapp.jobqueue.job.messagejob.AsyncMessageJob.A06(Unknown Source:355)
03-14 17:06:20.384 9593 10712 E SQLiteDatabase: at X.3e7.run(Unknown
Source:1006)
03-14 17:06:20.384 9593 10712 E SQLiteDatabase: at
java.util.concurrent.ThreadPoolExecutor.runWorker(ThreadPoolExecutor.java:1145)
03-14 17:06:20.384 9593 10712 E SQLiteDatabase: at
java.util.concurrent.ThreadPoolExecutor$Worker.run(ThreadPoolExecutor.java:644)
03-14 17:06:20.384 9593 10712 E SQLiteDatabase: at X.3e7.run(Unknown
Source:1130)
03-14 17:06:20.384 9593 10712 E SQLiteDatabase: at
java.lang.Thread.run(Thread.java:1012)
03-14 17:06:21.133 9593 10712 W SQLiteLog: (28) double-quoted string literal: ""
03-14 17:06:21.143 9593 10712 E SQLiteLog: (1) no such table: messages_vcards in
"INSERT INTO messages_vcards(vcard,message_row_id,sender_jid,chat_jid) VALUES
(?,?,?,?)"
03-14 17:06:21.144 9593 10712 E SQLiteDatabase: Error inserting vcard=BEGIN:VCARD
03-14 17:06:21.144 9593 10712 E SQLiteDatabase: VERSION:3.0
03-14 17:06:21.144 9593 10712 E SQLiteDatabase: N:;Omar;;;
03-14 17:06:21.144 9593 10712 E SQLiteDatabase: FN:Omar
03-14 17:06:21.144 9593 10712 E SQLiteDatabase: item1.TEL;waid=5212292108817:+52
229 210 8817
03-14 17:06:21.144 9593 10712 E SQLiteDatabase: item1.X-ABLabel:Móvil
03-14 17:06:21.144 9593 10712 E SQLiteDatabase: END:VCARD message_row_id=4840
sender_jid=5212299408109@s.whatsapp.net chat_jid=5212299408109@s.whatsapp.net
03-14 17:06:21.144 9593 10712 E SQLiteDatabase:
android.database.sqlite.SQLiteException: no such table: messages_vcards (code 1
SQLITE_ERROR): , while compiling: INSERT INTO
messages_vcards(vcard,message_row_id,sender_jid,chat_jid) VALUES (?,?,?,?)
03-14 17:06:21.144 9593 10712 E SQLiteDatabase: at
android.database.sqlite.SQLiteConnection.nativePrepareStatement(Native Method)
03-14 17:06:21.144 9593 10712 E SQLiteDatabase: at
android.database.sqlite.SQLiteConnection.acquirePreparedStatement(SQLiteConnection.
java:1068)
03-14 17:06:21.144 9593 10712 E SQLiteDatabase: at
android.database.sqlite.SQLiteConnection.prepare(SQLiteConnection.java:673)
03-14 17:06:21.144 9593 10712 E SQLiteDatabase: at
android.database.sqlite.SQLiteSession.prepare(SQLiteSession.java:590)
03-14 17:06:21.144 9593 10712 E SQLiteDatabase: at
android.database.sqlite.SQLiteProgram.<init>(SQLiteProgram.java:62)
03-14 17:06:21.144 9593 10712 E SQLiteDatabase: at
android.database.sqlite.SQLiteStatement.<init>(SQLiteStatement.java:34)
03-14 17:06:21.144 9593 10712 E SQLiteDatabase: at
android.database.sqlite.SQLiteDatabase.insertWithOnConflict(SQLiteDatabase.java:186
6)
03-14 17:06:21.144 9593 10712 E SQLiteDatabase: at
android.database.sqlite.SQLiteDatabase.insert(SQLiteDatabase.java:1737)
03-14 17:06:21.144 9593 10712 E SQLiteDatabase: at X.2tm.A08(Unknown
Source:6)
03-14 17:06:21.144 9593 10712 E SQLiteDatabase: at
com.mbwhatsapp.jobqueue.job.messagejob.AsyncMessageJob.A06(Unknown Source:300)
03-14 17:06:21.144 9593 10712 E SQLiteDatabase: at X.3e7.run(Unknown
Source:1006)
03-14 17:06:21.144 9593 10712 E SQLiteDatabase: at
java.util.concurrent.ThreadPoolExecutor.runWorker(ThreadPoolExecutor.java:1145)
03-14 17:06:21.144 9593 10712 E SQLiteDatabase: at
java.util.concurrent.ThreadPoolExecutor$Worker.run(ThreadPoolExecutor.java:644)
03-14 17:06:21.144 9593 10712 E SQLiteDatabase: at X.3e7.run(Unknown
Source:1130)
03-14 17:06:21.144 9593 10712 E SQLiteDatabase: at
java.lang.Thread.run(Thread.java:1012)
03-14 17:06:21.144 9593 10712 E SQLiteLog: (1) no such table: messages_vcards_jids
in "INSERT INTO messages_vcards_jids(vcard_row_id,message_row_id,vcard_jid) VALUES
(?,?,?)"
03-14 17:06:21.145 9593 10712 E SQLiteDatabase: Error inserting vcard_row_id=-1
message_row_id=4840 vcard_jid=5212292108817@s.whatsapp.net
03-14 17:06:21.145 9593 10712 E SQLiteDatabase:
android.database.sqlite.SQLiteException: no such table: messages_vcards_jids (code
1 SQLITE_ERROR): , while compiling: INSERT INTO
messages_vcards_jids(vcard_row_id,message_row_id,vcard_jid) VALUES (?,?,?)
03-14 17:06:21.145 9593 10712 E SQLiteDatabase: at
android.database.sqlite.SQLiteConnection.nativePrepareStatement(Native Method)
03-14 17:06:21.145 9593 10712 E SQLiteDatabase: at
android.database.sqlite.SQLiteConnection.acquirePreparedStatement(SQLiteConnection.
