03-14 17:07:10.505 11508 11508 E ArmVmp : Match on catch block at 0xc3 in for
0x766bd9a025
03-14 17:07:10.508 11508 11581 E gralloc4: Empty SMPTE 2094-40 data
03-14 17:07:10.509 11508 11508 E ArmVmp : Match on catch block at 0xc3 in for
0x766bd9a025
03-14 17:07:10.524 11508 11581 E gralloc4: Empty SMPTE 2094-40 data
03-14 17:07:10.528 11508 11581 E gralloc4: Empty SMPTE 2094-40 data
03-14 17:07:10.532 11508 11508 E ArmVmp : Match on catch block at 0xc3 in for
0x766bd9a025
03-14 17:07:10.535 11508 11508 E ArmVmp : Match on catch block at 0xc3 in for
0x766bd9a025
03-14 17:07:10.548 11508 11581 E gralloc4: Empty SMPTE 2094-40 data
03-14 17:07:10.550 11508 11508 E ArmVmp : Match on catch block at 0xc3 in for
0x766bd9a025
03-14 17:07:10.553 11508 11508 E ArmVmp : Match on catch block at 0xc3 in for
0x766bd9a025
03-14 17:07:10.567 11508 11581 E gralloc4: Empty SMPTE 2094-40 data
03-14 17:07:10.573 11508 11508 E ArmVmp : Match on catch block at 0xc3 in for
0x766bd9a025
03-14 17:07:10.573 11508 11581 E gralloc4: Empty SMPTE 2094-40 data
03-14 17:07:10.576 11508 11508 E ArmVmp : Match on catch block at 0xc3 in for
0x766bd9a025
03-14 17:07:10.588 11508 11508 E ArmVmp : Match on catch block at 0xc3 in for
0x766bd9a025
03-14 17:07:10.591 11508 11508 E ArmVmp : Match on catch block at 0xc3 in for
0x766bd9a025
03-14 17:07:10.592 11508 11581 E gralloc4: Empty SMPTE 2094-40 data
03-14 17:07:10.606 11508 11581 E gralloc4: Empty SMPTE 2094-40 data
03-14 17:07:10.610 11508 11581 E gralloc4: Empty SMPTE 2094-40 data
03-14 17:07:10.614 11508 11508 E ArmVmp : Match on catch block at 0xc3 in for
0x766bd9a025
03-14 17:07:10.617 11508 11508 E ArmVmp : Match on catch block at 0xc3 in for
0x766bd9a025
03-14 17:07:10.631 11508 11581 E gralloc4: Empty SMPTE 2094-40 data
03-14 17:07:10.633 11508 11508 E ArmVmp : Match on catch block at 0xc3 in for
0x766bd9a025
03-14 17:07:10.636 11508 11508 E ArmVmp : Match on catch block at 0xc3 in for
0x766bd9a025
03-14 17:07:10.655 11508 11581 E gralloc4: Empty SMPTE 2094-40 data
03-14 17:07:16.402 11508 11508 E RippleDrawable: The RippleDrawable.STYLE_PATTERNED
animation is not supported for a non-hardware accelerated Canvas. Skipping
animation.
03-14 17:07:16.406 11508 11581 E gralloc4: Empty SMPTE 2094-40 data
03-14 17:07:16.417 11508 11508 E RippleDrawable: The RippleDrawable.STYLE_PATTERNED
animation is not supported for a non-hardware accelerated Canvas. Skipping
animation.
03-14 17:07:16.420 11508 11581 E gralloc4: Empty SMPTE 2094-40 data
03-14 17:07:16.433 11508 11508 E RippleDrawable: The RippleDrawable.STYLE_PATTERNED
animation is not supported for a non-hardware accelerated Canvas. Skipping
animation.
03-14 17:07:16.436 11508 11581 E gralloc4: Empty SMPTE 2094-40 data
03-14 17:07:16.495 11508 11508 E ArmVmp : Match on catch block at 0xc3 in for
0x766bd9a025
03-14 17:07:16.497 11508 11508 E ArmVmp : Match on catch block at 0xc3 in for
0x766bd9a025
03-14 17:07:16.503 11508 11581 E gralloc4: Empty SMPTE 2094-40 data
03-14 17:07:16.511 11508 11508 E ArmVmp : Match on catch block at 0xc3 in for
0x766bd9a025
03-14 17:07:16.513 11508 11508 E ArmVmp : Match on catch block at 0xc3 in for
0x766bd9a025
03-14 17:07:16.518 11508 11581 E gralloc4: Empty SMPTE 2094-40 data
03-14 17:07:16.530 11508 11508 E ArmVmp : Match on catch block at 0xc3 in for
0x766bd9a025
03-14 17:07:16.534 11508 11508 E ArmVmp : Match on catch block at 0xc3 in for
0x766bd9a025
03-14 17:07:16.547 11508 11581 E gralloc4: Empty SMPTE 2094-40 data
03-14 17:07:16.548 11508 11508 E ArmVmp : Match on catch block at 0xc3 in for
0x766bd9a025
03-14 17:07:16.551 11508 11508 E ArmVmp : Match on catch block at 0xc3 in for
0x766bd9a025
03-14 17:07:16.560 11508 11581 E gralloc4: Empty SMPTE 2094-40 data
03-14 17:07:16.562 11508 11508 E ArmVmp : Match on catch block at 0xc3 in for
0x766bd9a025
03-14 17:07:16.566 11508 11508 E ArmVmp : Match on catch block at 0xc3 in for
0x766bd9a025
03-14 17:07:16.574 11508 11581 E gralloc4: Empty SMPTE 2094-40 data
03-14 17:07:16.578 11508 11508 E ArmVmp : Match on catch block at 0xc3 in for
0x766bd9a025
03-14 17:07:16.582 11508 11508 E ArmVmp : Match on catch block at 0xc3 in for
0x766bd9a025
03-14 17:07:16.589 11508 11581 E gralloc4: Empty SMPTE 2094-40 data
03-14 17:07:16.595 11508 11508 E ArmVmp : Match on catch block at 0xc3 in for
0x766bd9a025
03-14 17:07:16.599 11508 11508 E ArmVmp : Match on catch block at 0xc3 in for
0x766bd9a025
03-14 17:07:16.606 11508 11581 E gralloc4: Empty SMPTE 2094-40 data
03-14 17:07:16.995 11508 11508 E ArmVmp : Match on catch block at 0xc3 in for
0x766bd9a025
03-14 17:07:16.999 11508 11508 E ArmVmp : Match on catch block at 0xc3 in for
0x766bd9a025
03-14 17:07:17.008 11508 11581 E gralloc4: Empty SMPTE 2094-40 data
03-14 17:07:17.492 11508 11508 E ArmVmp : Match on catch block at 0xc3 in for
0x766bd9a025
03-14 17:07:17.496 11508 11508 E ArmVmp : Match on catch block at 0xc3 in for
0x766bd9a025
03-14 17:07:17.503 11508 11581 E gralloc4: Empty SMPTE 2094-40 data
03-14 17:07:17.990 11508 11508 E ArmVmp : Match on catch block at 0xc3 in for
0x766bd9a025
03-14 17:07:17.993 11508 11508 E ArmVmp : Match on catch block at 0xc3 in for
0x766bd9a025
03-14 17:07:18.001 11508 11581 E gralloc4: Empty SMPTE 2094-40 data
03-14 17:07:18.457 11508 11508 E ArmVmp : Match on catch block at 0xc3 in for
0x766bd9a025
03-14 17:07:18.460 11508 11508 E ArmVmp : Match on catch block at 0xc3 in for
0x766bd9a025
03-14 17:07:18.467 11508 11581 E gralloc4: Empty SMPTE 2094-40 data
03-14 17:07:18.471 11508 11508 E ArmVmp : Match on catch block at 0xc3 in for
0x766bd9a025
03-14 17:07:18.473 11508 11508 E ArmVmp : Match on catch block at 0xc3 in for
0x766bd9a025
03-14 17:07:18.477 11508 11581 E gralloc4: Empty SMPTE 2094-40 data
03-14 17:07:18.487 11508 11508 E ArmVmp : Match on catch block at 0xc3 in for
0x766bd9a025
03-14 17:07:18.489 11508 11508 E ArmVmp : Match on catch block at 0xc3 in for
0x766bd9a025
03-14 17:07:18.494 11508 11581 E gralloc4: Empty SMPTE 2094-40 data
03-14 17:07:18.531 11508 11508 E ArmVmp : Match on catch block at 0xc3 in for
0x766bd9a025
03-14 17:07:18.534 11508 11508 E ArmVmp : Match on catch block at 0xc3 in for
0x766bd9a025
03-14 17:07:18.539 11508 11508 E ArmVmp : Match on catch block at 0xc3 in for
0x766bd9a025
03-14 17:07:18.542 11508 11581 E gralloc4: Empty SMPTE 2094-40 data
03-14 17:07:18.543 11508 11508 E ArmVmp : Match on catch block at 0xc3 in for
0x766bd9a025
03-14 17:07:18.548 11508 11581 E gralloc4: Empty SMPTE 2094-40 data
03-14 17:07:18.999 11508 11508 E ArmVmp : Match on catch block at 0xc3 in for
0x766bd9a025
03-14 17:07:19.007 11508 11508 E ArmVmp : Match on catch block at 0xc3 in for
0x766bd9a025
03-14 17:07:19.024 11508 11581 E gralloc4: Empty SMPTE 2094-40 data
03-14 17:07:19.367 11508 11508 E ArmVmp : Match on catch block at 0xc3 in for
0x766bd9a025
03-14 17:07:19.370 11508 11508 E ArmVmp : Match on catch block at 0xc3 in for
0x766bd9a025
03-14 17:07:19.375 11508 11581 E gralloc4: Empty SMPTE 2094-40 data
03-14 17:07:19.450 11508 11508 E ArmVmp : Match on catch block at 0xc3 in for
0x766bd9a025
03-14 17:07:19.452 11508 11508 E ArmVmp : Match on catch block at 0xc3 in for
0x766bd9a025
03-14 17:07:19.458 11508 11581 E gralloc4: Empty SMPTE 2094-40 data
03-14 17:07:19.524 11508 11581 E gralloc4: Empty SMPTE 2094-40 data
03-14 17:07:19.567 11508 11508 E ArmVmp : Match on catch block at 0xc3 in for
0x766bd9a025
03-14 17:07:19.570 11508 11508 E ArmVmp : Match on catch block at 0xc3 in for
0x766bd9a025
03-14 17:07:19.576 11508 11581 E gralloc4: Empty SMPTE 2094-40 data
03-14 17:07:19.581 11508 11581 E gralloc4: Empty SMPTE 2094-40 data
03-14 17:07:19.583 11508 11508 E ArmVmp : Match on catch block at 0xc3 in for
0x766bd9a025
03-14 17:07:19.586 11508 11508 E ArmVmp : Match on catch block at 0xc3 in for
0x766bd9a025
03-14 17:07:19.589 11508 11581 E gralloc4: Empty SMPTE 2094-40 data
03-14 17:07:19.594 11508 11581 E gralloc4: Empty SMPTE 2094-40 data
03-14 17:07:19.606 11508 11508 E ArmVmp : Match on catch block at 0xc3 in for
0x766bd9a025
03-14 17:07:19.609 11508 11508 E ArmVmp : Match on catch block at 0xc3 in for
0x766bd9a025
03-14 17:07:19.613 11508 11581 E gralloc4: Empty SMPTE 2094-40 data
03-14 17:07:19.617 11508 11581 E gralloc4: Empty SMPTE 2094-40 data
03-14 17:07:19.621 11508 11508 E ArmVmp : Match on catch block at 0xc3 in for
0x766bd9a025
03-14 17:07:19.625 11508 11508 E ArmVmp : Match on catch block at 0xc3 in for
0x766bd9a025
03-14 17:07:19.627 11508 11581 E gralloc4: Empty SMPTE 2094-40 data
03-14 17:07:19.632 11508 11581 E gralloc4: Empty SMPTE 2094-40 data
03-14 17:07:19.634 11508 11508 E ArmVmp : Match on catch block at 0xc3 in for
0x766bd9a025
03-14 17:07:19.639 11508 11508 E ArmVmp : Match on catch block at 0xc3 in for
0x766bd9a025
03-14 17:07:19.641 11508 11581 E gralloc4: Empty SMPTE 2094-40 data
03-14 17:07:19.645 11508 11581 E gralloc4: Empty SMPTE 2094-40 data
03-14 17:07:19.648 11508 11508 E ArmVmp : Match on catch block at 0xc3 in for
0x766bd9a025
03-14 17:07:19.650 11508 11508 E ArmVmp : Match on catch block at 0xc3 in for
0x766bd9a025
03-14 17:07:19.652 11508 11581 E gralloc4: Empty SMPTE 2094-40 data
03-14 17:07:19.658 11508 11581 E gralloc4: Empty SMPTE 2094-40 data
03-14 17:07:19.661 11508 11508 E ArmVmp : Match on catch block at 0xc3 in for
0x766bd9a025
03-14 17:07:19.663 11508 11508 E ArmVmp : Match on catch block at 0xc3 in for
0x766bd9a025
03-14 17:07:19.666 11508 11581 E gralloc4: Empty SMPTE 2094-40 data
03-14 17:07:19.672 11508 11581 E gralloc4: Empty SMPTE 2094-40 data
03-14 17:07:19.679 11508 11581 E gralloc4: Empty SMPTE 2094-40 data
03-14 17:07:19.689 11508 11581 E gralloc4: Empty SMPTE 2094-40 data
03-14 17:07:19.703 11508 11581 E gralloc4: Empty SMPTE 2094-40 data
03-14 17:07:19.720 11508 11581 E gralloc4: Empty SMPTE 2094-40 data
03-14 17:07:19.736 11508 11581 E gralloc4: Empty SMPTE 2094-40 data
03-14 17:07:19.751 11508 11581 E gralloc4: Empty SMPTE 2094-40 data
03-14 17:07:19.768 11508 11581 E gralloc4: Empty SMPTE 2094-40 data
03-14 17:07:19.784 11508 11581 E gralloc4: Empty SMPTE 2094-40 data
03-14 17:07:19.801 11508 11581 E gralloc4: Empty SMPTE 2094-40 data
03-14 17:07:19.818 11508 11581 E gralloc4: Empty SMPTE 2094-40 data
03-14 17:07:20.063 11508 11508 E ArmVmp : Match on catch block at 0xc3 in for
0x766bd9a025
03-14 17:07:20.066 11508 11508 E ArmVmp : Match on catch block at 0xc3 in for
0x766bd9a025
03-14 17:07:21.049 11508 11581 E gralloc4: Empty SMPTE 2094-40 data
03-14 17:07:21.057 11508 11581 E gralloc4: Empty SMPTE 2094-40 data
03-14 17:07:21.278 11508 11581 E gralloc4: Empty SMPTE 2094-40 data
03-14 17:07:21.290 11508 11581 E gralloc4: Empty SMPTE 2094-40 data
03-14 17:07:21.319 11508 11581 E gralloc4: Empty SMPTE 2094-40 data
03-14 17:07:21.455 11508 11562 E SQLiteDatabase: Error inserting transferred=0
media_job_uuid=c15eab0a-213e-4d31-b2a8-7621d6b6f713 transcoded=0 gif_attribution=0
first_scan_length=0 direct_path=/v/t62.7119-
24/32422445_1450774288856294_7667048164573960597_n.enc?ccb=11-
4&oh=01_AdQeHey74xgzJij9ugQ0pbNxZhNHea_eN5UUbAV3x_k8wg&oe=66116005&_nc_sid=5e03e0&_
nc_hot=1709836440 thumbnail_height_width_ratio=1.2972972 is_animated_sticker=0
file_hash=EqVv1WIc0U+Pmto0SzImlKcvuv5knZWEhMLw3MQGlqc= file_path=Media/WhatsApp
Documents/Private/MOCA820710MVZRBM06.pdf file_size=0 partial_media_hash=null
face_x=0 face_y=0 height=0 trim_to=0 media_key_timestamp=1709836137000
message_url=https://mmg.whatsapp.net/v/t62.7119-
24/32422445_1450774288856294_7667048164573960597_n.enc?ccb=11-
4&oh=01_AdQeHey74xgzJij9ugQ0pbNxZhNHea_eN5UUbAV3x_k8wg&oe=66116005&_nc_sid=5e03e0&m
ms3=true media_caption=null trim_from=0 mime_type=application/pdf
partial_media_enc_hash=null width=0 original_file_hash=null has_streaming_sidecar=0
autotransfer_retry_enabled=0 media_upload_handle=null message_row_id=479
multicast_id=null enc_file_hash=IP3m/Q6qXJnubUiWJ0z83Kd0mM+qL3pr6LwjNu2RBoI=
mute_video=0 page_count=2 first_scan_sidecar=null suspicious_content=0
file_length=150955 media_name=MOCA820710MVZRBM06.pdf media_duration=0
chat_row_id=36 media_key=[B@5eec412
03-14 17:07:21.455 11508 11562 E SQLiteDatabase:
android.database.sqlite.SQLiteConstraintException: UNIQUE constraint failed:
message_media.message_row_id (code 1555 SQLITE_CONSTRAINT_PRIMARYKEY)
03-14 17:07:21.455 11508 11562 E SQLiteDatabase: at
android.database.sqlite.SQLiteConnection.nativeExecuteForLastInsertedRowId(Native
Method)
03-14 17:07:21.455 11508 11562 E SQLiteDatabase: at
android.database.sqlite.SQLiteConnection.executeForLastInsertedRowId(SQLiteConnecti
on.java:961)
03-14 17:07:21.455 11508 11562 E SQLiteDatabase: at
android.database.sqlite.SQLiteSession.executeForLastInsertedRowId(SQLiteSession.jav
a:790)
03-14 17:07:21.455 11508 11562 E SQLiteDatabase: at
android.database.sqlite.SQLiteStatement.executeInsert(SQLiteStatement.java:89)
03-14 17:07:21.455 11508 11562 E SQLiteDatabase: at
android.database.sqlite.SQLiteDatabase.insertWithOnConflict(SQLiteDatabase.java:186
8)
03-14 17:07:21.455 11508 11562 E SQLiteDatabase: at
android.database.sqlite.SQLiteDatabase.insert(SQLiteDatabase.java:1737)
03-14 17:07:21.455 11508 11562 E SQLiteDatabase: at X.2tm.A08(Unknown
Source:6)
03-14 17:07:21.455 11508 11562 E SQLiteDatabase: at X.35Y.A07(Unknown
Source:212)
03-14 17:07:21.455 11508 11562 E SQLiteDatabase: at X.3QF.A14(Unknown
Source:470)
03-14 17:07:21.455 11508 11562 E SQLiteDatabase: at X.3gU.run(Unknown
Source:982)
03-14 17:07:21.455 11508 11562 E SQLiteDatabase: at
android.os.Handler.handleCallback(Handler.java:942)
03-14 17:07:21.455 11508 11562 E SQLiteDatabase: at
android.os.Handler.dispatchMessage(Handler.java:99)
03-14 17:07:21.455 11508 11562 E SQLiteDatabase: at
X.0zq.dispatchMessage(Unknown Source:4)
03-14 17:07:21.455 11508 11562 E SQLiteDatabase: at
android.os.Looper.loopOnce(Looper.java:211)
03-14 17:07:21.455 11508 11562 E SQLiteDatabase: at
android.os.Looper.loop(Looper.java:300)
03-14 17:07:21.455 11508 11562 E SQLiteDatabase: at
android.os.HandlerThread.run(HandlerThread.java:67)
03-14 17:07:21.737 11508 11581 E gralloc4: Empty SMPTE 2094-40 data
03-14 17:07:21.751 11508 11581 E gralloc4: Empty SMPTE 2094-40 data
03-14 17:07:21.785 11508 11581 E gralloc4: Empty SMPTE 2094-40 data
03-14 17:07:21.795 11508 11581 E gralloc4: Empty SMPTE 2094-40 data
03-14 17:07:22.068 11508 11581 E gralloc4: Empty SMPTE 2094-40 data
03-14 17:07:22.077 11508 11581 E gralloc4: Empty SMPTE 2094-40 data
03-14 17:07:22.099 11508 11581 E gralloc4: Empty SMPTE 2094-40 data
03-14 17:07:22.115 11508 11581 E gralloc4: Empty SMPTE 2094-40 data
03-14 17:07:22.271 11508 11581 E gralloc4: Empty SMPTE 2094-40 data
03-14 17:07:22.276 11508 11581 E gralloc4: Empty SMPTE 2094-40 data
03-14 17:07:22.315 11508 11581 E gralloc4: Empty SMPTE 2094-40 data
03-14 17:07:22.332 11508 11581 E gralloc4: Empty SMPTE 2094-40 data
03-14 17:07:22.342 11508 11581 E gralloc4: Empty SMPTE 2094-40 data
03-14 17:07:22.466 11508 11581 E gralloc4: Empty SMPTE 2094-40 data
03-14 17:07:22.475 11508 11581 E gralloc4: Empty SMPTE 2094-40 data
03-14 17:07:22.528 11508 11581 E gralloc4: Empty SMPTE 2094-40 data
03-14 17:07:22.544 11508 11581 E gralloc4: Empty SMPTE 2094-40 data
03-14 17:07:22.720 11508 11716 W com.mbwhatsapp: Accessing hidden method
Landroid/app/MiuiNotification;-><init>()V (blocked, reflection, denied)
03-14 17:07:22.776 11508 11508 E FileUtils: err write to mi_exception_log
03-14 17:07:22.780 11508 11581 E gralloc4: Empty SMPTE 2094-40 data
03-14 17:07:22.785 11508 11581 E gralloc4: Empty SMPTE 2094-40 data
03-14 17:07:22.877 11508 11581 E gralloc4: Empty SMPTE 2094-40 data
03-14 17:07:22.900 11508 11581 E gralloc4: Empty SMPTE 2094-40 data
03-14 17:07:22.919 11508 11581 E gralloc4: Empty SMPTE 2094-40 data
03-14 17:07:22.921 11508 11716 W com.mbwhatsapp: Accessing hidden method
Landroid/app/MiuiNotification;-><init>()V (blocked, reflection, denied)
03-14 17:07:22.962 11508 11581 E gralloc4: Empty SMPTE 2094-40 data
03-14 17:07:22.991 11508 11581 E gralloc4: Empty SMPTE 2094-40 data
03-14 17:07:23.014 11508 11581 E gralloc4: Empty SMPTE 2094-40 data
03-14 17:07:23.058 11508 11581 E gralloc4: Empty SMPTE 2094-40 data
03-14 17:07:23.082 11508 11581 E gralloc4: Empty SMPTE 2094-40 data
03-14 17:07:23.121 11508 11581 E gralloc4: Empty SMPTE 2094-40 data
03-14 17:07:23.154 11508 11581 E gralloc4: Empty SMPTE 2094-40 data
03-14 17:07:23.198 11508 11581 E gralloc4: Empty SMPTE 2094-40 data
03-14 17:07:23.224 11508 11581 E gralloc4: Empty SMPTE 2094-40 data
03-14 17:07:23.262 11508 11581 E gralloc4: Empty SMPTE 2094-40 data
03-14 17:07:23.279 11508 11581 E gralloc4: Empty SMPTE 2094-40 data
03-14 17:07:23.295 11508 11581 E gralloc4: Empty SMPTE 2094-40 data
03-14 17:07:23.301 11508 11581 E gralloc4: Empty SMPTE 2094-40 data
03-14 17:07:23.311 11508 11581 E gralloc4: Empty SMPTE 2094-40 data
03-14 17:07:23.339 11508 11581 E gralloc4: Empty SMPTE 2094-40 data
03-14 17:07:23.353 11508 11581 E gralloc4: Empty SMPTE 2094-40 data
03-14 17:07:23.367 11508 11581 E gralloc4: Empty SMPTE 2094-40 data
03-14 17:07:23.375 11508 11581 E gralloc4: Empty SMPTE 2094-40 data
03-14 17:07:23.393 11508 11581 E gralloc4: Empty SMPTE 2094-40 data
03-14 17:07:23.428 11508 11581 E gralloc4: Empty SMPTE 2094-40 data
03-14 17:07:23.454 11508 11581 E gralloc4: Empty SMPTE 2094-40 data
03-14 17:07:23.469 11508 11581 E gralloc4: Empty SMPTE 2094-40 data
03-14 17:07:23.486 11508 11581 E gralloc4: Empty SMPTE 2094-40 data
03-14 17:07:23.515 11508 11581 E gralloc4: Empty SMPTE 2094-40 data
03-14 17:07:23.524 11508 11581 E gralloc4: Empty SMPTE 2094-40 data
03-14 17:07:23.525 11508 11581 W Parcel : Expecting binder but got null!
03-14 17:07:23.562 11508 11581 E gralloc4: Empty SMPTE 2094-40 data
03-14 17:07:23.565 11508 11581 E gralloc4: Empty SMPTE 2094-40 data
03-14 17:07:23.611 11508 11581 E gralloc4: Empty SMPTE 2094-40 data
03-14 17:07:23.617 11508 11581 E gralloc4: Empty SMPTE 2094-40 data
03-14 17:07:23.639 11508 11581 E gralloc4: Empty SMPTE 2094-40 data
03-14 17:07:23.642 11508 11581 E gralloc4: Empty SMPTE 2094-40 data
03-14 17:07:23.651 11508 11581 E gralloc4: Empty SMPTE 2094-40 data
03-14 17:07:23.655 11508 11581 E gralloc4: Empty SMPTE 2094-40 data
03-14 17:07:23.674 11508 11581 E gralloc4: Empty SMPTE 2094-40 data
03-14 17:07:23.677 11508 11581 E gralloc4: Empty SMPTE 2094-40 data
03-14 17:07:23.681 11508 11581 E gralloc4: Empty SMPTE 2094-40 data
03-14 17:07:23.683 11508 11581 E gralloc4: Empty SMPTE 2094-40 data
03-14 17:07:23.705 11508 11581 E gralloc4: Empty SMPTE 2094-40 data
03-14 17:07:23.709 11508 11581 E gralloc4: Empty SMPTE 2094-40 data
03-14 17:07:23.734 11508 11581 E gralloc4: Empty SMPTE 2094-40 data
03-14 17:07:23.735 11508 11581 E gralloc4: Empty SMPTE 2094-40 data
03-14 17:07:23.741 11508 11581 E gralloc4: Empty SMPTE 2094-40 data
03-14 17:07:23.744 11508 11581 E gralloc4: Empty SMPTE 2094-40 data
03-14 17:07:23.762 11508 11581 E gralloc4: Empty SMPTE 2094-40 data
03-14 17:07:23.765 11508 11581 E gralloc4: Empty SMPTE 2094-40 data
03-14 17:07:23.786 11508 11581 E gralloc4: Empty SMPTE 2094-40 data
03-14 17:07:23.788 11508 11581 E gralloc4: Empty SMPTE 2094-40 data
03-14 17:07:23.814 11508 11581 E gralloc4: Empty SMPTE 2094-40 data
03-14 17:07:23.815 11508 11581 E gralloc4: Empty SMPTE 2094-40 data
03-14 17:07:23.835 11508 11581 E gralloc4: Empty SMPTE 2094-40 data
03-14 17:07:23.837 11508 11581 E gralloc4: Empty SMPTE 2094-40 data
03-14 17:07:23.853 11508 11581 E gralloc4: Empty SMPTE 2094-40 data
03-14 17:07:23.856 11508 11581 E gralloc4: Empty SMPTE 2094-40 data
03-14 17:07:23.879 11508 11581 E gralloc4: Empty SMPTE 2094-40 data
03-14 17:07:23.882 11508 11581 E gralloc4: Empty SMPTE 2094-40 data
03-14 17:07:23.898 11508 11581 E gralloc4: Empty SMPTE 2094-40 data
03-14 17:07:23.905 11508 11581 E gralloc4: Empty SMPTE 2094-40 data
03-14 17:07:23.909 11508 11581 E gralloc4: Empty SMPTE 2094-40 data
03-14 17:07:23.913 11508 11581 E gralloc4: Empty SMPTE 2094-40 data
03-14 17:07:23.925 11508 11581 E gralloc4: Empty SMPTE 2094-40 data
03-14 17:07:23.929 11508 11581 E gralloc4: Empty SMPTE 2094-40 data
03-14 17:07:23.939 11508 11581 E gralloc4: Empty SMPTE 2094-40 data
03-14 17:07:23.944 11508 11581 E gralloc4: Empty SMPTE 2094-40 data
03-14 17:07:23.964 11508 11581 E gralloc4: Empty SMPTE 2094-40 data
03-14 17:07:23.969 11508 11581 E gralloc4: Empty SMPTE 2094-40 data
03-14 17:07:23.976 11508 11581 E gralloc4: Empty SMPTE 2094-40 data
03-14 17:07:23.982 11508 11581 E gralloc4: Empty SMPTE 2094-40 data
03-14 17:07:23.992 11508 11581 E gralloc4: Empty SMPTE 2094-40 data
03-14 17:07:23.999 11508 11581 E gralloc4: Empty SMPTE 2094-40 data
03-14 17:07:24.016 11508 11581 E gralloc4: Empty SMPTE 2094-40 data
03-14 17:07:24.026 11508 11581 E gralloc4: Empty SMPTE 2094-40 data
03-14 17:07:24.031 11508 11581 E gralloc4: Empty SMPTE 2094-40 data
03-14 17:07:24.038 11508 11581 E gralloc4: Empty SMPTE 2094-40 data
03-14 17:07:24.043 11508 11581 E gralloc4: Empty SMPTE 2094-40 data
03-14 17:07:24.048 11508 11581 E gralloc4: Empty SMPTE 2094-40 data
03-14 17:07:24.058 11508 11581 E gralloc4: Empty SMPTE 2094-40 data
03-14 17:07:24.062 11508 11581 E gralloc4: Empty SMPTE 2094-40 data
03-14 17:07:24.079 11508 11581 E gralloc4: Empty SMPTE 2094-40 data
03-14 17:07:24.099 11508 11581 E gralloc4: Empty SMPTE 2094-40 data
03-14 17:07:24.109 11508 11581 E gralloc4: Empty SMPTE 2094-40 data
03-14 17:07:24.128 11508 11581 E gralloc4: Empty SMPTE 2094-40 data
03-14 17:07:24.141 11508 11581 E gralloc4: Empty SMPTE 2094-40 data
03-14 17:07:24.163 11508 11581 E gralloc4: Empty SMPTE 2094-40 data
03-14 17:07:24.175 11508 11581 E gralloc4: Empty SMPTE 2094-40 data
03-14 17:07:24.198 11508 11581 E gralloc4: Empty SMPTE 2094-40 data
03-14 17:07:24.205 11508 11581 E gralloc4: Empty SMPTE 2094-40 data
03-14 17:07:24.216 11508 11581 E gralloc4: Empty SMPTE 2094-40 data
03-14 17:07:24.223 11508 11581 E gralloc4: Empty SMPTE 2094-40 data
03-14 17:07:24.235 11508 11581 E gralloc4: Empty SMPTE 2094-40 data
03-14 17:07:24.242 11508 11581 E gralloc4: Empty SMPTE 2094-40 data
03-14 17:07:24.253 11508 11581 E gralloc4: Empty SMPTE 2094-40 data
03-14 17:07:24.261 11508 11581 E gralloc4: Empty SMPTE 2094-40 data
03-14 17:07:24.271 11508 11581 E gralloc4: Empty SMPTE 2094-40 data
03-14 17:07:24.276 11508 11581 E gralloc4: Empty SMPTE 2094-40 data
03-14 17:07:24.288 11508 11581 E gralloc4: Empty SMPTE 2094-40 data
03-14 17:07:24.293 11508 11581 E gralloc4: Empty SMPTE 2094-40 data
03-14 17:07:24.308 11508 11581 E gralloc4: Empty SMPTE 2094-40 data
03-14 17:07:24.315 11508 11581 E gralloc4: Empty SMPTE 2094-40 data
03-14 17:07:24.330 11508 11581 E gralloc4: Empty SMPTE 2094-40 data
03-14 17:07:24.336 11508 11581 E gralloc4: Empty SMPTE 2094-40 data
03-14 17:07:24.345 11508 11581 E gralloc4: Empty SMPTE 2094-40 data
03-14 17:07:24.353 11508 11581 E gralloc4: Empty SMPTE 2094-40 data
03-14 17:07:24.361 11508 11581 E gralloc4: Empty SMPTE 2094-40 data
03-14 17:07:24.366 11508 11581 E gralloc4: Empty SMPTE 2094-40 data
03-14 17:07:24.376 11508 11581 E gralloc4: Empty SMPTE 2094-40 data
03-14 17:07:24.387 11508 11581 E gralloc4: Empty SMPTE 2094-40 data
03-14 17:07:24.391 11508 11581 E gralloc4: Empty SMPTE 2094-40 data
03-14 17:07:24.396 11508 11581 E gralloc4: Empty SMPTE 2094-40 data
03-14 17:07:24.407 11508 11581 E gralloc4: Empty SMPTE 2094-40 data
03-14 17:07:24.412 11508 11581 E gralloc4: Empty SMPTE 2094-40 data
03-14 17:07:24.424 11508 11581 E gralloc4: Empty SMPTE 2094-40 data
03-14 17:07:24.429 11508 11581 E gralloc4: Empty SMPTE 2094-40 data
03-14 17:07:24.441 11508 11581 E gralloc4: Empty SMPTE 2094-40 data
03-14 17:07:24.446 11508 11581 E gralloc4: Empty SMPTE 2094-40 data
03-14 17:07:24.458 11508 11581 E gralloc4: Empty SMPTE 2094-40 data
03-14 17:07:24.503 11508 11508 E FileUtils: err write to mi_exception_log
03-14 17:07:24.508 11508 11581 E gralloc4: Empty SMPTE 2094-40 data
03-14 17:07:24.513 11508 11581 E gralloc4: Empty SMPTE 2094-40 data
03-14 17:07:24.518 11508 11581 E gralloc4: Empty SMPTE 2094-40 data
03-14 17:07:24.522 11508 11581 E gralloc4: Empty SMPTE 2094-40 data
03-14 17:07:24.527 11508 11581 E gralloc4: Empty SMPTE 2094-40 data
03-14 17:07:24.536 11508 11581 E gralloc4: Empty SMPTE 2094-40 data
03-14 17:07:24.552 11508 11581 E gralloc4: Empty SMPTE 2094-40 data
03-14 17:07:24.569 11508 11581 E gralloc4: Empty SMPTE 2094-40 data
03-14 17:07:24.584 11508 11581 E gralloc4: Empty SMPTE 2094-40 data
03-14 17:07:24.601 11508 11581 E gralloc4: Empty SMPTE 2094-40 data
03-14 17:07:24.618 11508 11581 E gralloc4: Empty SMPTE 2094-40 data
03-14 17:07:24.634 11508 11581 E gralloc4: Empty SMPTE 2094-40 data
03-14 17:07:24.651 11508 11581 E gralloc4: Empty SMPTE 2094-40 data
03-14 17:07:24.668 11508 11581 E gralloc4: Empty SMPTE 2094-40 data
03-14 17:07:24.684 11508 11581 E gralloc4: Empty SMPTE 2094-40 data
03-14 17:07:24.701 11508 11581 E gralloc4: Empty SMPTE 2094-40 data
03-14 17:07:24.718 11508 11581 E gralloc4: Empty SMPTE 2094-40 data
03-14 17:07:24.734 11508 11581 E gralloc4: Empty SMPTE 2094-40 data
03-14 17:07:24.751 11508 11581 E gralloc4: Empty SMPTE 2094-40 data
03-14 17:07:24.903 11508 11581 E gralloc4: Empty SMPTE 2094-40 data
03-14 17:07:24.916 11508 11581 E gralloc4: Empty SMPTE 2094-40 data
03-14 17:07:24.933 11508 11581 E gralloc4: Empty SMPTE 2094-40 data
03-14 17:07:24.950 11508 11581 E gralloc4: Empty SMPTE 2094-40 data
03-14 17:07:24.966 11508 11581 E gralloc4: Empty SMPTE 2094-40 data
03-14 17:07:24.983 11508 11581 E gralloc4: Empty SMPTE 2094-40 data
03-14 17:07:24.999 11508 11581 E gralloc4: Empty SMPTE 2094-40 data
03-14 17:07:25.017 11508 11581 E gralloc4: Empty SMPTE 2094-40 data
03-14 17:07:25.033 11508 11581 E gralloc4: Empty SMPTE 2094-40 data
03-14 17:07:25.050 11508 11581 E gralloc4: Empty SMPTE 2094-40 data
03-14 17:07:25.066 11508 11581 E gralloc4: Empty SMPTE 2094-40 data
03-14 17:07:25.083 11508 11581 E gralloc4: Empty SMPTE 2094-40 data
03-14 17:07:25.100 11508 11581 E gralloc4: Empty SMPTE 2094-40 data
03-14 17:07:25.116 11508 11581 E gralloc4: Empty SMPTE 2094-40 data
03-14 17:07:25.133 11508 11581 E gralloc4: Empty SMPTE 2094-40 data
03-14 17:07:25.149 11508 11581 E gralloc4: Empty SMPTE 2094-40 data
03-14 17:07:25.166 11508 11581 E gralloc4: Empty SMPTE 2094-40 data
03-14 17:07:25.182 11508 11581 E gralloc4: Empty SMPTE 2094-40 data
03-14 17:07:25.511 11508 11581 E gralloc4: Empty SMPTE 2094-40 data
03-14 17:07:25.511 11508 11581 W Parcel : Expecting binder but got null!
03-14 17:07:25.515 11508 11581 E gralloc4: Empty SMPTE 2094-40 data
03-14 17:07:25.530 11508 11581 E gralloc4: Empty SMPTE 2094-40 data
03-14 17:07:25.546 11508 11581 E gralloc4: Empty SMPTE 2094-40 data
03-14 17:07:25.562 11508 11581 E gralloc4: Empty SMPTE 2094-40 data
03-14 17:07:25.579 11508 11581 E gralloc4: Empty SMPTE 2094-40 data
03-14 17:07:25.596 11508 11581 E gralloc4: Empty SMPTE 2094-40 data
03-14 17:07:25.612 11508 11581 E gralloc4: Empty SMPTE 2094-40 data
03-14 17:07:25.628 11508 11581 E gralloc4: Empty SMPTE 2094-40 data
03-14 17:07:25.645 11508 11581 E gralloc4: Empty SMPTE 2094-40 data
03-14 17:07:25.662 11508 11581 E gralloc4: Empty SMPTE 2094-40 data
03-14 17:07:25.679 11508 11581 E gralloc4: Empty SMPTE 2094-40 data
03-14 17:07:25.695 11508 11581 E gralloc4: Empty SMPTE 2094-40 data
03-14 17:07:25.712 11508 11581 E gralloc4: Empty SMPTE 2094-40 data
03-14 17:07:25.728 11508 11581 E gralloc4: Empty SMPTE 2094-40 data
03-14 17:07:25.745 11508 11581 E gralloc4: Empty SMPTE 2094-40 data
03-14 17:07:25.762 11508 11581 E gralloc4: Empty SMPTE 2094-40 data
03-14 17:07:25.778 11508 11581 E gralloc4: Empty SMPTE 2094-40 data
03-14 17:07:25.795 11508 11581 E gralloc4: Empty SMPTE 2094-40 data
03-14 17:07:25.811 11508 11581 E gralloc4: Empty SMPTE 2094-40 data
03-14 17:07:25.828 11508 11581 E gralloc4: Empty SMPTE 2094-40 data
03-14 17:07:25.845 11508 11581 E gralloc4: Empty SMPTE 2094-40 data
03-14 17:07:25.861 11508 11581 E gralloc4: Empty SMPTE 2094-40 data
03-14 17:07:25.878 11508 11581 E gralloc4: Empty SMPTE 2094-40 data
03-14 17:07:25.895 11508 11581 E gralloc4: Empty SMPTE 2094-40 data
03-14 17:07:25.911 11508 11581 E gralloc4: Empty SMPTE 2094-40 data
03-14 17:07:25.928 11508 11581 E gralloc4: Empty SMPTE 2094-40 data
03-14 17:07:25.944 11508 11581 E gralloc4: Empty SMPTE 2094-40 data
03-14 17:07:25.961 11508 11581 E gralloc4: Empty SMPTE 2094-40 data
03-14 17:07:25.978 11508 11581 E gralloc4: Empty SMPTE 2094-40 data
03-14 17:07:25.994 11508 11581 E gralloc4: Empty SMPTE 2094-40 data
03-14 17:07:26.011 11508 11581 E gralloc4: Empty SMPTE 2094-40 data
03-14 17:07:26.027 11508 11581 E gralloc4: Empty SMPTE 2094-40 data
03-14 17:07:26.044 11508 11581 E gralloc4: Empty SMPTE 2094-40 data
03-14 17:07:29.314 11508 11581 E gralloc4: Empty SMPTE 2094-40 data
03-14 17:07:29.340 11508 11581 E gralloc4: Empty SMPTE 2094-40 data
03-14 17:07:29.359 11508 11581 E gralloc4: Empty SMPTE 2094-40 data
03-14 17:07:29.377 11508 11581 E gralloc4: Empty SMPTE 2094-40 data
03-14 17:07:29.392 11508 11581 E gralloc4: Empty SMPTE 2094-40 data
03-14 17:07:29.408 11508 11581 E gralloc4: Empty SMPTE 2094-40 data
03-14 17:07:29.423 11508 11581 E gralloc4: Empty SMPTE 2094-40 data
03-14 17:07:29.442 11508 11581 E gralloc4: Empty SMPTE 2094-40 data
03-14 17:07:29.458 11508 11581 E gralloc4: Empty SMPTE 2094-40 data
03-14 17:07:29.475 11508 11581 E gralloc4: Empty SMPTE 2094-40 data
03-14 17:07:29.491 11508 11581 E gralloc4: Empty SMPTE 2094-40 data
03-14 17:07:29.508 11508 11581 E gralloc4: Empty SMPTE 2094-40 data
03-14 17:07:29.525 11508 11581 E gralloc4: Empty SMPTE 2094-40 data
03-14 17:07:29.541 11508 11581 E gralloc4: Empty SMPTE 2094-40 data
03-14 17:07:29.558 11508 11581 E gralloc4: Empty SMPTE 2094-40 data
03-14 17:07:29.574 11508 11581 E gralloc4: Empty SMPTE 2094-40 data
03-14 17:07:29.591 11508 11581 E gralloc4: Empty SMPTE 2094-40 data
03-14 17:07:29.607 11508 11581 E gralloc4: Empty SMPTE 2094-40 data
03-14 17:07:29.624 11508 11581 E gralloc4: Empty SMPTE 2094-40 data
03-14 17:07:29.640 11508 11581 E gralloc4: Empty SMPTE 2094-40 data
03-14 17:07:29.657 11508 11581 E gralloc4: Empty SMPTE 2094-40 data
03-14 17:07:29.674 11508 11581 E gralloc4: Empty SMPTE 2094-40 data
03-14 17:07:29.690 11508 11581 E gralloc4: Empty SMPTE 2094-40 data
03-14 17:07:29.707 11508 11581 E gralloc4: Empty SMPTE 2094-40 data
03-14 17:07:29.723 11508 11581 E gralloc4: Empty SMPTE 2094-40 data
03-14 17:07:29.740 11508 11581 E gralloc4: Empty SMPTE 2094-40 data
03-14 17:07:29.757 11508 11581 E gralloc4: Empty SMPTE 2094-40 data
03-14 17:07:29.773 11508 11581 E gralloc4: Empty SMPTE 2094-40 data
03-14 17:07:29.790 11508 11581 E gralloc4: Empty SMPTE 2094-40 data
03-14 17:07:29.806 11508 11581 E gralloc4: Empty SMPTE 2094-40 data
03-14 17:07:29.823 11508 11581 E gralloc4: Empty SMPTE 2094-40 data
03-14 17:07:29.840 11508 11581 E gralloc4: Empty SMPTE 2094-40 data
03-14 17:07:29.871 11508 11581 E gralloc4: Empty SMPTE 2094-40 data
03-14 17:07:29.890 11508 11581 E gralloc4: Empty SMPTE 2094-40 data
03-14 17:07:29.907 11508 11581 E gralloc4: Empty SMPTE 2094-40 data
03-14 17:07:29.926 11508 11581 E gralloc4: Empty SMPTE 2094-40 data
03-14 17:07:29.939 11508 11581 E gralloc4: Empty SMPTE 2094-40 data
03-14 17:07:29.953 11508 11581 E gralloc4: Empty SMPTE 2094-40 data
03-14 17:07:29.985 11508 11581 E gralloc4: Empty SMPTE 2094-40 data
03-14 17:07:29.996 11508 11581 E gralloc4: Empty SMPTE 2094-40 data
03-14 17:07:30.007 11508 11581 E gralloc4: Empty SMPTE 2094-40 data
03-14 17:07:30.021 11508 11581 E gralloc4: Empty SMPTE 2094-40 data
03-14 17:07:30.053 11508 11581 E gralloc4: Empty SMPTE 2094-40 data
03-14 17:07:30.072 11508 11581 E gralloc4: Empty SMPTE 2094-40 data
03-14 17:07:30.089 11508 11581 E gralloc4: Empty SMPTE 2094-40 data
03-14 17:07:30.104 11508 11581 E gralloc4: Empty SMPTE 2094-40 data
03-14 17:07:30.121 11508 11581 E gralloc4: Empty SMPTE 2094-40 data
03-14 17:07:30.137 11508 11581 E gralloc4: Empty SMPTE 2094-40 data
03-14 17:07:30.165 11508 11581 E gralloc4: Empty SMPTE 2094-40 data
03-14 17:07:30.176 11508 11581 E gralloc4: Empty SMPTE 2094-40 data
03-14 17:07:30.188 11508 11581 E gralloc4: Empty SMPTE 2094-40 data
03-14 17:07:30.204 11508 11581 E gralloc4: Empty SMPTE 2094-40 data
03-14 17:07:30.220 11508 11581 E gralloc4: Empty SMPTE 2094-40 data
03-14 17:07:30.237 11508 11581 E gralloc4: Empty SMPTE 2094-40 data
03-14 17:07:30.254 11508 11581 E gralloc4: Empty SMPTE 2094-40 data
03-14 17:07:30.270 11508 11581 E gralloc4: Empty SMPTE 2094-40 data
03-14 17:07:30.287 11508 11581 E gralloc4: Empty SMPTE 2094-40 data
03-14 17:07:30.304 11508 11581 E gralloc4: Empty SMPTE 2094-40 data
03-14 17:07:30.320 11508 11581 E gralloc4: Empty SMPTE 2094-40 data
03-14 17:07:30.337 11508 11581 E gralloc4: Empty SMPTE 2094-40 data
03-14 17:07:30.354 11508 11581 E gralloc4: Empty SMPTE 2094-40 data
03-14 17:07:30.370 11508 11581 E gralloc4: Empty SMPTE 2094-40 data
03-14 17:07:30.387 11508 11581 E gralloc4: Empty SMPTE 2094-40 data
03-14 17:07:30.403 11508 11581 E gralloc4: Empty SMPTE 2094-40 data
03-14 17:07:30.432 11508 11581 E gralloc4: Empty SMPTE 2094-40 data
03-14 17:07:30.443 11508 11581 E gralloc4: Empty SMPTE 2094-40 data
03-14 17:07:30.453 11508 11581 E gralloc4: Empty SMPTE 2094-40 data
03-14 17:07:30.468 11508 11581 E gralloc4: Empty SMPTE 2094-40 data
03-14 17:07:30.485 11508 11581 E gralloc4: Empty SMPTE 2094-40 data
03-14 17:07:30.502 11508 11581 E gralloc4: Empty SMPTE 2094-40 data
03-14 17:07:30.519 11508 11581 E gralloc4: Empty SMPTE 2094-40 data
03-14 17:07:30.536 11508 11581 E gralloc4: Empty SMPTE 2094-40 data
03-14 17:07:30.546 11508 11581 E gralloc4: Empty SMPTE 2094-40 data
03-14 17:07:30.563 11508 11581 E gralloc4: Empty SMPTE 2094-40 data
03-14 17:07:30.579 11508 11581 E gralloc4: Empty SMPTE 2094-40 data
03-14 17:07:30.601 11508 11581 E gralloc4: Empty SMPTE 2094-40 data
03-14 17:07:30.666 11508 11581 E gralloc4: Empty SMPTE 2094-40 data
03-14 17:07:30.688 11508 11581 E gralloc4: Empty SMPTE 2094-40 data
03-14 17:07:30.705 11508 11581 E gralloc4: Empty SMPTE 2094-40 data
03-14 17:07:30.719 11508 11581 E gralloc4: Empty SMPTE 2094-40 data
03-14 17:07:30.753 11508 11581 E gralloc4: Empty SMPTE 2094-40 data
03-14 17:07:30.769 11508 11581 E gralloc4: Empty SMPTE 2094-40 data
03-14 17:07:30.785 11508 11581 E gralloc4: Empty SMPTE 2094-40 data
03-14 17:07:30.817 11508 11581 E gralloc4: Empty SMPTE 2094-40 data
03-14 17:07:30.827 11508 11581 E gralloc4: Empty SMPTE 2094-40 data
03-14 17:07:30.837 11508 11581 E gralloc4: Empty SMPTE 2094-40 data
03-14 17:07:30.853 11508 11581 E gralloc4: Empty SMPTE 2094-40 data
03-14 17:07:30.869 11508 11581 E gralloc4: Empty SMPTE 2094-40 data
03-14 17:07:30.886 11508 11581 E gralloc4: Empty SMPTE 2094-40 data
03-14 17:07:30.903 11508 11581 E gralloc4: Empty SMPTE 2094-40 data
03-14 17:07:30.919 11508 11581 E gralloc4: Empty SMPTE 2094-40 data
03-14 17:07:30.936 11508 11581 E gralloc4: Empty SMPTE 2094-40 data
03-14 17:07:30.952 11508 11581 E gralloc4: Empty SMPTE 2094-40 data
03-14 17:07:30.969 11508 11581 E gralloc4: Empty SMPTE 2094-40 data
03-14 17:07:30.986 11508 11581 E gralloc4: Empty SMPTE 2094-40 data
03-14 17:07:31.002 11508 11581 E gralloc4: Empty SMPTE 2094-40 data
03-14 17:07:31.019 11508 11581 E gralloc4: Empty SMPTE 2094-40 data
03-14 17:07:31.049 11508 11581 E gralloc4: Empty SMPTE 2094-40 data
03-14 17:07:31.059 11508 11581 E gralloc4: Empty SMPTE 2094-40 data
03-14 17:07:31.069 11508 11581 E gralloc4: Empty SMPTE 2094-40 data
03-14 17:07:31.086 11508 11581 E gralloc4: Empty SMPTE 2094-40 data
03-14 17:07:31.095 11508 11581 E gralloc4: Empty SMPTE 2094-40 data
03-14 17:07:31.111 11508 11581 E gralloc4: Empty SMPTE 2094-40 data
03-14 17:07:31.135 11508 11581 E gralloc4: Empty SMPTE 2094-40 data
03-14 17:07:31.144 11508 11581 E gralloc4: Empty SMPTE 2094-40 data
03-14 17:07:31.161 11508 11581 E gralloc4: Empty SMPTE 2094-40 data
03-14 17:07:31.177 11508 11581 E gralloc4: Empty SMPTE 2094-40 data
03-14 17:07:31.200 11508 11581 E gralloc4: Empty SMPTE 2094-40 data
03-14 17:07:31.210 11508 11581 E gralloc4: Empty SMPTE 2094-40 data
03-14 17:07:31.228 11508 11581 E gralloc4: Empty SMPTE 2094-40 data
03-14 17:07:31.243 11508 11581 E gralloc4: Empty SMPTE 2094-40 data
03-14 17:07:31.260 11508 11581 E gralloc4: Empty SMPTE 2094-40 data
03-14 17:07:31.277 11508 11581 E gralloc4: Empty SMPTE 2094-40 data
03-14 17:07:31.306 11508 11581 E gralloc4: Empty SMPTE 2094-40 data
03-14 17:07:31.311 11508 11581 E gralloc4: Empty SMPTE 2094-40 data
03-14 17:07:31.327 11508 11581 E gralloc4: Empty SMPTE 2094-40 data
03-14 17:07:31.343 11508 11581 E gralloc4: Empty SMPTE 2094-40 data
03-14 17:07:31.360 11508 11581 E gralloc4: Empty SMPTE 2094-40 data
03-14 17:07:31.376 11508 11581 E gralloc4: Empty SMPTE 2094-40 data
03-14 17:07:31.393 11508 11581 E gralloc4: Empty SMPTE 2094-40 data
03-14 17:07:31.410 11508 11581 E gralloc4: Empty SMPTE 2094-40 data
03-14 17:07:31.426 11508 11581 E gralloc4: Empty SMPTE 2094-40 data
03-14 17:07:31.443 11508 11581 E gralloc4: Empty SMPTE 2094-40 data
03-14 17:07:31.459 11508 11581 E gralloc4: Empty SMPTE 2094-40 data
03-14 17:07:31.476 11508 11581 E gralloc4: Empty SMPTE 2094-40 data
03-14 17:07:31.500 11508 11581 E gralloc4: Empty SMPTE 2094-40 data
03-14 17:07:31.509 11508 11581 E gralloc4: Empty SMPTE 2094-40 data
03-14 17:07:31.526 11508 11581 E gralloc4: Empty SMPTE 2094-40 data
03-14 17:07:31.543 11508 11581 E gralloc4: Empty SMPTE 2094-40 data
03-14 17:07:31.559 11508 11581 E gralloc4: Empty SMPTE 2094-40 data
03-14 17:07:31.576 11508 11581 E gralloc4: Empty SMPTE 2094-40 data
03-14 17:07:31.592 11508 11581 E gralloc4: Empty SMPTE 2094-40 data
03-14 17:07:31.609 11508 11581 E gralloc4: Empty SMPTE 2094-40 data
03-14 17:07:31.625 11508 11581 E gralloc4: Empty SMPTE 2094-40 data
03-14 17:07:31.642 11508 11581 E gralloc4: Empty SMPTE 2094-40 data
03-14 17:07:31.659 11508 11581 E gralloc4: Empty SMPTE 2094-40 data
03-14 17:07:31.675 11508 11581 E gralloc4: Empty SMPTE 2094-40 data
03-14 17:07:31.692 11508 11581 E gralloc4: Empty SMPTE 2094-40 data
03-14 17:07:31.708 11508 11581 E gralloc4: Empty SMPTE 2094-40 data
03-14 17:07:31.725 11508 11581 E gralloc4: Empty SMPTE 2094-40 data
03-14 17:07:31.741 11508 11581 E gralloc4: Empty SMPTE 2094-40 data
03-14 17:07:31.758 11508 11581 E gralloc4: Empty SMPTE 2094-40 data
03-14 17:07:31.775 11508 11581 E gralloc4: Empty SMPTE 2094-40 data
03-14 17:07:31.797 11508 11581 E gralloc4: Empty SMPTE 2094-40 data
03-14 17:07:31.808 11508 11581 E gralloc4: Empty SMPTE 2094-40 data
03-14 17:07:32.211 11508 11581 E gralloc4: Empty SMPTE 2094-40 data
03-14 17:07:32.228 11508 11581 E gralloc4: Empty SMPTE 2094-40 data
03-14 17:07:32.243 11508 11581 E gralloc4: Empty SMPTE 2094-40 data
03-14 17:07:32.260 11508 11581 E gralloc4: Empty SMPTE 2094-40 data
03-14 17:07:32.275 11508 11581 E gralloc4: Empty SMPTE 2094-40 data
03-14 17:07:32.292 11508 11581 E gralloc4: Empty SMPTE 2094-40 data
03-14 17:07:32.309 11508 11581 E gralloc4: Empty SMPTE 2094-40 data
03-14 17:07:32.326 11508 11581 E gralloc4: Empty SMPTE 2094-40 data
03-14 17:07:32.342 11508 11581 E gralloc4: Empty SMPTE 2094-40 data
03-14 17:07:32.359 11508 11581 E gralloc4: Empty SMPTE 2094-40 data
03-14 17:07:32.376 11508 11581 E gralloc4: Empty SMPTE 2094-40 data
03-14 17:07:32.393 11508 11581 E gralloc4: Empty SMPTE 2094-40 data
03-14 17:07:32.409 11508 11581 E gralloc4: Empty SMPTE 2094-40 data
03-14 17:07:32.428 11508 11581 E gralloc4: Empty SMPTE 2094-40 data
03-14 17:07:32.447 11508 11581 E gralloc4: Empty SMPTE 2094-40 data
03-14 17:07:32.466 11508 11581 E gralloc4: Empty SMPTE 2094-40 data
03-14 17:07:33.299 11508 11581 E gralloc4: Empty SMPTE 2094-40 data
03-14 17:07:33.313 11508 11581 E gralloc4: Empty SMPTE 2094-40 data
03-14 17:07:33.343 11508 11581 E gralloc4: Empty SMPTE 2094-40 data
03-14 17:07:33.358 11508 11581 E gralloc4: Empty SMPTE 2094-40 data
03-14 17:07:33.379 11508 11581 E gralloc4: Empty SMPTE 2094-40 data
03-14 17:07:33.394 11508 11581 E gralloc4: Empty SMPTE 2094-40 data
03-14 17:07:33.414 11508 11581 E gralloc4: Empty SMPTE 2094-40 data
03-14 17:07:33.424 11508 11581 E gralloc4: Empty SMPTE 2094-40 data
03-14 17:07:33.441 11508 11581 E gralloc4: Empty SMPTE 2094-40 data
03-14 17:07:33.457 11508 11581 E gralloc4: Empty SMPTE 2094-40 data
03-14 17:07:33.474 11508 11581 E gralloc4: Empty SMPTE 2094-40 data
03-14 17:07:33.490 11508 11581 E gralloc4: Empty SMPTE 2094-40 data
03-14 17:07:33.507 11508 11581 E gralloc4: Empty SMPTE 2094-40 data
03-14 17:07:33.524 11508 11581 E gralloc4: Empty SMPTE 2094-40 data
03-14 17:07:33.541 11508 11581 E gralloc4: Empty SMPTE 2094-40 data
03-14 17:07:33.557 11508 11581 E gralloc4: Empty SMPTE 2094-40 data
03-14 17:07:33.574 11508 11581 E gralloc4: Empty SMPTE 2094-40 data
03-14 17:07:33.585 11508 11581 E gralloc4: Empty SMPTE 2094-40 data
03-14 17:07:33.607 11508 11581 E gralloc4: Empty SMPTE 2094-40 data
03-14 17:07:33.618 11508 11581 E gralloc4: Empty SMPTE 2094-40 data
03-14 17:07:33.640 11508 11581 E gralloc4: Empty SMPTE 2094-40 data
03-14 17:07:33.651 11508 11581 E gralloc4: Empty SMPTE 2094-40 data
03-14 17:07:33.673 11508 11581 E gralloc4: Empty SMPTE 2094-40 data
03-14 17:07:33.684 11508 11581 E gralloc4: Empty SMPTE 2094-40 data
03-14 17:07:33.707 11508 11581 E gralloc4: Empty SMPTE 2094-40 data
03-14 17:07:33.718 11508 11581 E gralloc4: Empty SMPTE 2094-40 data
03-14 17:07:33.740 11508 11581 E gralloc4: Empty SMPTE 2094-40 data
03-14 17:07:33.751 11508 11581 E gralloc4: Empty SMPTE 2094-40 data
03-14 17:07:33.773 11508 11581 E gralloc4: Empty SMPTE 2094-40 data
03-14 17:07:33.784 11508 11581 E gralloc4: Empty SMPTE 2094-40 data
03-14 17:07:33.806 11508 11581 E gralloc4: Empty SMPTE 2094-40 data
03-14 17:07:33.817 11508 11581 E gralloc4: Empty SMPTE 2094-40 data
03-14 17:07:33.974 11508 11581 E gralloc4: Empty SMPTE 2094-40 data
03-14 17:07:33.984 11508 11581 E gralloc4: Empty SMPTE 2094-40 data
03-14 17:07:34.006 11508 11581 E gralloc4: Empty SMPTE 2094-40 data
03-14 17:07:34.017 11508 11581 E gralloc4: Empty SMPTE 2094-40 data
03-14 17:07:34.039 11508 11581 E gralloc4: Empty SMPTE 2094-40 data
03-14 17:07:34.050 11508 11581 E gralloc4: Empty SMPTE 2094-40 data
03-14 17:07:34.072 11508 11581 E gralloc4: Empty SMPTE 2094-40 data
03-14 17:07:34.083 11508 11581 E gralloc4: Empty SMPTE 2094-40 data
03-14 17:07:34.105 11508 11581 E gralloc4: Empty SMPTE 2094-40 data
03-14 17:07:34.117 11508 11581 E gralloc4: Empty SMPTE 2094-40 data
03-14 17:07:34.138 11508 11581 E gralloc4: Empty SMPTE 2094-40 data
03-14 17:07:34.149 11508 11581 E gralloc4: Empty SMPTE 2094-40 data
03-14 17:07:34.171 11508 11581 E gralloc4: Empty SMPTE 2094-40 data
03-14 17:07:34.182 11508 11581 E gralloc4: Empty SMPTE 2094-40 data
03-14 17:07:34.205 11508 11581 E gralloc4: Empty SMPTE 2094-40 data
03-14 17:07:34.215 11508 11581 E gralloc4: Empty SMPTE 2094-40 data
03-14 17:07:34.236 11508 11581 E gralloc4: Empty SMPTE 2094-40 data
03-14 17:07:34.248 11508 11581 E gralloc4: Empty SMPTE 2094-40 data
03-14 17:07:36.336 11508 11581 E gralloc4: Empty SMPTE 2094-40 data
03-14 17:07:36.366 11508 11581 E gralloc4: Empty SMPTE 2094-40 data
03-14 17:07:36.372 11508 11581 E gralloc4: Empty SMPTE 2094-40 data
03-14 17:07:36.384 11508 11728 E FileUtils: err open mi_exception_log errno=2
03-14 17:07:36.384 11508 11728 E FileUtils: err write to mi_exception_log
03-14 17:07:36.386 11508 11581 E gralloc4: Empty SMPTE 2094-40 data
03-14 17:07:36.471 11508 11508 E FileUtils: err write to mi_exception_log
03-14 17:07:36.480 11508 11581 E gralloc4: Empty SMPTE 2094-40 data
03-14 17:07:36.493 11508 11581 E gralloc4: Empty SMPTE 2094-40 data
03-14 17:07:36.505 11508 11581 E gralloc4: Empty SMPTE 2094-40 data
03-14 17:07:36.520 11508 11581 E gralloc4: Empty SMPTE 2094-40 data
03-14 17:07:36.528 11508 11581 E gralloc4: Empty SMPTE 2094-40 data
03-14 17:07:36.533 11508 11581 E gralloc4: Empty SMPTE 2094-40 data
03-14 17:07:36.549 11508 11581 E gralloc4: Empty SMPTE 2094-40 data
03-14 17:07:36.565 11508 11581 E gralloc4: Empty SMPTE 2094-40 data
03-14 17:07:36.581 11508 11581 E gralloc4: Empty SMPTE 2094-40 data
03-14 17:07:36.600 11508 11581 E gralloc4: Empty SMPTE 2094-40 data
03-14 17:07:36.616 11508 11581 E gralloc4: Empty SMPTE 2094-40 data
03-14 17:07:36.633 11508 11581 E gralloc4: Empty SMPTE 2094-40 data
03-14 17:07:36.647 11508 11581 E gralloc4: Empty SMPTE 2094-40 data
03-14 17:07:38.023 11508 11581 E gralloc4: Empty SMPTE 2094-40 data
03-14 17:07:38.033 11508 11581 E gralloc4: Empty SMPTE 2094-40 data
03-14 17:07:38.046 11508 11581 E gralloc4: Empty SMPTE 2094-40 data
03-14 17:07:38.064 11508 11581 E gralloc4: Empty SMPTE 2094-40 data
03-14 17:07:38.079 11508 11581 E gralloc4: Empty SMPTE 2094-40 data
03-14 17:07:38.099 11508 11581 E gralloc4: Empty SMPTE 2094-40 data
03-14 17:07:38.115 11508 11581 E gralloc4: Empty SMPTE 2094-40 data
03-14 17:07:38.138 11508 11581 E gralloc4: Empty SMPTE 2094-40 data
03-14 17:07:38.155 11508 11581 E gralloc4: Empty SMPTE 2094-40 data
03-14 17:07:38.171 11508 11581 E gralloc4: Empty SMPTE 2094-40 data
03-14 17:07:38.192 11508 11581 E gralloc4: Empty SMPTE 2094-40 data
03-14 17:07:38.210 11508 11581 E gralloc4: Empty SMPTE 2094-40 data
03-14 17:07:38.227 11508 11581 E gralloc4: Empty SMPTE 2094-40 data
03-14 17:07:38.242 11508 11581 E gralloc4: Empty SMPTE 2094-40 data
03-14 17:07:38.256 11508 11581 E gralloc4: Empty SMPTE 2094-40 data
03-14 17:07:38.277 11508 11581 E gralloc4: Empty SMPTE 2094-40 data
03-14 17:07:38.291 11508 11581 E gralloc4: Empty SMPTE 2094-40 data
03-14 17:07:42.832 11508 11581 E gralloc4: Empty SMPTE 2094-40 data
03-14 17:07:42.854 11508 11581 E gralloc4: Empty SMPTE 2094-40 data
03-14 17:07:42.887 11508 11581 E gralloc4: Empty SMPTE 2094-40 data
03-14 17:07:42.890 11508 11581 E gralloc4: Empty SMPTE 2094-40 data
03-14 17:07:42.902 11508 11581 E gralloc4: Empty SMPTE 2094-40 data
03-14 17:07:42.919 11508 11581 E gralloc4: Empty SMPTE 2094-40 data
03-14 17:07:42.936 11508 11581 E gralloc4: Empty SMPTE 2094-40 data
03-14 17:07:42.952 11508 11581 E gralloc4: Empty SMPTE 2094-40 data
03-14 17:07:42.967 11508 11581 E gralloc4: Empty SMPTE 2094-40 data
03-14 17:07:42.987 11508 11581 E gralloc4: Empty SMPTE 2094-40 data
03-14 17:07:43.005 11508 11581 E gralloc4: Empty SMPTE 2094-40 data
03-14 17:07:43.022 11508 11581 E gralloc4: Empty SMPTE 2094-40 data
03-14 17:07:43.040 11508 11581 E gralloc4: Empty SMPTE 2094-40 data
03-14 17:07:43.056 11508 11581 E gralloc4: Empty SMPTE 2094-40 data
03-14 17:07:43.072 11508 11581 E gralloc4: Empty SMPTE 2094-40 data
03-14 17:07:43.088 11508 11581 E gralloc4: Empty SMPTE 2094-40 data
03-14 17:07:43.105 11508 11581 E gralloc4: Empty SMPTE 2094-40 data
03-14 17:07:43.121 11508 11581 E gralloc4: Empty SMPTE 2094-40 data
03-14 17:07:43.139 11508 11581 E gralloc4: Empty SMPTE 2094-40 data
03-14 17:07:44.051 11508 11581 E gralloc4: Empty SMPTE 2094-40 data
03-14 17:07:44.076 11508 11581 E gralloc4: Empty SMPTE 2094-40 data
03-14 17:07:44.134 11508 11581 E gralloc4: Empty SMPTE 2094-40 data
03-14 17:07:44.138 11508 11581 E gralloc4: Empty SMPTE 2094-40 data
03-14 17:07:44.154 11508 11581 E gralloc4: Empty SMPTE 2094-40 data
03-14 17:07:44.172 11508 11581 E gralloc4: Empty SMPTE 2094-40 data
03-14 17:07:44.187 11508 11581 E gralloc4: Empty SMPTE 2094-40 data
03-14 17:07:44.198 11508 11581 E gralloc4: Empty SMPTE 2094-40 data
03-14 17:07:44.215 11508 11581 E gralloc4: Empty SMPTE 2094-40 data
03-14 17:07:44.232 11508 11581 E gralloc4: Empty SMPTE 2094-40 data
03-14 17:07:44.250 11508 11581 E gralloc4: Empty SMPTE 2094-40 data
03-14 17:07:44.266 11508 11581 E gralloc4: Empty SMPTE 2094-40 data
03-14 17:07:44.284 11508 11581 E gralloc4: Empty SMPTE 2094-40 data
03-14 17:07:44.301 11508 11581 E gralloc4: Empty SMPTE 2094-40 data
03-14 17:07:44.317 11508 11581 E gralloc4: Empty SMPTE 2094-40 data
03-14 17:07:44.334 11508 11581 E gralloc4: Empty SMPTE 2094-40 data
03-14 17:07:44.350 11508 11581 E gralloc4: Empty SMPTE 2094-40 data
03-14 17:07:44.367 11508 11581 E gralloc4: Empty SMPTE 2094-40 data
03-14 17:07:44.385 11508 11581 E gralloc4: Empty SMPTE 2094-40 data
03-14 17:07:45.714 11508 11581 E gralloc4: Empty SMPTE 2094-40 data
03-14 17:07:45.724 11508 11581 E gralloc4: Empty SMPTE 2094-40 data
03-14 17:07:45.739 11508 11581 E gralloc4: Empty SMPTE 2094-40 data
03-14 17:07:45.758 11508 11581 E gralloc4: Empty SMPTE 2094-40 data
03-14 17:07:45.778 11508 11581 E gralloc4: Empty SMPTE 2094-40 data
03-14 17:07:45.796 11508 11581 E gralloc4: Empty SMPTE 2094-40 data
03-14 17:07:45.812 11508 11581 E gralloc4: Empty SMPTE 2094-40 data
03-14 17:07:45.832 11508 11581 E gralloc4: Empty SMPTE 2094-40 data
03-14 17:07:45.847 11508 11581 E gralloc4: Empty SMPTE 2094-40 data
03-14 17:07:45.866 11508 11581 E gralloc4: Empty SMPTE 2094-40 data
03-14 17:07:45.882 11508 11581 E gralloc4: Empty SMPTE 2094-40 data
03-14 17:07:45.899 11508 11581 E gralloc4: Empty SMPTE 2094-40 data
03-14 17:07:45.914 11508 11581 E gralloc4: Empty SMPTE 2094-40 data
03-14 17:07:45.932 11508 11581 E gralloc4: Empty SMPTE 2094-40 data
03-14 17:07:45.948 11508 11581 E gralloc4: Empty SMPTE 2094-40 data
03-14 17:07:45.963 11508 11581 E gralloc4: Empty SMPTE 2094-40 data
03-14 17:07:46.371 11508 11508 E ArmVmp : Match on catch block at 0x0a in for
0x766bd9a039
03-14 17:07:46.380 11508 11508 E ArmVmp : Match on catch block at 0x0a in for
0x766bd9a035
03-14 17:07:46.381 11508 11508 E FileUtils: err write to mi_exception_log
03-14 17:07:46.459 11508 11581 E gralloc4: Empty SMPTE 2094-40 data
03-14 17:07:46.460 11508 11581 W Parcel : Expecting binder but got null!
03-14 17:07:46.461 11508 11508 E FileUtils: err write to mi_exception_log
03-14 17:07:46.469 11508 11581 E gralloc4: Empty SMPTE 2094-40 data
03-14 17:07:46.473 11508 11581 E gralloc4: Empty SMPTE 2094-40 data
03-14 17:07:46.482 11508 11581 E gralloc4: Empty SMPTE 2094-40 data
