04-08 14:14:24.542 11117 11117 E ArmVmp : Match on catch block at 0xc3 in for 0xa1
04-08 14:14:24.552 11117 11117 E ArmVmp : Match on catch block at 0xc3 in for 0xa5
04-08 14:14:24.555 11117 11117 E ArmVmp : Match on catch block at 0xc3 in for 0xa9
04-08 14:14:24.557 11117 11117 E ArmVmp : Match on catch block at 0xc3 in for 0xa9
04-08 14:14:24.585 11117 11117 E ArmVmp : Match on catch block at 0xc3 in for 0xa1
04-08 14:14:24.587 11117 11117 E ArmVmp : Match on catch block at 0xc3 in for 0xa5
04-08 14:14:24.589 11117 11117 E ArmVmp : Match on catch block at 0xc3 in for 0xa5
04-08 14:14:24.652 11117 11117 E ArmVmp : Match on catch block at 0xc3 in for 0xa9
04-08 14:14:24.655 11117 11117 E ArmVmp : Match on catch block at 0xc3 in for 0xa1
04-08 14:14:24.657 11117 11117 E ArmVmp : Match on catch block at 0xc3 in for 0xa1
04-08 14:14:24.719 11117 11117 E ArmVmp : Match on catch block at 0xc3 in for 0xa5
04-08 14:14:24.723 11117 11117 E ArmVmp : Match on catch block at 0xc3 in for 0xa9
04-08 14:14:24.726 11117 11117 E ArmVmp : Match on catch block at 0xc3 in for 0xa9
04-08 14:14:24.786 11117 11117 E ArmVmp : Match on catch block at 0xc3 in for 0xa9
04-08 14:14:24.790 11117 11117 E ArmVmp : Match on catch block at 0xc3 in for 0xa1
04-08 14:14:24.792 11117 11117 E ArmVmp : Match on catch block at 0xc3 in for 0xa1
04-08 14:14:24.803 11117 11117 E ArmVmp : Match on catch block at 0xc3 in for 0xa5
04-08 14:14:24.807 11117 11117 E ArmVmp : Match on catch block at 0xc3 in for 0xa9
04-08 14:14:24.810 11117 11117 E ArmVmp : Match on catch block at 0xc3 in for 0xa9
04-08 14:14:24.853 11117 11117 E ArmVmp : Match on catch block at 0xc3 in for 0xa1
04-08 14:14:24.856 11117 11117 E ArmVmp : Match on catch block at 0xc3 in for 0xa5
04-08 14:14:24.859 11117 11117 E ArmVmp : Match on catch block at 0xc3 in for 0xa5
04-08 14:14:24.920 11117 11117 E ArmVmp : Match on catch block at 0xc3 in for 0xa9
04-08 14:14:24.924 11117 11117 E ArmVmp : Match on catch block at 0xc3 in for 0xa1
04-08 14:14:24.926 11117 11117 E ArmVmp : Match on catch block at 0xc3 in for 0xa1
04-08 14:14:24.986 11117 11117 E ArmVmp : Match on catch block at 0xc3 in for 0xa5
04-08 14:14:24.990 11117 11117 E ArmVmp : Match on catch block at 0xc3 in for 0xa9
04-08 14:14:24.993 11117 11117 E ArmVmp : Match on catch block at 0xc3 in for 0xa9
04-08 14:14:25.053 11117 11117 E ArmVmp : Match on catch block at 0xc3 in for 0xa1
04-08 14:14:25.057 11117 11117 E ArmVmp : Match on catch block at 0xc3 in for 0xa5
04-08 14:14:25.060 11117 11117 E ArmVmp : Match on catch block at 0xc3 in for 0xa5
04-08 14:14:25.120 11117 11117 E ArmVmp : Match on catch block at 0xc3 in for 0xa9
04-08 14:14:25.124 11117 11117 E ArmVmp : Match on catch block at 0xc3 in for 0xa1
04-08 14:14:25.127 11117 11117 E ArmVmp : Match on catch block at 0xc3 in for 0xa1
04-08 14:14:25.186 11117 11117 E ArmVmp : Match on catch block at 0xc3 in for 0xa5
04-08 14:14:25.190 11117 11117 E ArmVmp : Match on catch block at 0xc3 in for 0xa9
04-08 14:14:25.193 11117 11117 E ArmVmp : Match on catch block at 0xc3 in for 0xa9
04-08 14:14:25.253 11117 11117 E ArmVmp : Match on catch block at 0xc3 in for 0xa1
04-08 14:14:25.257 11117 11117 E ArmVmp : Match on catch block at 0xc3 in for 0xa5
04-08 14:14:25.260 11117 11117 E ArmVmp : Match on catch block at 0xc3 in for 0xa5
04-08 14:14:25.303 11117 11117 E ArmVmp : Match on catch block at 0xc3 in for 0xa9
04-08 14:14:25.306 11117 11117 E ArmVmp : Match on catch block at 0xc3 in for 0xa1
04-08 14:14:25.309 11117 11117 E ArmVmp : Match on catch block at 0xc3 in for 0xa1
04-08 14:14:25.320 11117 11117 E ArmVmp : Match on catch block at 0xc3 in for 0xa5
04-08 14:14:25.324 11117 11117 E ArmVmp : Match on catch block at 0xc3 in for 0xa9
04-08 14:14:25.326 11117 11117 E ArmVmp : Match on catch block at 0xc3 in for 0xa9
04-08 14:14:25.387 11117 11117 E ArmVmp : Match on catch block at 0xc3 in for 0xa1
04-08 14:14:25.390 11117 11117 E ArmVmp : Match on catch block at 0xc3 in for 0xa5
04-08 14:14:25.393 11117 11117 E ArmVmp : Match on catch block at 0xc3 in for 0xa5
04-08 14:14:25.453 11117 11117 E ArmVmp : Match on catch block at 0xc3 in for 0xa9
04-08 14:14:25.456 11117 11117 E ArmVmp : Match on catch block at 0xc3 in for 0xa1
04-08 14:14:25.459 11117 11117 E ArmVmp : Match on catch block at 0xc3 in for 0xa1
04-08 14:14:25.520 11117 11117 E ArmVmp : Match on catch block at 0xc3 in for 0xa5
04-08 14:14:25.524 11117 11117 E ArmVmp : Match on catch block at 0xc3 in for 0xa9
04-08 14:14:25.527 11117 11117 E ArmVmp : Match on catch block at 0xc3 in for 0xa9
04-08 14:14:25.587 11117 11117 E ArmVmp : Match on catch block at 0xc3 in for 0xa1
04-08 14:14:25.591 11117 11117 E ArmVmp : Match on catch block at 0xc3 in for 0xa5
04-08 14:14:25.594 11117 11117 E ArmVmp : Match on catch block at 0xc3 in for 0xa5
04-08 14:14:25.654 11117 11117 E ArmVmp : Match on catch block at 0xc3 in for 0xa9
04-08 14:14:25.657 11117 11117 E ArmVmp : Match on catch block at 0xc3 in for 0xa1
04-08 14:14:25.660 11117 11117 E ArmVmp : Match on catch block at 0xc3 in for 0xa1
04-08 14:14:25.720 11117 11117 E ArmVmp : Match on catch block at 0xc3 in for 0xa5
04-08 14:14:25.724 11117 11117 E ArmVmp : Match on catch block at 0xc3 in for 0xa9
04-08 14:14:25.727 11117 11117 E ArmVmp : Match on catch block at 0xc3 in for 0xa9
04-08 14:14:25.787 11117 11117 E ArmVmp : Match on catch block at 0xc3 in for 0xa1
04-08 14:14:25.790 11117 11117 E ArmVmp : Match on catch block at 0xc3 in for 0xa5
04-08 14:14:25.794 11117 11117 E ArmVmp : Match on catch block at 0xc3 in for 0xa5
04-08 14:14:25.807 11117 11117 E ArmVmp : Match on catch block at 0xc3 in for 0xa9
04-08 14:14:25.809 11117 11117 E ArmVmp : Match on catch block at 0xc3 in for 0xa1
04-08 14:14:25.811 11117 11117 E ArmVmp : Match on catch block at 0xc3 in for 0xa1
04-08 14:14:25.857 11117 11117 E ArmVmp : Match on catch block at 0xc3 in for 0xa9
04-08 14:14:25.860 11117 11117 E ArmVmp : Match on catch block at 0xc3 in for 0xa1
04-08 14:14:25.863 11117 11117 E ArmVmp : Match on catch block at 0xc3 in for 0xa1
04-08 14:14:25.869 11117 11117 E ArmVmp : Match on catch block at 0xc3 in for 0xa5
04-08 14:14:25.872 11117 11117 E ArmVmp : Match on catch block at 0xc3 in for 0xa9
04-08 14:14:25.874 11117 11117 E ArmVmp : Match on catch block at 0xc3 in for 0xa9
04-08 14:14:25.936 11117 11117 E ArmVmp : Match on catch block at 0xc3 in for 0xa1
04-08 14:14:25.939 11117 11117 E ArmVmp : Match on catch block at 0xc3 in for 0xa5
04-08 14:14:25.942 11117 11117 E ArmVmp : Match on catch block at 0xc3 in for 0xa5
04-08 14:14:26.007 11117 11117 E ArmVmp : Match on catch block at 0xc3 in for 0xa1
04-08 14:14:26.011 11117 11117 E ArmVmp : Match on catch block at 0xc3 in for 0xa5
04-08 14:14:26.014 11117 11117 E ArmVmp : Match on catch block at 0xc3 in for 0xa5
04-08 14:14:26.030 11117 11117 E ArmVmp : Match on catch block at 0xc3 in for 0xa9
04-08 14:14:26.032 11117 11117 E ArmVmp : Match on catch block at 0xc3 in for 0xa1
04-08 14:14:26.034 11117 11117 E ArmVmp : Match on catch block at 0xc3 in for 0xa1
04-08 14:14:26.053 11117 11117 E ArmVmp : Match on catch block at 0xc3 in for 0xa5
04-08 14:14:26.056 11117 11117 E ArmVmp : Match on catch block at 0xc3 in for 0xa9
04-08 14:14:26.059 11117 11117 E ArmVmp : Match on catch block at 0xc3 in for 0xa9
04-08 14:14:26.070 11117 11117 E ArmVmp : Match on catch block at 0xc3 in for 0xa1
04-08 14:14:26.072 11117 11117 E ArmVmp : Match on catch block at 0xc3 in for 0xa5
04-08 14:14:26.075 11117 11117 E ArmVmp : Match on catch block at 0xc3 in for 0xa5
04-08 14:14:26.087 11117 11117 E ArmVmp : Match on catch block at 0xc3 in for 0xa9
04-08 14:14:26.090 11117 11117 E ArmVmp : Match on catch block at 0xc3 in for 0xa1
04-08 14:14:26.092 11117 11117 E ArmVmp : Match on catch block at 0xc3 in for 0xa1
04-08 14:14:26.104 11117 11117 E ArmVmp : Match on catch block at 0xc3 in for 0xa5
04-08 14:14:26.108 11117 11117 E ArmVmp : Match on catch block at 0xc3 in for 0xa9
04-08 14:14:26.111 11117 11117 E ArmVmp : Match on catch block at 0xc3 in for 0xa9
04-08 14:14:26.123 11117 11117 E ArmVmp : Match on catch block at 0xc3 in for 0xa1
04-08 14:14:26.125 11117 11117 E ArmVmp : Match on catch block at 0xc3 in for 0xa5
04-08 14:14:26.127 11117 11117 E ArmVmp : Match on catch block at 0xc3 in for 0xa5
04-08 14:14:26.136 11117 11117 E ArmVmp : Match on catch block at 0xc3 in for 0xa9
04-08 14:14:26.139 11117 11117 E ArmVmp : Match on catch block at 0xc3 in for 0xa1
04-08 14:14:26.141 11117 11117 E ArmVmp : Match on catch block at 0xc3 in for 0xa1
04-08 14:14:26.154 11117 11117 E ArmVmp : Match on catch block at 0xc3 in for 0xa5
04-08 14:14:26.157 11117 11117 E ArmVmp : Match on catch block at 0xc3 in for 0xa9
04-08 14:14:26.160 11117 11117 E ArmVmp : Match on catch block at 0xc3 in for 0xa9
04-08 14:14:26.170 11117 11117 E ArmVmp : Match on catch block at 0xc3 in for 0xa1
04-08 14:14:26.173 11117 11117 E ArmVmp : Match on catch block at 0xc3 in for 0xa5
04-08 14:14:26.176 11117 11117 E ArmVmp : Match on catch block at 0xc3 in for 0xa5
04-08 14:14:26.187 11117 11117 E ArmVmp : Match on catch block at 0xc3 in for 0xa9
04-08 14:14:26.189 11117 11117 E ArmVmp : Match on catch block at 0xc3 in for 0xa1
04-08 14:14:26.191 11117 11117 E ArmVmp : Match on catch block at 0xc3 in for 0xa1
04-08 14:14:26.204 11117 11117 E ArmVmp : Match on catch block at 0xc3 in for 0xa5
04-08 14:14:26.210 11117 11117 E ArmVmp : Match on catch block at 0xc3 in for 0xa9
04-08 14:14:26.212 11117 11117 E ArmVmp : Match on catch block at 0xc3 in for 0xa9
04-08 14:14:26.270 11117 11117 E ArmVmp : Match on catch block at 0xc3 in for 0xa1
04-08 14:14:26.274 11117 11117 E ArmVmp : Match on catch block at 0xc3 in for 0xa5
04-08 14:14:26.276 11117 11117 E ArmVmp : Match on catch block at 0xc3 in for 0xa5
04-08 14:14:26.337 11117 11117 E ArmVmp : Match on catch block at 0xc3 in for 0xa9
04-08 14:14:26.340 11117 11117 E ArmVmp : Match on catch block at 0xc3 in for 0xa1
04-08 14:14:26.342 11117 11117 E ArmVmp : Match on catch block at 0xc3 in for 0xa1
04-08 14:14:26.370 11117 11117 E ArmVmp : Match on catch block at 0xc3 in for 0xa5
04-08 14:14:26.374 11117 11117 E ArmVmp : Match on catch block at 0xc3 in for 0xa9
04-08 14:14:26.376 11117 11117 E ArmVmp : Match on catch block at 0xc3 in for 0xa9
04-08 14:14:26.404 11117 11117 E ArmVmp : Match on catch block at 0xc3 in for 0xa1
04-08 14:14:26.408 11117 11117 E ArmVmp : Match on catch block at 0xc3 in for 0xa5
04-08 14:14:26.410 11117 11117 E ArmVmp : Match on catch block at 0xc3 in for 0xa5
04-08 14:14:26.470 11117 11117 E ArmVmp : Match on catch block at 0xc3 in for 0xa9
04-08 14:14:26.476 11117 11117 E ArmVmp : Match on catch block at 0xc3 in for 0xa1
04-08 14:14:26.478 11117 11117 E ArmVmp : Match on catch block at 0xc3 in for 0xa1
04-08 14:14:26.538 11117 11117 E ArmVmp : Match on catch block at 0xc3 in for 0xa5
04-08 14:14:26.541 11117 11117 E ArmVmp : Match on catch block at 0xc3 in for 0xa9
04-08 14:14:26.543 11117 11117 E ArmVmp : Match on catch block at 0xc3 in for 0xa9
04-08 14:14:26.605 11117 11117 E ArmVmp : Match on catch block at 0xc3 in for 0xa1
04-08 14:14:26.608 11117 11117 E ArmVmp : Match on catch block at 0xc3 in for 0xa5
04-08 14:14:26.612 11117 11117 E ArmVmp : Match on catch block at 0xc3 in for 0xa5
04-08 14:14:26.671 11117 11117 E ArmVmp : Match on catch block at 0xc3 in for 0xa9
04-08 14:14:26.675 11117 11117 E ArmVmp : Match on catch block at 0xc3 in for 0xa1
04-08 14:14:26.678 11117 11117 E ArmVmp : Match on catch block at 0xc3 in for 0xa1
04-08 14:14:26.738 11117 11117 E ArmVmp : Match on catch block at 0xc3 in for 0xa5
04-08 14:14:26.742 11117 11117 E ArmVmp : Match on catch block at 0xc3 in for 0xa9
04-08 14:14:26.745 11117 11117 E ArmVmp : Match on catch block at 0xc3 in for 0xa9
04-08 14:14:26.788 11117 11117 E ArmVmp : Match on catch block at 0xc3 in for 0xa1
04-08 14:14:26.792 11117 11117 E ArmVmp : Match on catch block at 0xc3 in for 0xa5
04-08 14:14:26.795 11117 11117 E ArmVmp : Match on catch block at 0xc3 in for 0xa5
04-08 14:14:26.804 11117 11117 E ArmVmp : Match on catch block at 0xc3 in for 0xa9
04-08 14:14:26.809 11117 11117 E ArmVmp : Match on catch block at 0xc3 in for 0xa1
04-08 14:14:26.811 11117 11117 E ArmVmp : Match on catch block at 0xc3 in for 0xa1
04-08 14:14:26.872 11117 11117 E ArmVmp : Match on catch block at 0xc3 in for 0xa5
04-08 14:14:26.875 11117 11117 E ArmVmp : Match on catch block at 0xc3 in for 0xa9
04-08 14:14:26.878 11117 11117 E ArmVmp : Match on catch block at 0xc3 in for 0xa9
04-08 14:14:26.905 11117 11117 E ArmVmp : Match on catch block at 0xc3 in for 0xa1
04-08 14:14:26.909 11117 11117 E ArmVmp : Match on catch block at 0xc3 in for 0xa5
04-08 14:14:26.912 11117 11117 E ArmVmp : Match on catch block at 0xc3 in for 0xa5
04-08 14:14:26.939 11117 11117 E ArmVmp : Match on catch block at 0xc3 in for 0xa9
04-08 14:14:26.943 11117 11117 E ArmVmp : Match on catch block at 0xc3 in for 0xa1
04-08 14:14:26.946 11117 11117 E ArmVmp : Match on catch block at 0xc3 in for 0xa1
04-08 14:14:27.005 11117 11117 E ArmVmp : Match on catch block at 0xc3 in for 0xa5
04-08 14:14:27.009 11117 11117 E ArmVmp : Match on catch block at 0xc3 in for 0xa9
04-08 14:14:27.011 11117 11117 E ArmVmp : Match on catch block at 0xc3 in for 0xa9
04-08 14:14:27.072 11117 11117 E ArmVmp : Match on catch block at 0xc3 in for 0xa1
04-08 14:14:27.075 11117 11117 E ArmVmp : Match on catch block at 0xc3 in for 0xa5
04-08 14:14:27.078 11117 11117 E ArmVmp : Match on catch block at 0xc3 in for 0xa5
04-08 14:14:27.105 11117 11117 E ArmVmp : Match on catch block at 0xc3 in for 0xa9
04-08 14:14:27.108 11117 11117 E ArmVmp : Match on catch block at 0xc3 in for 0xa1
04-08 14:14:27.111 11117 11117 E ArmVmp : Match on catch block at 0xc3 in for 0xa1
04-08 14:14:27.140 11117 11117 E ArmVmp : Match on catch block at 0xc3 in for 0xa5
04-08 14:14:27.143 11117 11117 E ArmVmp : Match on catch block at 0xc3 in for 0xa9
04-08 14:14:27.146 11117 11117 E ArmVmp : Match on catch block at 0xc3 in for 0xa9
04-08 14:14:27.204 11117 11117 E ArmVmp : Match on catch block at 0xc3 in for 0xa1
04-08 14:14:27.207 11117 11117 E ArmVmp : Match on catch block at 0xc3 in for 0xa5
04-08 14:14:27.208 11117 11117 E ArmVmp : Match on catch block at 0xc3 in for 0xa5
04-08 14:14:27.238 11117 11117 E ArmVmp : Match on catch block at 0xc3 in for 0xa9
04-08 14:14:27.241 11117 11117 E ArmVmp : Match on catch block at 0xc3 in for 0xa1
04-08 14:14:27.243 11117 11117 E ArmVmp : Match on catch block at 0xc3 in for 0xa1
04-08 14:14:27.272 11117 11117 E ArmVmp : Match on catch block at 0xc3 in for 0xa5
04-08 14:14:27.274 11117 11117 E ArmVmp : Match on catch block at 0xc3 in for 0xa9
04-08 14:14:27.276 11117 11117 E ArmVmp : Match on catch block at 0xc3 in for 0xa9
04-08 14:14:27.338 11117 11117 E ArmVmp : Match on catch block at 0xc3 in for 0xa1
04-08 14:14:27.340 11117 11117 E ArmVmp : Match on catch block at 0xc3 in for 0xa5
04-08 14:14:27.345 11117 11117 E ArmVmp : Match on catch block at 0xc3 in for 0xa5
04-08 14:14:27.356 11117 11117 E ArmVmp : Match on catch block at 0xc3 in for 0xa9
04-08 14:14:27.361 11117 11117 E ArmVmp : Match on catch block at 0xc3 in for 0xa1
04-08 14:14:27.365 11117 11117 E ArmVmp : Match on catch block at 0xc3 in for 0xa1
04-08 14:14:27.422 11117 11117 E ArmVmp : Match on catch block at 0xc3 in for 0xa5
04-08 14:14:27.425 11117 11117 E ArmVmp : Match on catch block at 0xc3 in for 0xa9
04-08 14:14:27.427 11117 11117 E ArmVmp : Match on catch block at 0xc3 in for 0xa9
04-08 14:14:27.455 11117 11117 E ArmVmp : Match on catch block at 0xc3 in for 0xa1
04-08 14:14:27.459 11117 11117 E ArmVmp : Match on catch block at 0xc3 in for 0xa5
04-08 14:14:27.461 11117 11117 E ArmVmp : Match on catch block at 0xc3 in for 0xa5
04-08 14:14:27.472 11117 11117 E ArmVmp : Match on catch block at 0xc3 in for 0xa9
04-08 14:14:27.478 11117 11117 E ArmVmp : Match on catch block at 0xc3 in for 0xa1
04-08 14:14:27.480 11117 11117 E ArmVmp : Match on catch block at 0xc3 in for 0xa1
04-08 14:14:27.489 11117 11117 E ArmVmp : Match on catch block at 0xc3 in for 0xa5
04-08 14:14:27.492 11117 11117 E ArmVmp : Match on catch block at 0xc3 in for 0xa9
04-08 14:14:27.495 11117 11117 E ArmVmp : Match on catch block at 0xc3 in for 0xa9
04-08 14:14:27.508 11117 11117 E ArmVmp : Match on catch block at 0xc3 in for 0xa1
04-08 14:14:27.511 11117 11117 E ArmVmp : Match on catch block at 0xc3 in for 0xa5
04-08 14:14:27.512 11117 11117 E ArmVmp : Match on catch block at 0xc3 in for 0xa5
04-08 14:14:27.521 11117 11117 E ArmVmp : Match on catch block at 0xc3 in for 0xa9
04-08 14:14:27.523 11117 11117 E ArmVmp : Match on catch block at 0xc3 in for 0xa1
04-08 14:14:27.532 11117 11117 E ArmVmp : Match on catch block at 0xc3 in for 0xa1
04-08 14:14:27.539 11117 11117 E ArmVmp : Match on catch block at 0xc3 in for 0xa5
04-08 14:14:27.543 11117 11117 E ArmVmp : Match on catch block at 0xc3 in for 0xa9
04-08 14:14:27.545 11117 11117 E ArmVmp : Match on catch block at 0xc3 in for 0xa9
04-08 14:14:27.555 11117 11117 E ArmVmp : Match on catch block at 0xc3 in for 0xa1
04-08 14:14:27.559 11117 11117 E ArmVmp : Match on catch block at 0xc3 in for 0xa5
04-08 14:14:27.560 11117 11117 E ArmVmp : Match on catch block at 0xc3 in for 0xa5
04-08 14:14:27.571 11117 11117 E ArmVmp : Match on catch block at 0xc3 in for 0xa9
04-08 14:14:27.576 11117 11117 E ArmVmp : Match on catch block at 0xc3 in for 0xa1
04-08 14:14:27.577 11117 11117 E ArmVmp : Match on catch block at 0xc3 in for 0xa1
04-08 14:14:27.588 11117 11117 E ArmVmp : Match on catch block at 0xc3 in for 0xa5
04-08 14:14:27.592 11117 11117 E ArmVmp : Match on catch block at 0xc3 in for 0xa9
04-08 14:14:27.594 11117 11117 E ArmVmp : Match on catch block at 0xc3 in for 0xa9
04-08 14:14:27.604 11117 11117 E ArmVmp : Match on catch block at 0xc3 in for 0xa1
04-08 14:14:27.608 11117 11117 E ArmVmp : Match on catch block at 0xc3 in for 0xa5
04-08 14:14:27.611 11117 11117 E ArmVmp : Match on catch block at 0xc3 in for 0xa5
04-08 14:14:27.621 11117 11117 E ArmVmp : Match on catch block at 0xc3 in for 0xa9
04-08 14:14:27.624 11117 11117 E ArmVmp : Match on catch block at 0xc3 in for 0xa1
04-08 14:14:27.626 11117 11117 E ArmVmp : Match on catch block at 0xc3 in for 0xa1
04-08 14:14:27.638 11117 11117 E ArmVmp : Match on catch block at 0xc3 in for 0xa5
04-08 14:14:27.641 11117 11117 E ArmVmp : Match on catch block at 0xc3 in for 0xa9
04-08 14:14:27.642 11117 11117 E ArmVmp : Match on catch block at 0xc3 in for 0xa9
04-08 14:14:27.655 11117 11117 E ArmVmp : Match on catch block at 0xc3 in for 0xa1
04-08 14:14:27.661 11117 11117 E ArmVmp : Match on catch block at 0xc3 in for 0xa5
04-08 14:14:27.665 11117 11117 E ArmVmp : Match on catch block at 0xc3 in for 0xa5
04-08 14:14:27.672 11117 11117 E ArmVmp : Match on catch block at 0xc3 in for 0xa9
04-08 14:14:27.676 11117 11117 E ArmVmp : Match on catch block at 0xc3 in for 0xa1
04-08 14:14:27.679 11117 11117 E ArmVmp : Match on catch block at 0xc3 in for 0xa1
04-08 14:14:27.688 11117 11117 E ArmVmp : Match on catch block at 0xc3 in for 0xa5
04-08 14:14:27.692 11117 11117 E ArmVmp : Match on catch block at 0xc3 in for 0xa9
04-08 14:14:27.694 11117 11117 E ArmVmp : Match on catch block at 0xc3 in for 0xa9
04-08 14:14:27.704 11117 11117 E ArmVmp : Match on catch block at 0xc3 in for 0xa1
04-08 14:14:27.710 11117 11117 E ArmVmp : Match on catch block at 0xc3 in for 0xa5
04-08 14:14:27.712 11117 11117 E ArmVmp : Match on catch block at 0xc3 in for 0xa5
04-08 14:14:27.721 11117 11117 E ArmVmp : Match on catch block at 0xc3 in for 0xa9
04-08 14:14:27.725 11117 11117 E ArmVmp : Match on catch block at 0xc3 in for 0xa1
04-08 14:14:27.727 11117 11117 E ArmVmp : Match on catch block at 0xc3 in for 0xa1
04-08 14:14:27.738 11117 11117 E ArmVmp : Match on catch block at 0xc3 in for 0xa5
04-08 14:14:27.742 11117 11117 E ArmVmp : Match on catch block at 0xc3 in for 0xa9
04-08 14:14:27.744 11117 11117 E ArmVmp : Match on catch block at 0xc3 in for 0xa9
04-08 14:14:27.805 11117 11117 E ArmVmp : Match on catch block at 0xc3 in for 0xa1
04-08 14:14:27.807 11117 11117 E ArmVmp : Match on catch block at 0xc3 in for 0xa5
04-08 14:14:27.809 11117 11117 E ArmVmp : Match on catch block at 0xc3 in for 0xa5
04-08 14:14:27.873 11117 11117 E ArmVmp : Match on catch block at 0xc3 in for 0xa9
04-08 14:14:27.876 11117 11117 E ArmVmp : Match on catch block at 0xc3 in for 0xa1
04-08 14:14:27.879 11117 11117 E ArmVmp : Match on catch block at 0xc3 in for 0xa1
04-08 14:14:27.940 11117 11117 E ArmVmp : Match on catch block at 0xc3 in for 0xa1
04-08 14:14:27.944 11117 11117 E ArmVmp : Match on catch block at 0xc3 in for 0xa5
04-08 14:14:27.946 11117 11117 E ArmVmp : Match on catch block at 0xc3 in for 0xa5
04-08 14:14:27.988 11117 11117 E ArmVmp : Match on catch block at 0xc3 in for 0xa1
04-08 14:14:27.992 11117 11117 E ArmVmp : Match on catch block at 0xc3 in for 0xa5
04-08 14:14:27.994 11117 11117 E ArmVmp : Match on catch block at 0xc3 in for 0xa5
04-08 14:14:28.014 11117 11117 E ArmVmp : Match on catch block at 0xc3 in for 0xa5
04-08 14:14:28.017 11117 11117 E ArmVmp : Match on catch block at 0xc3 in for 0xa9
04-08 14:14:28.018 11117 11117 E ArmVmp : Match on catch block at 0xc3 in for 0xa9
04-08 14:14:28.040 11117 11117 E ArmVmp : Match on catch block at 0xc3 in for 0xa9
04-08 14:14:28.042 11117 11117 E ArmVmp : Match on catch block at 0xc3 in for 0xa1
04-08 14:14:28.047 11117 11117 E ArmVmp : Match on catch block at 0xc3 in for 0xa9
04-08 14:14:28.049 11117 11117 E ArmVmp : Match on catch block at 0xc3 in for 0xa1
04-08 14:14:28.056 11117 11117 E ArmVmp : Match on catch block at 0xc3 in for 0xa9
04-08 14:14:28.058 11117 11117 E ArmVmp : Match on catch block at 0xc3 in for 0xa1
04-08 14:14:28.073 11117 11117 E ArmVmp : Match on catch block at 0xc3 in for 0xa9
04-08 14:14:28.080 11117 11117 E ArmVmp : Match on catch block at 0xc3 in for 0xa1
04-08 14:14:28.132 11117 11117 E ArmVmp : Match on catch block at 0xc3 in for 0xa5
04-08 14:14:28.135 11117 11117 E ArmVmp : Match on catch block at 0xc3 in for 0xa9
04-08 14:14:28.148 11117 11117 E ArmVmp : Match on catch block at 0xc3 in for 0xa5
04-08 14:14:28.150 11117 11117 E ArmVmp : Match on catch block at 0xc3 in for 0xa9
04-08 14:14:28.162 11117 11117 E ArmVmp : Match on catch block at 0xc3 in for 0xa5
04-08 14:14:28.164 11117 11117 E ArmVmp : Match on catch block at 0xc3 in for 0xa9
04-08 14:14:28.172 11117 11117 E ArmVmp : Match on catch block at 0xc3 in for 0xa5
04-08 14:14:28.175 11117 11117 E ArmVmp : Match on catch block at 0xc3 in for 0xa9
04-08 14:14:28.188 11117 11117 E ArmVmp : Match on catch block at 0xc3 in for 0xa5
04-08 14:14:28.191 11117 11117 E ArmVmp : Match on catch block at 0xc3 in for 0xa9
04-08 14:14:28.205 11117 11117 E ArmVmp : Match on catch block at 0xc3 in for 0xa5
04-08 14:14:28.208 11117 11117 E ArmVmp : Match on catch block at 0xc3 in for 0xa9
04-08 14:14:28.238 11117 11117 E ArmVmp : Match on catch block at 0xc3 in for 0xa5
04-08 14:14:28.244 11117 11117 E ArmVmp : Match on catch block at 0xc3 in for 0xa9
04-08 14:14:28.280 11117 11117 E ArmVmp : Match on catch block at 0xc3 in for 0xa5
04-08 14:14:28.282 11117 11117 E ArmVmp : Match on catch block at 0xc3 in for 0xa9
04-08 14:14:28.287 11117 13829 W MediaPlayer: Use of stream types is deprecated for
operations other than volume control
04-08 14:14:28.287 11117 13829 W MediaPlayer: See the documentation of
setAudioStreamType() for what to use instead with android.media.AudioAttributes to
qualify your playback use case
04-08 14:14:28.293 11117 11117 E ArmVmp : Match on catch block at 0xc3 in for 0xa5
04-08 14:14:28.296 11117 11117 E ArmVmp : Match on catch block at 0xc3 in for 0xa9
04-08 14:14:28.305 11117 11117 E ArmVmp : Match on catch block at 0xc3 in for 0xa5
04-08 14:14:28.308 11117 11117 E ArmVmp : Match on catch block at 0xc3 in for 0xa9
04-08 14:14:28.372 11117 11117 E ArmVmp : Match on catch block at 0xc3 in for 0xa5
04-08 14:14:28.374 11117 11117 E ArmVmp : Match on catch block at 0xc3 in for 0xa9
04-08 14:14:28.439 11117 11117 E ArmVmp : Match on catch block at 0xc3 in for 0xa1
04-08 14:14:28.443 11117 11117 E ArmVmp : Match on catch block at 0xc3 in for 0xa5
04-08 14:14:28.506 11117 11117 E ArmVmp : Match on catch block at 0xc3 in for 0xa9
04-08 14:14:28.508 11117 11117 E ArmVmp : Match on catch block at 0xc3 in for 0xa1
04-08 14:14:28.573 11117 11117 E ArmVmp : Match on catch block at 0xc3 in for 0xa9
04-08 14:14:28.577 11117 11117 E ArmVmp : Match on catch block at 0xc3 in for 0xa1
04-08 14:14:28.607 11117 11117 E ArmVmp : Match on catch block at 0xc3 in for 0xa1
04-08 14:14:28.611 11117 11117 E ArmVmp : Match on catch block at 0xc3 in for 0xa5
04-08 14:14:28.695 11117 11117 E ArmVmp : Match on catch block at 0xc3 in for 0xa1
04-08 14:14:28.700 11117 11117 E ArmVmp : Match on catch block at 0xc3 in for 0xa5
04-08 14:14:28.718 11117 11117 E RecyclerView: No adapter attached; skipping layout
04-08 14:14:28.737 11117 11117 E RecyclerView: No adapter attached; skipping layout
04-08 14:14:28.755 11117 11117 E ArmVmp : Match on catch block at 0xc3 in for 0xa1
04-08 14:14:28.760 11117 11117 E ArmVmp : Match on catch block at 0xc3 in for 0xa5
04-08 14:14:28.780 11117 13816 W libEGL : EGLNativeWindowType 0xb400007cc2647300
disconnect failed
04-08 14:14:28.806 11117 11117 E ArmVmp : Match on catch block at 0xc3 in for 0xa1
04-08 14:14:28.809 11117 11117 E ArmVmp : Match on catch block at 0xc3 in for 0xa5
04-08 14:14:28.865 11117 11117 E ArmVmp : Match on catch block at 0x0a in for 0xa1
04-08 14:14:28.872 11117 11117 E ArmVmp : Match on catch block at 0x0a in for 0xa1
04-08 14:14:28.874 11117 11117 E ArmVmp : Match on catch block at 0x0a in for 0xa1
04-08 14:14:28.876 11117 11117 E ArmVmp : Match on catch block at 0x0a in for 0xa1
04-08 14:14:28.878 11117 11117 E ArmVmp : Match on catch block at 0x0a in for 0xa1
04-08 14:14:28.881 11117 11117 E ArmVmp : Match on catch block at 0x0a in for 0xa1
04-08 14:14:28.883 11117 11117 E ArmVmp : Match on catch block at 0x0a in for 0xa1
04-08 14:14:28.941 11117 11117 E ArmVmp : Match on catch block at 0x0a in for 0xa1
04-08 14:14:28.970 11117 11117 E ArmVmp : Match on catch block at 0x0a in for 0xa1
04-08 14:14:29.209 11117 11117 E ArmVmp : Match on catch block at 0xc3 in for 0xa5
04-08 14:14:29.213 11117 11117 E ArmVmp : Match on catch block at 0xc3 in for 0xa9
04-08 14:14:29.217 11117 11131 W MediaPlayer-JNI: MediaPlayer finalized without
being released
04-08 14:14:29.710 11117 11117 E ArmVmp : Match on catch block at 0xc3 in for 0xa5
04-08 14:14:29.713 11117 11117 E ArmVmp : Match on catch block at 0xc3 in for 0xa9
04-08 14:14:29.892 11117 11117 E ArmVmp : Match on catch block at 0xc3 in for 0xa5
04-08 14:14:29.897 11117 11117 E ArmVmp : Match on catch block at 0xc3 in for 0xa9
04-08 14:14:29.908 11117 11117 E ArmVmp : Match on catch block at 0xc3 in for 0xa5
04-08 14:14:29.912 11117 11117 E ArmVmp : Match on catch block at 0xc3 in for 0xa9
04-08 14:14:29.925 11117 11117 E ArmVmp : Match on catch block at 0xc3 in for 0xa5
04-08 14:14:29.928 11117 11117 E ArmVmp : Match on catch block at 0xc3 in for 0xa9
04-08 14:14:29.942 11117 11117 E ArmVmp : Match on catch block at 0xc3 in for 0xa5
04-08 14:14:29.945 11117 11117 E ArmVmp : Match on catch block at 0xc3 in for 0xa9
04-08 14:14:29.958 11117 11117 E ArmVmp : Match on catch block at 0xc3 in for 0xa5
04-08 14:14:29.962 11117 11117 E ArmVmp : Match on catch block at 0xc3 in for 0xa9
04-08 14:14:29.974 11117 11117 E ArmVmp : Match on catch block at 0xc3 in for 0xa5
04-08 14:14:29.979 11117 11117 E ArmVmp : Match on catch block at 0xc3 in for 0xa9
04-08 14:14:29.991 11117 11117 E ArmVmp : Match on catch block at 0xc3 in for 0xa5
04-08 14:14:29.996 11117 11117 E ArmVmp : Match on catch block at 0xc3 in for 0xa9
04-08 14:14:30.008 11117 11117 E ArmVmp : Match on catch block at 0xc3 in for 0xa5
04-08 14:14:30.013 11117 11117 E ArmVmp : Match on catch block at 0xc3 in for 0xa9
04-08 14:14:30.025 11117 11117 E ArmVmp : Match on catch block at 0xc3 in for 0xa5
04-08 14:14:30.031 11117 11117 E ArmVmp : Match on catch block at 0xc3 in for 0xa9
04-08 14:14:30.044 11117 11117 E ArmVmp : Match on catch block at 0xc3 in for 0xa5
04-08 14:14:30.049 11117 11117 E ArmVmp : Match on catch block at 0xc3 in for 0xa9
04-08 14:14:30.061 11117 11117 E ArmVmp : Match on catch block at 0xc3 in for 0xa5
04-08 14:14:30.065 11117 11117 E ArmVmp : Match on catch block at 0xc3 in for 0xa9
04-08 14:14:30.077 11117 11117 E ArmVmp : Match on catch block at 0xc3 in for 0xa5
04-08 14:14:30.081 11117 11117 E ArmVmp : Match on catch block at 0xc3 in for 0xa9
04-08 14:14:30.092 11117 11117 E ArmVmp : Match on catch block at 0xc3 in for 0xa5
04-08 14:14:30.096 11117 11117 E ArmVmp : Match on catch block at 0xc3 in for 0xa9
04-08 14:14:30.108 11117 11117 E ArmVmp : Match on catch block at 0xc3 in for 0xa5
04-08 14:14:30.112 11117 11117 E ArmVmp : Match on catch block at 0xc3 in for 0xa9
04-08 14:14:30.125 11117 11117 E ArmVmp : Match on catch block at 0xc3 in for 0xa5
04-08 14:14:30.129 11117 11117 E ArmVmp : Match on catch block at 0xc3 in for 0xa9
04-08 14:14:30.141 11117 11117 E ArmVmp : Match on catch block at 0xc3 in for 0xa5
04-08 14:14:30.145 11117 11117 E ArmVmp : Match on catch block at 0xc3 in for 0xa9
04-08 14:14:30.208 11117 11117 E ArmVmp : Match on catch block at 0xc3 in for 0xa5
04-08 14:14:30.213 11117 11117 E ArmVmp : Match on catch block at 0xc3 in for 0xa9
04-08 14:14:30.712 11117 11117 E ArmVmp : Match on catch block at 0xc3 in for 0xa5
04-08 14:14:30.716 11117 11117 E ArmVmp : Match on catch block at 0xc3 in for 0xa9
04-08 14:14:31.210 11117 11117 E ArmVmp : Match on catch block at 0xc3 in for 0xa5
04-08 14:14:31.216 11117 11117 E ArmVmp : Match on catch block at 0xc3 in for 0xa9
04-08 14:14:31.714 11117 11117 E ArmVmp : Match on catch block at 0x0a in for 0xa9
04-08 14:14:31.721 11117 11117 E ArmVmp : Match on catch block at 0x0a in for 0xa9
04-08 14:14:31.726 11117 11117 E ArmVmp : Match on catch block at 0xc3 in for 0xa1
04-08 14:14:31.729 11117 11117 E ArmVmp : Match on catch block at 0xc3 in for 0xa5
04-08 14:14:32.229 11117 11117 E ArmVmp : Match on catch block at 0xc3 in for 0xa1
04-08 14:14:32.233 11117 11117 E ArmVmp : Match on catch block at 0xc3 in for 0xa5
04-08 14:14:32.251 11117 11117 E ArmVmp : Match on catch block at 0x0a in for 0xc1
04-08 14:14:32.254 11117 11117 E ArmVmp : Match on catch block at 0x0a in for 0xc1
04-08 14:14:32.257 11117 11117 E ArmVmp : Match on catch block at 0x0a in for 0xc1
04-08 14:14:32.260 11117 11117 E ArmVmp : Match on catch block at 0x0a in for 0xc1
04-08 14:14:32.280 11117 11117 E ArmVmp : Match on catch block at 0x0a in for 0xa5
04-08 14:14:32.320 11117 11117 E ArmVmp : Match on catch block at 0x0a in for 0xa5
04-08 14:14:32.349 11117 11117 E ArmVmp : Match on catch block at 0x0a in for 0xa5
04-08 14:14:32.520 11117 11117 E ArmVmp : Match on catch block at 0x0a in for 0xa5
04-08 14:14:32.523 11117 11117 E ArmVmp : Match on catch block at 0x0a in for 0xa5
04-08 14:14:32.596 11117 11117 E ArmVmp : Match on catch block at 0x0a in for 0xa5
04-08 14:14:32.681 11117 11117 E ArmVmp : Match on catch block at 0x0a in for 0xa5
04-08 14:14:32.684 11117 11117 E ArmVmp : Match on catch block at 0x0a in for 0xa5
04-08 14:14:32.685 11117 11117 E ArmVmp : Match on catch block at 0x0a in for 0xa5
04-08 14:14:32.727 11117 11117 E ArmVmp : Match on catch block at 0xc3 in for 0xa9
04-08 14:14:32.731 11117 11117 E ArmVmp : Match on catch block at 0xc3 in for 0xa1
04-08 14:14:32.815 11117 11117 E ArmVmp : Match on catch block at 0x0a in for 0xa5
04-08 14:14:32.817 11117 11117 E ArmVmp : Match on catch block at 0x0a in for 0xa5
04-08 14:14:33.244 11117 11117 E ArmVmp : Match on catch block at 0xc3 in for 0xa9
04-08 14:14:33.248 11117 11117 E ArmVmp : Match on catch block at 0xc3 in for 0xa1
04-08 14:14:33.749 11117 11117 E ArmVmp : Match on catch block at 0xc3 in for 0xa9
04-08 14:14:33.753 11117 11117 E ArmVmp : Match on catch block at 0xc3 in for 0xa1
04-08 14:14:33.908 11117 11117 E ArmVmp : Match on catch block at 0xc3 in for 0xa1
04-08 14:14:33.911 11117 11117 E ArmVmp : Match on catch block at 0xc3 in for 0xa5
04-08 14:14:33.935 11117 13829 W MediaPlayer: Use of stream types is deprecated for
operations other than volume control
04-08 14:14:33.935 11117 13829 W MediaPlayer: See the documentation of
setAudioStreamType() for what to use instead with android.media.AudioAttributes to
qualify your playback use case
04-08 14:14:33.942 11117 11117 E ArmVmp : Match on catch block at 0xc3 in for 0xa5
04-08 14:14:33.946 11117 11117 E ArmVmp : Match on catch block at 0xc3 in for 0xa9
04-08 14:14:33.976 11117 11117 E ArmVmp : Match on catch block at 0xc3 in for 0xa1
04-08 14:14:33.978 11117 11117 E ArmVmp : Match on catch block at 0xc3 in for 0xa5
04-08 14:14:34.045 11117 11117 E ArmVmp : Match on catch block at 0xc3 in for 0xa1
04-08 14:14:34.048 11117 11117 E ArmVmp : Match on catch block at 0xc3 in for 0xa5
04-08 14:14:34.246 11117 11117 E ArmVmp : Match on catch block at 0xc3 in for 0xa9
04-08 14:14:34.250 11117 11117 E ArmVmp : Match on catch block at 0xc3 in for 0xa1
04-08 14:14:34.281 11117 11117 E ArmVmp : Match on catch block at 0x0a in for 0xa5
04-08 14:14:34.282 11117 11117 E ArmVmp : Match on catch block at 0x0a in for 0xa5
04-08 14:14:34.748 11117 11117 E ArmVmp : Match on catch block at 0xc3 in for 0xa9
04-08 14:14:34.751 11117 11117 E ArmVmp : Match on catch block at 0xc3 in for 0xa1
04-08 14:14:35.250 11117 11117 E ArmVmp : Match on catch block at 0xc3 in for 0xa9
04-08 14:14:35.253 11117 11117 E ArmVmp : Match on catch block at 0xc3 in for 0xa1
04-08 14:14:35.581 11117 11117 E ArmVmp : Match on catch block at 0xc3 in for 0xa9
04-08 14:14:35.586 11117 11117 E ArmVmp : Match on catch block at 0xc3 in for 0xa1
04-08 14:14:35.605 11117 11117 E ArmVmp : Match on catch block at 0xc3 in for 0xa9
04-08 14:14:35.608 11117 11117 E ArmVmp : Match on catch block at 0xc3 in for 0xa1
04-08 14:14:35.623 11117 11117 E ArmVmp : Match on catch block at 0xc3 in for 0xa9
04-08 14:14:35.627 11117 11117 E ArmVmp : Match on catch block at 0xc3 in for 0xa1
04-08 14:14:35.640 11117 11117 E ArmVmp : Match on catch block at 0xc3 in for 0xa9
04-08 14:14:35.643 11117 11117 E ArmVmp : Match on catch block at 0xc3 in for 0xa1
04-08 14:14:35.657 11117 11117 E ArmVmp : Match on catch block at 0xc3 in for 0xa9
04-08 14:14:35.661 11117 11117 E ArmVmp : Match on catch block at 0xc3 in for 0xa1
04-08 14:14:35.675 11117 11117 E ArmVmp : Match on catch block at 0xc3 in for 0xa9
04-08 14:14:35.679 11117 11117 E ArmVmp : Match on catch block at 0xc3 in for 0xa1
04-08 14:14:35.695 11117 11117 E ArmVmp : Match on catch block at 0xc3 in for 0xa9
04-08 14:14:35.702 11117 11117 E ArmVmp : Match on catch block at 0xc3 in for 0xa1
04-08 14:14:35.715 11117 11117 E ArmVmp : Match on catch block at 0xc3 in for 0xa9
04-08 14:14:35.717 11117 11117 E ArmVmp : Match on catch block at 0xc3 in for 0xa1
04-08 14:14:35.729 11117 11117 E ArmVmp : Match on catch block at 0xc3 in for 0xa9
04-08 14:14:35.732 11117 11117 E ArmVmp : Match on catch block at 0xc3 in for 0xa1
04-08 14:14:35.746 11117 11117 E ArmVmp : Match on catch block at 0xc3 in for 0xa9
04-08 14:14:35.749 11117 11117 E ArmVmp : Match on catch block at 0xc3 in for 0xa1
04-08 14:14:35.762 11117 11117 E ArmVmp : Match on catch block at 0xc3 in for 0xa9
04-08 14:14:35.765 11117 11117 E ArmVmp : Match on catch block at 0xc3 in for 0xa1
04-08 14:14:35.779 11117 11117 E ArmVmp : Match on catch block at 0xc3 in for 0xa9
04-08 14:14:35.782 11117 11117 E ArmVmp : Match on catch block at 0xc3 in for 0xa1
04-08 14:14:35.795 11117 11117 E ArmVmp : Match on catch block at 0xc3 in for 0xa9
04-08 14:14:35.798 11117 11117 E ArmVmp : Match on catch block at 0xc3 in for 0xa1
04-08 14:14:35.813 11117 11117 E ArmVmp : Match on catch block at 0xc3 in for 0xa9
04-08 14:14:35.818 11117 11117 E ArmVmp : Match on catch block at 0xc3 in for 0xa1
04-08 14:14:35.830 11117 11117 E ArmVmp : Match on catch block at 0xc3 in for 0xa9
04-08 14:14:35.835 11117 11117 E ArmVmp : Match on catch block at 0xc3 in for 0xa1
04-08 14:14:36.281 11117 11117 E ArmVmp : Match on catch block at 0xc3 in for 0xa9
04-08 14:14:36.288 11117 11117 E ArmVmp : Match on catch block at 0xc3 in for 0xa1
04-08 14:14:36.500 11117 11117 E Dialog : show dialog
view=DecorView@336d962[Conversation]
04-08 14:14:36.508 11117 11117 E ArmVmp : Match on catch block at 0xc3 in for 0xa9
04-08 14:14:36.510 11117 11117 E ArmVmp : Match on catch block at 0xc3 in for 0xa1
04-08 14:14:36.525 11117 11117 E ArmVmp : Match on catch block at 0xc3 in for 0xb9
04-08 14:14:36.573 11117 11117 E ArmVmp : Match on catch block at 0xc3 in for 0xa9
04-08 14:14:36.578 11117 11117 E ArmVmp : Match on catch block at 0xc3 in for 0xa1
04-08 14:14:36.591 11117 11117 E ArmVmp : Match on catch block at 0xc3 in for 0xa5
04-08 14:14:36.602 11117 11117 E ArmVmp : Match on catch block at 0xc3 in for 0xa5
04-08 14:14:36.605 11117 11117 E ArmVmp : Match on catch block at 0xc3 in for 0xa9
04-08 14:14:36.616 11117 11117 E ArmVmp : Match on catch block at 0xc3 in for 0xa1
04-08 14:14:37.091 11117 13816 W libEGL : EGLNativeWindowType 0xb400007cc28b9160
disconnect failed
04-08 14:14:37.121 11117 11117 E ArmVmp : Match on catch block at 0xc3 in for 0xa9
04-08 14:14:37.124 11117 11117 E ArmVmp : Match on catch block at 0xc3 in for 0xa1
04-08 14:14:37.136 11117 11228 E SQLiteDatabase: Error inserting transferred=0
media_job_uuid=519b7866-fc1c-4baf-9f74-f9aa273a9a0a transcoded=1 gif_attribution=0
first_scan_length=0 direct_path=null thumbnail_height_width_ratio=1.0
is_animated_sticker=0 file_hash=yHP9f/+HdQZMuZ1Z02+uHGf0BR84DGrAZ1fw5NdHDUM=
file_path=/data/user/0/com.mbwhatsapp/files/Stickers/yHP9f-
+HdQZMuZ1Z02+uHGf0BR84DGrAZ1fw5NdHDUM=.webp file_size=62784 partial_media_hash=null
face_x=0 face_y=0 height=64 trim_to=0 media_key_timestamp=0 message_url=null
media_caption=null trim_from=0 mime_type=image/webp partial_media_enc_hash=null
width=64 original_file_hash=null has_streaming_sidecar=0
autotransfer_retry_enabled=1 media_upload_handle=null message_row_id=31546
multicast_id=null enc_file_hash=null mute_video=0 page_count=0
first_scan_sidecar=null suspicious_content=0 file_length=62784 media_name=yHP9f-
+HdQZMuZ1Z02+uHGf0BR84DGrAZ1fw5NdHDUM=.webp media_duration=0 chat_row_id=1320
media_key=null
04-08 14:14:37.136 11117 11228 E SQLiteDatabase:
android.database.sqlite.SQLiteConstraintException: UNIQUE constraint failed:
message_media.message_row_id (code 1555 SQLITE_CONSTRAINT_PRIMARYKEY)
04-08 14:14:37.136 11117 11228 E SQLiteDatabase: at
android.database.sqlite.SQLiteConnection.nativeExecuteForLastInsertedRowId(Native
Method)
04-08 14:14:37.136 11117 11228 E SQLiteDatabase: at
android.database.sqlite.SQLiteConnection.executeForLastInsertedRowId(SQLiteConnecti
on.java:938)
04-08 14:14:37.136 11117 11228 E SQLiteDatabase: at
android.database.sqlite.SQLiteSession.executeForLastInsertedRowId(SQLiteSession.jav
a:790)
04-08 14:14:37.136 11117 11228 E SQLiteDatabase: at
android.database.sqlite.SQLiteStatement.executeInsert(SQLiteStatement.java:88)
04-08 14:14:37.136 11117 11228 E SQLiteDatabase: at
android.database.sqlite.SQLiteDatabase.insertWithOnConflict(SQLiteDatabase.java:170
1)
04-08 14:14:37.136 11117 11228 E SQLiteDatabase: at
android.database.sqlite.SQLiteDatabase.insert(SQLiteDatabase.java:1570)
04-08 14:14:37.136 11117 11228 E SQLiteDatabase: at X.2tm.A08(Unknown
Source:6)
04-08 14:14:37.136 11117 11228 E SQLiteDatabase: at X.35Y.A07(Unknown
Source:212)
04-08 14:14:37.136 11117 11228 E SQLiteDatabase: at X.3QF.A14(Unknown
Source:470)
04-08 14:14:37.136 11117 11228 E SQLiteDatabase: at X.3gU.run(Unknown
Source:982)
04-08 14:14:37.136 11117 11228 E SQLiteDatabase: at
android.os.Handler.handleCallback(Handler.java:938)
04-08 14:14:37.136 11117 11228 E SQLiteDatabase: at
android.os.Handler.dispatchMessage(Handler.java:99)
04-08 14:14:37.136 11117 11228 E SQLiteDatabase: at
X.0zq.dispatchMessage(Unknown Source:4)
04-08 14:14:37.136 11117 11228 E SQLiteDatabase: at
android.os.Looper.loop(Looper.java:240)
04-08 14:14:37.136 11117 11228 E SQLiteDatabase: at
android.os.HandlerThread.run(HandlerThread.java:67)
04-08 14:14:37.137 11117 11117 E ArmVmp : Match on catch block at 0xc3 in for 0xa5
04-08 14:14:37.160 11117 11117 E ArmVmp : Match on catch block at 0xc3 in for 0xa5
04-08 14:14:37.164 11117 11117 E ArmVmp : Match on catch block at 0xc3 in for 0xa9
04-08 14:14:37.216 11117 11117 E ArmVmp : Match on catch block at 0xc3 in for 0xa9
04-08 14:14:37.221 11117 11117 E ArmVmp : Match on catch block at 0xc3 in for 0xa1
04-08 14:14:37.237 11117 11117 E ArmVmp : Match on catch block at 0xc3 in for 0xa5
04-08 14:14:37.242 11117 11117 E ArmVmp : Match on catch block at 0xc3 in for 0xa9
04-08 14:14:37.267 11117 11117 E ArmVmp : Match on catch block at 0xc3 in for 0xa9
04-08 14:14:37.269 11117 11117 E ArmVmp : Match on catch block at 0xc3 in for 0xa1
04-08 14:14:37.283 11117 11117 E ArmVmp : Match on catch block at 0x0a in for 0xa5
04-08 14:14:37.293 11117 11117 E ArmVmp : Match on catch block at 0xc3 in for 0xa9
04-08 14:14:37.299 11117 11117 E ArmVmp : Match on catch block at 0xc3 in for 0xa1
04-08 14:14:37.601 11117 11228 E SQLiteDatabase: Error inserting transferred=1
media_job_uuid=519b7866-fc1c-4baf-9f74-f9aa273a9a0a transcoded=1 gif_attribution=0
first_scan_length=0 direct_path=/v/t62.15575-
24/55948453_791805822412592_7612226543987576079_n.enc?ccb=11-
4&oh=01_ASD58BXy5dHfA7jhkEUAos_NbQ5qI91DsTyDl_nKueS3jA&oe=663BD757&_nc_sid=5e03e0
thumbnail_height_width_ratio=1.0 is_animated_sticker=0
file_hash=yHP9f/+HdQZMuZ1Z02+uHGf0BR84DGrAZ1fw5NdHDUM= file_path=Media/MBWhatsApp
Stickers/STK-20240408-WA0061.webp file_size=62784 partial_media_hash=null face_x=0
face_y=0 height=64 trim_to=0 media_key_timestamp=1712607358815
message_url=https://mmg.whatsapp.net/v/t62.15575-
24/55948453_791805822412592_7612226543987576079_n.enc?ccb=11-
4&oh=01_ASD58BXy5dHfA7jhkEUAos_NbQ5qI91DsTyDl_nKueS3jA&oe=663BD757&_nc_sid=5e03e0&m
ms3=true media_caption=null trim_from=0 mime_type=image/webp
partial_media_enc_hash=null width=64 original_file_hash=null
has_streaming_sidecar=0 autotransfer_retry_enabled=0 media_upload_handle=null
message_row_id=31546 multicast_id=null
enc_file_hash=FGIK4e0vTEwqdGTV1Tp/6b+QcVf0n+/B6U0Qu6nKbMk= mute_video=0
page_count=0 first_scan_sidecar=null suspicious_content=0 file_length=62784
media_name=yHP9f-+HdQZMuZ1Z02+uHGf0BR84DGrAZ1fw5NdHDUM=.webp media_duration=0
chat_row_id=1320 media_key=[B@3fcb601
04-08 14:14:37.601 11117 11228 E SQLiteDatabase:
android.database.sqlite.SQLiteConstraintException: UNIQUE constraint failed:
message_media.message_row_id (code 1555 SQLITE_CONSTRAINT_PRIMARYKEY)
04-08 14:14:37.601 11117 11228 E SQLiteDatabase: at
android.database.sqlite.SQLiteConnection.nativeExecuteForLastInsertedRowId(Native
Method)
04-08 14:14:37.601 11117 11228 E SQLiteDatabase: at
android.database.sqlite.SQLiteConnection.executeForLastInsertedRowId(SQLiteConnecti
on.java:938)
04-08 14:14:37.601 11117 11228 E SQLiteDatabase: at
android.database.sqlite.SQLiteSession.executeForLastInsertedRowId(SQLiteSession.jav
a:790)
04-08 14:14:37.601 11117 11228 E SQLiteDatabase: at
android.database.sqlite.SQLiteStatement.executeInsert(SQLiteStatement.java:88)
04-08 14:14:37.601 11117 11228 E SQLiteDatabase: at
android.database.sqlite.SQLiteDatabase.insertWithOnConflict(SQLiteDatabase.java:170
1)
04-08 14:14:37.601 11117 11228 E SQLiteDatabase: at
android.database.sqlite.SQLiteDatabase.insert(SQLiteDatabase.java:1570)
04-08 14:14:37.601 11117 11228 E SQLiteDatabase: at X.2tm.A08(Unknown
Source:6)
04-08 14:14:37.601 11117 11228 E SQLiteDatabase: at X.35Y.A07(Unknown
Source:212)
04-08 14:14:37.601 11117 11228 E SQLiteDatabase: at X.3QF.A14(Unknown
Source:470)
04-08 14:14:37.601 11117 11228 E SQLiteDatabase: at X.3gU.run(Unknown
Source:982)
04-08 14:14:37.601 11117 11228 E SQLiteDatabase: at
android.os.Handler.handleCallback(Handler.java:938)
04-08 14:14:37.601 11117 11228 E SQLiteDatabase: at
android.os.Handler.dispatchMessage(Handler.java:99)
04-08 14:14:37.601 11117 11228 E SQLiteDatabase: at
X.0zq.dispatchMessage(Unknown Source:4)
04-08 14:14:37.601 11117 11228 E SQLiteDatabase: at
android.os.Looper.loop(Looper.java:240)
04-08 14:14:37.601 11117 11228 E SQLiteDatabase: at
android.os.HandlerThread.run(HandlerThread.java:67)
04-08 14:14:37.631 11117 11117 E ArmVmp : Match on catch block at 0xc3 in for 0xa5
04-08 14:14:37.633 11117 11117 E ArmVmp : Match on catch block at 0xc3 in for 0xa9
04-08 14:14:37.653 11117 11117 E ArmVmp : Match on catch block at 0xc3 in for 0xa5
04-08 14:14:37.656 11117 11117 E ArmVmp : Match on catch block at 0xc3 in for 0xa9
04-08 14:14:37.698 11117 11117 E ArmVmp : Match on catch block at 0xc3 in for 0xa1
04-08 14:14:37.701 11117 11117 E ArmVmp : Match on catch block at 0xc3 in for 0xa5
04-08 14:14:37.805 11117 11117 E ArmVmp : Match on catch block at 0xc3 in for 0xa1
04-08 14:14:37.809 11117 11117 E ArmVmp : Match on catch block at 0xc3 in for 0xa5
04-08 14:14:37.817 11117 13829 W MediaPlayer: Use of stream types is deprecated for
operations other than volume control
04-08 14:14:37.817 11117 13829 W MediaPlayer: See the documentation of
setAudioStreamType() for what to use instead with android.media.AudioAttributes to
qualify your playback use case
04-08 14:14:37.823 11117 11117 E ArmVmp : Match on catch block at 0xc3 in for 0xa1
04-08 14:14:37.827 11117 11117 E ArmVmp : Match on catch block at 0xc3 in for 0xa5
04-08 14:14:38.203 11117 11117 E ArmVmp : Match on catch block at 0xc3 in for 0xa1
04-08 14:14:38.207 11117 11117 E ArmVmp : Match on catch block at 0xc3 in for 0xa5
04-08 14:14:38.520 11117 11117 E ArmVmp : Match on catch block at 0xc3 in for 0xa1
04-08 14:14:38.523 11117 11117 E ArmVmp : Match on catch block at 0xc3 in for 0xa5
04-08 14:14:38.544 11117 11117 E ArmVmp : Match on catch block at 0xc3 in for 0xa1
04-08 14:14:38.547 11117 11117 E ArmVmp : Match on catch block at 0xc3 in for 0xa5
04-08 14:14:38.703 11117 11117 E ArmVmp : Match on catch block at 0xc3 in for 0xa1
04-08 14:14:38.708 11117 11117 E ArmVmp : Match on catch block at 0xc3 in for 0xa5
04-08 14:14:39.205 11117 11117 E ArmVmp : Match on catch block at 0xc3 in for 0xa1
04-08 14:14:39.211 11117 11117 E ArmVmp : Match on catch block at 0xc3 in for 0xa5
04-08 14:14:39.552 11117 11117 E ArmVmp : Match on catch block at 0xc3 in for 0xa9
04-08 14:14:39.555 11117 11117 E ArmVmp : Match on catch block at 0xc3 in for 0xa1
04-08 14:14:39.574 11117 13829 W MediaPlayer: Use of stream types is deprecated for
operations other than volume control
04-08 14:14:39.574 11117 13829 W MediaPlayer: See the documentation of
setAudioStreamType() for what to use instead with android.media.AudioAttributes to
qualify your playback use case
04-08 14:14:39.579 11117 11117 E ArmVmp : Match on catch block at 0xc3 in for 0xa9
04-08 14:14:39.582 11117 11117 E ArmVmp : Match on catch block at 0xc3 in for 0xa1
04-08 14:14:39.612 11117 11117 E ArmVmp : Match on catch block at 0xc3 in for 0xa1
04-08 14:14:39.615 11117 11117 E ArmVmp : Match on catch block at 0xc3 in for 0xa5
04-08 14:14:39.681 11117 11117 E ArmVmp : Match on catch block at 0xc3 in for 0xa1
04-08 14:14:39.684 11117 11117 E ArmVmp : Match on catch block at 0xc3 in for 0xa5
04-08 14:14:39.699 11117 11117 E ArmVmp : Match on catch block at 0xc3 in for 0xa1
04-08 14:14:39.702 11117 11117 E ArmVmp : Match on catch block at 0xc3 in for 0xa5
04-08 14:14:40.219 11117 11117 E ArmVmp : Match on catch block at 0xc3 in for 0xa9
04-08 14:14:40.225 11117 11117 E ArmVmp : Match on catch block at 0xc3 in for 0xa1
04-08 14:14:40.721 11117 11117 E ArmVmp : Match on catch block at 0xc3 in for 0xa9
04-08 14:14:40.724 11117 11117 E ArmVmp : Match on catch block at 0xc3 in for 0xa1
04-08 14:14:41.219 11117 11117 E ArmVmp : Match on catch block at 0xc3 in for 0xa9
04-08 14:14:41.224 11117 11117 E ArmVmp : Match on catch block at 0xc3 in for 0xa1
04-08 14:14:41.242 11117 11117 E ArmVmp : Match on catch block at 0xc3 in for 0xa9
04-08 14:14:41.246 11117 11117 E ArmVmp : Match on catch block at 0xc3 in for 0xa1
04-08 14:14:41.261 11117 11117 E ArmVmp : Match on catch block at 0xc3 in for 0xa9
04-08 14:14:41.265 11117 11117 E ArmVmp : Match on catch block at 0xc3 in for 0xa1
04-08 14:14:41.272 11117 11117 E ArmVmp : Match on catch block at 0xc3 in for 0xa9
04-08 14:14:41.276 11117 11117 E ArmVmp : Match on catch block at 0xc3 in for 0xa1
04-08 14:14:41.288 11117 11117 E ArmVmp : Match on catch block at 0xc3 in for 0xa9
04-08 14:14:41.291 11117 11117 E ArmVmp : Match on catch block at 0xc3 in for 0xa1
04-08 14:14:41.302 11117 11117 E ArmVmp : Match on catch block at 0xc3 in for 0xa9
04-08 14:14:41.306 11117 11117 E ArmVmp : Match on catch block at 0xc3 in for 0xa1
04-08 14:14:41.318 11117 11117 E ArmVmp : Match on catch block at 0xc3 in for 0xa9
04-08 14:14:41.321 11117 11117 E ArmVmp : Match on catch block at 0xc3 in for 0xa1
04-08 14:14:41.334 11117 11117 E ArmVmp : Match on catch block at 0xc3 in for 0xa9
04-08 14:14:41.337 11117 11117 E ArmVmp : Match on catch block at 0xc3 in for 0xa1
04-08 14:14:41.351 11117 11117 E ArmVmp : Match on catch block at 0xc3 in for 0xa9
04-08 14:14:41.354 11117 11117 E ArmVmp : Match on catch block at 0xc3 in for 0xa1
04-08 14:14:41.368 11117 11117 E ArmVmp : Match on catch block at 0xc3 in for 0xa9
04-08 14:14:41.371 11117 11117 E ArmVmp : Match on catch block at 0xc3 in for 0xa1
04-08 14:14:41.385 11117 11117 E ArmVmp : Match on catch block at 0xc3 in for 0xa9
04-08 14:14:41.389 11117 11117 E ArmVmp : Match on catch block at 0xc3 in for 0xa1
04-08 14:14:41.402 11117 11117 E ArmVmp : Match on catch block at 0xc3 in for 0xa9
04-08 14:14:41.406 11117 11117 E ArmVmp : Match on catch block at 0xc3 in for 0xa1
04-08 14:14:41.421 11117 11117 E ArmVmp : Match on catch block at 0xc3 in for 0xa9
