04-08 14:14:41.425 11117 11117 E ArmVmp : Match on catch block at 0xc3 in for 0xa1
04-08 14:14:41.437 11117 11117 E ArmVmp : Match on catch block at 0xc3 in for 0xa9
04-08 14:14:41.441 11117 11117 E ArmVmp : Match on catch block at 0xc3 in for 0xa1
04-08 14:14:41.453 11117 11117 E ArmVmp : Match on catch block at 0xc3 in for 0xa9
04-08 14:14:41.456 11117 11117 E ArmVmp : Match on catch block at 0xc3 in for 0xa1
04-08 14:14:41.468 11117 11117 E ArmVmp : Match on catch block at 0xc3 in for 0xa9
04-08 14:14:41.472 11117 11117 E ArmVmp : Match on catch block at 0xc3 in for 0xa1
04-08 14:14:41.723 11117 11117 E ArmVmp : Match on catch block at 0xc3 in for 0xa9
04-08 14:14:41.726 11117 11117 E ArmVmp : Match on catch block at 0xc3 in for 0xa1
04-08 14:14:42.224 11117 11117 E ArmVmp : Match on catch block at 0xc3 in for 0xa9
04-08 14:14:42.227 11117 11117 E ArmVmp : Match on catch block at 0xc3 in for 0xa1
04-08 14:14:42.722 11117 11117 E ArmVmp : Match on catch block at 0xc3 in for 0xa9
04-08 14:14:42.727 11117 11117 E ArmVmp : Match on catch block at 0xc3 in for 0xa1
04-08 14:14:43.178 11117 13829 W MediaPlayer: Use of stream types is deprecated for
operations other than volume control
04-08 14:14:43.178 11117 13829 W MediaPlayer: See the documentation of
setAudioStreamType() for what to use instead with android.media.AudioAttributes to
qualify your playback use case
04-08 14:14:43.204 11117 11117 E ArmVmp : Match on catch block at 0xc3 in for 0xa9
04-08 14:14:43.207 11117 11117 E ArmVmp : Match on catch block at 0xc3 in for 0xa1
04-08 14:14:43.236 11117 11117 E ArmVmp : Match on catch block at 0xc3 in for 0xa1
04-08 14:14:43.239 11117 11117 E ArmVmp : Match on catch block at 0xc3 in for 0xa5
04-08 14:14:43.261 11117 11117 E ArmVmp : Match on catch block at 0xc3 in for 0xa1
04-08 14:14:43.269 11117 11117 E ArmVmp : Match on catch block at 0xc3 in for 0xa5
04-08 14:14:43.323 11117 11117 E ArmVmp : Match on catch block at 0xc3 in for 0xa1
04-08 14:14:43.326 11117 11117 E ArmVmp : Match on catch block at 0xc3 in for 0xa5
04-08 14:14:43.403 11117 13829 W MediaPlayer: Use of stream types is deprecated for
operations other than volume control
04-08 14:14:43.403 11117 13829 W MediaPlayer: See the documentation of
setAudioStreamType() for what to use instead with android.media.AudioAttributes to
qualify your playback use case
04-08 14:14:43.404 11117 11117 E ArmVmp : Match on catch block at 0xc3 in for 0xa9
04-08 14:14:43.406 11117 11117 E ArmVmp : Match on catch block at 0xc3 in for 0xa1
04-08 14:14:43.486 11117 11117 E ArmVmp : Match on catch block at 0xc3 in for 0xa9
04-08 14:14:43.488 11117 11117 E ArmVmp : Match on catch block at 0xc3 in for 0xa1
04-08 14:14:43.505 11117 11117 E ArmVmp : Match on catch block at 0xc3 in for 0xa9
04-08 14:14:43.507 11117 11117 E ArmVmp : Match on catch block at 0xc3 in for 0xa1
04-08 14:14:43.521 11117 11117 E ArmVmp : Match on catch block at 0xc3 in for 0xa1
04-08 14:14:43.524 11117 11117 E ArmVmp : Match on catch block at 0xc3 in for 0xa5
04-08 14:14:43.538 11117 11117 E ArmVmp : Match on catch block at 0xc3 in for 0xa5
04-08 14:14:43.540 11117 11117 E ArmVmp : Match on catch block at 0xc3 in for 0xa9
04-08 14:14:43.605 11117 11117 E ArmVmp : Match on catch block at 0xc3 in for 0xa9
04-08 14:14:43.608 11117 11117 E ArmVmp : Match on catch block at 0xc3 in for 0xa1
04-08 14:14:43.638 11117 11117 E ArmVmp : Match on catch block at 0xc3 in for 0xa5
04-08 14:14:43.642 11117 11117 E ArmVmp : Match on catch block at 0xc3 in for 0xa9
04-08 14:14:43.674 11117 11117 E ArmVmp : Match on catch block at 0xc3 in for 0xa1
04-08 14:14:43.678 11117 11117 E ArmVmp : Match on catch block at 0xc3 in for 0xa5
04-08 14:14:43.721 11117 11117 E ArmVmp : Match on catch block at 0xc3 in for 0xa5
04-08 14:14:43.725 11117 11117 E ArmVmp : Match on catch block at 0xc3 in for 0xa9
04-08 14:14:43.741 11117 11117 E ArmVmp : Match on catch block at 0xc3 in for 0xa9
04-08 14:14:43.745 11117 11117 E ArmVmp : Match on catch block at 0xc3 in for 0xa1
04-08 14:14:43.755 11117 11117 E ArmVmp : Match on catch block at 0xc3 in for 0xa1
04-08 14:14:43.758 11117 11117 E ArmVmp : Match on catch block at 0xc3 in for 0xa5
04-08 14:14:43.770 11117 11117 E ArmVmp : Match on catch block at 0xc3 in for 0xa5
04-08 14:14:43.777 11117 11117 E ArmVmp : Match on catch block at 0xc3 in for 0xa9
04-08 14:14:43.810 11117 11117 E ArmVmp : Match on catch block at 0xc3 in for 0xa1
04-08 14:14:43.812 11117 11117 E ArmVmp : Match on catch block at 0xc3 in for 0xa5
04-08 14:14:43.823 11117 11117 E ArmVmp : Match on catch block at 0xc3 in for 0xa1
04-08 14:14:43.829 11117 11117 E ArmVmp : Match on catch block at 0xc3 in for 0xa5
04-08 14:14:43.837 11117 11117 E ArmVmp : Match on catch block at 0xc3 in for 0xa1
04-08 14:14:43.840 11117 11117 E ArmVmp : Match on catch block at 0xc3 in for 0xa5
04-08 14:14:43.854 11117 11117 E ArmVmp : Match on catch block at 0xc3 in for 0xa5
04-08 14:14:43.857 11117 11117 E ArmVmp : Match on catch block at 0xc3 in for 0xa9
04-08 14:14:43.870 11117 11117 E ArmVmp : Match on catch block at 0xc3 in for 0xa9
04-08 14:14:43.872 11117 11117 E ArmVmp : Match on catch block at 0xc3 in for 0xa1
04-08 14:14:43.872 11117 11228 E SQLiteDatabase: Error inserting transferred=1
media_job_uuid=b50e800d-23dd-46e2-8d52-f3a0935d0c39 transcoded=0 gif_attribution=0
first_scan_length=0 direct_path=/v/t62.15575-
24/32182825_930387922158977_632081115209824094_n.enc?ccb=11-4&oh=01_ASDv-
yUvOFBHreM9_c4jEP3rra9OxGupDaRzLZjcxUoyAA&oe=663BB7F6&_nc_sid=5e03e0
thumbnail_height_width_ratio=1.0 is_animated_sticker=0
file_hash=SdW1I/X3U1VfE78lFNCeYm3SbD5GjzB9cIPMIIkdV1M= file_path=Media/MBWhatsApp
Stickers/STK-20240408-WA0062.webp file_size=66556 partial_media_hash=null face_x=0
face_y=0 height=64 trim_to=0 media_key_timestamp=1712544554000
message_url=https://mmg.whatsapp.net/v/t62.15575-
24/32182825_930387922158977_632081115209824094_n.enc?ccb=11-4&oh=01_ASDv-
yUvOFBHreM9_c4jEP3rra9OxGupDaRzLZjcxUoyAA&oe=663BB7F6&_nc_sid=5e03e0&mms3=true
media_caption=null trim_from=0 mime_type=image/webp partial_media_enc_hash=null
width=64 original_file_hash=null has_streaming_sidecar=0
autotransfer_retry_enabled=1 media_upload_handle=null message_row_id=31548
multicast_id=null enc_file_hash=oGpobaBRhT9ChES9V/WbbOkji1Kn92mWMQyy5ONKBKA=
mute_video=0 page_count=0 first_scan_sidecar=null suspicious_content=0
file_length=66556 media_name=null media_duration=0 chat_row_id=1320
media_key=[B@468d088
04-08 14:14:43.872 11117 11228 E SQLiteDatabase:
android.database.sqlite.SQLiteConstraintException: UNIQUE constraint failed:
message_media.message_row_id (code 1555 SQLITE_CONSTRAINT_PRIMARYKEY)
04-08 14:14:43.872 11117 11228 E SQLiteDatabase: at
android.database.sqlite.SQLiteConnection.nativeExecuteForLastInsertedRowId(Native
Method)
04-08 14:14:43.872 11117 11228 E SQLiteDatabase: at
android.database.sqlite.SQLiteConnection.executeForLastInsertedRowId(SQLiteConnecti
on.java:938)
04-08 14:14:43.872 11117 11228 E SQLiteDatabase: at
android.database.sqlite.SQLiteSession.executeForLastInsertedRowId(SQLiteSession.jav
a:790)
04-08 14:14:43.872 11117 11228 E SQLiteDatabase: at
android.database.sqlite.SQLiteStatement.executeInsert(SQLiteStatement.java:88)
04-08 14:14:43.872 11117 11228 E SQLiteDatabase: at
android.database.sqlite.SQLiteDatabase.insertWithOnConflict(SQLiteDatabase.java:170
1)
04-08 14:14:43.872 11117 11228 E SQLiteDatabase: at
android.database.sqlite.SQLiteDatabase.insert(SQLiteDatabase.java:1570)
04-08 14:14:43.872 11117 11228 E SQLiteDatabase: at X.2tm.A08(Unknown
Source:6)
04-08 14:14:43.872 11117 11228 E SQLiteDatabase: at X.35Y.A07(Unknown
Source:212)
04-08 14:14:43.872 11117 11228 E SQLiteDatabase: at X.3QF.A14(Unknown
Source:470)
04-08 14:14:43.872 11117 11228 E SQLiteDatabase: at X.3gU.run(Unknown
Source:982)
04-08 14:14:43.872 11117 11228 E SQLiteDatabase: at
android.os.Handler.handleCallback(Handler.java:938)
04-08 14:14:43.872 11117 11228 E SQLiteDatabase: at
android.os.Handler.dispatchMessage(Handler.java:99)
04-08 14:14:43.872 11117 11228 E SQLiteDatabase: at
X.0zq.dispatchMessage(Unknown Source:4)
04-08 14:14:43.872 11117 11228 E SQLiteDatabase: at
android.os.Looper.loop(Looper.java:240)
04-08 14:14:43.872 11117 11228 E SQLiteDatabase: at
android.os.HandlerThread.run(HandlerThread.java:67)
04-08 14:14:43.887 11117 11117 E ArmVmp : Match on catch block at 0xc3 in for 0xa9
04-08 14:14:43.889 11117 11117 E ArmVmp : Match on catch block at 0xc3 in for 0xa1
04-08 14:14:43.917 11117 11117 E ArmVmp : Match on catch block at 0xc3 in for 0xa1
04-08 14:14:43.919 11117 11117 E ArmVmp : Match on catch block at 0xc3 in for 0xa5
04-08 14:14:43.932 11117 11117 E ArmVmp : Match on catch block at 0xc3 in for 0xa1
04-08 14:14:43.936 11117 11117 E ArmVmp : Match on catch block at 0xc3 in for 0xa5
04-08 14:14:43.992 11117 11117 E ArmVmp : Match on catch block at 0xc3 in for 0xa5
04-08 14:14:43.994 11117 11117 E ArmVmp : Match on catch block at 0xc3 in for 0xa9
04-08 14:14:44.006 11117 11117 E ArmVmp : Match on catch block at 0xc3 in for 0xa5
04-08 14:14:44.009 11117 11117 E ArmVmp : Match on catch block at 0xc3 in for 0xa9
04-08 14:14:44.289 11117 11117 E ArmVmp : Match on catch block at 0xc3 in for 0xa1
04-08 14:14:44.292 11117 11117 E ArmVmp : Match on catch block at 0xc3 in for 0xa5
04-08 14:14:44.793 11117 11117 E ArmVmp : Match on catch block at 0xc3 in for 0xa1
04-08 14:14:44.797 11117 11117 E ArmVmp : Match on catch block at 0xc3 in for 0xa5
04-08 14:14:45.245 11117 11117 E ArmVmp : Match on catch block at 0xc3 in for 0xa9
04-08 14:14:45.247 11117 11117 E ArmVmp : Match on catch block at 0xc3 in for 0xa1
04-08 14:14:45.266 11117 11117 E ArmVmp : Match on catch block at 0xc3 in for 0xa9
04-08 14:14:45.268 11117 11117 E ArmVmp : Match on catch block at 0xc3 in for 0xa1
04-08 14:14:45.289 11117 11117 E ArmVmp : Match on catch block at 0xc3 in for 0xa9
04-08 14:14:45.292 11117 11117 E ArmVmp : Match on catch block at 0xc3 in for 0xa1
04-08 14:14:45.807 11117 11117 E ArmVmp : Match on catch block at 0xc3 in for 0xa9
04-08 14:14:45.811 11117 11117 E ArmVmp : Match on catch block at 0xc3 in for 0xa1
04-08 14:14:46.007 11117 11117 E ArmVmp : Match on catch block at 0xc3 in for 0xa1
04-08 14:14:46.010 11117 11117 E ArmVmp : Match on catch block at 0xc3 in for 0xa5
04-08 14:14:46.020 11117 13829 W MediaPlayer: Use of stream types is deprecated for
operations other than volume control
04-08 14:14:46.020 11117 13829 W MediaPlayer: See the documentation of
setAudioStreamType() for what to use instead with android.media.AudioAttributes to
qualify your playback use case
04-08 14:14:46.025 11117 11117 E ArmVmp : Match on catch block at 0xc3 in for 0xa5
04-08 14:14:46.029 11117 11117 E ArmVmp : Match on catch block at 0xc3 in for 0xa9
04-08 14:14:46.053 11117 11117 E ArmVmp : Match on catch block at 0xc3 in for 0xa5
04-08 14:14:46.056 11117 11117 E ArmVmp : Match on catch block at 0xc3 in for 0xa9
04-08 14:14:46.139 11117 11117 E ArmVmp : Match on catch block at 0xc3 in for 0xa9
04-08 14:14:46.142 11117 11117 E ArmVmp : Match on catch block at 0xc3 in for 0xa1
04-08 14:14:46.155 11117 11117 E ArmVmp : Match on catch block at 0xc3 in for 0xa1
04-08 14:14:46.158 11117 11117 E ArmVmp : Match on catch block at 0xc3 in for 0xa5
04-08 14:14:46.163 11117 11117 E ArmVmp : Match on catch block at 0xc3 in for 0xa5
04-08 14:14:46.166 11117 11117 E ArmVmp : Match on catch block at 0xc3 in for 0xa9
04-08 14:14:46.178 11117 11117 E ArmVmp : Match on catch block at 0xc3 in for 0xa9
04-08 14:14:46.180 11117 11117 E ArmVmp : Match on catch block at 0xc3 in for 0xa1
04-08 14:14:46.191 11117 11117 E ArmVmp : Match on catch block at 0xc3 in for 0xa5
04-08 14:14:46.193 11117 11117 E ArmVmp : Match on catch block at 0xc3 in for 0xa9
04-08 14:14:46.208 11117 11117 E ArmVmp : Match on catch block at 0xc3 in for 0xa1
04-08 14:14:46.210 11117 11117 E ArmVmp : Match on catch block at 0xc3 in for 0xa5
04-08 14:14:46.224 11117 11117 E ArmVmp : Match on catch block at 0xc3 in for 0xa9
04-08 14:14:46.226 11117 11117 E ArmVmp : Match on catch block at 0xc3 in for 0xa1
04-08 14:14:46.241 11117 11117 E ArmVmp : Match on catch block at 0xc3 in for 0xa5
04-08 14:14:46.244 11117 11117 E ArmVmp : Match on catch block at 0xc3 in for 0xa9
04-08 14:14:46.267 11117 11117 E ArmVmp : Match on catch block at 0xc3 in for 0xa5
04-08 14:14:46.269 11117 11117 E ArmVmp : Match on catch block at 0xc3 in for 0xa9
04-08 14:14:46.275 11117 11117 E ArmVmp : Match on catch block at 0xc3 in for 0xa1
04-08 14:14:46.280 11117 11117 E ArmVmp : Match on catch block at 0xc3 in for 0xa5
04-08 14:14:46.301 11117 11117 E ArmVmp : Match on catch block at 0xc3 in for 0xa9
04-08 14:14:46.303 11117 11117 E ArmVmp : Match on catch block at 0xc3 in for 0xa1
04-08 14:14:46.314 11117 11117 E ArmVmp : Match on catch block at 0xc3 in for 0xa5
04-08 14:14:46.317 11117 11117 E ArmVmp : Match on catch block at 0xc3 in for 0xa9
04-08 14:14:46.329 11117 11117 E ArmVmp : Match on catch block at 0xc3 in for 0xa1
04-08 14:14:46.331 11117 11117 E ArmVmp : Match on catch block at 0xc3 in for 0xa5
04-08 14:14:46.340 11117 11117 E ArmVmp : Match on catch block at 0xc3 in for 0xa9
04-08 14:14:46.342 11117 11117 E ArmVmp : Match on catch block at 0xc3 in for 0xa1
04-08 14:14:46.356 11117 11117 E ArmVmp : Match on catch block at 0xc3 in for 0xa5
04-08 14:14:46.358 11117 11117 E ArmVmp : Match on catch block at 0xc3 in for 0xa9
04-08 14:14:46.373 11117 11117 E ArmVmp : Match on catch block at 0xc3 in for 0xa1
04-08 14:14:46.375 11117 11117 E ArmVmp : Match on catch block at 0xc3 in for 0xa5
04-08 14:14:46.389 11117 11117 E ArmVmp : Match on catch block at 0xc3 in for 0xa9
04-08 14:14:46.392 11117 11117 E ArmVmp : Match on catch block at 0xc3 in for 0xa1
04-08 14:14:46.407 11117 11117 E ArmVmp : Match on catch block at 0xc3 in for 0xa5
04-08 14:14:46.410 11117 11117 E ArmVmp : Match on catch block at 0xc3 in for 0xa9
04-08 14:14:46.424 11117 11117 E ArmVmp : Match on catch block at 0xc3 in for 0xa1
04-08 14:14:46.427 11117 11117 E ArmVmp : Match on catch block at 0xc3 in for 0xa5
04-08 14:14:46.441 11117 11117 E ArmVmp : Match on catch block at 0xc3 in for 0xa9
04-08 14:14:46.444 11117 11117 E ArmVmp : Match on catch block at 0xc3 in for 0xa1
04-08 14:14:46.458 11117 11117 E ArmVmp : Match on catch block at 0xc3 in for 0xa5
04-08 14:14:46.461 11117 11117 E ArmVmp : Match on catch block at 0xc3 in for 0xa9
04-08 14:14:46.474 11117 11117 E ArmVmp : Match on catch block at 0xc3 in for 0xa1
04-08 14:14:46.476 11117 11117 E ArmVmp : Match on catch block at 0xc3 in for 0xa5
04-08 14:14:46.493 11117 11117 E ArmVmp : Match on catch block at 0xc3 in for 0xa9
04-08 14:14:46.496 11117 11117 E ArmVmp : Match on catch block at 0xc3 in for 0xa1
04-08 14:14:46.509 11117 11117 E ArmVmp : Match on catch block at 0xc3 in for 0xa5
04-08 14:14:46.512 11117 11117 E ArmVmp : Match on catch block at 0xc3 in for 0xa9
04-08 14:14:46.528 11117 11117 E ArmVmp : Match on catch block at 0xc3 in for 0xa1
04-08 14:14:46.531 11117 11117 E ArmVmp : Match on catch block at 0xc3 in for 0xa5
04-08 14:14:46.544 11117 11117 E ArmVmp : Match on catch block at 0xc3 in for 0xa9
04-08 14:14:46.546 11117 11117 E ArmVmp : Match on catch block at 0xc3 in for 0xa1
04-08 14:14:46.557 11117 11117 E ArmVmp : Match on catch block at 0xc3 in for 0xa5
04-08 14:14:46.560 11117 11117 E ArmVmp : Match on catch block at 0xc3 in for 0xa9
04-08 14:14:46.574 11117 11117 E ArmVmp : Match on catch block at 0xc3 in for 0xa1
04-08 14:14:46.577 11117 11117 E ArmVmp : Match on catch block at 0xc3 in for 0xa5
04-08 14:14:46.592 11117 11117 E ArmVmp : Match on catch block at 0xc3 in for 0xa9
04-08 14:14:46.595 11117 11117 E ArmVmp : Match on catch block at 0xc3 in for 0xa1
04-08 14:14:46.608 11117 11117 E ArmVmp : Match on catch block at 0xc3 in for 0xa5
04-08 14:14:46.610 11117 11117 E ArmVmp : Match on catch block at 0xc3 in for 0xa9
04-08 14:14:46.624 11117 11117 E ArmVmp : Match on catch block at 0xc3 in for 0xa1
04-08 14:14:46.627 11117 11117 E ArmVmp : Match on catch block at 0xc3 in for 0xa5
04-08 14:14:46.641 11117 11117 E ArmVmp : Match on catch block at 0xc3 in for 0xa5
04-08 14:14:46.644 11117 11117 E ArmVmp : Match on catch block at 0xc3 in for 0xa9
04-08 14:14:46.715 11117 11117 E ArmVmp : Match on catch block at 0xc3 in for 0xa9
04-08 14:14:46.718 11117 11117 E ArmVmp : Match on catch block at 0xc3 in for 0xa1
04-08 14:14:46.729 11117 11117 E ArmVmp : Match on catch block at 0xc3 in for 0xa1
04-08 14:14:46.731 11117 11117 E ArmVmp : Match on catch block at 0xc3 in for 0xa5
04-08 14:14:46.741 11117 11117 E ArmVmp : Match on catch block at 0xc3 in for 0xa5
04-08 14:14:46.744 11117 11117 E ArmVmp : Match on catch block at 0xc3 in for 0xa9
04-08 14:14:46.762 11117 11117 E ArmVmp : Match on catch block at 0xc3 in for 0xa5
04-08 14:14:46.764 11117 11117 E ArmVmp : Match on catch block at 0xc3 in for 0xa9
04-08 14:14:46.776 11117 11117 E ArmVmp : Match on catch block at 0xc3 in for 0xa9
04-08 14:14:46.779 11117 11117 E ArmVmp : Match on catch block at 0xc3 in for 0xa1
04-08 14:14:46.791 11117 11117 E ArmVmp : Match on catch block at 0xc3 in for 0xa1
04-08 14:14:46.794 11117 11117 E ArmVmp : Match on catch block at 0xc3 in for 0xa5
04-08 14:14:46.807 11117 11117 E ArmVmp : Match on catch block at 0xc3 in for 0xa9
04-08 14:14:46.810 11117 11117 E ArmVmp : Match on catch block at 0xc3 in for 0xa1
04-08 14:14:46.823 11117 11117 E ArmVmp : Match on catch block at 0xc3 in for 0xa5
04-08 14:14:46.826 11117 11117 E ArmVmp : Match on catch block at 0xc3 in for 0xa9
04-08 14:14:46.840 11117 11117 E ArmVmp : Match on catch block at 0xc3 in for 0xa9
04-08 14:14:46.843 11117 11117 E ArmVmp : Match on catch block at 0xc3 in for 0xa1
04-08 14:14:46.856 11117 11117 E ArmVmp : Match on catch block at 0xc3 in for 0xa1
04-08 14:14:46.859 11117 11117 E ArmVmp : Match on catch block at 0xc3 in for 0xa5
04-08 14:14:46.873 11117 11117 E ArmVmp : Match on catch block at 0xc3 in for 0xa5
04-08 14:14:46.876 11117 11117 E ArmVmp : Match on catch block at 0xc3 in for 0xa9
04-08 14:14:46.889 11117 11117 E ArmVmp : Match on catch block at 0xc3 in for 0xa9
04-08 14:14:46.892 11117 11117 E ArmVmp : Match on catch block at 0xc3 in for 0xa1
04-08 14:14:47.241 11117 11117 E ArmVmp : Match on catch block at 0xc3 in for 0xa1
04-08 14:14:47.246 11117 11117 E ArmVmp : Match on catch block at 0xc3 in for 0xa5
04-08 14:14:47.263 11117 11117 E ArmVmp : Match on catch block at 0xc3 in for 0xa5
04-08 14:14:47.267 11117 11117 E ArmVmp : Match on catch block at 0xc3 in for 0xa9
04-08 14:14:47.281 11117 11117 E ArmVmp : Match on catch block at 0xc3 in for 0xa9
04-08 14:14:47.285 11117 11117 E ArmVmp : Match on catch block at 0xc3 in for 0xa1
04-08 14:14:47.291 11117 11117 E ArmVmp : Match on catch block at 0xc3 in for 0xa1
04-08 14:14:47.295 11117 11117 E ArmVmp : Match on catch block at 0xc3 in for 0xa5
04-08 14:14:47.306 11117 11117 E ArmVmp : Match on catch block at 0xc3 in for 0xa5
04-08 14:14:47.309 11117 11117 E ArmVmp : Match on catch block at 0xc3 in for 0xa9
04-08 14:14:47.323 11117 11117 E ArmVmp : Match on catch block at 0xc3 in for 0xa9
04-08 14:14:47.326 11117 11117 E ArmVmp : Match on catch block at 0xc3 in for 0xa1
04-08 14:14:47.341 11117 11117 E ArmVmp : Match on catch block at 0xc3 in for 0xa9
04-08 14:14:47.346 11117 11117 E ArmVmp : Match on catch block at 0xc3 in for 0xa1
04-08 14:14:47.360 11117 11117 E ArmVmp : Match on catch block at 0xc3 in for 0xa1
04-08 14:14:47.363 11117 11117 E ArmVmp : Match on catch block at 0xc3 in for 0xa5
04-08 14:14:47.376 11117 11117 E ArmVmp : Match on catch block at 0xc3 in for 0xa5
04-08 14:14:47.378 11117 11117 E ArmVmp : Match on catch block at 0xc3 in for 0xa9
04-08 14:14:47.391 11117 11117 E ArmVmp : Match on catch block at 0xc3 in for 0xa9
04-08 14:14:47.394 11117 11117 E ArmVmp : Match on catch block at 0xc3 in for 0xa1
04-08 14:14:47.408 11117 11117 E ArmVmp : Match on catch block at 0xc3 in for 0xa1
04-08 14:14:47.411 11117 11117 E ArmVmp : Match on catch block at 0xc3 in for 0xa5
04-08 14:14:47.426 11117 11117 E ArmVmp : Match on catch block at 0xc3 in for 0xa5
04-08 14:14:47.429 11117 11117 E ArmVmp : Match on catch block at 0xc3 in for 0xa9
04-08 14:14:47.441 11117 11117 E ArmVmp : Match on catch block at 0xc3 in for 0xa9
04-08 14:14:47.444 11117 11117 E ArmVmp : Match on catch block at 0xc3 in for 0xa1
04-08 14:14:47.458 11117 11117 E ArmVmp : Match on catch block at 0xc3 in for 0xa9
04-08 14:14:47.461 11117 11117 E ArmVmp : Match on catch block at 0xc3 in for 0xa1
04-08 14:14:47.474 11117 11117 E ArmVmp : Match on catch block at 0xc3 in for 0xa1
04-08 14:14:47.478 11117 11117 E ArmVmp : Match on catch block at 0xc3 in for 0xa5
04-08 14:14:47.491 11117 11117 E ArmVmp : Match on catch block at 0xc3 in for 0xa5
04-08 14:14:47.495 11117 11117 E ArmVmp : Match on catch block at 0xc3 in for 0xa9
04-08 14:14:47.507 11117 11117 E ArmVmp : Match on catch block at 0xc3 in for 0xa9
04-08 14:14:47.511 11117 11117 E ArmVmp : Match on catch block at 0xc3 in for 0xa1
04-08 14:14:47.525 11117 11117 E ArmVmp : Match on catch block at 0xc3 in for 0xa1
04-08 14:14:47.529 11117 11117 E ArmVmp : Match on catch block at 0xc3 in for 0xa5
04-08 14:14:47.542 11117 11117 E ArmVmp : Match on catch block at 0xc3 in for 0xa5
04-08 14:14:47.545 11117 11117 E ArmVmp : Match on catch block at 0xc3 in for 0xa9
04-08 14:14:47.559 11117 11117 E ArmVmp : Match on catch block at 0xc3 in for 0xa9
04-08 14:14:47.562 11117 11117 E ArmVmp : Match on catch block at 0xc3 in for 0xa1
04-08 14:14:47.575 11117 11117 E ArmVmp : Match on catch block at 0xc3 in for 0xa1
04-08 14:14:47.578 11117 11117 E ArmVmp : Match on catch block at 0xc3 in for 0xa5
04-08 14:14:47.591 11117 11117 E ArmVmp : Match on catch block at 0xc3 in for 0xa5
04-08 14:14:47.595 11117 11117 E ArmVmp : Match on catch block at 0xc3 in for 0xa9
04-08 14:14:47.608 11117 11117 E ArmVmp : Match on catch block at 0xc3 in for 0xa9
04-08 14:14:47.612 11117 11117 E ArmVmp : Match on catch block at 0xc3 in for 0xa1
04-08 14:14:47.624 11117 11117 E ArmVmp : Match on catch block at 0xc3 in for 0xa1
04-08 14:14:47.627 11117 11117 E ArmVmp : Match on catch block at 0xc3 in for 0xa5
04-08 14:14:47.641 11117 11117 E ArmVmp : Match on catch block at 0xc3 in for 0xa5
04-08 14:14:47.645 11117 11117 E ArmVmp : Match on catch block at 0xc3 in for 0xa9
04-08 14:14:47.658 11117 11117 E ArmVmp : Match on catch block at 0xc3 in for 0xa9
04-08 14:14:47.662 11117 11117 E ArmVmp : Match on catch block at 0xc3 in for 0xa1
04-08 14:14:47.677 11117 11117 E ArmVmp : Match on catch block at 0xc3 in for 0xa1
04-08 14:14:47.680 11117 11117 E ArmVmp : Match on catch block at 0xc3 in for 0xa5
04-08 14:14:47.702 11117 11117 E ArmVmp : Match on catch block at 0xc3 in for 0xa9
04-08 14:14:47.704 11117 11117 E ArmVmp : Match on catch block at 0xc3 in for 0xa1
04-08 14:14:47.723 11117 11117 E ArmVmp : Match on catch block at 0xc3 in for 0xa5
04-08 14:14:47.725 11117 11117 E ArmVmp : Match on catch block at 0xc3 in for 0xa9
04-08 14:14:47.731 11117 11117 E ArmVmp : Match on catch block at 0xc3 in for 0xa9
04-08 14:14:47.734 11117 11117 E ArmVmp : Match on catch block at 0xc3 in for 0xa1
04-08 14:14:47.744 11117 11117 E ArmVmp : Match on catch block at 0xc3 in for 0xa1
04-08 14:14:47.747 11117 11117 E ArmVmp : Match on catch block at 0xc3 in for 0xa5
04-08 14:14:47.757 11117 11117 E ArmVmp : Match on catch block at 0xc3 in for 0xa5
04-08 14:14:47.760 11117 11117 E ArmVmp : Match on catch block at 0xc3 in for 0xa9
04-08 14:14:47.774 11117 11117 E ArmVmp : Match on catch block at 0xc3 in for 0xa9
04-08 14:14:47.777 11117 11117 E ArmVmp : Match on catch block at 0xc3 in for 0xa1
04-08 14:14:47.790 11117 11117 E ArmVmp : Match on catch block at 0xc3 in for 0xa1
04-08 14:14:47.794 11117 11117 E ArmVmp : Match on catch block at 0xc3 in for 0xa5
04-08 14:14:47.807 11117 11117 E ArmVmp : Match on catch block at 0xc3 in for 0xa5
04-08 14:14:47.810 11117 11117 E ArmVmp : Match on catch block at 0xc3 in for 0xa9
04-08 14:14:47.824 11117 11117 E ArmVmp : Match on catch block at 0xc3 in for 0xa9
04-08 14:14:47.827 11117 11117 E ArmVmp : Match on catch block at 0xc3 in for 0xa1
04-08 14:14:47.840 11117 11117 E ArmVmp : Match on catch block at 0xc3 in for 0xa1
04-08 14:14:47.844 11117 11117 E ArmVmp : Match on catch block at 0xc3 in for 0xa5
04-08 14:14:47.857 11117 11117 E ArmVmp : Match on catch block at 0xc3 in for 0xa5
04-08 14:14:47.860 11117 11117 E ArmVmp : Match on catch block at 0xc3 in for 0xa9
04-08 14:14:47.874 11117 11117 E ArmVmp : Match on catch block at 0xc3 in for 0xa9
04-08 14:14:47.877 11117 11117 E ArmVmp : Match on catch block at 0xc3 in for 0xa1
04-08 14:14:47.891 11117 11117 E ArmVmp : Match on catch block at 0xc3 in for 0xa1
04-08 14:14:47.895 11117 11117 E ArmVmp : Match on catch block at 0xc3 in for 0xa5
04-08 14:14:47.908 11117 11117 E ArmVmp : Match on catch block at 0xc3 in for 0xa5
04-08 14:14:47.912 11117 11117 E ArmVmp : Match on catch block at 0xc3 in for 0xa9
04-08 14:14:47.925 11117 11117 E ArmVmp : Match on catch block at 0xc3 in for 0xa9
04-08 14:14:47.930 11117 11117 E ArmVmp : Match on catch block at 0xc3 in for 0xa1
04-08 14:14:47.942 11117 11117 E ArmVmp : Match on catch block at 0xc3 in for 0xa1
04-08 14:14:47.946 11117 11117 E ArmVmp : Match on catch block at 0xc3 in for 0xa5
04-08 14:14:47.968 11117 11117 E ArmVmp : Match on catch block at 0xc3 in for 0xa1
04-08 14:14:47.970 11117 11117 E ArmVmp : Match on catch block at 0xc3 in for 0xa5
04-08 14:14:47.983 11117 11117 E ArmVmp : Match on catch block at 0xc3 in for 0xa5
04-08 14:14:47.985 11117 11117 E ArmVmp : Match on catch block at 0xc3 in for 0xa9
04-08 14:14:48.393 11117 11117 E ArmVmp : Match on catch block at 0xc3 in for 0xa9
04-08 14:14:48.398 11117 11117 E ArmVmp : Match on catch block at 0xc3 in for 0xa1
04-08 14:14:48.740 11117 13816 W libEGL : EGLNativeWindowType 0xb400007cc2647300
disconnect failed
04-08 14:14:48.750 11117 11117 W InputEventReceiver: Attempted to finish an input
event but the input event receiver has already been disposed.
04-08 14:14:48.753 11117 11117 E ArmVmp : Match on catch block at 0xc3 in for 0xa5
04-08 14:14:48.756 11117 11117 E ArmVmp : Match on catch block at 0xc3 in for 0xa9
04-08 14:14:48.863 11117 11117 E ArmVmp : Match on catch block at 0xc3 in for 0xa5
04-08 14:14:48.867 11117 11117 E ArmVmp : Match on catch block at 0xc3 in for 0xa9
04-08 14:14:48.892 11117 11117 E ArmVmp : Match on catch block at 0xc3 in for 0xa9
04-08 14:14:48.897 11117 11117 E ArmVmp : Match on catch block at 0xc3 in for 0xa1
04-08 14:14:48.920 11117 11117 E ArmVmp : Match on catch block at 0xc3 in for 0xa9
04-08 14:14:48.924 11117 11117 E ArmVmp : Match on catch block at 0xc3 in for 0xa1
04-08 14:14:48.930 11117 11117 E ArmVmp : Match on catch block at 0xc3 in for 0xa1
04-08 14:14:48.933 11117 11117 E ArmVmp : Match on catch block at 0xc3 in for 0xa5
04-08 14:14:49.392 11117 11117 E ArmVmp : Match on catch block at 0xc3 in for 0xa5
04-08 14:14:49.395 11117 11117 E ArmVmp : Match on catch block at 0xc3 in for 0xa9
04-08 14:14:49.461 11117 11117 E ArmVmp : Match on catch block at 0xc3 in for 0xa1
04-08 14:14:49.464 11117 11117 E ArmVmp : Match on catch block at 0xc3 in for 0xa5
04-08 14:14:49.476 11117 11117 E ArmVmp : Match on catch block at 0xc3 in for 0xa5
04-08 14:14:49.479 11117 11117 E ArmVmp : Match on catch block at 0xc3 in for 0xa9
04-08 14:14:49.492 11117 11117 E ArmVmp : Match on catch block at 0xc3 in for 0xa9
04-08 14:14:49.495 11117 11117 E ArmVmp : Match on catch block at 0xc3 in for 0xa1
04-08 14:14:49.509 11117 11117 E ArmVmp : Match on catch block at 0xc3 in for 0xa1
04-08 14:14:49.512 11117 11117 E ArmVmp : Match on catch block at 0xc3 in for 0xa5
04-08 14:14:49.525 11117 11117 E ArmVmp : Match on catch block at 0xc3 in for 0xa5
04-08 14:14:49.529 11117 11117 E ArmVmp : Match on catch block at 0xc3 in for 0xa9
04-08 14:14:49.542 11117 11117 E ArmVmp : Match on catch block at 0xc3 in for 0xa9
04-08 14:14:49.545 11117 11117 E ArmVmp : Match on catch block at 0xc3 in for 0xa1
04-08 14:14:49.559 11117 11117 E ArmVmp : Match on catch block at 0xc3 in for 0xa1
04-08 14:14:49.562 11117 11117 E ArmVmp : Match on catch block at 0xc3 in for 0xa5
04-08 14:14:49.583 11117 11117 E ArmVmp : Match on catch block at 0xc3 in for 0xa5
04-08 14:14:49.587 11117 11117 E ArmVmp : Match on catch block at 0xc3 in for 0xa9
04-08 14:14:49.594 11117 11117 E ArmVmp : Match on catch block at 0xc3 in for 0xa9
04-08 14:14:49.600 11117 11117 E ArmVmp : Match on catch block at 0xc3 in for 0xa1
04-08 14:14:49.609 11117 11117 E ArmVmp : Match on catch block at 0xc3 in for 0xa1
04-08 14:14:49.613 11117 11117 E ArmVmp : Match on catch block at 0xc3 in for 0xa5
04-08 14:14:49.626 11117 11117 E ArmVmp : Match on catch block at 0xc3 in for 0xa5
04-08 14:14:49.629 11117 11117 E ArmVmp : Match on catch block at 0xc3 in for 0xa9
04-08 14:14:49.643 11117 11117 E ArmVmp : Match on catch block at 0xc3 in for 0xa9
04-08 14:14:49.646 11117 11117 E ArmVmp : Match on catch block at 0xc3 in for 0xa1
04-08 14:14:49.659 11117 11117 E ArmVmp : Match on catch block at 0xc3 in for 0xa1
04-08 14:14:49.663 11117 11117 E ArmVmp : Match on catch block at 0xc3 in for 0xa5
04-08 14:14:49.693 11117 11117 E ArmVmp : Match on catch block at 0xc3 in for 0xa5
04-08 14:14:49.697 11117 11117 E ArmVmp : Match on catch block at 0xc3 in for 0xa9
04-08 14:14:50.143 11117 11117 E ArmVmp : Match on catch block at 0xc3 in for 0xa9
04-08 14:14:50.147 11117 11117 E ArmVmp : Match on catch block at 0xc3 in for 0xa1
04-08 14:14:50.328 11117 11117 E ArmVmp : Match on catch block at 0xc3 in for 0xa1
04-08 14:14:50.332 11117 11117 E ArmVmp : Match on catch block at 0xc3 in for 0xa5
04-08 14:14:50.461 11117 11117 E ArmVmp : Match on catch block at 0xc3 in for 0xa5
04-08 14:14:50.466 11117 11117 E ArmVmp : Match on catch block at 0xc3 in for 0xa9
04-08 14:14:50.512 11117 11117 E ArmVmp : Match on catch block at 0xc3 in for 0xa9
04-08 14:14:50.517 11117 11117 E ArmVmp : Match on catch block at 0xc3 in for 0xa1
04-08 14:14:50.527 11117 11117 E ArmVmp : Match on catch block at 0xc3 in for 0xa1
04-08 14:14:50.531 11117 11117 E ArmVmp : Match on catch block at 0xc3 in for 0xa5
04-08 14:14:50.544 11117 11117 E ArmVmp : Match on catch block at 0xc3 in for 0xa5
04-08 14:14:50.547 11117 11117 E ArmVmp : Match on catch block at 0xc3 in for 0xa9
04-08 14:14:50.560 11117 11117 E ArmVmp : Match on catch block at 0xc3 in for 0xa9
04-08 14:14:50.563 11117 11117 E ArmVmp : Match on catch block at 0xc3 in for 0xa1
04-08 14:14:50.577 11117 11117 E ArmVmp : Match on catch block at 0xc3 in for 0xa1
04-08 14:14:50.580 11117 11117 E ArmVmp : Match on catch block at 0xc3 in for 0xa5
04-08 14:14:50.593 11117 11117 E ArmVmp : Match on catch block at 0xc3 in for 0xa5
04-08 14:14:50.597 11117 11117 E ArmVmp : Match on catch block at 0xc3 in for 0xa9
04-08 14:14:50.610 11117 11117 E ArmVmp : Match on catch block at 0xc3 in for 0xa9
04-08 14:14:50.614 11117 11117 E ArmVmp : Match on catch block at 0xc3 in for 0xa1
04-08 14:14:50.627 11117 11117 E ArmVmp : Match on catch block at 0xc3 in for 0xa1
04-08 14:14:50.630 11117 11117 E ArmVmp : Match on catch block at 0xc3 in for 0xa5
04-08 14:14:50.643 11117 11117 E ArmVmp : Match on catch block at 0xc3 in for 0xa5
04-08 14:14:50.647 11117 11117 E ArmVmp : Match on catch block at 0xc3 in for 0xa9
04-08 14:14:50.660 11117 11117 E ArmVmp : Match on catch block at 0xc3 in for 0xa9
04-08 14:14:50.663 11117 11117 E ArmVmp : Match on catch block at 0xc3 in for 0xa1
04-08 14:14:50.678 11117 11117 E ArmVmp : Match on catch block at 0xc3 in for 0xa1
04-08 14:14:50.682 11117 11117 E ArmVmp : Match on catch block at 0xc3 in for 0xa5
04-08 14:14:50.694 11117 11117 E ArmVmp : Match on catch block at 0xc3 in for 0xa5
04-08 14:14:50.699 11117 11117 E ArmVmp : Match on catch block at 0xc3 in for 0xa9
04-08 14:14:50.712 11117 11117 E ArmVmp : Match on catch block at 0xc3 in for 0xa9
04-08 14:14:50.717 11117 11117 E ArmVmp : Match on catch block at 0xc3 in for 0xa1
04-08 14:14:50.727 11117 11117 E ArmVmp : Match on catch block at 0xc3 in for 0xa1
04-08 14:14:50.733 11117 11117 E ArmVmp : Match on catch block at 0xc3 in for 0xa5
04-08 14:14:50.744 11117 11117 E ArmVmp : Match on catch block at 0xc3 in for 0xa5
04-08 14:14:50.747 11117 11117 E ArmVmp : Match on catch block at 0xc3 in for 0xa9
04-08 14:14:50.760 11117 11117 E ArmVmp : Match on catch block at 0xc3 in for 0xa9
04-08 14:14:50.764 11117 11117 E ArmVmp : Match on catch block at 0xc3 in for 0xa1
04-08 14:14:50.777 11117 11117 E ArmVmp : Match on catch block at 0xc3 in for 0xa1
04-08 14:14:50.780 11117 11117 E ArmVmp : Match on catch block at 0xc3 in for 0xa5
04-08 14:14:51.228 11117 11117 E ArmVmp : Match on catch block at 0xc3 in for 0xa5
04-08 14:14:51.233 11117 11117 E ArmVmp : Match on catch block at 0xc3 in for 0xa9
04-08 14:14:51.512 11117 11117 E ArmVmp : Match on catch block at 0xc3 in for 0xa9
04-08 14:14:51.517 11117 11117 E ArmVmp : Match on catch block at 0xc3 in for 0xa1
04-08 14:14:51.545 11117 11117 E ArmVmp : Match on catch block at 0xc3 in for 0xa1
04-08 14:14:51.548 11117 11117 E ArmVmp : Match on catch block at 0xc3 in for 0xa5
04-08 14:14:51.565 11117 11117 E ArmVmp : Match on catch block at 0xc3 in for 0xa1
04-08 14:14:51.568 11117 11117 E ArmVmp : Match on catch block at 0xc3 in for 0xa5
04-08 14:14:51.590 11117 11117 E ArmVmp : Match on catch block at 0xc3 in for 0xa9
04-08 14:14:51.593 11117 11117 E ArmVmp : Match on catch block at 0xc3 in for 0xa1
04-08 14:14:51.605 11117 11117 E ArmVmp : Match on catch block at 0xc3 in for 0xa5
04-08 14:14:51.608 11117 11117 E ArmVmp : Match on catch block at 0xc3 in for 0xa9
04-08 14:14:51.619 11117 11117 E ArmVmp : Match on catch block at 0xc3 in for 0xa9
04-08 14:14:51.622 11117 11117 E ArmVmp : Match on catch block at 0xc3 in for 0xa1
04-08 14:14:51.628 11117 11117 E ArmVmp : Match on catch block at 0xc3 in for 0xa1
04-08 14:14:51.632 11117 11117 E ArmVmp : Match on catch block at 0xc3 in for 0xa5
04-08 14:14:51.644 11117 11117 E ArmVmp : Match on catch block at 0xc3 in for 0xa5
04-08 14:14:51.647 11117 11117 E ArmVmp : Match on catch block at 0xc3 in for 0xa9
04-08 14:14:51.661 11117 11117 E ArmVmp : Match on catch block at 0xc3 in for 0xa9
04-08 14:14:51.664 11117 11117 E ArmVmp : Match on catch block at 0xc3 in for 0xa1
04-08 14:14:51.678 11117 11117 E ArmVmp : Match on catch block at 0xc3 in for 0xa1
04-08 14:14:51.680 11117 11117 E ArmVmp : Match on catch block at 0xc3 in for 0xa5
04-08 14:14:51.694 11117 11117 E ArmVmp : Match on catch block at 0xc3 in for 0xa5
04-08 14:14:51.699 11117 11117 E ArmVmp : Match on catch block at 0xc3 in for 0xa9
04-08 14:14:51.711 11117 11117 E ArmVmp : Match on catch block at 0xc3 in for 0xa9
04-08 14:14:51.714 11117 11117 E ArmVmp : Match on catch block at 0xc3 in for 0xa1
04-08 14:14:51.728 11117 11117 E ArmVmp : Match on catch block at 0xc3 in for 0xa1
04-08 14:14:51.731 11117 11117 E ArmVmp : Match on catch block at 0xc3 in for 0xa5
04-08 14:14:51.782 11117 11117 E ArmVmp : Match on catch block at 0xc3 in for 0xa9
04-08 14:14:51.785 11117 11117 E ArmVmp : Match on catch block at 0xc3 in for 0xa1
04-08 14:14:51.792 11117 13829 W MediaPlayer: Use of stream types is deprecated for
operations other than volume control
04-08 14:14:51.792 11117 13829 W MediaPlayer: See the documentation of
setAudioStreamType() for what to use instead with android.media.AudioAttributes to
qualify your playback use case
04-08 14:14:51.799 11117 11117 E ArmVmp : Match on catch block at 0xc3 in for 0xa1
04-08 14:14:51.802 11117 11117 E ArmVmp : Match on catch block at 0xc3 in for 0xa5
04-08 14:14:51.841 11117 11117 E ArmVmp : Match on catch block at 0xc3 in for 0xa9
04-08 14:14:51.843 11117 11117 E ArmVmp : Match on catch block at 0xc3 in for 0xa1
04-08 14:14:51.858 11117 13829 W MediaPlayer: Use of stream types is deprecated for
operations other than volume control
04-08 14:14:51.858 11117 13829 W MediaPlayer: See the documentation of
setAudioStreamType() for what to use instead with android.media.AudioAttributes to
qualify your playback use case
04-08 14:14:51.862 11117 11117 E ArmVmp : Match on catch block at 0xc3 in for 0xa5
04-08 14:14:51.865 11117 11117 E ArmVmp : Match on catch block at 0xc3 in for 0xa9
04-08 14:14:51.877 11117 11117 E ArmVmp : Match on catch block at 0xc3 in for 0xa5
04-08 14:14:51.880 11117 11117 E ArmVmp : Match on catch block at 0xc3 in for 0xa9
04-08 14:14:52.045 11117 11117 E ArmVmp : Match on catch block at 0xc3 in for 0xa5
04-08 14:14:52.047 11117 11117 E ArmVmp : Match on catch block at 0xc3 in for 0xa9
04-08 14:14:52.078 11117 11117 E ArmVmp : Match on catch block at 0xc3 in for 0xa1
04-08 14:14:52.081 11117 11117 E ArmVmp : Match on catch block at 0xc3 in for 0xa5
04-08 14:14:52.109 11117 11117 E ArmVmp : Match on catch block at 0xc3 in for 0xa1
04-08 14:14:52.113 11117 11117 E ArmVmp : Match on catch block at 0xc3 in for 0xa5
04-08 14:14:52.163 11117 11117 E ArmVmp : Match on catch block at 0xc3 in for 0xa5
04-08 14:14:52.168 11117 11117 E ArmVmp : Match on catch block at 0xc3 in for 0xa9
04-08 14:14:52.180 11117 11117 E ArmVmp : Match on catch block at 0xc3 in for 0xa1
04-08 14:14:52.186 11117 11117 E ArmVmp : Match on catch block at 0xc3 in for 0xa5
04-08 14:14:52.205 11117 13816 W libEGL : EGLNativeWindowType 0xb400007cc2647300
disconnect failed
04-08 14:14:52.546 11117 11117 E ArmVmp : Match on catch block at 0xc3 in for 0xa5
04-08 14:14:52.549 11117 11117 E ArmVmp : Match on catch block at 0xc3 in for 0xa9
04-08 14:14:53.047 11117 11117 E ArmVmp : Match on catch block at 0xc3 in for 0xa9
04-08 14:14:53.052 11117 11117 E ArmVmp : Match on catch block at 0xc3 in for 0xa1
04-08 14:14:53.467 11117 11117 E ArmVmp : Match on catch block at 0xc3 in for 0xa1
04-08 14:14:53.470 11117 11117 E ArmVmp : Match on catch block at 0xc3 in for 0xa5
04-08 14:14:53.480 11117 11117 E ArmVmp : Match on catch block at 0xc3 in for 0xa5
04-08 14:14:53.484 11117 11117 E ArmVmp : Match on catch block at 0xc3 in for 0xa9
04-08 14:14:53.496 11117 11117 E ArmVmp : Match on catch block at 0xc3 in for 0xa9
04-08 14:14:53.500 11117 11117 E ArmVmp : Match on catch block at 0xc3 in for 0xa1
04-08 14:14:53.513 11117 11117 E ArmVmp : Match on catch block at 0xc3 in for 0xa1
04-08 14:14:53.515 11117 11117 E ArmVmp : Match on catch block at 0xc3 in for 0xa5
04-08 14:14:53.529 11117 11117 E ArmVmp : Match on catch block at 0xc3 in for 0xa5
04-08 14:14:53.533 11117 11117 E ArmVmp : Match on catch block at 0xc3 in for 0xa9
04-08 14:14:53.546 11117 11117 E ArmVmp : Match on catch block at 0xc3 in for 0xa9
04-08 14:14:53.548 11117 11117 E ArmVmp : Match on catch block at 0xc3 in for 0xa1
04-08 14:14:53.563 11117 11117 E ArmVmp : Match on catch block at 0xc3 in for 0xa1
04-08 14:14:53.566 11117 11117 E ArmVmp : Match on catch block at 0xc3 in for 0xa5
04-08 14:14:53.579 11117 11117 E ArmVmp : Match on catch block at 0xc3 in for 0xa5
04-08 14:14:53.582 11117 11117 E ArmVmp : Match on catch block at 0xc3 in for 0xa9
04-08 14:14:53.598 11117 11117 E ArmVmp : Match on catch block at 0xc3 in for 0xa9
04-08 14:14:53.602 11117 11117 E ArmVmp : Match on catch block at 0xc3 in for 0xa1
04-08 14:14:53.615 11117 11117 E ArmVmp : Match on catch block at 0xc3 in for 0xa1
04-08 14:14:53.619 11117 11117 E ArmVmp : Match on catch block at 0xc3 in for 0xa5
04-08 14:14:53.632 11117 11117 E ArmVmp : Match on catch block at 0xc3 in for 0xa5
04-08 14:14:53.636 11117 11117 E ArmVmp : Match on catch block at 0xc3 in for 0xa9
04-08 14:14:53.648 11117 11117 E ArmVmp : Match on catch block at 0xc3 in for 0xa9
04-08 14:14:53.652 11117 11117 E ArmVmp : Match on catch block at 0xc3 in for 0xa1
04-08 14:14:53.665 11117 11117 E ArmVmp : Match on catch block at 0xc3 in for 0xa1
04-08 14:14:53.669 11117 11117 E ArmVmp : Match on catch block at 0xc3 in for 0xa5
04-08 14:14:53.681 11117 11117 E ArmVmp : Match on catch block at 0xc3 in for 0xa5
04-08 14:14:53.685 11117 11117 E ArmVmp : Match on catch block at 0xc3 in for 0xa9
04-08 14:14:53.697 11117 11117 E ArmVmp : Match on catch block at 0xc3 in for 0xa9
04-08 14:14:53.701 11117 11117 E ArmVmp : Match on catch block at 0xc3 in for 0xa1
04-08 14:14:53.714 11117 11117 E ArmVmp : Match on catch block at 0xc3 in for 0xa1
04-08 14:14:53.717 11117 11117 E ArmVmp : Match on catch block at 0xc3 in for 0xa5
04-08 14:14:54.065 11117 11117 E ArmVmp : Match on catch block at 0xc3 in for 0xa5
04-08 14:14:54.071 11117 11117 E ArmVmp : Match on catch block at 0xc3 in for 0xa9
04-08 14:14:54.569 11117 11117 E ArmVmp : Match on catch block at 0xc3 in for 0xa5
04-08 14:14:54.573 11117 11117 E ArmVmp : Match on catch block at 0xc3 in for 0xa9
04-08 14:14:54.607 11117 11117 E ArmVmp : Match on catch block at 0xc3 in for 0xa1
04-08 14:14:54.610 11117 11117 E ArmVmp : Match on catch block at 0xc3 in for 0xa5
04-08 14:14:54.618 11117 11117 E ArmVmp : Match on catch block at 0xc3 in for 0xa5
04-08 14:14:54.621 11117 11117 E ArmVmp : Match on catch block at 0xc3 in for 0xa9
04-08 14:14:54.633 11117 11117 E ArmVmp : Match on catch block at 0xc3 in for 0xa9
04-08 14:14:54.637 11117 11117 E ArmVmp : Match on catch block at 0xc3 in for 0xa1
04-08 14:14:54.652 11117 11117 E ArmVmp : Match on catch block at 0xc3 in for 0xa1
04-08 14:14:54.653 11117 11117 E ArmVmp : Match on catch block at 0xc3 in for 0xa5
04-08 14:14:54.666 11117 11117 E ArmVmp : Match on catch block at 0xc3 in for 0xa5
04-08 14:14:54.668 11117 11117 E ArmVmp : Match on catch block at 0xc3 in for 0xa9
04-08 14:14:54.698 11117 11117 E ArmVmp : Match on catch block at 0xc3 in for 0xa5
04-08 14:14:54.702 11117 11117 E ArmVmp : Match on catch block at 0xc3 in for 0xa9
04-08 14:14:54.716 11117 13829 W MediaPlayer: Use of stream types is deprecated for
operations other than volume control
04-08 14:14:54.717 11117 13829 W MediaPlayer: See the documentation of
setAudioStreamType() for what to use instead with android.media.AudioAttributes to
qualify your playback use case
04-08 14:14:54.733 11117 11117 E ArmVmp : Match on catch block at 0xc3 in for 0xa5
04-08 14:14:54.736 11117 11117 E ArmVmp : Match on catch block at 0xc3 in for 0xa9
04-08 14:14:54.767 11117 11117 E ArmVmp : Match on catch block at 0xc3 in for 0xa5
04-08 14:14:54.769 11117 11117 E ArmVmp : Match on catch block at 0xc3 in for 0xa9
04-08 14:14:54.786 11117 11117 E ArmVmp : Match on catch block at 0xc3 in for 0xa5
04-08 14:14:54.790 11117 11228 E SQLiteDatabase: Error inserting transferred=1
media_job_uuid=a6ad7770-3c5d-46ec-a93d-56b2730f1852 transcoded=0 gif_attribution=0
first_scan_length=7802 direct_path=/v/t62.15575-
24/34624139_811265147715040_6238123590228384413_n.enc?ccb=11-
4&oh=01_ASCMRH71T47QJt7KYu34eIWJNGzAEpYkZk8DGiKYFHtXtw&oe=663BAC7F&_nc_sid=5e03e0
thumbnail_height_width_ratio=1.0 is_animated_sticker=1
file_hash=WoWDbiqo9bzdXCUAr92L/K1S51T9tjyxJTLaUfqyImE= file_path=Media/MBWhatsApp
Stickers/STK-20240408-WA0053.webp file_size=0 partial_media_hash=null face_x=0
face_y=0 height=64 trim_to=0 media_key_timestamp=1712556001000
message_url=https://mmg.whatsapp.net/v/t62.15575-
24/34624139_811265147715040_6238123590228384413_n.enc?ccb=11-
4&oh=01_ASCMRH71T47QJt7KYu34eIWJNGzAEpYkZk8DGiKYFHtXtw&oe=663BAC7F&_nc_sid=5e03e0&m
ms3=true media_caption=null trim_from=0 mime_type=image/webp
partial_media_enc_hash=null width=64 original_file_hash=null
has_streaming_sidecar=0 autotransfer_retry_enabled=1 media_upload_handle=null
message_row_id=31553 multicast_id=null
enc_file_hash=ID27Sx9JXSDfpq892sahSyybg/fV0BbSrSDYREOOlXI= mute_video=0
page_count=0 first_scan_sidecar=[B@c0eb37b suspicious_content=0 file_length=15950
media_name=null media_duration=0 chat_row_id=1320 media_key=[B@9141598
04-08 14:14:54.790 11117 11228 E SQLiteDatabase:
android.database.sqlite.SQLiteConstraintException: UNIQUE constraint failed:
message_media.message_row_id (code 1555 SQLITE_CONSTRAINT_PRIMARYKEY)
04-08 14:14:54.790 11117 11228 E SQLiteDatabase: at
android.database.sqlite.SQLiteConnection.nativeExecuteForLastInsertedRowId(Native
Method)
04-08 14:14:54.790 11117 11228 E SQLiteDatabase: at
android.database.sqlite.SQLiteConnection.executeForLastInsertedRowId(SQLiteConnecti
on.java:938)
04-08 14:14:54.790 11117 11228 E SQLiteDatabase: at
android.database.sqlite.SQLiteSession.executeForLastInsertedRowId(SQLiteSession.jav
a:790)
04-08 14:14:54.790 11117 11228 E SQLiteDatabase: at
android.database.sqlite.SQLiteStatement.executeInsert(SQLiteStatement.java:88)
04-08 14:14:54.790 11117 11228 E SQLiteDatabase: at
android.database.sqlite.SQLiteDatabase.insertWithOnConflict(SQLiteDatabase.java:170
1)
04-08 14:14:54.790 11117 11228 E SQLiteDatabase: at
android.database.sqlite.SQLiteDatabase.insert(SQLiteDatabase.java:1570)
04-08 14:14:54.790 11117 11228 E SQLiteDatabase: at X.2tm.A08(Unknown
Source:6)
04-08 14:14:54.790 11117 11228 E SQLiteDatabase: at X.35Y.A07(Unknown
Source:212)
04-08 14:14:54.790 11117 11228 E SQLiteDatabase: at X.3QF.A14(Unknown
Source:470)
04-08 14:14:54.790 11117 11228 E SQLiteDatabase: at X.3gU.run(Unknown
Source:982)
04-08 14:14:54.790 11117 11228 E SQLiteDatabase: at
android.os.Handler.handleCallback(Handler.java:938)
04-08 14:14:54.790 11117 11228 E SQLiteDatabase: at
android.os.Handler.dispatchMessage(Handler.java:99)
04-08 14:14:54.790 11117 11228 E SQLiteDatabase: at
X.0zq.dispatchMessage(Unknown Source:4)
04-08 14:14:54.790 11117 11228 E SQLiteDatabase: at
android.os.Looper.loop(Looper.java:240)
04-08 14:14:54.790 11117 11228 E SQLiteDatabase: at
android.os.HandlerThread.run(HandlerThread.java:67)
04-08 14:14:54.791 11117 11117 E ArmVmp : Match on catch block at 0xc3 in for 0xa9
04-08 14:14:54.867 11117 11117 E ArmVmp : Match on catch block at 0xc3 in for 0xa9
04-08 14:14:54.869 11117 11117 E ArmVmp : Match on catch block at 0xc3 in for 0xa1
04-08 14:14:54.901 11117 11117 E ArmVmp : Match on catch block at 0xc3 in for 0xa9
04-08 14:14:54.903 11117 11117 E ArmVmp : Match on catch block at 0xc3 in for 0xa1
04-08 14:14:54.918 11117 11117 E ArmVmp : Match on catch block at 0xc3 in for 0xa1
04-08 14:14:54.921 11117 11117 E ArmVmp : Match on catch block at 0xc3 in for 0xa5
04-08 14:14:54.940 11117 11117 E ArmVmp : Match on catch block at 0xc3 in for 0xa5
04-08 14:14:54.945 11117 11117 E ArmVmp : Match on catch block at 0xc3 in for 0xa9
04-08 14:14:54.959 11117 11117 E ArmVmp : Match on catch block at 0xc3 in for 0xa9
04-08 14:14:54.961 11117 11117 E ArmVmp : Match on catch block at 0xc3 in for 0xa1
04-08 14:14:54.971 11117 11117 E ArmVmp : Match on catch block at 0xc3 in for 0xa5
04-08 14:14:54.974 11117 11117 E ArmVmp : Match on catch block at 0xc3 in for 0xa9
04-08 14:14:54.990 11117 11117 E ArmVmp : Match on catch block at 0xc3 in for 0xa9
04-08 14:14:54.992 11117 11117 E ArmVmp : Match on catch block at 0xc3 in for 0xa1
04-08 14:14:55.005 11117 11117 E ArmVmp : Match on catch block at 0xc3 in for 0xa5
04-08 14:14:55.008 11117 11117 E ArmVmp : Match on catch block at 0xc3 in for 0xa9
04-08 14:14:55.021 11117 11117 E ArmVmp : Match on catch block at 0xc3 in for 0xa1
04-08 14:14:55.024 11117 11117 E ArmVmp : Match on catch block at 0xc3 in for 0xa5
04-08 14:14:55.033 11117 11117 E ArmVmp : Match on catch block at 0xc3 in for 0xa9
04-08 14:14:55.036 11117 11117 E ArmVmp : Match on catch block at 0xc3 in for 0xa1
04-08 14:14:55.049 11117 11117 E ArmVmp : Match on catch block at 0xc3 in for 0xa5
04-08 14:14:55.052 11117 11117 E ArmVmp : Match on catch block at 0xc3 in for 0xa9
04-08 14:14:55.066 11117 11117 E ArmVmp : Match on catch block at 0xc3 in for 0xa1
04-08 14:14:55.068 11117 11117 E ArmVmp : Match on catch block at 0xc3 in for 0xa5
04-08 14:14:55.081 11117 11117 E ArmVmp : Match on catch block at 0xc3 in for 0xa9
04-08 14:14:55.083 11117 11117 E ArmVmp : Match on catch block at 0xc3 in for 0xa1
04-08 14:14:55.099 11117 11117 E ArmVmp : Match on catch block at 0xc3 in for 0xa5
04-08 14:14:55.102 11117 11117 E ArmVmp : Match on catch block at 0xc3 in for 0xa9
04-08 14:14:55.116 11117 11117 E ArmVmp : Match on catch block at 0xc3 in for 0xa1
04-08 14:14:55.119 11117 11117 E ArmVmp : Match on catch block at 0xc3 in for 0xa5
04-08 14:14:55.131 11117 11117 E ArmVmp : Match on catch block at 0xc3 in for 0xa9
04-08 14:14:55.133 11117 11117 E ArmVmp : Match on catch block at 0xc3 in for 0xa1
04-08 14:14:55.149 11117 11117 E ArmVmp : Match on catch block at 0xc3 in for 0xa5
04-08 14:14:55.152 11117 11117 E ArmVmp : Match on catch block at 0xc3 in for 0xa9
04-08 14:14:55.166 11117 11117 E ArmVmp : Match on catch block at 0xc3 in for 0xa1
04-08 14:14:55.169 11117 11117 E ArmVmp : Match on catch block at 0xc3 in for 0xa5
04-08 14:14:55.181 11117 11117 E ArmVmp : Match on catch block at 0xc3 in for 0xa9
04-08 14:14:55.184 11117 11117 E ArmVmp : Match on catch block at 0xc3 in for 0xa1
04-08 14:14:55.200 11117 11117 E ArmVmp : Match on catch block at 0xc3 in for 0xa5
04-08 14:14:55.203 11117 11117 E ArmVmp : Match on catch block at 0xc3 in for 0xa9
04-08 14:14:55.214 11117 11117 E ArmVmp : Match on catch block at 0xc3 in for 0xa9
04-08 14:14:55.217 11117 11117 E ArmVmp : Match on catch block at 0xc3 in for 0xa1
04-08 14:14:55.285 11117 11117 E ArmVmp : Match on catch block at 0xc3 in for 0xa1
04-08 14:14:55.288 11117 11117 E ArmVmp : Match on catch block at 0xc3 in for 0xa5
04-08 14:14:55.332 11117 11117 E ArmVmp : Match on catch block at 0xc3 in for 0xa5
04-08 14:14:55.338 11117 11117 E ArmVmp : Match on catch block at 0xc3 in for 0xa9
04-08 14:14:55.381 11117 11117 E ArmVmp : Match on catch block at 0xc3 in for 0xa9
04-08 14:14:55.386 11117 11117 E ArmVmp : Match on catch block at 0xc3 in for 0xa1
04-08 14:14:55.416 11117 11117 E ArmVmp : Match on catch block at 0xc3 in for 0xa1
04-08 14:14:55.419 11117 11117 E ArmVmp : Match on catch block at 0xc3 in for 0xa5
04-08 14:14:55.465 11117 11117 E ArmVmp : Match on catch block at 0xc3 in for 0xa5
