04-08 14:15:35.221 11117 11117 E ArmVmp : Match on catch block at 0xc3 in for 0xa1
04-08 14:15:35.225 11117 11117 E ArmVmp : Match on catch block at 0xc3 in for 0xa5
04-08 14:15:35.287 11117 11117 E ArmVmp : Match on catch block at 0xc3 in for 0xa5
04-08 14:15:35.292 11117 11117 E ArmVmp : Match on catch block at 0xc3 in for 0xa9
04-08 14:15:35.308 11117 11117 E ArmVmp : Match on catch block at 0xc3 in for 0xa9
04-08 14:15:35.313 11117 11117 E ArmVmp : Match on catch block at 0xc3 in for 0xa1
04-08 14:15:35.406 11117 11117 E ArmVmp : Match on catch block at 0xc3 in for 0xa1
04-08 14:15:35.411 11117 11117 E ArmVmp : Match on catch block at 0xc3 in for 0xa5
04-08 14:15:35.487 11117 11117 E ArmVmp : Match on catch block at 0xc3 in for 0xa5
04-08 14:15:35.491 11117 11117 E ArmVmp : Match on catch block at 0xc3 in for 0xa9
04-08 14:15:35.570 11117 11117 E ArmVmp : Match on catch block at 0xc3 in for 0xa9
04-08 14:15:35.578 11117 11117 E ArmVmp : Match on catch block at 0xc3 in for 0xa1
04-08 14:15:35.654 11117 11117 E ArmVmp : Match on catch block at 0xc3 in for 0xa1
04-08 14:15:35.659 11117 11117 E ArmVmp : Match on catch block at 0xc3 in for 0xa5
04-08 14:15:35.737 11117 11117 E ArmVmp : Match on catch block at 0xc3 in for 0xa5
04-08 14:15:35.741 11117 11117 E ArmVmp : Match on catch block at 0xc3 in for 0xa9
04-08 14:15:35.787 11117 11117 E ArmVmp : Match on catch block at 0xc3 in for 0xa9
04-08 14:15:35.791 11117 11117 E ArmVmp : Match on catch block at 0xc3 in for 0xa1
04-08 14:15:35.820 11117 11117 E ArmVmp : Match on catch block at 0xc3 in for 0xa1
04-08 14:15:35.825 11117 11117 E ArmVmp : Match on catch block at 0xc3 in for 0xa5
04-08 14:15:35.904 11117 11117 E ArmVmp : Match on catch block at 0xc3 in for 0xa5
04-08 14:15:35.907 11117 11117 E ArmVmp : Match on catch block at 0xc3 in for 0xa9
04-08 14:15:36.292 11117 11117 E ArmVmp : Match on catch block at 0xc3 in for 0xa9
04-08 14:15:36.297 11117 11117 E ArmVmp : Match on catch block at 0xc3 in for 0xa1
04-08 14:15:36.809 11117 11117 E ArmVmp : Match on catch block at 0xc3 in for 0xa1
04-08 14:15:36.815 11117 11117 E ArmVmp : Match on catch block at 0xc3 in for 0xa5
04-08 14:15:37.028 11117 11117 E ArmVmp : Match on catch block at 0x0a in for 0xa1
04-08 14:15:37.029 11117 11117 E ArmVmp : Match on catch block at 0x0a in for 0xa1
04-08 14:15:37.031 11117 11117 E ArmVmp : Match on catch block at 0x0a in for 0xa1
04-08 14:15:37.306 11117 11117 E ArmVmp : Match on catch block at 0xc3 in for 0xa5
04-08 14:15:37.313 11117 11117 E ArmVmp : Match on catch block at 0xc3 in for 0xa9
04-08 14:15:37.807 11117 11117 E ArmVmp : Match on catch block at 0xc3 in for 0xa9
04-08 14:15:37.815 11117 11117 E ArmVmp : Match on catch block at 0xc3 in for 0xa1
04-08 14:15:38.128 11117 11117 E ArmVmp : Match on catch block at 0x0a in for 0xa9
04-08 14:15:38.132 11117 11117 E ArmVmp : Match on catch block at 0x0a in for 0xa9
04-08 14:15:38.306 11117 11117 E ArmVmp : Match on catch block at 0xc3 in for 0xa1
04-08 14:15:38.311 11117 11117 E ArmVmp : Match on catch block at 0xc3 in for 0xa5
04-08 14:15:38.810 11117 11117 E ArmVmp : Match on catch block at 0xc3 in for 0xa5
04-08 14:15:38.815 11117 11117 E ArmVmp : Match on catch block at 0xc3 in for 0xa9
04-08 14:15:38.991 11117 11117 E Dialog : show dialog
view=DecorView@d869b3c[Conversation]
04-08 14:15:38.995 11117 11117 E ArmVmp : Match on catch block at 0xc3 in for 0xa9
04-08 14:15:38.997 11117 11117 E ArmVmp : Match on catch block at 0xc3 in for 0xa1
04-08 14:15:39.009 11117 11117 E ArmVmp : Match on catch block at 0xc3 in for 0xa5
04-08 14:15:39.075 11117 11117 E ArmVmp : Match on catch block at 0xc3 in for 0xa9
04-08 14:15:39.078 11117 11117 E ArmVmp : Match on catch block at 0xc3 in for 0xa1
04-08 14:15:39.090 11117 11117 E ArmVmp : Match on catch block at 0xc3 in for 0xa5
04-08 14:15:39.734 11117 13816 W libEGL : EGLNativeWindowType 0xb400007cc29105f0
disconnect failed
04-08 14:15:39.765 11117 11228 E SQLiteDatabase: Error inserting transferred=0
media_job_uuid=ab9f3cbd-c4d3-4178-92a4-e075904d7421 transcoded=1 gif_attribution=0
first_scan_length=0 direct_path=null thumbnail_height_width_ratio=1.0
is_animated_sticker=0 file_hash=TpCJyrnfVO088EQWnKsH8hEaWNkYcmqmn0Tznql/KDE=
file_path=/data/user/0/com.mbwhatsapp/files/Stickers/TpCJyrnfVO088EQWnKsH8hEaWNkYcm
qmn0Tznql-KDE=.webp file_size=8912 partial_media_hash=null face_x=0 face_y=0
height=64 trim_to=0 media_key_timestamp=0 message_url=null media_caption=null
trim_from=0 mime_type=image/webp partial_media_enc_hash=null width=64
original_file_hash=null has_streaming_sidecar=0 autotransfer_retry_enabled=1
media_upload_handle=null message_row_id=31560 multicast_id=null enc_file_hash=null
mute_video=0 page_count=0 first_scan_sidecar=null suspicious_content=0
file_length=8912 media_name=TpCJyrnfVO088EQWnKsH8hEaWNkYcmqmn0Tznql-KDE=.webp
media_duration=0 chat_row_id=1320 media_key=null
04-08 14:15:39.765 11117 11228 E SQLiteDatabase:
android.database.sqlite.SQLiteConstraintException: UNIQUE constraint failed:
message_media.message_row_id (code 1555 SQLITE_CONSTRAINT_PRIMARYKEY)
04-08 14:15:39.765 11117 11228 E SQLiteDatabase: at
android.database.sqlite.SQLiteConnection.nativeExecuteForLastInsertedRowId(Native
Method)
04-08 14:15:39.765 11117 11228 E SQLiteDatabase: at
android.database.sqlite.SQLiteConnection.executeForLastInsertedRowId(SQLiteConnecti
on.java:938)
04-08 14:15:39.765 11117 11228 E SQLiteDatabase: at
android.database.sqlite.SQLiteSession.executeForLastInsertedRowId(SQLiteSession.jav
a:790)
04-08 14:15:39.765 11117 11228 E SQLiteDatabase: at
android.database.sqlite.SQLiteStatement.executeInsert(SQLiteStatement.java:88)
04-08 14:15:39.765 11117 11228 E SQLiteDatabase: at
android.database.sqlite.SQLiteDatabase.insertWithOnConflict(SQLiteDatabase.java:170
1)
04-08 14:15:39.765 11117 11228 E SQLiteDatabase: at
android.database.sqlite.SQLiteDatabase.insert(SQLiteDatabase.java:1570)
04-08 14:15:39.765 11117 11228 E SQLiteDatabase: at X.2tm.A08(Unknown
Source:6)
04-08 14:15:39.765 11117 11228 E SQLiteDatabase: at X.35Y.A07(Unknown
Source:212)
04-08 14:15:39.765 11117 11228 E SQLiteDatabase: at X.3QF.A14(Unknown
Source:470)
04-08 14:15:39.765 11117 11228 E SQLiteDatabase: at X.3gU.run(Unknown
Source:982)
04-08 14:15:39.765 11117 11228 E SQLiteDatabase: at
android.os.Handler.handleCallback(Handler.java:938)
04-08 14:15:39.765 11117 11228 E SQLiteDatabase: at
android.os.Handler.dispatchMessage(Handler.java:99)
04-08 14:15:39.765 11117 11228 E SQLiteDatabase: at
X.0zq.dispatchMessage(Unknown Source:4)
04-08 14:15:39.765 11117 11228 E SQLiteDatabase: at
android.os.Looper.loop(Looper.java:240)
04-08 14:15:39.765 11117 11228 E SQLiteDatabase: at
android.os.HandlerThread.run(HandlerThread.java:67)
04-08 14:15:39.767 11117 11117 E ArmVmp : Match on catch block at 0xc3 in for 0xa5
04-08 14:15:39.771 11117 11117 E ArmVmp : Match on catch block at 0xc3 in for 0xa9
04-08 14:15:39.788 11117 11117 E ArmVmp : Match on catch block at 0xc3 in for 0xa1
04-08 14:15:39.823 11117 11117 E ArmVmp : Match on catch block at 0xc3 in for 0xa9
04-08 14:15:39.826 11117 11117 E ArmVmp : Match on catch block at 0xc3 in for 0xa1
04-08 14:15:39.862 11117 11117 E ArmVmp : Match on catch block at 0xc3 in for 0xa9
04-08 14:15:39.865 11117 11117 E ArmVmp : Match on catch block at 0xc3 in for 0xa1
04-08 14:15:39.885 11117 11117 E ArmVmp : Match on catch block at 0x0a in for 0xa5
04-08 14:15:39.891 11117 11117 E ArmVmp : Match on catch block at 0xc3 in for 0xa9
04-08 14:15:39.893 11117 11117 E ArmVmp : Match on catch block at 0xc3 in for 0xa1
04-08 14:15:39.907 11117 11117 E ArmVmp : Match on catch block at 0xc3 in for 0xa9
04-08 14:15:39.909 11117 11117 E ArmVmp : Match on catch block at 0xc3 in for 0xa1
04-08 14:15:40.009 11117 11117 E ArmVmp : Match on catch block at 0xc3 in for 0xa1
04-08 14:15:40.011 11117 11117 E ArmVmp : Match on catch block at 0xc3 in for 0xa5
04-08 14:15:40.017 11117 11228 E SQLiteDatabase: Error inserting transferred=1
media_job_uuid=ab9f3cbd-c4d3-4178-92a4-e075904d7421 transcoded=1 gif_attribution=0
first_scan_length=0 direct_path=/v/t62.15575-
24/25992046_450597504132522_6105702929058320826_n.enc?ccb=11-
4&oh=01_ASAJDvBd9cPFhmlVV-HofBTwG9oY55P52ppFqFPvwv7HCA&oe=663BC682&_nc_sid=5e03e0
thumbnail_height_width_ratio=1.0 is_animated_sticker=0
file_hash=TpCJyrnfVO088EQWnKsH8hEaWNkYcmqmn0Tznql/KDE= file_path=Media/MBWhatsApp
Stickers/STK-20240408-WA0065.webp file_size=8912 partial_media_hash=null face_x=0
face_y=0 height=64 trim_to=0 media_key_timestamp=1712607421441
message_url=https://mmg.whatsapp.net/v/t62.15575-
24/25992046_450597504132522_6105702929058320826_n.enc?ccb=11-
4&oh=01_ASAJDvBd9cPFhmlVV-
HofBTwG9oY55P52ppFqFPvwv7HCA&oe=663BC682&_nc_sid=5e03e0&mms3=true
media_caption=null trim_from=0 mime_type=image/webp partial_media_enc_hash=null
width=64 original_file_hash=null has_streaming_sidecar=0
autotransfer_retry_enabled=0 media_upload_handle=null message_row_id=31560
multicast_id=null enc_file_hash=wthWJMwKIyFqYIY8iEwvEll+ODYBzGhTXtL7KxKLx2c=
mute_video=0 page_count=0 first_scan_sidecar=null suspicious_content=0
file_length=8912 media_name=TpCJyrnfVO088EQWnKsH8hEaWNkYcmqmn0Tznql-KDE=.webp
media_duration=0 chat_row_id=1320 media_key=[B@e1888c7
04-08 14:15:40.017 11117 11228 E SQLiteDatabase:
android.database.sqlite.SQLiteConstraintException: UNIQUE constraint failed:
message_media.message_row_id (code 1555 SQLITE_CONSTRAINT_PRIMARYKEY)
04-08 14:15:40.017 11117 11228 E SQLiteDatabase: at
android.database.sqlite.SQLiteConnection.nativeExecuteForLastInsertedRowId(Native
Method)
04-08 14:15:40.017 11117 11228 E SQLiteDatabase: at
android.database.sqlite.SQLiteConnection.executeForLastInsertedRowId(SQLiteConnecti
on.java:938)
04-08 14:15:40.017 11117 11228 E SQLiteDatabase: at
android.database.sqlite.SQLiteSession.executeForLastInsertedRowId(SQLiteSession.jav
a:790)
04-08 14:15:40.017 11117 11228 E SQLiteDatabase: at
android.database.sqlite.SQLiteStatement.executeInsert(SQLiteStatement.java:88)
04-08 14:15:40.017 11117 11228 E SQLiteDatabase: at
android.database.sqlite.SQLiteDatabase.insertWithOnConflict(SQLiteDatabase.java:170
1)
04-08 14:15:40.017 11117 11228 E SQLiteDatabase: at
android.database.sqlite.SQLiteDatabase.insert(SQLiteDatabase.java:1570)
04-08 14:15:40.017 11117 11228 E SQLiteDatabase: at X.2tm.A08(Unknown
Source:6)
04-08 14:15:40.017 11117 11228 E SQLiteDatabase: at X.35Y.A07(Unknown
Source:212)
04-08 14:15:40.017 11117 11228 E SQLiteDatabase: at X.3QF.A14(Unknown
Source:470)
04-08 14:15:40.017 11117 11228 E SQLiteDatabase: at X.3gU.run(Unknown
Source:982)
04-08 14:15:40.017 11117 11228 E SQLiteDatabase: at
android.os.Handler.handleCallback(Handler.java:938)
04-08 14:15:40.017 11117 11228 E SQLiteDatabase: at
android.os.Handler.dispatchMessage(Handler.java:99)
04-08 14:15:40.017 11117 11228 E SQLiteDatabase: at
X.0zq.dispatchMessage(Unknown Source:4)
04-08 14:15:40.017 11117 11228 E SQLiteDatabase: at
android.os.Looper.loop(Looper.java:240)
04-08 14:15:40.017 11117 11228 E SQLiteDatabase: at
android.os.HandlerThread.run(HandlerThread.java:67)
04-08 14:15:40.045 11117 11117 E ArmVmp : Match on catch block at 0xc3 in for 0xa1
04-08 14:15:40.048 11117 11117 E ArmVmp : Match on catch block at 0xc3 in for 0xa5
04-08 14:15:40.062 11117 11117 E ArmVmp : Match on catch block at 0xc3 in for 0xa5
04-08 14:15:40.063 11117 11117 E ArmVmp : Match on catch block at 0xc3 in for 0xa9
04-08 14:15:40.091 11117 11117 E ArmVmp : Match on catch block at 0xc3 in for 0xa5
04-08 14:15:40.093 11117 11117 E ArmVmp : Match on catch block at 0xc3 in for 0xa9
04-08 14:15:40.174 11117 11117 E ArmVmp : Match on catch block at 0xc3 in for 0xa1
04-08 14:15:40.177 11117 11117 E ArmVmp : Match on catch block at 0xc3 in for 0xa5
04-08 14:15:40.229 11117 11117 E ArmVmp : Match on catch block at 0xc3 in for 0xa9
04-08 14:15:40.231 11117 11117 E ArmVmp : Match on catch block at 0xc3 in for 0xa1
04-08 14:15:40.246 11117 13829 W MediaPlayer: Use of stream types is deprecated for
operations other than volume control
04-08 14:15:40.246 11117 13829 W MediaPlayer: See the documentation of
setAudioStreamType() for what to use instead with android.media.AudioAttributes to
qualify your playback use case
04-08 14:15:40.249 11117 11117 E ArmVmp : Match on catch block at 0xc3 in for 0xa1
04-08 14:15:40.252 11117 11117 E ArmVmp : Match on catch block at 0xc3 in for 0xa5
04-08 14:15:40.263 11117 11117 E ArmVmp : Match on catch block at 0xc3 in for 0xa1
04-08 14:15:40.267 11117 11117 E ArmVmp : Match on catch block at 0xc3 in for 0xa5
04-08 14:15:40.360 11117 11117 E ArmVmp : Match on catch block at 0xc3 in for 0xa5
04-08 14:15:40.361 11117 11117 E ArmVmp : Match on catch block at 0xc3 in for 0xa9
04-08 14:15:40.375 11117 11117 E ArmVmp : Match on catch block at 0xc3 in for 0xa9
04-08 14:15:40.379 11117 11117 E ArmVmp : Match on catch block at 0xc3 in for 0xa1
04-08 14:15:40.444 11117 11117 E ArmVmp : Match on catch block at 0xc3 in for 0xa1
04-08 14:15:40.448 11117 11117 E ArmVmp : Match on catch block at 0xc3 in for 0xa5
04-08 14:15:40.529 11117 11117 E ArmVmp : Match on catch block at 0xc3 in for 0xa1
04-08 14:15:40.532 11117 11117 E ArmVmp : Match on catch block at 0xc3 in for 0xa5
04-08 14:15:40.612 11117 11117 E ArmVmp : Match on catch block at 0xc3 in for 0xa5
04-08 14:15:40.617 11117 11117 E ArmVmp : Match on catch block at 0xc3 in for 0xa9
04-08 14:15:40.709 11117 11117 E ArmVmp : Match on catch block at 0xc3 in for 0xa9
04-08 14:15:40.714 11117 11117 E ArmVmp : Match on catch block at 0xc3 in for 0xa1
04-08 14:15:40.730 11117 11117 E ArmVmp : Match on catch block at 0x0a in for 0xa9
04-08 14:15:40.732 11117 11117 E ArmVmp : Match on catch block at 0x0a in for 0xa9
04-08 14:15:40.733 11117 11117 E ArmVmp : Match on catch block at 0x0a in for 0xa9
04-08 14:15:40.734 11117 11117 E ArmVmp : Match on catch block at 0x0a in for 0xa9
04-08 14:15:40.796 11117 11117 E ArmVmp : Match on catch block at 0xc3 in for 0xa1
04-08 14:15:40.799 11117 11117 E ArmVmp : Match on catch block at 0xc3 in for 0xa5
04-08 14:15:40.877 11117 11117 E ArmVmp : Match on catch block at 0xc3 in for 0xa5
04-08 14:15:40.881 11117 11117 E ArmVmp : Match on catch block at 0xc3 in for 0xa9
04-08 14:15:40.892 11117 11117 E ArmVmp : Match on catch block at 0xc3 in for 0xa9
04-08 14:15:40.896 11117 11117 E ArmVmp : Match on catch block at 0xc3 in for 0xa1
04-08 14:15:40.975 11117 11117 E ArmVmp : Match on catch block at 0xc3 in for 0xa1
04-08 14:15:40.979 11117 11117 E ArmVmp : Match on catch block at 0xc3 in for 0xa5
04-08 14:15:41.012 11117 11117 E ArmVmp : Match on catch block at 0xc3 in for 0xa9
04-08 14:15:41.015 11117 11117 E ArmVmp : Match on catch block at 0xc3 in for 0xa1
04-08 14:15:41.029 11117 11117 E ArmVmp : Match on catch block at 0xc3 in for 0xa1
04-08 14:15:41.031 11117 11117 E ArmVmp : Match on catch block at 0xc3 in for 0xa5
04-08 14:15:41.058 11117 11117 E ArmVmp : Match on catch block at 0xc3 in for 0xa1
04-08 14:15:41.061 11117 11117 E ArmVmp : Match on catch block at 0xc3 in for 0xa5
04-08 14:15:41.159 11117 11117 E ArmVmp : Match on catch block at 0xc3 in for 0xa5
04-08 14:15:41.162 11117 11117 E ArmVmp : Match on catch block at 0xc3 in for 0xa9
04-08 14:15:41.245 11117 11117 E ArmVmp : Match on catch block at 0xc3 in for 0xa9
04-08 14:15:41.249 11117 11117 E ArmVmp : Match on catch block at 0xc3 in for 0xa1
04-08 14:15:41.326 11117 11117 E ArmVmp : Match on catch block at 0xc3 in for 0xa1
04-08 14:15:41.330 11117 11117 E ArmVmp : Match on catch block at 0xc3 in for 0xa5
04-08 14:15:41.409 11117 11117 E ArmVmp : Match on catch block at 0xc3 in for 0xa5
04-08 14:15:41.412 11117 11117 E ArmVmp : Match on catch block at 0xc3 in for 0xa9
04-08 14:15:41.493 11117 11117 E ArmVmp : Match on catch block at 0xc3 in for 0xa9
04-08 14:15:41.497 11117 11117 E ArmVmp : Match on catch block at 0xc3 in for 0xa1
04-08 14:15:41.577 11117 11117 E ArmVmp : Match on catch block at 0xc3 in for 0xa1
04-08 14:15:41.581 11117 11117 E ArmVmp : Match on catch block at 0xc3 in for 0xa5
04-08 14:15:41.660 11117 11117 E ArmVmp : Match on catch block at 0xc3 in for 0xa5
04-08 14:15:41.664 11117 11117 E ArmVmp : Match on catch block at 0xc3 in for 0xa9
04-08 14:15:41.743 11117 11117 E ArmVmp : Match on catch block at 0xc3 in for 0xa9
04-08 14:15:41.746 11117 11117 E ArmVmp : Match on catch block at 0xc3 in for 0xa1
04-08 14:15:41.763 11117 11117 E ArmVmp : Match on catch block at 0x0a in for 0xa9
04-08 14:15:41.766 11117 11117 E ArmVmp : Match on catch block at 0x0a in for 0xa9
04-08 14:15:41.843 11117 11117 E ArmVmp : Match on catch block at 0xc3 in for 0xa1
04-08 14:15:41.846 11117 11117 E ArmVmp : Match on catch block at 0xc3 in for 0xa5
04-08 14:15:41.911 11117 11117 E ArmVmp : Match on catch block at 0xc3 in for 0xa5
04-08 14:15:41.914 11117 11117 E ArmVmp : Match on catch block at 0xc3 in for 0xa9
04-08 14:15:41.928 11117 11117 E ArmVmp : Match on catch block at 0xc3 in for 0xa9
04-08 14:15:41.931 11117 11117 E ArmVmp : Match on catch block at 0xc3 in for 0xa1
04-08 14:15:42.057 11117 11117 E ArmVmp : Match on catch block at 0xc3 in for 0xa5
04-08 14:15:42.059 11117 11117 E ArmVmp : Match on catch block at 0xc3 in for 0xa9
04-08 14:15:42.079 11117 11117 E ArmVmp : Match on catch block at 0xc3 in for 0xa1
04-08 14:15:42.081 11117 11117 E ArmVmp : Match on catch block at 0xc3 in for 0xa5
04-08 14:15:42.146 11117 11117 E ArmVmp : Match on catch block at 0xc3 in for 0xa5
04-08 14:15:42.148 11117 11117 E ArmVmp : Match on catch block at 0xc3 in for 0xa9
04-08 14:15:42.154 11117 11117 E ArmVmp : Match on catch block at 0xc3 in for 0xa5
04-08 14:15:42.157 11117 11117 E ArmVmp : Match on catch block at 0xc3 in for 0xa9
04-08 14:15:42.190 11117 11117 E ArmVmp : Match on catch block at 0xc3 in for 0xa1
04-08 14:15:42.193 11117 11117 E ArmVmp : Match on catch block at 0xc3 in for 0xa5
04-08 14:15:42.205 11117 11117 E ArmVmp : Match on catch block at 0xc3 in for 0xa1
04-08 14:15:42.207 11117 11117 E ArmVmp : Match on catch block at 0xc3 in for 0xa5
04-08 14:15:42.297 11117 11117 E ArmVmp : Match on catch block at 0xc3 in for 0xa5
04-08 14:15:42.299 11117 11117 E ArmVmp : Match on catch block at 0xc3 in for 0xa9
04-08 14:15:42.317 11117 11117 E ArmVmp : Match on catch block at 0xc3 in for 0xa1
04-08 14:15:42.319 11117 11117 E ArmVmp : Match on catch block at 0xc3 in for 0xa5
04-08 14:15:42.333 11117 11117 E ArmVmp : Match on catch block at 0xc3 in for 0xa9
04-08 14:15:42.335 11117 11117 E ArmVmp : Match on catch block at 0xc3 in for 0xa1
04-08 14:15:42.392 11117 11117 E ArmVmp : Match on catch block at 0xc3 in for 0xa5
04-08 14:15:42.395 11117 11117 E ArmVmp : Match on catch block at 0xc3 in for 0xa9
04-08 14:15:42.414 11117 11117 E ArmVmp : Match on catch block at 0xc3 in for 0xa9
04-08 14:15:42.417 11117 11117 E ArmVmp : Match on catch block at 0xc3 in for 0xa1
04-08 14:15:42.478 11117 11117 E ArmVmp : Match on catch block at 0xc3 in for 0xa9
04-08 14:15:42.482 11117 11117 E ArmVmp : Match on catch block at 0xc3 in for 0xa1
04-08 14:15:42.577 11117 11117 E ArmVmp : Match on catch block at 0xc3 in for 0xa5
04-08 14:15:42.582 11117 11117 E ArmVmp : Match on catch block at 0xc3 in for 0xa9
04-08 14:15:42.664 11117 11117 E ArmVmp : Match on catch block at 0xc3 in for 0xa9
04-08 14:15:42.667 11117 11117 E ArmVmp : Match on catch block at 0xc3 in for 0xa1
04-08 14:15:42.744 11117 11117 E ArmVmp : Match on catch block at 0xc3 in for 0xa5
04-08 14:15:42.747 11117 11117 E ArmVmp : Match on catch block at 0xc3 in for 0xa9
04-08 14:15:42.797 11117 11117 E ArmVmp : Match on catch block at 0x0a in for 0xa9
04-08 14:15:42.800 11117 11117 E ArmVmp : Match on catch block at 0x0a in for 0xa9
04-08 14:15:42.814 11117 11228 E SQLiteDatabase: Error inserting transferred=1
media_job_uuid=a219d4d9-990c-4e3a-900f-ee805338f3a0 transcoded=0 gif_attribution=0
first_scan_length=0 direct_path=/v/t62.7117-
24/18971159_745380310749097_592228700246339831_n.enc?ccb=11-
4&oh=01_ASC8kOiNkv5_nMQHiXBV6dr_tTitYhFLnNNoxa4zTbeMIg&oe=663BB995&_nc_sid=5e03e0
thumbnail_height_width_ratio=0.0 is_animated_sticker=0
file_hash=yMP2+7xMfqPQOmInoRdWG0ZdS9LebU3HMkFTCnRlxUs= file_path=Media/MBWhatsApp
Voice Notes/202415/PTT-20240408-WA0066.opus file_size=42591 partial_media_hash=null
face_x=0 face_y=0 height=0 trim_to=0 media_key_timestamp=1712607406000
message_url=https://mmg.whatsapp.net/v/t62.7117-
24/18971159_745380310749097_592228700246339831_n.enc?ccb=11-
4&oh=01_ASC8kOiNkv5_nMQHiXBV6dr_tTitYhFLnNNoxa4zTbeMIg&oe=663BB995&_nc_sid=5e03e0&m
ms3=true media_caption=null trim_from=0 mime_type=audio/ogg; codecs=opus
partial_media_enc_hash=null width=0 original_file_hash=null has_streaming_sidecar=0
autotransfer_retry_enabled=1 media_upload_handle=null message_row_id=31562
multicast_id=null enc_file_hash=ok4HDKlOk4y6q5WjeIu4QwTDcmqF0G2cwx9tE48zKuA=
mute_video=0 page_count=0 first_scan_sidecar=null suspicious_content=0
file_length=42591 media_name=null media_duration=17 chat_row_id=1317
media_key=[B@87f021b
04-08 14:15:42.814 11117 11228 E SQLiteDatabase:
android.database.sqlite.SQLiteConstraintException: UNIQUE constraint failed:
message_media.message_row_id (code 1555 SQLITE_CONSTRAINT_PRIMARYKEY)
04-08 14:15:42.814 11117 11228 E SQLiteDatabase: at
android.database.sqlite.SQLiteConnection.nativeExecuteForLastInsertedRowId(Native
Method)
04-08 14:15:42.814 11117 11228 E SQLiteDatabase: at
android.database.sqlite.SQLiteConnection.executeForLastInsertedRowId(SQLiteConnecti
on.java:938)
04-08 14:15:42.814 11117 11228 E SQLiteDatabase: at
android.database.sqlite.SQLiteSession.executeForLastInsertedRowId(SQLiteSession.jav
a:790)
04-08 14:15:42.814 11117 11228 E SQLiteDatabase: at
android.database.sqlite.SQLiteStatement.executeInsert(SQLiteStatement.java:88)
04-08 14:15:42.814 11117 11228 E SQLiteDatabase: at
android.database.sqlite.SQLiteDatabase.insertWithOnConflict(SQLiteDatabase.java:170
1)
04-08 14:15:42.814 11117 11228 E SQLiteDatabase: at
android.database.sqlite.SQLiteDatabase.insert(SQLiteDatabase.java:1570)
04-08 14:15:42.814 11117 11228 E SQLiteDatabase: at X.2tm.A08(Unknown
Source:6)
04-08 14:15:42.814 11117 11228 E SQLiteDatabase: at X.35Y.A07(Unknown
Source:212)
04-08 14:15:42.814 11117 11228 E SQLiteDatabase: at X.3QF.A14(Unknown
Source:470)
04-08 14:15:42.814 11117 11228 E SQLiteDatabase: at X.3gU.run(Unknown
Source:982)
04-08 14:15:42.814 11117 11228 E SQLiteDatabase: at
android.os.Handler.handleCallback(Handler.java:938)
04-08 14:15:42.814 11117 11228 E SQLiteDatabase: at
android.os.Handler.dispatchMessage(Handler.java:99)
04-08 14:15:42.814 11117 11228 E SQLiteDatabase: at
X.0zq.dispatchMessage(Unknown Source:4)
04-08 14:15:42.814 11117 11228 E SQLiteDatabase: at
android.os.Looper.loop(Looper.java:240)
04-08 14:15:42.814 11117 11228 E SQLiteDatabase: at
android.os.HandlerThread.run(HandlerThread.java:67)
04-08 14:15:42.831 11117 11117 E ArmVmp : Match on catch block at 0xc3 in for 0xa1
04-08 14:15:42.834 11117 11117 E ArmVmp : Match on catch block at 0xc3 in for 0xa5
04-08 14:15:42.912 11117 11117 E ArmVmp : Match on catch block at 0xc3 in for 0xa9
04-08 14:15:42.917 11117 11117 E ArmVmp : Match on catch block at 0xc3 in for 0xa1
04-08 14:15:42.928 11117 11117 E ArmVmp : Match on catch block at 0xc3 in for 0xa1
04-08 14:15:42.931 11117 11117 E ArmVmp : Match on catch block at 0xc3 in for 0xa5
04-08 14:15:43.011 11117 11117 E ArmVmp : Match on catch block at 0xc3 in for 0xa5
04-08 14:15:43.014 11117 11117 E ArmVmp : Match on catch block at 0xc3 in for 0xa9
04-08 14:15:43.095 11117 11117 E ArmVmp : Match on catch block at 0xc3 in for 0xa9
04-08 14:15:43.099 11117 11117 E ArmVmp : Match on catch block at 0xc3 in for 0xa1
04-08 14:15:43.177 11117 11117 E ArmVmp : Match on catch block at 0xc3 in for 0xa9
04-08 14:15:43.182 11117 11117 E ArmVmp : Match on catch block at 0xc3 in for 0xa1
04-08 14:15:43.261 11117 11117 E ArmVmp : Match on catch block at 0xc3 in for 0xa1
04-08 14:15:43.264 11117 11117 E ArmVmp : Match on catch block at 0xc3 in for 0xa5
04-08 14:15:43.346 11117 11117 E ArmVmp : Match on catch block at 0xc3 in for 0xa5
04-08 14:15:43.349 11117 11117 E ArmVmp : Match on catch block at 0xc3 in for 0xa9
04-08 14:15:43.429 11117 11117 E ArmVmp : Match on catch block at 0xc3 in for 0xa9
04-08 14:15:43.433 11117 11117 E ArmVmp : Match on catch block at 0xc3 in for 0xa1
04-08 14:15:43.451 11117 11117 E ArmVmp : Match on catch block at 0xc3 in for 0xa1
04-08 14:15:43.454 11117 11117 E ArmVmp : Match on catch block at 0xc3 in for 0xa5
04-08 14:15:43.511 11117 11117 E ArmVmp : Match on catch block at 0xc3 in for 0xa5
04-08 14:15:43.515 11117 11117 E ArmVmp : Match on catch block at 0xc3 in for 0xa9
04-08 14:15:43.597 11117 11117 E ArmVmp : Match on catch block at 0xc3 in for 0xa9
04-08 14:15:43.600 11117 11117 E ArmVmp : Match on catch block at 0xc3 in for 0xa1
04-08 14:15:43.695 11117 11117 E ArmVmp : Match on catch block at 0xc3 in for 0xa1
04-08 14:15:43.698 11117 11117 E ArmVmp : Match on catch block at 0xc3 in for 0xa5
04-08 14:15:43.780 11117 11117 E ArmVmp : Match on catch block at 0xc3 in for 0xa5
04-08 14:15:43.784 11117 11117 E ArmVmp : Match on catch block at 0xc3 in for 0xa9
04-08 14:15:43.817 11117 11117 E ArmVmp : Match on catch block at 0xc3 in for 0xa5
04-08 14:15:43.820 11117 11117 E ArmVmp : Match on catch block at 0xc3 in for 0xa9
04-08 14:15:43.834 11117 11117 E ArmVmp : Match on catch block at 0xc3 in for 0xa9
04-08 14:15:43.837 11117 11117 E ArmVmp : Match on catch block at 0xc3 in for 0xa1
04-08 14:15:43.861 11117 11117 E ArmVmp : Match on catch block at 0xc3 in for 0xa1
04-08 14:15:43.863 11117 11117 E ArmVmp : Match on catch block at 0xc3 in for 0xa5
04-08 14:15:43.948 11117 11117 E ArmVmp : Match on catch block at 0xc3 in for 0xa5
04-08 14:15:43.951 11117 11117 E ArmVmp : Match on catch block at 0xc3 in for 0xa9
04-08 14:15:43.963 11117 11117 E ArmVmp : Match on catch block at 0xc3 in for 0xa9
04-08 14:15:43.966 11117 11117 E ArmVmp : Match on catch block at 0xc3 in for 0xa1
04-08 14:15:44.028 11117 11117 E ArmVmp : Match on catch block at 0xc3 in for 0xa1
04-08 14:15:44.031 11117 11117 E ArmVmp : Match on catch block at 0xc3 in for 0xa5
04-08 14:15:44.129 11117 11117 E ArmVmp : Match on catch block at 0xc3 in for 0xa5
04-08 14:15:44.132 11117 11117 E ArmVmp : Match on catch block at 0xc3 in for 0xa9
04-08 14:15:44.216 11117 11117 E ArmVmp : Match on catch block at 0xc3 in for 0xa9
04-08 14:15:44.221 11117 11117 E ArmVmp : Match on catch block at 0xc3 in for 0xa1
04-08 14:15:44.313 11117 11117 E ArmVmp : Match on catch block at 0xc3 in for 0xa1
04-08 14:15:44.316 11117 11117 E ArmVmp : Match on catch block at 0xc3 in for 0xa5
04-08 14:15:44.398 11117 11117 E ArmVmp : Match on catch block at 0xc3 in for 0xa5
04-08 14:15:44.402 11117 11117 E ArmVmp : Match on catch block at 0xc3 in for 0xa9
04-08 14:15:44.482 11117 11117 E ArmVmp : Match on catch block at 0xc3 in for 0xa9
04-08 14:15:44.485 11117 11117 E ArmVmp : Match on catch block at 0xc3 in for 0xa1
04-08 14:15:44.564 11117 11117 E ArmVmp : Match on catch block at 0xc3 in for 0xa1
04-08 14:15:44.567 11117 11117 E ArmVmp : Match on catch block at 0xc3 in for 0xa5
04-08 14:15:44.648 11117 11117 E ArmVmp : Match on catch block at 0xc3 in for 0xa5
04-08 14:15:44.652 11117 11117 E ArmVmp : Match on catch block at 0xc3 in for 0xa9
04-08 14:15:44.732 11117 11117 E ArmVmp : Match on catch block at 0xc3 in for 0xa9
04-08 14:15:44.735 11117 11117 E ArmVmp : Match on catch block at 0xc3 in for 0xa1
04-08 14:15:44.816 11117 11117 E ArmVmp : Match on catch block at 0xc3 in for 0xa1
04-08 14:15:44.819 11117 11117 E ArmVmp : Match on catch block at 0xc3 in for 0xa5
04-08 14:15:44.913 11117 11117 E ArmVmp : Match on catch block at 0xc3 in for 0xa5
04-08 14:15:44.916 11117 11117 E ArmVmp : Match on catch block at 0xc3 in for 0xa9
04-08 14:15:44.982 11117 11117 E ArmVmp : Match on catch block at 0xc3 in for 0xa9
04-08 14:15:44.985 11117 11117 E ArmVmp : Match on catch block at 0xc3 in for 0xa1
04-08 14:15:44.998 11117 11117 E ArmVmp : Match on catch block at 0xc3 in for 0xa1
04-08 14:15:45.001 11117 11117 E ArmVmp : Match on catch block at 0xc3 in for 0xa5
04-08 14:15:45.099 11117 11117 E ArmVmp : Match on catch block at 0xc3 in for 0xa5
04-08 14:15:45.102 11117 11117 E ArmVmp : Match on catch block at 0xc3 in for 0xa9
04-08 14:15:45.196 11117 11117 E ArmVmp : Match on catch block at 0xc3 in for 0xa9
04-08 14:15:45.201 11117 11117 E ArmVmp : Match on catch block at 0xc3 in for 0xa1
04-08 14:15:45.282 11117 11117 E ArmVmp : Match on catch block at 0xc3 in for 0xa1
04-08 14:15:45.286 11117 11117 E ArmVmp : Match on catch block at 0xc3 in for 0xa5
04-08 14:15:45.364 11117 11117 E ArmVmp : Match on catch block at 0xc3 in for 0xa5
04-08 14:15:45.370 11117 11117 E ArmVmp : Match on catch block at 0xc3 in for 0xa9
04-08 14:15:45.432 11117 11117 E ArmVmp : Match on catch block at 0xc3 in for 0xa9
04-08 14:15:45.436 11117 11117 E ArmVmp : Match on catch block at 0xc3 in for 0xa1
04-08 14:15:45.446 11117 11117 E ArmVmp : Match on catch block at 0xc3 in for 0xa1
04-08 14:15:45.452 11117 11117 E ArmVmp : Match on catch block at 0xc3 in for 0xa5
04-08 14:15:45.466 11117 11117 E ArmVmp : Match on catch block at 0xc3 in for 0xa5
04-08 14:15:45.470 11117 11117 E ArmVmp : Match on catch block at 0xc3 in for 0xa9
04-08 14:15:45.482 11117 11117 E ArmVmp : Match on catch block at 0xc3 in for 0xa9
04-08 14:15:45.487 11117 11117 E ArmVmp : Match on catch block at 0xc3 in for 0xa1
04-08 14:15:45.497 11117 11117 E ArmVmp : Match on catch block at 0xc3 in for 0xa1
04-08 14:15:45.502 11117 11117 E ArmVmp : Match on catch block at 0xc3 in for 0xa5
04-08 14:15:45.512 11117 11117 E ArmVmp : Match on catch block at 0xc3 in for 0xa5
04-08 14:15:45.515 11117 11117 E ArmVmp : Match on catch block at 0xc3 in for 0xa9
04-08 14:15:45.529 11117 11117 E ArmVmp : Match on catch block at 0xc3 in for 0xa9
04-08 14:15:45.532 11117 11117 E ArmVmp : Match on catch block at 0xc3 in for 0xa1
04-08 14:15:45.545 11117 11117 E ArmVmp : Match on catch block at 0xc3 in for 0xa1
04-08 14:15:45.548 11117 11117 E ArmVmp : Match on catch block at 0xc3 in for 0xa5
04-08 14:15:45.562 11117 11117 E ArmVmp : Match on catch block at 0xc3 in for 0xa5
04-08 14:15:45.566 11117 11117 E ArmVmp : Match on catch block at 0xc3 in for 0xa9
04-08 14:15:45.579 11117 11117 E ArmVmp : Match on catch block at 0xc3 in for 0xa9
04-08 14:15:45.582 11117 11117 E ArmVmp : Match on catch block at 0xc3 in for 0xa1
04-08 14:15:45.596 11117 11117 E ArmVmp : Match on catch block at 0xc3 in for 0xa1
04-08 14:15:45.598 11117 11117 E ArmVmp : Match on catch block at 0xc3 in for 0xa5
04-08 14:15:45.613 11117 11117 E ArmVmp : Match on catch block at 0xc3 in for 0xa5
04-08 14:15:45.617 11117 11117 E ArmVmp : Match on catch block at 0xc3 in for 0xa9
04-08 14:15:45.630 11117 11117 E ArmVmp : Match on catch block at 0xc3 in for 0xa9
04-08 14:15:45.634 11117 11117 E ArmVmp : Match on catch block at 0xc3 in for 0xa1
04-08 14:15:45.647 11117 11117 E ArmVmp : Match on catch block at 0xc3 in for 0xa1
04-08 14:15:45.650 11117 11117 E ArmVmp : Match on catch block at 0xc3 in for 0xa5
04-08 14:15:45.663 11117 11117 E ArmVmp : Match on catch block at 0xc3 in for 0xa5
04-08 14:15:45.667 11117 11117 E ArmVmp : Match on catch block at 0xc3 in for 0xa9
04-08 14:15:45.681 11117 11117 E ArmVmp : Match on catch block at 0xc3 in for 0xa9
04-08 14:15:45.685 11117 11117 E ArmVmp : Match on catch block at 0xc3 in for 0xa1
04-08 14:15:45.749 11117 11117 E ArmVmp : Match on catch block at 0xc3 in for 0xa1
04-08 14:15:45.753 11117 11117 E ArmVmp : Match on catch block at 0xc3 in for 0xa5
04-08 14:15:45.831 11117 11117 E ArmVmp : Match on catch block at 0xc3 in for 0xa5
04-08 14:15:45.835 11117 11117 E ArmVmp : Match on catch block at 0xc3 in for 0xa9
04-08 14:15:45.914 11117 11117 E ArmVmp : Match on catch block at 0xc3 in for 0xa9
04-08 14:15:45.917 11117 11117 E ArmVmp : Match on catch block at 0xc3 in for 0xa1
04-08 14:15:45.997 11117 11117 E ArmVmp : Match on catch block at 0xc3 in for 0xa1
04-08 14:15:46.001 11117 11117 E ArmVmp : Match on catch block at 0xc3 in for 0xa5
04-08 14:15:46.082 11117 11117 E ArmVmp : Match on catch block at 0xc3 in for 0xa5
04-08 14:15:46.086 11117 11117 E ArmVmp : Match on catch block at 0xc3 in for 0xa9
04-08 14:15:46.166 11117 11117 E ArmVmp : Match on catch block at 0xc3 in for 0xa9
04-08 14:15:46.170 11117 11117 E ArmVmp : Match on catch block at 0xc3 in for 0xa1
04-08 14:15:46.249 11117 11117 E ArmVmp : Match on catch block at 0xc3 in for 0xa1
04-08 14:15:46.253 11117 11117 E ArmVmp : Match on catch block at 0xc3 in for 0xa5
04-08 14:15:46.332 11117 11117 E ArmVmp : Match on catch block at 0xc3 in for 0xa5
04-08 14:15:46.336 11117 11117 E ArmVmp : Match on catch block at 0xc3 in for 0xa9
04-08 14:15:46.416 11117 11117 E ArmVmp : Match on catch block at 0xc3 in for 0xa9
04-08 14:15:46.420 11117 11117 E ArmVmp : Match on catch block at 0xc3 in for 0xa1
04-08 14:15:46.501 11117 11117 E ArmVmp : Match on catch block at 0xc3 in for 0xa1
04-08 14:15:46.504 11117 11117 E ArmVmp : Match on catch block at 0xc3 in for 0xa5
04-08 14:15:46.583 11117 11117 E ArmVmp : Match on catch block at 0xc3 in for 0xa5
04-08 14:15:46.587 11117 11117 E ArmVmp : Match on catch block at 0xc3 in for 0xa9
04-08 14:15:46.681 11117 11117 E ArmVmp : Match on catch block at 0xc3 in for 0xa9
04-08 14:15:46.685 11117 11117 E ArmVmp : Match on catch block at 0xc3 in for 0xa1
04-08 14:15:46.767 11117 11117 E ArmVmp : Match on catch block at 0xc3 in for 0xa1
04-08 14:15:46.771 11117 11117 E ArmVmp : Match on catch block at 0xc3 in for 0xa5
04-08 14:15:46.848 11117 11117 E ArmVmp : Match on catch block at 0xc3 in for 0xa5
04-08 14:15:46.852 11117 11117 E ArmVmp : Match on catch block at 0xc3 in for 0xa9
04-08 14:15:46.931 11117 11117 E ArmVmp : Match on catch block at 0xc3 in for 0xa9
04-08 14:15:46.935 11117 11117 E ArmVmp : Match on catch block at 0xc3 in for 0xa1
04-08 14:15:47.000 11117 11117 E ArmVmp : Match on catch block at 0xc3 in for 0xa1
04-08 14:15:47.004 11117 11117 E ArmVmp : Match on catch block at 0xc3 in for 0xa5
04-08 14:15:47.016 11117 11117 E ArmVmp : Match on catch block at 0xc3 in for 0xa5
04-08 14:15:47.020 11117 11117 E ArmVmp : Match on catch block at 0xc3 in for 0xa9
04-08 14:15:47.117 11117 11117 E ArmVmp : Match on catch block at 0xc3 in for 0xa9
04-08 14:15:47.121 11117 11117 E ArmVmp : Match on catch block at 0xc3 in for 0xa1
04-08 14:15:47.199 11117 11117 E ArmVmp : Match on catch block at 0xc3 in for 0xa1
04-08 14:15:47.202 11117 11117 E ArmVmp : Match on catch block at 0xc3 in for 0xa5
04-08 14:15:47.282 11117 11117 E ArmVmp : Match on catch block at 0xc3 in for 0xa5
04-08 14:15:47.285 11117 11117 E ArmVmp : Match on catch block at 0xc3 in for 0xa9
04-08 14:15:47.385 11117 11117 E ArmVmp : Match on catch block at 0xc3 in for 0xa9
04-08 14:15:47.388 11117 11117 E ArmVmp : Match on catch block at 0xc3 in for 0xa1
04-08 14:15:47.467 11117 11117 E ArmVmp : Match on catch block at 0xc3 in for 0xa1
04-08 14:15:47.470 11117 11117 E ArmVmp : Match on catch block at 0xc3 in for 0xa5
04-08 14:15:47.502 11117 11117 E ArmVmp : Match on catch block at 0xc3 in for 0xa5
04-08 14:15:47.505 11117 11117 E ArmVmp : Match on catch block at 0xc3 in for 0xa9
04-08 14:15:47.552 11117 11117 E ArmVmp : Match on catch block at 0xc3 in for 0xa9
04-08 14:15:47.555 11117 11117 E ArmVmp : Match on catch block at 0xc3 in for 0xa1
04-08 14:15:47.632 11117 11117 E ArmVmp : Match on catch block at 0xc3 in for 0xa1
04-08 14:15:47.635 11117 11117 E ArmVmp : Match on catch block at 0xc3 in for 0xa5
04-08 14:15:47.685 11117 11117 E ArmVmp : Match on catch block at 0x0a in for 0xa9
04-08 14:15:47.688 11117 11117 E ArmVmp : Match on catch block at 0x0a in for 0xa9
04-08 14:15:47.715 11117 11117 E ArmVmp : Match on catch block at 0xc3 in for 0xa1
04-08 14:15:47.719 11117 11117 E ArmVmp : Match on catch block at 0xc3 in for 0xa5
04-08 14:15:47.816 11117 11117 E ArmVmp : Match on catch block at 0xc3 in for 0xa5
04-08 14:15:47.819 11117 11117 E ArmVmp : Match on catch block at 0xc3 in for 0xa9
04-08 14:15:47.901 11117 11117 E ArmVmp : Match on catch block at 0xc3 in for 0xa9
04-08 14:15:47.904 11117 11117 E ArmVmp : Match on catch block at 0xc3 in for 0xa1
04-08 14:15:47.984 11117 11117 E ArmVmp : Match on catch block at 0xc3 in for 0xa1
04-08 14:15:47.987 11117 11117 E ArmVmp : Match on catch block at 0xc3 in for 0xa5
04-08 14:15:48.000 11117 11117 E ArmVmp : Match on catch block at 0xc3 in for 0xa5
04-08 14:15:48.003 11117 11117 E ArmVmp : Match on catch block at 0xc3 in for 0xa9
04-08 14:15:48.067 11117 11117 E ArmVmp : Match on catch block at 0xc3 in for 0xa9
04-08 14:15:48.070 11117 11117 E ArmVmp : Match on catch block at 0xc3 in for 0xa1
04-08 14:15:48.149 11117 11117 E ArmVmp : Match on catch block at 0xc3 in for 0xa1
04-08 14:15:48.153 11117 11117 E ArmVmp : Match on catch block at 0xc3 in for 0xa5
04-08 14:15:48.233 11117 11117 E ArmVmp : Match on catch block at 0xc3 in for 0xa5
04-08 14:15:48.237 11117 11117 E ArmVmp : Match on catch block at 0xc3 in for 0xa9
04-08 14:15:48.316 11117 11117 E ArmVmp : Match on catch block at 0xc3 in for 0xa5
04-08 14:15:48.320 11117 11117 E ArmVmp : Match on catch block at 0xc3 in for 0xa9
04-08 14:15:48.399 11117 11117 E ArmVmp : Match on catch block at 0xc3 in for 0xa1
04-08 14:15:48.403 11117 11117 E ArmVmp : Match on catch block at 0xc3 in for 0xa5
04-08 14:15:48.511 11117 13816 W libEGL : EGLNativeWindowType 0xb400007cc2647300
disconnect failed
04-08 14:15:48.556 11117 11117 E ArmVmp : Match on catch block at 0xc3 in for 0xa1
04-08 14:15:48.559 11117 11117 E ArmVmp : Match on catch block at 0xc3 in for 0xa5
04-08 14:15:48.566 11117 11117 E ArmVmp : Match on catch block at 0xc3 in for 0xa5
04-08 14:15:48.569 11117 11117 E ArmVmp : Match on catch block at 0xc3 in for 0xa9
04-08 14:15:48.582 11117 11117 E ArmVmp : Match on catch block at 0xc3 in for 0xa9
04-08 14:15:48.584 11117 11117 E ArmVmp : Match on catch block at 0xc3 in for 0xa1
04-08 14:15:48.665 11117 11117 E ArmVmp : Match on catch block at 0xc3 in for 0xa1
04-08 14:15:48.667 11117 11117 E ArmVmp : Match on catch block at 0xc3 in for 0xa5
04-08 14:15:48.748 11117 11117 E ArmVmp : Match on catch block at 0xc3 in for 0xa5
04-08 14:15:48.750 11117 11117 E ArmVmp : Match on catch block at 0xc3 in for 0xa9
04-08 14:15:48.832 11117 11117 E ArmVmp : Match on catch block at 0xc3 in for 0xa9
04-08 14:15:48.835 11117 11117 E ArmVmp : Match on catch block at 0xc3 in for 0xa1
04-08 14:15:48.916 11117 11117 E ArmVmp : Match on catch block at 0xc3 in for 0xa1
04-08 14:15:48.920 11117 11117 E ArmVmp : Match on catch block at 0xc3 in for 0xa5
04-08 14:15:49.000 11117 11117 E ArmVmp : Match on catch block at 0xc3 in for 0xa5
04-08 14:15:49.003 11117 11117 E ArmVmp : Match on catch block at 0xc3 in for 0xa9
04-08 14:15:49.083 11117 11117 E ArmVmp : Match on catch block at 0xc3 in for 0xa9
04-08 14:15:49.087 11117 11117 E ArmVmp : Match on catch block at 0xc3 in for 0xa1
04-08 14:15:49.100 11117 11117 E ArmVmp : Match on catch block at 0xc3 in for 0xa1
04-08 14:15:49.104 11117 11117 E ArmVmp : Match on catch block at 0xc3 in for 0xa5
04-08 14:15:49.183 11117 11117 E ArmVmp : Match on catch block at 0xc3 in for 0xa5
04-08 14:15:49.188 11117 11117 E ArmVmp : Match on catch block at 0xc3 in for 0xa9
04-08 14:15:49.266 11117 11117 E ArmVmp : Match on catch block at 0xc3 in for 0xa9
04-08 14:15:49.270 11117 11117 E ArmVmp : Match on catch block at 0xc3 in for 0xa1
04-08 14:15:49.350 11117 11117 E ArmVmp : Match on catch block at 0xc3 in for 0xa1
04-08 14:15:49.354 11117 11117 E ArmVmp : Match on catch block at 0xc3 in for 0xa5
04-08 14:15:49.434 11117 11117 E ArmVmp : Match on catch block at 0xc3 in for 0xa5
04-08 14:15:49.438 11117 11117 E ArmVmp : Match on catch block at 0xc3 in for 0xa9
04-08 14:15:49.517 11117 11117 E ArmVmp : Match on catch block at 0xc3 in for 0xa9
04-08 14:15:49.521 11117 11117 E ArmVmp : Match on catch block at 0xc3 in for 0xa1
04-08 14:15:49.584 11117 11117 E ArmVmp : Match on catch block at 0xc3 in for 0xa1
04-08 14:15:49.588 11117 11117 E ArmVmp : Match on catch block at 0xc3 in for 0xa5
04-08 14:15:49.600 11117 11117 E ArmVmp : Match on catch block at 0xc3 in for 0xa5
04-08 14:15:49.605 11117 11117 E ArmVmp : Match on catch block at 0xc3 in for 0xa9
04-08 14:15:49.684 11117 11117 E ArmVmp : Match on catch block at 0xc3 in for 0xa9
04-08 14:15:49.687 11117 11117 E ArmVmp : Match on catch block at 0xc3 in for 0xa1
04-08 14:15:49.929 11117 11117 E ArmVmp : Match on catch block at 0x0a in for 0xc1
04-08 14:15:49.931 11117 11117 E ArmVmp : Match on catch block at 0x0a in for 0xc9
04-08 14:15:49.967 11117 11117 E ArmVmp : Match on catch block at 0xc3 in for 0xa5
04-08 14:15:49.969 11117 11117 E ArmVmp : Match on catch block at 0xc3 in for 0xa9
04-08 14:15:50.106 11117 11117 E ArmVmp : Match on catch block at 0xc3 in for 0xb5
04-08 14:15:50.110 11117 11117 E ArmVmp : Match on catch block at 0xc3 in for 0xb5
04-08 14:15:50.163 11117 11117 E ArmVmp : Match on catch block at 0xc3 in for 0xa1
04-08 14:15:50.165 11117 11117 E ArmVmp : Match on catch block at 0xc3 in for 0xa5
04-08 14:15:50.168 11117 11117 E ArmVmp : Match on catch block at 0xc3 in for 0xa5
04-08 14:15:50.174 11117 11117 E ArmVmp : Match on catch block at 0xc3 in for 0xa9
04-08 14:15:50.177 11117 11117 E ArmVmp : Match on catch block at 0xc3 in for 0xa1
04-08 14:15:50.249 11117 11117 E ArmVmp : Match on catch block at 0xc3 in for 0xa9
04-08 14:15:50.251 11117 11117 E ArmVmp : Match on catch block at 0xc3 in for 0xa1
04-08 14:15:50.252 11117 11117 E ArmVmp : Match on catch block at 0xc3 in for 0xa1
04-08 14:15:50.257 11117 11117 E ArmVmp : Match on catch block at 0xc3 in for 0xa5
04-08 14:15:50.259 11117 11117 E ArmVmp : Match on catch block at 0xc3 in for 0xa9
04-08 14:15:50.287 11117 11117 E ArmVmp : Match on catch block at 0xc3 in for 0xa1
04-08 14:15:50.289 11117 11117 E ArmVmp : Match on catch block at 0xc3 in for 0xa5
04-08 14:15:50.291 11117 11117 E ArmVmp : Match on catch block at 0xc3 in for 0xa5
04-08 14:15:50.295 11117 11117 E ArmVmp : Match on catch block at 0xc3 in for 0xa9
04-08 14:15:50.297 11117 11117 E ArmVmp : Match on catch block at 0xc3 in for 0xa1
04-08 14:15:50.305 11117 11117 E ArmVmp : Match on catch block at 0xc3 in for 0xa5
04-08 14:15:50.307 11117 11117 E ArmVmp : Match on catch block at 0xc3 in for 0xa9
04-08 14:15:50.309 11117 11117 E ArmVmp : Match on catch block at 0xc3 in for 0xa9
04-08 14:15:50.313 11117 11117 E ArmVmp : Match on catch block at 0xc3 in for 0xa1
04-08 14:15:50.315 11117 11117 E ArmVmp : Match on catch block at 0xc3 in for 0xa5
04-08 14:15:50.326 11117 11117 E ArmVmp : Match on catch block at 0xc3 in for 0xa1
04-08 14:15:50.328 11117 11117 E ArmVmp : Match on catch block at 0xc3 in for 0xa5
04-08 14:15:50.329 11117 11117 E ArmVmp : Match on catch block at 0xc3 in for 0xa5
04-08 14:15:50.332 11117 11117 E ArmVmp : Match on catch block at 0xc3 in for 0xa9
04-08 14:15:50.333 11117 11117 E ArmVmp : Match on catch block at 0xc3 in for 0xa1
04-08 14:15:50.338 11117 11117 E ArmVmp : Match on catch block at 0xc3 in for 0xa1
04-08 14:15:50.340 11117 11117 E ArmVmp : Match on catch block at 0xc3 in for 0xa5
04-08 14:15:50.343 11117 11117 E ArmVmp : Match on catch block at 0xc3 in for 0xa5
04-08 14:15:50.347 11117 11117 E ArmVmp : Match on catch block at 0xc3 in for 0xa9
04-08 14:15:50.348 11117 11117 E ArmVmp : Match on catch block at 0xc3 in for 0xa1
04-08 14:15:50.352 11117 11117 E ArmVmp : Match on catch block at 0xc3 in for 0xa1
04-08 14:15:50.357 11117 11117 E ArmVmp : Match on catch block at 0xc3 in for 0xa5
04-08 14:15:50.359 11117 11117 E ArmVmp : Match on catch block at 0xc3 in for 0xa5
04-08 14:15:50.362 11117 11117 E ArmVmp : Match on catch block at 0xc3 in for 0xa9
04-08 14:15:50.364 11117 11117 E ArmVmp : Match on catch block at 0xc3 in for 0xa1
04-08 14:15:50.368 11117 11117 E ArmVmp : Match on catch block at 0xc3 in for 0xa1
04-08 14:15:50.371 11117 11117 E ArmVmp : Match on catch block at 0xc3 in for 0xa5
04-08 14:15:50.373 11117 11117 E ArmVmp : Match on catch block at 0xc3 in for 0xa5
04-08 14:15:50.375 11117 11117 E ArmVmp : Match on catch block at 0xc3 in for 0xa9
04-08 14:15:50.378 11117 11117 E ArmVmp : Match on catch block at 0xc3 in for 0xa1
04-08 14:15:50.383 11117 11117 E ArmVmp : Match on catch block at 0xc3 in for 0xa1
04-08 14:15:50.386 11117 11117 E ArmVmp : Match on catch block at 0xc3 in for 0xa5
04-08 14:15:50.387 11117 11117 E ArmVmp : Match on catch block at 0xc3 in for 0xa5
04-08 14:15:50.398 11117 13816 W libEGL : EGLNativeWindowType 0xb400007cc28db260
disconnect failed
04-08 14:15:50.405 11117 11117 E ArmVmp : Match on catch block at 0xc3 in for 0xa9
04-08 14:15:50.407 11117 11117 E ArmVmp : Match on catch block at 0xc3 in for 0xa1
04-08 14:15:50.422 11117 11117 E ArmVmp : Match on catch block at 0xc3 in for 0xa1
04-08 14:15:50.424 11117 11117 E ArmVmp : Match on catch block at 0xc3 in for 0xa5
04-08 14:15:50.425 11117 11117 E ArmVmp : Match on catch block at 0xc3 in for 0xa5
04-08 14:15:50.433 11117 11117 E ArmVmp : Match on catch block at 0xc3 in for 0xa9
04-08 14:15:50.435 11117 11117 E ArmVmp : Match on catch block at 0xc3 in for 0xa1
04-08 14:15:50.437 11117 11117 E ArmVmp : Match on catch block at 0xc3 in for 0xa1
04-08 14:15:50.450 11117 11117 E ArmVmp : Match on catch block at 0xc3 in for 0xa5
04-08 14:15:50.452 11117 11117 E ArmVmp : Match on catch block at 0xc3 in for 0xa9
04-08 14:15:50.453 11117 11117 E ArmVmp : Match on catch block at 0xc3 in for 0xa9
04-08 14:15:50.467 11117 11117 E ArmVmp : Match on catch block at 0xc3 in for 0xa1
04-08 14:15:50.468 11117 11117 E ArmVmp : Match on catch block at 0xc3 in for 0xa5
04-08 14:15:50.470 11117 11117 E ArmVmp : Match on catch block at 0xc3 in for 0xa5
04-08 14:15:50.483 11117 11117 E ArmVmp : Match on catch block at 0xc3 in for 0xa9
04-08 14:15:50.485 11117 11117 E ArmVmp : Match on catch block at 0xc3 in for 0xa1
04-08 14:15:50.486 11117 11117 E ArmVmp : Match on catch block at 0xc3 in for 0xa1
04-08 14:15:50.500 11117 11117 E ArmVmp : Match on catch block at 0xc3 in for 0xa9
04-08 14:15:50.502 11117 11117 E ArmVmp : Match on catch block at 0xc3 in for 0xa1
04-08 14:15:50.503 11117 11117 E ArmVmp : Match on catch block at 0xc3 in for 0xa1
04-08 14:15:50.517 11117 11117 E ArmVmp : Match on catch block at 0xc3 in for 0xa5
04-08 14:15:50.519 11117 11117 E ArmVmp : Match on catch block at 0xc3 in for 0xa9
04-08 14:15:50.520 11117 11117 E ArmVmp : Match on catch block at 0xc3 in for 0xa9
04-08 14:15:50.534 11117 11117 E ArmVmp : Match on catch block at 0xc3 in for 0xa1
04-08 14:15:50.537 11117 11117 E ArmVmp : Match on catch block at 0xc3 in for 0xa5
04-08 14:15:50.539 11117 11117 E ArmVmp : Match on catch block at 0xc3 in for 0xa5
04-08 14:15:50.551 11117 11117 E ArmVmp : Match on catch block at 0xc3 in for 0xa9
04-08 14:15:50.554 11117 11117 E ArmVmp : Match on catch block at 0xc3 in for 0xa1
04-08 14:15:50.556 11117 11117 E ArmVmp : Match on catch block at 0xc3 in for 0xa1
04-08 14:15:51.069 11117 11117 E ArmVmp : Match on catch block at 0xc3 in for 0xa9
04-08 14:15:51.073 11117 11117 E ArmVmp : Match on catch block at 0xc3 in for 0xa1
04-08 14:15:51.075 11117 11117 E ArmVmp : Match on catch block at 0xc3 in for 0xa1
04-08 14:15:51.086 11117 11117 E ArmVmp : Match on catch block at 0xc3 in for 0xa5
04-08 14:15:51.089 11117 11117 E ArmVmp : Match on catch block at 0xc3 in for 0xa9
04-08 14:15:51.091 11117 11117 E ArmVmp : Match on catch block at 0xc3 in for 0xa9
04-08 14:15:51.102 11117 11117 E ArmVmp : Match on catch block at 0xc3 in for 0xa9
04-08 14:15:51.106 11117 11117 E ArmVmp : Match on catch block at 0xc3 in for 0xa1
04-08 14:15:51.108 11117 11117 E ArmVmp : Match on catch block at 0xc3 in for 0xa1
04-08 14:15:51.119 11117 11117 E ArmVmp : Match on catch block at 0xc3 in for 0xa1
04-08 14:15:51.121 11117 11117 E ArmVmp : Match on catch block at 0xc3 in for 0xa5
04-08 14:15:51.123 11117 11117 E ArmVmp : Match on catch block at 0xc3 in for 0xa5
04-08 14:15:51.134 11117 11117 E ArmVmp : Match on catch block at 0xc3 in for 0xa5
04-08 14:15:51.137 11117 11117 E ArmVmp : Match on catch block at 0xc3 in for 0xa9
04-08 14:15:51.138 11117 11117 E ArmVmp : Match on catch block at 0xc3 in for 0xa9
04-08 14:15:51.151 11117 11117 E ArmVmp : Match on catch block at 0xc3 in for 0xa9
04-08 14:15:51.153 11117 11117 E ArmVmp : Match on catch block at 0xc3 in for 0xa1
04-08 14:15:51.154 11117 11117 E ArmVmp : Match on catch block at 0xc3 in for 0xa1
04-08 14:15:51.168 11117 11117 E ArmVmp : Match on catch block at 0xc3 in for 0xa1
04-08 14:15:51.170 11117 11117 E ArmVmp : Match on catch block at 0xc3 in for 0xa5
04-08 14:15:51.171 11117 11117 E ArmVmp : Match on catch block at 0xc3 in for 0xa5
04-08 14:15:51.184 11117 11117 E ArmVmp : Match on catch block at 0xc3 in for 0xa5
04-08 14:15:51.186 11117 11117 E ArmVmp : Match on catch block at 0xc3 in for 0xa9
04-08 14:15:51.188 11117 11117 E ArmVmp : Match on catch block at 0xc3 in for 0xa9
04-08 14:15:51.201 11117 11117 E ArmVmp : Match on catch block at 0xc3 in for 0xa9
04-08 14:15:51.205 11117 11117 E ArmVmp : Match on catch block at 0xc3 in for 0xa1
04-08 14:15:51.207 11117 11117 E ArmVmp : Match on catch block at 0xc3 in for 0xa1
04-08 14:15:51.218 11117 11117 E ArmVmp : Match on catch block at 0xc3 in for 0xa1
04-08 14:15:51.220 11117 11117 E ArmVmp : Match on catch block at 0xc3 in for 0xa5
04-08 14:15:51.222 11117 11117 E ArmVmp : Match on catch block at 0xc3 in for 0xa5
04-08 14:15:51.234 11117 11117 E ArmVmp : Match on catch block at 0xc3 in for 0xa5
04-08 14:15:51.237 11117 11117 E ArmVmp : Match on catch block at 0xc3 in for 0xa9
04-08 14:15:51.239 11117 11117 E ArmVmp : Match on catch block at 0xc3 in for 0xa9
04-08 14:15:51.251 11117 11117 E ArmVmp : Match on catch block at 0xc3 in for 0xa9
