first_scan_length=0 direct_path=null thumbnail_height_width_ratio=2.25
is_animated_sticker=0 file_hash=null
file_path=/data/user/0/com.mbwhatsapp/files/.Shared/1b720f07-a77f-49c5-8163-
fe8292956ce9.jpg file_size=67691 partial_media_hash=null face_x=0 face_y=0
height=1600 trim_to=0 media_key_timestamp=0 message_url=null media_caption=null
trim_from=0 mime_type=null partial_media_enc_hash=null width=720
original_file_hash=qDsDQwChnQsh1zUjjrcA6eS2tVwWaoc7zLg5mQT0oTA=
has_streaming_sidecar=0 autotransfer_retry_enabled=1 media_upload_handle=null
message_row_id=31512 multicast_id=null enc_file_hash=null mute_video=0 page_count=0
first_scan_sidecar=null suspicious_content=0 file_length=67691 media_name=1b720f07-
a77f-49c5-8163-fe8292956ce9.jpg media_duration=0 chat_row_id=1316 media_key=null
04-08 14:11:44.412 11117 11228 E SQLiteDatabase:
android.database.sqlite.SQLiteConstraintException: UNIQUE constraint failed:
message_media.message_row_id (code 1555 SQLITE_CONSTRAINT_PRIMARYKEY)
04-08 14:11:44.412 11117 11228 E SQLiteDatabase: at
android.database.sqlite.SQLiteConnection.nativeExecuteForLastInsertedRowId(Native
Method)
04-08 14:11:44.412 11117 11228 E SQLiteDatabase: at
android.database.sqlite.SQLiteConnection.executeForLastInsertedRowId(SQLiteConnecti
on.java:938)
04-08 14:11:44.412 11117 11228 E SQLiteDatabase: at
android.database.sqlite.SQLiteSession.executeForLastInsertedRowId(SQLiteSession.jav
a:790)
04-08 14:11:44.412 11117 11228 E SQLiteDatabase: at
android.database.sqlite.SQLiteStatement.executeInsert(SQLiteStatement.java:88)
04-08 14:11:44.412 11117 11228 E SQLiteDatabase: at
android.database.sqlite.SQLiteDatabase.insertWithOnConflict(SQLiteDatabase.java:170
1)
04-08 14:11:44.412 11117 11228 E SQLiteDatabase: at
android.database.sqlite.SQLiteDatabase.insert(SQLiteDatabase.java:1570)
04-08 14:11:44.412 11117 11228 E SQLiteDatabase: at X.2tm.A08(Unknown
Source:6)
04-08 14:11:44.412 11117 11228 E SQLiteDatabase: at X.35Y.A07(Unknown
Source:212)
04-08 14:11:44.412 11117 11228 E SQLiteDatabase: at X.3QF.A14(Unknown
Source:470)
04-08 14:11:44.412 11117 11228 E SQLiteDatabase: at X.3gU.run(Unknown
Source:982)
04-08 14:11:44.412 11117 11228 E SQLiteDatabase: at
android.os.Handler.handleCallback(Handler.java:938)
04-08 14:11:44.412 11117 11228 E SQLiteDatabase: at
android.os.Handler.dispatchMessage(Handler.java:99)
04-08 14:11:44.412 11117 11228 E SQLiteDatabase: at
X.0zq.dispatchMessage(Unknown Source:4)
04-08 14:11:44.412 11117 11228 E SQLiteDatabase: at
android.os.Looper.loop(Looper.java:240)
04-08 14:11:44.412 11117 11228 E SQLiteDatabase: at
android.os.HandlerThread.run(HandlerThread.java:67)
04-08 14:11:44.428 11117 11117 E ArmVmp : Match on catch block at 0xc3 in for 0xa9
04-08 14:11:44.441 11117 11117 E ArmVmp : Match on catch block at 0xc3 in for 0xa1
04-08 14:11:44.492 11117 11117 E ArmVmp : Match on catch block at 0xc3 in for 0xa5
04-08 14:11:44.493 11117 11117 E ArmVmp : Match on catch block at 0xc3 in for 0xa9
04-08 14:11:44.587 11117 11117 E ArmVmp : Match on catch block at 0xc3 in for 0xa5
04-08 14:11:44.589 11117 11117 E ArmVmp : Match on catch block at 0xc3 in for 0xa9
04-08 14:11:44.622 11117 11117 E ArmVmp : Match on catch block at 0xc3 in for 0xa1
04-08 14:11:44.623 11117 11117 E ArmVmp : Match on catch block at 0xc3 in for 0xa5
04-08 14:11:44.636 11117 11117 E ArmVmp : Match on catch block at 0xc3 in for 0xa1
04-08 14:11:44.639 11117 11117 E ArmVmp : Match on catch block at 0xc3 in for 0xa5
04-08 14:11:44.649 11117 11117 E ArmVmp : Match on catch block at 0xc3 in for 0xa9
04-08 14:11:44.652 11117 11117 E ArmVmp : Match on catch block at 0xc3 in for 0xa1
04-08 14:11:44.666 11117 11117 E ArmVmp : Match on catch block at 0xc3 in for 0xa9
04-08 14:11:44.669 11117 11117 E ArmVmp : Match on catch block at 0xc3 in for 0xa1
04-08 14:11:44.683 11117 11117 E ArmVmp : Match on catch block at 0xc3 in for 0xa9
04-08 14:11:44.686 11117 11117 E ArmVmp : Match on catch block at 0xc3 in for 0xa1
04-08 14:11:44.709 11117 11117 W BottomSheetBehavior: BottomSheetBehavior now
supports multiple callbacks. `setBottomSheetCallback()` removes all existing
callbacks, including ones set internally by library authors, which may result in
unintended behavior. This may change in the future. Please use
`addBottomSheetCallback()` and `removeBottomSheetCallback()` instead to set your
own callbacks.
04-08 14:11:44.714 11117 13816 W libEGL : EGLNativeWindowType 0xb400007cc274f2c0
disconnect failed
04-08 14:11:44.720 11117 11117 E ArmVmp : Match on catch block at 0xc3 in for 0xa1
04-08 14:11:44.723 11117 11117 E ArmVmp : Match on catch block at 0xc3 in for 0xa5
04-08 14:11:44.732 11117 11117 E ArmVmp : Match on catch block at 0xc3 in for 0xa1
04-08 14:11:44.735 11117 11117 E ArmVmp : Match on catch block at 0xc3 in for 0xa5
04-08 14:11:44.749 11117 11117 E ArmVmp : Match on catch block at 0xc3 in for 0xa1
04-08 14:11:44.751 11117 11117 E ArmVmp : Match on catch block at 0xc3 in for 0xa5
04-08 14:11:44.766 11117 11117 E ArmVmp : Match on catch block at 0xc3 in for 0xa1
04-08 14:11:44.768 11117 11117 E ArmVmp : Match on catch block at 0xc3 in for 0xa5
04-08 14:11:44.782 11117 11117 E ArmVmp : Match on catch block at 0xc3 in for 0xa1
04-08 14:11:44.784 11117 11117 E ArmVmp : Match on catch block at 0xc3 in for 0xa5
04-08 14:11:44.799 11117 11117 E ArmVmp : Match on catch block at 0xc3 in for 0xa1
04-08 14:11:44.801 11117 11117 E ArmVmp : Match on catch block at 0xc3 in for 0xa5
04-08 14:11:44.816 11117 11117 E ArmVmp : Match on catch block at 0xc3 in for 0xa1
04-08 14:11:44.817 11117 11117 E ArmVmp : Match on catch block at 0xc3 in for 0xa5
04-08 14:11:44.833 11117 11117 E ArmVmp : Match on catch block at 0xc3 in for 0xa1
04-08 14:11:44.836 11117 11117 E ArmVmp : Match on catch block at 0xc3 in for 0xa5
04-08 14:11:44.850 11117 11117 E ArmVmp : Match on catch block at 0xc3 in for 0xa5
04-08 14:11:44.853 11117 11117 E ArmVmp : Match on catch block at 0xc3 in for 0xa9
04-08 14:11:44.867 11117 11117 E ArmVmp : Match on catch block at 0xc3 in for 0xa5
04-08 14:11:44.871 11117 11117 E ArmVmp : Match on catch block at 0xc3 in for 0xa9
04-08 14:11:44.884 11117 11117 E ArmVmp : Match on catch block at 0xc3 in for 0xa5
04-08 14:11:44.887 11117 11117 E ArmVmp : Match on catch block at 0xc3 in for 0xa9
04-08 14:11:44.900 11117 11117 E ArmVmp : Match on catch block at 0xc3 in for 0xa5
04-08 14:11:44.905 11117 11117 E ArmVmp : Match on catch block at 0xc3 in for 0xa9
04-08 14:11:44.917 11117 11117 E ArmVmp : Match on catch block at 0xc3 in for 0xa9
04-08 14:11:44.920 11117 11117 E ArmVmp : Match on catch block at 0xc3 in for 0xa1
04-08 14:11:44.933 11117 11117 E ArmVmp : Match on catch block at 0xc3 in for 0xa5
04-08 14:11:44.935 11117 11117 E ArmVmp : Match on catch block at 0xc3 in for 0xa9
04-08 14:11:44.949 11117 11117 E ArmVmp : Match on catch block at 0xc3 in for 0xa5
04-08 14:11:44.951 11117 11117 E ArmVmp : Match on catch block at 0xc3 in for 0xa9
04-08 14:11:44.966 11117 11117 E ArmVmp : Match on catch block at 0xc3 in for 0xa5
04-08 14:11:44.968 11117 11117 E ArmVmp : Match on catch block at 0xc3 in for 0xa9
04-08 14:11:44.983 11117 11117 E ArmVmp : Match on catch block at 0xc3 in for 0xa5
04-08 14:11:44.984 11117 11117 E ArmVmp : Match on catch block at 0xc3 in for 0xa9
04-08 14:11:44.989 11117 11228 E SQLiteDatabase: Error inserting transferred=1
media_job_uuid=239b5117-e106-477e-8fc1-d96ebef6205b transcoded=1 gif_attribution=0
first_scan_length=0 direct_path=/o1/v/t62.7118-24/f1/m269/up-oil-image-6fcb3369-
5d53-4aa2-87e6-138bb442ba53?ccb=9-
4&oh=01_ASBwGhC8l_c7fCjFao84L34nhVxKvpZpALgnb6Jc_U9pqA&oe=663BB0A5&_nc_sid=000000
thumbnail_height_width_ratio=2.25 is_animated_sticker=0
file_hash=dsxtloHWzllmwq0U94mk0R94yvobzPUIfcAqxwdF5vw= file_path=Media/MBWhatsApp
Images/Sent/IMG-20240408-WA0055.jpg file_size=67691
partial_media_hash=zHaDNUIQFzToCIKwmw5wzmbm7BCOSMbN6UkMgFX5J9s= face_x=0 face_y=0
height=1600 trim_to=0 media_key_timestamp=1712607186113
message_url=https://mmg.whatsapp.net/o1/v/t62.7118-24/f1/m269/up-oil-image-
6fcb3369-5d53-4aa2-87e6-138bb442ba53?ccb=9-
4&oh=01_ASBwGhC8l_c7fCjFao84L34nhVxKvpZpALgnb6Jc_U9pqA&oe=663BB0A5&_nc_sid=000000&m
ms3=true media_caption=null trim_from=0 mime_type=null partial_media_enc_hash=null
width=720 original_file_hash=qDsDQwChnQsh1zUjjrcA6eS2tVwWaoc7zLg5mQT0oTA=
has_streaming_sidecar=1 autotransfer_retry_enabled=0 media_upload_handle=null
message_row_id=31512 multicast_id=null
enc_file_hash=8+iNE4abGlVH6W0S1xUDqNtHzrHxRVMy41lLWpqpNdE= mute_video=0
page_count=0 first_scan_sidecar=null suspicious_content=0 file_length=67691
media_name=1b720f07-a77f-49c5-8163-fe8292956ce9.jpg media_duration=0
chat_row_id=1316 media_key=[B@aaae04c
04-08 14:11:44.989 11117 11228 E SQLiteDatabase:
android.database.sqlite.SQLiteConstraintException: UNIQUE constraint failed:
message_media.message_row_id (code 1555 SQLITE_CONSTRAINT_PRIMARYKEY)
04-08 14:11:44.989 11117 11228 E SQLiteDatabase: at
android.database.sqlite.SQLiteConnection.nativeExecuteForLastInsertedRowId(Native
Method)
04-08 14:11:44.989 11117 11228 E SQLiteDatabase: at
android.database.sqlite.SQLiteConnection.executeForLastInsertedRowId(SQLiteConnecti
on.java:938)
04-08 14:11:44.989 11117 11228 E SQLiteDatabase: at
android.database.sqlite.SQLiteSession.executeForLastInsertedRowId(SQLiteSession.jav
a:790)
04-08 14:11:44.989 11117 11228 E SQLiteDatabase: at
android.database.sqlite.SQLiteStatement.executeInsert(SQLiteStatement.java:88)
04-08 14:11:44.989 11117 11228 E SQLiteDatabase: at
android.database.sqlite.SQLiteDatabase.insertWithOnConflict(SQLiteDatabase.java:170
1)
04-08 14:11:44.989 11117 11228 E SQLiteDatabase: at
android.database.sqlite.SQLiteDatabase.insert(SQLiteDatabase.java:1570)
04-08 14:11:44.989 11117 11228 E SQLiteDatabase: at X.2tm.A08(Unknown
Source:6)
04-08 14:11:44.989 11117 11228 E SQLiteDatabase: at X.35Y.A07(Unknown
Source:212)
04-08 14:11:44.989 11117 11228 E SQLiteDatabase: at X.3QF.A14(Unknown
Source:470)
04-08 14:11:44.989 11117 11228 E SQLiteDatabase: at X.3gU.run(Unknown
Source:982)
04-08 14:11:44.989 11117 11228 E SQLiteDatabase: at
android.os.Handler.handleCallback(Handler.java:938)
04-08 14:11:44.989 11117 11228 E SQLiteDatabase: at
android.os.Handler.dispatchMessage(Handler.java:99)
04-08 14:11:44.989 11117 11228 E SQLiteDatabase: at
X.0zq.dispatchMessage(Unknown Source:4)
04-08 14:11:44.989 11117 11228 E SQLiteDatabase: at
android.os.Looper.loop(Looper.java:240)
04-08 14:11:44.989 11117 11228 E SQLiteDatabase: at
android.os.HandlerThread.run(HandlerThread.java:67)
04-08 14:11:44.999 11117 11117 E ArmVmp : Match on catch block at 0xc3 in for 0xa9
04-08 14:11:45.002 11117 11117 E ArmVmp : Match on catch block at 0xc3 in for 0xa1
04-08 14:11:45.018 11117 11117 E ArmVmp : Match on catch block at 0xc3 in for 0xa1
04-08 14:11:45.020 11117 11117 E ArmVmp : Match on catch block at 0xc3 in for 0xa5
04-08 14:11:45.033 11117 11117 E ArmVmp : Match on catch block at 0xc3 in for 0xa9
04-08 14:11:45.035 11117 11117 E ArmVmp : Match on catch block at 0xc3 in for 0xa1
04-08 14:11:45.049 11117 11117 E ArmVmp : Match on catch block at 0xc3 in for 0xa9
04-08 14:11:45.051 11117 11117 E ArmVmp : Match on catch block at 0xc3 in for 0xa1
04-08 14:11:45.116 11117 11117 E ArmVmp : Match on catch block at 0xc3 in for 0xa9
04-08 14:11:45.120 11117 11117 E ArmVmp : Match on catch block at 0xc3 in for 0xa1
04-08 14:11:45.166 11117 11117 E ArmVmp : Match on catch block at 0xc3 in for 0xa9
04-08 14:11:45.169 11117 11117 E ArmVmp : Match on catch block at 0xc3 in for 0xa1
04-08 14:11:45.183 11117 11117 E ArmVmp : Match on catch block at 0xc3 in for 0xa1
04-08 14:11:45.186 11117 11117 E ArmVmp : Match on catch block at 0xc3 in for 0xa5
04-08 14:11:45.200 11117 11117 E ArmVmp : Match on catch block at 0xc3 in for 0xa1
04-08 14:11:45.204 11117 11117 E ArmVmp : Match on catch block at 0xc3 in for 0xa5
04-08 14:11:45.217 11117 11117 E ArmVmp : Match on catch block at 0xc3 in for 0xa1
04-08 14:11:45.221 11117 11117 E ArmVmp : Match on catch block at 0xc3 in for 0xa5
04-08 14:11:45.233 11117 11117 E ArmVmp : Match on catch block at 0xc3 in for 0xa1
04-08 14:11:45.238 11117 11117 E ArmVmp : Match on catch block at 0xc3 in for 0xa5
04-08 14:11:45.255 11117 11117 E ArmVmp : Match on catch block at 0xc3 in for 0xa9
04-08 14:11:45.259 11117 11117 E ArmVmp : Match on catch block at 0xc3 in for 0xa1
04-08 14:11:45.265 11117 13829 W MediaPlayer: Use of stream types is deprecated for
operations other than volume control
04-08 14:11:45.265 11117 13829 W MediaPlayer: See the documentation of
setAudioStreamType() for what to use instead with android.media.AudioAttributes to
qualify your playback use case
04-08 14:11:45.266 11117 11117 E ArmVmp : Match on catch block at 0xc3 in for 0xa9
04-08 14:11:45.270 11117 11117 E ArmVmp : Match on catch block at 0xc3 in for 0xa1
04-08 14:11:45.283 11117 11117 E ArmVmp : Match on catch block at 0xc3 in for 0xa5
04-08 14:11:45.286 11117 11117 E ArmVmp : Match on catch block at 0xc3 in for 0xa9
04-08 14:11:45.300 11117 11117 E ArmVmp : Match on catch block at 0xc3 in for 0xa5
04-08 14:11:45.304 11117 11117 E ArmVmp : Match on catch block at 0xc3 in for 0xa9
04-08 14:11:45.317 11117 11117 E ArmVmp : Match on catch block at 0xc3 in for 0xa5
04-08 14:11:45.322 11117 11117 E ArmVmp : Match on catch block at 0xc3 in for 0xa9
04-08 14:11:45.333 11117 11117 E ArmVmp : Match on catch block at 0xc3 in for 0xa5
04-08 14:11:45.336 11117 11117 E ArmVmp : Match on catch block at 0xc3 in for 0xa9
04-08 14:11:45.350 11117 11117 E ArmVmp : Match on catch block at 0xc3 in for 0xa5
04-08 14:11:45.355 11117 11117 E ArmVmp : Match on catch block at 0xc3 in for 0xa9
04-08 14:11:45.367 11117 11117 E ArmVmp : Match on catch block at 0xc3 in for 0xa5
04-08 14:11:45.376 11117 11117 E ArmVmp : Match on catch block at 0xc3 in for 0xa9
04-08 14:11:45.383 11117 11117 E ArmVmp : Match on catch block at 0xc3 in for 0xa5
04-08 14:11:45.387 11117 11117 E ArmVmp : Match on catch block at 0xc3 in for 0xa9
04-08 14:11:45.400 11117 11117 E ArmVmp : Match on catch block at 0xc3 in for 0xa5
04-08 14:11:45.404 11117 11117 E ArmVmp : Match on catch block at 0xc3 in for 0xa9
04-08 14:11:45.417 11117 11117 E ArmVmp : Match on catch block at 0xc3 in for 0xa5
04-08 14:11:45.420 11117 11117 E ArmVmp : Match on catch block at 0xc3 in for 0xa9
04-08 14:11:45.434 11117 11117 E ArmVmp : Match on catch block at 0xc3 in for 0xa5
04-08 14:11:45.436 11117 11117 E ArmVmp : Match on catch block at 0xc3 in for 0xa9
04-08 14:11:45.450 11117 11117 E ArmVmp : Match on catch block at 0xc3 in for 0xa5
04-08 14:11:45.454 11117 11117 E ArmVmp : Match on catch block at 0xc3 in for 0xa9
04-08 14:11:45.467 11117 11117 E ArmVmp : Match on catch block at 0xc3 in for 0xa5
04-08 14:11:45.470 11117 11117 E ArmVmp : Match on catch block at 0xc3 in for 0xa9
04-08 14:11:45.484 11117 11117 E ArmVmp : Match on catch block at 0xc3 in for 0xa5
04-08 14:11:45.487 11117 11117 E ArmVmp : Match on catch block at 0xc3 in for 0xa9
04-08 14:11:45.618 11117 11117 E ArmVmp : Match on catch block at 0xc3 in for 0xa1
04-08 14:11:45.622 11117 11117 E ArmVmp : Match on catch block at 0xc3 in for 0xa5
04-08 14:11:46.118 11117 11117 E ArmVmp : Match on catch block at 0xc3 in for 0xa1
04-08 14:11:46.122 11117 11117 E ArmVmp : Match on catch block at 0xc3 in for 0xa5
04-08 14:11:46.619 11117 11117 E ArmVmp : Match on catch block at 0xc3 in for 0xa1
04-08 14:11:46.623 11117 11117 E ArmVmp : Match on catch block at 0xc3 in for 0xa5
04-08 14:11:46.853 11117 11117 E ArmVmp : Match on catch block at 0xc3 in for 0xa1
04-08 14:11:46.857 11117 11117 E ArmVmp : Match on catch block at 0xc3 in for 0xa5
04-08 14:11:46.869 11117 11117 E ArmVmp : Match on catch block at 0xc3 in for 0xa1
04-08 14:11:46.874 11117 11117 E ArmVmp : Match on catch block at 0xc3 in for 0xa5
04-08 14:11:46.886 11117 11117 E ArmVmp : Match on catch block at 0xc3 in for 0xa1
04-08 14:11:46.890 11117 11117 E ArmVmp : Match on catch block at 0xc3 in for 0xa5
04-08 14:11:46.903 11117 11117 E ArmVmp : Match on catch block at 0xc3 in for 0xa1
04-08 14:11:46.907 11117 11117 E ArmVmp : Match on catch block at 0xc3 in for 0xa5
04-08 14:11:46.920 11117 11117 E ArmVmp : Match on catch block at 0xc3 in for 0xa1
04-08 14:11:46.924 11117 11117 E ArmVmp : Match on catch block at 0xc3 in for 0xa5
04-08 14:11:46.936 11117 11117 E ArmVmp : Match on catch block at 0xc3 in for 0xa1
04-08 14:11:46.940 11117 11117 E ArmVmp : Match on catch block at 0xc3 in for 0xa5
04-08 14:11:46.952 11117 11117 E ArmVmp : Match on catch block at 0xc3 in for 0xa1
04-08 14:11:46.957 11117 11117 E ArmVmp : Match on catch block at 0xc3 in for 0xa5
04-08 14:11:46.969 11117 11117 E ArmVmp : Match on catch block at 0xc3 in for 0xa1
04-08 14:11:46.977 11117 11117 E ArmVmp : Match on catch block at 0xc3 in for 0xa5
04-08 14:11:46.986 11117 11117 E ArmVmp : Match on catch block at 0xc3 in for 0xa1
04-08 14:11:46.991 11117 11117 E ArmVmp : Match on catch block at 0xc3 in for 0xa5
04-08 14:11:47.002 11117 11117 E ArmVmp : Match on catch block at 0xc3 in for 0xa1
04-08 14:11:47.007 11117 11117 E ArmVmp : Match on catch block at 0xc3 in for 0xa5
04-08 14:11:47.019 11117 11117 E ArmVmp : Match on catch block at 0xc3 in for 0xa1
04-08 14:11:47.023 11117 11117 E ArmVmp : Match on catch block at 0xc3 in for 0xa5
04-08 14:11:47.036 11117 11117 E ArmVmp : Match on catch block at 0xc3 in for 0xa1
04-08 14:11:47.040 11117 11117 E ArmVmp : Match on catch block at 0xc3 in for 0xa5
04-08 14:11:47.052 11117 11117 E ArmVmp : Match on catch block at 0xc3 in for 0xa1
04-08 14:11:47.057 11117 11117 E ArmVmp : Match on catch block at 0xc3 in for 0xa5
04-08 14:11:47.070 11117 11117 E ArmVmp : Match on catch block at 0xc3 in for 0xa1
04-08 14:11:47.074 11117 11117 E ArmVmp : Match on catch block at 0xc3 in for 0xa5
04-08 14:11:47.085 11117 11117 E ArmVmp : Match on catch block at 0xc3 in for 0xa1
04-08 14:11:47.090 11117 11117 E ArmVmp : Match on catch block at 0xc3 in for 0xa5
04-08 14:11:47.102 11117 11117 E ArmVmp : Match on catch block at 0xc3 in for 0xa1
04-08 14:11:47.107 11117 11117 E ArmVmp : Match on catch block at 0xc3 in for 0xa5
04-08 14:11:47.119 11117 11117 E ArmVmp : Match on catch block at 0xc3 in for 0xa1
04-08 14:11:47.123 11117 11117 E ArmVmp : Match on catch block at 0xc3 in for 0xa5
04-08 14:11:47.639 11117 11117 E ArmVmp : Match on catch block at 0xc3 in for 0xa1
04-08 14:11:47.643 11117 11117 E ArmVmp : Match on catch block at 0xc3 in for 0xa5
04-08 14:11:47.921 11117 13816 W libEGL : EGLNativeWindowType 0xb400007cc2638490
disconnect failed
04-08 14:11:47.942 11117 13816 W libEGL : EGLNativeWindowType 0xb400007cc2638490
disconnect failed
04-08 14:11:47.965 11117 13816 W libEGL : EGLNativeWindowType 0xb400007cc2638490
disconnect failed
04-08 14:11:47.987 11117 13816 W libEGL : EGLNativeWindowType 0xb400007cc2638490
disconnect failed
04-08 14:11:48.005 11117 13816 W libEGL : EGLNativeWindowType 0xb400007cc2638490
disconnect failed
04-08 14:11:48.024 11117 13816 W libEGL : EGLNativeWindowType 0xb400007cc2638490
disconnect failed
04-08 14:11:48.044 11117 13816 W libEGL : EGLNativeWindowType 0xb400007cc2638490
disconnect failed
04-08 14:11:48.069 11117 13816 W libEGL : EGLNativeWindowType 0xb400007cc2638490
disconnect failed
04-08 14:11:48.139 11117 11117 E ArmVmp : Match on catch block at 0xc3 in for 0xa1
04-08 14:11:48.144 11117 11117 E ArmVmp : Match on catch block at 0xc3 in for 0xa5
04-08 14:11:48.637 11117 11117 E ArmVmp : Match on catch block at 0xc3 in for 0xa5
04-08 14:11:48.641 11117 11117 E ArmVmp : Match on catch block at 0xc3 in for 0xa9
04-08 14:11:49.138 11117 11117 E ArmVmp : Match on catch block at 0xc3 in for 0xa5
04-08 14:11:49.143 11117 11117 E ArmVmp : Match on catch block at 0xc3 in for 0xa9
04-08 14:11:49.596 11117 11117 E ArmVmp : Match on catch block at 0xc3 in for 0xa1
04-08 14:11:49.598 11117 11117 E ArmVmp : Match on catch block at 0xc3 in for 0xa5
04-08 14:11:49.616 11117 13816 E FrameEvents: updateAcquireFence: Did not find
frame.
04-08 14:11:49.617 11117 13816 E BufferQueueProducer: [ImageReader-
720x1600f1u256m2-11117-3](id:2b6d0000000f,api:0,p:-1,c:11117) disconnect: not
connected (req=1)
04-08 14:11:49.617 11117 13816 W libEGL : EGLNativeWindowType 0xb400007cc27e6530
disconnect failed
04-08 14:11:49.715 11117 11117 E ArmVmp : Match on catch block at 0xc3 in for 0xa1
04-08 14:11:49.718 11117 11117 E ArmVmp : Match on catch block at 0xc3 in for 0xa5
04-08 14:11:49.733 11117 11117 E ArmVmp : Match on catch block at 0xc3 in for 0xa1
04-08 14:11:49.737 11117 11117 E ArmVmp : Match on catch block at 0xc3 in for 0xa5
04-08 14:11:49.805 11117 11117 E ArmVmp : Match on catch block at 0xc3 in for 0xa1
04-08 14:11:49.808 11117 11117 E ArmVmp : Match on catch block at 0xc3 in for 0xa5
04-08 14:11:53.295 11117 13816 E FrameEvents: updateAcquireFence: Did not find
frame.
04-08 14:11:53.298 11117 13816 E BufferQueueProducer: [ImageReader-
720x1600f1u256m2-11117-4](id:2b6d00000010,api:0,p:-1,c:11117) disconnect: not
connected (req=1)
04-08 14:11:53.298 11117 13816 W libEGL : EGLNativeWindowType 0xb400007cc2912800
disconnect failed
04-08 14:11:53.303 11117 11117 E ArmVmp : Match on catch block at 0xc3 in for 0xa1
04-08 14:11:53.308 11117 11117 E ArmVmp : Match on catch block at 0xc3 in for 0xa5
04-08 14:11:53.315 11117 11117 E ArmVmp : Match on catch block at 0xc3 in for 0xa1
04-08 14:11:53.318 11117 11117 E ArmVmp : Match on catch block at 0xc3 in for 0xa5
04-08 14:11:53.475 11117 11117 E ArmVmp : Match on catch block at 0xc3 in for 0xa1
04-08 14:11:53.479 11117 11117 E ArmVmp : Match on catch block at 0xc3 in for 0xa5
04-08 14:11:53.499 11117 11117 E ArmVmp : Match on catch block at 0xc3 in for 0xa1
04-08 14:11:53.501 11117 11117 E ArmVmp : Match on catch block at 0xc3 in for 0xa5
04-08 14:11:53.516 11117 11117 E ArmVmp : Match on catch block at 0xc3 in for 0xa1
04-08 14:11:53.518 11117 11117 E ArmVmp : Match on catch block at 0xc3 in for 0xa5
04-08 14:11:53.597 11117 13816 W libEGL : EGLNativeWindowType 0xb400007cc27e6530
disconnect failed
04-08 14:11:53.622 11117 11117 E ArmVmp : Match on catch block at 0xc3 in for 0xa5
04-08 14:11:53.624 11117 11117 E ArmVmp : Match on catch block at 0xc3 in for 0xa9
04-08 14:11:53.654 11117 11117 E ArmVmp : Match on catch block at 0xc3 in for 0xa5
04-08 14:11:53.656 11117 11117 E ArmVmp : Match on catch block at 0xc3 in for 0xa9
04-08 14:11:53.662 11117 11117 E ArmVmp : Match on catch block at 0xc3 in for 0xa5
04-08 14:11:53.666 11117 11117 E ArmVmp : Match on catch block at 0xc3 in for 0xa9
04-08 14:11:54.142 11117 11117 E ArmVmp : Match on catch block at 0xc3 in for 0xa5
04-08 14:11:54.145 11117 11117 E ArmVmp : Match on catch block at 0xc3 in for 0xa9
04-08 14:11:54.642 11117 11117 E ArmVmp : Match on catch block at 0xc3 in for 0xa5
04-08 14:11:54.645 11117 11117 E ArmVmp : Match on catch block at 0xc3 in for 0xa9
04-08 14:11:55.144 11117 11117 E ArmVmp : Match on catch block at 0xc3 in for 0xa5
04-08 14:11:55.148 11117 11117 E ArmVmp : Match on catch block at 0xc3 in for 0xa9
04-08 14:11:55.227 11117 11117 E ArmVmp : Match on catch block at 0xc3 in for 0xa5
04-08 14:11:55.231 11117 11117 E ArmVmp : Match on catch block at 0xc3 in for 0xa9
04-08 14:11:55.244 11117 11117 E ArmVmp : Match on catch block at 0xc3 in for 0xa1
04-08 14:11:55.247 11117 11117 E ArmVmp : Match on catch block at 0xc3 in for 0xa5
04-08 14:11:55.260 11117 11117 E ArmVmp : Match on catch block at 0xc3 in for 0xa1
04-08 14:11:55.263 11117 11117 E ArmVmp : Match on catch block at 0xc3 in for 0xa5
04-08 14:11:55.276 11117 11117 E ArmVmp : Match on catch block at 0xc3 in for 0xa1
04-08 14:11:55.280 11117 11117 E ArmVmp : Match on catch block at 0xc3 in for 0xa5
04-08 14:11:55.293 11117 11117 E ArmVmp : Match on catch block at 0xc3 in for 0xa1
04-08 14:11:55.296 11117 11117 E ArmVmp : Match on catch block at 0xc3 in for 0xa5
04-08 14:11:55.311 11117 11117 E ArmVmp : Match on catch block at 0xc3 in for 0xa1
04-08 14:11:55.315 11117 11117 E ArmVmp : Match on catch block at 0xc3 in for 0xa5
04-08 14:11:55.337 11117 11117 E ArmVmp : Match on catch block at 0xc3 in for 0xa1
04-08 14:11:55.340 11117 11117 E ArmVmp : Match on catch block at 0xc3 in for 0xa5
04-08 14:11:55.347 11117 11117 E ArmVmp : Match on catch block at 0xc3 in for 0xa5
04-08 14:11:55.350 11117 11117 E ArmVmp : Match on catch block at 0xc3 in for 0xa9
04-08 14:11:55.361 11117 11117 E ArmVmp : Match on catch block at 0xc3 in for 0xa9
04-08 14:11:55.365 11117 11117 E ArmVmp : Match on catch block at 0xc3 in for 0xa1
04-08 14:11:55.377 11117 11117 E ArmVmp : Match on catch block at 0xc3 in for 0xa1
04-08 14:11:55.380 11117 11117 E ArmVmp : Match on catch block at 0xc3 in for 0xa5
04-08 14:11:55.394 11117 11117 E ArmVmp : Match on catch block at 0xc3 in for 0xa5
04-08 14:11:55.397 11117 11117 E ArmVmp : Match on catch block at 0xc3 in for 0xa9
04-08 14:11:55.410 11117 11117 E ArmVmp : Match on catch block at 0xc3 in for 0xa9
04-08 14:11:55.413 11117 11117 E ArmVmp : Match on catch block at 0xc3 in for 0xa1
04-08 14:11:55.427 11117 11117 E ArmVmp : Match on catch block at 0xc3 in for 0xa1
04-08 14:11:55.430 11117 11117 E ArmVmp : Match on catch block at 0xc3 in for 0xa5
04-08 14:11:55.444 11117 11117 E ArmVmp : Match on catch block at 0xc3 in for 0xa5
04-08 14:11:55.447 11117 11117 E ArmVmp : Match on catch block at 0xc3 in for 0xa9
04-08 14:11:55.461 11117 11117 E ArmVmp : Match on catch block at 0xc3 in for 0xa1
04-08 14:11:55.465 11117 11117 E ArmVmp : Match on catch block at 0xc3 in for 0xa5
04-08 14:11:55.478 11117 11117 E ArmVmp : Match on catch block at 0xc3 in for 0xa9
04-08 14:11:55.482 11117 11117 E ArmVmp : Match on catch block at 0xc3 in for 0xa1
04-08 14:11:55.495 11117 11117 E ArmVmp : Match on catch block at 0xc3 in for 0xa5
04-08 14:11:55.498 11117 11117 E ArmVmp : Match on catch block at 0xc3 in for 0xa9
04-08 14:11:55.511 11117 11117 E ArmVmp : Match on catch block at 0xc3 in for 0xa1
04-08 14:11:55.515 11117 11117 E ArmVmp : Match on catch block at 0xc3 in for 0xa5
04-08 14:11:55.528 11117 11117 E ArmVmp : Match on catch block at 0xc3 in for 0xa9
04-08 14:11:55.532 11117 11117 E ArmVmp : Match on catch block at 0xc3 in for 0xa1
04-08 14:11:55.544 11117 11117 E ArmVmp : Match on catch block at 0xc3 in for 0xa5
04-08 14:11:55.548 11117 11117 E ArmVmp : Match on catch block at 0xc3 in for 0xa9
04-08 14:11:55.561 11117 11117 E ArmVmp : Match on catch block at 0xc3 in for 0xa1
04-08 14:11:55.565 11117 11117 E ArmVmp : Match on catch block at 0xc3 in for 0xa5
04-08 14:11:55.579 11117 11117 E ArmVmp : Match on catch block at 0xc3 in for 0xa9
04-08 14:11:55.583 11117 11117 E ArmVmp : Match on catch block at 0xc3 in for 0xa1
04-08 14:11:55.594 11117 11117 E ArmVmp : Match on catch block at 0xc3 in for 0xa5
04-08 14:11:55.599 11117 11117 E ArmVmp : Match on catch block at 0xc3 in for 0xa9
04-08 14:11:55.611 11117 11117 E ArmVmp : Match on catch block at 0xc3 in for 0xa1
04-08 14:11:55.615 11117 11117 E ArmVmp : Match on catch block at 0xc3 in for 0xa5
04-08 14:11:55.627 11117 11117 E ArmVmp : Match on catch block at 0xc3 in for 0xa9
04-08 14:11:55.632 11117 11117 E ArmVmp : Match on catch block at 0xc3 in for 0xa1
04-08 14:11:55.645 11117 11117 E ArmVmp : Match on catch block at 0xc3 in for 0xa5
04-08 14:11:55.649 11117 11117 E ArmVmp : Match on catch block at 0xc3 in for 0xa9
04-08 14:11:55.661 11117 11117 E ArmVmp : Match on catch block at 0xc3 in for 0xa1
04-08 14:11:55.666 11117 11117 E ArmVmp : Match on catch block at 0xc3 in for 0xa5
04-08 14:11:55.678 11117 11117 E ArmVmp : Match on catch block at 0xc3 in for 0xa9
04-08 14:11:55.682 11117 11117 E ArmVmp : Match on catch block at 0xc3 in for 0xa1
04-08 14:11:55.694 11117 11117 E ArmVmp : Match on catch block at 0xc3 in for 0xa5
04-08 14:11:55.699 11117 11117 E ArmVmp : Match on catch block at 0xc3 in for 0xa9
04-08 14:11:55.711 11117 11117 E ArmVmp : Match on catch block at 0xc3 in for 0xa1
04-08 14:11:55.715 11117 11117 E ArmVmp : Match on catch block at 0xc3 in for 0xa5
04-08 14:11:55.728 11117 11117 E ArmVmp : Match on catch block at 0xc3 in for 0xa9
04-08 14:11:55.732 11117 11117 E ArmVmp : Match on catch block at 0xc3 in for 0xa1
04-08 14:11:55.745 11117 11117 E ArmVmp : Match on catch block at 0xc3 in for 0xa5
04-08 14:11:55.749 11117 11117 E ArmVmp : Match on catch block at 0xc3 in for 0xa9
04-08 14:11:55.761 11117 11117 E ArmVmp : Match on catch block at 0xc3 in for 0xa1
04-08 14:11:55.765 11117 11117 E ArmVmp : Match on catch block at 0xc3 in for 0xa5
04-08 14:11:55.778 11117 11117 E ArmVmp : Match on catch block at 0xc3 in for 0xa9
04-08 14:11:55.782 11117 11117 E ArmVmp : Match on catch block at 0xc3 in for 0xa1
04-08 14:11:55.794 11117 11117 E ArmVmp : Match on catch block at 0xc3 in for 0xa5
04-08 14:11:55.799 11117 11117 E ArmVmp : Match on catch block at 0xc3 in for 0xa9
04-08 14:11:55.812 11117 11117 E ArmVmp : Match on catch block at 0xc3 in for 0xa1
04-08 14:11:55.815 11117 11117 E ArmVmp : Match on catch block at 0xc3 in for 0xa5
04-08 14:11:55.828 11117 11117 E ArmVmp : Match on catch block at 0xc3 in for 0xa9
04-08 14:11:55.831 11117 11117 E ArmVmp : Match on catch block at 0xc3 in for 0xa1
04-08 14:11:55.845 11117 11117 E ArmVmp : Match on catch block at 0xc3 in for 0xa5
04-08 14:11:55.849 11117 11117 E ArmVmp : Match on catch block at 0xc3 in for 0xa9
04-08 14:11:55.861 11117 11117 E ArmVmp : Match on catch block at 0xc3 in for 0xa1
04-08 14:11:55.864 11117 11117 E ArmVmp : Match on catch block at 0xc3 in for 0xa5
04-08 14:11:55.879 11117 11117 E ArmVmp : Match on catch block at 0xc3 in for 0xa9
04-08 14:11:55.883 11117 11117 E ArmVmp : Match on catch block at 0xc3 in for 0xa1
04-08 14:11:55.895 11117 11117 E ArmVmp : Match on catch block at 0xc3 in for 0xa5
04-08 14:11:55.899 11117 11117 E ArmVmp : Match on catch block at 0xc3 in for 0xa9
04-08 14:11:55.911 11117 11117 E ArmVmp : Match on catch block at 0xc3 in for 0xa9
04-08 14:11:55.915 11117 11117 E ArmVmp : Match on catch block at 0xc3 in for 0xa1
04-08 14:11:56.144 11117 11117 E ArmVmp : Match on catch block at 0xc3 in for 0xa1
04-08 14:11:56.148 11117 11117 E ArmVmp : Match on catch block at 0xc3 in for 0xa5
04-08 14:11:56.312 11117 11117 E ArmVmp : Match on catch block at 0xc3 in for 0xa5
04-08 14:11:56.316 11117 11117 E ArmVmp : Match on catch block at 0xc3 in for 0xa9
04-08 14:11:56.328 11117 11117 E ArmVmp : Match on catch block at 0xc3 in for 0xa9
04-08 14:11:56.332 11117 11117 E ArmVmp : Match on catch block at 0xc3 in for 0xa1
04-08 14:11:56.345 11117 11117 E ArmVmp : Match on catch block at 0xc3 in for 0xa1
04-08 14:11:56.349 11117 11117 E ArmVmp : Match on catch block at 0xc3 in for 0xa5
04-08 14:11:56.361 11117 11117 E ArmVmp : Match on catch block at 0xc3 in for 0xa5
04-08 14:11:56.366 11117 11117 E ArmVmp : Match on catch block at 0xc3 in for 0xa9
04-08 14:11:56.378 11117 11117 E ArmVmp : Match on catch block at 0xc3 in for 0xa9
04-08 14:11:56.383 11117 11117 E ArmVmp : Match on catch block at 0xc3 in for 0xa1
04-08 14:11:56.395 11117 11117 E ArmVmp : Match on catch block at 0xc3 in for 0xa1
04-08 14:11:56.402 11117 11117 E ArmVmp : Match on catch block at 0xc3 in for 0xa5
04-08 14:11:56.412 11117 11117 E ArmVmp : Match on catch block at 0xc3 in for 0xa5
04-08 14:11:56.417 11117 11117 E ArmVmp : Match on catch block at 0xc3 in for 0xa9
04-08 14:11:56.429 11117 11117 E ArmVmp : Match on catch block at 0xc3 in for 0xa5
04-08 14:11:56.433 11117 11117 E ArmVmp : Match on catch block at 0xc3 in for 0xa9
04-08 14:11:56.444 11117 11117 E ArmVmp : Match on catch block at 0xc3 in for 0xa9
04-08 14:11:56.451 11117 11117 E ArmVmp : Match on catch block at 0xc3 in for 0xa1
04-08 14:11:56.462 11117 11117 E ArmVmp : Match on catch block at 0xc3 in for 0xa1
04-08 14:11:56.466 11117 11117 E ArmVmp : Match on catch block at 0xc3 in for 0xa5
04-08 14:11:56.479 11117 11117 E ArmVmp : Match on catch block at 0xc3 in for 0xa5
04-08 14:11:56.484 11117 11117 E ArmVmp : Match on catch block at 0xc3 in for 0xa9
04-08 14:11:56.495 11117 11117 E ArmVmp : Match on catch block at 0xc3 in for 0xa1
04-08 14:11:56.499 11117 11117 E ArmVmp : Match on catch block at 0xc3 in for 0xa5
04-08 14:11:56.529 11117 11117 E ArmVmp : Match on catch block at 0xc3 in for 0xa1
04-08 14:11:56.531 11117 11117 E ArmVmp : Match on catch block at 0xc3 in for 0xa5
04-08 14:11:56.542 11117 13816 E FrameEvents: updateAcquireFence: Did not find
frame.
04-08 14:11:56.542 11117 13816 E BufferQueueProducer: [ImageReader-61x61f1u256m2-
11117-5](id:2b6d00000011,api:0,p:-1,c:11117) disconnect: not connected (req=1)
04-08 14:11:56.542 11117 13816 W libEGL : EGLNativeWindowType 0xb400007cc291b040
disconnect failed
04-08 14:11:56.553 11117 11117 E ArmVmp : Match on catch block at 0xc3 in for 0xa5
04-08 14:11:56.555 11117 11117 E ArmVmp : Match on catch block at 0xc3 in for 0xa9
04-08 14:11:56.734 11117 11117 W ResourceType: Bad XML block: header size 18254 or
total size 169478669 is larger than data size 231
04-08 14:11:56.737 11117 11117 W ResourceType: Bad XML block: header size 18254 or
total size 169478669 is larger than data size 431
04-08 14:11:56.748 11117 11117 W ResourceType: Bad XML block: header size 18254 or
total size 169478669 is larger than data size 376
04-08 14:11:56.751 11117 11117 W ResourceType: Bad XML block: header size 18254 or
total size 169478669 is larger than data size 168
04-08 14:11:56.758 11117 11117 W ResourceType: Bad XML block: header size 18254 or
total size 169478669 is larger than data size 571
04-08 14:11:56.765 11117 11117 W ResourceType: Bad XML block: header size 18254 or
total size 169478669 is larger than data size 193
04-08 14:11:56.768 11117 11117 W ResourceType: Bad XML block: header size 18254 or
total size 169478669 is larger than data size 363
04-08 14:11:56.772 11117 11117 W ResourceType: Bad XML block: header size 18254 or
total size 169478669 is larger than data size 630
04-08 14:11:56.775 11117 11117 W ResourceType: Bad XML block: header size 18254 or
total size 169478669 is larger than data size 313
04-08 14:11:56.778 11117 11117 W ResourceType: Bad XML block: header size 18254 or
total size 169478669 is larger than data size 630
04-08 14:11:56.781 11117 11117 W ResourceType: Bad XML block: header size 18254 or
total size 169478669 is larger than data size 457
04-08 14:11:56.784 11117 11117 W ResourceType: Bad XML block: header size 18254 or
total size 169478669 is larger than data size 343
04-08 14:11:56.830 11117 11117 W ResourceType: Bad XML block: header size 18254 or
total size 169478669 is larger than data size 325
04-08 14:11:56.833 11117 11117 W ResourceType: Bad XML block: header size 18254 or
total size 169478669 is larger than data size 293
04-08 14:11:56.847 11117 11117 W SQLiteLog: (28) double-quoted string literal:
"1316"
04-08 14:11:56.847 11117 11117 W SQLiteLog: (28) double-quoted string literal:
"1316"
04-08 14:11:56.896 11117 11117 W ResourceType: Bad XML block: header size 18254 or
total size 169478669 is larger than data size 325
04-08 14:11:56.943 11117 11117 E ArmVmp : Match on catch block at 0xc3 in for 0xa5
04-08 14:11:56.945 11117 11117 E ArmVmp : Match on catch block at 0xc3 in for 0xa9
04-08 14:11:56.952 11117 11117 W ResourceType: Bad XML block: header size 18254 or
total size 169478669 is larger than data size 547
04-08 14:11:56.977 11117 11117 E ArmVmp : Match on catch block at 0xc3 in for 0xa9
04-08 14:11:56.979 11117 11117 E ArmVmp : Match on catch block at 0xc3 in for 0xa1
04-08 14:11:57.130 11117 11117 E ArmVmp : Match on catch block at 0xc3 in for 0xa9
04-08 14:11:57.135 11117 11117 E ArmVmp : Match on catch block at 0xc3 in for 0xa1
04-08 14:11:57.189 11117 11117 E ArmVmp : Match on catch block at 0xc3 in for 0xa5
04-08 14:11:57.191 11117 11117 E ArmVmp : Match on catch block at 0xc3 in for 0xa9
04-08 14:11:57.212 11117 11117 E ArmVmp : Match on catch block at 0xc3 in for 0xa9
04-08 14:11:57.214 11117 11117 E ArmVmp : Match on catch block at 0xc3 in for 0xa1
04-08 14:11:57.242 11117 13816 W libEGL : EGLNativeWindowType 0xb400007cc2762550
disconnect failed
04-08 14:11:57.251 11117 11117 E ArmVmp : Match on catch block at 0xc3 in for 0xa1
04-08 14:11:57.253 11117 11117 E ArmVmp : Match on catch block at 0xc3 in for 0xa5
04-08 14:11:57.272 11117 11131 W System : A resource failed to call release.
04-08 14:11:57.272 11117 11131 W System : A resource failed to call close.
04-08 14:11:57.272 11117 11131 W System : A resource failed to call close.
04-08 14:11:57.538 11117 13816 W libEGL : EGLNativeWindowType 0xb400007cc2638490
disconnect failed
04-08 14:12:00.124 11117 11117 W View : requestLayout() improperly called by
com.mbwhatsapp.TextEmojiLabel{91d2c3e VFED..C.. ......ID 0,0-185,53 #7f0b06ab
app:id/conversation_contact_name} during layout: running second layout pass
04-08 14:12:00.158 11117 11117 W View : requestLayout() improperly called by
com.mbwhatsapp.TextEmojiLabel{91d2c3e VFED..C.. ......ID 0,0-185,53 #7f0b06ab
app:id/conversation_contact_name} during layout: running second layout pass
04-08 14:12:00.513 11117 11117 W View : requestLayout() improperly called by
com.mbwhatsapp.TextEmojiLabel{91d2c3e VFED..C.. ......ID 0,0-185,53 #7f0b06ab
app:id/conversation_contact_name} during layout: running second layout pass
04-08 14:12:01.214 11117 11117 W View : requestLayout() improperly called by
com.mbwhatsapp.TextEmojiLabel{91d2c3e VFED..C.. ......ID 0,0-185,53 #7f0b06ab
app:id/conversation_contact_name} during layout: running second layout pass
04-08 14:12:01.247 11117 11117 W View : requestLayout() improperly called by
com.mbwhatsapp.TextEmojiLabel{91d2c3e VFED..C.. ......ID 0,0-185,53 #7f0b06ab
app:id/conversation_contact_name} during layout: running second layout pass
04-08 14:12:01.824 11117 11117 W View : requestLayout() improperly called by
com.mbwhatsapp.TextEmojiLabel{91d2c3e VFED..C.. ......ID 0,0-185,53 #7f0b06ab
app:id/conversation_contact_name} during layout: running second layout pass
04-08 14:12:02.172 11117 11117 W View : requestLayout() improperly called by
com.mbwhatsapp.TextEmojiLabel{91d2c3e VFED..C.. ......ID 0,0-185,53 #7f0b06ab
app:id/conversation_contact_name} during layout: running second layout pass
04-08 14:12:05.780 11117 11117 W View : requestLayout() improperly called by
com.mbwhatsapp.TextEmojiLabel{91d2c3e VFED..C.. ......ID 0,0-185,53 #7f0b06ab
app:id/conversation_contact_name} during layout: running second layout pass
04-08 14:12:05.849 11117 11117 W View : requestLayout() improperly called by
com.mbwhatsapp.TextEmojiLabel{91d2c3e VFED..C.. ......ID 0,0-185,53 #7f0b06ab
app:id/conversation_contact_name} during layout: running second layout pass
04-08 14:12:06.193 11117 11117 W View : requestLayout() improperly called by
com.mbwhatsapp.TextEmojiLabel{91d2c3e VFED..C.. ......ID 0,0-185,53 #7f0b06ab
app:id/conversation_contact_name} during layout: running second layout pass
04-08 14:12:07.499 11117 11117 E ArmVmp : Match on catch block at 0x0a in for 0xc1
04-08 14:12:07.502 11117 11117 E ArmVmp : Match on catch block at 0x0a in for 0xc9
04-08 14:12:07.546 11117 11117 E ArmVmp : Match on catch block at 0xc3 in for 0xa5
04-08 14:12:07.548 11117 11117 E ArmVmp : Match on catch block at 0xc3 in for 0xa9
04-08 14:12:07.553 11117 13816 E FrameEvents: updateAcquireFence: Did not find
frame.
04-08 14:12:07.554 11117 13816 E BufferQueueProducer: [ImageReader-61x61f1u256m2-
11117-6](id:2b6d00000012,api:0,p:-1,c:11117) disconnect: not connected (req=1)
04-08 14:12:07.554 11117 13816 W libEGL : EGLNativeWindowType 0xb400007cc27b55c0
disconnect failed
04-08 14:12:07.557 11117 11117 E ArmVmp : Match on catch block at 0xc3 in for 0xa1
04-08 14:12:07.559 11117 11117 E ArmVmp : Match on catch block at 0xc3 in for 0xa5
04-08 14:12:07.586 11117 11117 E ArmVmp : Match on catch block at 0xc3 in for 0xa9
04-08 14:12:07.589 11117 11117 E ArmVmp : Match on catch block at 0xc3 in for 0xa1
04-08 14:12:07.905 11117 11117 E ArmVmp : Match on catch block at 0xc3 in for 0xa1
04-08 14:12:07.909 11117 11117 E ArmVmp : Match on catch block at 0xc3 in for 0xa5
04-08 14:12:07.928 11117 11117 E ArmVmp : Match on catch block at 0xc3 in for 0xa9
04-08 14:12:07.930 11117 11117 E ArmVmp : Match on catch block at 0xc3 in for 0xa1
04-08 14:12:07.944 11117 11117 E ArmVmp : Match on catch block at 0xc3 in for 0xa1
04-08 14:12:07.947 11117 11117 E ArmVmp : Match on catch block at 0xc3 in for 0xa5
04-08 14:12:08.018 11117 13816 W libEGL : EGLNativeWindowType 0xb400007cc291b040
disconnect failed
04-08 14:12:08.040 11117 11117 E ArmVmp : Match on catch block at 0xc3 in for 0xa9
04-08 14:12:08.044 11117 11117 E ArmVmp : Match on catch block at 0xc3 in for 0xa1
04-08 14:12:08.066 11117 11117 E ArmVmp : Match on catch block at 0xc3 in for 0xa1
04-08 14:12:08.068 11117 11117 E ArmVmp : Match on catch block at 0xc3 in for 0xa5
04-08 14:12:08.073 11117 11117 E ArmVmp : Match on catch block at 0xc3 in for 0xa5
04-08 14:12:08.076 11117 11117 E ArmVmp : Match on catch block at 0xc3 in for 0xa9
04-08 14:12:08.243 11117 11117 E ArmVmp : Match on catch block at 0xc3 in for 0xa9
04-08 14:12:08.246 11117 11117 E ArmVmp : Match on catch block at 0xc3 in for 0xa1
04-08 14:12:08.256 11117 11117 E ArmVmp : Match on catch block at 0xc3 in for 0xa1
04-08 14:12:08.258 11117 11117 E ArmVmp : Match on catch block at 0xc3 in for 0xa5
04-08 14:12:08.272 11117 11117 E ArmVmp : Match on catch block at 0xc3 in for 0xa5
04-08 14:12:08.274 11117 11117 E ArmVmp : Match on catch block at 0xc3 in for 0xa9
04-08 14:12:08.289 11117 11117 E ArmVmp : Match on catch block at 0xc3 in for 0xa1
04-08 14:12:08.292 11117 11117 E ArmVmp : Match on catch block at 0xc3 in for 0xa5
04-08 14:12:08.305 11117 11117 E ArmVmp : Match on catch block at 0xc3 in for 0xa9
04-08 14:12:08.308 11117 11117 E ArmVmp : Match on catch block at 0xc3 in for 0xa1
04-08 14:12:08.322 11117 11117 E ArmVmp : Match on catch block at 0xc3 in for 0xa5
04-08 14:12:08.326 11117 11117 E ArmVmp : Match on catch block at 0xc3 in for 0xa9
04-08 14:12:08.340 11117 11117 E ArmVmp : Match on catch block at 0xc3 in for 0xa5
04-08 14:12:08.343 11117 11117 E ArmVmp : Match on catch block at 0xc3 in for 0xa9
04-08 14:12:08.355 11117 11117 E ArmVmp : Match on catch block at 0xc3 in for 0xa9
04-08 14:12:08.358 11117 11117 E ArmVmp : Match on catch block at 0xc3 in for 0xa1
04-08 14:12:08.373 11117 11117 E ArmVmp : Match on catch block at 0xc3 in for 0xa1
04-08 14:12:08.375 11117 11117 E ArmVmp : Match on catch block at 0xc3 in for 0xa5
04-08 14:12:08.389 11117 11117 E ArmVmp : Match on catch block at 0xc3 in for 0xa5
04-08 14:12:08.392 11117 11117 E ArmVmp : Match on catch block at 0xc3 in for 0xa9
04-08 14:12:08.405 11117 11117 E ArmVmp : Match on catch block at 0xc3 in for 0xa9
04-08 14:12:08.408 11117 11117 E ArmVmp : Match on catch block at 0xc3 in for 0xa1
04-08 14:12:08.422 11117 11117 E ArmVmp : Match on catch block at 0xc3 in for 0xa1
04-08 14:12:08.425 11117 11117 E ArmVmp : Match on catch block at 0xc3 in for 0xa5
04-08 14:12:08.439 11117 11117 E ArmVmp : Match on catch block at 0xc3 in for 0xa5
04-08 14:12:08.441 11117 11117 E ArmVmp : Match on catch block at 0xc3 in for 0xa9
04-08 14:12:08.456 11117 11117 E ArmVmp : Match on catch block at 0xc3 in for 0xa9
04-08 14:12:08.460 11117 11117 E ArmVmp : Match on catch block at 0xc3 in for 0xa1
04-08 14:12:08.473 11117 11117 E ArmVmp : Match on catch block at 0xc3 in for 0xa1
04-08 14:12:08.476 11117 11117 E ArmVmp : Match on catch block at 0xc3 in for 0xa5
04-08 14:12:08.489 11117 11117 E ArmVmp : Match on catch block at 0xc3 in for 0xa5
04-08 14:12:08.493 11117 11117 E ArmVmp : Match on catch block at 0xc3 in for 0xa9
04-08 14:12:08.506 11117 11117 E ArmVmp : Match on catch block at 0xc3 in for 0xa9
04-08 14:12:08.511 11117 11117 E ArmVmp : Match on catch block at 0xc3 in for 0xa1
04-08 14:12:08.523 11117 11117 E ArmVmp : Match on catch block at 0xc3 in for 0xa1
04-08 14:12:08.528 11117 11117 E ArmVmp : Match on catch block at 0xc3 in for 0xa5
04-08 14:12:08.539 11117 11117 E ArmVmp : Match on catch block at 0xc3 in for 0xa5
04-08 14:12:08.543 11117 11117 E ArmVmp : Match on catch block at 0xc3 in for 0xa9
04-08 14:12:08.556 11117 11117 E ArmVmp : Match on catch block at 0xc3 in for 0xa9
04-08 14:12:08.560 11117 11117 E ArmVmp : Match on catch block at 0xc3 in for 0xa1
04-08 14:12:08.573 11117 11117 E ArmVmp : Match on catch block at 0xc3 in for 0xa1
04-08 14:12:08.576 11117 11117 E ArmVmp : Match on catch block at 0xc3 in for 0xa5
04-08 14:12:08.590 11117 11117 E ArmVmp : Match on catch block at 0xc3 in for 0xa5
04-08 14:12:08.594 11117 11117 E ArmVmp : Match on catch block at 0xc3 in for 0xa9
04-08 14:12:08.606 11117 11117 E ArmVmp : Match on catch block at 0xc3 in for 0xa9
04-08 14:12:08.610 11117 11117 E ArmVmp : Match on catch block at 0xc3 in for 0xa1
04-08 14:12:08.623 11117 11117 E ArmVmp : Match on catch block at 0xc3 in for 0xa1
04-08 14:12:08.627 11117 11117 E ArmVmp : Match on catch block at 0xc3 in for 0xa5
04-08 14:12:08.982 11117 11117 E ArmVmp : Match on catch block at 0xc3 in for 0xa9
04-08 14:12:08.986 11117 11117 E ArmVmp : Match on catch block at 0xc3 in for 0xa1
04-08 14:12:09.266 11117 11117 E ArmVmp : Match on catch block at 0xc3 in for 0xa1
04-08 14:12:09.269 11117 11117 E ArmVmp : Match on catch block at 0xc3 in for 0xa5
04-08 14:12:09.447 11117 13816 W libEGL : EGLNativeWindowType 0xb400007cc291d250
disconnect failed
04-08 14:12:11.240 11117 13816 W libEGL : EGLNativeWindowType 0xb400007cc2768b80
disconnect failed
04-08 14:12:14.535 11117 11117 E Dialog : show dialog
view=DecorView@ca5184f[CommunityNavigationActivity]
04-08 14:12:16.926 11117 13816 W libEGL : EGLNativeWindowType 0xb400007cc2768b80
disconnect failed
04-08 14:12:18.534 11117 11117 E Dialog : show dialog
view=DecorView@98a2d5c[CommunityNavigationActivity]
04-08 14:12:20.262 11117 13816 W libEGL : EGLNativeWindowType 0xb400007cc2762550
disconnect failed
04-08 14:12:20.745 11117 11117 E Dialog : show dialog
view=DecorView@1d1cb75[CommunityNavigationActivity]
04-08 14:12:22.107 11117 13816 W libEGL : EGLNativeWindowType 0xb400007cc269e790
disconnect failed
04-08 14:12:22.872 11117 11117 E Dialog : show dialog
view=DecorView@c8af382[CommunityNavigationActivity]
04-08 14:12:24.915 11117 13816 W libEGL : EGLNativeWindowType 0xb400007cc2802000
disconnect failed
04-08 14:12:25.337 11117 13816 W libEGL : EGLNativeWindowType 0xb400007cc2802000
disconnect failed
04-08 14:12:25.357 11117 13816 W libEGL : EGLNativeWindowType 0xb400007cc2802000
disconnect failed
04-08 14:12:25.380 11117 13816 W libEGL : EGLNativeWindowType 0xb400007cc2802000
disconnect failed
04-08 14:12:25.401 11117 13816 W libEGL : EGLNativeWindowType 0xb400007cc2802000
disconnect failed
04-08 14:12:25.421 11117 13816 W libEGL : EGLNativeWindowType 0xb400007cc2802000
disconnect failed
04-08 14:12:25.444 11117 13816 W libEGL : EGLNativeWindowType 0xb400007cc2802000
disconnect failed
04-08 14:12:25.464 11117 13816 W libEGL : EGLNativeWindowType 0xb400007cc2802000
disconnect failed
04-08 14:12:25.484 11117 13816 W libEGL : EGLNativeWindowType 0xb400007cc2802000
disconnect failed
04-08 14:12:26.433 11117 11117 E ArmVmp : Match on catch block at 0x0a in for 0xc1
04-08 14:12:26.435 11117 11117 E ArmVmp : Match on catch block at 0x0a in for 0xc9
04-08 14:12:26.594 11117 11117 E ArmVmp : Match on catch block at 0xc3 in for 0xb5
04-08 14:12:26.598 11117 11117 E ArmVmp : Match on catch block at 0xc3 in for 0xb5
04-08 14:12:26.637 11117 11117 E ArmVmp : Match on catch block at 0xc3 in for 0xa5
04-08 14:12:26.640 11117 11117 E ArmVmp : Match on catch block at 0xc3 in for 0xa9
04-08 14:12:26.665 11117 11117 E ArmVmp : Match on catch block at 0xc3 in for 0xa1
04-08 14:12:26.667 11117 11117 E ArmVmp : Match on catch block at 0xc3 in for 0xa5
04-08 14:12:26.688 11117 11117 E ArmVmp : Match on catch block at 0xc3 in for 0xa9
04-08 14:12:26.691 11117 11117 E ArmVmp : Match on catch block at 0xc3 in for 0xa1
04-08 14:12:26.695 11117 11117 E ArmVmp : Match on catch block at 0xc3 in for 0xa1
04-08 14:12:26.697 11117 11117 E ArmVmp : Match on catch block at 0xc3 in for 0xa5
04-08 14:12:26.843 11117 13816 W libEGL : EGLNativeWindowType 0xb400007cc291d250
disconnect failed
04-08 14:12:27.191 11117 11117 E ArmVmp : Match on catch block at 0xc3 in for 0xa5
04-08 14:12:27.194 11117 11117 E ArmVmp : Match on catch block at 0xc3 in for 0xa9
04-08 14:12:27.257 11117 11117 E ArmVmp : Match on catch block at 0xc3 in for 0xa9
04-08 14:12:27.260 11117 11117 E ArmVmp : Match on catch block at 0xc3 in for 0xa1
04-08 14:12:27.274 11117 11117 E ArmVmp : Match on catch block at 0xc3 in for 0xa1
04-08 14:12:27.277 11117 11117 E ArmVmp : Match on catch block at 0xc3 in for 0xa5
04-08 14:12:27.292 11117 11117 E ArmVmp : Match on catch block at 0xc3 in for 0xa5
04-08 14:12:27.295 11117 11117 E ArmVmp : Match on catch block at 0xc3 in for 0xa9
04-08 14:12:27.308 11117 11117 E ArmVmp : Match on catch block at 0xc3 in for 0xa5
04-08 14:12:27.311 11117 11117 E ArmVmp : Match on catch block at 0xc3 in for 0xa9
04-08 14:12:27.324 11117 11117 E ArmVmp : Match on catch block at 0xc3 in for 0xa5
04-08 14:12:27.327 11117 11117 E ArmVmp : Match on catch block at 0xc3 in for 0xa9
04-08 14:12:27.340 11117 11117 E ArmVmp : Match on catch block at 0xc3 in for 0xa1
04-08 14:12:27.345 11117 11117 E ArmVmp : Match on catch block at 0xc3 in for 0xa5
04-08 14:12:27.357 11117 11117 E ArmVmp : Match on catch block at 0xc3 in for 0xa9
04-08 14:12:27.361 11117 11117 E ArmVmp : Match on catch block at 0xc3 in for 0xa1
04-08 14:12:27.374 11117 11117 E ArmVmp : Match on catch block at 0xc3 in for 0xa5
04-08 14:12:27.378 11117 11117 E ArmVmp : Match on catch block at 0xc3 in for 0xa9
04-08 14:12:27.391 11117 11117 E ArmVmp : Match on catch block at 0xc3 in for 0xa1
04-08 14:12:27.395 11117 11117 E ArmVmp : Match on catch block at 0xc3 in for 0xa5
04-08 14:12:27.408 11117 11117 E ArmVmp : Match on catch block at 0xc3 in for 0xa9
