04-08 14:13:12.380 11117 11228 E SQLiteDatabase: at X.3gU.run(Unknown
Source:982)
04-08 14:13:12.380 11117 11228 E SQLiteDatabase: at
android.os.Handler.handleCallback(Handler.java:938)
04-08 14:13:12.380 11117 11228 E SQLiteDatabase: at
android.os.Handler.dispatchMessage(Handler.java:99)
04-08 14:13:12.380 11117 11228 E SQLiteDatabase: at
X.0zq.dispatchMessage(Unknown Source:4)
04-08 14:13:12.380 11117 11228 E SQLiteDatabase: at
android.os.Looper.loop(Looper.java:240)
04-08 14:13:12.380 11117 11228 E SQLiteDatabase: at
android.os.HandlerThread.run(HandlerThread.java:67)
04-08 14:13:12.383 11117 11117 E ArmVmp : Match on catch block at 0xc3 in for 0xa9
04-08 14:13:12.387 11117 11117 E ArmVmp : Match on catch block at 0xc3 in for 0xa1
04-08 14:13:12.388 11117 11117 E ArmVmp : Match on catch block at 0xc3 in for 0xa1
04-08 14:13:12.412 11117 11117 E ArmVmp : Match on catch block at 0xc3 in for 0xa5
04-08 14:13:12.415 11117 11117 E ArmVmp : Match on catch block at 0xc3 in for 0xa9
04-08 14:13:12.417 11117 11117 E ArmVmp : Match on catch block at 0xc3 in for 0xa9
04-08 14:13:12.424 11117 11117 E ArmVmp : Match on catch block at 0xc3 in for 0xa1
04-08 14:13:12.427 11117 11117 E ArmVmp : Match on catch block at 0xc3 in for 0xa5
04-08 14:13:12.428 11117 11117 E ArmVmp : Match on catch block at 0xc3 in for 0xa5
04-08 14:13:12.453 11117 11117 E ArmVmp : Match on catch block at 0xc3 in for 0xa1
04-08 14:13:12.456 11117 11117 E ArmVmp : Match on catch block at 0xc3 in for 0xa5
04-08 14:13:12.458 11117 11117 E ArmVmp : Match on catch block at 0xc3 in for 0xa5
04-08 14:13:12.467 11117 11117 E ArmVmp : Match on catch block at 0xc3 in for 0xa9
04-08 14:13:12.469 11117 11117 E ArmVmp : Match on catch block at 0xc3 in for 0xa1
04-08 14:13:12.471 11117 11117 E ArmVmp : Match on catch block at 0xc3 in for 0xa1
04-08 14:13:12.868 11117 11117 E ArmVmp : Match on catch block at 0xc3 in for 0xa1
04-08 14:13:12.871 11117 11117 E ArmVmp : Match on catch block at 0xc3 in for 0xa5
04-08 14:13:12.873 11117 11117 E ArmVmp : Match on catch block at 0xc3 in for 0xa5
04-08 14:13:13.367 11117 11117 E ArmVmp : Match on catch block at 0xc3 in for 0xa9
04-08 14:13:13.372 11117 11117 E ArmVmp : Match on catch block at 0xc3 in for 0xa1
04-08 14:13:13.374 11117 11117 E ArmVmp : Match on catch block at 0xc3 in for 0xa1
04-08 14:13:13.576 11117 11117 E ArmVmp : Match on catch block at 0xc3 in for 0xa9
04-08 14:13:13.580 11117 11117 E ArmVmp : Match on catch block at 0xc3 in for 0xa1
04-08 14:13:13.583 11117 11117 E ArmVmp : Match on catch block at 0xc3 in for 0xa1
04-08 14:13:13.589 11117 11117 E ArmVmp : Match on catch block at 0xc3 in for 0xa5
04-08 14:13:13.592 11117 11117 E ArmVmp : Match on catch block at 0xc3 in for 0xa9
04-08 14:13:13.594 11117 11117 E ArmVmp : Match on catch block at 0xc3 in for 0xa9
04-08 14:13:13.868 11117 11117 E ArmVmp : Match on catch block at 0xc3 in for 0xa1
04-08 14:13:13.873 11117 11117 E ArmVmp : Match on catch block at 0xc3 in for 0xa5
04-08 14:13:13.876 11117 11117 E ArmVmp : Match on catch block at 0xc3 in for 0xa5
04-08 14:13:14.369 11117 11117 E ArmVmp : Match on catch block at 0xc3 in for 0xa9
04-08 14:13:14.374 11117 11117 E ArmVmp : Match on catch block at 0xc3 in for 0xa1
04-08 14:13:14.377 11117 11117 E ArmVmp : Match on catch block at 0xc3 in for 0xa1
04-08 14:13:14.869 11117 11117 E ArmVmp : Match on catch block at 0xc3 in for 0xa5
04-08 14:13:14.873 11117 11117 E ArmVmp : Match on catch block at 0xc3 in for 0xa9
04-08 14:13:14.875 11117 11117 E ArmVmp : Match on catch block at 0xc3 in for 0xa9
04-08 14:13:15.011 11117 11117 E Dialog : show dialog
view=DecorView@f7432c2[Conversation]
04-08 14:13:15.071 11117 13816 W libEGL : EGLNativeWindowType 0xb400007cc2760340
disconnect failed
04-08 14:13:15.074 11117 11117 E ArmVmp : Match on catch block at 0xc3 in for 0xa5
04-08 14:13:15.077 11117 11117 E ArmVmp : Match on catch block at 0xc3 in for 0xa9
04-08 14:13:15.079 11117 11117 E ArmVmp : Match on catch block at 0xc3 in for 0xa9
04-08 14:13:15.099 11117 13816 W libEGL : EGLNativeWindowType 0xb400007cc2760340
disconnect failed
04-08 14:13:15.186 11117 11117 E ArmVmp : Match on catch block at 0xc3 in for 0xa1
04-08 14:13:15.189 11117 11117 E ArmVmp : Match on catch block at 0xc3 in for 0xa5
04-08 14:13:15.192 11117 11117 E ArmVmp : Match on catch block at 0xc3 in for 0xa5
04-08 14:13:15.203 11117 11117 E ArmVmp : Match on catch block at 0xc3 in for 0xa9
04-08 14:13:15.206 11117 11117 E ArmVmp : Match on catch block at 0xc3 in for 0xa1
04-08 14:13:15.208 11117 11117 E ArmVmp : Match on catch block at 0xc3 in for 0xa1
04-08 14:13:15.219 11117 11117 E ArmVmp : Match on catch block at 0xc3 in for 0xa5
04-08 14:13:15.223 11117 11117 E ArmVmp : Match on catch block at 0xc3 in for 0xa9
04-08 14:13:15.225 11117 11117 E ArmVmp : Match on catch block at 0xc3 in for 0xa9
04-08 14:13:15.236 11117 11117 E ArmVmp : Match on catch block at 0xc3 in for 0xa1
04-08 14:13:15.240 11117 11117 E ArmVmp : Match on catch block at 0xc3 in for 0xa5
04-08 14:13:15.242 11117 11117 E ArmVmp : Match on catch block at 0xc3 in for 0xa5
04-08 14:13:15.253 11117 11117 E ArmVmp : Match on catch block at 0xc3 in for 0xa9
04-08 14:13:15.256 11117 11117 E ArmVmp : Match on catch block at 0xc3 in for 0xa1
04-08 14:13:15.260 11117 11117 E ArmVmp : Match on catch block at 0xc3 in for 0xa1
04-08 14:13:15.270 11117 11117 E ArmVmp : Match on catch block at 0xc3 in for 0xa5
04-08 14:13:15.274 11117 11117 E ArmVmp : Match on catch block at 0xc3 in for 0xa9
04-08 14:13:15.277 11117 11117 E ArmVmp : Match on catch block at 0xc3 in for 0xa9
04-08 14:13:15.286 11117 11117 E ArmVmp : Match on catch block at 0xc3 in for 0xa1
04-08 14:13:15.290 11117 11117 E ArmVmp : Match on catch block at 0xc3 in for 0xa5
04-08 14:13:15.293 11117 11117 E ArmVmp : Match on catch block at 0xc3 in for 0xa5
04-08 14:13:15.303 11117 11117 E ArmVmp : Match on catch block at 0xc3 in for 0xa9
04-08 14:13:15.307 11117 11117 E ArmVmp : Match on catch block at 0xc3 in for 0xa1
04-08 14:13:15.309 11117 11117 E ArmVmp : Match on catch block at 0xc3 in for 0xa1
04-08 14:13:15.319 11117 11117 E ArmVmp : Match on catch block at 0xc3 in for 0xa5
04-08 14:13:15.323 11117 11117 E ArmVmp : Match on catch block at 0xc3 in for 0xa9
04-08 14:13:15.326 11117 11117 E ArmVmp : Match on catch block at 0xc3 in for 0xa9
04-08 14:13:15.337 11117 11117 E ArmVmp : Match on catch block at 0xc3 in for 0xa1
04-08 14:13:15.342 11117 11117 E ArmVmp : Match on catch block at 0xc3 in for 0xa5
04-08 14:13:15.345 11117 11117 E ArmVmp : Match on catch block at 0xc3 in for 0xa5
04-08 14:13:15.353 11117 11117 E ArmVmp : Match on catch block at 0xc3 in for 0xa9
04-08 14:13:15.358 11117 11117 E ArmVmp : Match on catch block at 0xc3 in for 0xa1
04-08 14:13:15.360 11117 11117 E ArmVmp : Match on catch block at 0xc3 in for 0xa1
04-08 14:13:15.370 11117 11117 E ArmVmp : Match on catch block at 0xc3 in for 0xa5
04-08 14:13:15.374 11117 11117 E ArmVmp : Match on catch block at 0xc3 in for 0xa9
04-08 14:13:15.376 11117 11117 E ArmVmp : Match on catch block at 0xc3 in for 0xa9
04-08 14:13:15.386 11117 11117 E ArmVmp : Match on catch block at 0xc3 in for 0xa1
04-08 14:13:15.390 11117 11117 E ArmVmp : Match on catch block at 0xc3 in for 0xa5
04-08 14:13:15.393 11117 11117 E ArmVmp : Match on catch block at 0xc3 in for 0xa5
04-08 14:13:15.403 11117 11117 E ArmVmp : Match on catch block at 0xc3 in for 0xa9
04-08 14:13:15.407 11117 11117 E ArmVmp : Match on catch block at 0xc3 in for 0xa1
04-08 14:13:15.410 11117 11117 E ArmVmp : Match on catch block at 0xc3 in for 0xa1
04-08 14:13:15.420 11117 11117 E ArmVmp : Match on catch block at 0xc3 in for 0xa5
04-08 14:13:15.424 11117 11117 E ArmVmp : Match on catch block at 0xc3 in for 0xa9
04-08 14:13:15.426 11117 11117 E ArmVmp : Match on catch block at 0xc3 in for 0xa9
04-08 14:13:15.436 11117 11117 E ArmVmp : Match on catch block at 0xc3 in for 0xa1
04-08 14:13:15.440 11117 11117 E ArmVmp : Match on catch block at 0xc3 in for 0xa5
04-08 14:13:15.443 11117 11117 E ArmVmp : Match on catch block at 0xc3 in for 0xa5
04-08 14:13:15.973 11117 13816 W libEGL : EGLNativeWindowType 0xb400007cc2760340
disconnect failed
04-08 14:13:15.987 11117 11117 W InputEventReceiver: Attempted to finish an input
event but the input event receiver has already been disposed.
04-08 14:13:16.045 11117 11117 E ArmVmp : Match on catch block at 0xc3 in for 0xa1
04-08 14:13:16.050 11117 11117 E ArmVmp : Match on catch block at 0xc3 in for 0xa5
04-08 14:13:16.053 11117 11117 E ArmVmp : Match on catch block at 0xc3 in for 0xa5
04-08 14:13:16.538 11117 11117 E ArmVmp : Match on catch block at 0xc3 in for 0xa9
04-08 14:13:16.543 11117 11117 E ArmVmp : Match on catch block at 0xc3 in for 0xa1
04-08 14:13:16.546 11117 11117 E ArmVmp : Match on catch block at 0xc3 in for 0xa1
04-08 14:13:16.672 11117 11117 E ArmVmp : Match on catch block at 0xc3 in for 0xa5
04-08 14:13:16.677 11117 11117 E ArmVmp : Match on catch block at 0xc3 in for 0xa9
04-08 14:13:16.793 11117 11117 E ArmVmp : Match on catch block at 0xc3 in for 0xa9
04-08 14:13:16.796 11117 11117 E ArmVmp : Match on catch block at 0xc3 in for 0xa1
04-08 14:13:16.798 11117 11117 E ArmVmp : Match on catch block at 0xc3 in for 0xa1
04-08 14:13:16.817 11117 11117 E RecyclerView: No adapter attached; skipping layout
04-08 14:13:16.830 11117 11117 E ArmVmp : Match on catch block at 0xc3 in for 0xa5
04-08 14:13:16.832 11117 11117 E ArmVmp : Match on catch block at 0xc3 in for 0xa9
04-08 14:13:16.834 11117 11117 E ArmVmp : Match on catch block at 0xc3 in for 0xa9
04-08 14:13:16.838 11117 11117 E RecyclerView: No adapter attached; skipping layout
04-08 14:13:16.855 11117 13816 W libEGL : EGLNativeWindowType 0xb400007cc2760340
disconnect failed
04-08 14:13:16.867 11117 11117 E ArmVmp : Match on catch block at 0xc3 in for 0xa1
04-08 14:13:16.872 11117 11117 E ArmVmp : Match on catch block at 0xc3 in for 0xa5
04-08 14:13:16.874 11117 11117 E ArmVmp : Match on catch block at 0xc3 in for 0xa5
04-08 14:13:17.156 11117 11117 E ArmVmp : Match on catch block at 0x0a in for 0xa9
04-08 14:13:17.171 11117 11117 E ArmVmp : Match on catch block at 0x0a in for 0xa9
04-08 14:13:17.222 11117 11117 E ArmVmp : Match on catch block at 0x0a in for 0xa9
04-08 14:13:17.238 11117 11117 E ArmVmp : Match on catch block at 0x0a in for 0xa9
04-08 14:13:17.240 11117 11117 E ArmVmp : Match on catch block at 0x0a in for 0xa9
04-08 14:13:17.251 11117 11117 E ArmVmp : Match on catch block at 0x0a in for 0xa9
04-08 14:13:17.304 11117 11117 E ArmVmp : Match on catch block at 0xc3 in for 0xa1
04-08 14:13:17.307 11117 11117 E ArmVmp : Match on catch block at 0xc3 in for 0xa5
04-08 14:13:17.309 11117 11117 E ArmVmp : Match on catch block at 0xc3 in for 0xa5
04-08 14:13:17.809 11117 11117 E ArmVmp : Match on catch block at 0xc3 in for 0xa9
04-08 14:13:17.814 11117 11117 E ArmVmp : Match on catch block at 0xc3 in for 0xa1
04-08 14:13:17.817 11117 11117 E ArmVmp : Match on catch block at 0xc3 in for 0xa1
04-08 14:13:18.079 11117 13829 W MediaPlayer: Use of stream types is deprecated for
operations other than volume control
04-08 14:13:18.079 11117 13829 W MediaPlayer: See the documentation of
setAudioStreamType() for what to use instead with android.media.AudioAttributes to
qualify your playback use case
04-08 14:13:18.142 11117 11117 E ArmVmp : Match on catch block at 0xc3 in for 0xa5
04-08 14:13:18.144 11117 11117 E ArmVmp : Match on catch block at 0xc3 in for 0xa9
04-08 14:13:18.173 11117 11117 E ArmVmp : Match on catch block at 0xc3 in for 0xa5
04-08 14:13:18.175 11117 11117 E ArmVmp : Match on catch block at 0xc3 in for 0xa9
04-08 14:13:18.197 11117 11117 E ArmVmp : Match on catch block at 0xc3 in for 0xa5
04-08 14:13:18.200 11117 11117 E ArmVmp : Match on catch block at 0xc3 in for 0xa9
04-08 14:13:18.291 11117 11117 E ArmVmp : Match on catch block at 0xc3 in for 0xa9
04-08 14:13:18.293 11117 11117 E ArmVmp : Match on catch block at 0xc3 in for 0xa1
04-08 14:13:18.305 11117 11117 E ArmVmp : Match on catch block at 0xc3 in for 0xa9
04-08 14:13:18.307 11117 11117 E ArmVmp : Match on catch block at 0xc3 in for 0xa1
04-08 14:13:18.389 11117 11117 E ArmVmp : Match on catch block at 0xc3 in for 0xa1
04-08 14:13:18.391 11117 11117 E ArmVmp : Match on catch block at 0xc3 in for 0xa5
04-08 14:13:18.406 11117 11117 E ArmVmp : Match on catch block at 0xc3 in for 0xa9
04-08 14:13:18.411 11117 11117 E ArmVmp : Match on catch block at 0xc3 in for 0xa1
04-08 14:13:18.458 11117 11117 E ArmVmp : Match on catch block at 0xc3 in for 0xa1
04-08 14:13:18.461 11117 11117 E ArmVmp : Match on catch block at 0xc3 in for 0xa5
04-08 14:13:18.507 11117 11117 E ArmVmp : Match on catch block at 0xc3 in for 0xa5
04-08 14:13:18.511 11117 11117 E ArmVmp : Match on catch block at 0xc3 in for 0xa9
04-08 14:13:18.540 11117 11117 E ArmVmp : Match on catch block at 0xc3 in for 0xa9
04-08 14:13:18.544 11117 11117 E ArmVmp : Match on catch block at 0xc3 in for 0xa1
04-08 14:13:18.556 11117 11117 E ArmVmp : Match on catch block at 0xc3 in for 0xa1
04-08 14:13:18.560 11117 11117 E ArmVmp : Match on catch block at 0xc3 in for 0xa5
04-08 14:13:18.577 11117 11117 E ArmVmp : Match on catch block at 0xc3 in for 0xa5
04-08 14:13:18.586 11117 11117 E ArmVmp : Match on catch block at 0xc3 in for 0xa9
04-08 14:13:18.606 11117 11117 E ArmVmp : Match on catch block at 0xc3 in for 0xa5
04-08 14:13:18.610 11117 11117 E ArmVmp : Match on catch block at 0xc3 in for 0xa9
04-08 14:13:18.622 11117 11117 E ArmVmp : Match on catch block at 0xc3 in for 0xa5
04-08 14:13:18.625 11117 11117 E ArmVmp : Match on catch block at 0xc3 in for 0xa9
04-08 14:13:18.639 11117 11117 E ArmVmp : Match on catch block at 0xc3 in for 0xa5
04-08 14:13:18.642 11117 11117 E ArmVmp : Match on catch block at 0xc3 in for 0xa9
04-08 14:13:18.655 11117 11117 E ArmVmp : Match on catch block at 0xc3 in for 0xa9
04-08 14:13:18.657 11117 11117 E ArmVmp : Match on catch block at 0xc3 in for 0xa1
04-08 14:13:18.674 11117 11117 E ArmVmp : Match on catch block at 0xc3 in for 0xa1
04-08 14:13:18.674 11117 11228 E SQLiteDatabase: Error inserting transferred=1
media_job_uuid=522ffef7-8eaf-4a32-a56d-833e9d530c26 transcoded=0 gif_attribution=0
first_scan_length=0 direct_path=/v/t62.15575-
24/25268643_7018700131567913_3268021588855609022_n.enc?ccb=11-
4&oh=01_ASA0zhH1b2oPeAZuUnpSmlOJsrjiO1R_-sQ-XKweR0zx-Q&oe=663BD9FE&_nc_sid=5e03e0
thumbnail_height_width_ratio=1.0 is_animated_sticker=0
file_hash=Qn23DX5qWmiIABylX1kBAV+8kA+D6YFw/2IEq8KfnPM= file_path=Media/MBWhatsApp
Stickers/STK-20240408-WA0058.webp file_size=31760 partial_media_hash=null face_x=0
face_y=0 height=64 trim_to=0 media_key_timestamp=1712607275000
message_url=https://mmg.whatsapp.net/v/t62.15575-
24/25268643_7018700131567913_3268021588855609022_n.enc?ccb=11-
4&oh=01_ASA0zhH1b2oPeAZuUnpSmlOJsrjiO1R_-sQ-XKweR0zx-
Q&oe=663BD9FE&_nc_sid=5e03e0&mms3=true media_caption=null trim_from=0
mime_type=image/webp partial_media_enc_hash=null width=64 original_file_hash=null
has_streaming_sidecar=0 autotransfer_retry_enabled=1 media_upload_handle=null
message_row_id=31537 multicast_id=null
enc_file_hash=qssmr2fiKLrmibAHx8zz6LD4gYOMPhvKyCmrkiNWpo4= mute_video=0
page_count=0 first_scan_sidecar=null suspicious_content=0 file_length=31760
media_name=null media_duration=0 chat_row_id=1320 media_key=[B@f99782a
04-08 14:13:18.674 11117 11228 E SQLiteDatabase:
android.database.sqlite.SQLiteConstraintException: UNIQUE constraint failed:
message_media.message_row_id (code 1555 SQLITE_CONSTRAINT_PRIMARYKEY)
04-08 14:13:18.674 11117 11228 E SQLiteDatabase: at
android.database.sqlite.SQLiteConnection.nativeExecuteForLastInsertedRowId(Native
Method)
04-08 14:13:18.674 11117 11228 E SQLiteDatabase: at
android.database.sqlite.SQLiteConnection.executeForLastInsertedRowId(SQLiteConnecti
on.java:938)
04-08 14:13:18.674 11117 11228 E SQLiteDatabase: at
android.database.sqlite.SQLiteSession.executeForLastInsertedRowId(SQLiteSession.jav
a:790)
04-08 14:13:18.674 11117 11228 E SQLiteDatabase: at
android.database.sqlite.SQLiteStatement.executeInsert(SQLiteStatement.java:88)
04-08 14:13:18.674 11117 11228 E SQLiteDatabase: at
android.database.sqlite.SQLiteDatabase.insertWithOnConflict(SQLiteDatabase.java:170
1)
04-08 14:13:18.674 11117 11228 E SQLiteDatabase: at
android.database.sqlite.SQLiteDatabase.insert(SQLiteDatabase.java:1570)
04-08 14:13:18.674 11117 11228 E SQLiteDatabase: at X.2tm.A08(Unknown
Source:6)
04-08 14:13:18.674 11117 11228 E SQLiteDatabase: at X.35Y.A07(Unknown
Source:212)
04-08 14:13:18.674 11117 11228 E SQLiteDatabase: at X.3QF.A14(Unknown
Source:470)
04-08 14:13:18.674 11117 11228 E SQLiteDatabase: at X.3gU.run(Unknown
Source:982)
04-08 14:13:18.674 11117 11228 E SQLiteDatabase: at
android.os.Handler.handleCallback(Handler.java:938)
04-08 14:13:18.674 11117 11228 E SQLiteDatabase: at
android.os.Handler.dispatchMessage(Handler.java:99)
04-08 14:13:18.674 11117 11228 E SQLiteDatabase: at
X.0zq.dispatchMessage(Unknown Source:4)
04-08 14:13:18.674 11117 11228 E SQLiteDatabase: at
android.os.Looper.loop(Looper.java:240)
04-08 14:13:18.674 11117 11228 E SQLiteDatabase: at
android.os.HandlerThread.run(HandlerThread.java:67)
04-08 14:13:18.678 11117 11117 E ArmVmp : Match on catch block at 0xc3 in for 0xa5
04-08 14:13:18.707 11117 11117 E ArmVmp : Match on catch block at 0xc3 in for 0xa9
04-08 14:13:18.709 11117 11117 E ArmVmp : Match on catch block at 0xc3 in for 0xa1
04-08 14:13:18.725 11117 11117 E ArmVmp : Match on catch block at 0xc3 in for 0xa9
04-08 14:13:18.728 11117 11117 E ArmVmp : Match on catch block at 0xc3 in for 0xa1
04-08 14:13:18.758 11117 11117 E ArmVmp : Match on catch block at 0xc3 in for 0xa1
04-08 14:13:18.761 11117 11117 E ArmVmp : Match on catch block at 0xc3 in for 0xa5
04-08 14:13:18.774 11117 11117 E ArmVmp : Match on catch block at 0xc3 in for 0xa1
04-08 14:13:18.778 11117 11117 E ArmVmp : Match on catch block at 0xc3 in for 0xa5
04-08 14:13:18.807 11117 11117 E ArmVmp : Match on catch block at 0xc3 in for 0xa1
04-08 14:13:18.810 11117 11117 E ArmVmp : Match on catch block at 0xc3 in for 0xa5
04-08 14:13:18.911 11117 11117 E ArmVmp : Match on catch block at 0x0a in for 0xa5
04-08 14:13:18.918 11117 11117 E ArmVmp : Match on catch block at 0x0a in for 0xa5
04-08 14:13:19.326 11117 11117 E ArmVmp : Match on catch block at 0xc3 in for 0xa1
04-08 14:13:19.332 11117 11117 E ArmVmp : Match on catch block at 0xc3 in for 0xa5
04-08 14:13:19.564 11117 11117 E ArmVmp : Match on catch block at 0x0a in for 0xa9
04-08 14:13:19.567 11117 11117 E ArmVmp : Match on catch block at 0x0a in for 0xa9
04-08 14:13:19.570 11117 11117 E ArmVmp : Match on catch block at 0x0a in for 0xa9
04-08 14:13:19.577 11117 11117 E ArmVmp : Match on catch block at 0x0a in for 0xa9
04-08 14:13:19.829 11117 11117 E ArmVmp : Match on catch block at 0xc3 in for 0xa1
04-08 14:13:19.832 11117 11117 E ArmVmp : Match on catch block at 0xc3 in for 0xa5
04-08 14:13:20.328 11117 11117 E ArmVmp : Match on catch block at 0xc3 in for 0xa1
04-08 14:13:20.332 11117 11117 E ArmVmp : Match on catch block at 0xc3 in for 0xa5
04-08 14:13:20.376 11117 11117 E ArmVmp : Match on catch block at 0xc3 in for 0xa1
04-08 14:13:20.380 11117 11117 E ArmVmp : Match on catch block at 0xc3 in for 0xa5
04-08 14:13:20.392 11117 11117 E ArmVmp : Match on catch block at 0xc3 in for 0xa1
04-08 14:13:20.397 11117 11117 E ArmVmp : Match on catch block at 0xc3 in for 0xa5
04-08 14:13:20.410 11117 11117 E ArmVmp : Match on catch block at 0xc3 in for 0xa1
04-08 14:13:20.415 11117 11117 E ArmVmp : Match on catch block at 0xc3 in for 0xa5
04-08 14:13:20.426 11117 11117 E ArmVmp : Match on catch block at 0xc3 in for 0xa1
04-08 14:13:20.431 11117 11117 E ArmVmp : Match on catch block at 0xc3 in for 0xa5
04-08 14:13:20.442 11117 11117 E ArmVmp : Match on catch block at 0xc3 in for 0xa1
04-08 14:13:20.446 11117 11117 E ArmVmp : Match on catch block at 0xc3 in for 0xa5
04-08 14:13:20.457 11117 11117 E ArmVmp : Match on catch block at 0xc3 in for 0xa1
04-08 14:13:20.461 11117 11117 E ArmVmp : Match on catch block at 0xc3 in for 0xa5
04-08 14:13:20.474 11117 11117 E ArmVmp : Match on catch block at 0xc3 in for 0xa1
04-08 14:13:20.478 11117 11117 E ArmVmp : Match on catch block at 0xc3 in for 0xa5
04-08 14:13:20.491 11117 11117 E ArmVmp : Match on catch block at 0xc3 in for 0xa1
04-08 14:13:20.495 11117 11117 E ArmVmp : Match on catch block at 0xc3 in for 0xa5
04-08 14:13:20.508 11117 11117 E ArmVmp : Match on catch block at 0xc3 in for 0xa1
04-08 14:13:20.511 11117 11117 E ArmVmp : Match on catch block at 0xc3 in for 0xa5
04-08 14:13:20.524 11117 11117 E ArmVmp : Match on catch block at 0xc3 in for 0xa1
04-08 14:13:20.527 11117 11117 E ArmVmp : Match on catch block at 0xc3 in for 0xa5
04-08 14:13:20.541 11117 11117 E ArmVmp : Match on catch block at 0xc3 in for 0xa1
04-08 14:13:20.544 11117 11117 E ArmVmp : Match on catch block at 0xc3 in for 0xa5
04-08 14:13:20.558 11117 11117 E ArmVmp : Match on catch block at 0xc3 in for 0xa1
04-08 14:13:20.562 11117 11117 E ArmVmp : Match on catch block at 0xc3 in for 0xa5
04-08 14:13:20.574 11117 11117 E ArmVmp : Match on catch block at 0xc3 in for 0xa1
04-08 14:13:20.578 11117 11117 E ArmVmp : Match on catch block at 0xc3 in for 0xa5
04-08 14:13:20.591 11117 11117 E ArmVmp : Match on catch block at 0xc3 in for 0xa1
04-08 14:13:20.594 11117 11117 E ArmVmp : Match on catch block at 0xc3 in for 0xa5
04-08 14:13:20.608 11117 11117 E ArmVmp : Match on catch block at 0xc3 in for 0xa1
04-08 14:13:20.610 11117 11117 E ArmVmp : Match on catch block at 0xc3 in for 0xa5
04-08 14:13:20.621 11117 11117 E ArmVmp : Match on catch block at 0x0a in for 0xa9
04-08 14:13:20.624 11117 11117 E ArmVmp : Match on catch block at 0xc3 in for 0xa1
04-08 14:13:20.626 11117 11117 E ArmVmp : Match on catch block at 0xc3 in for 0xa5
04-08 14:13:20.636 11117 11117 E ArmVmp : Match on catch block at 0x0a in for 0xa9
04-08 14:13:20.643 11117 11117 E ArmVmp : Match on catch block at 0x0a in for 0xa9
04-08 14:13:20.827 11117 11117 E ArmVmp : Match on catch block at 0xc3 in for 0xa1
04-08 14:13:20.833 11117 11117 E ArmVmp : Match on catch block at 0xc3 in for 0xa5
04-08 14:13:21.326 11117 11117 E ArmVmp : Match on catch block at 0xc3 in for 0xa1
04-08 14:13:21.331 11117 11117 E ArmVmp : Match on catch block at 0xc3 in for 0xa5
04-08 14:13:21.826 11117 11117 E ArmVmp : Match on catch block at 0xc3 in for 0xa1
04-08 14:13:21.831 11117 11117 E ArmVmp : Match on catch block at 0xc3 in for 0xa5
04-08 14:13:22.348 11117 11117 E ArmVmp : Match on catch block at 0xc3 in for 0xa1
04-08 14:13:22.352 11117 11117 E ArmVmp : Match on catch block at 0xc3 in for 0xa5
04-08 14:13:22.847 11117 11117 E ArmVmp : Match on catch block at 0xc3 in for 0xa1
04-08 14:13:22.851 11117 11117 E ArmVmp : Match on catch block at 0xc3 in for 0xa5
04-08 14:13:23.031 11117 11117 E ArmVmp : Match on catch block at 0x0a in for 0xa9
04-08 14:13:23.033 11117 11117 E ArmVmp : Match on catch block at 0x0a in for 0xa9
04-08 14:13:23.034 11117 11117 E ArmVmp : Match on catch block at 0x0a in for 0xa9
04-08 14:13:23.213 11117 11117 E ArmVmp : Match on catch block at 0x0a in for 0xa9
04-08 14:13:23.217 11117 11117 E ArmVmp : Match on catch block at 0x0a in for 0xa9
04-08 14:13:23.362 11117 11117 E ArmVmp : Match on catch block at 0xc3 in for 0xa1
04-08 14:13:23.366 11117 11117 E ArmVmp : Match on catch block at 0xc3 in for 0xa5
04-08 14:13:23.696 11117 11117 E Dialog : show dialog
view=DecorView@63ad58f[Conversation]
04-08 14:13:23.700 11117 11117 E ArmVmp : Match on catch block at 0xc3 in for 0xa9
04-08 14:13:23.703 11117 11117 E ArmVmp : Match on catch block at 0xc3 in for 0xa1
04-08 14:13:23.719 11117 11117 E ArmVmp : Match on catch block at 0xc3 in for 0xb1
04-08 14:13:23.766 11117 11117 E ArmVmp : Match on catch block at 0xc3 in for 0xa9
04-08 14:13:23.774 11117 11117 E ArmVmp : Match on catch block at 0xc3 in for 0xa1
04-08 14:13:23.786 11117 11117 E ArmVmp : Match on catch block at 0xc3 in for 0xa5
04-08 14:13:23.795 11117 11117 E ArmVmp : Match on catch block at 0xc3 in for 0xa5
04-08 14:13:23.796 11117 11117 E ArmVmp : Match on catch block at 0xc3 in for 0xa9
04-08 14:13:23.808 11117 11117 E ArmVmp : Match on catch block at 0xc3 in for 0xa1
04-08 14:13:24.429 11117 13816 W libEGL : EGLNativeWindowType 0xb400007cc28ae710
disconnect failed
04-08 14:13:24.475 11117 11117 E ArmVmp : Match on catch block at 0xc3 in for 0xa1
04-08 14:13:24.479 11117 11117 E ArmVmp : Match on catch block at 0xc3 in for 0xa5
04-08 14:13:24.488 11117 11117 E ArmVmp : Match on catch block at 0xc3 in for 0xa5
04-08 14:13:24.493 11117 11117 E ArmVmp : Match on catch block at 0xc3 in for 0xa9
04-08 14:13:24.502 11117 11228 E SQLiteDatabase: Error inserting transferred=0
media_job_uuid=1cc6d6dd-5e67-4126-ae56-d38ebfa5c4bc transcoded=1 gif_attribution=0
first_scan_length=5082 direct_path=null thumbnail_height_width_ratio=1.0
is_animated_sticker=1 file_hash=5Y6GrnhtWTm94aiMQ8fF/sLX79LxsLhzVswmqvsEGrs=
file_path=/data/user/0/com.mbwhatsapp/files/Stickers/5Y6GrnhtWTm94aiMQ8fF-
sLX79LxsLhzVswmqvsEGrs=.webp file_size=785902 partial_media_hash=null face_x=0
face_y=0 height=64 trim_to=0 media_key_timestamp=0 message_url=null
media_caption=null trim_from=0 mime_type=image/webp partial_media_enc_hash=null
width=64 original_file_hash=null has_streaming_sidecar=0
autotransfer_retry_enabled=1 media_upload_handle=null message_row_id=31538
multicast_id=null enc_file_hash=null mute_video=0 page_count=0
first_scan_sidecar=null suspicious_content=0 file_length=785902
media_name=5Y6GrnhtWTm94aiMQ8fF-sLX79LxsLhzVswmqvsEGrs=.webp media_duration=0
chat_row_id=1320 media_key=null
04-08 14:13:24.502 11117 11228 E SQLiteDatabase:
android.database.sqlite.SQLiteConstraintException: UNIQUE constraint failed:
message_media.message_row_id (code 1555 SQLITE_CONSTRAINT_PRIMARYKEY)
04-08 14:13:24.502 11117 11228 E SQLiteDatabase: at
android.database.sqlite.SQLiteConnection.nativeExecuteForLastInsertedRowId(Native
Method)
04-08 14:13:24.502 11117 11228 E SQLiteDatabase: at
android.database.sqlite.SQLiteConnection.executeForLastInsertedRowId(SQLiteConnecti
on.java:938)
04-08 14:13:24.502 11117 11228 E SQLiteDatabase: at
android.database.sqlite.SQLiteSession.executeForLastInsertedRowId(SQLiteSession.jav
a:790)
04-08 14:13:24.502 11117 11228 E SQLiteDatabase: at
android.database.sqlite.SQLiteStatement.executeInsert(SQLiteStatement.java:88)
04-08 14:13:24.502 11117 11228 E SQLiteDatabase: at
android.database.sqlite.SQLiteDatabase.insertWithOnConflict(SQLiteDatabase.java:170
1)
04-08 14:13:24.502 11117 11228 E SQLiteDatabase: at
android.database.sqlite.SQLiteDatabase.insert(SQLiteDatabase.java:1570)
04-08 14:13:24.502 11117 11228 E SQLiteDatabase: at X.2tm.A08(Unknown
Source:6)
04-08 14:13:24.502 11117 11228 E SQLiteDatabase: at X.35Y.A07(Unknown
Source:212)
04-08 14:13:24.502 11117 11228 E SQLiteDatabase: at X.3QF.A14(Unknown
Source:470)
04-08 14:13:24.502 11117 11228 E SQLiteDatabase: at X.3gU.run(Unknown
Source:982)
04-08 14:13:24.502 11117 11228 E SQLiteDatabase: at
android.os.Handler.handleCallback(Handler.java:938)
04-08 14:13:24.502 11117 11228 E SQLiteDatabase: at
android.os.Handler.dispatchMessage(Handler.java:99)
04-08 14:13:24.502 11117 11228 E SQLiteDatabase: at
X.0zq.dispatchMessage(Unknown Source:4)
04-08 14:13:24.502 11117 11228 E SQLiteDatabase: at
android.os.Looper.loop(Looper.java:240)
04-08 14:13:24.502 11117 11228 E SQLiteDatabase: at
android.os.HandlerThread.run(HandlerThread.java:67)
04-08 14:13:24.597 11117 11117 E ArmVmp : Match on catch block at 0xc3 in for 0xa5
04-08 14:13:24.601 11117 11117 E ArmVmp : Match on catch block at 0xc3 in for 0xa9
04-08 14:13:24.647 11117 11117 E ArmVmp : Match on catch block at 0xc3 in for 0xa5
04-08 14:13:24.653 11117 11117 E ArmVmp : Match on catch block at 0xc3 in for 0xa9
04-08 14:13:24.691 11117 11117 E ArmVmp : Match on catch block at 0xc3 in for 0xa9
04-08 14:13:24.694 11117 11117 E ArmVmp : Match on catch block at 0xc3 in for 0xa1
04-08 14:13:24.714 11117 11117 E ArmVmp : Match on catch block at 0xc3 in for 0xa1
04-08 14:13:24.718 11117 11117 E ArmVmp : Match on catch block at 0xc3 in for 0xa5
04-08 14:13:24.754 11117 11117 E ArmVmp : Match on catch block at 0xc3 in for 0xa1
04-08 14:13:24.757 11117 11117 E ArmVmp : Match on catch block at 0xc3 in for 0xa5
04-08 14:13:24.780 11117 11117 E ArmVmp : Match on catch block at 0xc3 in for 0xa9
04-08 14:13:24.784 11117 11117 E ArmVmp : Match on catch block at 0xc3 in for 0xa1
04-08 14:13:24.813 11117 11117 E ArmVmp : Match on catch block at 0xc3 in for 0xa9
04-08 14:13:24.816 11117 11117 E ArmVmp : Match on catch block at 0xc3 in for 0xa1
04-08 14:13:24.847 11117 11117 E ArmVmp : Match on catch block at 0xc3 in for 0xa9
04-08 14:13:24.850 11117 11117 E ArmVmp : Match on catch block at 0xc3 in for 0xa1
04-08 14:13:24.880 11117 11117 E ArmVmp : Match on catch block at 0xc3 in for 0xa1
04-08 14:13:24.883 11117 11117 E ArmVmp : Match on catch block at 0xc3 in for 0xa5
04-08 14:13:24.913 11117 11117 E ArmVmp : Match on catch block at 0xc3 in for 0xa5
04-08 14:13:24.917 11117 11117 E ArmVmp : Match on catch block at 0xc3 in for 0xa9
04-08 14:13:24.931 11117 11131 W System : A resource failed to call release.
04-08 14:13:24.945 11117 11117 E ArmVmp : Match on catch block at 0xc3 in for 0xa5
04-08 14:13:24.947 11117 11117 E ArmVmp : Match on catch block at 0xc3 in for 0xa9
04-08 14:13:24.995 11117 11117 E ArmVmp : Match on catch block at 0xc3 in for 0xa5
04-08 14:13:24.998 11117 11117 E ArmVmp : Match on catch block at 0xc3 in for 0xa9
04-08 14:13:25.029 11117 11117 E ArmVmp : Match on catch block at 0xc3 in for 0xa5
04-08 14:13:25.033 11117 11117 E ArmVmp : Match on catch block at 0xc3 in for 0xa9
04-08 14:13:25.063 11117 11117 E ArmVmp : Match on catch block at 0xc3 in for 0xa5
04-08 14:13:25.067 11117 11117 E ArmVmp : Match on catch block at 0xc3 in for 0xa9
04-08 14:13:25.096 11117 11117 E ArmVmp : Match on catch block at 0xc3 in for 0xa5
04-08 14:13:25.100 11117 11117 E ArmVmp : Match on catch block at 0xc3 in for 0xa9
04-08 14:13:25.130 11117 11117 E ArmVmp : Match on catch block at 0xc3 in for 0xa5
04-08 14:13:25.134 11117 11117 E ArmVmp : Match on catch block at 0xc3 in for 0xa9
04-08 14:13:25.148 11117 11228 E SQLiteDatabase: Error inserting transferred=1
media_job_uuid=1cc6d6dd-5e67-4126-ae56-d38ebfa5c4bc transcoded=1 gif_attribution=0
first_scan_length=5082 direct_path=/v/t62.15575-
24/31796583_442820551475555_2768743385989068354_n.enc?ccb=11-
4&oh=01_ASBELFvRDxYbAs0wmzjF-RcuuFfcbVxVHy7yg4UQx3ZWYw&oe=663BAD1B&_nc_sid=5e03e0
thumbnail_height_width_ratio=1.0 is_animated_sticker=1
file_hash=5Y6GrnhtWTm94aiMQ8fF/sLX79LxsLhzVswmqvsEGrs= file_path=Media/MBWhatsApp
Stickers/STK-20240330-WA0673.webp file_size=785902 partial_media_hash=null face_x=0
face_y=0 height=64 trim_to=0 media_key_timestamp=1712607286181
message_url=https://mmg.whatsapp.net/v/t62.15575-
24/31796583_442820551475555_2768743385989068354_n.enc?ccb=11-
4&oh=01_ASBELFvRDxYbAs0wmzjF-
RcuuFfcbVxVHy7yg4UQx3ZWYw&oe=663BAD1B&_nc_sid=5e03e0&mms3=true media_caption=null
trim_from=0 mime_type=image/webp partial_media_enc_hash=null width=64
original_file_hash=null has_streaming_sidecar=0 autotransfer_retry_enabled=0
media_upload_handle=null message_row_id=31538 multicast_id=null
enc_file_hash=elNjnhzwGU8iiOkXc/NoFpztCaxtMWOpsHU5fgHO1Ws= mute_video=0
page_count=0 first_scan_sidecar=[B@443a4d0 suspicious_content=0 file_length=785902
media_name=5Y6GrnhtWTm94aiMQ8fF-sLX79LxsLhzVswmqvsEGrs=.webp media_duration=0
chat_row_id=1320 media_key=[B@5e4bcc9
04-08 14:13:25.148 11117 11228 E SQLiteDatabase:
android.database.sqlite.SQLiteConstraintException: UNIQUE constraint failed:
message_media.message_row_id (code 1555 SQLITE_CONSTRAINT_PRIMARYKEY)
04-08 14:13:25.148 11117 11228 E SQLiteDatabase: at
android.database.sqlite.SQLiteConnection.nativeExecuteForLastInsertedRowId(Native
Method)
04-08 14:13:25.148 11117 11228 E SQLiteDatabase: at
android.database.sqlite.SQLiteConnection.executeForLastInsertedRowId(SQLiteConnecti
on.java:938)
04-08 14:13:25.148 11117 11228 E SQLiteDatabase: at
android.database.sqlite.SQLiteSession.executeForLastInsertedRowId(SQLiteSession.jav
a:790)
04-08 14:13:25.148 11117 11228 E SQLiteDatabase: at
android.database.sqlite.SQLiteStatement.executeInsert(SQLiteStatement.java:88)
04-08 14:13:25.148 11117 11228 E SQLiteDatabase: at
android.database.sqlite.SQLiteDatabase.insertWithOnConflict(SQLiteDatabase.java:170
1)
04-08 14:13:25.148 11117 11228 E SQLiteDatabase: at
android.database.sqlite.SQLiteDatabase.insert(SQLiteDatabase.java:1570)
04-08 14:13:25.148 11117 11228 E SQLiteDatabase: at X.2tm.A08(Unknown
Source:6)
04-08 14:13:25.148 11117 11228 E SQLiteDatabase: at X.35Y.A07(Unknown
Source:212)
04-08 14:13:25.148 11117 11228 E SQLiteDatabase: at X.3QF.A14(Unknown
Source:470)
04-08 14:13:25.148 11117 11228 E SQLiteDatabase: at X.3gU.run(Unknown
Source:982)
04-08 14:13:25.148 11117 11228 E SQLiteDatabase: at
android.os.Handler.handleCallback(Handler.java:938)
04-08 14:13:25.148 11117 11228 E SQLiteDatabase: at
android.os.Handler.dispatchMessage(Handler.java:99)
04-08 14:13:25.148 11117 11228 E SQLiteDatabase: at
X.0zq.dispatchMessage(Unknown Source:4)
04-08 14:13:25.148 11117 11228 E SQLiteDatabase: at
android.os.Looper.loop(Looper.java:240)
04-08 14:13:25.148 11117 11228 E SQLiteDatabase: at
android.os.HandlerThread.run(HandlerThread.java:67)
04-08 14:13:25.163 11117 11117 E ArmVmp : Match on catch block at 0xc3 in for 0xa1
04-08 14:13:25.167 11117 11117 E ArmVmp : Match on catch block at 0xc3 in for 0xa5
04-08 14:13:25.215 11117 11117 E ArmVmp : Match on catch block at 0xc3 in for 0xa1
04-08 14:13:25.217 11117 11117 E ArmVmp : Match on catch block at 0xc3 in for 0xa5
04-08 14:13:25.234 11117 11117 E ArmVmp : Match on catch block at 0xc3 in for 0xa1
04-08 14:13:25.238 11117 11117 E ArmVmp : Match on catch block at 0xc3 in for 0xa5
04-08 14:13:25.250 11117 11117 E ArmVmp : Match on catch block at 0xc3 in for 0xa9
04-08 14:13:25.253 11117 11117 E ArmVmp : Match on catch block at 0xc3 in for 0xa1
04-08 14:13:25.295 11117 11117 E ArmVmp : Match on catch block at 0xc3 in for 0xa9
04-08 14:13:25.300 11117 11117 E ArmVmp : Match on catch block at 0xc3 in for 0xa1
04-08 14:13:25.329 11117 11117 E ArmVmp : Match on catch block at 0xc3 in for 0xa9
04-08 14:13:25.331 11117 11117 E ArmVmp : Match on catch block at 0xc3 in for 0xa1
04-08 14:13:25.362 11117 11117 E ArmVmp : Match on catch block at 0xc3 in for 0xa9
04-08 14:13:25.365 11117 11117 E ArmVmp : Match on catch block at 0xc3 in for 0xa1
04-08 14:13:25.395 11117 11117 E ArmVmp : Match on catch block at 0xc3 in for 0xa9
04-08 14:13:25.398 11117 11117 E ArmVmp : Match on catch block at 0xc3 in for 0xa1
04-08 14:13:25.430 11117 11117 E ArmVmp : Match on catch block at 0xc3 in for 0xa9
04-08 14:13:25.434 11117 11117 E ArmVmp : Match on catch block at 0xc3 in for 0xa1
04-08 14:13:25.463 11117 11117 E ArmVmp : Match on catch block at 0xc3 in for 0xa1
04-08 14:13:25.465 11117 11117 E ArmVmp : Match on catch block at 0xc3 in for 0xa5
04-08 14:13:25.476 11117 13829 W MediaPlayer: Use of stream types is deprecated for
operations other than volume control
04-08 14:13:25.476 11117 13829 W MediaPlayer: See the documentation of
setAudioStreamType() for what to use instead with android.media.AudioAttributes to
qualify your playback use case
04-08 14:13:25.485 11117 11117 E ArmVmp : Match on catch block at 0xc3 in for 0xa9
04-08 14:13:25.488 11117 11117 E ArmVmp : Match on catch block at 0xc3 in for 0xa1
04-08 14:13:25.498 11117 11117 E ArmVmp : Match on catch block at 0xc3 in for 0xa1
04-08 14:13:25.501 11117 11117 E ArmVmp : Match on catch block at 0xc3 in for 0xa5
04-08 14:13:25.529 11117 11117 E ArmVmp : Match on catch block at 0xc3 in for 0xa1
04-08 14:13:25.531 11117 11117 E ArmVmp : Match on catch block at 0xc3 in for 0xa5
04-08 14:13:25.562 11117 11117 E ArmVmp : Match on catch block at 0xc3 in for 0xa1
04-08 14:13:25.565 11117 11117 E ArmVmp : Match on catch block at 0xc3 in for 0xa5
04-08 14:13:25.634 11117 11117 E ArmVmp : Match on catch block at 0xc3 in for 0xa1
04-08 14:13:25.641 11117 11117 E ArmVmp : Match on catch block at 0xc3 in for 0xa5
04-08 14:13:25.653 11117 11117 E ArmVmp : Match on catch block at 0xc3 in for 0xa1
04-08 14:13:25.658 11117 11117 E ArmVmp : Match on catch block at 0xc3 in for 0xa5
04-08 14:13:25.697 11117 11117 E ArmVmp : Match on catch block at 0xc3 in for 0xa1
04-08 14:13:25.702 11117 11117 E ArmVmp : Match on catch block at 0xc3 in for 0xa5
04-08 14:13:25.717 11117 11117 E ArmVmp : Match on catch block at 0xc3 in for 0xa1
04-08 14:13:25.720 11117 11117 E ArmVmp : Match on catch block at 0xc3 in for 0xa5
04-08 14:13:25.764 11117 11117 E ArmVmp : Match on catch block at 0xc3 in for 0xa1
04-08 14:13:25.769 11117 11117 E ArmVmp : Match on catch block at 0xc3 in for 0xa5
04-08 14:13:25.783 11117 11117 E ArmVmp : Match on catch block at 0xc3 in for 0xa1
04-08 14:13:25.787 11117 11117 E ArmVmp : Match on catch block at 0xc3 in for 0xa5
04-08 14:13:25.830 11117 11117 E ArmVmp : Match on catch block at 0xc3 in for 0xa1
04-08 14:13:25.834 11117 11117 E ArmVmp : Match on catch block at 0xc3 in for 0xa5
04-08 14:13:25.846 11117 11117 E ArmVmp : Match on catch block at 0xc3 in for 0xa1
04-08 14:13:25.850 11117 11117 E ArmVmp : Match on catch block at 0xc3 in for 0xa5
04-08 14:13:25.896 11117 11117 E ArmVmp : Match on catch block at 0xc3 in for 0xa1
04-08 14:13:25.904 11117 11117 E ArmVmp : Match on catch block at 0xc3 in for 0xa5
04-08 14:13:25.930 11117 11117 E ArmVmp : Match on catch block at 0xc3 in for 0xa1
04-08 14:13:25.935 11117 11117 E ArmVmp : Match on catch block at 0xc3 in for 0xa5
04-08 14:13:25.964 11117 11117 E ArmVmp : Match on catch block at 0xc3 in for 0xa1
04-08 14:13:25.968 11117 11117 E ArmVmp : Match on catch block at 0xc3 in for 0xa5
04-08 14:13:25.984 11117 11117 E ArmVmp : Match on catch block at 0xc3 in for 0xa1
04-08 14:13:25.987 11117 11117 E ArmVmp : Match on catch block at 0xc3 in for 0xa5
04-08 14:13:26.013 11117 11117 E ArmVmp : Match on catch block at 0xc3 in for 0xa1
04-08 14:13:26.018 11117 11117 E ArmVmp : Match on catch block at 0xc3 in for 0xa5
04-08 14:13:26.047 11117 11117 E ArmVmp : Match on catch block at 0xc3 in for 0xa1
04-08 14:13:26.051 11117 11117 E ArmVmp : Match on catch block at 0xc3 in for 0xa5
04-08 14:13:26.065 11117 11117 E ArmVmp : Match on catch block at 0xc3 in for 0xa1
04-08 14:13:26.069 11117 11117 E ArmVmp : Match on catch block at 0xc3 in for 0xa5
04-08 14:13:26.087 11117 11117 E ArmVmp : Match on catch block at 0xc3 in for 0xa1
04-08 14:13:26.090 11117 11117 E ArmVmp : Match on catch block at 0xc3 in for 0xa5
04-08 14:13:26.114 11117 11117 E ArmVmp : Match on catch block at 0xc3 in for 0xa1
04-08 14:13:26.118 11117 11117 E ArmVmp : Match on catch block at 0xc3 in for 0xa5
04-08 14:13:26.147 11117 11117 E ArmVmp : Match on catch block at 0xc3 in for 0xa1
04-08 14:13:26.152 11117 11117 E ArmVmp : Match on catch block at 0xc3 in for 0xa5
04-08 14:13:26.185 11117 11117 E ArmVmp : Match on catch block at 0x0a in for 0xa9
04-08 14:13:26.186 11117 11117 E ArmVmp : Match on catch block at 0x0a in for 0xa9
04-08 14:13:26.189 11117 11117 E ArmVmp : Match on catch block at 0x0a in for 0xa9
04-08 14:13:26.193 11117 11117 E ArmVmp : Match on catch block at 0x0a in for 0xa9
04-08 14:13:26.199 11117 11117 E ArmVmp : Match on catch block at 0xc3 in for 0xa1
04-08 14:13:26.203 11117 11117 E ArmVmp : Match on catch block at 0xc3 in for 0xa5
04-08 14:13:26.231 11117 11117 E ArmVmp : Match on catch block at 0xc3 in for 0xa1
04-08 14:13:26.234 11117 11117 E ArmVmp : Match on catch block at 0xc3 in for 0xa5
04-08 14:13:26.263 11117 11117 E ArmVmp : Match on catch block at 0xc3 in for 0xa1
04-08 14:13:26.266 11117 11117 E ArmVmp : Match on catch block at 0xc3 in for 0xa5
04-08 14:13:26.297 11117 11117 E ArmVmp : Match on catch block at 0xc3 in for 0xa1
04-08 14:13:26.300 11117 11117 E ArmVmp : Match on catch block at 0xc3 in for 0xa5
04-08 14:13:26.332 11117 11117 E ArmVmp : Match on catch block at 0xc3 in for 0xa1
04-08 14:13:26.336 11117 11117 E ArmVmp : Match on catch block at 0xc3 in for 0xa5
04-08 14:13:26.364 11117 11117 E ArmVmp : Match on catch block at 0xc3 in for 0xa1
04-08 14:13:26.368 11117 11117 E ArmVmp : Match on catch block at 0xc3 in for 0xa5
04-08 14:13:26.385 11117 11117 E ArmVmp : Match on catch block at 0xc3 in for 0xa1
04-08 14:13:26.388 11117 11117 E ArmVmp : Match on catch block at 0xc3 in for 0xa5
04-08 14:13:26.413 11117 11117 E ArmVmp : Match on catch block at 0xc3 in for 0xa1
04-08 14:13:26.415 11117 11117 E ArmVmp : Match on catch block at 0xc3 in for 0xa5
04-08 14:13:26.447 11117 11117 E ArmVmp : Match on catch block at 0xc3 in for 0xa1
04-08 14:13:26.450 11117 11117 E ArmVmp : Match on catch block at 0xc3 in for 0xa5
04-08 14:13:26.498 11117 11117 E ArmVmp : Match on catch block at 0xc3 in for 0xa1
04-08 14:13:26.502 11117 11117 E ArmVmp : Match on catch block at 0xc3 in for 0xa5
04-08 14:13:26.517 11117 11117 E ArmVmp : Match on catch block at 0xc3 in for 0xa1
04-08 14:13:26.522 11117 11117 E ArmVmp : Match on catch block at 0xc3 in for 0xa5
04-08 14:13:26.547 11117 11117 E ArmVmp : Match on catch block at 0xc3 in for 0xa1
04-08 14:13:26.551 11117 11117 E ArmVmp : Match on catch block at 0xc3 in for 0xa5
04-08 14:13:26.568 11117 11117 E ArmVmp : Match on catch block at 0xc3 in for 0xa1
04-08 14:13:26.572 11117 11117 E ArmVmp : Match on catch block at 0xc3 in for 0xa5
04-08 14:13:26.581 11117 11117 E ArmVmp : Match on catch block at 0xc3 in for 0xa1
04-08 14:13:26.584 11117 11117 E ArmVmp : Match on catch block at 0xc3 in for 0xa5
04-08 14:13:26.633 11117 11117 E ArmVmp : Match on catch block at 0xc3 in for 0xa1
04-08 14:13:26.635 11117 11117 E ArmVmp : Match on catch block at 0xc3 in for 0xa5
04-08 14:13:26.664 11117 11117 E ArmVmp : Match on catch block at 0xc3 in for 0xa1
04-08 14:13:26.667 11117 11117 E ArmVmp : Match on catch block at 0xc3 in for 0xa5
04-08 14:13:26.687 11117 11117 E ArmVmp : Match on catch block at 0xc3 in for 0xa1
04-08 14:13:26.690 11117 11117 E ArmVmp : Match on catch block at 0xc3 in for 0xa5
04-08 14:13:26.732 11117 11117 E ArmVmp : Match on catch block at 0xc3 in for 0xa1
04-08 14:13:26.736 11117 11117 E ArmVmp : Match on catch block at 0xc3 in for 0xa5
04-08 14:13:26.755 11117 11117 E ArmVmp : Match on catch block at 0xc3 in for 0xa1
04-08 14:13:26.758 11117 11117 E ArmVmp : Match on catch block at 0xc3 in for 0xa5
04-08 14:13:26.770 11117 11117 E ArmVmp : Match on catch block at 0x0a in for 0xa9
04-08 14:13:26.773 11117 11117 E ArmVmp : Match on catch block at 0x0a in for 0xa9
04-08 14:13:26.798 11117 11117 E ArmVmp : Match on catch block at 0xc3 in for 0xa1
04-08 14:13:26.801 11117 11117 E ArmVmp : Match on catch block at 0xc3 in for 0xa5
04-08 14:13:26.815 11117 11117 E ArmVmp : Match on catch block at 0xc3 in for 0xa1
04-08 14:13:26.818 11117 11117 E ArmVmp : Match on catch block at 0xc3 in for 0xa5
04-08 14:13:26.847 11117 11117 E ArmVmp : Match on catch block at 0xc3 in for 0xa1
04-08 14:13:26.849 11117 11117 E ArmVmp : Match on catch block at 0xc3 in for 0xa5
04-08 14:13:26.881 11117 11117 E ArmVmp : Match on catch block at 0xc3 in for 0xa1
04-08 14:13:26.883 11117 11117 E ArmVmp : Match on catch block at 0xc3 in for 0xa5
04-08 14:13:26.930 11117 11117 E ArmVmp : Match on catch block at 0xc3 in for 0xa1
04-08 14:13:26.933 11117 11117 E ArmVmp : Match on catch block at 0xc3 in for 0xa5
04-08 14:13:26.965 11117 11117 E ArmVmp : Match on catch block at 0xc3 in for 0xa1
04-08 14:13:26.969 11117 11117 E ArmVmp : Match on catch block at 0xc3 in for 0xa5
04-08 14:13:26.998 11117 11117 E ArmVmp : Match on catch block at 0xc3 in for 0xa1
04-08 14:13:27.002 11117 11117 E ArmVmp : Match on catch block at 0xc3 in for 0xa5
04-08 14:13:27.032 11117 11117 E ArmVmp : Match on catch block at 0xc3 in for 0xa1
04-08 14:13:27.035 11117 11117 E ArmVmp : Match on catch block at 0xc3 in for 0xa5
04-08 14:13:27.068 11117 11117 E ArmVmp : Match on catch block at 0xc3 in for 0xa1
04-08 14:13:27.072 11117 11117 E ArmVmp : Match on catch block at 0xc3 in for 0xa5
04-08 14:13:27.082 11117 11117 E ArmVmp : Match on catch block at 0xc3 in for 0xa1
04-08 14:13:27.086 11117 11117 E ArmVmp : Match on catch block at 0xc3 in for 0xa5
04-08 14:13:27.098 11117 11117 E ArmVmp : Match on catch block at 0xc3 in for 0xa1
04-08 14:13:27.104 11117 11117 E ArmVmp : Match on catch block at 0xc3 in for 0xa5
04-08 14:13:27.117 11117 11117 E ArmVmp : Match on catch block at 0xc3 in for 0xa1
04-08 14:13:27.121 11117 11117 E ArmVmp : Match on catch block at 0xc3 in for 0xa5
04-08 14:13:27.134 11117 11117 E ArmVmp : Match on catch block at 0xc3 in for 0xa1
04-08 14:13:27.139 11117 11117 E ArmVmp : Match on catch block at 0xc3 in for 0xa5
04-08 14:13:27.151 11117 11117 E ArmVmp : Match on catch block at 0xc3 in for 0xa1
04-08 14:13:27.155 11117 11117 E ArmVmp : Match on catch block at 0xc3 in for 0xa5
04-08 14:13:27.164 11117 11117 E ArmVmp : Match on catch block at 0xc3 in for 0xa1
04-08 14:13:27.166 11117 11117 E ArmVmp : Match on catch block at 0xc3 in for 0xa5
04-08 14:13:27.180 11117 11117 E ArmVmp : Match on catch block at 0xc3 in for 0xa1
04-08 14:13:27.183 11117 11117 E ArmVmp : Match on catch block at 0xc3 in for 0xa5
04-08 14:13:27.197 11117 11117 E ArmVmp : Match on catch block at 0xc3 in for 0xa1
04-08 14:13:27.199 11117 11117 E ArmVmp : Match on catch block at 0xc3 in for 0xa5
04-08 14:13:27.214 11117 11117 E ArmVmp : Match on catch block at 0xc3 in for 0xa1
04-08 14:13:27.216 11117 11117 E ArmVmp : Match on catch block at 0xc3 in for 0xa5
04-08 14:13:27.231 11117 11117 E ArmVmp : Match on catch block at 0xc3 in for 0xa1
04-08 14:13:27.233 11117 11117 E ArmVmp : Match on catch block at 0xc3 in for 0xa5
04-08 14:13:27.247 11117 11117 E ArmVmp : Match on catch block at 0xc3 in for 0xa1
04-08 14:13:27.250 11117 11117 E ArmVmp : Match on catch block at 0xc3 in for 0xa5
04-08 14:13:27.263 11117 11117 E ArmVmp : Match on catch block at 0xc3 in for 0xa1
04-08 14:13:27.267 11117 11117 E ArmVmp : Match on catch block at 0xc3 in for 0xa5
04-08 14:13:27.281 11117 11117 E ArmVmp : Match on catch block at 0xc3 in for 0xa1
04-08 14:13:27.286 11117 11117 E ArmVmp : Match on catch block at 0xc3 in for 0xa5
04-08 14:13:27.299 11117 11117 E ArmVmp : Match on catch block at 0xc3 in for 0xa1
04-08 14:13:27.302 11117 11117 E ArmVmp : Match on catch block at 0xc3 in for 0xa5
04-08 14:13:27.315 11117 11117 E ArmVmp : Match on catch block at 0xc3 in for 0xa1
04-08 14:13:27.317 11117 11117 E ArmVmp : Match on catch block at 0xc3 in for 0xa5
04-08 14:13:27.349 11117 11117 E ArmVmp : Match on catch block at 0xc3 in for 0xa1
04-08 14:13:27.352 11117 11117 E ArmVmp : Match on catch block at 0xc3 in for 0xa5
04-08 14:13:27.397 11117 11117 E ArmVmp : Match on catch block at 0xc3 in for 0xa1
04-08 14:13:27.400 11117 11117 E ArmVmp : Match on catch block at 0xc3 in for 0xa5
04-08 14:13:27.415 11117 11117 E ArmVmp : Match on catch block at 0xc3 in for 0xa1
04-08 14:13:27.416 11117 11117 E ArmVmp : Match on catch block at 0xc3 in for 0xa5
04-08 14:13:27.448 11117 11117 E ArmVmp : Match on catch block at 0xc3 in for 0xa1
04-08 14:13:27.450 11117 11117 E ArmVmp : Match on catch block at 0xc3 in for 0xa5
04-08 14:13:27.481 11117 11117 E ArmVmp : Match on catch block at 0xc3 in for 0xa1
04-08 14:13:27.484 11117 11117 E ArmVmp : Match on catch block at 0xc3 in for 0xa5
04-08 14:13:27.515 11117 11117 E ArmVmp : Match on catch block at 0xc3 in for 0xa1
04-08 14:13:27.517 11117 11117 E ArmVmp : Match on catch block at 0xc3 in for 0xa5
04-08 14:13:27.549 11117 11117 E ArmVmp : Match on catch block at 0xc3 in for 0xa1
04-08 14:13:27.553 11117 11117 E ArmVmp : Match on catch block at 0xc3 in for 0xa5
04-08 14:13:27.566 11117 11117 E ArmVmp : Match on catch block at 0xc3 in for 0xa1
04-08 14:13:27.570 11117 11117 E ArmVmp : Match on catch block at 0xc3 in for 0xa5
04-08 14:13:27.583 11117 11117 E ArmVmp : Match on catch block at 0xc3 in for 0xa1
04-08 14:13:27.587 11117 11117 E ArmVmp : Match on catch block at 0xc3 in for 0xa5
04-08 14:13:27.601 11117 11117 E ArmVmp : Match on catch block at 0xc3 in for 0xa1
04-08 14:13:27.604 11117 11117 E ArmVmp : Match on catch block at 0xc3 in for 0xa5
04-08 14:13:27.621 11117 11117 E ArmVmp : Match on catch block at 0x0a in for 0xa9
04-08 14:13:27.623 11117 11117 E ArmVmp : Match on catch block at 0x0a in for 0xa9
04-08 14:13:27.625 11117 11117 E ArmVmp : Match on catch block at 0x0a in for 0xa9
04-08 14:13:27.632 11117 11117 E ArmVmp : Match on catch block at 0xc3 in for 0xa1
04-08 14:13:27.635 11117 11117 E ArmVmp : Match on catch block at 0xc3 in for 0xa5
04-08 14:13:27.666 11117 11117 E ArmVmp : Match on catch block at 0xc3 in for 0xa1
04-08 14:13:27.670 11117 11117 E ArmVmp : Match on catch block at 0xc3 in for 0xa5
04-08 14:13:27.699 11117 11117 E ArmVmp : Match on catch block at 0xc3 in for 0xa1
04-08 14:13:27.704 11117 11117 E ArmVmp : Match on catch block at 0xc3 in for 0xa5
04-08 14:13:27.732 11117 11117 E ArmVmp : Match on catch block at 0xc3 in for 0xa1
04-08 14:13:27.736 11117 11117 E ArmVmp : Match on catch block at 0xc3 in for 0xa5
04-08 14:13:27.768 11117 11117 E ArmVmp : Match on catch block at 0xc3 in for 0xa1
04-08 14:13:27.772 11117 11117 E ArmVmp : Match on catch block at 0xc3 in for 0xa5
04-08 14:13:27.799 11117 11117 E ArmVmp : Match on catch block at 0xc3 in for 0xa1
04-08 14:13:27.803 11117 11117 E ArmVmp : Match on catch block at 0xc3 in for 0xa5
04-08 14:13:27.816 11117 11117 E ArmVmp : Match on catch block at 0xc3 in for 0xa1
04-08 14:13:27.825 11117 11117 E ArmVmp : Match on catch block at 0xc3 in for 0xa5
04-08 14:13:27.865 11117 11117 E ArmVmp : Match on catch block at 0xc3 in for 0xa1
04-08 14:13:27.869 11117 11117 E ArmVmp : Match on catch block at 0xc3 in for 0xa5
