04-08 14:14:55.469 11117 11117 E ArmVmp : Match on catch block at 0xc3 in for 0xa9
04-08 14:14:55.515 11117 11117 E ArmVmp : Match on catch block at 0xc3 in for 0xa9
04-08 14:14:55.520 11117 11117 E ArmVmp : Match on catch block at 0xc3 in for 0xa1
04-08 14:14:55.549 11117 11117 E ArmVmp : Match on catch block at 0xc3 in for 0xa1
04-08 14:14:55.554 11117 11117 E ArmVmp : Match on catch block at 0xc3 in for 0xa5
04-08 14:14:55.568 11117 11117 E ArmVmp : Match on catch block at 0xc3 in for 0xa5
04-08 14:14:55.573 11117 11117 E ArmVmp : Match on catch block at 0xc3 in for 0xa9
04-08 14:14:55.599 11117 11117 E ArmVmp : Match on catch block at 0xc3 in for 0xa9
04-08 14:14:55.603 11117 11117 E ArmVmp : Match on catch block at 0xc3 in for 0xa1
04-08 14:14:55.617 11117 11117 E ArmVmp : Match on catch block at 0xc3 in for 0xa1
04-08 14:14:55.622 11117 11117 E ArmVmp : Match on catch block at 0xc3 in for 0xa5
04-08 14:14:55.633 11117 11117 E ArmVmp : Match on catch block at 0xc3 in for 0xa5
04-08 14:14:55.638 11117 11117 E ArmVmp : Match on catch block at 0xc3 in for 0xa9
04-08 14:14:55.649 11117 11117 E ArmVmp : Match on catch block at 0xc3 in for 0xa9
04-08 14:14:55.653 11117 11117 E ArmVmp : Match on catch block at 0xc3 in for 0xa1
04-08 14:14:55.666 11117 11117 E ArmVmp : Match on catch block at 0xc3 in for 0xa1
04-08 14:14:55.671 11117 11117 E ArmVmp : Match on catch block at 0xc3 in for 0xa5
04-08 14:14:55.683 11117 11117 E ArmVmp : Match on catch block at 0xc3 in for 0xa5
04-08 14:14:55.687 11117 11117 E ArmVmp : Match on catch block at 0xc3 in for 0xa9
04-08 14:14:55.702 11117 11117 E ArmVmp : Match on catch block at 0xc3 in for 0xa9
04-08 14:14:55.706 11117 11117 E ArmVmp : Match on catch block at 0xc3 in for 0xa1
04-08 14:14:55.719 11117 11117 E ArmVmp : Match on catch block at 0xc3 in for 0xa1
04-08 14:14:55.724 11117 11117 E ArmVmp : Match on catch block at 0xc3 in for 0xa5
04-08 14:14:55.737 11117 11117 E ArmVmp : Match on catch block at 0xc3 in for 0xa5
04-08 14:14:55.742 11117 11117 E ArmVmp : Match on catch block at 0xc3 in for 0xa9
04-08 14:14:55.755 11117 11117 E ArmVmp : Match on catch block at 0xc3 in for 0xa9
04-08 14:14:55.759 11117 11117 E ArmVmp : Match on catch block at 0xc3 in for 0xa1
04-08 14:14:55.766 11117 11117 E ArmVmp : Match on catch block at 0xc3 in for 0xa1
04-08 14:14:55.772 11117 11117 E ArmVmp : Match on catch block at 0xc3 in for 0xa5
04-08 14:14:55.784 11117 11117 E ArmVmp : Match on catch block at 0xc3 in for 0xa5
04-08 14:14:55.788 11117 11117 E ArmVmp : Match on catch block at 0xc3 in for 0xa9
04-08 14:14:55.801 11117 11117 E ArmVmp : Match on catch block at 0xc3 in for 0xa9
04-08 14:14:55.806 11117 11117 E ArmVmp : Match on catch block at 0xc3 in for 0xa1
04-08 14:14:55.819 11117 11117 E ArmVmp : Match on catch block at 0xc3 in for 0xa1
04-08 14:14:55.822 11117 11117 E ArmVmp : Match on catch block at 0xc3 in for 0xa5
04-08 14:14:55.833 11117 11117 E ArmVmp : Match on catch block at 0xc3 in for 0xa5
04-08 14:14:55.837 11117 11117 E ArmVmp : Match on catch block at 0xc3 in for 0xa9
04-08 14:14:55.848 11117 11117 E ArmVmp : Match on catch block at 0xc3 in for 0xa9
04-08 14:14:55.853 11117 11117 E ArmVmp : Match on catch block at 0xc3 in for 0xa1
04-08 14:14:55.865 11117 11117 E ArmVmp : Match on catch block at 0xc3 in for 0xa9
04-08 14:14:55.871 11117 11117 E ArmVmp : Match on catch block at 0xc3 in for 0xa1
04-08 14:14:55.881 11117 11117 E ArmVmp : Match on catch block at 0xc3 in for 0xa1
04-08 14:14:55.885 11117 11117 E ArmVmp : Match on catch block at 0xc3 in for 0xa5
04-08 14:14:56.083 11117 11117 E ArmVmp : Match on catch block at 0xc3 in for 0xa9
04-08 14:14:56.088 11117 11117 E ArmVmp : Match on catch block at 0xc3 in for 0xa1
04-08 14:14:56.587 11117 11117 E ArmVmp : Match on catch block at 0xc3 in for 0xa1
04-08 14:14:56.592 11117 11117 E ArmVmp : Match on catch block at 0xc3 in for 0xa5
04-08 14:14:57.086 11117 11117 E ArmVmp : Match on catch block at 0xc3 in for 0xa5
04-08 14:14:57.090 11117 11117 E ArmVmp : Match on catch block at 0xc3 in for 0xa9
04-08 14:14:57.588 11117 11117 E ArmVmp : Match on catch block at 0xc3 in for 0xa9
04-08 14:14:57.595 11117 11117 E ArmVmp : Match on catch block at 0xc3 in for 0xa1
04-08 14:14:58.088 11117 11117 E ArmVmp : Match on catch block at 0xc3 in for 0xa1
04-08 14:14:58.093 11117 11117 E ArmVmp : Match on catch block at 0xc3 in for 0xa5
04-08 14:14:58.241 11117 13816 W libEGL : EGLNativeWindowType 0xb400007cc2647300
disconnect failed
04-08 14:14:58.254 11117 11117 W InputEventReceiver: Attempted to finish an input
event but the input event receiver has already been disposed.
04-08 14:14:58.259 11117 11117 E ArmVmp : Match on catch block at 0xc3 in for 0xa9
04-08 14:14:58.263 11117 11117 E ArmVmp : Match on catch block at 0xc3 in for 0xa1
04-08 14:14:58.358 11117 11117 E ArmVmp : Match on catch block at 0xc3 in for 0xa9
04-08 14:14:58.360 11117 11117 E ArmVmp : Match on catch block at 0xc3 in for 0xa1
04-08 14:14:58.428 11117 11117 E ArmVmp : Match on catch block at 0xc3 in for 0xa5
04-08 14:14:58.431 11117 11117 E ArmVmp : Match on catch block at 0xc3 in for 0xa9
04-08 14:14:58.439 11117 11117 E ArmVmp : Match on catch block at 0xc3 in for 0xa9
04-08 14:14:58.442 11117 11117 E ArmVmp : Match on catch block at 0xc3 in for 0xa1
04-08 14:14:58.585 11117 11117 E ArmVmp : Match on catch block at 0xc3 in for 0xa1
04-08 14:14:58.589 11117 11117 E ArmVmp : Match on catch block at 0xc3 in for 0xa5
04-08 14:14:58.971 11117 11117 E ArmVmp : Match on catch block at 0xc3 in for 0xa9
04-08 14:14:58.974 11117 11117 E ArmVmp : Match on catch block at 0xc3 in for 0xa1
04-08 14:14:58.991 11117 11117 E ArmVmp : Match on catch block at 0xc3 in for 0xa1
04-08 14:14:58.994 11117 11117 E ArmVmp : Match on catch block at 0xc3 in for 0xa5
04-08 14:14:59.002 11117 11117 E ArmVmp : Match on catch block at 0xc3 in for 0xa5
04-08 14:14:59.006 11117 11117 E ArmVmp : Match on catch block at 0xc3 in for 0xa9
04-08 14:14:59.018 11117 11117 E ArmVmp : Match on catch block at 0xc3 in for 0xa9
04-08 14:14:59.022 11117 11117 E ArmVmp : Match on catch block at 0xc3 in for 0xa1
04-08 14:14:59.035 11117 11117 E ArmVmp : Match on catch block at 0xc3 in for 0xa1
04-08 14:14:59.040 11117 11117 E ArmVmp : Match on catch block at 0xc3 in for 0xa5
04-08 14:14:59.051 11117 11117 E ArmVmp : Match on catch block at 0xc3 in for 0xa5
04-08 14:14:59.055 11117 11117 E ArmVmp : Match on catch block at 0xc3 in for 0xa9
04-08 14:14:59.068 11117 11117 E ArmVmp : Match on catch block at 0xc3 in for 0xa9
04-08 14:14:59.071 11117 11117 E ArmVmp : Match on catch block at 0xc3 in for 0xa1
04-08 14:14:59.087 11117 11117 E ArmVmp : Match on catch block at 0xc3 in for 0xa1
04-08 14:14:59.091 11117 11117 E ArmVmp : Match on catch block at 0xc3 in for 0xa5
04-08 14:14:59.101 11117 11117 E ArmVmp : Match on catch block at 0xc3 in for 0xa5
04-08 14:14:59.105 11117 11117 E ArmVmp : Match on catch block at 0xc3 in for 0xa9
04-08 14:14:59.118 11117 11117 E ArmVmp : Match on catch block at 0xc3 in for 0xa9
04-08 14:14:59.122 11117 11117 E ArmVmp : Match on catch block at 0xc3 in for 0xa1
04-08 14:14:59.135 11117 11117 E ArmVmp : Match on catch block at 0xc3 in for 0xa1
04-08 14:14:59.138 11117 11117 E ArmVmp : Match on catch block at 0xc3 in for 0xa5
04-08 14:14:59.152 11117 11117 E ArmVmp : Match on catch block at 0xc3 in for 0xa5
04-08 14:14:59.160 11117 11117 E ArmVmp : Match on catch block at 0xc3 in for 0xa9
04-08 14:14:59.168 11117 11117 E ArmVmp : Match on catch block at 0xc3 in for 0xa9
04-08 14:14:59.172 11117 11117 E ArmVmp : Match on catch block at 0xc3 in for 0xa1
04-08 14:14:59.252 11117 11117 E ArmVmp : Match on catch block at 0xc3 in for 0xa1
04-08 14:14:59.254 11117 11117 E ArmVmp : Match on catch block at 0xc3 in for 0xa5
04-08 14:14:59.386 11117 11117 E ArmVmp : Match on catch block at 0xc3 in for 0xa5
04-08 14:14:59.390 11117 11117 E ArmVmp : Match on catch block at 0xc3 in for 0xa9
04-08 14:14:59.569 11117 11117 E ArmVmp : Match on catch block at 0xc3 in for 0xa9
04-08 14:14:59.574 11117 11117 E ArmVmp : Match on catch block at 0xc3 in for 0xa1
04-08 14:14:59.669 11117 11117 E ArmVmp : Match on catch block at 0xc3 in for 0xa1
04-08 14:14:59.674 11117 11117 E ArmVmp : Match on catch block at 0xc3 in for 0xa5
04-08 14:14:59.770 11117 11117 E ArmVmp : Match on catch block at 0xc3 in for 0xa5
04-08 14:14:59.778 11117 11117 E ArmVmp : Match on catch block at 0xc3 in for 0xa9
04-08 14:15:00.020 11117 11117 E ArmVmp : Match on catch block at 0xc3 in for 0xa9
04-08 14:15:00.024 11117 11117 E ArmVmp : Match on catch block at 0xc3 in for 0xa1
04-08 14:15:00.036 11117 11117 E ArmVmp : Match on catch block at 0xc3 in for 0xa1
04-08 14:15:00.041 11117 11117 E ArmVmp : Match on catch block at 0xc3 in for 0xa5
04-08 14:15:00.054 11117 11117 E ArmVmp : Match on catch block at 0xc3 in for 0xa5
04-08 14:15:00.059 11117 11117 E ArmVmp : Match on catch block at 0xc3 in for 0xa9
04-08 14:15:00.070 11117 11117 E ArmVmp : Match on catch block at 0xc3 in for 0xa9
04-08 14:15:00.074 11117 11117 E ArmVmp : Match on catch block at 0xc3 in for 0xa1
04-08 14:15:00.087 11117 11117 E ArmVmp : Match on catch block at 0xc3 in for 0xa1
04-08 14:15:00.091 11117 11117 E ArmVmp : Match on catch block at 0xc3 in for 0xa5
04-08 14:15:00.103 11117 11117 E ArmVmp : Match on catch block at 0xc3 in for 0xa5
04-08 14:15:00.108 11117 11117 E ArmVmp : Match on catch block at 0xc3 in for 0xa9
04-08 14:15:00.119 11117 11117 E ArmVmp : Match on catch block at 0xc3 in for 0xa9
04-08 14:15:00.124 11117 11117 E ArmVmp : Match on catch block at 0xc3 in for 0xa1
04-08 14:15:00.136 11117 11117 E ArmVmp : Match on catch block at 0xc3 in for 0xa1
04-08 14:15:00.139 11117 11117 E ArmVmp : Match on catch block at 0xc3 in for 0xa5
04-08 14:15:00.153 11117 11117 E ArmVmp : Match on catch block at 0xc3 in for 0xa5
04-08 14:15:00.157 11117 11117 E ArmVmp : Match on catch block at 0xc3 in for 0xa9
04-08 14:15:00.169 11117 11117 E ArmVmp : Match on catch block at 0xc3 in for 0xa9
04-08 14:15:00.173 11117 11117 E ArmVmp : Match on catch block at 0xc3 in for 0xa1
04-08 14:15:00.186 11117 11117 E ArmVmp : Match on catch block at 0xc3 in for 0xa1
04-08 14:15:00.190 11117 11117 E ArmVmp : Match on catch block at 0xc3 in for 0xa5
04-08 14:15:00.202 11117 11117 E ArmVmp : Match on catch block at 0xc3 in for 0xa5
04-08 14:15:00.206 11117 11117 E ArmVmp : Match on catch block at 0xc3 in for 0xa9
04-08 14:15:00.219 11117 11117 E ArmVmp : Match on catch block at 0xc3 in for 0xa9
04-08 14:15:00.223 11117 11117 E ArmVmp : Match on catch block at 0xc3 in for 0xa1
04-08 14:15:00.236 11117 11117 E ArmVmp : Match on catch block at 0xc3 in for 0xa1
04-08 14:15:00.240 11117 11117 E ArmVmp : Match on catch block at 0xc3 in for 0xa5
04-08 14:15:00.254 11117 11117 E ArmVmp : Match on catch block at 0xc3 in for 0xa1
04-08 14:15:00.258 11117 11117 E ArmVmp : Match on catch block at 0xc3 in for 0xa5
04-08 14:15:00.270 11117 11117 E ArmVmp : Match on catch block at 0xc3 in for 0xa5
04-08 14:15:00.274 11117 11117 E ArmVmp : Match on catch block at 0xc3 in for 0xa9
04-08 14:15:00.286 11117 11117 E ArmVmp : Match on catch block at 0xc3 in for 0xa9
04-08 14:15:00.289 11117 11117 E ArmVmp : Match on catch block at 0xc3 in for 0xa1
04-08 14:15:00.337 11117 11117 E ArmVmp : Match on catch block at 0xc3 in for 0xa5
04-08 14:15:00.341 11117 11117 E ArmVmp : Match on catch block at 0xc3 in for 0xa9
04-08 14:15:00.365 11117 11117 E ArmVmp : Match on catch block at 0xc3 in for 0xa5
04-08 14:15:00.368 11117 11117 E ArmVmp : Match on catch block at 0xc3 in for 0xa9
04-08 14:15:00.383 11117 11117 E ArmVmp : Match on catch block at 0xc3 in for 0xa1
04-08 14:15:00.386 11117 11117 E ArmVmp : Match on catch block at 0xc3 in for 0xa5
04-08 14:15:00.391 11117 11117 E ArmVmp : Match on catch block at 0xc3 in for 0xa5
04-08 14:15:00.393 11117 11117 E ArmVmp : Match on catch block at 0xc3 in for 0xa9
04-08 14:15:00.420 11117 11117 E ArmVmp : Match on catch block at 0xc3 in for 0xa9
04-08 14:15:00.423 11117 11117 E ArmVmp : Match on catch block at 0xc3 in for 0xa1
04-08 14:15:00.435 11117 11117 E ArmVmp : Match on catch block at 0xc3 in for 0xa5
04-08 14:15:00.437 11117 11117 E ArmVmp : Match on catch block at 0xc3 in for 0xa9
04-08 14:15:00.447 11117 11117 E ArmVmp : Match on catch block at 0xc3 in for 0xa9
04-08 14:15:00.449 11117 11117 E ArmVmp : Match on catch block at 0xc3 in for 0xa1
04-08 14:15:00.453 11117 11117 E ArmVmp : Match on catch block at 0xc3 in for 0xa1
04-08 14:15:00.455 11117 11117 E ArmVmp : Match on catch block at 0xc3 in for 0xa5
04-08 14:15:00.469 11117 11117 E ArmVmp : Match on catch block at 0xc3 in for 0xa5
04-08 14:15:00.472 11117 11117 E ArmVmp : Match on catch block at 0xc3 in for 0xa9
04-08 14:15:00.486 11117 11117 E ArmVmp : Match on catch block at 0xc3 in for 0xa9
04-08 14:15:00.489 11117 11117 E ArmVmp : Match on catch block at 0xc3 in for 0xa1
04-08 14:15:00.503 11117 11117 E ArmVmp : Match on catch block at 0xc3 in for 0xa1
04-08 14:15:00.506 11117 11117 E ArmVmp : Match on catch block at 0xc3 in for 0xa5
04-08 14:15:00.520 11117 11117 E ArmVmp : Match on catch block at 0xc3 in for 0xa5
04-08 14:15:00.522 11117 11117 E ArmVmp : Match on catch block at 0xc3 in for 0xa9
04-08 14:15:00.536 11117 11117 E ArmVmp : Match on catch block at 0xc3 in for 0xa9
04-08 14:15:00.539 11117 11117 E ArmVmp : Match on catch block at 0xc3 in for 0xa1
04-08 14:15:00.553 11117 11117 E ArmVmp : Match on catch block at 0xc3 in for 0xa1
04-08 14:15:00.556 11117 11117 E ArmVmp : Match on catch block at 0xc3 in for 0xa5
04-08 14:15:00.594 11117 11117 E ArmVmp : Match on catch block at 0xc3 in for 0xa9
04-08 14:15:00.597 11117 11117 E ArmVmp : Match on catch block at 0xc3 in for 0xa1
04-08 14:15:00.605 11117 11117 E ArmVmp : Match on catch block at 0xc3 in for 0xa1
04-08 14:15:00.605 11117 13829 W MediaPlayer: Use of stream types is deprecated for
operations other than volume control
04-08 14:15:00.605 11117 13829 W MediaPlayer: See the documentation of
setAudioStreamType() for what to use instead with android.media.AudioAttributes to
qualify your playback use case
04-08 14:15:00.607 11117 11117 E ArmVmp : Match on catch block at 0xc3 in for 0xa5
04-08 14:15:00.871 11117 11117 E ArmVmp : Match on catch block at 0xc3 in for 0xa1
04-08 14:15:00.875 11117 11117 E ArmVmp : Match on catch block at 0xc3 in for 0xa5
04-08 14:15:01.372 11117 11117 E ArmVmp : Match on catch block at 0xc3 in for 0xa1
04-08 14:15:01.376 11117 11117 E ArmVmp : Match on catch block at 0xc3 in for 0xa5
04-08 14:15:01.455 11117 11117 E ArmVmp : Match on catch block at 0xc3 in for 0xa1
04-08 14:15:01.460 11117 11117 E ArmVmp : Match on catch block at 0xc3 in for 0xa5
04-08 14:15:01.488 11117 11117 E ArmVmp : Match on catch block at 0xc3 in for 0xa1
04-08 14:15:01.493 11117 11117 E ArmVmp : Match on catch block at 0xc3 in for 0xa5
04-08 14:15:01.547 11117 11117 E ArmVmp : Match on catch block at 0xc3 in for 0xa5
04-08 14:15:01.549 11117 11117 E ArmVmp : Match on catch block at 0xc3 in for 0xa9
04-08 14:15:01.562 11117 13816 W libEGL : EGLNativeWindowType 0xb400007cc28c5dc0
disconnect failed
04-08 14:15:01.573 11117 11117 E ArmVmp : Match on catch block at 0xc3 in for 0xa9
04-08 14:15:01.579 11117 11117 E ArmVmp : Match on catch block at 0xc3 in for 0xa1
04-08 14:15:01.585 11117 11117 E ArmVmp : Match on catch block at 0xc3 in for 0xa1
04-08 14:15:01.588 11117 11117 E ArmVmp : Match on catch block at 0xc3 in for 0xa5
04-08 14:15:01.624 11117 11117 E ArmVmp : Match on catch block at 0xc3 in for 0xa5
04-08 14:15:01.627 11117 11117 E ArmVmp : Match on catch block at 0xc3 in for 0xa9
04-08 14:15:01.639 11117 11117 E ArmVmp : Match on catch block at 0xc3 in for 0xa9
04-08 14:15:01.642 11117 11117 E ArmVmp : Match on catch block at 0xc3 in for 0xa1
04-08 14:15:01.872 11117 11117 E ArmVmp : Match on catch block at 0xc3 in for 0xa1
04-08 14:15:01.877 11117 11117 E ArmVmp : Match on catch block at 0xc3 in for 0xa5
04-08 14:15:01.911 11117 11117 E ArmVmp : Match on catch block at 0xc3 in for 0xa1
04-08 14:15:01.914 11117 11117 E ArmVmp : Match on catch block at 0xc3 in for 0xa5
04-08 14:15:01.927 11117 11117 E ArmVmp : Match on catch block at 0xc3 in for 0xa5
04-08 14:15:01.931 11117 11117 E ArmVmp : Match on catch block at 0xc3 in for 0xa9
04-08 14:15:02.354 11117 11117 E Dialog : show dialog
view=DecorView@cbf4e20[Conversation]
04-08 14:15:02.360 11117 11117 E ArmVmp : Match on catch block at 0xc3 in for 0xa9
04-08 14:15:02.363 11117 11117 E ArmVmp : Match on catch block at 0xc3 in for 0xa1
04-08 14:15:02.375 11117 11117 E ArmVmp : Match on catch block at 0xc3 in for 0xa5
04-08 14:15:02.424 11117 11117 E ArmVmp : Match on catch block at 0xc3 in for 0xa9
04-08 14:15:02.429 11117 11117 E ArmVmp : Match on catch block at 0xc3 in for 0xa1
04-08 14:15:02.441 11117 11117 E ArmVmp : Match on catch block at 0xc3 in for 0xa5
04-08 14:15:02.450 11117 11117 E ArmVmp : Match on catch block at 0xc3 in for 0xa9
04-08 14:15:02.452 11117 11117 E ArmVmp : Match on catch block at 0xc3 in for 0xa1
04-08 14:15:02.463 11117 11117 E ArmVmp : Match on catch block at 0xc3 in for 0xa5
04-08 14:15:02.490 11117 11117 E ArmVmp : Match on catch block at 0xc3 in for 0xa9
04-08 14:15:02.493 11117 11117 E ArmVmp : Match on catch block at 0xc3 in for 0xa1
04-08 14:15:02.506 11117 11117 E ArmVmp : Match on catch block at 0xc3 in for 0xa5
04-08 14:15:02.524 11117 11117 E ArmVmp : Match on catch block at 0xc3 in for 0xa9
04-08 14:15:02.528 11117 11117 E ArmVmp : Match on catch block at 0xc3 in for 0xa1
04-08 14:15:02.540 11117 11117 E ArmVmp : Match on catch block at 0xc3 in for 0xa5
04-08 14:15:02.966 11117 13816 W libEGL : EGLNativeWindowType 0xb400007cc2647300
disconnect failed
04-08 14:15:02.997 11117 11117 E ArmVmp : Match on catch block at 0xc3 in for 0xa5
04-08 14:15:03.000 11117 11117 E ArmVmp : Match on catch block at 0xc3 in for 0xa9
04-08 14:15:03.010 11117 11228 E SQLiteDatabase: Error inserting transferred=0
media_job_uuid=f68c4045-a30f-4f39-bca3-b6909772baa4 transcoded=1 gif_attribution=0
first_scan_length=0 direct_path=null thumbnail_height_width_ratio=1.0
is_animated_sticker=0 file_hash=1ra6IVuYRC1P2oYAbhuJHfJy8tY+hseYy6k5l8VQjd4=
file_path=/data/user/0/com.mbwhatsapp/files/Stickers/1ra6IVuYRC1P2oYAbhuJHfJy8tY+hs
eYy6k5l8VQjd4=.webp file_size=22146 partial_media_hash=null face_x=0 face_y=0
height=64 trim_to=0 media_key_timestamp=0 message_url=null media_caption=null
trim_from=0 mime_type=image/webp partial_media_enc_hash=null width=64
original_file_hash=null has_streaming_sidecar=0 autotransfer_retry_enabled=1
media_upload_handle=null message_row_id=31555 multicast_id=null enc_file_hash=null
mute_video=0 page_count=0 first_scan_sidecar=null suspicious_content=0
file_length=22146 media_name=1ra6IVuYRC1P2oYAbhuJHfJy8tY+hseYy6k5l8VQjd4=.webp
media_duration=0 chat_row_id=1320 media_key=null
04-08 14:15:03.010 11117 11228 E SQLiteDatabase:
android.database.sqlite.SQLiteConstraintException: UNIQUE constraint failed:
message_media.message_row_id (code 1555 SQLITE_CONSTRAINT_PRIMARYKEY)
04-08 14:15:03.010 11117 11228 E SQLiteDatabase: at
android.database.sqlite.SQLiteConnection.nativeExecuteForLastInsertedRowId(Native
Method)
04-08 14:15:03.010 11117 11228 E SQLiteDatabase: at
android.database.sqlite.SQLiteConnection.executeForLastInsertedRowId(SQLiteConnecti
on.java:938)
04-08 14:15:03.010 11117 11228 E SQLiteDatabase: at
android.database.sqlite.SQLiteSession.executeForLastInsertedRowId(SQLiteSession.jav
a:790)
04-08 14:15:03.010 11117 11228 E SQLiteDatabase: at
android.database.sqlite.SQLiteStatement.executeInsert(SQLiteStatement.java:88)
04-08 14:15:03.010 11117 11228 E SQLiteDatabase: at
android.database.sqlite.SQLiteDatabase.insertWithOnConflict(SQLiteDatabase.java:170
1)
04-08 14:15:03.010 11117 11228 E SQLiteDatabase: at
android.database.sqlite.SQLiteDatabase.insert(SQLiteDatabase.java:1570)
04-08 14:15:03.010 11117 11228 E SQLiteDatabase: at X.2tm.A08(Unknown
Source:6)
04-08 14:15:03.010 11117 11228 E SQLiteDatabase: at X.35Y.A07(Unknown
Source:212)
04-08 14:15:03.010 11117 11228 E SQLiteDatabase: at X.3QF.A14(Unknown
Source:470)
04-08 14:15:03.010 11117 11228 E SQLiteDatabase: at X.3gU.run(Unknown
Source:982)
04-08 14:15:03.010 11117 11228 E SQLiteDatabase: at
android.os.Handler.handleCallback(Handler.java:938)
04-08 14:15:03.010 11117 11228 E SQLiteDatabase: at
android.os.Handler.dispatchMessage(Handler.java:99)
04-08 14:15:03.010 11117 11228 E SQLiteDatabase: at
X.0zq.dispatchMessage(Unknown Source:4)
04-08 14:15:03.010 11117 11228 E SQLiteDatabase: at
android.os.Looper.loop(Looper.java:240)
04-08 14:15:03.010 11117 11228 E SQLiteDatabase: at
android.os.HandlerThread.run(HandlerThread.java:67)
04-08 14:15:03.013 11117 11117 E ArmVmp : Match on catch block at 0xc3 in for 0xa1
04-08 14:15:03.034 11117 11117 E ArmVmp : Match on catch block at 0xc3 in for 0xa5
04-08 14:15:03.036 11117 11117 E ArmVmp : Match on catch block at 0xc3 in for 0xa9
04-08 14:15:03.077 11117 11117 E ArmVmp : Match on catch block at 0xc3 in for 0xa5
04-08 14:15:03.080 11117 11117 E ArmVmp : Match on catch block at 0xc3 in for 0xa9
04-08 14:15:03.099 11117 11117 E ArmVmp : Match on catch block at 0xc3 in for 0xa9
04-08 14:15:03.102 11117 11117 E ArmVmp : Match on catch block at 0xc3 in for 0xa1
04-08 14:15:03.119 11117 11117 E ArmVmp : Match on catch block at 0xc3 in for 0xa5
04-08 14:15:03.122 11117 11117 E ArmVmp : Match on catch block at 0xc3 in for 0xa9
04-08 14:15:03.129 11117 11117 E ArmVmp : Match on catch block at 0x0a in for 0xa5
04-08 14:15:03.343 11117 11228 E SQLiteDatabase: Error inserting transferred=1
media_job_uuid=f68c4045-a30f-4f39-bca3-b6909772baa4 transcoded=1 gif_attribution=0
first_scan_length=0 direct_path=/v/t62.15575-
24/40992191_439848318418339_7388744982511075758_n.enc?ccb=11-
4&oh=01_ASDOkME1O25WTcTtNHWPQuLAx0fiQqJxFvhhh6pQ2OE9BA&oe=663BBB87&_nc_sid=5e03e0
thumbnail_height_width_ratio=1.0 is_animated_sticker=0
file_hash=1ra6IVuYRC1P2oYAbhuJHfJy8tY+hseYy6k5l8VQjd4= file_path=Media/MBWhatsApp
Stickers/STK-20240408-WA0063.webp file_size=22146 partial_media_hash=null face_x=0
face_y=0 height=64 trim_to=0 media_key_timestamp=1712607384672
message_url=https://mmg.whatsapp.net/v/t62.15575-
24/40992191_439848318418339_7388744982511075758_n.enc?ccb=11-
4&oh=01_ASDOkME1O25WTcTtNHWPQuLAx0fiQqJxFvhhh6pQ2OE9BA&oe=663BBB87&_nc_sid=5e03e0&m
ms3=true media_caption=null trim_from=0 mime_type=image/webp
partial_media_enc_hash=null width=64 original_file_hash=null
has_streaming_sidecar=0 autotransfer_retry_enabled=0 media_upload_handle=null
message_row_id=31555 multicast_id=null
enc_file_hash=EblsSnQT8yLtDVZXWTw5UfENpylgwBhlGBXDSvSWKJU= mute_video=0
page_count=0 first_scan_sidecar=null suspicious_content=0 file_length=22146
media_name=1ra6IVuYRC1P2oYAbhuJHfJy8tY+hseYy6k5l8VQjd4=.webp media_duration=0
chat_row_id=1320 media_key=[B@8663be6
04-08 14:15:03.343 11117 11228 E SQLiteDatabase:
android.database.sqlite.SQLiteConstraintException: UNIQUE constraint failed:
message_media.message_row_id (code 1555 SQLITE_CONSTRAINT_PRIMARYKEY)
04-08 14:15:03.343 11117 11228 E SQLiteDatabase: at
android.database.sqlite.SQLiteConnection.nativeExecuteForLastInsertedRowId(Native
Method)
04-08 14:15:03.343 11117 11228 E SQLiteDatabase: at
android.database.sqlite.SQLiteConnection.executeForLastInsertedRowId(SQLiteConnecti
on.java:938)
04-08 14:15:03.343 11117 11228 E SQLiteDatabase: at
android.database.sqlite.SQLiteSession.executeForLastInsertedRowId(SQLiteSession.jav
a:790)
04-08 14:15:03.343 11117 11228 E SQLiteDatabase: at
android.database.sqlite.SQLiteStatement.executeInsert(SQLiteStatement.java:88)
04-08 14:15:03.343 11117 11228 E SQLiteDatabase: at
android.database.sqlite.SQLiteDatabase.insertWithOnConflict(SQLiteDatabase.java:170
1)
04-08 14:15:03.343 11117 11228 E SQLiteDatabase: at
android.database.sqlite.SQLiteDatabase.insert(SQLiteDatabase.java:1570)
04-08 14:15:03.343 11117 11228 E SQLiteDatabase: at X.2tm.A08(Unknown
Source:6)
04-08 14:15:03.343 11117 11228 E SQLiteDatabase: at X.35Y.A07(Unknown
Source:212)
04-08 14:15:03.343 11117 11228 E SQLiteDatabase: at X.3QF.A14(Unknown
Source:470)
04-08 14:15:03.343 11117 11228 E SQLiteDatabase: at X.3gU.run(Unknown
Source:982)
04-08 14:15:03.343 11117 11228 E SQLiteDatabase: at
android.os.Handler.handleCallback(Handler.java:938)
04-08 14:15:03.343 11117 11228 E SQLiteDatabase: at
android.os.Handler.dispatchMessage(Handler.java:99)
04-08 14:15:03.343 11117 11228 E SQLiteDatabase: at
X.0zq.dispatchMessage(Unknown Source:4)
04-08 14:15:03.343 11117 11228 E SQLiteDatabase: at
android.os.Looper.loop(Looper.java:240)
04-08 14:15:03.343 11117 11228 E SQLiteDatabase: at
android.os.HandlerThread.run(HandlerThread.java:67)
04-08 14:15:03.383 11117 11117 E ArmVmp : Match on catch block at 0xc3 in for 0xa5
04-08 14:15:03.386 11117 11117 E ArmVmp : Match on catch block at 0xc3 in for 0xa9
04-08 14:15:03.404 11117 11117 E ArmVmp : Match on catch block at 0xc3 in for 0xa9
04-08 14:15:03.407 11117 11117 E ArmVmp : Match on catch block at 0xc3 in for 0xa1
04-08 14:15:03.564 11117 11117 E ArmVmp : Match on catch block at 0xc3 in for 0xa9
04-08 14:15:03.568 11117 11117 E ArmVmp : Match on catch block at 0xc3 in for 0xa1
04-08 14:15:03.576 11117 13829 W MediaPlayer: Use of stream types is deprecated for
operations other than volume control
04-08 14:15:03.576 11117 13829 W MediaPlayer: See the documentation of
setAudioStreamType() for what to use instead with android.media.AudioAttributes to
qualify your playback use case
04-08 14:15:03.578 11117 11117 E ArmVmp : Match on catch block at 0xc3 in for 0xa1
04-08 14:15:03.585 11117 11117 E ArmVmp : Match on catch block at 0xc3 in for 0xa5
04-08 14:15:04.095 11117 11117 E ArmVmp : Match on catch block at 0xc3 in for 0xa5
04-08 14:15:04.100 11117 11117 E ArmVmp : Match on catch block at 0xc3 in for 0xa9
04-08 14:15:04.594 11117 11117 E ArmVmp : Match on catch block at 0xc3 in for 0xa9
04-08 14:15:04.599 11117 11117 E ArmVmp : Match on catch block at 0xc3 in for 0xa1
04-08 14:15:05.095 11117 11117 E ArmVmp : Match on catch block at 0xc3 in for 0xa1
04-08 14:15:05.099 11117 11117 E ArmVmp : Match on catch block at 0xc3 in for 0xa5
04-08 14:15:05.176 11117 11117 E ArmVmp : Match on catch block at 0xc3 in for 0xa5
04-08 14:15:05.181 11117 11117 E ArmVmp : Match on catch block at 0xc3 in for 0xa9
04-08 14:15:05.191 11117 11117 E ArmVmp : Match on catch block at 0xc3 in for 0xa9
04-08 14:15:05.194 11117 11117 E ArmVmp : Match on catch block at 0xc3 in for 0xa1
04-08 14:15:05.207 11117 11117 E ArmVmp : Match on catch block at 0xc3 in for 0xa1
04-08 14:15:05.211 11117 11117 E ArmVmp : Match on catch block at 0xc3 in for 0xa5
04-08 14:15:05.224 11117 11117 E ArmVmp : Match on catch block at 0xc3 in for 0xa5
04-08 14:15:05.228 11117 11117 E ArmVmp : Match on catch block at 0xc3 in for 0xa9
04-08 14:15:05.240 11117 11117 E ArmVmp : Match on catch block at 0xc3 in for 0xa9
04-08 14:15:05.244 11117 11117 E ArmVmp : Match on catch block at 0xc3 in for 0xa1
04-08 14:15:05.257 11117 11117 E ArmVmp : Match on catch block at 0xc3 in for 0xa1
04-08 14:15:05.260 11117 11117 E ArmVmp : Match on catch block at 0xc3 in for 0xa5
04-08 14:15:05.274 11117 11117 E ArmVmp : Match on catch block at 0xc3 in for 0xa5
04-08 14:15:05.277 11117 11117 E ArmVmp : Match on catch block at 0xc3 in for 0xa9
04-08 14:15:05.290 11117 11117 E ArmVmp : Match on catch block at 0xc3 in for 0xa9
04-08 14:15:05.294 11117 11117 E ArmVmp : Match on catch block at 0xc3 in for 0xa1
04-08 14:15:05.307 11117 11117 E ArmVmp : Match on catch block at 0xc3 in for 0xa1
04-08 14:15:05.311 11117 11117 E ArmVmp : Match on catch block at 0xc3 in for 0xa5
04-08 14:15:05.324 11117 11117 E ArmVmp : Match on catch block at 0xc3 in for 0xa5
04-08 14:15:05.327 11117 11117 E ArmVmp : Match on catch block at 0xc3 in for 0xa9
04-08 14:15:05.341 11117 11117 E ArmVmp : Match on catch block at 0xc3 in for 0xa9
04-08 14:15:05.344 11117 11117 E ArmVmp : Match on catch block at 0xc3 in for 0xa1
04-08 14:15:05.357 11117 11117 E ArmVmp : Match on catch block at 0xc3 in for 0xa1
04-08 14:15:05.360 11117 11117 E ArmVmp : Match on catch block at 0xc3 in for 0xa5
04-08 14:15:05.374 11117 11117 E ArmVmp : Match on catch block at 0xc3 in for 0xa5
04-08 14:15:05.378 11117 11117 E ArmVmp : Match on catch block at 0xc3 in for 0xa9
04-08 14:15:05.390 11117 11117 E ArmVmp : Match on catch block at 0xc3 in for 0xa9
04-08 14:15:05.393 11117 11117 E ArmVmp : Match on catch block at 0xc3 in for 0xa1
04-08 14:15:05.407 11117 11117 E ArmVmp : Match on catch block at 0xc3 in for 0xa1
04-08 14:15:05.410 11117 11117 E ArmVmp : Match on catch block at 0xc3 in for 0xa5
04-08 14:15:05.424 11117 11117 E ArmVmp : Match on catch block at 0xc3 in for 0xa5
04-08 14:15:05.427 11117 11117 E ArmVmp : Match on catch block at 0xc3 in for 0xa9
04-08 14:15:05.595 11117 11117 E ArmVmp : Match on catch block at 0xc3 in for 0xa9
04-08 14:15:05.599 11117 11117 E ArmVmp : Match on catch block at 0xc3 in for 0xa1
04-08 14:15:05.824 11117 11117 E ArmVmp : Match on catch block at 0xc3 in for 0xa1
04-08 14:15:05.826 11117 11117 E ArmVmp : Match on catch block at 0xc3 in for 0xa5
04-08 14:15:05.845 11117 13829 W MediaPlayer: Use of stream types is deprecated for
operations other than volume control
04-08 14:15:05.845 11117 13829 W MediaPlayer: See the documentation of
setAudioStreamType() for what to use instead with android.media.AudioAttributes to
qualify your playback use case
04-08 14:15:05.851 11117 11117 E ArmVmp : Match on catch block at 0xc3 in for 0xa9
04-08 14:15:05.854 11117 11117 E ArmVmp : Match on catch block at 0xc3 in for 0xa1
04-08 14:15:05.872 11117 11117 E ArmVmp : Match on catch block at 0xc3 in for 0xa5
04-08 14:15:05.875 11117 11117 E ArmVmp : Match on catch block at 0xc3 in for 0xa9
04-08 14:15:06.093 11117 11117 E ArmVmp : Match on catch block at 0xc3 in for 0xa9
04-08 14:15:06.096 11117 11117 E ArmVmp : Match on catch block at 0xc3 in for 0xa1
04-08 14:15:06.596 11117 11117 E ArmVmp : Match on catch block at 0xc3 in for 0xa9
04-08 14:15:06.599 11117 11117 E ArmVmp : Match on catch block at 0xc3 in for 0xa1
04-08 14:15:07.096 11117 11117 E ArmVmp : Match on catch block at 0xc3 in for 0xa1
04-08 14:15:07.100 11117 11117 E ArmVmp : Match on catch block at 0xc3 in for 0xa5
04-08 14:15:07.461 11117 11117 E ArmVmp : Match on catch block at 0xc3 in for 0xa5
04-08 14:15:07.468 11117 11117 E ArmVmp : Match on catch block at 0xc3 in for 0xa9
04-08 14:15:07.484 11117 11117 E ArmVmp : Match on catch block at 0xc3 in for 0xa9
04-08 14:15:07.488 11117 11117 E ArmVmp : Match on catch block at 0xc3 in for 0xa1
04-08 14:15:07.503 11117 11117 E ArmVmp : Match on catch block at 0xc3 in for 0xa1
04-08 14:15:07.506 11117 11117 E ArmVmp : Match on catch block at 0xc3 in for 0xa5
04-08 14:15:07.512 11117 11117 E ArmVmp : Match on catch block at 0xc3 in for 0xa5
04-08 14:15:07.516 11117 11117 E ArmVmp : Match on catch block at 0xc3 in for 0xa9
04-08 14:15:07.526 11117 11117 E ArmVmp : Match on catch block at 0xc3 in for 0xa9
04-08 14:15:07.528 11117 11117 E ArmVmp : Match on catch block at 0xc3 in for 0xa1
04-08 14:15:07.543 11117 11117 E ArmVmp : Match on catch block at 0xc3 in for 0xa1
04-08 14:15:07.546 11117 11117 E ArmVmp : Match on catch block at 0xc3 in for 0xa5
04-08 14:15:07.560 11117 11117 E ArmVmp : Match on catch block at 0xc3 in for 0xa5
04-08 14:15:07.563 11117 11117 E ArmVmp : Match on catch block at 0xc3 in for 0xa9
04-08 14:15:07.577 11117 11117 E ArmVmp : Match on catch block at 0xc3 in for 0xa9
04-08 14:15:07.581 11117 11117 E ArmVmp : Match on catch block at 0xc3 in for 0xa1
04-08 14:15:07.593 11117 11117 E ArmVmp : Match on catch block at 0xc3 in for 0xa1
04-08 14:15:07.596 11117 11117 E ArmVmp : Match on catch block at 0xc3 in for 0xa5
04-08 14:15:07.610 11117 11117 E ArmVmp : Match on catch block at 0xc3 in for 0xa5
04-08 14:15:07.613 11117 11117 E ArmVmp : Match on catch block at 0xc3 in for 0xa9
04-08 14:15:07.628 11117 11117 E ArmVmp : Match on catch block at 0xc3 in for 0xa9
04-08 14:15:07.632 11117 11117 E ArmVmp : Match on catch block at 0xc3 in for 0xa1
04-08 14:15:07.644 11117 11117 E ArmVmp : Match on catch block at 0xc3 in for 0xa1
04-08 14:15:07.647 11117 11117 E ArmVmp : Match on catch block at 0xc3 in for 0xa5
04-08 14:15:07.661 11117 11117 E ArmVmp : Match on catch block at 0xc3 in for 0xa5
04-08 14:15:07.666 11117 11117 E ArmVmp : Match on catch block at 0xc3 in for 0xa9
04-08 14:15:07.682 11117 11117 E ArmVmp : Match on catch block at 0xc3 in for 0xa9
04-08 14:15:07.685 11117 11117 E ArmVmp : Match on catch block at 0xc3 in for 0xa1
04-08 14:15:07.698 11117 11117 E ArmVmp : Match on catch block at 0xc3 in for 0xa1
04-08 14:15:07.702 11117 11117 E ArmVmp : Match on catch block at 0xc3 in for 0xa5
04-08 14:15:07.711 11117 11117 E ArmVmp : Match on catch block at 0xc3 in for 0xa5
04-08 14:15:07.715 11117 11117 E ArmVmp : Match on catch block at 0xc3 in for 0xa9
04-08 14:15:08.114 11117 11117 E ArmVmp : Match on catch block at 0xc3 in for 0xa9
04-08 14:15:08.120 11117 11117 E ArmVmp : Match on catch block at 0xc3 in for 0xa1
04-08 14:15:08.614 11117 11117 E ArmVmp : Match on catch block at 0xc3 in for 0xa1
04-08 14:15:08.618 11117 11117 E ArmVmp : Match on catch block at 0xc3 in for 0xa5
04-08 14:15:09.112 11117 11117 E ArmVmp : Match on catch block at 0xc3 in for 0xa5
04-08 14:15:09.116 11117 11117 E ArmVmp : Match on catch block at 0xc3 in for 0xa9
04-08 14:15:09.632 11117 11117 E ArmVmp : Match on catch block at 0xc3 in for 0xa9
04-08 14:15:09.635 11117 11117 E ArmVmp : Match on catch block at 0xc3 in for 0xa1
04-08 14:15:10.132 11117 11117 E ArmVmp : Match on catch block at 0xc3 in for 0xa1
04-08 14:15:10.136 11117 11117 E ArmVmp : Match on catch block at 0xc3 in for 0xa5
04-08 14:15:10.634 11117 11117 E ArmVmp : Match on catch block at 0xc3 in for 0xa5
04-08 14:15:10.638 11117 11117 E ArmVmp : Match on catch block at 0xc3 in for 0xa9
04-08 14:15:11.148 11117 11117 E ArmVmp : Match on catch block at 0xc3 in for 0xa9
04-08 14:15:11.152 11117 11117 E ArmVmp : Match on catch block at 0xc3 in for 0xa1
04-08 14:15:11.649 11117 11117 E ArmVmp : Match on catch block at 0xc3 in for 0xa1
04-08 14:15:11.655 11117 11117 E ArmVmp : Match on catch block at 0xc3 in for 0xa5
04-08 14:15:12.149 11117 11117 E ArmVmp : Match on catch block at 0xc3 in for 0xa5
04-08 14:15:12.155 11117 11117 E ArmVmp : Match on catch block at 0xc3 in for 0xa9
04-08 14:15:12.666 11117 11117 E ArmVmp : Match on catch block at 0xc3 in for 0xa9
04-08 14:15:12.672 11117 11117 E ArmVmp : Match on catch block at 0xc3 in for 0xa1
04-08 14:15:13.170 11117 11117 E ArmVmp : Match on catch block at 0xc3 in for 0xa1
04-08 14:15:13.173 11117 11117 E ArmVmp : Match on catch block at 0xc3 in for 0xa5
04-08 14:15:13.669 11117 11117 E ArmVmp : Match on catch block at 0xc3 in for 0xa5
04-08 14:15:13.672 11117 11117 E ArmVmp : Match on catch block at 0xc3 in for 0xa9
04-08 14:15:14.039 11117 11117 E ArmVmp : Match on catch block at 0x0a in for 0xa5
04-08 14:15:14.040 11117 11117 E ArmVmp : Match on catch block at 0x0a in for 0xa5
04-08 14:15:14.171 11117 11117 E ArmVmp : Match on catch block at 0xc3 in for 0xa9
04-08 14:15:14.176 11117 11117 E ArmVmp : Match on catch block at 0xc3 in for 0xa1
04-08 14:15:14.370 11117 11117 E ArmVmp : Match on catch block at 0xc3 in for 0xa9
04-08 14:15:14.373 11117 11117 E ArmVmp : Match on catch block at 0xc3 in for 0xa1
04-08 14:15:14.391 11117 11117 E ArmVmp : Match on catch block at 0xc3 in for 0xa1
04-08 14:15:14.393 11117 11117 E ArmVmp : Match on catch block at 0xc3 in for 0xa5
04-08 14:15:14.683 11117 11117 E ArmVmp : Match on catch block at 0xc3 in for 0xa5
04-08 14:15:14.686 11117 11117 E ArmVmp : Match on catch block at 0xc3 in for 0xa9
04-08 14:15:15.189 11117 11117 E ArmVmp : Match on catch block at 0xc3 in for 0xa9
04-08 14:15:15.193 11117 11117 E ArmVmp : Match on catch block at 0xc3 in for 0xa1
04-08 14:15:15.296 11117 11117 E ArmVmp : Match on catch block at 0xc3 in for 0xa5
04-08 14:15:15.299 11117 11117 E ArmVmp : Match on catch block at 0xc3 in for 0xa9
04-08 14:15:15.315 11117 13829 W MediaPlayer: Use of stream types is deprecated for
operations other than volume control
04-08 14:15:15.315 11117 13829 W MediaPlayer: See the documentation of
setAudioStreamType() for what to use instead with android.media.AudioAttributes to
qualify your playback use case
04-08 14:15:15.321 11117 11117 E ArmVmp : Match on catch block at 0xc3 in for 0xa9
04-08 14:15:15.324 11117 11117 E ArmVmp : Match on catch block at 0xc3 in for 0xa1
04-08 14:15:15.351 11117 11117 E ArmVmp : Match on catch block at 0xc3 in for 0xa5
04-08 14:15:15.354 11117 11117 E ArmVmp : Match on catch block at 0xc3 in for 0xa9
04-08 14:15:15.438 11117 11117 E ArmVmp : Match on catch block at 0x0a in for 0xa5
04-08 14:15:15.440 11117 11117 E ArmVmp : Match on catch block at 0x0a in for 0xa5
04-08 14:15:15.442 11117 11117 E ArmVmp : Match on catch block at 0x0a in for 0xa5
04-08 14:15:15.701 11117 11117 E ArmVmp : Match on catch block at 0xc3 in for 0xa1
04-08 14:15:15.705 11117 11117 E ArmVmp : Match on catch block at 0xc3 in for 0xa5
04-08 14:15:16.219 11117 11117 E ArmVmp : Match on catch block at 0xc3 in for 0xa5
04-08 14:15:16.224 11117 11117 E ArmVmp : Match on catch block at 0xc3 in for 0xa9
04-08 14:15:16.723 11117 11117 E ArmVmp : Match on catch block at 0xc3 in for 0xa9
04-08 14:15:16.728 11117 11117 E ArmVmp : Match on catch block at 0xc3 in for 0xa1
04-08 14:15:16.920 11117 11117 E ArmVmp : Match on catch block at 0xc3 in for 0xa1
04-08 14:15:16.926 11117 11117 E ArmVmp : Match on catch block at 0xc3 in for 0xa5
04-08 14:15:16.944 11117 11117 E ArmVmp : Match on catch block at 0xc3 in for 0xa5
04-08 14:15:16.948 11117 11117 E ArmVmp : Match on catch block at 0xc3 in for 0xa9
04-08 14:15:16.961 11117 11117 E ArmVmp : Match on catch block at 0xc3 in for 0xa9
04-08 14:15:16.965 11117 11117 E ArmVmp : Match on catch block at 0xc3 in for 0xa1
04-08 14:15:16.979 11117 11117 E ArmVmp : Match on catch block at 0xc3 in for 0xa1
04-08 14:15:16.983 11117 11117 E ArmVmp : Match on catch block at 0xc3 in for 0xa5
04-08 14:15:16.998 11117 11117 E ArmVmp : Match on catch block at 0xc3 in for 0xa5
04-08 14:15:17.003 11117 11117 E ArmVmp : Match on catch block at 0xc3 in for 0xa9
04-08 14:15:17.018 11117 11117 E ArmVmp : Match on catch block at 0xc3 in for 0xa9
04-08 14:15:17.023 11117 11117 E ArmVmp : Match on catch block at 0xc3 in for 0xa1
04-08 14:15:17.036 11117 11117 E ArmVmp : Match on catch block at 0xc3 in for 0xa1
04-08 14:15:17.040 11117 11117 E ArmVmp : Match on catch block at 0xc3 in for 0xa5
04-08 14:15:17.052 11117 11117 E ArmVmp : Match on catch block at 0xc3 in for 0xa5
04-08 14:15:17.056 11117 11117 E ArmVmp : Match on catch block at 0xc3 in for 0xa9
04-08 14:15:17.070 11117 11117 E ArmVmp : Match on catch block at 0xc3 in for 0xa9
04-08 14:15:17.074 11117 11117 E ArmVmp : Match on catch block at 0xc3 in for 0xa1
04-08 14:15:17.087 11117 11117 E ArmVmp : Match on catch block at 0xc3 in for 0xa1
04-08 14:15:17.091 11117 11117 E ArmVmp : Match on catch block at 0xc3 in for 0xa5
04-08 14:15:17.104 11117 11117 E ArmVmp : Match on catch block at 0xc3 in for 0xa5
04-08 14:15:17.112 11117 11117 E ArmVmp : Match on catch block at 0xc3 in for 0xa9
04-08 14:15:17.125 11117 11117 E ArmVmp : Match on catch block at 0xc3 in for 0xa9
04-08 14:15:17.128 11117 11117 E ArmVmp : Match on catch block at 0xc3 in for 0xa1
04-08 14:15:17.141 11117 11117 E ArmVmp : Match on catch block at 0xc3 in for 0xa1
04-08 14:15:17.144 11117 11117 E ArmVmp : Match on catch block at 0xc3 in for 0xa5
04-08 14:15:17.159 11117 11117 E ArmVmp : Match on catch block at 0xc3 in for 0xa5
04-08 14:15:17.162 11117 11117 E ArmVmp : Match on catch block at 0xc3 in for 0xa9
04-08 14:15:17.173 11117 11117 E ArmVmp : Match on catch block at 0xc3 in for 0xa9
04-08 14:15:17.175 11117 11117 E ArmVmp : Match on catch block at 0xc3 in for 0xa1
04-08 14:15:17.187 11117 11117 E ArmVmp : Match on catch block at 0x0a in for 0xa9
04-08 14:15:17.189 11117 11117 E ArmVmp : Match on catch block at 0x0a in for 0xa9
04-08 14:15:17.192 11117 11117 E ArmVmp : Match on catch block at 0x0a in for 0xa9
04-08 14:15:17.194 11117 11117 E ArmVmp : Match on catch block at 0x0a in for 0xa9
04-08 14:15:17.219 11117 11117 E ArmVmp : Match on catch block at 0xc3 in for 0xa1
04-08 14:15:17.222 11117 11117 E ArmVmp : Match on catch block at 0xc3 in for 0xa5
04-08 14:15:17.723 11117 11117 E ArmVmp : Match on catch block at 0xc3 in for 0xa5
04-08 14:15:17.727 11117 11117 E ArmVmp : Match on catch block at 0xc3 in for 0xa9
04-08 14:15:18.092 11117 13829 W MediaPlayer: Use of stream types is deprecated for
operations other than volume control
04-08 14:15:18.092 11117 13829 W MediaPlayer: See the documentation of
setAudioStreamType() for what to use instead with android.media.AudioAttributes to
qualify your playback use case
04-08 14:15:18.120 11117 11117 E ArmVmp : Match on catch block at 0xc3 in for 0xa5
04-08 14:15:18.123 11117 11117 E ArmVmp : Match on catch block at 0xc3 in for 0xa9
04-08 14:15:18.155 11117 11117 E ArmVmp : Match on catch block at 0xc3 in for 0xa9
04-08 14:15:18.157 11117 11117 E ArmVmp : Match on catch block at 0xc3 in for 0xa1
04-08 14:15:18.176 11117 11117 E ArmVmp : Match on catch block at 0xc3 in for 0xa1
04-08 14:15:18.178 11117 11117 E ArmVmp : Match on catch block at 0xc3 in for 0xa5
04-08 14:15:18.259 11117 11117 E ArmVmp : Match on catch block at 0xc3 in for 0xa1
04-08 14:15:18.261 11117 11117 E ArmVmp : Match on catch block at 0xc3 in for 0xa5
04-08 14:15:18.270 11117 11117 E ArmVmp : Match on catch block at 0xc3 in for 0xa9
04-08 14:15:18.273 11117 11117 E ArmVmp : Match on catch block at 0xc3 in for 0xa1
04-08 14:15:18.303 11117 11117 E ArmVmp : Match on catch block at 0xc3 in for 0xa5
04-08 14:15:18.305 11117 11117 E ArmVmp : Match on catch block at 0xc3 in for 0xa9
04-08 14:15:18.319 11117 11117 E ArmVmp : Match on catch block at 0xc3 in for 0xa5
04-08 14:15:18.322 11117 11117 E ArmVmp : Match on catch block at 0xc3 in for 0xa9
04-08 14:15:18.405 11117 11117 E ArmVmp : Match on catch block at 0xc3 in for 0xa1
04-08 14:15:18.409 11117 11117 E ArmVmp : Match on catch block at 0xc3 in for 0xa5
04-08 14:15:18.421 11117 11117 E ArmVmp : Match on catch block at 0xc3 in for 0xa1
04-08 14:15:18.424 11117 11117 E ArmVmp : Match on catch block at 0xc3 in for 0xa5
04-08 14:15:18.457 11117 11117 E ArmVmp : Match on catch block at 0xc3 in for 0xa9
04-08 14:15:18.460 11117 11117 E ArmVmp : Match on catch block at 0xc3 in for 0xa1
04-08 14:15:18.470 11117 11117 E ArmVmp : Match on catch block at 0xc3 in for 0xa5
04-08 14:15:18.472 11117 11117 E ArmVmp : Match on catch block at 0xc3 in for 0xa9
04-08 14:15:18.503 11117 11117 E ArmVmp : Match on catch block at 0xc3 in for 0xa1
04-08 14:15:18.505 11117 11117 E ArmVmp : Match on catch block at 0xc3 in for 0xa5
04-08 14:15:18.521 11117 11117 E ArmVmp : Match on catch block at 0xc3 in for 0xa9
04-08 14:15:18.525 11117 11117 E ArmVmp : Match on catch block at 0xc3 in for 0xa1
04-08 14:15:18.536 11117 11117 E ArmVmp : Match on catch block at 0xc3 in for 0xa5
04-08 14:15:18.539 11117 11117 E ArmVmp : Match on catch block at 0xc3 in for 0xa9
04-08 14:15:18.556 11117 11117 E ArmVmp : Match on catch block at 0xc3 in for 0xa1
04-08 14:15:18.559 11117 11117 E ArmVmp : Match on catch block at 0xc3 in for 0xa5
04-08 14:15:18.570 11117 11117 E ArmVmp : Match on catch block at 0xc3 in for 0xa9
04-08 14:15:18.572 11117 11117 E ArmVmp : Match on catch block at 0xc3 in for 0xa1
04-08 14:15:18.653 11117 11117 E ArmVmp : Match on catch block at 0xc3 in for 0xa9
04-08 14:15:18.656 11117 11117 E ArmVmp : Match on catch block at 0xc3 in for 0xa1
04-08 14:15:18.672 11117 11117 E ArmVmp : Match on catch block at 0xc3 in for 0xa5
04-08 14:15:18.677 11117 11117 E ArmVmp : Match on catch block at 0xc3 in for 0xa9
04-08 14:15:18.691 11117 11117 E ArmVmp : Match on catch block at 0xc3 in for 0xa1
04-08 14:15:18.695 11117 11117 E ArmVmp : Match on catch block at 0xc3 in for 0xa5
04-08 14:15:18.754 11117 11117 E ArmVmp : Match on catch block at 0xc3 in for 0xa1
04-08 14:15:18.756 11117 11117 E ArmVmp : Match on catch block at 0xc3 in for 0xa5
04-08 14:15:18.770 11117 11117 E ArmVmp : Match on catch block at 0xc3 in for 0xa9
04-08 14:15:18.774 11117 11117 E ArmVmp : Match on catch block at 0xc3 in for 0xa1
04-08 14:15:18.787 11117 11117 E ArmVmp : Match on catch block at 0xc3 in for 0xa1
04-08 14:15:18.792 11117 11117 E ArmVmp : Match on catch block at 0xc3 in for 0xa5
04-08 14:15:18.803 11117 11117 E ArmVmp : Match on catch block at 0xc3 in for 0xa5
04-08 14:15:18.808 11117 11117 E ArmVmp : Match on catch block at 0xc3 in for 0xa9
04-08 14:15:18.821 11117 11117 E ArmVmp : Match on catch block at 0xc3 in for 0xa9
04-08 14:15:18.823 11117 11117 E ArmVmp : Match on catch block at 0xc3 in for 0xa1
04-08 14:15:18.839 11117 11117 E ArmVmp : Match on catch block at 0xc3 in for 0xa5
04-08 14:15:18.843 11117 11117 E ArmVmp : Match on catch block at 0xc3 in for 0xa9
04-08 14:15:18.850 11117 11228 E SQLiteDatabase: Error inserting transferred=1
media_job_uuid=4685a982-ebc1-4e3a-a8db-a9ac4ff573d1 transcoded=0 gif_attribution=0
first_scan_length=0 direct_path=/v/t62.15575-
24/19276429_942566530735190_5469684978176257864_n.enc?ccb=11-4&oh=01_ASB-
AoEkCHfLUsmyFkx5nW1yrXQ0kaXaztEiUMT_5EUXDQ&oe=663BBEBD&_nc_sid=5e03e0
thumbnail_height_width_ratio=1.0 is_animated_sticker=0
file_hash=J+osyuwzhknOrQVaNAyW2nfAzPv/JUAJzAxn9yN6C4c= file_path=Media/MBWhatsApp
Stickers/STK-20240408-WA0064.webp file_size=93428 partial_media_hash=null face_x=0
face_y=0 height=64 trim_to=0 media_key_timestamp=1712607399000
message_url=https://mmg.whatsapp.net/v/t62.15575-
24/19276429_942566530735190_5469684978176257864_n.enc?ccb=11-4&oh=01_ASB-
AoEkCHfLUsmyFkx5nW1yrXQ0kaXaztEiUMT_5EUXDQ&oe=663BBEBD&_nc_sid=5e03e0&mms3=true
media_caption=null trim_from=0 mime_type=image/webp partial_media_enc_hash=null
width=64 original_file_hash=null has_streaming_sidecar=0
autotransfer_retry_enabled=1 media_upload_handle=null message_row_id=31558
multicast_id=null enc_file_hash=+AJuG8A43CG/2oVTPe+rx6uaf6GmCpopi4pxP3hN8RA=
mute_video=0 page_count=0 first_scan_sidecar=null suspicious_content=0
file_length=93428 media_name=null media_duration=0 chat_row_id=1320
media_key=[B@d38a555
04-08 14:15:18.850 11117 11228 E SQLiteDatabase:
android.database.sqlite.SQLiteConstraintException: UNIQUE constraint failed:
message_media.message_row_id (code 1555 SQLITE_CONSTRAINT_PRIMARYKEY)
04-08 14:15:18.850 11117 11228 E SQLiteDatabase: at
android.database.sqlite.SQLiteConnection.nativeExecuteForLastInsertedRowId(Native
Method)
04-08 14:15:18.850 11117 11228 E SQLiteDatabase: at
android.database.sqlite.SQLiteConnection.executeForLastInsertedRowId(SQLiteConnecti
on.java:938)
04-08 14:15:18.850 11117 11228 E SQLiteDatabase: at
android.database.sqlite.SQLiteSession.executeForLastInsertedRowId(SQLiteSession.jav
a:790)
04-08 14:15:18.850 11117 11228 E SQLiteDatabase: at
android.database.sqlite.SQLiteStatement.executeInsert(SQLiteStatement.java:88)
04-08 14:15:18.850 11117 11228 E SQLiteDatabase: at
android.database.sqlite.SQLiteDatabase.insertWithOnConflict(SQLiteDatabase.java:170
1)
04-08 14:15:18.850 11117 11228 E SQLiteDatabase: at
android.database.sqlite.SQLiteDatabase.insert(SQLiteDatabase.java:1570)
04-08 14:15:18.850 11117 11228 E SQLiteDatabase: at X.2tm.A08(Unknown
Source:6)
04-08 14:15:18.850 11117 11228 E SQLiteDatabase: at X.35Y.A07(Unknown
Source:212)
04-08 14:15:18.850 11117 11228 E SQLiteDatabase: at X.3QF.A14(Unknown
Source:470)
04-08 14:15:18.850 11117 11228 E SQLiteDatabase: at X.3gU.run(Unknown
Source:982)
04-08 14:15:18.850 11117 11228 E SQLiteDatabase: at
android.os.Handler.handleCallback(Handler.java:938)
04-08 14:15:18.850 11117 11228 E SQLiteDatabase: at
android.os.Handler.dispatchMessage(Handler.java:99)
04-08 14:15:18.850 11117 11228 E SQLiteDatabase: at
X.0zq.dispatchMessage(Unknown Source:4)
04-08 14:15:18.850 11117 11228 E SQLiteDatabase: at
android.os.Looper.loop(Looper.java:240)
04-08 14:15:18.850 11117 11228 E SQLiteDatabase: at
android.os.HandlerThread.run(HandlerThread.java:67)
04-08 14:15:18.854 11117 11117 E ArmVmp : Match on catch block at 0xc3 in for 0xa1
04-08 14:15:18.855 11117 11117 E ArmVmp : Match on catch block at 0xc3 in for 0xa5
04-08 14:15:18.879 11117 11117 E ArmVmp : Match on catch block at 0xc3 in for 0xa5
04-08 14:15:18.881 11117 11117 E ArmVmp : Match on catch block at 0xc3 in for 0xa9
04-08 14:15:18.902 11117 11117 E ArmVmp : Match on catch block at 0xc3 in for 0xa9
04-08 14:15:18.905 11117 11117 E ArmVmp : Match on catch block at 0xc3 in for 0xa1
04-08 14:15:18.939 11117 11117 E ArmVmp : Match on catch block at 0xc3 in for 0xa1
04-08 14:15:18.941 11117 11117 E ArmVmp : Match on catch block at 0xc3 in for 0xa5
04-08 14:15:18.955 11117 11117 E ArmVmp : Match on catch block at 0xc3 in for 0xa5
04-08 14:15:18.958 11117 11117 E ArmVmp : Match on catch block at 0xc3 in for 0xa9
04-08 14:15:19.293 11117 11117 E ArmVmp : Match on catch block at 0xc3 in for 0xa1
04-08 14:15:19.296 11117 11117 E ArmVmp : Match on catch block at 0xc3 in for 0xa5
04-08 14:15:19.555 11117 11117 E Dialog : show dialog
view=DecorView@544b596[Conversation]
04-08 14:15:19.560 11117 11117 E ArmVmp : Match on catch block at 0xc3 in for 0xa5
04-08 14:15:19.562 11117 11117 E ArmVmp : Match on catch block at 0xc3 in for 0xa9
04-08 14:15:19.574 11117 11117 E ArmVmp : Match on catch block at 0xc3 in for 0xa1
04-08 14:15:19.630 11117 11117 E ArmVmp : Match on catch block at 0xc3 in for 0xa5
04-08 14:15:19.632 11117 11117 E ArmVmp : Match on catch block at 0xc3 in for 0xa9
04-08 14:15:19.644 11117 11117 E ArmVmp : Match on catch block at 0xc3 in for 0xa1
04-08 14:15:20.277 11117 13816 W libEGL : EGLNativeWindowType 0xb400007cc2647300
disconnect failed
