04-08 14:13:50.937 11117 11117 E ArmVmp : Match on catch block at 0xc3 in for 0xa5
04-08 14:13:50.942 11117 11117 E ArmVmp : Match on catch block at 0xc3 in for 0xa9
04-08 14:13:50.954 11117 11117 E ArmVmp : Match on catch block at 0xc3 in for 0xa9
04-08 14:13:50.957 11117 11117 E ArmVmp : Match on catch block at 0xc3 in for 0xa1
04-08 14:13:50.987 11117 11117 E ArmVmp : Match on catch block at 0xc3 in for 0xa1
04-08 14:13:50.990 11117 11117 E ArmVmp : Match on catch block at 0xc3 in for 0xa5
04-08 14:13:51.020 11117 11117 E ArmVmp : Match on catch block at 0xc3 in for 0xa5
04-08 14:13:51.024 11117 11117 E ArmVmp : Match on catch block at 0xc3 in for 0xa9
04-08 14:13:51.054 11117 11117 E ArmVmp : Match on catch block at 0xc3 in for 0xa9
04-08 14:13:51.056 11117 11117 E ArmVmp : Match on catch block at 0xc3 in for 0xa1
04-08 14:13:51.071 11117 11117 E ArmVmp : Match on catch block at 0xc3 in for 0xa1
04-08 14:13:51.074 11117 11117 E ArmVmp : Match on catch block at 0xc3 in for 0xa5
04-08 14:13:51.104 11117 11117 E ArmVmp : Match on catch block at 0xc3 in for 0xa5
04-08 14:13:51.106 11117 11117 E ArmVmp : Match on catch block at 0xc3 in for 0xa9
04-08 14:13:51.139 11117 11117 E ArmVmp : Match on catch block at 0xc3 in for 0xa9
04-08 14:13:51.142 11117 11117 E ArmVmp : Match on catch block at 0xc3 in for 0xa1
04-08 14:13:51.171 11117 11117 E ArmVmp : Match on catch block at 0xc3 in for 0xa1
04-08 14:13:51.173 11117 11117 E ArmVmp : Match on catch block at 0xc3 in for 0xa5
04-08 14:13:51.204 11117 11117 E ArmVmp : Match on catch block at 0xc3 in for 0xa5
04-08 14:13:51.207 11117 11117 E ArmVmp : Match on catch block at 0xc3 in for 0xa9
04-08 14:13:51.220 11117 11117 E ArmVmp : Match on catch block at 0xc3 in for 0xa9
04-08 14:13:51.224 11117 11117 E ArmVmp : Match on catch block at 0xc3 in for 0xa1
04-08 14:13:51.255 11117 11117 E ArmVmp : Match on catch block at 0xc3 in for 0xa9
04-08 14:13:51.258 11117 11117 E ArmVmp : Match on catch block at 0xc3 in for 0xa1
04-08 14:13:51.271 11117 11117 E ArmVmp : Match on catch block at 0xc3 in for 0xa9
04-08 14:13:51.274 11117 11117 E ArmVmp : Match on catch block at 0xc3 in for 0xa1
04-08 14:13:51.287 11117 11117 E ArmVmp : Match on catch block at 0xc3 in for 0xa1
04-08 14:13:51.291 11117 11117 E ArmVmp : Match on catch block at 0xc3 in for 0xa5
04-08 14:13:51.304 11117 11117 E ArmVmp : Match on catch block at 0xc3 in for 0xa5
04-08 14:13:51.307 11117 11117 E ArmVmp : Match on catch block at 0xc3 in for 0xa9
04-08 14:13:51.337 11117 11117 E ArmVmp : Match on catch block at 0xc3 in for 0xa9
04-08 14:13:51.341 11117 11117 E ArmVmp : Match on catch block at 0xc3 in for 0xa1
04-08 14:13:51.371 11117 11117 E ArmVmp : Match on catch block at 0xc3 in for 0xa1
04-08 14:13:51.374 11117 11117 E ArmVmp : Match on catch block at 0xc3 in for 0xa5
04-08 14:13:51.388 11117 11117 E ArmVmp : Match on catch block at 0xc3 in for 0xa9
04-08 14:13:51.391 11117 11117 E ArmVmp : Match on catch block at 0xc3 in for 0xa1
04-08 14:13:51.404 11117 11117 E ArmVmp : Match on catch block at 0xc3 in for 0xa1
04-08 14:13:51.407 11117 11117 E ArmVmp : Match on catch block at 0xc3 in for 0xa5
04-08 14:13:51.421 11117 11117 E ArmVmp : Match on catch block at 0xc3 in for 0xa5
04-08 14:13:51.424 11117 11117 E ArmVmp : Match on catch block at 0xc3 in for 0xa9
04-08 14:13:51.455 11117 11117 E ArmVmp : Match on catch block at 0xc3 in for 0xa9
04-08 14:13:51.459 11117 11117 E ArmVmp : Match on catch block at 0xc3 in for 0xa1
04-08 14:13:51.488 11117 11117 E ArmVmp : Match on catch block at 0xc3 in for 0xa1
04-08 14:13:51.491 11117 11117 E ArmVmp : Match on catch block at 0xc3 in for 0xa5
04-08 14:13:51.521 11117 11117 E ArmVmp : Match on catch block at 0xc3 in for 0xa5
04-08 14:13:51.524 11117 11117 E ArmVmp : Match on catch block at 0xc3 in for 0xa9
04-08 14:13:51.538 11117 11117 E ArmVmp : Match on catch block at 0xc3 in for 0xa5
04-08 14:13:51.542 11117 11117 E ArmVmp : Match on catch block at 0xc3 in for 0xa9
04-08 14:13:51.571 11117 11117 E ArmVmp : Match on catch block at 0xc3 in for 0xa9
04-08 14:13:51.575 11117 11117 E ArmVmp : Match on catch block at 0xc3 in for 0xa1
04-08 14:13:51.604 11117 11117 E ArmVmp : Match on catch block at 0xc3 in for 0xa1
04-08 14:13:51.607 11117 11117 E ArmVmp : Match on catch block at 0xc3 in for 0xa5
04-08 14:13:51.638 11117 11117 E ArmVmp : Match on catch block at 0xc3 in for 0xa5
04-08 14:13:51.641 11117 11117 E ArmVmp : Match on catch block at 0xc3 in for 0xa9
04-08 14:13:51.671 11117 11117 E ArmVmp : Match on catch block at 0xc3 in for 0xa9
04-08 14:13:51.674 11117 11117 E ArmVmp : Match on catch block at 0xc3 in for 0xa1
04-08 14:13:51.704 11117 11117 E ArmVmp : Match on catch block at 0xc3 in for 0xa1
04-08 14:13:51.708 11117 11117 E ArmVmp : Match on catch block at 0xc3 in for 0xa5
04-08 14:13:51.722 11117 11117 E ArmVmp : Match on catch block at 0xc3 in for 0xa5
04-08 14:13:51.726 11117 11117 E ArmVmp : Match on catch block at 0xc3 in for 0xa9
04-08 14:13:51.755 11117 11117 E ArmVmp : Match on catch block at 0xc3 in for 0xa9
04-08 14:13:51.758 11117 11117 E ArmVmp : Match on catch block at 0xc3 in for 0xa1
04-08 14:13:51.772 11117 11117 E ArmVmp : Match on catch block at 0xc3 in for 0xa5
04-08 14:13:51.775 11117 11117 E ArmVmp : Match on catch block at 0xc3 in for 0xa9
04-08 14:13:51.789 11117 11117 E ArmVmp : Match on catch block at 0xc3 in for 0xa9
04-08 14:13:51.792 11117 11117 E ArmVmp : Match on catch block at 0xc3 in for 0xa1
04-08 14:13:51.821 11117 11117 E ArmVmp : Match on catch block at 0xc3 in for 0xa1
04-08 14:13:51.825 11117 11117 E ArmVmp : Match on catch block at 0xc3 in for 0xa5
04-08 14:13:51.855 11117 11117 E ArmVmp : Match on catch block at 0xc3 in for 0xa5
04-08 14:13:51.858 11117 11117 E ArmVmp : Match on catch block at 0xc3 in for 0xa9
04-08 14:13:51.888 11117 11117 E ArmVmp : Match on catch block at 0xc3 in for 0xa9
04-08 14:13:51.891 11117 11117 E ArmVmp : Match on catch block at 0xc3 in for 0xa1
04-08 14:13:51.905 11117 11117 E ArmVmp : Match on catch block at 0xc3 in for 0xa5
04-08 14:13:51.908 11117 11117 E ArmVmp : Match on catch block at 0xc3 in for 0xa9
04-08 14:13:51.922 11117 11117 E ArmVmp : Match on catch block at 0xc3 in for 0xa9
04-08 14:13:51.926 11117 11117 E ArmVmp : Match on catch block at 0xc3 in for 0xa1
04-08 14:13:51.956 11117 11117 E ArmVmp : Match on catch block at 0xc3 in for 0xa1
04-08 14:13:51.959 11117 11117 E ArmVmp : Match on catch block at 0xc3 in for 0xa5
04-08 14:13:51.988 11117 11117 E ArmVmp : Match on catch block at 0xc3 in for 0xa5
04-08 14:13:51.992 11117 11117 E ArmVmp : Match on catch block at 0xc3 in for 0xa9
04-08 14:13:52.022 11117 11117 E ArmVmp : Match on catch block at 0xc3 in for 0xa9
04-08 14:13:52.025 11117 11117 E ArmVmp : Match on catch block at 0xc3 in for 0xa1
04-08 14:13:52.038 11117 11117 E ArmVmp : Match on catch block at 0xc3 in for 0xa9
04-08 14:13:52.042 11117 11117 E ArmVmp : Match on catch block at 0xc3 in for 0xa1
04-08 14:13:52.055 11117 11117 E ArmVmp : Match on catch block at 0xc3 in for 0xa1
04-08 14:13:52.059 11117 11117 E ArmVmp : Match on catch block at 0xc3 in for 0xa5
04-08 14:13:52.088 11117 11117 E ArmVmp : Match on catch block at 0xc3 in for 0xa5
04-08 14:13:52.092 11117 11117 E ArmVmp : Match on catch block at 0xc3 in for 0xa9
04-08 14:13:52.122 11117 11117 E ArmVmp : Match on catch block at 0xc3 in for 0xa9
04-08 14:13:52.125 11117 11117 E ArmVmp : Match on catch block at 0xc3 in for 0xa1
04-08 14:13:52.155 11117 11117 E ArmVmp : Match on catch block at 0xc3 in for 0xa1
04-08 14:13:52.158 11117 11117 E ArmVmp : Match on catch block at 0xc3 in for 0xa5
04-08 14:13:52.172 11117 11117 E ArmVmp : Match on catch block at 0xc3 in for 0xa5
04-08 14:13:52.176 11117 11117 E ArmVmp : Match on catch block at 0xc3 in for 0xa9
04-08 14:13:52.205 11117 11117 E ArmVmp : Match on catch block at 0xc3 in for 0xa9
04-08 14:13:52.208 11117 11117 E ArmVmp : Match on catch block at 0xc3 in for 0xa1
04-08 14:13:52.238 11117 11117 E ArmVmp : Match on catch block at 0xc3 in for 0xa1
04-08 14:13:52.242 11117 11117 E ArmVmp : Match on catch block at 0xc3 in for 0xa5
04-08 14:13:52.272 11117 11117 E ArmVmp : Match on catch block at 0xc3 in for 0xa5
04-08 14:13:52.276 11117 11117 E ArmVmp : Match on catch block at 0xc3 in for 0xa9
04-08 14:13:52.305 11117 11117 E ArmVmp : Match on catch block at 0xc3 in for 0xa9
04-08 14:13:52.308 11117 11117 E ArmVmp : Match on catch block at 0xc3 in for 0xa1
04-08 14:13:52.339 11117 11117 E ArmVmp : Match on catch block at 0xc3 in for 0xa1
04-08 14:13:52.343 11117 11117 E ArmVmp : Match on catch block at 0xc3 in for 0xa5
04-08 14:13:52.355 11117 11117 E ArmVmp : Match on catch block at 0xc3 in for 0xa5
04-08 14:13:52.359 11117 11117 E ArmVmp : Match on catch block at 0xc3 in for 0xa9
04-08 14:13:52.389 11117 11117 E ArmVmp : Match on catch block at 0xc3 in for 0xa9
04-08 14:13:52.392 11117 11117 E ArmVmp : Match on catch block at 0xc3 in for 0xa1
04-08 14:13:52.405 11117 11117 E ArmVmp : Match on catch block at 0xc3 in for 0xa9
04-08 14:13:52.409 11117 11117 E ArmVmp : Match on catch block at 0xc3 in for 0xa1
04-08 14:13:52.421 11117 11117 E ArmVmp : Match on catch block at 0xc3 in for 0xa1
04-08 14:13:52.425 11117 11117 E ArmVmp : Match on catch block at 0xc3 in for 0xa5
04-08 14:13:52.445 11117 11117 E ArmVmp : Match on catch block at 0xc3 in for 0xa5
04-08 14:13:52.448 11117 11117 E ArmVmp : Match on catch block at 0xc3 in for 0xa9
04-08 14:13:52.456 11117 11117 E ArmVmp : Match on catch block at 0xc3 in for 0xa9
04-08 14:13:52.460 11117 11117 E ArmVmp : Match on catch block at 0xc3 in for 0xa1
04-08 14:13:52.488 11117 11117 E ArmVmp : Match on catch block at 0xc3 in for 0xa1
04-08 14:13:52.491 11117 11117 E ArmVmp : Match on catch block at 0xc3 in for 0xa5
04-08 14:13:52.523 11117 11117 E ArmVmp : Match on catch block at 0xc3 in for 0xa1
04-08 14:13:52.527 11117 11117 E ArmVmp : Match on catch block at 0xc3 in for 0xa5
04-08 14:13:52.545 11117 11117 E ArmVmp : Match on catch block at 0xc3 in for 0xa5
04-08 14:13:52.549 11117 11117 E ArmVmp : Match on catch block at 0xc3 in for 0xa9
04-08 14:13:52.631 11117 11117 E ArmVmp : Match on catch block at 0xc3 in for 0xa5
04-08 14:13:52.633 11117 11117 E ArmVmp : Match on catch block at 0xc3 in for 0xa9
04-08 14:13:52.671 11117 11117 E ArmVmp : Match on catch block at 0xc3 in for 0xa9
04-08 14:13:52.673 11117 11117 E ArmVmp : Match on catch block at 0xc3 in for 0xa1
04-08 14:13:52.688 11117 11117 E ArmVmp : Match on catch block at 0xc3 in for 0xa1
04-08 14:13:52.691 11117 11117 E ArmVmp : Match on catch block at 0xc3 in for 0xa5
04-08 14:13:52.722 11117 11117 E ArmVmp : Match on catch block at 0xc3 in for 0xa5
04-08 14:13:52.725 11117 11117 E ArmVmp : Match on catch block at 0xc3 in for 0xa9
04-08 14:13:52.755 11117 11117 E ArmVmp : Match on catch block at 0xc3 in for 0xa1
04-08 14:13:52.759 11117 11117 E ArmVmp : Match on catch block at 0xc3 in for 0xa5
04-08 14:13:52.789 11117 11117 E ArmVmp : Match on catch block at 0xc3 in for 0xa5
04-08 14:13:52.792 11117 11117 E ArmVmp : Match on catch block at 0xc3 in for 0xa9
04-08 14:13:52.822 11117 11117 E ArmVmp : Match on catch block at 0xc3 in for 0xa9
04-08 14:13:52.825 11117 11117 E ArmVmp : Match on catch block at 0xc3 in for 0xa1
04-08 14:13:52.839 11117 11117 E ArmVmp : Match on catch block at 0xc3 in for 0xa1
04-08 14:13:52.845 11117 11117 E ArmVmp : Match on catch block at 0xc3 in for 0xa5
04-08 14:13:52.877 11117 13816 W libEGL : EGLNativeWindowType 0xb400007cc2660bc0
disconnect failed
04-08 14:13:53.952 11117 11117 E ArmVmp : Match on catch block at 0x0a in for 0xc1
04-08 14:13:53.954 11117 11117 E ArmVmp : Match on catch block at 0x0a in for 0xc9
04-08 14:13:54.093 11117 11117 E ArmVmp : Match on catch block at 0xc3 in for 0xb1
04-08 14:13:54.096 11117 11117 E ArmVmp : Match on catch block at 0xc3 in for 0xb1
04-08 14:13:54.141 11117 11117 E ArmVmp : Match on catch block at 0xc3 in for 0xa9
04-08 14:13:54.144 11117 11117 E ArmVmp : Match on catch block at 0xc3 in for 0xa1
04-08 14:13:54.225 11117 11117 E ArmVmp : Match on catch block at 0xc3 in for 0xa1
04-08 14:13:54.227 11117 11117 E ArmVmp : Match on catch block at 0xc3 in for 0xa5
04-08 14:13:54.248 11117 11117 E ArmVmp : Match on catch block at 0xc3 in for 0xa5
04-08 14:13:54.250 11117 11117 E ArmVmp : Match on catch block at 0xc3 in for 0xa9
04-08 14:13:54.256 11117 11117 E ArmVmp : Match on catch block at 0xc3 in for 0xa9
04-08 14:13:54.259 11117 11117 E ArmVmp : Match on catch block at 0xc3 in for 0xa1
04-08 14:13:54.344 11117 13816 W libEGL : EGLNativeWindowType 0xb400007cc2760340
disconnect failed
04-08 14:13:54.741 11117 11117 E ArmVmp : Match on catch block at 0xc3 in for 0xa1
04-08 14:13:54.744 11117 11117 E ArmVmp : Match on catch block at 0xc3 in for 0xa5
04-08 14:13:54.773 11117 11117 E ArmVmp : Match on catch block at 0xc3 in for 0xa5
04-08 14:13:54.777 11117 11117 E ArmVmp : Match on catch block at 0xc3 in for 0xa9
04-08 14:13:54.791 11117 11117 E ArmVmp : Match on catch block at 0xc3 in for 0xa9
04-08 14:13:54.794 11117 11117 E ArmVmp : Match on catch block at 0xc3 in for 0xa1
04-08 14:13:54.808 11117 11117 E ArmVmp : Match on catch block at 0xc3 in for 0xa1
04-08 14:13:54.811 11117 11117 E ArmVmp : Match on catch block at 0xc3 in for 0xa5
04-08 14:13:54.824 11117 11117 E ArmVmp : Match on catch block at 0xc3 in for 0xa5
04-08 14:13:54.828 11117 11117 E ArmVmp : Match on catch block at 0xc3 in for 0xa9
04-08 14:13:54.840 11117 11117 E ArmVmp : Match on catch block at 0xc3 in for 0xa5
04-08 14:13:54.844 11117 11117 E ArmVmp : Match on catch block at 0xc3 in for 0xa9
04-08 14:13:54.857 11117 11117 E ArmVmp : Match on catch block at 0xc3 in for 0xa9
04-08 14:13:54.860 11117 11117 E ArmVmp : Match on catch block at 0xc3 in for 0xa1
04-08 14:13:54.874 11117 11117 E ArmVmp : Match on catch block at 0xc3 in for 0xa1
04-08 14:13:54.877 11117 11117 E ArmVmp : Match on catch block at 0xc3 in for 0xa5
04-08 14:13:54.891 11117 11117 E ArmVmp : Match on catch block at 0xc3 in for 0xa5
04-08 14:13:54.894 11117 11117 E ArmVmp : Match on catch block at 0xc3 in for 0xa9
04-08 14:13:54.907 11117 11117 E ArmVmp : Match on catch block at 0xc3 in for 0xa9
04-08 14:13:54.911 11117 11117 E ArmVmp : Match on catch block at 0xc3 in for 0xa1
04-08 14:13:54.924 11117 11117 E ArmVmp : Match on catch block at 0xc3 in for 0xa9
04-08 14:13:54.928 11117 11117 E ArmVmp : Match on catch block at 0xc3 in for 0xa1
04-08 14:13:54.953 11117 11117 E ArmVmp : Match on catch block at 0xc3 in for 0xa9
04-08 14:13:54.955 11117 11117 E ArmVmp : Match on catch block at 0xc3 in for 0xa1
04-08 14:13:54.967 11117 13816 E FrameEvents: updateAcquireFence: Did not find
frame.
04-08 14:13:54.967 11117 13816 E BufferQueueProducer: [ImageReader-61x61f1u256m2-
11117-7](id:2b6d00000013,api:0,p:-1,c:11117) disconnect: not connected (req=1)
04-08 14:13:54.967 11117 13816 W libEGL : EGLNativeWindowType 0xb400007cc2760340
disconnect failed
04-08 14:13:54.979 11117 11117 E ArmVmp : Match on catch block at 0xc3 in for 0xa1
04-08 14:13:54.982 11117 11117 E ArmVmp : Match on catch block at 0xc3 in for 0xa5
04-08 14:13:55.123 11117 11117 W ResourceType: Bad XML block: header size 18254 or
total size 169478669 is larger than data size 231
04-08 14:13:55.128 11117 11117 W ResourceType: Bad XML block: header size 18254 or
total size 169478669 is larger than data size 431
04-08 14:13:55.140 11117 11117 W ResourceType: Bad XML block: header size 18254 or
total size 169478669 is larger than data size 376
04-08 14:13:55.143 11117 11117 W ResourceType: Bad XML block: header size 18254 or
total size 169478669 is larger than data size 168
04-08 14:13:55.148 11117 11117 W ResourceType: Bad XML block: header size 18254 or
total size 169478669 is larger than data size 571
04-08 14:13:55.155 11117 11117 W ResourceType: Bad XML block: header size 18254 or
total size 169478669 is larger than data size 193
04-08 14:13:55.158 11117 11117 W ResourceType: Bad XML block: header size 18254 or
total size 169478669 is larger than data size 363
04-08 14:13:55.161 11117 11117 W ResourceType: Bad XML block: header size 18254 or
total size 169478669 is larger than data size 630
04-08 14:13:55.165 11117 11117 W ResourceType: Bad XML block: header size 18254 or
total size 169478669 is larger than data size 313
04-08 14:13:55.168 11117 11117 W ResourceType: Bad XML block: header size 18254 or
total size 169478669 is larger than data size 630
04-08 14:13:55.170 11117 11117 W ResourceType: Bad XML block: header size 18254 or
total size 169478669 is larger than data size 457
04-08 14:13:55.173 11117 11117 W ResourceType: Bad XML block: header size 18254 or
total size 169478669 is larger than data size 343
04-08 14:13:55.201 11117 11117 W ResourceType: Bad XML block: header size 18254 or
total size 169478669 is larger than data size 325
04-08 14:13:55.205 11117 11117 W ResourceType: Bad XML block: header size 18254 or
total size 169478669 is larger than data size 293
04-08 14:13:55.220 11117 11117 W SQLiteLog: (28) double-quoted string literal:
"1316"
04-08 14:13:55.220 11117 11117 W SQLiteLog: (28) double-quoted string literal:
"1316"
04-08 14:13:55.253 11117 11117 W ResourceType: Bad XML block: header size 18254 or
total size 169478669 is larger than data size 325
04-08 14:13:55.278 11117 11117 E ArmVmp : Match on catch block at 0xc3 in for 0xa5
04-08 14:13:55.280 11117 11117 E ArmVmp : Match on catch block at 0xc3 in for 0xa9
04-08 14:13:55.304 11117 11117 W ResourceType: Bad XML block: header size 18254 or
total size 169478669 is larger than data size 547
04-08 14:13:55.319 11117 11117 E ArmVmp : Match on catch block at 0xc3 in for 0xa9
04-08 14:13:55.321 11117 11117 E ArmVmp : Match on catch block at 0xc3 in for 0xa1
04-08 14:13:55.427 11117 11117 E ArmVmp : Match on catch block at 0xc3 in for 0xa9
04-08 14:13:55.433 11117 11117 E ArmVmp : Match on catch block at 0xc3 in for 0xa1
04-08 14:13:55.532 11117 13816 W libEGL : EGLNativeWindowType 0xb400007cc2907db0
disconnect failed
04-08 14:13:55.538 11117 11117 E ArmVmp : Match on catch block at 0xc3 in for 0xa5
04-08 14:13:55.543 11117 11117 E ArmVmp : Match on catch block at 0xc3 in for 0xa9
04-08 14:13:56.541 11117 11228 E SQLiteDatabase: Error inserting transferred=1
media_job_uuid=470db8a0-6c5a-4da3-968b-bc7904e5ba61 transcoded=0 gif_attribution=0
first_scan_length=5180 direct_path=/v/t62.15575-
24/55676278_741570188162546_6639187290947833008_n.enc?ccb=11-4&oh=01_ASC-
GHUUUwDQiOhgS7NWq_bMFM5qZlJpVcHlGzPbWEHwsg&oe=663BBB93&_nc_sid=5e03e0
thumbnail_height_width_ratio=1.0 is_animated_sticker=1
file_hash=kR+elSsANoQXQP2Ee3b7mWe4NbQoa9ivtpnHaD74arI= file_path=Media/MBWhatsApp
Stickers/STK-20240408-WA0059.webp file_size=358168 partial_media_hash=null face_x=0
face_y=0 height=64 trim_to=0 media_key_timestamp=1712607301000
message_url=https://mmg.whatsapp.net/v/t62.15575-
24/55676278_741570188162546_6639187290947833008_n.enc?ccb=11-4&oh=01_ASC-
GHUUUwDQiOhgS7NWq_bMFM5qZlJpVcHlGzPbWEHwsg&oe=663BBB93&_nc_sid=5e03e0&mms3=true
media_caption=null trim_from=0 mime_type=image/webp partial_media_enc_hash=null
width=64 original_file_hash=null has_streaming_sidecar=0
autotransfer_retry_enabled=1 media_upload_handle=null message_row_id=31540
multicast_id=null enc_file_hash=PxNZfsBNDcTwaFNaQLvUkJu2HN+dt8zNwC4ZtG8kAZg=
mute_video=0 page_count=0 first_scan_sidecar=[B@3c7fe22 suspicious_content=0
file_length=358168 media_name=null media_duration=0 chat_row_id=1320
media_key=[B@be1c0b3
04-08 14:13:56.541 11117 11228 E SQLiteDatabase:
android.database.sqlite.SQLiteConstraintException: UNIQUE constraint failed:
message_media.message_row_id (code 1555 SQLITE_CONSTRAINT_PRIMARYKEY)
04-08 14:13:56.541 11117 11228 E SQLiteDatabase: at
android.database.sqlite.SQLiteConnection.nativeExecuteForLastInsertedRowId(Native
Method)
04-08 14:13:56.541 11117 11228 E SQLiteDatabase: at
android.database.sqlite.SQLiteConnection.executeForLastInsertedRowId(SQLiteConnecti
on.java:938)
04-08 14:13:56.541 11117 11228 E SQLiteDatabase: at
android.database.sqlite.SQLiteSession.executeForLastInsertedRowId(SQLiteSession.jav
a:790)
04-08 14:13:56.541 11117 11228 E SQLiteDatabase: at
android.database.sqlite.SQLiteStatement.executeInsert(SQLiteStatement.java:88)
04-08 14:13:56.541 11117 11228 E SQLiteDatabase: at
android.database.sqlite.SQLiteDatabase.insertWithOnConflict(SQLiteDatabase.java:170
1)
04-08 14:13:56.541 11117 11228 E SQLiteDatabase: at
android.database.sqlite.SQLiteDatabase.insert(SQLiteDatabase.java:1570)
04-08 14:13:56.541 11117 11228 E SQLiteDatabase: at X.2tm.A08(Unknown
Source:6)
04-08 14:13:56.541 11117 11228 E SQLiteDatabase: at X.35Y.A07(Unknown
Source:212)
04-08 14:13:56.541 11117 11228 E SQLiteDatabase: at X.3QF.A14(Unknown
Source:470)
04-08 14:13:56.541 11117 11228 E SQLiteDatabase: at X.3gU.run(Unknown
Source:982)
04-08 14:13:56.541 11117 11228 E SQLiteDatabase: at
android.os.Handler.handleCallback(Handler.java:938)
04-08 14:13:56.541 11117 11228 E SQLiteDatabase: at
android.os.Handler.dispatchMessage(Handler.java:99)
04-08 14:13:56.541 11117 11228 E SQLiteDatabase: at
X.0zq.dispatchMessage(Unknown Source:4)
04-08 14:13:56.541 11117 11228 E SQLiteDatabase: at
android.os.Looper.loop(Looper.java:240)
04-08 14:13:56.541 11117 11228 E SQLiteDatabase: at
android.os.HandlerThread.run(HandlerThread.java:67)
04-08 14:14:01.078 11117 11117 E Dialog : show dialog
view=DecorView@877aaa8[GroupChatInfoActivity]
04-08 14:14:03.233 11117 13816 W libEGL : EGLNativeWindowType 0xb400007cc27e8740
disconnect failed
04-08 14:14:03.262 11117 11117 W View : requestLayout() improperly called by
com.mbwhatsapp.TextEmojiLabel{e45bf98 VFED..C.. ......ID 0,0-185,53 #7f0b06ab
app:id/conversation_contact_name} during layout: running second layout pass
04-08 14:14:04.655 11117 13816 W libEGL : EGLNativeWindowType 0xb400007cc28d2a20
disconnect failed
04-08 14:14:11.437 11117 13816 W libEGL : EGLNativeWindowType 0xb400007cc2912800
disconnect failed
04-08 14:14:12.242 11117 13816 W libEGL : EGLNativeWindowType 0xb400007cc2912800
disconnect failed
04-08 14:14:12.739 11117 11117 W View : requestLayout() improperly called by
com.mbwhatsapp.TextEmojiLabel{e45bf98 VFED..C.. ......ID 0,0-185,53 #7f0b06ab
app:id/conversation_contact_name} during layout: running second layout pass
04-08 14:14:12.958 11117 13816 W libEGL : EGLNativeWindowType 0xb400007cc2907db0
disconnect failed
04-08 14:14:14.392 11117 11117 E Dialog : show dialog
view=DecorView@8d03856[GroupChatInfoActivity]
04-08 14:14:16.379 11117 13816 W libEGL : EGLNativeWindowType 0xb400007cc27d1090
disconnect failed
04-08 14:14:16.421 11117 11117 W View : requestLayout() improperly called by
com.mbwhatsapp.TextEmojiLabel{e45bf98 VFED..C.. ......ID 0,0-185,53 #7f0b06ab
app:id/conversation_contact_name} during layout: running second layout pass
04-08 14:14:16.464 11117 17513 W LibraryVersion: Failed to get app version for
libraryName: firebase-iid
04-08 14:14:16.886 11117 11117 E ArmVmp : Match on catch block at 0x0a in for 0xc5
04-08 14:14:16.890 11117 11117 E ArmVmp : Match on catch block at 0x0a in for 0xc5
04-08 14:14:16.935 11117 11117 E ArmVmp : Match on catch block at 0xc3 in for 0xa5
04-08 14:14:16.939 11117 11117 E ArmVmp : Match on catch block at 0xc3 in for 0xa9
04-08 14:14:16.943 11117 17350 E SQLiteDatabase: Error inserting dirty_version=-1
version=0 lt_hash=null collection_name=regular_high
04-08 14:14:16.943 11117 17350 E SQLiteDatabase:
android.database.sqlite.SQLiteConstraintException: UNIQUE constraint failed:
collection_versions.collection_name (code 1555 SQLITE_CONSTRAINT_PRIMARYKEY)
04-08 14:14:16.943 11117 17350 E SQLiteDatabase: at
android.database.sqlite.SQLiteConnection.nativeExecuteForLastInsertedRowId(Native
Method)
04-08 14:14:16.943 11117 17350 E SQLiteDatabase: at
android.database.sqlite.SQLiteConnection.executeForLastInsertedRowId(SQLiteConnecti
on.java:938)
04-08 14:14:16.943 11117 17350 E SQLiteDatabase: at
android.database.sqlite.SQLiteSession.executeForLastInsertedRowId(SQLiteSession.jav
a:790)
04-08 14:14:16.943 11117 17350 E SQLiteDatabase: at
android.database.sqlite.SQLiteStatement.executeInsert(SQLiteStatement.java:88)
04-08 14:14:16.943 11117 17350 E SQLiteDatabase: at
android.database.sqlite.SQLiteDatabase.insertWithOnConflict(SQLiteDatabase.java:170
1)
04-08 14:14:16.943 11117 17350 E SQLiteDatabase: at
android.database.sqlite.SQLiteDatabase.insert(SQLiteDatabase.java:1570)
04-08 14:14:16.943 11117 17350 E SQLiteDatabase: at X.2tm.A08(Unknown
Source:6)
04-08 14:14:16.943 11117 17350 E SQLiteDatabase: at X.2sR.A03(Unknown
Source:39)
04-08 14:14:16.943 11117 17350 E SQLiteDatabase: at X.2sR.A05(Unknown
Source:14)
04-08 14:14:16.943 11117 17350 E SQLiteDatabase: at X.3eA.run(Unknown
Source:2101)
04-08 14:14:16.943 11117 17350 E SQLiteDatabase: at
java.util.concurrent.ThreadPoolExecutor.runWorker(ThreadPoolExecutor.java:1167)
04-08 14:14:16.943 11117 17350 E SQLiteDatabase: at
java.util.concurrent.ThreadPoolExecutor$Worker.run(ThreadPoolExecutor.java:641)
04-08 14:14:16.943 11117 17350 E SQLiteDatabase: at X.3gH.run(Unknown
Source:1548)
04-08 14:14:16.943 11117 17350 E SQLiteDatabase: at
java.lang.Thread.run(Thread.java:923)
04-08 14:14:16.985 11117 11117 E ArmVmp : Match on catch block at 0xc3 in for 0xa9
04-08 14:14:16.988 11117 11117 E ArmVmp : Match on catch block at 0xc3 in for 0xa1
04-08 14:14:17.009 11117 11117 E ArmVmp : Match on catch block at 0xc3 in for 0xa1
04-08 14:14:17.011 11117 11117 E ArmVmp : Match on catch block at 0xc3 in for 0xa5
04-08 14:14:17.030 11117 11117 E ArmVmp : Match on catch block at 0xc3 in for 0xa9
04-08 14:14:17.033 11117 11117 E ArmVmp : Match on catch block at 0xc3 in for 0xa1
04-08 14:14:17.199 11117 13816 W libEGL : EGLNativeWindowType 0xb400007cc2912800
disconnect failed
04-08 14:14:17.294 11117 11117 E ArmVmp : Match on catch block at 0xc3 in for 0xa9
04-08 14:14:17.300 11117 11117 E ArmVmp : Match on catch block at 0xc3 in for 0xa1
04-08 14:14:17.316 11117 11117 E ArmVmp : Match on catch block at 0xc3 in for 0xa1
04-08 14:14:17.321 11117 11117 E ArmVmp : Match on catch block at 0xc3 in for 0xa5
04-08 14:14:17.377 11117 11117 E ArmVmp : Match on catch block at 0xc3 in for 0xa9
04-08 14:14:17.381 11117 11117 E ArmVmp : Match on catch block at 0xc3 in for 0xa1
04-08 14:14:17.618 11117 13816 W libEGL : EGLNativeWindowType 0xb400007cc27d1090
disconnect failed
04-08 14:14:17.625 11117 11117 E ArmVmp : Match on catch block at 0xc3 in for 0xa1
04-08 14:14:17.628 11117 11117 E ArmVmp : Match on catch block at 0xc3 in for 0xa5
04-08 14:14:18.472 11117 11117 E ArmVmp : Match on catch block at 0x0a in for 0xc5
04-08 14:14:18.475 11117 11117 E ArmVmp : Match on catch block at 0x0a in for 0xc1
04-08 14:14:18.664 11117 11117 E ArmVmp : Match on catch block at 0xc3 in for 0xb1
04-08 14:14:18.668 11117 11117 E ArmVmp : Match on catch block at 0xc3 in for 0xb1
04-08 14:14:18.704 11117 11117 E ArmVmp : Match on catch block at 0xc3 in for 0xa5
04-08 14:14:18.706 11117 11117 E ArmVmp : Match on catch block at 0xc3 in for 0xa9
04-08 14:14:18.707 11117 11117 E ArmVmp : Match on catch block at 0xc3 in for 0xa9
04-08 14:14:18.732 11117 11117 E ArmVmp : Match on catch block at 0xc3 in for 0xa5
04-08 14:14:18.736 11117 11117 E ArmVmp : Match on catch block at 0xc3 in for 0xa9
04-08 14:14:18.737 11117 11117 E ArmVmp : Match on catch block at 0xc3 in for 0xa9
04-08 14:14:18.760 11117 11117 E ArmVmp : Match on catch block at 0xc3 in for 0xa5
04-08 14:14:18.761 11117 11117 E ArmVmp : Match on catch block at 0xc3 in for 0xa9
04-08 14:14:18.763 11117 11117 E ArmVmp : Match on catch block at 0xc3 in for 0xa9
04-08 14:14:18.777 11117 11117 E ArmVmp : Match on catch block at 0xc3 in for 0xa1
04-08 14:14:18.779 11117 11117 E ArmVmp : Match on catch block at 0xc3 in for 0xa5
04-08 14:14:18.781 11117 11117 E ArmVmp : Match on catch block at 0xc3 in for 0xa5
04-08 14:14:18.796 11117 11117 E ArmVmp : Match on catch block at 0xc3 in for 0xa1
04-08 14:14:18.798 11117 11117 E ArmVmp : Match on catch block at 0xc3 in for 0xa5
04-08 14:14:18.800 11117 11117 E ArmVmp : Match on catch block at 0xc3 in for 0xa5
04-08 14:14:18.812 11117 11117 E ArmVmp : Match on catch block at 0xc3 in for 0xa9
04-08 14:14:18.814 11117 11117 E ArmVmp : Match on catch block at 0xc3 in for 0xa1
04-08 14:14:18.816 11117 11117 E ArmVmp : Match on catch block at 0xc3 in for 0xa1
04-08 14:14:18.846 11117 11117 E ArmVmp : Match on catch block at 0xc3 in for 0xa5
04-08 14:14:18.848 11117 11117 E ArmVmp : Match on catch block at 0xc3 in for 0xa9
04-08 14:14:18.850 11117 11117 E ArmVmp : Match on catch block at 0xc3 in for 0xa9
04-08 14:14:18.863 11117 11117 E ArmVmp : Match on catch block at 0xc3 in for 0xa1
04-08 14:14:18.865 11117 11117 E ArmVmp : Match on catch block at 0xc3 in for 0xa5
04-08 14:14:18.867 11117 11117 E ArmVmp : Match on catch block at 0xc3 in for 0xa5
04-08 14:14:18.879 11117 11117 E ArmVmp : Match on catch block at 0xc3 in for 0xa9
04-08 14:14:18.882 11117 11117 E ArmVmp : Match on catch block at 0xc3 in for 0xa1
04-08 14:14:18.883 11117 11117 E ArmVmp : Match on catch block at 0xc3 in for 0xa1
04-08 14:14:18.921 11117 13816 W libEGL : EGLNativeWindowType 0xb400007cc27e8740
disconnect failed
04-08 14:14:18.931 11117 11117 E ArmVmp : Match on catch block at 0xc3 in for 0xa5
04-08 14:14:18.934 11117 11117 E ArmVmp : Match on catch block at 0xc3 in for 0xa9
04-08 14:14:18.936 11117 11117 E ArmVmp : Match on catch block at 0xc3 in for 0xa9
04-08 14:14:18.963 11117 11117 E ArmVmp : Match on catch block at 0xc3 in for 0xa1
04-08 14:14:18.965 11117 11117 E ArmVmp : Match on catch block at 0xc3 in for 0xa5
04-08 14:14:18.966 11117 11117 E ArmVmp : Match on catch block at 0xc3 in for 0xa5
04-08 14:14:18.996 11117 11117 E ArmVmp : Match on catch block at 0xc3 in for 0xa9
04-08 14:14:18.998 11117 11117 E ArmVmp : Match on catch block at 0xc3 in for 0xa1
04-08 14:14:18.999 11117 11117 E ArmVmp : Match on catch block at 0xc3 in for 0xa1
04-08 14:14:19.013 11117 11117 E ArmVmp : Match on catch block at 0xc3 in for 0xa5
04-08 14:14:19.015 11117 11117 E ArmVmp : Match on catch block at 0xc3 in for 0xa9
04-08 14:14:19.017 11117 11117 E ArmVmp : Match on catch block at 0xc3 in for 0xa9
04-08 14:14:19.029 11117 11117 E ArmVmp : Match on catch block at 0xc3 in for 0xa1
04-08 14:14:19.032 11117 11117 E ArmVmp : Match on catch block at 0xc3 in for 0xa5
04-08 14:14:19.034 11117 11117 E ArmVmp : Match on catch block at 0xc3 in for 0xa5
04-08 14:14:19.080 11117 11117 E ArmVmp : Match on catch block at 0xc3 in for 0xa1
04-08 14:14:19.082 11117 11117 E ArmVmp : Match on catch block at 0xc3 in for 0xa5
04-08 14:14:19.084 11117 11117 E ArmVmp : Match on catch block at 0xc3 in for 0xa5
04-08 14:14:19.096 11117 11117 E ArmVmp : Match on catch block at 0xc3 in for 0xa9
04-08 14:14:19.098 11117 11117 E ArmVmp : Match on catch block at 0xc3 in for 0xa1
04-08 14:14:19.099 11117 11117 E ArmVmp : Match on catch block at 0xc3 in for 0xa1
04-08 14:14:19.113 11117 11117 E ArmVmp : Match on catch block at 0xc3 in for 0xa5
04-08 14:14:19.115 11117 11117 E ArmVmp : Match on catch block at 0xc3 in for 0xa9
04-08 14:14:19.116 11117 11117 E ArmVmp : Match on catch block at 0xc3 in for 0xa9
04-08 14:14:19.146 11117 11117 E ArmVmp : Match on catch block at 0xc3 in for 0xa1
04-08 14:14:19.148 11117 11117 E ArmVmp : Match on catch block at 0xc3 in for 0xa5
04-08 14:14:19.149 11117 11117 E ArmVmp : Match on catch block at 0xc3 in for 0xa5
04-08 14:14:19.164 11117 11117 E ArmVmp : Match on catch block at 0xc3 in for 0xa9
04-08 14:14:19.167 11117 11117 E ArmVmp : Match on catch block at 0xc3 in for 0xa1
04-08 14:14:19.169 11117 11117 E ArmVmp : Match on catch block at 0xc3 in for 0xa1
04-08 14:14:19.180 11117 11117 E ArmVmp : Match on catch block at 0xc3 in for 0xa5
04-08 14:14:19.183 11117 11117 E ArmVmp : Match on catch block at 0xc3 in for 0xa9
04-08 14:14:19.185 11117 11117 E ArmVmp : Match on catch block at 0xc3 in for 0xa9
04-08 14:14:19.214 11117 11117 E ArmVmp : Match on catch block at 0xc3 in for 0xa1
04-08 14:14:19.216 11117 11117 E ArmVmp : Match on catch block at 0xc3 in for 0xa5
04-08 14:14:19.218 11117 11117 E ArmVmp : Match on catch block at 0xc3 in for 0xa5
04-08 14:14:19.230 11117 11117 E ArmVmp : Match on catch block at 0xc3 in for 0xa9
04-08 14:14:19.234 11117 11117 E ArmVmp : Match on catch block at 0xc3 in for 0xa1
04-08 14:14:19.235 11117 11117 E ArmVmp : Match on catch block at 0xc3 in for 0xa1
04-08 14:14:19.247 11117 11117 E ArmVmp : Match on catch block at 0xc3 in for 0xa5
04-08 14:14:19.250 11117 11117 E ArmVmp : Match on catch block at 0xc3 in for 0xa9
04-08 14:14:19.252 11117 11117 E ArmVmp : Match on catch block at 0xc3 in for 0xa9
04-08 14:14:19.264 11117 11117 E ArmVmp : Match on catch block at 0xc3 in for 0xa1
04-08 14:14:19.267 11117 11117 E ArmVmp : Match on catch block at 0xc3 in for 0xa5
04-08 14:14:19.269 11117 11117 E ArmVmp : Match on catch block at 0xc3 in for 0xa5
04-08 14:14:19.280 11117 11117 E ArmVmp : Match on catch block at 0xc3 in for 0xa9
04-08 14:14:19.283 11117 11117 E ArmVmp : Match on catch block at 0xc3 in for 0xa1
04-08 14:14:19.285 11117 11117 E ArmVmp : Match on catch block at 0xc3 in for 0xa1
04-08 14:14:19.297 11117 11117 E ArmVmp : Match on catch block at 0xc3 in for 0xa5
04-08 14:14:19.301 11117 11117 E ArmVmp : Match on catch block at 0xc3 in for 0xa9
04-08 14:14:19.303 11117 11117 E ArmVmp : Match on catch block at 0xc3 in for 0xa9
04-08 14:14:19.314 11117 11117 E ArmVmp : Match on catch block at 0xc3 in for 0xa5
04-08 14:14:19.317 11117 11117 E ArmVmp : Match on catch block at 0xc3 in for 0xa9
04-08 14:14:19.319 11117 11117 E ArmVmp : Match on catch block at 0xc3 in for 0xa9
04-08 14:14:19.331 11117 11117 E ArmVmp : Match on catch block at 0xc3 in for 0xa1
04-08 14:14:19.334 11117 11117 E ArmVmp : Match on catch block at 0xc3 in for 0xa5
04-08 14:14:19.336 11117 11117 E ArmVmp : Match on catch block at 0xc3 in for 0xa5
04-08 14:14:19.348 11117 11117 E ArmVmp : Match on catch block at 0xc3 in for 0xa9
04-08 14:14:19.350 11117 11117 E ArmVmp : Match on catch block at 0xc3 in for 0xa1
04-08 14:14:19.352 11117 11117 E ArmVmp : Match on catch block at 0xc3 in for 0xa1
04-08 14:14:19.364 11117 11117 E ArmVmp : Match on catch block at 0xc3 in for 0xa5
04-08 14:14:19.367 11117 11117 E ArmVmp : Match on catch block at 0xc3 in for 0xa9
04-08 14:14:19.369 11117 11117 E ArmVmp : Match on catch block at 0xc3 in for 0xa9
04-08 14:14:19.380 11117 11117 E ArmVmp : Match on catch block at 0xc3 in for 0xa1
04-08 14:14:19.383 11117 11117 E ArmVmp : Match on catch block at 0xc3 in for 0xa5
04-08 14:14:19.385 11117 11117 E ArmVmp : Match on catch block at 0xc3 in for 0xa5
04-08 14:14:19.397 11117 11117 E ArmVmp : Match on catch block at 0xc3 in for 0xa9
04-08 14:14:19.400 11117 11117 E ArmVmp : Match on catch block at 0xc3 in for 0xa1
04-08 14:14:19.402 11117 11117 E ArmVmp : Match on catch block at 0xc3 in for 0xa1
04-08 14:14:19.414 11117 11117 E ArmVmp : Match on catch block at 0xc3 in for 0xa5
04-08 14:14:19.417 11117 11117 E ArmVmp : Match on catch block at 0xc3 in for 0xa9
04-08 14:14:19.419 11117 11117 E ArmVmp : Match on catch block at 0xc3 in for 0xa9
04-08 14:14:19.430 11117 11117 E ArmVmp : Match on catch block at 0xc3 in for 0xa1
04-08 14:14:19.434 11117 11117 E ArmVmp : Match on catch block at 0xc3 in for 0xa5
04-08 14:14:19.435 11117 11117 E ArmVmp : Match on catch block at 0xc3 in for 0xa5
04-08 14:14:19.448 11117 11117 E ArmVmp : Match on catch block at 0xc3 in for 0xa9
04-08 14:14:19.451 11117 11117 E ArmVmp : Match on catch block at 0xc3 in for 0xa1
04-08 14:14:19.453 11117 11117 E ArmVmp : Match on catch block at 0xc3 in for 0xa1
04-08 14:14:19.464 11117 11117 E ArmVmp : Match on catch block at 0xc3 in for 0xa5
04-08 14:14:19.467 11117 11117 E ArmVmp : Match on catch block at 0xc3 in for 0xa9
04-08 14:14:19.469 11117 11117 E ArmVmp : Match on catch block at 0xc3 in for 0xa9
04-08 14:14:19.481 11117 11117 E ArmVmp : Match on catch block at 0xc3 in for 0xa1
04-08 14:14:19.484 11117 11117 E ArmVmp : Match on catch block at 0xc3 in for 0xa5
04-08 14:14:19.486 11117 11117 E ArmVmp : Match on catch block at 0xc3 in for 0xa5
04-08 14:14:19.497 11117 11117 E ArmVmp : Match on catch block at 0xc3 in for 0xa9
04-08 14:14:19.500 11117 11117 E ArmVmp : Match on catch block at 0xc3 in for 0xa1
04-08 14:14:19.502 11117 11117 E ArmVmp : Match on catch block at 0xc3 in for 0xa1
04-08 14:14:19.514 11117 11117 E ArmVmp : Match on catch block at 0xc3 in for 0xa5
04-08 14:14:19.517 11117 11117 E ArmVmp : Match on catch block at 0xc3 in for 0xa9
04-08 14:14:19.519 11117 11117 E ArmVmp : Match on catch block at 0xc3 in for 0xa9
04-08 14:14:19.531 11117 11117 E ArmVmp : Match on catch block at 0xc3 in for 0xa1
04-08 14:14:19.534 11117 11117 E ArmVmp : Match on catch block at 0xc3 in for 0xa5
04-08 14:14:19.536 11117 11117 E ArmVmp : Match on catch block at 0xc3 in for 0xa5
04-08 14:14:19.547 11117 11117 E ArmVmp : Match on catch block at 0xc3 in for 0xa9
04-08 14:14:19.551 11117 11117 E ArmVmp : Match on catch block at 0xc3 in for 0xa1
04-08 14:14:19.552 11117 11117 E ArmVmp : Match on catch block at 0xc3 in for 0xa1
04-08 14:14:19.564 11117 11117 E ArmVmp : Match on catch block at 0xc3 in for 0xa5
04-08 14:14:19.568 11117 11117 E ArmVmp : Match on catch block at 0xc3 in for 0xa9
04-08 14:14:19.570 11117 11117 E ArmVmp : Match on catch block at 0xc3 in for 0xa9
04-08 14:14:19.581 11117 11117 E ArmVmp : Match on catch block at 0xc3 in for 0xa1
04-08 14:14:19.584 11117 11117 E ArmVmp : Match on catch block at 0xc3 in for 0xa5
04-08 14:14:19.586 11117 11117 E ArmVmp : Match on catch block at 0xc3 in for 0xa5
04-08 14:14:19.598 11117 11117 E ArmVmp : Match on catch block at 0xc3 in for 0xa9
04-08 14:14:19.601 11117 11117 E ArmVmp : Match on catch block at 0xc3 in for 0xa1
04-08 14:14:19.603 11117 11117 E ArmVmp : Match on catch block at 0xc3 in for 0xa1
04-08 14:14:19.614 11117 11117 E ArmVmp : Match on catch block at 0xc3 in for 0xa5
04-08 14:14:19.617 11117 11117 E ArmVmp : Match on catch block at 0xc3 in for 0xa9
04-08 14:14:19.619 11117 11117 E ArmVmp : Match on catch block at 0xc3 in for 0xa9
04-08 14:14:19.631 11117 11117 E ArmVmp : Match on catch block at 0xc3 in for 0xa1
04-08 14:14:19.634 11117 11117 E ArmVmp : Match on catch block at 0xc3 in for 0xa5
04-08 14:14:19.636 11117 11117 E ArmVmp : Match on catch block at 0xc3 in for 0xa5
04-08 14:14:19.647 11117 11117 E ArmVmp : Match on catch block at 0xc3 in for 0xa9
04-08 14:14:19.651 11117 11117 E ArmVmp : Match on catch block at 0xc3 in for 0xa1
04-08 14:14:19.653 11117 11117 E ArmVmp : Match on catch block at 0xc3 in for 0xa1
04-08 14:14:19.683 11117 11117 E ArmVmp : Match on catch block at 0xc3 in for 0xa5
04-08 14:14:19.686 11117 11117 E ArmVmp : Match on catch block at 0xc3 in for 0xa9
04-08 14:14:19.688 11117 11117 E ArmVmp : Match on catch block at 0xc3 in for 0xa9
04-08 14:14:19.698 11117 11117 E ArmVmp : Match on catch block at 0xc3 in for 0xa1
04-08 14:14:19.701 11117 11117 E ArmVmp : Match on catch block at 0xc3 in for 0xa5
04-08 14:14:19.703 11117 11117 E ArmVmp : Match on catch block at 0xc3 in for 0xa5
04-08 14:14:19.715 11117 11117 E ArmVmp : Match on catch block at 0xc3 in for 0xa9
04-08 14:14:19.718 11117 11117 E ArmVmp : Match on catch block at 0xc3 in for 0xa1
04-08 14:14:19.719 11117 11117 E ArmVmp : Match on catch block at 0xc3 in for 0xa1
04-08 14:14:19.747 11117 11117 E ArmVmp : Match on catch block at 0xc3 in for 0xa5
04-08 14:14:19.751 11117 11117 E ArmVmp : Match on catch block at 0xc3 in for 0xa9
04-08 14:14:19.753 11117 11117 E ArmVmp : Match on catch block at 0xc3 in for 0xa9
04-08 14:14:19.764 11117 11117 E ArmVmp : Match on catch block at 0xc3 in for 0xa1
04-08 14:14:19.768 11117 11117 E ArmVmp : Match on catch block at 0xc3 in for 0xa5
04-08 14:14:19.770 11117 11117 E ArmVmp : Match on catch block at 0xc3 in for 0xa5
04-08 14:14:19.781 11117 11117 E ArmVmp : Match on catch block at 0xc3 in for 0xa9
04-08 14:14:19.785 11117 11117 E ArmVmp : Match on catch block at 0xc3 in for 0xa1
04-08 14:14:19.786 11117 11117 E ArmVmp : Match on catch block at 0xc3 in for 0xa1
04-08 14:14:19.814 11117 11117 E ArmVmp : Match on catch block at 0xc3 in for 0xa5
04-08 14:14:19.817 11117 11117 E ArmVmp : Match on catch block at 0xc3 in for 0xa9
04-08 14:14:19.819 11117 11117 E ArmVmp : Match on catch block at 0xc3 in for 0xa9
04-08 14:14:19.848 11117 11117 E ArmVmp : Match on catch block at 0xc3 in for 0xa1
04-08 14:14:19.851 11117 11117 E ArmVmp : Match on catch block at 0xc3 in for 0xa5
04-08 14:14:19.853 11117 11117 E ArmVmp : Match on catch block at 0xc3 in for 0xa5
04-08 14:14:19.865 11117 11117 E ArmVmp : Match on catch block at 0xc3 in for 0xa9
04-08 14:14:19.869 11117 11117 E ArmVmp : Match on catch block at 0xc3 in for 0xa1
04-08 14:14:19.871 11117 11117 E ArmVmp : Match on catch block at 0xc3 in for 0xa1
04-08 14:14:19.881 11117 11117 E ArmVmp : Match on catch block at 0xc3 in for 0xa5
04-08 14:14:19.884 11117 11117 E ArmVmp : Match on catch block at 0xc3 in for 0xa9
04-08 14:14:19.886 11117 11117 E ArmVmp : Match on catch block at 0xc3 in for 0xa9
04-08 14:14:19.915 11117 11117 E ArmVmp : Match on catch block at 0xc3 in for 0xa1
04-08 14:14:19.918 11117 11117 E ArmVmp : Match on catch block at 0xc3 in for 0xa5
04-08 14:14:19.920 11117 11117 E ArmVmp : Match on catch block at 0xc3 in for 0xa5
04-08 14:14:19.931 11117 11117 E ArmVmp : Match on catch block at 0xc3 in for 0xa9
04-08 14:14:19.934 11117 11117 E ArmVmp : Match on catch block at 0xc3 in for 0xa1
04-08 14:14:19.936 11117 11117 E ArmVmp : Match on catch block at 0xc3 in for 0xa1
04-08 14:14:19.948 11117 11117 E ArmVmp : Match on catch block at 0xc3 in for 0xa5
04-08 14:14:19.951 11117 11117 E ArmVmp : Match on catch block at 0xc3 in for 0xa9
04-08 14:14:19.953 11117 11117 E ArmVmp : Match on catch block at 0xc3 in for 0xa9
04-08 14:14:19.981 11117 11117 E ArmVmp : Match on catch block at 0xc3 in for 0xa1
04-08 14:14:19.984 11117 11117 E ArmVmp : Match on catch block at 0xc3 in for 0xa5
04-08 14:14:19.986 11117 11117 E ArmVmp : Match on catch block at 0xc3 in for 0xa5
04-08 14:14:19.998 11117 11117 E ArmVmp : Match on catch block at 0xc3 in for 0xa9
04-08 14:14:20.001 11117 11117 E ArmVmp : Match on catch block at 0xc3 in for 0xa1
04-08 14:14:20.003 11117 11117 E ArmVmp : Match on catch block at 0xc3 in for 0xa1
04-08 14:14:20.015 11117 11117 E ArmVmp : Match on catch block at 0xc3 in for 0xa5
04-08 14:14:20.018 11117 11117 E ArmVmp : Match on catch block at 0xc3 in for 0xa9
04-08 14:14:20.020 11117 11117 E ArmVmp : Match on catch block at 0xc3 in for 0xa9
04-08 14:14:20.048 11117 11117 E ArmVmp : Match on catch block at 0xc3 in for 0xa1
04-08 14:14:20.051 11117 11117 E ArmVmp : Match on catch block at 0xc3 in for 0xa5
04-08 14:14:20.053 11117 11117 E ArmVmp : Match on catch block at 0xc3 in for 0xa5
04-08 14:14:20.065 11117 11117 E ArmVmp : Match on catch block at 0xc3 in for 0xa9
04-08 14:14:20.068 11117 11117 E ArmVmp : Match on catch block at 0xc3 in for 0xa1
04-08 14:14:20.070 11117 11117 E ArmVmp : Match on catch block at 0xc3 in for 0xa1
04-08 14:14:20.082 11117 11117 E ArmVmp : Match on catch block at 0xc3 in for 0xa5
04-08 14:14:20.084 11117 11117 E ArmVmp : Match on catch block at 0xc3 in for 0xa9
04-08 14:14:20.086 11117 11117 E ArmVmp : Match on catch block at 0xc3 in for 0xa9
04-08 14:14:20.114 11117 11117 E ArmVmp : Match on catch block at 0xc3 in for 0xa1
04-08 14:14:20.117 11117 11117 E ArmVmp : Match on catch block at 0xc3 in for 0xa5
04-08 14:14:20.119 11117 11117 E ArmVmp : Match on catch block at 0xc3 in for 0xa5
04-08 14:14:20.131 11117 11117 E ArmVmp : Match on catch block at 0xc3 in for 0xa9
04-08 14:14:20.135 11117 11117 E ArmVmp : Match on catch block at 0xc3 in for 0xa1
04-08 14:14:20.137 11117 11117 E ArmVmp : Match on catch block at 0xc3 in for 0xa1
04-08 14:14:20.148 11117 11117 E ArmVmp : Match on catch block at 0xc3 in for 0xa5
04-08 14:14:20.151 11117 11117 E ArmVmp : Match on catch block at 0xc3 in for 0xa9
04-08 14:14:20.153 11117 11117 E ArmVmp : Match on catch block at 0xc3 in for 0xa9
04-08 14:14:20.181 11117 11117 E ArmVmp : Match on catch block at 0xc3 in for 0xa1
04-08 14:14:20.184 11117 11117 E ArmVmp : Match on catch block at 0xc3 in for 0xa5
04-08 14:14:20.186 11117 11117 E ArmVmp : Match on catch block at 0xc3 in for 0xa5
04-08 14:14:20.198 11117 11117 E ArmVmp : Match on catch block at 0xc3 in for 0xa9
04-08 14:14:20.202 11117 11117 E ArmVmp : Match on catch block at 0xc3 in for 0xa1
04-08 14:14:20.204 11117 11117 E ArmVmp : Match on catch block at 0xc3 in for 0xa1
04-08 14:14:20.215 11117 11117 E ArmVmp : Match on catch block at 0xc3 in for 0xa5
04-08 14:14:20.218 11117 11117 E ArmVmp : Match on catch block at 0xc3 in for 0xa9
04-08 14:14:20.220 11117 11117 E ArmVmp : Match on catch block at 0xc3 in for 0xa9
04-08 14:14:20.248 11117 11117 E ArmVmp : Match on catch block at 0xc3 in for 0xa1
04-08 14:14:20.251 11117 11117 E ArmVmp : Match on catch block at 0xc3 in for 0xa5
04-08 14:14:20.253 11117 11117 E ArmVmp : Match on catch block at 0xc3 in for 0xa5
04-08 14:14:20.265 11117 11117 E ArmVmp : Match on catch block at 0xc3 in for 0xa9
04-08 14:14:20.268 11117 11117 E ArmVmp : Match on catch block at 0xc3 in for 0xa1
04-08 14:14:20.269 11117 11117 E ArmVmp : Match on catch block at 0xc3 in for 0xa1
04-08 14:14:20.282 11117 11117 E ArmVmp : Match on catch block at 0xc3 in for 0xa5
04-08 14:14:20.285 11117 11117 E ArmVmp : Match on catch block at 0xc3 in for 0xa9
04-08 14:14:20.287 11117 11117 E ArmVmp : Match on catch block at 0xc3 in for 0xa9
04-08 14:14:20.315 11117 11117 E ArmVmp : Match on catch block at 0xc3 in for 0xa1
04-08 14:14:20.318 11117 11117 E ArmVmp : Match on catch block at 0xc3 in for 0xa5
04-08 14:14:20.320 11117 11117 E ArmVmp : Match on catch block at 0xc3 in for 0xa5
04-08 14:14:20.331 11117 11117 E ArmVmp : Match on catch block at 0xc3 in for 0xa9
04-08 14:14:20.335 11117 11117 E ArmVmp : Match on catch block at 0xc3 in for 0xa1
04-08 14:14:20.337 11117 11117 E ArmVmp : Match on catch block at 0xc3 in for 0xa1
04-08 14:14:20.349 11117 11117 E ArmVmp : Match on catch block at 0xc3 in for 0xa5
04-08 14:14:20.353 11117 11117 E ArmVmp : Match on catch block at 0xc3 in for 0xa9
04-08 14:14:20.355 11117 11117 E ArmVmp : Match on catch block at 0xc3 in for 0xa9
04-08 14:14:20.365 11117 11117 E ArmVmp : Match on catch block at 0xc3 in for 0xa1
04-08 14:14:20.369 11117 11117 E ArmVmp : Match on catch block at 0xc3 in for 0xa5
04-08 14:14:20.371 11117 11117 E ArmVmp : Match on catch block at 0xc3 in for 0xa5
04-08 14:14:20.382 11117 11117 E ArmVmp : Match on catch block at 0xc3 in for 0xa9
04-08 14:14:20.386 11117 11117 E ArmVmp : Match on catch block at 0xc3 in for 0xa1
04-08 14:14:20.389 11117 11117 E ArmVmp : Match on catch block at 0xc3 in for 0xa1
04-08 14:14:20.399 11117 11117 E ArmVmp : Match on catch block at 0xc3 in for 0xa5
04-08 14:14:20.402 11117 11117 E ArmVmp : Match on catch block at 0xc3 in for 0xa9
04-08 14:14:20.404 11117 11117 E ArmVmp : Match on catch block at 0xc3 in for 0xa9
04-08 14:14:20.415 11117 11117 E ArmVmp : Match on catch block at 0xc3 in for 0xa1
04-08 14:14:20.418 11117 11117 E ArmVmp : Match on catch block at 0xc3 in for 0xa5
04-08 14:14:20.421 11117 11117 E ArmVmp : Match on catch block at 0xc3 in for 0xa5
04-08 14:14:20.431 11117 11117 E ArmVmp : Match on catch block at 0xc3 in for 0xa9
04-08 14:14:20.436 11117 11117 E ArmVmp : Match on catch block at 0xc3 in for 0xa1
04-08 14:14:20.438 11117 11117 E ArmVmp : Match on catch block at 0xc3 in for 0xa1
04-08 14:14:20.448 11117 11117 E ArmVmp : Match on catch block at 0xc3 in for 0xa5
04-08 14:14:20.451 11117 11117 E ArmVmp : Match on catch block at 0xc3 in for 0xa9
04-08 14:14:20.454 11117 11117 E ArmVmp : Match on catch block at 0xc3 in for 0xa9
04-08 14:14:20.466 11117 11117 E ArmVmp : Match on catch block at 0xc3 in for 0xa1
04-08 14:14:20.469 11117 11117 E ArmVmp : Match on catch block at 0xc3 in for 0xa5
04-08 14:14:20.471 11117 11117 E ArmVmp : Match on catch block at 0xc3 in for 0xa5
04-08 14:14:20.481 11117 11117 E ArmVmp : Match on catch block at 0xc3 in for 0xa9
04-08 14:14:20.484 11117 11117 E ArmVmp : Match on catch block at 0xc3 in for 0xa1
04-08 14:14:20.486 11117 11117 E ArmVmp : Match on catch block at 0xc3 in for 0xa1
04-08 14:14:20.498 11117 11117 E ArmVmp : Match on catch block at 0xc3 in for 0xa5
04-08 14:14:20.501 11117 11117 E ArmVmp : Match on catch block at 0xc3 in for 0xa9
04-08 14:14:20.503 11117 11117 E ArmVmp : Match on catch block at 0xc3 in for 0xa9
04-08 14:14:20.515 11117 11117 E ArmVmp : Match on catch block at 0xc3 in for 0xa1
04-08 14:14:20.519 11117 11117 E ArmVmp : Match on catch block at 0xc3 in for 0xa5
04-08 14:14:20.521 11117 11117 E ArmVmp : Match on catch block at 0xc3 in for 0xa5
04-08 14:14:20.531 11117 11117 E ArmVmp : Match on catch block at 0xc3 in for 0xa9
04-08 14:14:20.535 11117 11117 E ArmVmp : Match on catch block at 0xc3 in for 0xa1
04-08 14:14:20.536 11117 11117 E ArmVmp : Match on catch block at 0xc3 in for 0xa1
04-08 14:14:20.548 11117 11117 E ArmVmp : Match on catch block at 0xc3 in for 0xa5
04-08 14:14:20.551 11117 11117 E ArmVmp : Match on catch block at 0xc3 in for 0xa9
04-08 14:14:20.553 11117 11117 E ArmVmp : Match on catch block at 0xc3 in for 0xa9
04-08 14:14:20.565 11117 11117 E ArmVmp : Match on catch block at 0xc3 in for 0xa1
04-08 14:14:20.569 11117 11117 E ArmVmp : Match on catch block at 0xc3 in for 0xa5
04-08 14:14:20.571 11117 11117 E ArmVmp : Match on catch block at 0xc3 in for 0xa5
04-08 14:14:20.581 11117 11117 E ArmVmp : Match on catch block at 0xc3 in for 0xa9
04-08 14:14:20.585 11117 11117 E ArmVmp : Match on catch block at 0xc3 in for 0xa1
04-08 14:14:20.587 11117 11117 E ArmVmp : Match on catch block at 0xc3 in for 0xa1
04-08 14:14:20.598 11117 11117 E ArmVmp : Match on catch block at 0xc3 in for 0xa5
