04-08 14:06:11.268 11117 11117 E ArmVmp : Match on catch block at 0xc3 in for 0xa1
04-08 14:06:11.273 11117 11117 E ArmVmp : Match on catch block at 0xc3 in for 0xa5
04-08 14:06:11.516 11117 11117 E ArmVmp : Match on catch block at 0xc3 in for 0xa1
04-08 14:06:11.519 11117 11117 E ArmVmp : Match on catch block at 0xc3 in for 0xa5
04-08 14:06:11.999 11117 11117 E ArmVmp : Match on catch block at 0xc3 in for 0xa1
04-08 14:06:12.001 11117 11117 E ArmVmp : Match on catch block at 0xc3 in for 0xa5
04-08 14:06:12.467 11117 11117 E ArmVmp : Match on catch block at 0xc3 in for 0xa1
04-08 14:06:12.471 11117 11117 E ArmVmp : Match on catch block at 0xc3 in for 0xa5
04-08 14:06:12.483 11117 11117 E ArmVmp : Match on catch block at 0xc3 in for 0xa1
04-08 14:06:12.487 11117 11117 E ArmVmp : Match on catch block at 0xc3 in for 0xa5
04-08 14:06:12.500 11117 11117 E ArmVmp : Match on catch block at 0xc3 in for 0xa1
04-08 14:06:12.504 11117 11117 E ArmVmp : Match on catch block at 0xc3 in for 0xa5
04-08 14:06:12.517 11117 11117 E ArmVmp : Match on catch block at 0xc3 in for 0xa1
04-08 14:06:12.522 11117 11117 E ArmVmp : Match on catch block at 0xc3 in for 0xa5
04-08 14:06:12.534 11117 11117 E ArmVmp : Match on catch block at 0xc3 in for 0xa1
04-08 14:06:12.538 11117 11117 E ArmVmp : Match on catch block at 0xc3 in for 0xa5
04-08 14:06:12.550 11117 11117 E ArmVmp : Match on catch block at 0xc3 in for 0xa1
04-08 14:06:12.554 11117 11117 E ArmVmp : Match on catch block at 0xc3 in for 0xa5
04-08 14:06:12.567 11117 11117 E ArmVmp : Match on catch block at 0xc3 in for 0xa1
04-08 14:06:12.571 11117 11117 E ArmVmp : Match on catch block at 0xc3 in for 0xa5
04-08 14:06:12.584 11117 11117 E ArmVmp : Match on catch block at 0xc3 in for 0xa1
04-08 14:06:12.588 11117 11117 E ArmVmp : Match on catch block at 0xc3 in for 0xa5
04-08 14:06:12.600 11117 11117 E ArmVmp : Match on catch block at 0xc3 in for 0xa1
04-08 14:06:12.604 11117 11117 E ArmVmp : Match on catch block at 0xc3 in for 0xa5
04-08 14:06:12.617 11117 11117 E ArmVmp : Match on catch block at 0xc3 in for 0xa1
04-08 14:06:12.621 11117 11117 E ArmVmp : Match on catch block at 0xc3 in for 0xa5
04-08 14:06:12.634 11117 11117 E ArmVmp : Match on catch block at 0xc3 in for 0xa1
04-08 14:06:12.638 11117 11117 E ArmVmp : Match on catch block at 0xc3 in for 0xa5
04-08 14:06:12.651 11117 11117 E ArmVmp : Match on catch block at 0xc3 in for 0xa1
04-08 14:06:12.656 11117 11117 E ArmVmp : Match on catch block at 0xc3 in for 0xa5
04-08 14:06:12.667 11117 11117 E ArmVmp : Match on catch block at 0xc3 in for 0xa1
04-08 14:06:12.672 11117 11117 E ArmVmp : Match on catch block at 0xc3 in for 0xa5
04-08 14:06:12.684 11117 11117 E ArmVmp : Match on catch block at 0xc3 in for 0xa1
04-08 14:06:12.689 11117 11117 E ArmVmp : Match on catch block at 0xc3 in for 0xa5
04-08 14:06:12.701 11117 11117 E ArmVmp : Match on catch block at 0xc3 in for 0xa1
04-08 14:06:12.705 11117 11117 E ArmVmp : Match on catch block at 0xc3 in for 0xa5
04-08 14:06:12.717 11117 11117 E ArmVmp : Match on catch block at 0xc3 in for 0xa1
04-08 14:06:12.721 11117 11117 E ArmVmp : Match on catch block at 0xc3 in for 0xa5
04-08 14:06:12.733 11117 11117 E ArmVmp : Match on catch block at 0xc3 in for 0xa1
04-08 14:06:12.737 11117 11117 E ArmVmp : Match on catch block at 0xc3 in for 0xa5
04-08 14:06:13.018 11117 11117 E ArmVmp : Match on catch block at 0xc3 in for 0xa1
04-08 14:06:13.022 11117 11117 E ArmVmp : Match on catch block at 0xc3 in for 0xa5
04-08 14:06:13.518 11117 11117 E ArmVmp : Match on catch block at 0xc3 in for 0xa1
04-08 14:06:13.522 11117 11117 E ArmVmp : Match on catch block at 0xc3 in for 0xa5
04-08 14:06:14.018 11117 11117 E ArmVmp : Match on catch block at 0xc3 in for 0xa1
04-08 14:06:14.022 11117 11117 E ArmVmp : Match on catch block at 0xc3 in for 0xa5
04-08 14:06:14.519 11117 11117 E ArmVmp : Match on catch block at 0xc3 in for 0xa1
04-08 14:06:14.523 11117 11117 E ArmVmp : Match on catch block at 0xc3 in for 0xa5
04-08 14:06:15.019 11117 11117 E ArmVmp : Match on catch block at 0xc3 in for 0xa1
04-08 14:06:15.023 11117 11117 E ArmVmp : Match on catch block at 0xc3 in for 0xa5
04-08 14:06:15.520 11117 11117 E ArmVmp : Match on catch block at 0xc3 in for 0xa1
04-08 14:06:15.525 11117 11117 E ArmVmp : Match on catch block at 0xc3 in for 0xa5
04-08 14:06:16.020 11117 11117 E ArmVmp : Match on catch block at 0xc3 in for 0xa1
04-08 14:06:16.024 11117 11117 E ArmVmp : Match on catch block at 0xc3 in for 0xa5
04-08 14:06:16.337 11117 11117 E ArmVmp : Match on catch block at 0xc3 in for 0xa5
04-08 14:06:16.342 11117 11117 E ArmVmp : Match on catch block at 0xc3 in for 0xa9
04-08 14:06:16.389 11117 11117 E ArmVmp : Match on catch block at 0xc3 in for 0xa5
04-08 14:06:16.395 11117 11117 E ArmVmp : Match on catch block at 0xc3 in for 0xa9
04-08 14:06:16.403 11117 11117 E ArmVmp : Match on catch block at 0xc3 in for 0xa5
04-08 14:06:16.405 11117 11117 E ArmVmp : Match on catch block at 0xc3 in for 0xa9
04-08 14:06:16.427 11117 13816 W libEGL : EGLNativeWindowType 0xb400007cc26f1800
disconnect failed
04-08 14:06:16.500 11117 11117 E ArmVmp : Match on catch block at 0xc3 in for 0xa1
04-08 14:06:16.504 11117 11117 E ArmVmp : Match on catch block at 0xc3 in for 0xa5
04-08 14:06:16.510 11117 11117 E ArmVmp : Match on catch block at 0xc3 in for 0xa1
04-08 14:06:16.513 11117 11117 E ArmVmp : Match on catch block at 0xc3 in for 0xa5
04-08 14:06:16.837 11117 11117 E ArmVmp : Match on catch block at 0xc3 in for 0xa9
04-08 14:06:16.841 11117 11117 E ArmVmp : Match on catch block at 0xc3 in for 0xa1
04-08 14:06:16.871 11117 11117 E ArmVmp : Match on catch block at 0xc3 in for 0xa5
04-08 14:06:16.875 11117 11117 E ArmVmp : Match on catch block at 0xc3 in for 0xa9
04-08 14:06:16.895 11117 11117 E ArmVmp : Match on catch block at 0xc3 in for 0xa9
04-08 14:06:16.898 11117 11117 E ArmVmp : Match on catch block at 0xc3 in for 0xa1
04-08 14:06:16.917 11117 11117 E ArmVmp : Match on catch block at 0xc3 in for 0xa1
04-08 14:06:16.921 11117 11117 E ArmVmp : Match on catch block at 0xc3 in for 0xa5
04-08 14:06:16.924 11117 13816 W libEGL : EGLNativeWindowType 0xb400007cc26f1800
disconnect failed
04-08 14:06:16.935 11117 11117 E ArmVmp : Match on catch block at 0xc3 in for 0xa5
04-08 14:06:16.939 11117 11117 E ArmVmp : Match on catch block at 0xc3 in for 0xa9
04-08 14:06:16.946 11117 11117 E ArmVmp : Match on catch block at 0xc3 in for 0xa9
04-08 14:06:16.949 11117 11117 E ArmVmp : Match on catch block at 0xc3 in for 0xa1
04-08 14:06:16.956 11117 11117 E ArmVmp : Match on catch block at 0xc3 in for 0xa1
04-08 14:06:16.960 11117 11117 E ArmVmp : Match on catch block at 0xc3 in for 0xa5
04-08 14:06:16.971 11117 11117 E ArmVmp : Match on catch block at 0xc3 in for 0xa5
04-08 14:06:16.977 11117 11117 E ArmVmp : Match on catch block at 0xc3 in for 0xa9
04-08 14:06:16.988 11117 11117 E ArmVmp : Match on catch block at 0xc3 in for 0xa9
04-08 14:06:16.991 11117 11117 E ArmVmp : Match on catch block at 0xc3 in for 0xa1
04-08 14:06:17.006 11117 11117 E ArmVmp : Match on catch block at 0xc3 in for 0xa5
04-08 14:06:17.008 11117 11117 E ArmVmp : Match on catch block at 0xc3 in for 0xa9
04-08 14:06:17.061 11117 13816 W libEGL : EGLNativeWindowType 0xb400007cc26f1800
disconnect failed
04-08 14:06:17.222 11117 11117 E ArmVmp : Match on catch block at 0xc3 in for 0xa5
04-08 14:06:17.226 11117 11117 E ArmVmp : Match on catch block at 0xc3 in for 0xa9
04-08 14:06:17.238 11117 11117 E ArmVmp : Match on catch block at 0xc3 in for 0xa5
04-08 14:06:17.241 11117 11117 E ArmVmp : Match on catch block at 0xc3 in for 0xa9
04-08 14:06:17.254 11117 11117 E ArmVmp : Match on catch block at 0xc3 in for 0xa5
04-08 14:06:17.258 11117 11117 E ArmVmp : Match on catch block at 0xc3 in for 0xa9
04-08 14:06:17.271 11117 11117 E ArmVmp : Match on catch block at 0xc3 in for 0xa5
04-08 14:06:17.275 11117 11117 E ArmVmp : Match on catch block at 0xc3 in for 0xa9
04-08 14:06:17.288 11117 11117 E ArmVmp : Match on catch block at 0xc3 in for 0xa5
04-08 14:06:17.293 11117 11117 E ArmVmp : Match on catch block at 0xc3 in for 0xa9
04-08 14:06:17.304 11117 11117 E ArmVmp : Match on catch block at 0xc3 in for 0xa5
04-08 14:06:17.309 11117 11117 E ArmVmp : Match on catch block at 0xc3 in for 0xa9
04-08 14:06:17.321 11117 11117 E ArmVmp : Match on catch block at 0xc3 in for 0xa5
04-08 14:06:17.325 11117 11117 E ArmVmp : Match on catch block at 0xc3 in for 0xa9
04-08 14:06:17.338 11117 11117 E ArmVmp : Match on catch block at 0xc3 in for 0xa5
04-08 14:06:17.342 11117 11117 E ArmVmp : Match on catch block at 0xc3 in for 0xa9
04-08 14:06:17.355 11117 11117 E ArmVmp : Match on catch block at 0xc3 in for 0xa5
04-08 14:06:17.360 11117 11117 E ArmVmp : Match on catch block at 0xc3 in for 0xa9
04-08 14:06:17.371 11117 11117 E ArmVmp : Match on catch block at 0xc3 in for 0xa5
04-08 14:06:17.376 11117 11117 E ArmVmp : Match on catch block at 0xc3 in for 0xa9
04-08 14:06:17.389 11117 11117 E ArmVmp : Match on catch block at 0xc3 in for 0xa5
04-08 14:06:17.392 11117 11117 E ArmVmp : Match on catch block at 0xc3 in for 0xa9
04-08 14:06:17.405 11117 11117 E ArmVmp : Match on catch block at 0xc3 in for 0xa5
04-08 14:06:17.409 11117 11117 E ArmVmp : Match on catch block at 0xc3 in for 0xa9
04-08 14:06:17.422 11117 11117 E ArmVmp : Match on catch block at 0xc3 in for 0xa5
04-08 14:06:17.426 11117 11117 E ArmVmp : Match on catch block at 0xc3 in for 0xa9
04-08 14:06:17.438 11117 11117 E ArmVmp : Match on catch block at 0xc3 in for 0xa5
04-08 14:06:17.441 11117 11117 E ArmVmp : Match on catch block at 0xc3 in for 0xa9
04-08 14:06:17.455 11117 11117 E ArmVmp : Match on catch block at 0xc3 in for 0xa5
04-08 14:06:17.459 11117 11117 E ArmVmp : Match on catch block at 0xc3 in for 0xa9
04-08 14:06:17.472 11117 11117 E ArmVmp : Match on catch block at 0xc3 in for 0xa5
04-08 14:06:17.475 11117 11117 E ArmVmp : Match on catch block at 0xc3 in for 0xa9
04-08 14:06:17.489 11117 11117 E ArmVmp : Match on catch block at 0xc3 in for 0xa1
04-08 14:06:17.493 11117 11117 E ArmVmp : Match on catch block at 0xc3 in for 0xa5
04-08 14:06:17.504 11117 11117 E ArmVmp : Match on catch block at 0xc3 in for 0xa1
04-08 14:06:17.508 11117 11117 E ArmVmp : Match on catch block at 0xc3 in for 0xa5
04-08 14:06:17.522 11117 11117 E ArmVmp : Match on catch block at 0xc3 in for 0xa1
04-08 14:06:17.526 11117 11117 E ArmVmp : Match on catch block at 0xc3 in for 0xa5
04-08 14:06:17.573 11117 11117 E ArmVmp : Match on catch block at 0xc3 in for 0xa9
04-08 14:06:17.576 11117 11117 E ArmVmp : Match on catch block at 0xc3 in for 0xa1
04-08 14:06:18.032 11117 11117 E ArmVmp : Match on catch block at 0xc3 in for 0xa1
04-08 14:06:18.035 11117 11117 E ArmVmp : Match on catch block at 0xc3 in for 0xa5
04-08 14:06:18.044 11117 13829 W MediaPlayer: Use of stream types is deprecated for
operations other than volume control
04-08 14:06:18.044 11117 13829 W MediaPlayer: See the documentation of
setAudioStreamType() for what to use instead with android.media.AudioAttributes to
qualify your playback use case
04-08 14:06:18.049 11117 11117 E ArmVmp : Match on catch block at 0xc3 in for 0xa9
04-08 14:06:18.052 11117 11117 E ArmVmp : Match on catch block at 0xc3 in for 0xa1
04-08 14:06:18.063 11117 11117 E ArmVmp : Match on catch block at 0xc3 in for 0xa1
04-08 14:06:18.065 11117 11117 E ArmVmp : Match on catch block at 0xc3 in for 0xa5
04-08 14:06:18.339 11117 11117 E ArmVmp : Match on catch block at 0xc3 in for 0xa5
04-08 14:06:18.342 11117 11117 E ArmVmp : Match on catch block at 0xc3 in for 0xa9
04-08 14:06:18.358 11117 13816 W libEGL : EGLNativeWindowType 0xb400007cc26f1800
disconnect failed
04-08 14:06:18.373 11117 11117 E ArmVmp : Match on catch block at 0xc3 in for 0xa9
04-08 14:06:18.377 11117 11117 E ArmVmp : Match on catch block at 0xc3 in for 0xa1
04-08 14:06:18.415 11117 11117 E ArmVmp : Match on catch block at 0xc3 in for 0xa1
04-08 14:06:18.418 11117 11117 E ArmVmp : Match on catch block at 0xc3 in for 0xa5
04-08 14:06:18.442 11117 11117 E ArmVmp : Match on catch block at 0xc3 in for 0xa9
04-08 14:06:18.445 11117 11117 E ArmVmp : Match on catch block at 0xc3 in for 0xa1
04-08 14:06:18.450 11117 11117 E ArmVmp : Match on catch block at 0xc3 in for 0xa9
04-08 14:06:18.453 11117 11117 E ArmVmp : Match on catch block at 0xc3 in for 0xa1
04-08 14:06:18.470 11117 13816 W libEGL : EGLNativeWindowType 0xb400007cc26f1800
disconnect failed
04-08 14:06:18.479 11117 11117 E ArmVmp : Match on catch block at 0xc3 in for 0xa9
04-08 14:06:18.481 11117 11117 E ArmVmp : Match on catch block at 0xc3 in for 0xa1
04-08 14:06:18.488 11117 11117 E ArmVmp : Match on catch block at 0xc3 in for 0xa9
04-08 14:06:18.491 11117 11117 E ArmVmp : Match on catch block at 0xc3 in for 0xa1
04-08 14:06:18.505 11117 11117 E ArmVmp : Match on catch block at 0xc3 in for 0xa9
04-08 14:06:18.509 11117 11117 E ArmVmp : Match on catch block at 0xc3 in for 0xa1
04-08 14:06:18.522 11117 11117 E ArmVmp : Match on catch block at 0xc3 in for 0xa9
04-08 14:06:18.525 11117 11117 E ArmVmp : Match on catch block at 0xc3 in for 0xa1
04-08 14:06:18.538 11117 11117 E ArmVmp : Match on catch block at 0xc3 in for 0xa9
04-08 14:06:18.542 11117 11117 E ArmVmp : Match on catch block at 0xc3 in for 0xa1
04-08 14:06:18.555 11117 11117 E ArmVmp : Match on catch block at 0xc3 in for 0xa9
04-08 14:06:18.559 11117 11117 E ArmVmp : Match on catch block at 0xc3 in for 0xa1
04-08 14:06:18.572 11117 11117 E ArmVmp : Match on catch block at 0xc3 in for 0xa9
04-08 14:06:18.575 11117 11117 E ArmVmp : Match on catch block at 0xc3 in for 0xa1
04-08 14:06:18.588 11117 11117 E ArmVmp : Match on catch block at 0xc3 in for 0xa9
04-08 14:06:18.591 11117 11117 E ArmVmp : Match on catch block at 0xc3 in for 0xa1
04-08 14:06:18.606 11117 11117 E ArmVmp : Match on catch block at 0xc3 in for 0xa9
04-08 14:06:18.610 11117 11117 E ArmVmp : Match on catch block at 0xc3 in for 0xa1
04-08 14:06:18.623 11117 11117 E ArmVmp : Match on catch block at 0xc3 in for 0xa9
04-08 14:06:18.628 11117 11117 E ArmVmp : Match on catch block at 0xc3 in for 0xa1
04-08 14:06:18.640 11117 11117 E ArmVmp : Match on catch block at 0xc3 in for 0xa9
04-08 14:06:18.644 11117 11117 E ArmVmp : Match on catch block at 0xc3 in for 0xa1
04-08 14:06:18.889 11117 11117 E ArmVmp : Match on catch block at 0xc3 in for 0xa9
04-08 14:06:18.893 11117 11117 E ArmVmp : Match on catch block at 0xc3 in for 0xa1
04-08 14:06:19.409 11117 11117 E ArmVmp : Match on catch block at 0xc3 in for 0xa5
04-08 14:06:19.414 11117 11117 E ArmVmp : Match on catch block at 0xc3 in for 0xa9
04-08 14:06:19.908 11117 11117 E ArmVmp : Match on catch block at 0xc3 in for 0xa5
04-08 14:06:19.912 11117 11117 E ArmVmp : Match on catch block at 0xc3 in for 0xa9
04-08 14:06:20.024 11117 11117 E ArmVmp : Match on catch block at 0xc3 in for 0xa5
04-08 14:06:20.029 11117 11117 E ArmVmp : Match on catch block at 0xc3 in for 0xa9
04-08 14:06:20.040 11117 11117 E ArmVmp : Match on catch block at 0xc3 in for 0xa5
04-08 14:06:20.045 11117 11117 E ArmVmp : Match on catch block at 0xc3 in for 0xa9
04-08 14:06:20.057 11117 11117 E ArmVmp : Match on catch block at 0xc3 in for 0xa5
04-08 14:06:20.061 11117 11117 E ArmVmp : Match on catch block at 0xc3 in for 0xa9
04-08 14:06:20.074 11117 11117 E ArmVmp : Match on catch block at 0xc3 in for 0xa5
04-08 14:06:20.079 11117 11117 E ArmVmp : Match on catch block at 0xc3 in for 0xa9
04-08 14:06:20.090 11117 11117 E ArmVmp : Match on catch block at 0xc3 in for 0xa5
04-08 14:06:20.095 11117 11117 E ArmVmp : Match on catch block at 0xc3 in for 0xa9
04-08 14:06:20.106 11117 11117 E ArmVmp : Match on catch block at 0xc3 in for 0xa5
04-08 14:06:20.109 11117 11117 E ArmVmp : Match on catch block at 0xc3 in for 0xa9
04-08 14:06:20.123 11117 11117 E ArmVmp : Match on catch block at 0xc3 in for 0xa5
04-08 14:06:20.127 11117 11117 E ArmVmp : Match on catch block at 0xc3 in for 0xa9
04-08 14:06:20.140 11117 11117 E ArmVmp : Match on catch block at 0xc3 in for 0xa5
04-08 14:06:20.145 11117 11117 E ArmVmp : Match on catch block at 0xc3 in for 0xa9
04-08 14:06:20.157 11117 11117 E ArmVmp : Match on catch block at 0xc3 in for 0xa5
04-08 14:06:20.160 11117 11117 E ArmVmp : Match on catch block at 0xc3 in for 0xa9
04-08 14:06:20.173 11117 11117 E ArmVmp : Match on catch block at 0xc3 in for 0xa5
04-08 14:06:20.177 11117 11117 E ArmVmp : Match on catch block at 0xc3 in for 0xa9
04-08 14:06:20.190 11117 11117 E ArmVmp : Match on catch block at 0xc3 in for 0xa5
04-08 14:06:20.193 11117 11117 E ArmVmp : Match on catch block at 0xc3 in for 0xa9
04-08 14:06:20.207 11117 11117 E ArmVmp : Match on catch block at 0xc3 in for 0xa5
04-08 14:06:20.211 11117 11117 E ArmVmp : Match on catch block at 0xc3 in for 0xa9
04-08 14:06:20.224 11117 11117 E ArmVmp : Match on catch block at 0xc3 in for 0xa5
04-08 14:06:20.229 11117 11117 E ArmVmp : Match on catch block at 0xc3 in for 0xa9
04-08 14:06:20.240 11117 11117 E ArmVmp : Match on catch block at 0xc3 in for 0xa5
04-08 14:06:20.245 11117 11117 E ArmVmp : Match on catch block at 0xc3 in for 0xa9
04-08 14:06:20.258 11117 11117 E ArmVmp : Match on catch block at 0xc3 in for 0xa5
04-08 14:06:20.263 11117 11117 E ArmVmp : Match on catch block at 0xc3 in for 0xa9
04-08 14:06:20.274 11117 11117 E ArmVmp : Match on catch block at 0xc3 in for 0xa5
04-08 14:06:20.279 11117 11117 E ArmVmp : Match on catch block at 0xc3 in for 0xa9
04-08 14:06:20.291 11117 11117 E ArmVmp : Match on catch block at 0xc3 in for 0xa5
04-08 14:06:20.295 11117 11117 E ArmVmp : Match on catch block at 0xc3 in for 0xa9
04-08 14:06:20.407 11117 11117 E ArmVmp : Match on catch block at 0xc3 in for 0xa5
04-08 14:06:20.411 11117 11117 E ArmVmp : Match on catch block at 0xc3 in for 0xa9
04-08 14:06:20.908 11117 11117 E ArmVmp : Match on catch block at 0xc3 in for 0xa5
04-08 14:06:20.912 11117 11117 E ArmVmp : Match on catch block at 0xc3 in for 0xa9
04-08 14:06:21.209 11117 13816 W libEGL : EGLNativeWindowType 0xb400007cc26f1800
disconnect failed
04-08 14:06:21.233 11117 11117 E ArmVmp : Match on catch block at 0xc3 in for 0xa5
04-08 14:06:21.237 11117 11117 E ArmVmp : Match on catch block at 0xc3 in for 0xa9
04-08 14:06:21.442 11117 11117 E ArmVmp : Match on catch block at 0xc3 in for 0xa5
04-08 14:06:21.446 11117 11117 E ArmVmp : Match on catch block at 0xc3 in for 0xa9
04-08 14:06:21.592 11117 11117 E ArmVmp : Match on catch block at 0xc3 in for 0xa5
04-08 14:06:21.596 11117 11117 E ArmVmp : Match on catch block at 0xc3 in for 0xa9
04-08 14:06:21.708 11117 11117 E ArmVmp : Match on catch block at 0xc3 in for 0xa5
04-08 14:06:21.711 11117 11117 E ArmVmp : Match on catch block at 0xc3 in for 0xa9
04-08 14:06:22.209 11117 11117 E ArmVmp : Match on catch block at 0xc3 in for 0xa5
04-08 14:06:22.212 11117 11117 E ArmVmp : Match on catch block at 0xc3 in for 0xa9
04-08 14:06:22.576 11117 11117 E ArmVmp : Match on catch block at 0xc3 in for 0xa5
04-08 14:06:22.579 11117 11117 E ArmVmp : Match on catch block at 0xc3 in for 0xa9
04-08 14:06:22.593 11117 11117 E ArmVmp : Match on catch block at 0xc3 in for 0xa5
04-08 14:06:22.596 11117 11117 E ArmVmp : Match on catch block at 0xc3 in for 0xa9
04-08 14:06:23.076 11117 11117 E ArmVmp : Match on catch block at 0xc3 in for 0xa1
04-08 14:06:23.079 11117 11117 E ArmVmp : Match on catch block at 0xc3 in for 0xa5
04-08 14:06:23.211 11117 11117 E ArmVmp : Match on catch block at 0xc3 in for 0xa9
04-08 14:06:23.215 11117 11117 E ArmVmp : Match on catch block at 0xc3 in for 0xa1
04-08 14:06:23.228 11117 11117 E ArmVmp : Match on catch block at 0xc3 in for 0xa1
04-08 14:06:23.232 11117 11117 E ArmVmp : Match on catch block at 0xc3 in for 0xa5
04-08 14:06:23.245 11117 11117 E ArmVmp : Match on catch block at 0xc3 in for 0xa5
04-08 14:06:23.250 11117 11117 E ArmVmp : Match on catch block at 0xc3 in for 0xa9
04-08 14:06:23.261 11117 11117 E ArmVmp : Match on catch block at 0xc3 in for 0xa9
04-08 14:06:23.265 11117 11117 E ArmVmp : Match on catch block at 0xc3 in for 0xa1
04-08 14:06:23.277 11117 11117 E ArmVmp : Match on catch block at 0xc3 in for 0xa1
04-08 14:06:23.281 11117 11117 E ArmVmp : Match on catch block at 0xc3 in for 0xa5
04-08 14:06:23.295 11117 11117 E ArmVmp : Match on catch block at 0xc3 in for 0xa5
04-08 14:06:23.299 11117 11117 E ArmVmp : Match on catch block at 0xc3 in for 0xa9
04-08 14:06:23.312 11117 11117 E ArmVmp : Match on catch block at 0xc3 in for 0xa9
04-08 14:06:23.315 11117 11117 E ArmVmp : Match on catch block at 0xc3 in for 0xa1
04-08 14:06:23.328 11117 11117 E ArmVmp : Match on catch block at 0xc3 in for 0xa1
04-08 14:06:23.332 11117 11117 E ArmVmp : Match on catch block at 0xc3 in for 0xa5
04-08 14:06:23.411 11117 11117 E ArmVmp : Match on catch block at 0xc3 in for 0xa5
04-08 14:06:23.415 11117 11117 E ArmVmp : Match on catch block at 0xc3 in for 0xa9
04-08 14:06:23.437 11117 11117 E ArmVmp : Match on catch block at 0xc3 in for 0xa1
04-08 14:06:23.440 11117 11117 E ArmVmp : Match on catch block at 0xc3 in for 0xa5
04-08 14:06:23.448 11117 11117 E ArmVmp : Match on catch block at 0xc3 in for 0xa1
04-08 14:06:23.451 11117 11117 E ArmVmp : Match on catch block at 0xc3 in for 0xa5
04-08 14:06:23.544 11117 11117 E ArmVmp : Match on catch block at 0xc3 in for 0xa1
04-08 14:06:23.547 11117 11117 E ArmVmp : Match on catch block at 0xc3 in for 0xa5
04-08 14:06:23.560 11117 11117 E ArmVmp : Match on catch block at 0xc3 in for 0xa1
04-08 14:06:23.563 11117 11117 E ArmVmp : Match on catch block at 0xc3 in for 0xa5
04-08 14:06:23.577 11117 11117 E ArmVmp : Match on catch block at 0xc3 in for 0xa1
04-08 14:06:23.580 11117 11117 E ArmVmp : Match on catch block at 0xc3 in for 0xa5
04-08 14:06:23.593 11117 11117 E ArmVmp : Match on catch block at 0xc3 in for 0xa1
04-08 14:06:23.597 11117 11117 E ArmVmp : Match on catch block at 0xc3 in for 0xa5
04-08 14:06:23.611 11117 11117 E ArmVmp : Match on catch block at 0xc3 in for 0xa1
04-08 14:06:23.615 11117 11117 E ArmVmp : Match on catch block at 0xc3 in for 0xa5
04-08 14:06:23.628 11117 11117 E ArmVmp : Match on catch block at 0xc3 in for 0xa1
04-08 14:06:23.632 11117 11117 E ArmVmp : Match on catch block at 0xc3 in for 0xa5
04-08 14:06:23.644 11117 11117 E ArmVmp : Match on catch block at 0xc3 in for 0xa1
04-08 14:06:23.648 11117 11117 E ArmVmp : Match on catch block at 0xc3 in for 0xa5
04-08 14:06:23.661 11117 11117 E ArmVmp : Match on catch block at 0xc3 in for 0xa1
04-08 14:06:23.666 11117 11117 E ArmVmp : Match on catch block at 0xc3 in for 0xa5
04-08 14:06:23.677 11117 11117 E ArmVmp : Match on catch block at 0xc3 in for 0xa1
04-08 14:06:23.682 11117 11117 E ArmVmp : Match on catch block at 0xc3 in for 0xa5
04-08 14:06:23.694 11117 11117 E ArmVmp : Match on catch block at 0xc3 in for 0xa1
04-08 14:06:23.698 11117 11117 E ArmVmp : Match on catch block at 0xc3 in for 0xa5
04-08 14:06:23.711 11117 11117 E ArmVmp : Match on catch block at 0xc3 in for 0xa1
04-08 14:06:23.715 11117 11117 E ArmVmp : Match on catch block at 0xc3 in for 0xa5
04-08 14:06:23.728 11117 11117 E ArmVmp : Match on catch block at 0xc3 in for 0xa1
04-08 14:06:23.733 11117 11117 E ArmVmp : Match on catch block at 0xc3 in for 0xa5
04-08 14:06:23.744 11117 11117 E ArmVmp : Match on catch block at 0xc3 in for 0xa1
04-08 14:06:23.749 11117 11117 E ArmVmp : Match on catch block at 0xc3 in for 0xa5
04-08 14:06:23.761 11117 11117 E ArmVmp : Match on catch block at 0xc3 in for 0xa1
04-08 14:06:23.765 11117 11117 E ArmVmp : Match on catch block at 0xc3 in for 0xa5
04-08 14:06:23.778 11117 11117 E ArmVmp : Match on catch block at 0xc3 in for 0xa1
04-08 14:06:23.783 11117 11117 E ArmVmp : Match on catch block at 0xc3 in for 0xa5
04-08 14:06:23.794 11117 11117 E ArmVmp : Match on catch block at 0xc3 in for 0xa1
04-08 14:06:23.799 11117 11117 E ArmVmp : Match on catch block at 0xc3 in for 0xa5
04-08 14:06:23.812 11117 11117 E ArmVmp : Match on catch block at 0xc3 in for 0xa1
04-08 14:06:23.816 11117 11117 E ArmVmp : Match on catch block at 0xc3 in for 0xa5
04-08 14:06:23.828 11117 11117 E ArmVmp : Match on catch block at 0xc3 in for 0xa1
04-08 14:06:23.832 11117 11117 E ArmVmp : Match on catch block at 0xc3 in for 0xa5
04-08 14:06:23.844 11117 11117 E ArmVmp : Match on catch block at 0xc3 in for 0xa1
04-08 14:06:23.849 11117 11117 E ArmVmp : Match on catch block at 0xc3 in for 0xa5
04-08 14:06:23.911 11117 11117 E ArmVmp : Match on catch block at 0xc3 in for 0xa1
04-08 14:06:23.916 11117 11117 E ArmVmp : Match on catch block at 0xc3 in for 0xa5
04-08 14:06:24.195 11117 11117 E ArmVmp : Match on catch block at 0xc3 in for 0xa5
04-08 14:06:24.199 11117 11117 E ArmVmp : Match on catch block at 0xc3 in for 0xa9
04-08 14:06:24.247 11117 11117 E ArmVmp : Match on catch block at 0xc3 in for 0xa1
04-08 14:06:24.251 11117 11117 E ArmVmp : Match on catch block at 0xc3 in for 0xa5
04-08 14:06:24.259 11117 11117 E ArmVmp : Match on catch block at 0xc3 in for 0xa1
04-08 14:06:24.262 11117 11117 E ArmVmp : Match on catch block at 0xc3 in for 0xa5
04-08 14:06:24.287 11117 13816 W libEGL : EGLNativeWindowType 0xb400007cc26f1800
disconnect failed
04-08 14:06:24.694 11117 11117 E ArmVmp : Match on catch block at 0xc3 in for 0xa1
04-08 14:06:24.699 11117 11117 E ArmVmp : Match on catch block at 0xc3 in for 0xa5
04-08 14:06:25.009 11117 11117 E ArmVmp : Match on catch block at 0xc3 in for 0xa1
04-08 14:06:25.014 11117 11117 E ArmVmp : Match on catch block at 0xc3 in for 0xa5
04-08 14:06:25.054 11117 11117 E ArmVmp : Match on catch block at 0xc3 in for 0xa1
04-08 14:06:25.058 11117 11117 E ArmVmp : Match on catch block at 0xc3 in for 0xa5
04-08 14:06:25.076 11117 13816 W libEGL : EGLNativeWindowType 0xb400007cc26f1800
disconnect failed
04-08 14:06:25.101 11117 11117 E ArmVmp : Match on catch block at 0xc3 in for 0xa9
04-08 14:06:25.105 11117 11117 E ArmVmp : Match on catch block at 0xc3 in for 0xa1
04-08 14:06:25.114 11117 11117 E ArmVmp : Match on catch block at 0xc3 in for 0xa5
04-08 14:06:25.118 11117 11117 E ArmVmp : Match on catch block at 0xc3 in for 0xa9
04-08 14:06:25.831 11117 13816 W libEGL : EGLNativeWindowType 0xb400007cc2671c40
disconnect failed
04-08 14:06:28.939 11117 13816 W libEGL : EGLNativeWindowType 0xb400007cc2719f30
disconnect failed
04-08 14:06:31.272 11117 11131 W System : A resource failed to call close.
04-08 14:06:31.273 11117 11131 W System : A resource failed to call close.
04-08 14:07:03.675 11117 11228 E SQLiteDatabase: Error inserting transferred=1
media_job_uuid=220737a0-2931-4fa2-800c-048208a49dd5 transcoded=0 gif_attribution=0
first_scan_length=0 direct_path=/v/t62.7117-
24/21416778_947574946650970_2676222874056344731_n.enc?ccb=11-4&oh=01_ASAdn2JzeN-
Qbs5AK_2OrBJHjEyVcNimigbH3Ehx3vWrzg&oe=663BCE08&_nc_sid=5e03e0
thumbnail_height_width_ratio=0.0 is_animated_sticker=0
file_hash=AKtEOZGLybHj4kIxp72/MK1w27UTRAFHMrw+d2LH01k= file_path=Media/MBWhatsApp
Voice Notes/202415/PTT-20240408-WA0052.opus file_size=22752 partial_media_hash=null
face_x=0 face_y=0 height=0 trim_to=0 media_key_timestamp=1712606895000
message_url=https://mmg.whatsapp.net/v/t62.7117-
24/21416778_947574946650970_2676222874056344731_n.enc?ccb=11-4&oh=01_ASAdn2JzeN-
Qbs5AK_2OrBJHjEyVcNimigbH3Ehx3vWrzg&oe=663BCE08&_nc_sid=5e03e0&mms3=true
media_caption=null trim_from=0 mime_type=audio/ogg; codecs=opus
partial_media_enc_hash=null width=0 original_file_hash=null has_streaming_sidecar=0
autotransfer_retry_enabled=1 media_upload_handle=null message_row_id=31489
multicast_id=null enc_file_hash=IBti8QkiEQw445BTZgBFqyC+mO+SYJ0tBmS0CZvxut8=
mute_video=0 page_count=0 first_scan_sidecar=null suspicious_content=0
file_length=22752 media_name=null media_duration=9 chat_row_id=1316
media_key=[B@a7400cc
04-08 14:07:03.675 11117 11228 E SQLiteDatabase:
android.database.sqlite.SQLiteConstraintException: UNIQUE constraint failed:
message_media.message_row_id (code 1555 SQLITE_CONSTRAINT_PRIMARYKEY)
04-08 14:07:03.675 11117 11228 E SQLiteDatabase: at
android.database.sqlite.SQLiteConnection.nativeExecuteForLastInsertedRowId(Native
Method)
04-08 14:07:03.675 11117 11228 E SQLiteDatabase: at
android.database.sqlite.SQLiteConnection.executeForLastInsertedRowId(SQLiteConnecti
on.java:938)
04-08 14:07:03.675 11117 11228 E SQLiteDatabase: at
android.database.sqlite.SQLiteSession.executeForLastInsertedRowId(SQLiteSession.jav
a:790)
04-08 14:07:03.675 11117 11228 E SQLiteDatabase: at
android.database.sqlite.SQLiteStatement.executeInsert(SQLiteStatement.java:88)
04-08 14:07:03.675 11117 11228 E SQLiteDatabase: at
android.database.sqlite.SQLiteDatabase.insertWithOnConflict(SQLiteDatabase.java:170
1)
04-08 14:07:03.675 11117 11228 E SQLiteDatabase: at
android.database.sqlite.SQLiteDatabase.insert(SQLiteDatabase.java:1570)
04-08 14:07:03.675 11117 11228 E SQLiteDatabase: at X.2tm.A08(Unknown
Source:6)
04-08 14:07:03.675 11117 11228 E SQLiteDatabase: at X.35Y.A07(Unknown
Source:212)
04-08 14:07:03.675 11117 11228 E SQLiteDatabase: at X.3QF.A14(Unknown
Source:470)
04-08 14:07:03.675 11117 11228 E SQLiteDatabase: at X.3gU.run(Unknown
Source:982)
04-08 14:07:03.675 11117 11228 E SQLiteDatabase: at
android.os.Handler.handleCallback(Handler.java:938)
04-08 14:07:03.675 11117 11228 E SQLiteDatabase: at
android.os.Handler.dispatchMessage(Handler.java:99)
04-08 14:07:03.675 11117 11228 E SQLiteDatabase: at
X.0zq.dispatchMessage(Unknown Source:4)
04-08 14:07:03.675 11117 11228 E SQLiteDatabase: at
android.os.Looper.loop(Looper.java:240)
04-08 14:07:03.675 11117 11228 E SQLiteDatabase: at
android.os.HandlerThread.run(HandlerThread.java:67)
04-08 14:07:10.149 11117 11228 E SQLiteDatabase: Error inserting transferred=1
media_job_uuid=26370a8f-6a41-4ddb-9f5b-8222d58d7a45 transcoded=0 gif_attribution=0
first_scan_length=7802 direct_path=/v/t62.15575-
24/34624139_811265147715040_6238123590228384413_n.enc?ccb=11-
4&oh=01_ASCMRH71T47QJt7KYu34eIWJNGzAEpYkZk8DGiKYFHtXtw&oe=663BAC7F&_nc_sid=5e03e0
thumbnail_height_width_ratio=1.0 is_animated_sticker=1
file_hash=WoWDbiqo9bzdXCUAr92L/K1S51T9tjyxJTLaUfqyImE= file_path=Media/MBWhatsApp
Stickers/STK-20240408-WA0053.webp file_size=15950 partial_media_hash=null face_x=0
face_y=0 height=64 trim_to=0 media_key_timestamp=1712556001000
message_url=https://mmg.whatsapp.net/v/t62.15575-
24/34624139_811265147715040_6238123590228384413_n.enc?ccb=11-
4&oh=01_ASCMRH71T47QJt7KYu34eIWJNGzAEpYkZk8DGiKYFHtXtw&oe=663BAC7F&_nc_sid=5e03e0&m
ms3=true media_caption=null trim_from=0 mime_type=image/webp
partial_media_enc_hash=null width=64 original_file_hash=null
has_streaming_sidecar=0 autotransfer_retry_enabled=1 media_upload_handle=null
message_row_id=31492 multicast_id=null
enc_file_hash=ID27Sx9JXSDfpq892sahSyybg/fV0BbSrSDYREOOlXI= mute_video=0
page_count=0 first_scan_sidecar=[B@ed4625 suspicious_content=0 file_length=15950
media_name=null media_duration=0 chat_row_id=1316 media_key=[B@60453fa
04-08 14:07:10.149 11117 11228 E SQLiteDatabase:
android.database.sqlite.SQLiteConstraintException: UNIQUE constraint failed:
message_media.message_row_id (code 1555 SQLITE_CONSTRAINT_PRIMARYKEY)
04-08 14:07:10.149 11117 11228 E SQLiteDatabase: at
android.database.sqlite.SQLiteConnection.nativeExecuteForLastInsertedRowId(Native
Method)
04-08 14:07:10.149 11117 11228 E SQLiteDatabase: at
android.database.sqlite.SQLiteConnection.executeForLastInsertedRowId(SQLiteConnecti
on.java:938)
04-08 14:07:10.149 11117 11228 E SQLiteDatabase: at
android.database.sqlite.SQLiteSession.executeForLastInsertedRowId(SQLiteSession.jav
a:790)
04-08 14:07:10.149 11117 11228 E SQLiteDatabase: at
android.database.sqlite.SQLiteStatement.executeInsert(SQLiteStatement.java:88)
04-08 14:07:10.149 11117 11228 E SQLiteDatabase: at
android.database.sqlite.SQLiteDatabase.insertWithOnConflict(SQLiteDatabase.java:170
1)
04-08 14:07:10.149 11117 11228 E SQLiteDatabase: at
android.database.sqlite.SQLiteDatabase.insert(SQLiteDatabase.java:1570)
04-08 14:07:10.149 11117 11228 E SQLiteDatabase: at X.2tm.A08(Unknown
Source:6)
04-08 14:07:10.149 11117 11228 E SQLiteDatabase: at X.35Y.A07(Unknown
Source:212)
04-08 14:07:10.149 11117 11228 E SQLiteDatabase: at X.3QF.A14(Unknown
Source:470)
04-08 14:07:10.149 11117 11228 E SQLiteDatabase: at X.3gU.run(Unknown
Source:982)
04-08 14:07:10.149 11117 11228 E SQLiteDatabase: at
android.os.Handler.handleCallback(Handler.java:938)
04-08 14:07:10.149 11117 11228 E SQLiteDatabase: at
android.os.Handler.dispatchMessage(Handler.java:99)
04-08 14:07:10.149 11117 11228 E SQLiteDatabase: at
X.0zq.dispatchMessage(Unknown Source:4)
04-08 14:07:10.149 11117 11228 E SQLiteDatabase: at
android.os.Looper.loop(Looper.java:240)
04-08 14:07:10.149 11117 11228 E SQLiteDatabase: at
android.os.HandlerThread.run(HandlerThread.java:67)
04-08 14:07:25.353 11117 11117 E ArmVmp : Match on catch block at 0x0a in for 0xc9
04-08 14:07:25.358 11117 11117 E ArmVmp : Match on catch block at 0x0a in for 0xc5
04-08 14:07:25.990 11117 11117 E ArmVmp : Match on catch block at 0xc3 in for 0xa1
04-08 14:07:26.050 11117 11117 E ArmVmp : Match on catch block at 0xc3 in for 0xa5
04-08 14:07:26.053 11117 11117 E ArmVmp : Match on catch block at 0xc3 in for 0xa5
04-08 14:07:26.129 11117 11117 E ArmVmp : Match on catch block at 0xc3 in for 0xa5
04-08 14:07:26.132 11117 11117 E ArmVmp : Match on catch block at 0xc3 in for 0xa9
04-08 14:07:26.133 11117 11117 E ArmVmp : Match on catch block at 0xc3 in for 0xa9
04-08 14:07:26.280 11117 13816 W libEGL : EGLNativeWindowType 0xb400007cc26b8050
disconnect failed
04-08 14:07:27.359 11117 11117 E ArmVmp : Match on catch block at 0x0a in for 0xc9
04-08 14:07:27.362 11117 11117 E ArmVmp : Match on catch block at 0x0a in for 0xc5
04-08 14:07:27.431 11117 11117 E ArmVmp : Match on catch block at 0xc3 in for 0xa5
04-08 14:07:27.433 11117 11117 E ArmVmp : Match on catch block at 0xc3 in for 0xa9
04-08 14:07:27.435 11117 11117 E ArmVmp : Match on catch block at 0xc3 in for 0xa9
04-08 14:07:27.478 11117 11117 E ArmVmp : Match on catch block at 0xc3 in for 0xa5
04-08 14:07:27.481 11117 11117 E ArmVmp : Match on catch block at 0xc3 in for 0xa9
04-08 14:07:27.484 11117 11117 E ArmVmp : Match on catch block at 0xc3 in for 0xa9
04-08 14:07:27.494 11117 11117 E ArmVmp : Match on catch block at 0xc3 in for 0xa1
04-08 14:07:27.497 11117 11117 E ArmVmp : Match on catch block at 0xc3 in for 0xa5
04-08 14:07:27.499 11117 11117 E ArmVmp : Match on catch block at 0xc3 in for 0xa5
04-08 14:07:27.518 11117 11117 E ArmVmp : Match on catch block at 0xc3 in for 0xa9
04-08 14:07:27.521 11117 11117 E ArmVmp : Match on catch block at 0xc3 in for 0xa1
04-08 14:07:27.523 11117 11117 E ArmVmp : Match on catch block at 0xc3 in for 0xa1
04-08 14:07:27.537 11117 11117 E ArmVmp : Match on catch block at 0xc3 in for 0xa9
04-08 14:07:27.543 11117 11117 E ArmVmp : Match on catch block at 0xc3 in for 0xa1
04-08 14:07:27.545 11117 11117 E ArmVmp : Match on catch block at 0xc3 in for 0xa1
04-08 14:07:27.556 11117 11117 E ArmVmp : Match on catch block at 0xc3 in for 0xa9
04-08 14:07:27.559 11117 11117 E ArmVmp : Match on catch block at 0xc3 in for 0xa1
04-08 14:07:27.560 11117 11117 E ArmVmp : Match on catch block at 0xc3 in for 0xa1
04-08 14:07:27.571 11117 11117 E ArmVmp : Match on catch block at 0xc3 in for 0xa5
04-08 14:07:27.573 11117 11117 E ArmVmp : Match on catch block at 0xc3 in for 0xa9
04-08 14:07:27.575 11117 11117 E ArmVmp : Match on catch block at 0xc3 in for 0xa9
04-08 14:07:27.587 11117 11117 E ArmVmp : Match on catch block at 0xc3 in for 0xa1
04-08 14:07:27.590 11117 11117 E ArmVmp : Match on catch block at 0xc3 in for 0xa5
04-08 14:07:27.593 11117 11117 E ArmVmp : Match on catch block at 0xc3 in for 0xa5
04-08 14:07:27.604 11117 11117 E ArmVmp : Match on catch block at 0xc3 in for 0xa9
04-08 14:07:27.607 11117 11117 E ArmVmp : Match on catch block at 0xc3 in for 0xa1
04-08 14:07:27.609 11117 11117 E ArmVmp : Match on catch block at 0xc3 in for 0xa1
04-08 14:07:27.621 11117 11117 E ArmVmp : Match on catch block at 0xc3 in for 0xa5
04-08 14:07:27.624 11117 11117 E ArmVmp : Match on catch block at 0xc3 in for 0xa9
04-08 14:07:27.626 11117 11117 E ArmVmp : Match on catch block at 0xc3 in for 0xa9
04-08 14:07:27.637 11117 11117 E ArmVmp : Match on catch block at 0xc3 in for 0xa1
04-08 14:07:27.640 11117 11117 E ArmVmp : Match on catch block at 0xc3 in for 0xa5
04-08 14:07:27.642 11117 11117 E ArmVmp : Match on catch block at 0xc3 in for 0xa5
04-08 14:07:27.654 11117 11117 E ArmVmp : Match on catch block at 0xc3 in for 0xa9
04-08 14:07:27.658 11117 11117 E ArmVmp : Match on catch block at 0xc3 in for 0xa1
04-08 14:07:27.660 11117 11117 E ArmVmp : Match on catch block at 0xc3 in for 0xa1
04-08 14:07:27.674 11117 13816 W libEGL : EGLNativeWindowType 0xb400007cc26b8050
disconnect failed
04-08 14:07:27.684 11117 11117 E ArmVmp : Match on catch block at 0xc3 in for 0xa5
04-08 14:07:27.687 11117 11117 E ArmVmp : Match on catch block at 0xc3 in for 0xa9
04-08 14:07:27.692 11117 11117 E ArmVmp : Match on catch block at 0xc3 in for 0xa9
04-08 14:07:27.704 11117 11117 E ArmVmp : Match on catch block at 0xc3 in for 0xa1
04-08 14:07:27.707 11117 11117 E ArmVmp : Match on catch block at 0xc3 in for 0xa5
04-08 14:07:27.709 11117 11117 E ArmVmp : Match on catch block at 0xc3 in for 0xa5
04-08 14:07:27.721 11117 11117 E ArmVmp : Match on catch block at 0xc3 in for 0xa9
04-08 14:07:27.723 11117 11117 E ArmVmp : Match on catch block at 0xc3 in for 0xa1
04-08 14:07:27.725 11117 11117 E ArmVmp : Match on catch block at 0xc3 in for 0xa1
04-08 14:07:27.737 11117 11117 E ArmVmp : Match on catch block at 0xc3 in for 0xa5
04-08 14:07:27.740 11117 11117 E ArmVmp : Match on catch block at 0xc3 in for 0xa9
04-08 14:07:27.742 11117 11117 E ArmVmp : Match on catch block at 0xc3 in for 0xa9
04-08 14:07:27.754 11117 11117 E ArmVmp : Match on catch block at 0xc3 in for 0xa1
04-08 14:07:27.757 11117 11117 E ArmVmp : Match on catch block at 0xc3 in for 0xa5
04-08 14:07:27.759 11117 11117 E ArmVmp : Match on catch block at 0xc3 in for 0xa5
04-08 14:07:27.804 11117 11117 E ArmVmp : Match on catch block at 0xc3 in for 0xa5
04-08 14:07:27.806 11117 11117 E ArmVmp : Match on catch block at 0xc3 in for 0xa9
04-08 14:07:27.837 11117 11117 E ArmVmp : Match on catch block at 0xc3 in for 0xa9
04-08 14:07:27.840 11117 11117 E ArmVmp : Match on catch block at 0xc3 in for 0xa1
04-08 14:07:27.841 11117 11117 E ArmVmp : Match on catch block at 0xc3 in for 0xa1
04-08 14:07:27.888 11117 11117 E ArmVmp : Match on catch block at 0xc3 in for 0xa5
04-08 14:07:27.890 11117 11117 E ArmVmp : Match on catch block at 0xc3 in for 0xa9
04-08 14:07:27.892 11117 11117 E ArmVmp : Match on catch block at 0xc3 in for 0xa9
04-08 14:07:27.921 11117 11117 E ArmVmp : Match on catch block at 0xc3 in for 0xa1
04-08 14:07:27.924 11117 11117 E ArmVmp : Match on catch block at 0xc3 in for 0xa5
04-08 14:07:27.926 11117 11117 E ArmVmp : Match on catch block at 0xc3 in for 0xa5
04-08 14:07:27.960 11117 13829 W MediaPlayer: Use of stream types is deprecated for
operations other than volume control
04-08 14:07:27.960 11117 13829 W MediaPlayer: See the documentation of
setAudioStreamType() for what to use instead with android.media.AudioAttributes to
qualify your playback use case
04-08 14:07:28.001 11117 11117 E ArmVmp : Match on catch block at 0xc3 in for 0xa1
04-08 14:07:28.006 11117 11117 E ArmVmp : Match on catch block at 0xc3 in for 0xa5
04-08 14:07:28.007 11117 11117 E ArmVmp : Match on catch block at 0xc3 in for 0xa5
04-08 14:07:28.035 11117 11117 E ArmVmp : Match on catch block at 0xc3 in for 0xa1
04-08 14:07:28.037 11117 11117 E ArmVmp : Match on catch block at 0xc3 in for 0xa5
04-08 14:07:28.039 11117 11117 E ArmVmp : Match on catch block at 0xc3 in for 0xa5
04-08 14:07:28.066 11117 11117 E ArmVmp : Match on catch block at 0xc3 in for 0xa9
04-08 14:07:28.068 11117 11117 E ArmVmp : Match on catch block at 0xc3 in for 0xa1
04-08 14:07:28.069 11117 11117 E ArmVmp : Match on catch block at 0xc3 in for 0xa1
04-08 14:07:28.074 11117 11117 E ArmVmp : Match on catch block at 0xc3 in for 0xa5
04-08 14:07:28.077 11117 11117 E ArmVmp : Match on catch block at 0xc3 in for 0xa9
04-08 14:07:28.078 11117 11117 E ArmVmp : Match on catch block at 0xc3 in for 0xa9
04-08 14:07:28.121 11117 11117 E ArmVmp : Match on catch block at 0xc3 in for 0xa5
04-08 14:07:28.123 11117 11117 E ArmVmp : Match on catch block at 0xc3 in for 0xa9
04-08 14:07:28.125 11117 11117 E ArmVmp : Match on catch block at 0xc3 in for 0xa9
04-08 14:07:28.171 11117 11117 E ArmVmp : Match on catch block at 0xc3 in for 0xa1
04-08 14:07:28.173 11117 11117 E ArmVmp : Match on catch block at 0xc3 in for 0xa5
04-08 14:07:28.175 11117 11117 E ArmVmp : Match on catch block at 0xc3 in for 0xa5
04-08 14:07:28.188 11117 11117 E ArmVmp : Match on catch block at 0xc3 in for 0xa9
04-08 14:07:28.190 11117 11117 E ArmVmp : Match on catch block at 0xc3 in for 0xa1
04-08 14:07:28.193 11117 11117 E ArmVmp : Match on catch block at 0xc3 in for 0xa1
04-08 14:07:28.206 11117 11117 E ArmVmp : Match on catch block at 0xc3 in for 0xa5
04-08 14:07:28.209 11117 11117 E ArmVmp : Match on catch block at 0xc3 in for 0xa9
04-08 14:07:28.212 11117 11117 E ArmVmp : Match on catch block at 0xc3 in for 0xa9
04-08 14:07:28.222 11117 11117 E ArmVmp : Match on catch block at 0xc3 in for 0xa1
04-08 14:07:28.226 11117 11117 E ArmVmp : Match on catch block at 0xc3 in for 0xa5
04-08 14:07:28.228 11117 11117 E ArmVmp : Match on catch block at 0xc3 in for 0xa5
04-08 14:07:28.240 11117 11117 E ArmVmp : Match on catch block at 0xc3 in for 0xa9
04-08 14:07:28.243 11117 11117 E ArmVmp : Match on catch block at 0xc3 in for 0xa1
04-08 14:07:28.245 11117 11117 E ArmVmp : Match on catch block at 0xc3 in for 0xa1
04-08 14:07:28.255 11117 11117 E ArmVmp : Match on catch block at 0xc3 in for 0xa5
04-08 14:07:28.259 11117 11117 E ArmVmp : Match on catch block at 0xc3 in for 0xa9
04-08 14:07:28.261 11117 11117 E ArmVmp : Match on catch block at 0xc3 in for 0xa9
04-08 14:07:28.272 11117 11117 E ArmVmp : Match on catch block at 0xc3 in for 0xa1
04-08 14:07:28.276 11117 11117 E ArmVmp : Match on catch block at 0xc3 in for 0xa5
04-08 14:07:28.278 11117 11117 E ArmVmp : Match on catch block at 0xc3 in for 0xa5
04-08 14:07:28.290 11117 11117 E ArmVmp : Match on catch block at 0xc3 in for 0xa9
04-08 14:07:28.293 11117 11117 E ArmVmp : Match on catch block at 0xc3 in for 0xa1
04-08 14:07:28.295 11117 11117 E ArmVmp : Match on catch block at 0xc3 in for 0xa1
04-08 14:07:28.306 11117 11117 E ArmVmp : Match on catch block at 0xc3 in for 0xa5
04-08 14:07:28.310 11117 11117 E ArmVmp : Match on catch block at 0xc3 in for 0xa9
04-08 14:07:28.312 11117 11117 E ArmVmp : Match on catch block at 0xc3 in for 0xa9
04-08 14:07:28.323 11117 11117 E ArmVmp : Match on catch block at 0xc3 in for 0xa1
04-08 14:07:28.326 11117 11117 E ArmVmp : Match on catch block at 0xc3 in for 0xa5
04-08 14:07:28.328 11117 11117 E ArmVmp : Match on catch block at 0xc3 in for 0xa5
04-08 14:07:28.339 11117 11117 E ArmVmp : Match on catch block at 0xc3 in for 0xa9
04-08 14:07:28.344 11117 11117 E ArmVmp : Match on catch block at 0xc3 in for 0xa1
04-08 14:07:28.346 11117 11117 E ArmVmp : Match on catch block at 0xc3 in for 0xa1
04-08 14:07:28.356 11117 11117 E ArmVmp : Match on catch block at 0xc3 in for 0xa5
04-08 14:07:28.359 11117 11117 E ArmVmp : Match on catch block at 0xc3 in for 0xa9
04-08 14:07:28.362 11117 11117 E ArmVmp : Match on catch block at 0xc3 in for 0xa9
04-08 14:07:28.372 11117 11117 E ArmVmp : Match on catch block at 0xc3 in for 0xa1
04-08 14:07:28.378 11117 11117 E ArmVmp : Match on catch block at 0xc3 in for 0xa5
04-08 14:07:28.380 11117 11117 E ArmVmp : Match on catch block at 0xc3 in for 0xa5
04-08 14:07:28.389 11117 11117 E ArmVmp : Match on catch block at 0xc3 in for 0xa9
04-08 14:07:28.393 11117 11117 E ArmVmp : Match on catch block at 0xc3 in for 0xa1
04-08 14:07:28.397 11117 11117 E ArmVmp : Match on catch block at 0xc3 in for 0xa1
04-08 14:07:28.407 11117 11117 E ArmVmp : Match on catch block at 0xc3 in for 0xa5
04-08 14:07:28.411 11117 11117 E ArmVmp : Match on catch block at 0xc3 in for 0xa9
04-08 14:07:28.413 11117 11117 E ArmVmp : Match on catch block at 0xc3 in for 0xa9
04-08 14:07:28.423 11117 11117 E ArmVmp : Match on catch block at 0xc3 in for 0xa1
04-08 14:07:28.426 11117 11117 E ArmVmp : Match on catch block at 0xc3 in for 0xa5
04-08 14:07:28.428 11117 11117 E ArmVmp : Match on catch block at 0xc3 in for 0xa5
04-08 14:07:28.439 11117 11117 E ArmVmp : Match on catch block at 0xc3 in for 0xa9
04-08 14:07:28.441 11117 11117 E ArmVmp : Match on catch block at 0xc3 in for 0xa1
04-08 14:07:28.442 11117 11117 E ArmVmp : Match on catch block at 0xc3 in for 0xa1
04-08 14:07:28.455 11117 11117 E ArmVmp : Match on catch block at 0xc3 in for 0xa5
04-08 14:07:28.458 11117 11117 E ArmVmp : Match on catch block at 0xc3 in for 0xa9
04-08 14:07:28.460 11117 11117 E ArmVmp : Match on catch block at 0xc3 in for 0xa9
04-08 14:07:28.472 11117 11117 E ArmVmp : Match on catch block at 0xc3 in for 0xa1
04-08 14:07:28.475 11117 11117 E ArmVmp : Match on catch block at 0xc3 in for 0xa5
04-08 14:07:28.477 11117 11117 E ArmVmp : Match on catch block at 0xc3 in for 0xa5
04-08 14:07:28.489 11117 11117 E ArmVmp : Match on catch block at 0xc3 in for 0xa9
04-08 14:07:28.492 11117 11117 E ArmVmp : Match on catch block at 0xc3 in for 0xa1
04-08 14:07:28.493 11117 11117 E ArmVmp : Match on catch block at 0xc3 in for 0xa1
04-08 14:07:28.555 11117 11117 E ArmVmp : Match on catch block at 0xc3 in for 0xa5
04-08 14:07:28.558 11117 11117 E ArmVmp : Match on catch block at 0xc3 in for 0xa9
04-08 14:07:28.561 11117 11117 E ArmVmp : Match on catch block at 0xc3 in for 0xa9
04-08 14:07:29.057 11117 11117 E ArmVmp : Match on catch block at 0xc3 in for 0xa1
04-08 14:07:29.060 11117 11117 E ArmVmp : Match on catch block at 0xc3 in for 0xa5
04-08 14:07:29.063 11117 11117 E ArmVmp : Match on catch block at 0xc3 in for 0xa5
04-08 14:07:29.557 11117 11117 E ArmVmp : Match on catch block at 0xc3 in for 0xa9
04-08 14:07:29.561 11117 11117 E ArmVmp : Match on catch block at 0xc3 in for 0xa1
04-08 14:07:29.564 11117 11117 E ArmVmp : Match on catch block at 0xc3 in for 0xa1
04-08 14:07:29.657 11117 11117 E ArmVmp : Match on catch block at 0xc3 in for 0xa5
04-08 14:07:29.660 11117 11117 E ArmVmp : Match on catch block at 0xc3 in for 0xa9
04-08 14:07:29.663 11117 11117 E ArmVmp : Match on catch block at 0xc3 in for 0xa9
04-08 14:07:29.674 11117 11117 E ArmVmp : Match on catch block at 0xc3 in for 0xa1
04-08 14:07:29.677 11117 11117 E ArmVmp : Match on catch block at 0xc3 in for 0xa5
04-08 14:07:29.680 11117 11117 E ArmVmp : Match on catch block at 0xc3 in for 0xa5
04-08 14:07:29.691 11117 11117 E ArmVmp : Match on catch block at 0xc3 in for 0xa9
04-08 14:07:29.696 11117 11117 E ArmVmp : Match on catch block at 0xc3 in for 0xa1
04-08 14:07:29.698 11117 11117 E ArmVmp : Match on catch block at 0xc3 in for 0xa1
04-08 14:07:29.707 11117 11117 E ArmVmp : Match on catch block at 0xc3 in for 0xa5
04-08 14:07:29.711 11117 11117 E ArmVmp : Match on catch block at 0xc3 in for 0xa9
04-08 14:07:29.713 11117 11117 E ArmVmp : Match on catch block at 0xc3 in for 0xa9
04-08 14:07:29.723 11117 11117 E ArmVmp : Match on catch block at 0xc3 in for 0xa1
04-08 14:07:29.726 11117 11117 E ArmVmp : Match on catch block at 0xc3 in for 0xa5
04-08 14:07:29.728 11117 11117 E ArmVmp : Match on catch block at 0xc3 in for 0xa5
04-08 14:07:29.740 11117 11117 E ArmVmp : Match on catch block at 0xc3 in for 0xa9
04-08 14:07:29.742 11117 11117 E ArmVmp : Match on catch block at 0xc3 in for 0xa1
04-08 14:07:29.744 11117 11117 E ArmVmp : Match on catch block at 0xc3 in for 0xa1
04-08 14:07:29.756 11117 11117 E ArmVmp : Match on catch block at 0xc3 in for 0xa5
04-08 14:07:29.759 11117 11117 E ArmVmp : Match on catch block at 0xc3 in for 0xa9
04-08 14:07:29.761 11117 11117 E ArmVmp : Match on catch block at 0xc3 in for 0xa9
04-08 14:07:29.773 11117 11117 E ArmVmp : Match on catch block at 0xc3 in for 0xa1
04-08 14:07:29.776 11117 11117 E ArmVmp : Match on catch block at 0xc3 in for 0xa5
04-08 14:07:29.778 11117 11117 E ArmVmp : Match on catch block at 0xc3 in for 0xa5
04-08 14:07:29.790 11117 11117 E ArmVmp : Match on catch block at 0xc3 in for 0xa9
04-08 14:07:29.792 11117 11117 E ArmVmp : Match on catch block at 0xc3 in for 0xa1
04-08 14:07:29.794 11117 11117 E ArmVmp : Match on catch block at 0xc3 in for 0xa1
04-08 14:07:29.806 11117 11117 E ArmVmp : Match on catch block at 0xc3 in for 0xa5
04-08 14:07:29.809 11117 11117 E ArmVmp : Match on catch block at 0xc3 in for 0xa9
04-08 14:07:29.812 11117 11117 E ArmVmp : Match on catch block at 0xc3 in for 0xa9
04-08 14:07:29.823 11117 11117 E ArmVmp : Match on catch block at 0xc3 in for 0xa1
04-08 14:07:29.826 11117 11117 E ArmVmp : Match on catch block at 0xc3 in for 0xa5
04-08 14:07:29.828 11117 11117 E ArmVmp : Match on catch block at 0xc3 in for 0xa5
04-08 14:07:29.840 11117 11117 E ArmVmp : Match on catch block at 0xc3 in for 0xa9
04-08 14:07:29.844 11117 11117 E ArmVmp : Match on catch block at 0xc3 in for 0xa1
04-08 14:07:29.846 11117 11117 E ArmVmp : Match on catch block at 0xc3 in for 0xa1
04-08 14:07:29.858 11117 11117 E ArmVmp : Match on catch block at 0xc3 in for 0xa5
04-08 14:07:29.863 11117 11117 E ArmVmp : Match on catch block at 0xc3 in for 0xa9
04-08 14:07:29.866 11117 11117 E ArmVmp : Match on catch block at 0xc3 in for 0xa9
04-08 14:07:29.873 11117 11117 E ArmVmp : Match on catch block at 0xc3 in for 0xa1
04-08 14:07:29.876 11117 11117 E ArmVmp : Match on catch block at 0xc3 in for 0xa5
04-08 14:07:29.877 11117 11117 E ArmVmp : Match on catch block at 0xc3 in for 0xa5
04-08 14:07:29.890 11117 11117 E ArmVmp : Match on catch block at 0xc3 in for 0xa9
04-08 14:07:29.892 11117 11117 E ArmVmp : Match on catch block at 0xc3 in for 0xa1
04-08 14:07:29.894 11117 11117 E ArmVmp : Match on catch block at 0xc3 in for 0xa1
04-08 14:07:29.906 11117 11117 E ArmVmp : Match on catch block at 0xc3 in for 0xa5
04-08 14:07:29.909 11117 11117 E ArmVmp : Match on catch block at 0xc3 in for 0xa9
