04-08 14:10:39.256 11117 11117 E ArmVmp : Match on catch block at 0xc3 in for 0xa1
04-08 14:10:39.270 11117 11117 E ArmVmp : Match on catch block at 0xc3 in for 0xa9
04-08 14:10:39.273 11117 11117 E ArmVmp : Match on catch block at 0xc3 in for 0xa1
04-08 14:10:39.287 11117 11117 E ArmVmp : Match on catch block at 0xc3 in for 0xa9
04-08 14:10:39.290 11117 11117 E ArmVmp : Match on catch block at 0xc3 in for 0xa1
04-08 14:10:39.304 11117 11117 E ArmVmp : Match on catch block at 0xc3 in for 0xa9
04-08 14:10:39.307 11117 11117 E ArmVmp : Match on catch block at 0xc3 in for 0xa1
04-08 14:10:39.331 11117 11117 E ArmVmp : Match on catch block at 0xc3 in for 0xa1
04-08 14:10:39.334 11117 11117 E ArmVmp : Match on catch block at 0xc3 in for 0xa5
04-08 14:10:39.336 11117 11117 E ArmVmp : Match on catch block at 0xc3 in for 0xa5
04-08 14:10:39.342 11117 11117 E ArmVmp : Match on catch block at 0xc3 in for 0xa9
04-08 14:10:39.344 11117 11117 E ArmVmp : Match on catch block at 0xc3 in for 0xa1
04-08 14:10:39.347 11117 11117 E ArmVmp : Match on catch block at 0xc3 in for 0xa1
04-08 14:10:39.354 11117 11117 E ArmVmp : Match on catch block at 0xc3 in for 0xa5
04-08 14:10:39.357 11117 11117 E ArmVmp : Match on catch block at 0xc3 in for 0xa9
04-08 14:10:39.359 11117 11117 E ArmVmp : Match on catch block at 0xc3 in for 0xa9
04-08 14:10:39.370 11117 11117 E ArmVmp : Match on catch block at 0xc3 in for 0xa1
04-08 14:10:39.375 11117 11117 E ArmVmp : Match on catch block at 0xc3 in for 0xa5
04-08 14:10:39.377 11117 11117 E ArmVmp : Match on catch block at 0xc3 in for 0xa5
04-08 14:10:39.387 11117 11117 E ArmVmp : Match on catch block at 0xc3 in for 0xa9
04-08 14:10:39.389 11117 11117 E ArmVmp : Match on catch block at 0xc3 in for 0xa1
04-08 14:10:39.392 11117 11117 E ArmVmp : Match on catch block at 0xc3 in for 0xa1
04-08 14:10:39.404 11117 11117 E ArmVmp : Match on catch block at 0xc3 in for 0xa5
04-08 14:10:39.407 11117 11117 E ArmVmp : Match on catch block at 0xc3 in for 0xa9
04-08 14:10:39.409 11117 11117 E ArmVmp : Match on catch block at 0xc3 in for 0xa9
04-08 14:10:39.420 11117 11117 E ArmVmp : Match on catch block at 0xc3 in for 0xa1
04-08 14:10:39.423 11117 11117 E ArmVmp : Match on catch block at 0xc3 in for 0xa5
04-08 14:10:39.425 11117 11117 E ArmVmp : Match on catch block at 0xc3 in for 0xa5
04-08 14:10:39.437 11117 11117 E ArmVmp : Match on catch block at 0xc3 in for 0xa9
04-08 14:10:39.439 11117 11117 E ArmVmp : Match on catch block at 0xc3 in for 0xa1
04-08 14:10:39.454 11117 11117 E ArmVmp : Match on catch block at 0xc3 in for 0xa1
04-08 14:10:39.456 11117 11117 E ArmVmp : Match on catch block at 0xc3 in for 0xa5
04-08 14:10:39.459 11117 11117 E ArmVmp : Match on catch block at 0xc3 in for 0xa5
04-08 14:10:39.476 11117 11117 E ArmVmp : Match on catch block at 0xc3 in for 0xa9
04-08 14:10:39.478 11117 11117 E ArmVmp : Match on catch block at 0xc3 in for 0xa1
04-08 14:10:39.480 11117 11117 E ArmVmp : Match on catch block at 0xc3 in for 0xa1
04-08 14:10:39.487 11117 11117 E ArmVmp : Match on catch block at 0xc3 in for 0xa5
04-08 14:10:39.489 11117 11117 E ArmVmp : Match on catch block at 0xc3 in for 0xa9
04-08 14:10:39.491 11117 11117 E ArmVmp : Match on catch block at 0xc3 in for 0xa9
04-08 14:10:39.754 11117 11117 E ArmVmp : Match on catch block at 0xc3 in for 0xa9
04-08 14:10:39.758 11117 11117 E ArmVmp : Match on catch block at 0xc3 in for 0xa1
04-08 14:10:39.761 11117 11117 E ArmVmp : Match on catch block at 0xc3 in for 0xa1
04-08 14:10:40.208 11117 11117 E ArmVmp : Match on catch block at 0xc3 in for 0xa9
04-08 14:10:40.212 11117 11117 E ArmVmp : Match on catch block at 0xc3 in for 0xa1
04-08 14:10:40.215 11117 11117 E ArmVmp : Match on catch block at 0xc3 in for 0xa1
04-08 14:10:40.227 11117 11117 E ArmVmp : Match on catch block at 0xc3 in for 0xa5
04-08 14:10:40.230 11117 11117 E ArmVmp : Match on catch block at 0xc3 in for 0xa9
04-08 14:10:40.232 11117 11117 E ArmVmp : Match on catch block at 0xc3 in for 0xa9
04-08 14:10:40.238 11117 11117 E ArmVmp : Match on catch block at 0xc3 in for 0xa1
04-08 14:10:40.240 11117 11117 E ArmVmp : Match on catch block at 0xc3 in for 0xa5
04-08 14:10:40.243 11117 11117 E ArmVmp : Match on catch block at 0xc3 in for 0xa5
04-08 14:10:40.255 11117 11117 E ArmVmp : Match on catch block at 0xc3 in for 0xa9
04-08 14:10:40.257 11117 11117 E ArmVmp : Match on catch block at 0xc3 in for 0xa1
04-08 14:10:40.260 11117 11117 E ArmVmp : Match on catch block at 0xc3 in for 0xa1
04-08 14:10:40.271 11117 11117 E ArmVmp : Match on catch block at 0xc3 in for 0xa5
04-08 14:10:40.274 11117 11117 E ArmVmp : Match on catch block at 0xc3 in for 0xa9
04-08 14:10:40.278 11117 11117 E ArmVmp : Match on catch block at 0xc3 in for 0xa9
04-08 14:10:40.288 11117 11117 E ArmVmp : Match on catch block at 0xc3 in for 0xa1
04-08 14:10:40.291 11117 11117 E ArmVmp : Match on catch block at 0xc3 in for 0xa5
04-08 14:10:40.294 11117 11117 E ArmVmp : Match on catch block at 0xc3 in for 0xa5
04-08 14:10:40.305 11117 11117 E ArmVmp : Match on catch block at 0xc3 in for 0xa9
04-08 14:10:40.308 11117 11117 E ArmVmp : Match on catch block at 0xc3 in for 0xa1
04-08 14:10:40.311 11117 11117 E ArmVmp : Match on catch block at 0xc3 in for 0xa1
04-08 14:10:40.324 11117 11117 E ArmVmp : Match on catch block at 0xc3 in for 0xa5
04-08 14:10:40.326 11117 11117 E ArmVmp : Match on catch block at 0xc3 in for 0xa9
04-08 14:10:40.328 11117 11117 E ArmVmp : Match on catch block at 0xc3 in for 0xa9
04-08 14:10:40.338 11117 11117 E ArmVmp : Match on catch block at 0xc3 in for 0xa1
04-08 14:10:40.341 11117 11117 E ArmVmp : Match on catch block at 0xc3 in for 0xa5
04-08 14:10:40.344 11117 11117 E ArmVmp : Match on catch block at 0xc3 in for 0xa5
04-08 14:10:40.355 11117 11117 E ArmVmp : Match on catch block at 0xc3 in for 0xa9
04-08 14:10:40.358 11117 11117 E ArmVmp : Match on catch block at 0xc3 in for 0xa1
04-08 14:10:40.360 11117 11117 E ArmVmp : Match on catch block at 0xc3 in for 0xa1
04-08 14:10:40.372 11117 11117 E ArmVmp : Match on catch block at 0xc3 in for 0xa5
04-08 14:10:40.375 11117 11117 E ArmVmp : Match on catch block at 0xc3 in for 0xa9
04-08 14:10:40.377 11117 11117 E ArmVmp : Match on catch block at 0xc3 in for 0xa9
04-08 14:10:40.388 11117 11117 E ArmVmp : Match on catch block at 0xc3 in for 0xa1
04-08 14:10:40.392 11117 11117 E ArmVmp : Match on catch block at 0xc3 in for 0xa5
04-08 14:10:40.394 11117 11117 E ArmVmp : Match on catch block at 0xc3 in for 0xa5
04-08 14:10:40.405 11117 11117 E ArmVmp : Match on catch block at 0xc3 in for 0xa9
04-08 14:10:40.408 11117 11117 E ArmVmp : Match on catch block at 0xc3 in for 0xa1
04-08 14:10:40.410 11117 11117 E ArmVmp : Match on catch block at 0xc3 in for 0xa1
04-08 14:10:40.572 11117 11117 E ArmVmp : Match on catch block at 0xc3 in for 0xa5
04-08 14:10:40.575 11117 11117 E ArmVmp : Match on catch block at 0xc3 in for 0xa9
04-08 14:10:40.577 11117 11117 E ArmVmp : Match on catch block at 0xc3 in for 0xa9
04-08 14:10:40.839 11117 11117 E ArmVmp : Match on catch block at 0xc3 in for 0xa1
04-08 14:10:40.843 11117 11117 E ArmVmp : Match on catch block at 0xc3 in for 0xa5
04-08 14:10:40.845 11117 11117 E ArmVmp : Match on catch block at 0xc3 in for 0xa5
04-08 14:10:40.864 11117 11117 E ArmVmp : Match on catch block at 0xc3 in for 0xa1
04-08 14:10:40.867 11117 11117 E ArmVmp : Match on catch block at 0xc3 in for 0xa5
04-08 14:10:40.870 11117 11117 E ArmVmp : Match on catch block at 0xc3 in for 0xa5
04-08 14:10:40.886 11117 11117 E ArmVmp : Match on catch block at 0xc3 in for 0xa1
04-08 14:10:40.889 11117 11117 E ArmVmp : Match on catch block at 0xc3 in for 0xa5
04-08 14:10:40.895 11117 11117 E ArmVmp : Match on catch block at 0xc3 in for 0xa1
04-08 14:10:40.897 11117 11117 E ArmVmp : Match on catch block at 0xc3 in for 0xa5
04-08 14:10:40.908 11117 11117 E ArmVmp : Match on catch block at 0xc3 in for 0xa9
04-08 14:10:40.911 11117 11117 E ArmVmp : Match on catch block at 0xc3 in for 0xa1
04-08 14:10:40.950 11117 11117 E ArmVmp : Match on catch block at 0xc3 in for 0xa1
04-08 14:10:40.952 11117 11117 E ArmVmp : Match on catch block at 0xc3 in for 0xa5
04-08 14:10:40.963 11117 11117 E ArmVmp : Match on catch block at 0xc3 in for 0xa1
04-08 14:10:40.966 11117 11117 E ArmVmp : Match on catch block at 0xc3 in for 0xa5
04-08 14:10:40.973 11117 11117 E ArmVmp : Match on catch block at 0xc3 in for 0xa1
04-08 14:10:40.975 11117 11117 E ArmVmp : Match on catch block at 0xc3 in for 0xa5
04-08 14:10:40.988 11117 11117 E ArmVmp : Match on catch block at 0xc3 in for 0xa1
04-08 14:10:40.991 11117 11117 E ArmVmp : Match on catch block at 0xc3 in for 0xa5
04-08 14:10:41.005 11117 11117 E ArmVmp : Match on catch block at 0xc3 in for 0xa1
04-08 14:10:41.008 11117 11117 E ArmVmp : Match on catch block at 0xc3 in for 0xa5
04-08 14:10:41.022 11117 11117 E ArmVmp : Match on catch block at 0xc3 in for 0xa1
04-08 14:10:41.025 11117 11117 E ArmVmp : Match on catch block at 0xc3 in for 0xa5
04-08 14:10:41.039 11117 11117 E ArmVmp : Match on catch block at 0xc3 in for 0xa1
04-08 14:10:41.041 11117 11117 E ArmVmp : Match on catch block at 0xc3 in for 0xa5
04-08 14:10:41.055 11117 11117 E ArmVmp : Match on catch block at 0xc3 in for 0xa1
04-08 14:10:41.058 11117 11117 E ArmVmp : Match on catch block at 0xc3 in for 0xa5
04-08 14:10:41.096 11117 11117 E ArmVmp : Match on catch block at 0xc3 in for 0xa5
04-08 14:10:41.099 11117 11117 E ArmVmp : Match on catch block at 0xc3 in for 0xa9
04-08 14:10:41.106 11117 11117 E ArmVmp : Match on catch block at 0xc3 in for 0xa5
04-08 14:10:41.107 11117 13829 W MediaPlayer: Use of stream types is deprecated for
operations other than volume control
04-08 14:10:41.107 11117 13829 W MediaPlayer: See the documentation of
setAudioStreamType() for what to use instead with android.media.AudioAttributes to
qualify your playback use case
04-08 14:10:41.109 11117 11117 E ArmVmp : Match on catch block at 0xc3 in for 0xa9
04-08 14:10:41.373 11117 11117 E ArmVmp : Match on catch block at 0xc3 in for 0xa1
04-08 14:10:41.377 11117 11117 E ArmVmp : Match on catch block at 0xc3 in for 0xa5
04-08 14:10:41.707 11117 11117 E ArmVmp : Match on catch block at 0xc3 in for 0xa1
04-08 14:10:41.712 11117 11117 E ArmVmp : Match on catch block at 0xc3 in for 0xa5
04-08 14:10:41.740 11117 11117 E ArmVmp : Match on catch block at 0xc3 in for 0xa9
04-08 14:10:41.744 11117 11117 E ArmVmp : Match on catch block at 0xc3 in for 0xa1
04-08 14:10:41.857 11117 11117 E ArmVmp : Match on catch block at 0xc3 in for 0xa9
04-08 14:10:41.862 11117 11117 E ArmVmp : Match on catch block at 0xc3 in for 0xa1
04-08 14:10:42.357 11117 11117 E ArmVmp : Match on catch block at 0xc3 in for 0xa9
04-08 14:10:42.361 11117 11117 E ArmVmp : Match on catch block at 0xc3 in for 0xa1
04-08 14:10:42.691 11117 11117 E ArmVmp : Match on catch block at 0xc3 in for 0xa9
04-08 14:10:42.695 11117 11117 E ArmVmp : Match on catch block at 0xc3 in for 0xa1
04-08 14:10:42.707 11117 11117 E ArmVmp : Match on catch block at 0xc3 in for 0xa9
04-08 14:10:42.715 11117 11117 E ArmVmp : Match on catch block at 0xc3 in for 0xa1
04-08 14:10:42.725 11117 11117 E ArmVmp : Match on catch block at 0xc3 in for 0xa9
04-08 14:10:42.729 11117 11117 E ArmVmp : Match on catch block at 0xc3 in for 0xa1
04-08 14:10:42.741 11117 11117 E ArmVmp : Match on catch block at 0xc3 in for 0xa9
04-08 14:10:42.744 11117 11117 E ArmVmp : Match on catch block at 0xc3 in for 0xa1
04-08 14:10:42.758 11117 11117 E ArmVmp : Match on catch block at 0xc3 in for 0xa9
04-08 14:10:42.762 11117 11117 E ArmVmp : Match on catch block at 0xc3 in for 0xa1
04-08 14:10:42.775 11117 11117 E ArmVmp : Match on catch block at 0xc3 in for 0xa9
04-08 14:10:42.778 11117 11117 E ArmVmp : Match on catch block at 0xc3 in for 0xa1
04-08 14:10:42.791 11117 11117 E ArmVmp : Match on catch block at 0xc3 in for 0xa9
04-08 14:10:42.795 11117 11117 E ArmVmp : Match on catch block at 0xc3 in for 0xa1
04-08 14:10:42.808 11117 11117 E ArmVmp : Match on catch block at 0xc3 in for 0xa9
04-08 14:10:42.812 11117 11117 E ArmVmp : Match on catch block at 0xc3 in for 0xa1
04-08 14:10:42.824 11117 11117 E ArmVmp : Match on catch block at 0xc3 in for 0xa9
04-08 14:10:42.828 11117 11117 E ArmVmp : Match on catch block at 0xc3 in for 0xa1
04-08 14:10:42.841 11117 11117 E ArmVmp : Match on catch block at 0xc3 in for 0xa9
04-08 14:10:42.846 11117 11117 E ArmVmp : Match on catch block at 0xc3 in for 0xa1
04-08 14:10:42.858 11117 11117 E ArmVmp : Match on catch block at 0xc3 in for 0xa9
04-08 14:10:42.861 11117 11117 E ArmVmp : Match on catch block at 0xc3 in for 0xa1
04-08 14:10:42.874 11117 11117 E ArmVmp : Match on catch block at 0xc3 in for 0xa9
04-08 14:10:42.878 11117 11117 E ArmVmp : Match on catch block at 0xc3 in for 0xa1
04-08 14:10:42.891 11117 11117 E ArmVmp : Match on catch block at 0xc3 in for 0xa9
04-08 14:10:42.896 11117 11117 E ArmVmp : Match on catch block at 0xc3 in for 0xa1
04-08 14:10:42.908 11117 11117 E ArmVmp : Match on catch block at 0xc3 in for 0xa9
04-08 14:10:42.912 11117 11117 E ArmVmp : Match on catch block at 0xc3 in for 0xa1
04-08 14:10:42.924 11117 11117 E ArmVmp : Match on catch block at 0xc3 in for 0xa9
04-08 14:10:42.929 11117 11117 E ArmVmp : Match on catch block at 0xc3 in for 0xa1
04-08 14:10:42.942 11117 11117 E ArmVmp : Match on catch block at 0xc3 in for 0xa9
04-08 14:10:42.946 11117 11117 E ArmVmp : Match on catch block at 0xc3 in for 0xa1
04-08 14:10:42.959 11117 11117 E ArmVmp : Match on catch block at 0xc3 in for 0xa9
04-08 14:10:42.962 11117 11117 E ArmVmp : Match on catch block at 0xc3 in for 0xa1
04-08 14:10:43.375 11117 11117 E ArmVmp : Match on catch block at 0xc3 in for 0xa9
04-08 14:10:43.379 11117 11117 E ArmVmp : Match on catch block at 0xc3 in for 0xa1
04-08 14:10:43.512 11117 11117 E ArmVmp : Match on catch block at 0xc3 in for 0xa1
04-08 14:10:43.515 11117 11117 E ArmVmp : Match on catch block at 0xc3 in for 0xa5
04-08 14:10:43.527 11117 11117 E ArmVmp : Match on catch block at 0xc3 in for 0xa1
04-08 14:10:43.530 11117 11117 E ArmVmp : Match on catch block at 0xc3 in for 0xa5
04-08 14:10:43.541 11117 11117 E ArmVmp : Match on catch block at 0xc3 in for 0xa1
04-08 14:10:43.543 11117 11117 E ArmVmp : Match on catch block at 0xc3 in for 0xa5
04-08 14:10:43.558 11117 11117 E ArmVmp : Match on catch block at 0xc3 in for 0xa1
04-08 14:10:43.560 11117 11117 E ArmVmp : Match on catch block at 0xc3 in for 0xa5
04-08 14:10:43.574 11117 11117 E ArmVmp : Match on catch block at 0xc3 in for 0xa1
04-08 14:10:43.578 11117 11117 E ArmVmp : Match on catch block at 0xc3 in for 0xa5
04-08 14:10:43.591 11117 11117 E ArmVmp : Match on catch block at 0xc3 in for 0xa1
04-08 14:10:43.596 11117 11117 E ArmVmp : Match on catch block at 0xc3 in for 0xa5
04-08 14:10:43.608 11117 11117 E ArmVmp : Match on catch block at 0xc3 in for 0xa1
04-08 14:10:43.611 11117 11117 E ArmVmp : Match on catch block at 0xc3 in for 0xa5
04-08 14:10:43.627 11117 11117 E ArmVmp : Match on catch block at 0xc3 in for 0xa1
04-08 14:10:43.630 11117 11117 E ArmVmp : Match on catch block at 0xc3 in for 0xa5
04-08 14:10:43.643 11117 11117 E ArmVmp : Match on catch block at 0xc3 in for 0xa1
04-08 14:10:43.646 11117 11117 E ArmVmp : Match on catch block at 0xc3 in for 0xa5
04-08 14:10:43.658 11117 11117 E ArmVmp : Match on catch block at 0xc3 in for 0xa1
04-08 14:10:43.661 11117 11117 E ArmVmp : Match on catch block at 0xc3 in for 0xa5
04-08 14:10:43.674 11117 11117 E ArmVmp : Match on catch block at 0xc3 in for 0xa1
04-08 14:10:43.676 11117 11117 E ArmVmp : Match on catch block at 0xc3 in for 0xa5
04-08 14:10:43.692 11117 11117 E ArmVmp : Match on catch block at 0xc3 in for 0xa1
04-08 14:10:43.695 11117 11117 E ArmVmp : Match on catch block at 0xc3 in for 0xa5
04-08 14:10:43.708 11117 11117 E ArmVmp : Match on catch block at 0xc3 in for 0xa1
04-08 14:10:43.712 11117 11117 E ArmVmp : Match on catch block at 0xc3 in for 0xa5
04-08 14:10:43.825 11117 11117 E ArmVmp : Match on catch block at 0xc3 in for 0xa1
04-08 14:10:43.829 11117 11117 E ArmVmp : Match on catch block at 0xc3 in for 0xa5
04-08 14:10:43.909 11117 11117 E ArmVmp : Match on catch block at 0xc3 in for 0xa1
04-08 14:10:43.912 11117 11117 E ArmVmp : Match on catch block at 0xc3 in for 0xa5
04-08 14:10:44.076 11117 11117 E ArmVmp : Match on catch block at 0xc3 in for 0xa1
04-08 14:10:44.080 11117 11117 E ArmVmp : Match on catch block at 0xc3 in for 0xa5
04-08 14:10:44.326 11117 11117 E ArmVmp : Match on catch block at 0xc3 in for 0xa1
04-08 14:10:44.329 11117 11117 E ArmVmp : Match on catch block at 0xc3 in for 0xa5
04-08 14:10:44.443 11117 11117 E ArmVmp : Match on catch block at 0xc3 in for 0xa1
04-08 14:10:44.448 11117 11117 E ArmVmp : Match on catch block at 0xc3 in for 0xa5
04-08 14:10:44.527 11117 11117 E ArmVmp : Match on catch block at 0xc3 in for 0xa1
04-08 14:10:44.530 11117 11117 E ArmVmp : Match on catch block at 0xc3 in for 0xa5
04-08 14:10:44.633 11117 11117 E ArmVmp : Match on catch block at 0xc3 in for 0xa9
04-08 14:10:44.638 11117 11117 E ArmVmp : Match on catch block at 0xc3 in for 0xa1
04-08 14:10:44.646 11117 11117 E ArmVmp : Match on catch block at 0xc3 in for 0xa9
04-08 14:10:44.649 11117 11117 E ArmVmp : Match on catch block at 0xc3 in for 0xa1
04-08 14:10:44.659 11117 11117 E ArmVmp : Match on catch block at 0xc3 in for 0xa9
04-08 14:10:44.661 11117 11117 E ArmVmp : Match on catch block at 0xc3 in for 0xa1
04-08 14:10:44.676 11117 11117 E ArmVmp : Match on catch block at 0xc3 in for 0xa9
04-08 14:10:44.678 11117 11117 E ArmVmp : Match on catch block at 0xc3 in for 0xa1
04-08 14:10:44.692 11117 11117 E ArmVmp : Match on catch block at 0xc3 in for 0xa9
04-08 14:10:44.695 11117 11117 E ArmVmp : Match on catch block at 0xc3 in for 0xa1
04-08 14:10:44.709 11117 11117 E ArmVmp : Match on catch block at 0xc3 in for 0xa9
04-08 14:10:44.711 11117 11117 E ArmVmp : Match on catch block at 0xc3 in for 0xa1
04-08 14:10:44.726 11117 11117 E ArmVmp : Match on catch block at 0xc3 in for 0xa9
04-08 14:10:44.728 11117 11117 E ArmVmp : Match on catch block at 0xc3 in for 0xa1
04-08 14:10:44.744 11117 11117 E ArmVmp : Match on catch block at 0xc3 in for 0xa9
04-08 14:10:44.747 11117 11117 E ArmVmp : Match on catch block at 0xc3 in for 0xa1
04-08 14:10:44.760 11117 11117 E ArmVmp : Match on catch block at 0xc3 in for 0xa9
04-08 14:10:44.764 11117 11117 E ArmVmp : Match on catch block at 0xc3 in for 0xa1
04-08 14:10:44.777 11117 11117 E ArmVmp : Match on catch block at 0xc3 in for 0xa9
04-08 14:10:44.781 11117 11117 E ArmVmp : Match on catch block at 0xc3 in for 0xa1
04-08 14:10:44.793 11117 11117 E ArmVmp : Match on catch block at 0xc3 in for 0xa9
04-08 14:10:44.798 11117 11117 E ArmVmp : Match on catch block at 0xc3 in for 0xa1
04-08 14:10:44.810 11117 11117 E ArmVmp : Match on catch block at 0xc3 in for 0xa9
04-08 14:10:44.814 11117 11117 E ArmVmp : Match on catch block at 0xc3 in for 0xa1
04-08 14:10:44.826 11117 11117 E ArmVmp : Match on catch block at 0xc3 in for 0xa9
04-08 14:10:44.828 11117 11117 E ArmVmp : Match on catch block at 0xc3 in for 0xa1
04-08 14:10:44.842 11117 11117 E ArmVmp : Match on catch block at 0xc3 in for 0xa9
04-08 14:10:44.846 11117 11117 E ArmVmp : Match on catch block at 0xc3 in for 0xa1
04-08 14:10:44.859 11117 11117 E ArmVmp : Match on catch block at 0xc3 in for 0xa9
04-08 14:10:44.863 11117 11117 E ArmVmp : Match on catch block at 0xc3 in for 0xa1
04-08 14:10:44.876 11117 11117 E ArmVmp : Match on catch block at 0xc3 in for 0xa9
04-08 14:10:44.879 11117 11117 E ArmVmp : Match on catch block at 0xc3 in for 0xa1
04-08 14:10:44.893 11117 11117 E ArmVmp : Match on catch block at 0xc3 in for 0xa9
04-08 14:10:44.897 11117 11117 E ArmVmp : Match on catch block at 0xc3 in for 0xa1
04-08 14:10:44.909 11117 11117 E ArmVmp : Match on catch block at 0xc3 in for 0xa9
04-08 14:10:44.914 11117 11117 E ArmVmp : Match on catch block at 0xc3 in for 0xa1
04-08 14:10:44.927 11117 11117 E ArmVmp : Match on catch block at 0xc3 in for 0xa9
04-08 14:10:44.932 11117 11117 E ArmVmp : Match on catch block at 0xc3 in for 0xa1
04-08 14:10:44.944 11117 11117 E ArmVmp : Match on catch block at 0xc3 in for 0xa9
04-08 14:10:44.949 11117 11117 E ArmVmp : Match on catch block at 0xc3 in for 0xa1
04-08 14:10:44.959 11117 11117 E ArmVmp : Match on catch block at 0xc3 in for 0xa9
04-08 14:10:44.962 11117 11117 E ArmVmp : Match on catch block at 0xc3 in for 0xa1
04-08 14:10:44.976 11117 11117 E ArmVmp : Match on catch block at 0xc3 in for 0xa9
04-08 14:10:44.979 11117 11117 E ArmVmp : Match on catch block at 0xc3 in for 0xa1
04-08 14:10:44.993 11117 11117 E ArmVmp : Match on catch block at 0xc3 in for 0xa9
04-08 14:10:44.996 11117 11117 E ArmVmp : Match on catch block at 0xc3 in for 0xa1
04-08 14:10:45.009 11117 11117 E ArmVmp : Match on catch block at 0xc3 in for 0xa9
04-08 14:10:45.013 11117 11117 E ArmVmp : Match on catch block at 0xc3 in for 0xa1
04-08 14:10:45.026 11117 11117 E ArmVmp : Match on catch block at 0xc3 in for 0xa9
04-08 14:10:45.029 11117 11117 E ArmVmp : Match on catch block at 0xc3 in for 0xa1
04-08 14:10:45.043 11117 11117 E ArmVmp : Match on catch block at 0xc3 in for 0xa9
04-08 14:10:45.046 11117 11117 E ArmVmp : Match on catch block at 0xc3 in for 0xa1
04-08 14:10:45.077 11117 11117 E ArmVmp : Match on catch block at 0xc3 in for 0xa9
04-08 14:10:45.081 11117 11117 E ArmVmp : Match on catch block at 0xc3 in for 0xa1
04-08 14:10:45.159 11117 11117 E ArmVmp : Match on catch block at 0xc3 in for 0xa9
04-08 14:10:45.161 11117 11117 E ArmVmp : Match on catch block at 0xc3 in for 0xa1
04-08 14:10:45.243 11117 11117 E ArmVmp : Match on catch block at 0xc3 in for 0xa9
04-08 14:10:45.245 11117 11117 E ArmVmp : Match on catch block at 0xc3 in for 0xa1
04-08 14:10:45.411 11117 11117 E ArmVmp : Match on catch block at 0xc3 in for 0xa9
04-08 14:10:45.415 11117 11117 E ArmVmp : Match on catch block at 0xc3 in for 0xa1
04-08 14:10:45.511 11117 11117 E ArmVmp : Match on catch block at 0xc3 in for 0xa9
04-08 14:10:45.514 11117 11117 E ArmVmp : Match on catch block at 0xc3 in for 0xa1
04-08 14:10:45.761 11117 11117 E ArmVmp : Match on catch block at 0xc3 in for 0xa9
04-08 14:10:45.764 11117 11117 E ArmVmp : Match on catch block at 0xc3 in for 0xa1
04-08 14:10:45.928 11117 11117 E ArmVmp : Match on catch block at 0xc3 in for 0xa9
04-08 14:10:45.932 11117 11117 E ArmVmp : Match on catch block at 0xc3 in for 0xa1
04-08 14:10:46.028 11117 11117 E ArmVmp : Match on catch block at 0xc3 in for 0xa9
04-08 14:10:46.031 11117 11117 E ArmVmp : Match on catch block at 0xc3 in for 0xa1
04-08 14:10:46.161 11117 11117 E ArmVmp : Match on catch block at 0xc3 in for 0xa9
04-08 14:10:46.165 11117 11117 E ArmVmp : Match on catch block at 0xc3 in for 0xa1
04-08 14:10:46.178 11117 11117 E ArmVmp : Match on catch block at 0xc3 in for 0xa9
04-08 14:10:46.182 11117 11117 E ArmVmp : Match on catch block at 0xc3 in for 0xa1
04-08 14:10:46.195 11117 11117 E ArmVmp : Match on catch block at 0xc3 in for 0xa9
04-08 14:10:46.200 11117 11117 E ArmVmp : Match on catch block at 0xc3 in for 0xa1
04-08 14:10:46.211 11117 11117 E ArmVmp : Match on catch block at 0xc3 in for 0xa9
04-08 14:10:46.215 11117 11117 E ArmVmp : Match on catch block at 0xc3 in for 0xa1
04-08 14:10:46.228 11117 11117 E ArmVmp : Match on catch block at 0xc3 in for 0xa9
04-08 14:10:46.232 11117 11117 E ArmVmp : Match on catch block at 0xc3 in for 0xa1
04-08 14:10:46.244 11117 11117 E ArmVmp : Match on catch block at 0xc3 in for 0xa9
04-08 14:10:46.248 11117 11117 E ArmVmp : Match on catch block at 0xc3 in for 0xa1
04-08 14:10:46.262 11117 11117 E ArmVmp : Match on catch block at 0xc3 in for 0xa9
04-08 14:10:46.265 11117 11117 E ArmVmp : Match on catch block at 0xc3 in for 0xa1
04-08 14:10:46.278 11117 11117 E ArmVmp : Match on catch block at 0xc3 in for 0xa9
04-08 14:10:46.282 11117 11117 E ArmVmp : Match on catch block at 0xc3 in for 0xa1
04-08 14:10:46.294 11117 11117 E ArmVmp : Match on catch block at 0xc3 in for 0xa9
04-08 14:10:46.298 11117 11117 E ArmVmp : Match on catch block at 0xc3 in for 0xa1
04-08 14:10:46.311 11117 11117 E ArmVmp : Match on catch block at 0xc3 in for 0xa9
04-08 14:10:46.316 11117 11117 E ArmVmp : Match on catch block at 0xc3 in for 0xa1
04-08 14:10:46.328 11117 11117 E ArmVmp : Match on catch block at 0xc3 in for 0xa9
04-08 14:10:46.332 11117 11117 E ArmVmp : Match on catch block at 0xc3 in for 0xa1
04-08 14:10:46.344 11117 11117 E ArmVmp : Match on catch block at 0xc3 in for 0xa9
04-08 14:10:46.348 11117 11117 E ArmVmp : Match on catch block at 0xc3 in for 0xa1
04-08 14:10:46.362 11117 11117 E ArmVmp : Match on catch block at 0xc3 in for 0xa9
04-08 14:10:46.366 11117 11117 E ArmVmp : Match on catch block at 0xc3 in for 0xa1
04-08 14:10:46.379 11117 11117 E ArmVmp : Match on catch block at 0xc3 in for 0xa9
04-08 14:10:46.383 11117 11117 E ArmVmp : Match on catch block at 0xc3 in for 0xa1
04-08 14:10:46.395 11117 11117 E ArmVmp : Match on catch block at 0xc3 in for 0xa9
04-08 14:10:46.399 11117 11117 E ArmVmp : Match on catch block at 0xc3 in for 0xa1
04-08 14:10:46.412 11117 11117 E ArmVmp : Match on catch block at 0xc3 in for 0xa9
04-08 14:10:46.415 11117 11117 E ArmVmp : Match on catch block at 0xc3 in for 0xa1
04-08 14:10:46.428 11117 11117 E ArmVmp : Match on catch block at 0xc3 in for 0xa9
04-08 14:10:46.433 11117 11117 E ArmVmp : Match on catch block at 0xc3 in for 0xa1
04-08 14:10:46.445 11117 11117 E ArmVmp : Match on catch block at 0xc3 in for 0xa9
04-08 14:10:46.450 11117 11117 E ArmVmp : Match on catch block at 0xc3 in for 0xa1
04-08 14:10:46.462 11117 11117 E ArmVmp : Match on catch block at 0xc3 in for 0xa9
04-08 14:10:46.466 11117 11117 E ArmVmp : Match on catch block at 0xc3 in for 0xa1
04-08 14:10:46.478 11117 11117 E ArmVmp : Match on catch block at 0xc3 in for 0xa9
04-08 14:10:46.482 11117 11117 E ArmVmp : Match on catch block at 0xc3 in for 0xa1
04-08 14:10:46.495 11117 11117 E ArmVmp : Match on catch block at 0xc3 in for 0xa9
04-08 14:10:46.499 11117 11117 E ArmVmp : Match on catch block at 0xc3 in for 0xa1
04-08 14:10:46.512 11117 11117 E ArmVmp : Match on catch block at 0xc3 in for 0xa9
04-08 14:10:46.516 11117 11117 E ArmVmp : Match on catch block at 0xc3 in for 0xa1
04-08 14:10:46.528 11117 11117 E ArmVmp : Match on catch block at 0xc3 in for 0xa9
04-08 14:10:46.532 11117 11117 E ArmVmp : Match on catch block at 0xc3 in for 0xa1
04-08 14:10:46.545 11117 11117 E ArmVmp : Match on catch block at 0xc3 in for 0xa9
04-08 14:10:46.550 11117 11117 E ArmVmp : Match on catch block at 0xc3 in for 0xa1
04-08 14:10:46.561 11117 11117 E ArmVmp : Match on catch block at 0xc3 in for 0xa9
04-08 14:10:46.565 11117 11117 E ArmVmp : Match on catch block at 0xc3 in for 0xa1
04-08 14:10:46.661 11117 11117 E ArmVmp : Match on catch block at 0xc3 in for 0xa9
04-08 14:10:46.665 11117 11117 E ArmVmp : Match on catch block at 0xc3 in for 0xa1
04-08 14:10:46.678 11117 11117 E ArmVmp : Match on catch block at 0xc3 in for 0xa9
04-08 14:10:46.683 11117 11117 E ArmVmp : Match on catch block at 0xc3 in for 0xa1
04-08 14:10:46.794 11117 11117 E ArmVmp : Match on catch block at 0xc3 in for 0xa9
04-08 14:10:46.797 11117 11117 E ArmVmp : Match on catch block at 0xc3 in for 0xa1
04-08 14:10:47.078 11117 11117 E ArmVmp : Match on catch block at 0xc3 in for 0xa9
04-08 14:10:47.080 11117 11117 E ArmVmp : Match on catch block at 0xc3 in for 0xa1
04-08 14:10:47.579 11117 11117 E ArmVmp : Match on catch block at 0xc3 in for 0xa9
04-08 14:10:47.583 11117 11117 E ArmVmp : Match on catch block at 0xc3 in for 0xa1
04-08 14:10:47.629 11117 11117 E ArmVmp : Match on catch block at 0xc3 in for 0xa9
04-08 14:10:47.633 11117 11117 E ArmVmp : Match on catch block at 0xc3 in for 0xa1
04-08 14:10:47.830 11117 11117 E ArmVmp : Match on catch block at 0xc3 in for 0xa9
04-08 14:10:47.833 11117 11117 E ArmVmp : Match on catch block at 0xc3 in for 0xa1
04-08 14:10:48.009 11117 11117 E ArmVmp : Match on catch block at 0xc3 in for 0xa5
04-08 14:10:48.014 11117 11117 E ArmVmp : Match on catch block at 0xc3 in for 0xa9
04-08 14:10:48.021 11117 11117 E ArmVmp : Match on catch block at 0xc3 in for 0xa5
04-08 14:10:48.024 11117 11117 E ArmVmp : Match on catch block at 0xc3 in for 0xa9
04-08 14:10:48.246 11117 11117 E ArmVmp : Match on catch block at 0xc3 in for 0xa5
04-08 14:10:48.250 11117 11117 E ArmVmp : Match on catch block at 0xc3 in for 0xa9
04-08 14:10:48.747 11117 11117 E ArmVmp : Match on catch block at 0xc3 in for 0xa5
04-08 14:10:48.750 11117 11117 E ArmVmp : Match on catch block at 0xc3 in for 0xa9
04-08 14:10:49.081 11117 11117 E ArmVmp : Match on catch block at 0xc3 in for 0xa5
04-08 14:10:49.084 11117 11117 E ArmVmp : Match on catch block at 0xc3 in for 0xa9
04-08 14:10:49.198 11117 11117 E ArmVmp : Match on catch block at 0xc3 in for 0xa5
04-08 14:10:49.202 11117 11117 E ArmVmp : Match on catch block at 0xc3 in for 0xa9
04-08 14:10:49.415 11117 11117 E ArmVmp : Match on catch block at 0xc3 in for 0xa5
04-08 14:10:49.420 11117 11117 E ArmVmp : Match on catch block at 0xc3 in for 0xa9
04-08 14:10:49.598 11117 11117 E ArmVmp : Match on catch block at 0xc3 in for 0xa5
04-08 14:10:49.602 11117 11117 E ArmVmp : Match on catch block at 0xc3 in for 0xa9
04-08 14:10:49.614 11117 11117 E ArmVmp : Match on catch block at 0xc3 in for 0xa5
04-08 14:10:49.617 11117 11117 E ArmVmp : Match on catch block at 0xc3 in for 0xa9
04-08 14:10:49.630 11117 11117 E ArmVmp : Match on catch block at 0xc3 in for 0xa5
04-08 14:10:49.633 11117 11117 E ArmVmp : Match on catch block at 0xc3 in for 0xa9
04-08 14:10:49.647 11117 11117 E ArmVmp : Match on catch block at 0xc3 in for 0xa5
04-08 14:10:49.651 11117 11117 E ArmVmp : Match on catch block at 0xc3 in for 0xa9
04-08 14:10:49.664 11117 11117 E ArmVmp : Match on catch block at 0xc3 in for 0xa5
04-08 14:10:49.667 11117 11117 E ArmVmp : Match on catch block at 0xc3 in for 0xa9
04-08 14:10:49.680 11117 11117 E ArmVmp : Match on catch block at 0xc3 in for 0xa5
04-08 14:10:49.683 11117 11117 E ArmVmp : Match on catch block at 0xc3 in for 0xa9
04-08 14:10:49.697 11117 11117 E ArmVmp : Match on catch block at 0xc3 in for 0xa5
04-08 14:10:49.701 11117 11117 E ArmVmp : Match on catch block at 0xc3 in for 0xa9
04-08 14:10:49.715 11117 11117 E ArmVmp : Match on catch block at 0xc3 in for 0xa5
04-08 14:10:49.718 11117 11117 E ArmVmp : Match on catch block at 0xc3 in for 0xa9
04-08 14:10:49.731 11117 11117 E ArmVmp : Match on catch block at 0xc3 in for 0xa5
04-08 14:10:49.735 11117 11117 E ArmVmp : Match on catch block at 0xc3 in for 0xa9
04-08 14:10:49.748 11117 11117 E ArmVmp : Match on catch block at 0xc3 in for 0xa5
04-08 14:10:49.752 11117 11117 E ArmVmp : Match on catch block at 0xc3 in for 0xa9
04-08 14:10:49.765 11117 11117 E ArmVmp : Match on catch block at 0xc3 in for 0xa5
04-08 14:10:49.769 11117 11117 E ArmVmp : Match on catch block at 0xc3 in for 0xa9
04-08 14:10:49.781 11117 11117 E ArmVmp : Match on catch block at 0xc3 in for 0xa5
04-08 14:10:49.787 11117 11117 E ArmVmp : Match on catch block at 0xc3 in for 0xa9
04-08 14:10:49.798 11117 11117 E ArmVmp : Match on catch block at 0xc3 in for 0xa5
04-08 14:10:49.803 11117 11117 E ArmVmp : Match on catch block at 0xc3 in for 0xa9
04-08 14:10:49.816 11117 11117 E ArmVmp : Match on catch block at 0xc3 in for 0xa5
04-08 14:10:49.819 11117 11117 E ArmVmp : Match on catch block at 0xc3 in for 0xa9
04-08 14:10:49.832 11117 11117 E ArmVmp : Match on catch block at 0xc3 in for 0xa5
04-08 14:10:49.836 11117 11117 E ArmVmp : Match on catch block at 0xc3 in for 0xa9
04-08 14:10:49.848 11117 11117 E ArmVmp : Match on catch block at 0xc3 in for 0xa5
04-08 14:10:49.853 11117 11117 E ArmVmp : Match on catch block at 0xc3 in for 0xa9
04-08 14:10:49.865 11117 11117 E ArmVmp : Match on catch block at 0xc3 in for 0xa5
04-08 14:10:49.870 11117 11117 E ArmVmp : Match on catch block at 0xc3 in for 0xa9
04-08 14:10:50.115 11117 11117 E ArmVmp : Match on catch block at 0xc3 in for 0xa5
04-08 14:10:50.119 11117 11117 E ArmVmp : Match on catch block at 0xc3 in for 0xa9
04-08 14:10:50.365 11117 11117 E ArmVmp : Match on catch block at 0xc3 in for 0xa5
04-08 14:10:50.368 11117 11117 E ArmVmp : Match on catch block at 0xc3 in for 0xa9
04-08 14:10:50.832 11117 11117 E ArmVmp : Match on catch block at 0xc3 in for 0xa5
04-08 14:10:50.835 11117 11117 E ArmVmp : Match on catch block at 0xc3 in for 0xa9
04-08 14:10:50.998 11117 11117 E ArmVmp : Match on catch block at 0xc3 in for 0xa5
04-08 14:10:51.001 11117 11117 E ArmVmp : Match on catch block at 0xc3 in for 0xa9
04-08 14:10:51.199 11117 11117 E ArmVmp : Match on catch block at 0xc3 in for 0xa5
04-08 14:10:51.202 11117 11117 E ArmVmp : Match on catch block at 0xc3 in for 0xa9
04-08 14:10:51.432 11117 11117 E ArmVmp : Match on catch block at 0xc3 in for 0xa5
04-08 14:10:51.435 11117 11117 E ArmVmp : Match on catch block at 0xc3 in for 0xa9
04-08 14:10:51.934 11117 11117 E ArmVmp : Match on catch block at 0xc3 in for 0xa5
04-08 14:10:51.937 11117 11117 E ArmVmp : Match on catch block at 0xc3 in for 0xa9
04-08 14:10:52.251 11117 11117 E ArmVmp : Match on catch block at 0xc3 in for 0xa5
04-08 14:10:52.255 11117 11117 E ArmVmp : Match on catch block at 0xc3 in for 0xa9
04-08 14:10:52.452 11117 11117 E ArmVmp : Match on catch block at 0xc3 in for 0xa5
04-08 14:10:52.456 11117 11117 E ArmVmp : Match on catch block at 0xc3 in for 0xa9
04-08 14:10:52.750 11117 11117 E ArmVmp : Match on catch block at 0xc3 in for 0xa5
04-08 14:10:52.754 11117 11117 E ArmVmp : Match on catch block at 0xc3 in for 0xa9
04-08 14:10:53.202 11117 11117 E ArmVmp : Match on catch block at 0xc3 in for 0xa5
04-08 14:10:53.205 11117 11117 E ArmVmp : Match on catch block at 0xc3 in for 0xa9
04-08 14:10:53.228 11117 11117 E ArmVmp : Match on catch block at 0xc3 in for 0xa5
04-08 14:10:53.231 11117 11117 E ArmVmp : Match on catch block at 0xc3 in for 0xa9
04-08 14:10:53.243 11117 11117 E ArmVmp : Match on catch block at 0xc3 in for 0xa1
04-08 14:10:53.245 11117 11117 E ArmVmp : Match on catch block at 0xc3 in for 0xa5
04-08 14:10:53.283 11117 11117 E ArmVmp : Match on catch block at 0xc3 in for 0xa5
04-08 14:10:53.285 11117 11117 E ArmVmp : Match on catch block at 0xc3 in for 0xa9
04-08 14:10:53.296 11117 11117 E ArmVmp : Match on catch block at 0xc3 in for 0xa9
04-08 14:10:53.299 11117 11117 E ArmVmp : Match on catch block at 0xc3 in for 0xa1
04-08 14:10:53.309 11117 11117 E ArmVmp : Match on catch block at 0xc3 in for 0xa9
04-08 14:10:53.311 11117 11117 E ArmVmp : Match on catch block at 0xc3 in for 0xa1
04-08 14:10:53.317 11117 11117 E ArmVmp : Match on catch block at 0xc3 in for 0xa9
04-08 14:10:53.320 11117 11117 E ArmVmp : Match on catch block at 0xc3 in for 0xa1
04-08 14:10:53.333 11117 11117 E ArmVmp : Match on catch block at 0xc3 in for 0xa9
04-08 14:10:53.335 11117 11117 E ArmVmp : Match on catch block at 0xc3 in for 0xa1
04-08 14:10:53.350 11117 11117 E ArmVmp : Match on catch block at 0xc3 in for 0xa9
04-08 14:10:53.353 11117 11117 E ArmVmp : Match on catch block at 0xc3 in for 0xa1
04-08 14:10:53.367 11117 11117 E ArmVmp : Match on catch block at 0xc3 in for 0xa9
04-08 14:10:53.369 11117 11117 E ArmVmp : Match on catch block at 0xc3 in for 0xa1
04-08 14:10:53.384 11117 11117 E ArmVmp : Match on catch block at 0xc3 in for 0xa9
04-08 14:10:53.387 11117 11117 E ArmVmp : Match on catch block at 0xc3 in for 0xa1
04-08 14:10:53.400 11117 11117 E ArmVmp : Match on catch block at 0xc3 in for 0xa9
04-08 14:10:53.403 11117 11117 E ArmVmp : Match on catch block at 0xc3 in for 0xa1
04-08 14:10:53.417 11117 11117 E ArmVmp : Match on catch block at 0xc3 in for 0xa9
04-08 14:10:53.422 11117 11117 E ArmVmp : Match on catch block at 0xc3 in for 0xa1
04-08 14:10:53.458 11117 11117 E ArmVmp : Match on catch block at 0xc3 in for 0xa1
04-08 14:10:53.460 11117 11117 E ArmVmp : Match on catch block at 0xc3 in for 0xa5
04-08 14:10:53.465 11117 13829 W MediaPlayer: Use of stream types is deprecated for
operations other than volume control
04-08 14:10:53.465 11117 13829 W MediaPlayer: See the documentation of
setAudioStreamType() for what to use instead with android.media.AudioAttributes to
qualify your playback use case
04-08 14:10:53.473 11117 11117 E ArmVmp : Match on catch block at 0xc3 in for 0xa1
04-08 14:10:53.475 11117 11117 E ArmVmp : Match on catch block at 0xc3 in for 0xa5
04-08 14:10:53.735 11117 11117 E ArmVmp : Match on catch block at 0xc3 in for 0xa9
04-08 14:10:53.739 11117 11117 E ArmVmp : Match on catch block at 0xc3 in for 0xa1
04-08 14:10:53.939 11117 11117 E ArmVmp : Match on catch block at 0xc3 in for 0xa1
04-08 14:10:53.942 11117 11117 E ArmVmp : Match on catch block at 0xc3 in for 0xa5
04-08 14:10:53.953 11117 11117 E ArmVmp : Match on catch block at 0xc3 in for 0xa1
04-08 14:10:53.959 11117 11117 E ArmVmp : Match on catch block at 0xc3 in for 0xa5
04-08 14:10:53.968 11117 11117 E ArmVmp : Match on catch block at 0xc3 in for 0xa1
04-08 14:10:53.971 11117 11117 E ArmVmp : Match on catch block at 0xc3 in for 0xa5
04-08 14:10:54.035 11117 11117 E ArmVmp : Match on catch block at 0xc3 in for 0xa1
04-08 14:10:54.039 11117 11117 E ArmVmp : Match on catch block at 0xc3 in for 0xa5
04-08 14:10:54.313 11117 13816 W libEGL : EGLNativeWindowType 0xb400007cc269e790
disconnect failed
04-08 14:10:59.879 11117 11131 W System : A resource failed to call close.
04-08 14:10:59.881 11117 11131 W System : A resource failed to call close.
04-08 14:10:59.881 11117 11131 W System : A resource failed to call release.
04-08 14:11:30.660 11117 11117 E ArmVmp : Match on catch block at 0x0a in for 0xc1
04-08 14:11:30.665 11117 11117 E ArmVmp : Match on catch block at 0x0a in for 0xc9
04-08 14:11:30.830 11117 11117 E ArmVmp : Match on catch block at 0xc3 in for 0xa1
04-08 14:11:30.862 11117 11117 E ArmVmp : Match on catch block at 0xc3 in for 0xa5
04-08 14:11:30.961 11117 11117 E ArmVmp : Match on catch block at 0xc3 in for 0xa1
04-08 14:11:30.963 11117 11117 E ArmVmp : Match on catch block at 0xc3 in for 0xa5
04-08 14:11:31.144 11117 13816 W libEGL : EGLNativeWindowType 0xb400007cc2768b80
disconnect failed
04-08 14:11:38.172 11117 11117 E ArmVmp : Match on catch block at 0x0a in for 0xc5
04-08 14:11:38.178 11117 11117 E ArmVmp : Match on catch block at 0x0a in for 0xc1
04-08 14:11:38.237 11117 11117 E ArmVmp : Match on catch block at 0xc3 in for 0xa1
04-08 14:11:38.239 11117 11117 E ArmVmp : Match on catch block at 0xc3 in for 0xa5
04-08 14:11:38.290 11117 11117 E ArmVmp : Match on catch block at 0xc3 in for 0xa1
04-08 14:11:38.292 11117 11117 E ArmVmp : Match on catch block at 0xc3 in for 0xa5
04-08 14:11:38.304 11117 11117 E ArmVmp : Match on catch block at 0xc3 in for 0xa1
04-08 14:11:38.306 11117 11117 E ArmVmp : Match on catch block at 0xc3 in for 0xa5
04-08 14:11:38.337 11117 11117 E ArmVmp : Match on catch block at 0xc3 in for 0xa5
04-08 14:11:38.340 11117 11117 E ArmVmp : Match on catch block at 0xc3 in for 0xa9
04-08 14:11:38.486 11117 13829 W MediaPlayer: Use of stream types is deprecated for
operations other than volume control
04-08 14:11:38.486 11117 13829 W MediaPlayer: See the documentation of
setAudioStreamType() for what to use instead with android.media.AudioAttributes to
qualify your playback use case
04-08 14:11:38.604 11117 11117 E ArmVmp : Match on catch block at 0xc3 in for 0xa5
04-08 14:11:38.607 11117 11117 E ArmVmp : Match on catch block at 0xc3 in for 0xa9
04-08 14:11:38.634 11117 13816 W libEGL : EGLNativeWindowType 0xb400007cc274f2c0
disconnect failed
04-08 14:11:38.648 11117 11117 E ArmVmp : Match on catch block at 0xc3 in for 0xa5
04-08 14:11:38.651 11117 11117 E ArmVmp : Match on catch block at 0xc3 in for 0xa9
04-08 14:11:38.671 11117 11117 E ArmVmp : Match on catch block at 0xc3 in for 0xa5
04-08 14:11:38.673 11117 11117 E ArmVmp : Match on catch block at 0xc3 in for 0xa9
04-08 14:11:38.679 11117 11117 E ArmVmp : Match on catch block at 0xc3 in for 0xa5
04-08 14:11:38.683 11117 11117 E ArmVmp : Match on catch block at 0xc3 in for 0xa9
04-08 14:11:38.827 11117 11117 E ArmVmp : Match on catch block at 0xc3 in for 0xa5
04-08 14:11:38.830 11117 11117 E ArmVmp : Match on catch block at 0xc3 in for 0xa9
04-08 14:11:39.029 11117 11117 E ArmVmp : Match on catch block at 0xc3 in for 0xa1
04-08 14:11:39.033 11117 11117 E ArmVmp : Match on catch block at 0xc3 in for 0xa5
04-08 14:11:39.045 11117 11117 E ArmVmp : Match on catch block at 0xc3 in for 0xa1
04-08 14:11:39.048 11117 11117 E ArmVmp : Match on catch block at 0xc3 in for 0xa5
04-08 14:11:39.061 11117 11117 E ArmVmp : Match on catch block at 0xc3 in for 0xa1
04-08 14:11:39.066 11117 11117 E ArmVmp : Match on catch block at 0xc3 in for 0xa5
04-08 14:11:39.079 11117 11117 E ArmVmp : Match on catch block at 0xc3 in for 0xa1
04-08 14:11:39.083 11117 11117 E ArmVmp : Match on catch block at 0xc3 in for 0xa5
04-08 14:11:39.095 11117 11117 E ArmVmp : Match on catch block at 0xc3 in for 0xa1
04-08 14:11:39.098 11117 11117 E ArmVmp : Match on catch block at 0xc3 in for 0xa5
04-08 14:11:39.112 11117 11117 E ArmVmp : Match on catch block at 0xc3 in for 0xa1
04-08 14:11:39.115 11117 11117 E ArmVmp : Match on catch block at 0xc3 in for 0xa5
04-08 14:11:39.129 11117 11117 E ArmVmp : Match on catch block at 0xc3 in for 0xa1
04-08 14:11:39.132 11117 11117 E ArmVmp : Match on catch block at 0xc3 in for 0xa5
04-08 14:11:39.145 11117 11117 E ArmVmp : Match on catch block at 0xc3 in for 0xa1
04-08 14:11:39.149 11117 11117 E ArmVmp : Match on catch block at 0xc3 in for 0xa5
04-08 14:11:39.162 11117 11117 E ArmVmp : Match on catch block at 0xc3 in for 0xa1
04-08 14:11:39.165 11117 11117 E ArmVmp : Match on catch block at 0xc3 in for 0xa5
04-08 14:11:39.178 11117 11117 E ArmVmp : Match on catch block at 0xc3 in for 0xa1
04-08 14:11:39.182 11117 11117 E ArmVmp : Match on catch block at 0xc3 in for 0xa5
04-08 14:11:39.195 11117 11117 E ArmVmp : Match on catch block at 0xc3 in for 0xa1
04-08 14:11:39.199 11117 11117 E ArmVmp : Match on catch block at 0xc3 in for 0xa5
04-08 14:11:39.212 11117 11117 E ArmVmp : Match on catch block at 0xc3 in for 0xa1
04-08 14:11:39.215 11117 11117 E ArmVmp : Match on catch block at 0xc3 in for 0xa5
04-08 14:11:39.229 11117 11117 E ArmVmp : Match on catch block at 0xc3 in for 0xa1
04-08 14:11:39.232 11117 11117 E ArmVmp : Match on catch block at 0xc3 in for 0xa5
04-08 14:11:39.245 11117 11117 E ArmVmp : Match on catch block at 0xc3 in for 0xa1
04-08 14:11:39.249 11117 11117 E ArmVmp : Match on catch block at 0xc3 in for 0xa5
04-08 14:11:39.262 11117 11117 E ArmVmp : Match on catch block at 0xc3 in for 0xa1
04-08 14:11:39.265 11117 11117 E ArmVmp : Match on catch block at 0xc3 in for 0xa5
04-08 14:11:39.279 11117 11117 E ArmVmp : Match on catch block at 0xc3 in for 0xa1
04-08 14:11:39.283 11117 11117 E ArmVmp : Match on catch block at 0xc3 in for 0xa5
04-08 14:11:39.296 11117 11117 E ArmVmp : Match on catch block at 0xc3 in for 0xa1
04-08 14:11:39.299 11117 11117 E ArmVmp : Match on catch block at 0xc3 in for 0xa5
04-08 14:11:39.312 11117 11117 E ArmVmp : Match on catch block at 0xc3 in for 0xa1
04-08 14:11:39.316 11117 11117 E ArmVmp : Match on catch block at 0xc3 in for 0xa5
04-08 14:11:39.329 11117 11117 E ArmVmp : Match on catch block at 0xc3 in for 0xa1
04-08 14:11:39.332 11117 11117 E ArmVmp : Match on catch block at 0xc3 in for 0xa5
04-08 14:11:39.828 11117 11117 E ArmVmp : Match on catch block at 0xc3 in for 0xa9
04-08 14:11:39.831 11117 11117 E ArmVmp : Match on catch block at 0xc3 in for 0xa1
04-08 14:11:39.896 11117 11117 E ArmVmp : Match on catch block at 0xc3 in for 0xa9
04-08 14:11:39.899 11117 11117 E ArmVmp : Match on catch block at 0xc3 in for 0xa1
04-08 14:11:39.953 11117 11117 E ArmVmp : Match on catch block at 0xc3 in for 0xa1
04-08 14:11:39.955 11117 11117 E ArmVmp : Match on catch block at 0xc3 in for 0xa5
04-08 14:11:40.031 11117 11117 W TabLayout: MODE_SCROLLABLE + GRAVITY_FILL is not
supported, GRAVITY_START will be used instead
04-08 14:11:40.065 11117 11117 W BottomSheetBehavior: BottomSheetBehavior now
supports multiple callbacks. `setBottomSheetCallback()` removes all existing
callbacks, including ones set internally by library authors, which may result in
unintended behavior. This may change in the future. Please use
`addBottomSheetCallback()` and `removeBottomSheetCallback()` instead to set your
own callbacks.
04-08 14:11:40.280 11117 11117 W View : requestLayout() improperly called by
com.mbwhatsapp.WaImageView{1f2e24d VF.D..CL. ......ID 0,0-112,112 #7f0b1814
app:id/shutter} during layout: running second layout pass
04-08 14:11:40.280 11117 11117 W View : requestLayout() improperly called by
com.mbwhatsapp.CircularProgressBar{9ec0102 V.ED..... ......ID 0,0-112,112 #7f0b14fc
app:id/recording_progress} during layout: running second layout pass
04-08 14:11:40.280 11117 11117 W View : requestLayout() improperly called by
com.mbwhatsapp.WaImageView{b573a13 VF.D..C.. ......ID 0,0-84,84 #7f0b1976
app:id/switch_camera_btn} during layout: running second layout pass
04-08 14:11:40.280 11117 11117 W View : requestLayout() improperly called by
com.mbwhatsapp.WaImageView{587b450 VFED..C.. ......ID 0,0-84,84 #7f0b0b0d
app:id/gallery_btn} during layout: running second layout pass
04-08 14:11:40.280 11117 11117 W View : requestLayout() improperly called by
com.mbwhatsapp.WaImageView{9985649 VF.D..C.. ......ID 0,0-84,84 #7f0b0a9c
app:id/flash_btn} during layout: running second layout pass
04-08 14:11:40.280 11117 11117 W View : requestLayout() improperly called by
com.mbwhatsapp.WaImageView{59d2b4e VFED..C.. ......ID 0,0-84,84 #7f0b057f
app:id/close_camera_btn} during layout: running second layout pass
04-08 14:11:40.280 11117 11117 W View : requestLayout() improperly called by
X.4Ki{371646f V.ED..... ......ID 0,4-720,88} during layout: running second layout
pass
04-08 14:11:40.327 11117 11117 W View : requestLayout() improperly called by
com.mbwhatsapp.WaImageView{1f2e24d VF.D..CL. ......ID 304,1136-416,1248 #7f0b1814
app:id/shutter} during layout: running second layout pass
04-08 14:11:40.327 11117 11117 W View : requestLayout() improperly called by
com.mbwhatsapp.CircularProgressBar{9ec0102 V.ED..... ......ID 304,1136-416,1248
#7f0b14fc app:id/recording_progress} during layout: running second layout pass
04-08 14:11:40.327 11117 11117 W View : requestLayout() improperly called by
com.mbwhatsapp.WaImageView{b573a13 VF.D..C.. ......ID 620,1148-704,1232 #7f0b1976
app:id/switch_camera_btn} during layout: running second layout pass
04-08 14:11:40.327 11117 11117 W View : requestLayout() improperly called by
com.mbwhatsapp.WaImageView{587b450 VFED..C.. ......ID 16,1148-100,1232 #7f0b0b0d
app:id/gallery_btn} during layout: running second layout pass
04-08 14:11:40.327 11117 11117 W View : requestLayout() improperly called by
com.mbwhatsapp.WaImageView{9985649 VF.D..C.. ......I. 620,16-704,100 #7f0b0a9c
app:id/flash_btn} during layout: running second layout pass
04-08 14:11:40.327 11117 11117 W View : requestLayout() improperly called by
com.mbwhatsapp.WaImageView{59d2b4e VFED..C.. ......I. 16,16-100,100 #7f0b057f
app:id/close_camera_btn} during layout: running second layout pass
04-08 14:11:40.332 11117 11117 E ArmVmp : Match on catch block at 0xc3 in for 0xa1
04-08 14:11:40.335 11117 11117 E ArmVmp : Match on catch block at 0xc3 in for 0xa5
04-08 14:11:40.358 11117 13816 W libEGL : EGLNativeWindowType 0xb400007cc26cb2e0
disconnect failed
04-08 14:11:40.397 11117 11117 E ArmVmp : Match on catch block at 0xc3 in for 0xa5
04-08 14:11:40.401 11117 11117 E ArmVmp : Match on catch block at 0xc3 in for 0xa9
04-08 14:11:40.417 11117 11117 E ArmVmp : Match on catch block at 0xc3 in for 0xa5
04-08 14:11:40.425 11117 11117 E ArmVmp : Match on catch block at 0xc3 in for 0xa9
04-08 14:11:40.462 11117 11117 E ArmVmp : Match on catch block at 0xc3 in for 0xa5
04-08 14:11:40.466 11117 11117 E ArmVmp : Match on catch block at 0xc3 in for 0xa9
04-08 14:11:40.482 11117 11117 E ArmVmp : Match on catch block at 0xc3 in for 0xa5
04-08 14:11:40.486 11117 11117 E ArmVmp : Match on catch block at 0xc3 in for 0xa9
04-08 14:11:40.501 11117 11117 E ArmVmp : Match on catch block at 0xc3 in for 0xa5
04-08 14:11:40.505 11117 11117 E ArmVmp : Match on catch block at 0xc3 in for 0xa9
04-08 14:11:40.520 11117 11117 E ArmVmp : Match on catch block at 0xc3 in for 0xa5
04-08 14:11:40.523 11117 11117 E ArmVmp : Match on catch block at 0xc3 in for 0xa9
04-08 14:11:40.547 11117 13816 W libEGL : EGLNativeWindowType 0xb400007cc27e6530
disconnect failed
04-08 14:11:40.558 11117 11117 E ArmVmp : Match on catch block at 0xc3 in for 0xa5
04-08 14:11:40.566 11117 11117 E ArmVmp : Match on catch block at 0xc3 in for 0xa9
04-08 14:11:42.339 11117 14811 E BufferQueueProducer: [SurfaceTexture-0-11117-4]
(id:2b6d0000000b,api:0,p:-1,c:11117) disconnect: not connected (req=1)
04-08 14:11:42.340 11117 14811 W libEGL : EGLNativeWindowType 0xb400007cc27ddcf0
disconnect failed
04-08 14:11:42.519 11117 11117 W BottomSheetBehavior: BottomSheetBehavior now
supports multiple callbacks. `setBottomSheetCallback()` removes all existing
callbacks, including ones set internally by library authors, which may result in
unintended behavior. This may change in the future. Please use
`addBottomSheetCallback()` and `removeBottomSheetCallback()` instead to set your
own callbacks.
04-08 14:11:42.524 11117 11117 E RecyclerView: No adapter attached; skipping layout
04-08 14:11:42.538 11117 11117 E RecyclerView: No adapter attached; skipping layout
04-08 14:11:42.875 11117 11131 W System : A resource failed to call close.
04-08 14:11:42.923 11117 13816 W libEGL : EGLNativeWindowType 0xb400007cc26cb2e0
disconnect failed
04-08 14:11:44.333 11117 11117 E ArmVmp : Match on catch block at 0x0a in for 0xc9
04-08 14:11:44.336 11117 11117 E ArmVmp : Match on catch block at 0x0a in for 0xc5
04-08 14:11:44.412 11117 11228 E SQLiteDatabase: Error inserting transferred=0
media_job_uuid=239b5117-e106-477e-8fc1-d96ebef6205b transcoded=1 gif_attribution=0
