04-08 14:07:29.911 11117 11117 E ArmVmp : Match on catch block at 0xc3 in for 0xa9
04-08 14:07:29.923 11117 11117 E ArmVmp : Match on catch block at 0xc3 in for 0xa1
04-08 14:07:29.925 11117 11117 E ArmVmp : Match on catch block at 0xc3 in for 0xa5
04-08 14:07:29.927 11117 11117 E ArmVmp : Match on catch block at 0xc3 in for 0xa5
04-08 14:07:30.056 11117 11117 E ArmVmp : Match on catch block at 0xc3 in for 0xa9
04-08 14:07:30.059 11117 11117 E ArmVmp : Match on catch block at 0xc3 in for 0xa1
04-08 14:07:30.060 11117 11117 E ArmVmp : Match on catch block at 0xc3 in for 0xa1
04-08 14:07:30.380 11117 11117 E ArmVmp : Match on catch block at 0xc3 in for 0xa1
04-08 14:07:30.383 11117 11117 E ArmVmp : Match on catch block at 0xc3 in for 0xa5
04-08 14:07:30.386 11117 11117 E ArmVmp : Match on catch block at 0xc3 in for 0xa5
04-08 14:07:30.425 11117 11117 E ArmVmp : Match on catch block at 0xc3 in for 0xa1
04-08 14:07:30.428 11117 11117 E ArmVmp : Match on catch block at 0xc3 in for 0xa5
04-08 14:07:30.430 11117 11117 E ArmVmp : Match on catch block at 0xc3 in for 0xa5
04-08 14:07:30.442 11117 11117 E ArmVmp : Match on catch block at 0xc3 in for 0xa1
04-08 14:07:30.445 11117 11117 E ArmVmp : Match on catch block at 0xc3 in for 0xa5
04-08 14:07:30.448 11117 11117 E ArmVmp : Match on catch block at 0xc3 in for 0xa5
04-08 14:07:30.458 11117 11117 E ArmVmp : Match on catch block at 0xc3 in for 0xa1
04-08 14:07:30.462 11117 11117 E ArmVmp : Match on catch block at 0xc3 in for 0xa5
04-08 14:07:30.465 11117 11117 E ArmVmp : Match on catch block at 0xc3 in for 0xa5
04-08 14:07:30.475 11117 11117 E ArmVmp : Match on catch block at 0xc3 in for 0xa1
04-08 14:07:30.479 11117 11117 E ArmVmp : Match on catch block at 0xc3 in for 0xa5
04-08 14:07:30.481 11117 11117 E ArmVmp : Match on catch block at 0xc3 in for 0xa5
04-08 14:07:30.491 11117 11117 E ArmVmp : Match on catch block at 0xc3 in for 0xa1
04-08 14:07:30.494 11117 11117 E ArmVmp : Match on catch block at 0xc3 in for 0xa5
04-08 14:07:30.496 11117 11117 E ArmVmp : Match on catch block at 0xc3 in for 0xa5
04-08 14:07:30.508 11117 11117 E ArmVmp : Match on catch block at 0xc3 in for 0xa1
04-08 14:07:30.511 11117 11117 E ArmVmp : Match on catch block at 0xc3 in for 0xa5
04-08 14:07:30.514 11117 11117 E ArmVmp : Match on catch block at 0xc3 in for 0xa5
04-08 14:07:30.541 11117 11117 E ArmVmp : Match on catch block at 0xc3 in for 0xa5
04-08 14:07:30.543 11117 11117 E ArmVmp : Match on catch block at 0xc3 in for 0xa9
04-08 14:07:30.545 11117 11117 E ArmVmp : Match on catch block at 0xc3 in for 0xa9
04-08 14:07:30.558 11117 11117 E ArmVmp : Match on catch block at 0xc3 in for 0xa5
04-08 14:07:30.561 11117 11117 E ArmVmp : Match on catch block at 0xc3 in for 0xa9
04-08 14:07:30.562 11117 11117 E ArmVmp : Match on catch block at 0xc3 in for 0xa9
04-08 14:07:30.758 11117 11117 E ArmVmp : Match on catch block at 0xc3 in for 0xa5
04-08 14:07:30.762 11117 11117 E ArmVmp : Match on catch block at 0xc3 in for 0xa9
04-08 14:07:30.764 11117 11117 E ArmVmp : Match on catch block at 0xc3 in for 0xa9
04-08 14:07:30.775 11117 11117 E ArmVmp : Match on catch block at 0xc3 in for 0xa1
04-08 14:07:30.778 11117 11117 E ArmVmp : Match on catch block at 0xc3 in for 0xa5
04-08 14:07:30.781 11117 11117 E ArmVmp : Match on catch block at 0xc3 in for 0xa5
04-08 14:07:30.791 11117 11117 E ArmVmp : Match on catch block at 0xc3 in for 0xa9
04-08 14:07:30.795 11117 11117 E ArmVmp : Match on catch block at 0xc3 in for 0xa1
04-08 14:07:30.798 11117 11117 E ArmVmp : Match on catch block at 0xc3 in for 0xa1
04-08 14:07:30.808 11117 11117 E ArmVmp : Match on catch block at 0xc3 in for 0xa5
04-08 14:07:30.812 11117 11117 E ArmVmp : Match on catch block at 0xc3 in for 0xa9
04-08 14:07:30.815 11117 11117 E ArmVmp : Match on catch block at 0xc3 in for 0xa9
04-08 14:07:30.826 11117 11117 E ArmVmp : Match on catch block at 0xc3 in for 0xa1
04-08 14:07:30.830 11117 11117 E ArmVmp : Match on catch block at 0xc3 in for 0xa5
04-08 14:07:30.833 11117 11117 E ArmVmp : Match on catch block at 0xc3 in for 0xa5
04-08 14:07:30.841 11117 11117 E ArmVmp : Match on catch block at 0xc3 in for 0xa9
04-08 14:07:30.845 11117 11117 E ArmVmp : Match on catch block at 0xc3 in for 0xa1
04-08 14:07:30.848 11117 11117 E ArmVmp : Match on catch block at 0xc3 in for 0xa1
04-08 14:07:30.858 11117 11117 E ArmVmp : Match on catch block at 0xc3 in for 0xa5
04-08 14:07:30.861 11117 11117 E ArmVmp : Match on catch block at 0xc3 in for 0xa9
04-08 14:07:30.864 11117 11117 E ArmVmp : Match on catch block at 0xc3 in for 0xa9
04-08 14:07:30.875 11117 11117 E ArmVmp : Match on catch block at 0xc3 in for 0xa5
04-08 14:07:30.879 11117 11117 E ArmVmp : Match on catch block at 0xc3 in for 0xa9
04-08 14:07:30.882 11117 11117 E ArmVmp : Match on catch block at 0xc3 in for 0xa9
04-08 14:07:30.892 11117 11117 E ArmVmp : Match on catch block at 0xc3 in for 0xa5
04-08 14:07:30.895 11117 11117 E ArmVmp : Match on catch block at 0xc3 in for 0xa9
04-08 14:07:30.897 11117 11117 E ArmVmp : Match on catch block at 0xc3 in for 0xa9
04-08 14:07:30.907 11117 11117 E ArmVmp : Match on catch block at 0xc3 in for 0xa1
04-08 14:07:30.910 11117 11117 E ArmVmp : Match on catch block at 0xc3 in for 0xa5
04-08 14:07:30.913 11117 11117 E ArmVmp : Match on catch block at 0xc3 in for 0xa5
04-08 14:07:30.925 11117 11117 E ArmVmp : Match on catch block at 0xc3 in for 0xa1
04-08 14:07:30.928 11117 11117 E ArmVmp : Match on catch block at 0xc3 in for 0xa5
04-08 14:07:30.929 11117 11117 E ArmVmp : Match on catch block at 0xc3 in for 0xa5
04-08 14:07:30.942 11117 11117 E ArmVmp : Match on catch block at 0xc3 in for 0xa1
04-08 14:07:30.945 11117 11117 E ArmVmp : Match on catch block at 0xc3 in for 0xa5
04-08 14:07:30.947 11117 11117 E ArmVmp : Match on catch block at 0xc3 in for 0xa5
04-08 14:07:30.958 11117 11117 E ArmVmp : Match on catch block at 0xc3 in for 0xa1
04-08 14:07:30.962 11117 11117 E ArmVmp : Match on catch block at 0xc3 in for 0xa5
04-08 14:07:30.964 11117 11117 E ArmVmp : Match on catch block at 0xc3 in for 0xa5
04-08 14:07:30.975 11117 11117 E ArmVmp : Match on catch block at 0xc3 in for 0xa1
04-08 14:07:30.978 11117 11117 E ArmVmp : Match on catch block at 0xc3 in for 0xa5
04-08 14:07:30.980 11117 11117 E ArmVmp : Match on catch block at 0xc3 in for 0xa5
04-08 14:07:30.992 11117 11117 E ArmVmp : Match on catch block at 0xc3 in for 0xa1
04-08 14:07:30.995 11117 11117 E ArmVmp : Match on catch block at 0xc3 in for 0xa5
04-08 14:07:30.997 11117 11117 E ArmVmp : Match on catch block at 0xc3 in for 0xa5
04-08 14:07:31.025 11117 11117 E ArmVmp : Match on catch block at 0xc3 in for 0xa5
04-08 14:07:31.028 11117 11117 E ArmVmp : Match on catch block at 0xc3 in for 0xa9
04-08 14:07:31.030 11117 11117 E ArmVmp : Match on catch block at 0xc3 in for 0xa9
04-08 14:07:31.058 11117 11117 E ArmVmp : Match on catch block at 0xc3 in for 0xa9
04-08 14:07:31.061 11117 11117 E ArmVmp : Match on catch block at 0xc3 in for 0xa1
04-08 14:07:31.063 11117 11117 E ArmVmp : Match on catch block at 0xc3 in for 0xa1
04-08 14:07:31.258 11117 11117 E ArmVmp : Match on catch block at 0xc3 in for 0xa9
04-08 14:07:31.261 11117 11117 E ArmVmp : Match on catch block at 0xc3 in for 0xa1
04-08 14:07:31.264 11117 11117 E ArmVmp : Match on catch block at 0xc3 in for 0xa1
04-08 14:07:31.275 11117 11117 E ArmVmp : Match on catch block at 0xc3 in for 0xa5
04-08 14:07:31.279 11117 11117 E ArmVmp : Match on catch block at 0xc3 in for 0xa9
04-08 14:07:31.282 11117 11117 E ArmVmp : Match on catch block at 0xc3 in for 0xa9
04-08 14:07:31.292 11117 11117 E ArmVmp : Match on catch block at 0xc3 in for 0xa1
04-08 14:07:31.296 11117 11117 E ArmVmp : Match on catch block at 0xc3 in for 0xa5
04-08 14:07:31.297 11117 11117 E ArmVmp : Match on catch block at 0xc3 in for 0xa5
04-08 14:07:31.307 11117 11117 E ArmVmp : Match on catch block at 0xc3 in for 0xa9
04-08 14:07:31.311 11117 11117 E ArmVmp : Match on catch block at 0xc3 in for 0xa1
04-08 14:07:31.313 11117 11117 E ArmVmp : Match on catch block at 0xc3 in for 0xa1
04-08 14:07:31.324 11117 11117 E ArmVmp : Match on catch block at 0xc3 in for 0xa5
04-08 14:07:31.327 11117 11117 E ArmVmp : Match on catch block at 0xc3 in for 0xa9
04-08 14:07:31.329 11117 11117 E ArmVmp : Match on catch block at 0xc3 in for 0xa9
04-08 14:07:31.342 11117 11117 E ArmVmp : Match on catch block at 0xc3 in for 0xa5
04-08 14:07:31.345 11117 11117 E ArmVmp : Match on catch block at 0xc3 in for 0xa9
04-08 14:07:31.347 11117 11117 E ArmVmp : Match on catch block at 0xc3 in for 0xa9
04-08 14:07:31.359 11117 11117 E ArmVmp : Match on catch block at 0xc3 in for 0xa5
04-08 14:07:31.362 11117 11117 E ArmVmp : Match on catch block at 0xc3 in for 0xa9
04-08 14:07:31.364 11117 11117 E ArmVmp : Match on catch block at 0xc3 in for 0xa9
04-08 14:07:31.375 11117 11117 E ArmVmp : Match on catch block at 0xc3 in for 0xa5
04-08 14:07:31.378 11117 11117 E ArmVmp : Match on catch block at 0xc3 in for 0xa9
04-08 14:07:31.381 11117 11117 E ArmVmp : Match on catch block at 0xc3 in for 0xa9
04-08 14:07:31.392 11117 11117 E ArmVmp : Match on catch block at 0xc3 in for 0xa5
04-08 14:07:31.395 11117 11117 E ArmVmp : Match on catch block at 0xc3 in for 0xa9
04-08 14:07:31.397 11117 11117 E ArmVmp : Match on catch block at 0xc3 in for 0xa9
04-08 14:07:31.409 11117 11117 E ArmVmp : Match on catch block at 0xc3 in for 0xa5
04-08 14:07:31.413 11117 11117 E ArmVmp : Match on catch block at 0xc3 in for 0xa9
04-08 14:07:31.415 11117 11117 E ArmVmp : Match on catch block at 0xc3 in for 0xa9
04-08 14:07:31.425 11117 11117 E ArmVmp : Match on catch block at 0xc3 in for 0xa5
04-08 14:07:31.429 11117 11117 E ArmVmp : Match on catch block at 0xc3 in for 0xa9
04-08 14:07:31.433 11117 11117 E ArmVmp : Match on catch block at 0xc3 in for 0xa9
04-08 14:07:31.442 11117 11117 E ArmVmp : Match on catch block at 0xc3 in for 0xa5
04-08 14:07:31.445 11117 11117 E ArmVmp : Match on catch block at 0xc3 in for 0xa9
04-08 14:07:31.448 11117 11117 E ArmVmp : Match on catch block at 0xc3 in for 0xa9
04-08 14:07:31.459 11117 11117 E ArmVmp : Match on catch block at 0xc3 in for 0xa5
04-08 14:07:31.462 11117 11117 E ArmVmp : Match on catch block at 0xc3 in for 0xa9
04-08 14:07:31.465 11117 11117 E ArmVmp : Match on catch block at 0xc3 in for 0xa9
04-08 14:07:31.476 11117 11117 E ArmVmp : Match on catch block at 0xc3 in for 0xa5
04-08 14:07:31.479 11117 11117 E ArmVmp : Match on catch block at 0xc3 in for 0xa9
04-08 14:07:31.482 11117 11117 E ArmVmp : Match on catch block at 0xc3 in for 0xa9
04-08 14:07:31.492 11117 11117 E ArmVmp : Match on catch block at 0xc3 in for 0xa5
04-08 14:07:31.495 11117 11117 E ArmVmp : Match on catch block at 0xc3 in for 0xa9
04-08 14:07:31.497 11117 11117 E ArmVmp : Match on catch block at 0xc3 in for 0xa9
04-08 14:07:31.509 11117 11117 E ArmVmp : Match on catch block at 0xc3 in for 0xa5
04-08 14:07:31.513 11117 11117 E ArmVmp : Match on catch block at 0xc3 in for 0xa9
04-08 14:07:31.515 11117 11117 E ArmVmp : Match on catch block at 0xc3 in for 0xa9
04-08 14:07:31.525 11117 11117 E ArmVmp : Match on catch block at 0xc3 in for 0xa5
04-08 14:07:31.529 11117 11117 E ArmVmp : Match on catch block at 0xc3 in for 0xa9
04-08 14:07:31.531 11117 11117 E ArmVmp : Match on catch block at 0xc3 in for 0xa9
04-08 14:07:31.559 11117 11117 E ArmVmp : Match on catch block at 0xc3 in for 0xa5
04-08 14:07:31.561 11117 11117 E ArmVmp : Match on catch block at 0xc3 in for 0xa9
04-08 14:07:31.563 11117 11117 E ArmVmp : Match on catch block at 0xc3 in for 0xa9
04-08 14:07:31.742 11117 11117 E ArmVmp : Match on catch block at 0xc3 in for 0xa5
04-08 14:07:31.747 11117 11117 E ArmVmp : Match on catch block at 0xc3 in for 0xa9
04-08 14:07:31.749 11117 11117 E ArmVmp : Match on catch block at 0xc3 in for 0xa9
04-08 14:07:31.759 11117 11117 E ArmVmp : Match on catch block at 0xc3 in for 0xa1
04-08 14:07:31.762 11117 11117 E ArmVmp : Match on catch block at 0xc3 in for 0xa5
04-08 14:07:31.765 11117 11117 E ArmVmp : Match on catch block at 0xc3 in for 0xa5
04-08 14:07:31.776 11117 11117 E ArmVmp : Match on catch block at 0xc3 in for 0xa9
04-08 14:07:31.780 11117 11117 E ArmVmp : Match on catch block at 0xc3 in for 0xa1
04-08 14:07:31.782 11117 11117 E ArmVmp : Match on catch block at 0xc3 in for 0xa1
04-08 14:07:31.793 11117 11117 E ArmVmp : Match on catch block at 0xc3 in for 0xa5
04-08 14:07:31.797 11117 11117 E ArmVmp : Match on catch block at 0xc3 in for 0xa9
04-08 14:07:31.799 11117 11117 E ArmVmp : Match on catch block at 0xc3 in for 0xa9
04-08 14:07:31.809 11117 11117 E ArmVmp : Match on catch block at 0xc3 in for 0xa1
04-08 14:07:31.813 11117 11117 E ArmVmp : Match on catch block at 0xc3 in for 0xa5
04-08 14:07:31.815 11117 11117 E ArmVmp : Match on catch block at 0xc3 in for 0xa5
04-08 14:07:31.826 11117 11117 E ArmVmp : Match on catch block at 0xc3 in for 0xa9
04-08 14:07:31.830 11117 11117 E ArmVmp : Match on catch block at 0xc3 in for 0xa1
04-08 14:07:31.832 11117 11117 E ArmVmp : Match on catch block at 0xc3 in for 0xa1
04-08 14:07:31.842 11117 11117 E ArmVmp : Match on catch block at 0xc3 in for 0xa5
04-08 14:07:31.846 11117 11117 E ArmVmp : Match on catch block at 0xc3 in for 0xa9
04-08 14:07:31.848 11117 11117 E ArmVmp : Match on catch block at 0xc3 in for 0xa9
04-08 14:07:31.859 11117 11117 E ArmVmp : Match on catch block at 0xc3 in for 0xa1
04-08 14:07:31.863 11117 11117 E ArmVmp : Match on catch block at 0xc3 in for 0xa5
04-08 14:07:31.865 11117 11117 E ArmVmp : Match on catch block at 0xc3 in for 0xa5
04-08 14:07:31.876 11117 11117 E ArmVmp : Match on catch block at 0xc3 in for 0xa9
04-08 14:07:31.880 11117 11117 E ArmVmp : Match on catch block at 0xc3 in for 0xa1
04-08 14:07:31.882 11117 11117 E ArmVmp : Match on catch block at 0xc3 in for 0xa1
04-08 14:07:31.893 11117 11117 E ArmVmp : Match on catch block at 0xc3 in for 0xa5
04-08 14:07:31.896 11117 11117 E ArmVmp : Match on catch block at 0xc3 in for 0xa9
04-08 14:07:31.899 11117 11117 E ArmVmp : Match on catch block at 0xc3 in for 0xa9
04-08 14:07:31.909 11117 11117 E ArmVmp : Match on catch block at 0xc3 in for 0xa1
04-08 14:07:31.913 11117 11117 E ArmVmp : Match on catch block at 0xc3 in for 0xa5
04-08 14:07:31.916 11117 11117 E ArmVmp : Match on catch block at 0xc3 in for 0xa5
04-08 14:07:31.925 11117 11117 E ArmVmp : Match on catch block at 0xc3 in for 0xa9
04-08 14:07:31.929 11117 11117 E ArmVmp : Match on catch block at 0xc3 in for 0xa1
04-08 14:07:31.931 11117 11117 E ArmVmp : Match on catch block at 0xc3 in for 0xa1
04-08 14:07:31.943 11117 11117 E ArmVmp : Match on catch block at 0xc3 in for 0xa5
04-08 14:07:31.946 11117 11117 E ArmVmp : Match on catch block at 0xc3 in for 0xa9
04-08 14:07:31.949 11117 11117 E ArmVmp : Match on catch block at 0xc3 in for 0xa9
04-08 14:07:31.959 11117 11117 E ArmVmp : Match on catch block at 0xc3 in for 0xa1
04-08 14:07:31.963 11117 11117 E ArmVmp : Match on catch block at 0xc3 in for 0xa5
04-08 14:07:31.966 11117 11117 E ArmVmp : Match on catch block at 0xc3 in for 0xa5
04-08 14:07:31.976 11117 11117 E ArmVmp : Match on catch block at 0xc3 in for 0xa9
04-08 14:07:31.980 11117 11117 E ArmVmp : Match on catch block at 0xc3 in for 0xa1
04-08 14:07:31.982 11117 11117 E ArmVmp : Match on catch block at 0xc3 in for 0xa1
04-08 14:07:31.992 11117 11117 E ArmVmp : Match on catch block at 0xc3 in for 0xa5
04-08 14:07:31.997 11117 11117 E ArmVmp : Match on catch block at 0xc3 in for 0xa9
04-08 14:07:31.999 11117 11117 E ArmVmp : Match on catch block at 0xc3 in for 0xa9
04-08 14:07:32.009 11117 11117 E ArmVmp : Match on catch block at 0xc3 in for 0xa1
04-08 14:07:32.012 11117 11117 E ArmVmp : Match on catch block at 0xc3 in for 0xa5
04-08 14:07:32.015 11117 11117 E ArmVmp : Match on catch block at 0xc3 in for 0xa5
04-08 14:07:32.026 11117 11117 E ArmVmp : Match on catch block at 0xc3 in for 0xa9
04-08 14:07:32.029 11117 11117 E ArmVmp : Match on catch block at 0xc3 in for 0xa1
04-08 14:07:32.032 11117 11117 E ArmVmp : Match on catch block at 0xc3 in for 0xa1
04-08 14:07:32.043 11117 11117 E ArmVmp : Match on catch block at 0xc3 in for 0xa5
04-08 14:07:32.049 11117 11117 E ArmVmp : Match on catch block at 0xc3 in for 0xa9
04-08 14:07:32.052 11117 11117 E ArmVmp : Match on catch block at 0xc3 in for 0xa9
04-08 14:07:32.076 11117 11117 E ArmVmp : Match on catch block at 0xc3 in for 0xa1
04-08 14:07:32.079 11117 11117 E ArmVmp : Match on catch block at 0xc3 in for 0xa5
04-08 14:07:32.082 11117 11117 E ArmVmp : Match on catch block at 0xc3 in for 0xa5
04-08 14:07:32.576 11117 11117 E ArmVmp : Match on catch block at 0xc3 in for 0xa9
04-08 14:07:32.580 11117 11117 E ArmVmp : Match on catch block at 0xc3 in for 0xa1
04-08 14:07:32.582 11117 11117 E ArmVmp : Match on catch block at 0xc3 in for 0xa1
04-08 14:07:33.040 11117 11117 E ArmVmp : Match on catch block at 0xc3 in for 0xa5
04-08 14:07:33.043 11117 11117 E ArmVmp : Match on catch block at 0xc3 in for 0xa9
04-08 14:07:33.051 11117 11117 E ArmVmp : Match on catch block at 0xc3 in for 0xa9
04-08 14:07:33.089 11117 11117 E ArmVmp : Match on catch block at 0xc3 in for 0xa1
04-08 14:07:33.092 11117 11117 E ArmVmp : Match on catch block at 0xc3 in for 0xa5
04-08 14:07:33.094 11117 11117 E ArmVmp : Match on catch block at 0xc3 in for 0xa5
04-08 14:07:33.109 11117 11117 E ArmVmp : Match on catch block at 0xc3 in for 0xa9
04-08 14:07:33.113 11117 11117 E ArmVmp : Match on catch block at 0xc3 in for 0xa1
04-08 14:07:33.114 11117 11117 E ArmVmp : Match on catch block at 0xc3 in for 0xa1
04-08 14:07:33.131 11117 13816 W libEGL : EGLNativeWindowType 0xb400007cc26ab3f0
disconnect failed
04-08 14:07:33.639 11117 11117 E ArmVmp : Match on catch block at 0xc3 in for 0xa1
04-08 14:07:33.642 11117 11117 E ArmVmp : Match on catch block at 0xc3 in for 0xa5
04-08 14:07:33.644 11117 11117 E ArmVmp : Match on catch block at 0xc3 in for 0xa5
04-08 14:07:33.665 11117 11117 E ArmVmp : Match on catch block at 0xc3 in for 0xa9
04-08 14:07:33.668 11117 11117 E ArmVmp : Match on catch block at 0xc3 in for 0xa1
04-08 14:07:33.670 11117 11117 E ArmVmp : Match on catch block at 0xc3 in for 0xa1
04-08 14:07:33.922 11117 11117 E ArmVmp : Match on catch block at 0xc3 in for 0xa1
04-08 14:07:33.925 11117 11117 E ArmVmp : Match on catch block at 0xc3 in for 0xa5
04-08 14:07:33.944 11117 11117 E ArmVmp : Match on catch block at 0xc3 in for 0xa1
04-08 14:07:33.947 11117 11117 E ArmVmp : Match on catch block at 0xc3 in for 0xa5
04-08 14:07:34.161 11117 11117 E ArmVmp : Match on catch block at 0xc3 in for 0xa1
04-08 14:07:34.165 11117 11117 E ArmVmp : Match on catch block at 0xc3 in for 0xa5
04-08 14:07:34.315 11117 11117 E ArmVmp : Match on catch block at 0xc3 in for 0xa9
04-08 14:07:34.319 11117 11117 E ArmVmp : Match on catch block at 0xc3 in for 0xa1
04-08 14:07:34.327 11117 11117 E ArmVmp : Match on catch block at 0xc3 in for 0xa9
04-08 14:07:34.330 11117 11117 E ArmVmp : Match on catch block at 0xc3 in for 0xa1
04-08 14:07:34.661 11117 11117 E ArmVmp : Match on catch block at 0xc3 in for 0xa9
04-08 14:07:34.664 11117 11117 E ArmVmp : Match on catch block at 0xc3 in for 0xa1
04-08 14:07:35.176 11117 11117 E ArmVmp : Match on catch block at 0xc3 in for 0xa5
04-08 14:07:35.181 11117 11117 E ArmVmp : Match on catch block at 0xc3 in for 0xa9
04-08 14:07:35.191 11117 13829 W MediaPlayer: Use of stream types is deprecated for
operations other than volume control
04-08 14:07:35.191 11117 13829 W MediaPlayer: See the documentation of
setAudioStreamType() for what to use instead with android.media.AudioAttributes to
qualify your playback use case
04-08 14:07:35.194 11117 11117 E ArmVmp : Match on catch block at 0xc3 in for 0xa1
04-08 14:07:35.198 11117 11117 E ArmVmp : Match on catch block at 0xc3 in for 0xa5
04-08 14:07:35.210 11117 11117 E ArmVmp : Match on catch block at 0xc3 in for 0xa9
04-08 14:07:35.215 11117 11117 E ArmVmp : Match on catch block at 0xc3 in for 0xa1
04-08 14:07:35.696 11117 11117 E ArmVmp : Match on catch block at 0xc3 in for 0xa5
04-08 14:07:35.702 11117 11117 E ArmVmp : Match on catch block at 0xc3 in for 0xa9
04-08 14:07:35.712 11117 13816 W libEGL : EGLNativeWindowType 0xb400007cc26ab3f0
disconnect failed
04-08 14:07:35.758 11117 11117 E ArmVmp : Match on catch block at 0xc3 in for 0xa1
04-08 14:07:35.761 11117 11117 E ArmVmp : Match on catch block at 0xc3 in for 0xa5
04-08 14:07:35.769 11117 11117 E ArmVmp : Match on catch block at 0xc3 in for 0xa1
04-08 14:07:35.772 11117 11117 E ArmVmp : Match on catch block at 0xc3 in for 0xa5
04-08 14:07:35.845 11117 11117 E ArmVmp : Match on catch block at 0xc3 in for 0xa1
04-08 14:07:35.849 11117 11117 E ArmVmp : Match on catch block at 0xc3 in for 0xa5
04-08 14:07:35.899 11117 11117 E ArmVmp : Match on catch block at 0xc3 in for 0xa1
04-08 14:07:35.903 11117 11117 E ArmVmp : Match on catch block at 0xc3 in for 0xa5
04-08 14:07:35.912 11117 11117 E ArmVmp : Match on catch block at 0xc3 in for 0xa1
04-08 14:07:35.915 11117 11117 E ArmVmp : Match on catch block at 0xc3 in for 0xa5
04-08 14:07:35.932 11117 11117 E ArmVmp : Match on catch block at 0xc3 in for 0xa1
04-08 14:07:35.935 11117 11117 E ArmVmp : Match on catch block at 0xc3 in for 0xa5
04-08 14:07:35.945 11117 11117 E ArmVmp : Match on catch block at 0xc3 in for 0xa1
04-08 14:07:35.949 11117 11117 E ArmVmp : Match on catch block at 0xc3 in for 0xa5
04-08 14:07:36.346 11117 11117 E ArmVmp : Match on catch block at 0xc3 in for 0xa1
04-08 14:07:36.350 11117 11117 E ArmVmp : Match on catch block at 0xc3 in for 0xa5
04-08 14:07:36.531 11117 11117 E ArmVmp : Match on catch block at 0xc3 in for 0xa5
04-08 14:07:36.536 11117 11117 E ArmVmp : Match on catch block at 0xc3 in for 0xa9
04-08 14:07:36.548 11117 11117 E ArmVmp : Match on catch block at 0xc3 in for 0xa9
04-08 14:07:36.552 11117 11117 E ArmVmp : Match on catch block at 0xc3 in for 0xa1
04-08 14:07:36.564 11117 11117 E ArmVmp : Match on catch block at 0xc3 in for 0xa1
04-08 14:07:36.570 11117 11117 E ArmVmp : Match on catch block at 0xc3 in for 0xa5
04-08 14:07:36.581 11117 11117 E ArmVmp : Match on catch block at 0xc3 in for 0xa5
04-08 14:07:36.586 11117 11117 E ArmVmp : Match on catch block at 0xc3 in for 0xa9
04-08 14:07:36.597 11117 11117 E ArmVmp : Match on catch block at 0xc3 in for 0xa9
04-08 14:07:36.601 11117 11117 E ArmVmp : Match on catch block at 0xc3 in for 0xa1
04-08 14:07:36.614 11117 11117 E ArmVmp : Match on catch block at 0xc3 in for 0xa1
04-08 14:07:36.620 11117 11117 E ArmVmp : Match on catch block at 0xc3 in for 0xa5
04-08 14:07:36.631 11117 11117 E ArmVmp : Match on catch block at 0xc3 in for 0xa5
04-08 14:07:36.636 11117 11117 E ArmVmp : Match on catch block at 0xc3 in for 0xa9
04-08 14:07:36.648 11117 11117 E ArmVmp : Match on catch block at 0xc3 in for 0xa9
04-08 14:07:36.653 11117 11117 E ArmVmp : Match on catch block at 0xc3 in for 0xa1
04-08 14:07:36.664 11117 11117 E ArmVmp : Match on catch block at 0xc3 in for 0xa1
04-08 14:07:36.670 11117 11117 E ArmVmp : Match on catch block at 0xc3 in for 0xa5
04-08 14:07:36.681 11117 11117 E ArmVmp : Match on catch block at 0xc3 in for 0xa5
04-08 14:07:36.687 11117 11117 E ArmVmp : Match on catch block at 0xc3 in for 0xa9
04-08 14:07:36.698 11117 11117 E ArmVmp : Match on catch block at 0xc3 in for 0xa9
04-08 14:07:36.703 11117 11117 E ArmVmp : Match on catch block at 0xc3 in for 0xa1
04-08 14:07:36.714 11117 11117 E ArmVmp : Match on catch block at 0xc3 in for 0xa1
04-08 14:07:36.718 11117 11117 E ArmVmp : Match on catch block at 0xc3 in for 0xa5
04-08 14:07:36.730 11117 11117 E ArmVmp : Match on catch block at 0xc3 in for 0xa5
04-08 14:07:36.734 11117 11117 E ArmVmp : Match on catch block at 0xc3 in for 0xa9
04-08 14:07:36.756 11117 11117 E ArmVmp : Match on catch block at 0xc3 in for 0xa1
04-08 14:07:36.759 11117 11117 E ArmVmp : Match on catch block at 0xc3 in for 0xa5
04-08 14:07:36.766 11117 11117 E ArmVmp : Match on catch block at 0xc3 in for 0xa1
04-08 14:07:36.769 11117 11117 E ArmVmp : Match on catch block at 0xc3 in for 0xa5
04-08 14:07:36.885 11117 11117 E ArmVmp : Match on catch block at 0xc3 in for 0xa1
04-08 14:07:36.888 11117 11117 E ArmVmp : Match on catch block at 0xc3 in for 0xa5
04-08 14:07:36.897 11117 11117 E ArmVmp : Match on catch block at 0xc3 in for 0xa1
04-08 14:07:36.900 11117 11117 E ArmVmp : Match on catch block at 0xc3 in for 0xa5
04-08 14:07:36.963 11117 11117 E ArmVmp : Match on catch block at 0xc3 in for 0xa1
04-08 14:07:36.966 11117 11117 E ArmVmp : Match on catch block at 0xc3 in for 0xa5
04-08 14:07:36.980 11117 11117 E ArmVmp : Match on catch block at 0xc3 in for 0xa1
04-08 14:07:36.983 11117 11117 E ArmVmp : Match on catch block at 0xc3 in for 0xa5
04-08 14:07:36.997 11117 11117 E ArmVmp : Match on catch block at 0xc3 in for 0xa1
04-08 14:07:36.999 11117 11117 E ArmVmp : Match on catch block at 0xc3 in for 0xa5
04-08 14:07:37.014 11117 11117 E ArmVmp : Match on catch block at 0xc3 in for 0xa1
04-08 14:07:37.018 11117 11117 E ArmVmp : Match on catch block at 0xc3 in for 0xa5
04-08 14:07:37.030 11117 11117 E ArmVmp : Match on catch block at 0xc3 in for 0xa1
04-08 14:07:37.035 11117 11117 E ArmVmp : Match on catch block at 0xc3 in for 0xa5
04-08 14:07:37.047 11117 11117 E ArmVmp : Match on catch block at 0xc3 in for 0xa1
04-08 14:07:37.051 11117 11117 E ArmVmp : Match on catch block at 0xc3 in for 0xa5
04-08 14:07:37.064 11117 11117 E ArmVmp : Match on catch block at 0xc3 in for 0xa1
04-08 14:07:37.068 11117 11117 E ArmVmp : Match on catch block at 0xc3 in for 0xa5
04-08 14:07:37.081 11117 11117 E ArmVmp : Match on catch block at 0xc3 in for 0xa1
04-08 14:07:37.085 11117 11117 E ArmVmp : Match on catch block at 0xc3 in for 0xa5
04-08 14:07:37.097 11117 11117 E ArmVmp : Match on catch block at 0xc3 in for 0xa1
04-08 14:07:37.102 11117 11117 E ArmVmp : Match on catch block at 0xc3 in for 0xa5
04-08 14:07:37.114 11117 11117 E ArmVmp : Match on catch block at 0xc3 in for 0xa1
04-08 14:07:37.119 11117 11117 E ArmVmp : Match on catch block at 0xc3 in for 0xa5
04-08 14:07:37.131 11117 11117 E ArmVmp : Match on catch block at 0xc3 in for 0xa1
04-08 14:07:37.135 11117 11117 E ArmVmp : Match on catch block at 0xc3 in for 0xa5
04-08 14:07:37.147 11117 11117 E ArmVmp : Match on catch block at 0xc3 in for 0xa1
04-08 14:07:37.151 11117 11117 E ArmVmp : Match on catch block at 0xc3 in for 0xa5
04-08 14:07:37.164 11117 11117 E ArmVmp : Match on catch block at 0xc3 in for 0xa1
04-08 14:07:37.168 11117 11117 E ArmVmp : Match on catch block at 0xc3 in for 0xa5
04-08 14:07:37.181 11117 11117 E ArmVmp : Match on catch block at 0xc3 in for 0xa1
04-08 14:07:37.186 11117 11117 E ArmVmp : Match on catch block at 0xc3 in for 0xa5
04-08 14:07:37.197 11117 11117 E ArmVmp : Match on catch block at 0xc3 in for 0xa1
04-08 14:07:37.202 11117 11117 E ArmVmp : Match on catch block at 0xc3 in for 0xa5
04-08 14:07:37.215 11117 11117 E ArmVmp : Match on catch block at 0xc3 in for 0xa1
04-08 14:07:37.219 11117 11117 E ArmVmp : Match on catch block at 0xc3 in for 0xa5
04-08 14:07:37.231 11117 11117 E ArmVmp : Match on catch block at 0xc3 in for 0xa1
04-08 14:07:37.235 11117 11117 E ArmVmp : Match on catch block at 0xc3 in for 0xa5
04-08 14:07:37.248 11117 11117 E ArmVmp : Match on catch block at 0xc3 in for 0xa1
04-08 14:07:37.253 11117 11117 E ArmVmp : Match on catch block at 0xc3 in for 0xa5
04-08 14:07:37.266 11117 11117 E ArmVmp : Match on catch block at 0xc3 in for 0xa1
04-08 14:07:37.270 11117 11117 E ArmVmp : Match on catch block at 0xc3 in for 0xa5
04-08 14:07:37.380 11117 11117 E ArmVmp : Match on catch block at 0xc3 in for 0xa5
04-08 14:07:37.384 11117 11117 E ArmVmp : Match on catch block at 0xc3 in for 0xa9
04-08 14:07:37.427 11117 11117 E ArmVmp : Match on catch block at 0xc3 in for 0xa1
04-08 14:07:37.431 11117 11117 E ArmVmp : Match on catch block at 0xc3 in for 0xa5
04-08 14:07:37.455 11117 11117 E ArmVmp : Match on catch block at 0xc3 in for 0xa1
04-08 14:07:37.458 11117 11117 E ArmVmp : Match on catch block at 0xc3 in for 0xa5
04-08 14:07:37.481 11117 13816 W libEGL : EGLNativeWindowType 0xb400007cc26ab3f0
disconnect failed
04-08 14:07:37.882 11117 11117 E ArmVmp : Match on catch block at 0xc3 in for 0xa1
04-08 14:07:37.887 11117 11117 E ArmVmp : Match on catch block at 0xc3 in for 0xa5
04-08 14:07:38.382 11117 11117 E ArmVmp : Match on catch block at 0xc3 in for 0xa1
04-08 14:07:38.388 11117 11117 E ArmVmp : Match on catch block at 0xc3 in for 0xa5
04-08 14:07:38.758 11117 11117 E ArmVmp : Match on catch block at 0xc3 in for 0xa5
04-08 14:07:38.762 11117 11117 E ArmVmp : Match on catch block at 0xc3 in for 0xa9
04-08 14:07:38.769 11117 13829 W MediaPlayer: Use of stream types is deprecated for
operations other than volume control
04-08 14:07:38.770 11117 13829 W MediaPlayer: See the documentation of
setAudioStreamType() for what to use instead with android.media.AudioAttributes to
qualify your playback use case
04-08 14:07:38.774 11117 11117 E ArmVmp : Match on catch block at 0xc3 in for 0xa1
04-08 14:07:38.777 11117 11117 E ArmVmp : Match on catch block at 0xc3 in for 0xa5
04-08 14:07:38.787 11117 11117 E ArmVmp : Match on catch block at 0xc3 in for 0xa9
04-08 14:07:38.790 11117 11117 E ArmVmp : Match on catch block at 0xc3 in for 0xa1
04-08 14:07:38.898 11117 11117 E ArmVmp : Match on catch block at 0xc3 in for 0xa9
04-08 14:07:38.900 11117 11117 E ArmVmp : Match on catch block at 0xc3 in for 0xa1
04-08 14:07:39.382 11117 11117 E ArmVmp : Match on catch block at 0xc3 in for 0xa5
04-08 14:07:39.386 11117 11117 E ArmVmp : Match on catch block at 0xc3 in for 0xa9
04-08 14:07:39.883 11117 11117 E ArmVmp : Match on catch block at 0xc3 in for 0xa5
04-08 14:07:39.887 11117 11117 E ArmVmp : Match on catch block at 0xc3 in for 0xa9
04-08 14:07:40.385 11117 11117 E ArmVmp : Match on catch block at 0xc3 in for 0xa5
04-08 14:07:40.388 11117 11117 E ArmVmp : Match on catch block at 0xc3 in for 0xa9
04-08 14:07:40.401 11117 11117 E ArmVmp : Match on catch block at 0xc3 in for 0xa5
04-08 14:07:40.404 11117 11117 E ArmVmp : Match on catch block at 0xc3 in for 0xa9
04-08 14:07:40.417 11117 11117 E ArmVmp : Match on catch block at 0xc3 in for 0xa5
04-08 14:07:40.421 11117 11117 E ArmVmp : Match on catch block at 0xc3 in for 0xa9
04-08 14:07:40.435 11117 11117 E ArmVmp : Match on catch block at 0xc3 in for 0xa5
04-08 14:07:40.439 11117 11117 E ArmVmp : Match on catch block at 0xc3 in for 0xa9
04-08 14:07:40.451 11117 11117 E ArmVmp : Match on catch block at 0xc3 in for 0xa5
04-08 14:07:40.455 11117 11117 E ArmVmp : Match on catch block at 0xc3 in for 0xa9
04-08 14:07:40.467 11117 11117 E ArmVmp : Match on catch block at 0xc3 in for 0xa5
04-08 14:07:40.471 11117 11117 E ArmVmp : Match on catch block at 0xc3 in for 0xa9
04-08 14:07:40.484 11117 11117 E ArmVmp : Match on catch block at 0xc3 in for 0xa5
04-08 14:07:40.488 11117 11117 E ArmVmp : Match on catch block at 0xc3 in for 0xa9
04-08 14:07:40.500 11117 11117 E ArmVmp : Match on catch block at 0xc3 in for 0xa5
04-08 14:07:40.504 11117 11117 E ArmVmp : Match on catch block at 0xc3 in for 0xa9
04-08 14:07:40.517 11117 11117 E ArmVmp : Match on catch block at 0xc3 in for 0xa5
04-08 14:07:40.520 11117 11117 E ArmVmp : Match on catch block at 0xc3 in for 0xa9
04-08 14:07:40.534 11117 11117 E ArmVmp : Match on catch block at 0xc3 in for 0xa5
04-08 14:07:40.538 11117 11117 E ArmVmp : Match on catch block at 0xc3 in for 0xa9
04-08 14:07:40.552 11117 11117 E ArmVmp : Match on catch block at 0xc3 in for 0xa5
04-08 14:07:40.557 11117 11117 E ArmVmp : Match on catch block at 0xc3 in for 0xa9
04-08 14:07:40.568 11117 11117 E ArmVmp : Match on catch block at 0xc3 in for 0xa5
04-08 14:07:40.572 11117 11117 E ArmVmp : Match on catch block at 0xc3 in for 0xa9
04-08 14:07:40.585 11117 11117 E ArmVmp : Match on catch block at 0xc3 in for 0xa5
04-08 14:07:40.588 11117 11117 E ArmVmp : Match on catch block at 0xc3 in for 0xa9
04-08 14:07:40.601 11117 11117 E ArmVmp : Match on catch block at 0xc3 in for 0xa5
04-08 14:07:40.605 11117 11117 E ArmVmp : Match on catch block at 0xc3 in for 0xa9
04-08 14:07:40.618 11117 11117 E ArmVmp : Match on catch block at 0xc3 in for 0xa5
04-08 14:07:40.622 11117 11117 E ArmVmp : Match on catch block at 0xc3 in for 0xa9
04-08 14:07:40.634 11117 11117 E ArmVmp : Match on catch block at 0xc3 in for 0xa5
04-08 14:07:40.638 11117 11117 E ArmVmp : Match on catch block at 0xc3 in for 0xa9
04-08 14:07:40.765 11117 13829 W MediaPlayer: Use of stream types is deprecated for
operations other than volume control
04-08 14:07:40.766 11117 13829 W MediaPlayer: See the documentation of
setAudioStreamType() for what to use instead with android.media.AudioAttributes to
qualify your playback use case
04-08 14:07:40.816 11117 11117 E ArmVmp : Match on catch block at 0xc3 in for 0xa9
04-08 14:07:40.819 11117 11117 E ArmVmp : Match on catch block at 0xc3 in for 0xa1
04-08 14:07:40.840 11117 11117 E ArmVmp : Match on catch block at 0xc3 in for 0xa5
04-08 14:07:40.844 11117 11117 E ArmVmp : Match on catch block at 0xc3 in for 0xa9
04-08 14:07:40.858 11117 11117 E ArmVmp : Match on catch block at 0xc3 in for 0xa1
04-08 14:07:40.864 11117 11117 E ArmVmp : Match on catch block at 0xc3 in for 0xa5
04-08 14:07:40.933 11117 11117 E ArmVmp : Match on catch block at 0xc3 in for 0xa9
04-08 14:07:40.936 11117 11117 E ArmVmp : Match on catch block at 0xc3 in for 0xa1
04-08 14:07:40.945 11117 11228 E SQLiteDatabase: Error inserting transferred=1
media_job_uuid=2321b6a3-c0da-40de-bbb9-96a9613b0eba transcoded=0 gif_attribution=0
first_scan_length=7802 direct_path=/v/t62.15575-
24/34624139_811265147715040_6238123590228384413_n.enc?ccb=11-
4&oh=01_ASCMRH71T47QJt7KYu34eIWJNGzAEpYkZk8DGiKYFHtXtw&oe=663BAC7F&_nc_sid=5e03e0
thumbnail_height_width_ratio=1.0 is_animated_sticker=1
file_hash=WoWDbiqo9bzdXCUAr92L/K1S51T9tjyxJTLaUfqyImE= file_path=Media/MBWhatsApp
Stickers/STK-20240408-WA0053.webp file_size=0 partial_media_hash=null face_x=0
face_y=0 height=64 trim_to=0 media_key_timestamp=1712556001000
message_url=https://mmg.whatsapp.net/v/t62.15575-
24/34624139_811265147715040_6238123590228384413_n.enc?ccb=11-
4&oh=01_ASCMRH71T47QJt7KYu34eIWJNGzAEpYkZk8DGiKYFHtXtw&oe=663BAC7F&_nc_sid=5e03e0&m
ms3=true media_caption=null trim_from=0 mime_type=image/webp
partial_media_enc_hash=null width=64 original_file_hash=null
has_streaming_sidecar=0 autotransfer_retry_enabled=1 media_upload_handle=null
message_row_id=31497 multicast_id=null
enc_file_hash=ID27Sx9JXSDfpq892sahSyybg/fV0BbSrSDYREOOlXI= mute_video=0
page_count=0 first_scan_sidecar=[B@c927bd8 suspicious_content=0 file_length=15950
media_name=null media_duration=0 chat_row_id=1316 media_key=[B@d2abb31
04-08 14:07:40.945 11117 11228 E SQLiteDatabase:
android.database.sqlite.SQLiteConstraintException: UNIQUE constraint failed:
message_media.message_row_id (code 1555 SQLITE_CONSTRAINT_PRIMARYKEY)
04-08 14:07:40.945 11117 11228 E SQLiteDatabase: at
android.database.sqlite.SQLiteConnection.nativeExecuteForLastInsertedRowId(Native
Method)
04-08 14:07:40.945 11117 11228 E SQLiteDatabase: at
android.database.sqlite.SQLiteConnection.executeForLastInsertedRowId(SQLiteConnecti
on.java:938)
04-08 14:07:40.945 11117 11228 E SQLiteDatabase: at
android.database.sqlite.SQLiteSession.executeForLastInsertedRowId(SQLiteSession.jav
a:790)
04-08 14:07:40.945 11117 11228 E SQLiteDatabase: at
android.database.sqlite.SQLiteStatement.executeInsert(SQLiteStatement.java:88)
04-08 14:07:40.945 11117 11228 E SQLiteDatabase: at
android.database.sqlite.SQLiteDatabase.insertWithOnConflict(SQLiteDatabase.java:170
1)
04-08 14:07:40.945 11117 11228 E SQLiteDatabase: at
android.database.sqlite.SQLiteDatabase.insert(SQLiteDatabase.java:1570)
04-08 14:07:40.945 11117 11228 E SQLiteDatabase: at X.2tm.A08(Unknown
Source:6)
04-08 14:07:40.945 11117 11228 E SQLiteDatabase: at X.35Y.A07(Unknown
Source:212)
04-08 14:07:40.945 11117 11228 E SQLiteDatabase: at X.3QF.A14(Unknown
Source:470)
04-08 14:07:40.945 11117 11228 E SQLiteDatabase: at X.3gU.run(Unknown
Source:982)
04-08 14:07:40.945 11117 11228 E SQLiteDatabase: at
android.os.Handler.handleCallback(Handler.java:938)
04-08 14:07:40.945 11117 11228 E SQLiteDatabase: at
android.os.Handler.dispatchMessage(Handler.java:99)
04-08 14:07:40.945 11117 11228 E SQLiteDatabase: at
X.0zq.dispatchMessage(Unknown Source:4)
04-08 14:07:40.945 11117 11228 E SQLiteDatabase: at
android.os.Looper.loop(Looper.java:240)
04-08 14:07:40.945 11117 11228 E SQLiteDatabase: at
android.os.HandlerThread.run(HandlerThread.java:67)
04-08 14:07:40.961 11117 11117 E ArmVmp : Match on catch block at 0xc3 in for 0xa5
04-08 14:07:40.964 11117 11117 E ArmVmp : Match on catch block at 0xc3 in for 0xa9
04-08 14:07:40.969 11117 11117 E ArmVmp : Match on catch block at 0xc3 in for 0xa5
04-08 14:07:40.971 11117 11117 E ArmVmp : Match on catch block at 0xc3 in for 0xa9
04-08 14:07:40.979 11117 14683 W Bitmap : Called getByteCount() on a recycle()'d
bitmap! This is undefined behavior!
04-08 14:07:40.984 11117 11117 E ArmVmp : Match on catch block at 0xc3 in for 0xa5
04-08 14:07:40.987 11117 11117 E ArmVmp : Match on catch block at 0xc3 in for 0xa9
04-08 14:07:41.017 11117 11117 E ArmVmp : Match on catch block at 0xc3 in for 0xa5
04-08 14:07:41.020 11117 11117 E ArmVmp : Match on catch block at 0xc3 in for 0xa9
04-08 14:07:41.067 11117 11117 E ArmVmp : Match on catch block at 0xc3 in for 0xa5
04-08 14:07:41.070 11117 11117 E ArmVmp : Match on catch block at 0xc3 in for 0xa9
04-08 14:07:41.118 11117 11117 E ArmVmp : Match on catch block at 0xc3 in for 0xa1
04-08 14:07:41.123 11117 11117 E ArmVmp : Match on catch block at 0xc3 in for 0xa5
04-08 14:07:41.151 11117 11117 E ArmVmp : Match on catch block at 0xc3 in for 0xa1
04-08 14:07:41.156 11117 11117 E ArmVmp : Match on catch block at 0xc3 in for 0xa5
04-08 14:07:41.185 11117 11117 E ArmVmp : Match on catch block at 0xc3 in for 0xa1
04-08 14:07:41.189 11117 11117 E ArmVmp : Match on catch block at 0xc3 in for 0xa5
04-08 14:07:41.235 11117 11117 E ArmVmp : Match on catch block at 0xc3 in for 0xa1
04-08 14:07:41.239 11117 11117 E ArmVmp : Match on catch block at 0xc3 in for 0xa5
04-08 14:07:41.268 11117 11117 E ArmVmp : Match on catch block at 0xc3 in for 0xa1
04-08 14:07:41.272 11117 11117 E ArmVmp : Match on catch block at 0xc3 in for 0xa5
04-08 14:07:41.318 11117 11117 E ArmVmp : Match on catch block at 0xc3 in for 0xa1
04-08 14:07:41.326 11117 11117 E ArmVmp : Match on catch block at 0xc3 in for 0xa5
04-08 14:07:41.352 11117 11117 E ArmVmp : Match on catch block at 0xc3 in for 0xa1
04-08 14:07:41.357 11117 11117 E ArmVmp : Match on catch block at 0xc3 in for 0xa5
04-08 14:07:41.368 11117 13816 W libEGL : EGLNativeWindowType 0xb400007cc26ab3f0
disconnect failed
04-08 14:07:41.403 11117 11117 E ArmVmp : Match on catch block at 0xc3 in for 0xa1
04-08 14:07:41.408 11117 11117 E ArmVmp : Match on catch block at 0xc3 in for 0xa5
04-08 14:07:41.436 11117 11117 E ArmVmp : Match on catch block at 0xc3 in for 0xa1
04-08 14:07:41.441 11117 11117 E ArmVmp : Match on catch block at 0xc3 in for 0xa5
04-08 14:07:41.453 11117 11117 E ArmVmp : Match on catch block at 0xc3 in for 0xa1
04-08 14:07:41.458 11117 11117 E ArmVmp : Match on catch block at 0xc3 in for 0xa5
04-08 14:07:41.469 11117 11117 E ArmVmp : Match on catch block at 0xc3 in for 0xa1
04-08 14:07:41.474 11117 11117 E ArmVmp : Match on catch block at 0xc3 in for 0xa5
04-08 14:07:41.518 11117 11117 E ArmVmp : Match on catch block at 0xc3 in for 0xa1
04-08 14:07:41.523 11117 11117 E ArmVmp : Match on catch block at 0xc3 in for 0xa5
04-08 14:07:41.552 11117 11117 E ArmVmp : Match on catch block at 0xc3 in for 0xa1
04-08 14:07:41.556 11117 11117 E ArmVmp : Match on catch block at 0xc3 in for 0xa5
04-08 14:07:41.952 11117 11117 E ArmVmp : Match on catch block at 0xc3 in for 0xa1
04-08 14:07:41.957 11117 11117 E ArmVmp : Match on catch block at 0xc3 in for 0xa5
04-08 14:07:42.453 11117 11117 E ArmVmp : Match on catch block at 0xc3 in for 0xa1
04-08 14:07:42.457 11117 11117 E ArmVmp : Match on catch block at 0xc3 in for 0xa5
04-08 14:07:42.553 11117 11117 E ArmVmp : Match on catch block at 0xc3 in for 0xa1
04-08 14:07:42.558 11117 11117 E ArmVmp : Match on catch block at 0xc3 in for 0xa5
04-08 14:07:42.569 11117 11117 E ArmVmp : Match on catch block at 0xc3 in for 0xa1
04-08 14:07:42.574 11117 11117 E ArmVmp : Match on catch block at 0xc3 in for 0xa5
04-08 14:07:42.586 11117 11117 E ArmVmp : Match on catch block at 0xc3 in for 0xa1
04-08 14:07:42.591 11117 11117 E ArmVmp : Match on catch block at 0xc3 in for 0xa5
04-08 14:07:42.604 11117 11117 E ArmVmp : Match on catch block at 0xc3 in for 0xa1
04-08 14:07:42.609 11117 11117 E ArmVmp : Match on catch block at 0xc3 in for 0xa5
04-08 14:07:42.620 11117 11117 E ArmVmp : Match on catch block at 0xc3 in for 0xa1
04-08 14:07:42.626 11117 11117 E ArmVmp : Match on catch block at 0xc3 in for 0xa5
04-08 14:07:42.637 11117 11117 E ArmVmp : Match on catch block at 0xc3 in for 0xa1
04-08 14:07:42.642 11117 11117 E ArmVmp : Match on catch block at 0xc3 in for 0xa5
04-08 14:07:42.653 11117 11117 E ArmVmp : Match on catch block at 0xc3 in for 0xa1
04-08 14:07:42.658 11117 11117 E ArmVmp : Match on catch block at 0xc3 in for 0xa5
04-08 14:07:42.669 11117 11117 E ArmVmp : Match on catch block at 0xc3 in for 0xa1
04-08 14:07:42.674 11117 11117 E ArmVmp : Match on catch block at 0xc3 in for 0xa5
04-08 14:07:42.686 11117 11117 E ArmVmp : Match on catch block at 0xc3 in for 0xa1
04-08 14:07:42.691 11117 11117 E ArmVmp : Match on catch block at 0xc3 in for 0xa5
04-08 14:07:42.703 11117 11117 E ArmVmp : Match on catch block at 0xc3 in for 0xa1
04-08 14:07:42.707 11117 11117 E ArmVmp : Match on catch block at 0xc3 in for 0xa5
04-08 14:07:42.719 11117 11117 E ArmVmp : Match on catch block at 0xc3 in for 0xa1
04-08 14:07:42.724 11117 11117 E ArmVmp : Match on catch block at 0xc3 in for 0xa5
04-08 14:07:42.736 11117 11117 E ArmVmp : Match on catch block at 0xc3 in for 0xa1
04-08 14:07:42.741 11117 11117 E ArmVmp : Match on catch block at 0xc3 in for 0xa5
04-08 14:07:42.753 11117 11117 E ArmVmp : Match on catch block at 0xc3 in for 0xa1
04-08 14:07:42.760 11117 11117 E ArmVmp : Match on catch block at 0xc3 in for 0xa5
04-08 14:07:42.770 11117 11117 E ArmVmp : Match on catch block at 0xc3 in for 0xa1
04-08 14:07:42.776 11117 11117 E ArmVmp : Match on catch block at 0xc3 in for 0xa5
04-08 14:07:42.787 11117 11117 E ArmVmp : Match on catch block at 0xc3 in for 0xa1
04-08 14:07:42.792 11117 11117 E ArmVmp : Match on catch block at 0xc3 in for 0xa5
04-08 14:07:42.803 11117 11117 E ArmVmp : Match on catch block at 0xc3 in for 0xa1
04-08 14:07:42.809 11117 11117 E ArmVmp : Match on catch block at 0xc3 in for 0xa5
04-08 14:07:42.820 11117 11117 E ArmVmp : Match on catch block at 0xc3 in for 0xa1
04-08 14:07:42.825 11117 11117 E ArmVmp : Match on catch block at 0xc3 in for 0xa5
04-08 14:07:42.953 11117 11117 E ArmVmp : Match on catch block at 0xc3 in for 0xa1
04-08 14:07:42.957 11117 11117 E ArmVmp : Match on catch block at 0xc3 in for 0xa5
04-08 14:07:43.454 11117 11117 E ArmVmp : Match on catch block at 0xc3 in for 0xa1
04-08 14:07:43.458 11117 11117 E ArmVmp : Match on catch block at 0xc3 in for 0xa5
04-08 14:07:43.508 11117 11117 E ArmVmp : Match on catch block at 0xc3 in for 0xa1
04-08 14:07:43.512 11117 11117 E ArmVmp : Match on catch block at 0xc3 in for 0xa5
04-08 14:07:43.988 11117 11117 E ArmVmp : Match on catch block at 0x0a in for 0xc9
04-08 14:07:43.991 11117 11117 E ArmVmp : Match on catch block at 0x0a in for 0xc5
04-08 14:07:44.017 11117 11117 E ArmVmp : Match on catch block at 0xc3 in for 0xa1
04-08 14:07:44.019 11117 11117 E ArmVmp : Match on catch block at 0xc3 in for 0xa5
04-08 14:07:44.181 11117 11117 E ArmVmp : Match on catch block at 0xc3 in for 0xb9
04-08 14:07:44.188 11117 11117 E ArmVmp : Match on catch block at 0xc3 in for 0xb9
04-08 14:07:44.232 11117 11117 E ArmVmp : Match on catch block at 0xc3 in for 0xa1
04-08 14:07:44.235 11117 11117 E ArmVmp : Match on catch block at 0xc3 in for 0xa5
04-08 14:07:44.240 11117 11117 E ArmVmp : Match on catch block at 0xc3 in for 0xa5
04-08 14:07:44.242 11117 11117 E ArmVmp : Match on catch block at 0xc3 in for 0xa9
04-08 14:07:44.354 11117 13816 W libEGL : EGLNativeWindowType 0xb400007cc26fa040
disconnect failed
04-08 14:07:44.392 11117 11117 E ArmVmp : Match on catch block at 0xc3 in for 0xa1
04-08 14:07:44.394 11117 11117 E ArmVmp : Match on catch block at 0xc3 in for 0xa5
04-08 14:07:44.417 11117 13816 W libEGL : EGLNativeWindowType 0xb400007cc2717d20
disconnect failed
04-08 14:07:44.445 11117 11117 E ArmVmp : Match on catch block at 0xc3 in for 0xa9
04-08 14:07:44.447 11117 11117 E ArmVmp : Match on catch block at 0xc3 in for 0xa1
04-08 14:07:44.461 11117 11117 W IInputConnectionWrapper: requestCursorAnchorInfo
on inactive InputConnection
04-08 14:07:44.463 11117 13829 W MediaPlayer: Use of stream types is deprecated for
operations other than volume control
04-08 14:07:44.463 11117 13829 W MediaPlayer: See the documentation of
setAudioStreamType() for what to use instead with android.media.AudioAttributes to
qualify your playback use case
04-08 14:07:44.471 11117 11117 E ArmVmp : Match on catch block at 0xc3 in for 0xa5
04-08 14:07:44.473 11117 11117 E ArmVmp : Match on catch block at 0xc3 in for 0xa9
04-08 14:07:44.495 11117 11117 E ArmVmp : Match on catch block at 0xc3 in for 0xa5
04-08 14:07:44.498 11117 11117 E ArmVmp : Match on catch block at 0xc3 in for 0xa9
04-08 14:07:44.516 11117 11117 E ArmVmp : Match on catch block at 0xc3 in for 0xa9
04-08 14:07:44.518 11117 11117 E ArmVmp : Match on catch block at 0xc3 in for 0xa1
04-08 14:07:44.523 11117 11117 E ArmVmp : Match on catch block at 0xc3 in for 0xa1
04-08 14:07:44.528 11117 11117 E ArmVmp : Match on catch block at 0xc3 in for 0xa5
04-08 14:07:44.533 11117 11117 E ArmVmp : Match on catch block at 0xc3 in for 0xa1
04-08 14:07:44.536 11117 11117 E ArmVmp : Match on catch block at 0xc3 in for 0xa5
04-08 14:07:44.553 11117 11117 E ArmVmp : Match on catch block at 0xc3 in for 0xa5
04-08 14:07:44.556 11117 11117 E ArmVmp : Match on catch block at 0xc3 in for 0xa9
04-08 14:07:44.581 11117 11117 E ArmVmp : Match on catch block at 0xc3 in for 0xa9
04-08 14:07:44.584 11117 11117 E ArmVmp : Match on catch block at 0xc3 in for 0xa1
04-08 14:07:44.590 11117 11117 E ArmVmp : Match on catch block at 0xc3 in for 0xa1
04-08 14:07:44.594 11117 11117 E ArmVmp : Match on catch block at 0xc3 in for 0xa5
04-08 14:07:44.607 11117 11117 E ArmVmp : Match on catch block at 0xc3 in for 0xa5
04-08 14:07:44.609 11117 11117 E ArmVmp : Match on catch block at 0xc3 in for 0xa9
04-08 14:07:44.620 11117 11117 E ArmVmp : Match on catch block at 0xc3 in for 0xa1
04-08 14:07:44.624 11117 11117 E ArmVmp : Match on catch block at 0xc3 in for 0xa5
04-08 14:07:44.637 11117 11117 E ArmVmp : Match on catch block at 0xc3 in for 0xa5
04-08 14:07:44.641 11117 11117 E ArmVmp : Match on catch block at 0xc3 in for 0xa9
04-08 14:07:44.667 11117 11117 E ArmVmp : Match on catch block at 0xc3 in for 0xa5
04-08 14:07:44.670 11117 11117 E ArmVmp : Match on catch block at 0xc3 in for 0xa9
04-08 14:07:44.720 11117 11117 E ArmVmp : Match on catch block at 0xc3 in for 0xa9
04-08 14:07:44.722 11117 11117 E ArmVmp : Match on catch block at 0xc3 in for 0xa1
04-08 14:07:44.753 11117 11117 E ArmVmp : Match on catch block at 0xc3 in for 0xa9
04-08 14:07:44.756 11117 11117 E ArmVmp : Match on catch block at 0xc3 in for 0xa1
04-08 14:07:44.763 11117 13829 W MediaPlayer: Use of stream types is deprecated for
operations other than volume control
04-08 14:07:44.763 11117 13829 W MediaPlayer: See the documentation of
setAudioStreamType() for what to use instead with android.media.AudioAttributes to
qualify your playback use case
04-08 14:07:44.790 11117 11117 E ArmVmp : Match on catch block at 0xc3 in for 0xa1
04-08 14:07:44.792 11117 11117 E ArmVmp : Match on catch block at 0xc3 in for 0xa5
04-08 14:07:44.806 11117 11117 E ArmVmp : Match on catch block at 0xc3 in for 0xa5
04-08 14:07:44.808 11117 11117 E ArmVmp : Match on catch block at 0xc3 in for 0xa9
04-08 14:07:44.820 11117 11117 E ArmVmp : Match on catch block at 0xc3 in for 0xa9
04-08 14:07:44.822 11117 11117 E ArmVmp : Match on catch block at 0xc3 in for 0xa1
04-08 14:07:44.837 11117 11117 E ArmVmp : Match on catch block at 0xc3 in for 0xa1
04-08 14:07:44.839 11117 11117 E ArmVmp : Match on catch block at 0xc3 in for 0xa5
04-08 14:07:44.854 11117 11117 E ArmVmp : Match on catch block at 0xc3 in for 0xa5
04-08 14:07:44.855 11117 11117 E ArmVmp : Match on catch block at 0xc3 in for 0xa9
04-08 14:07:44.920 11117 11117 E ArmVmp : Match on catch block at 0xc3 in for 0xa9
04-08 14:07:44.924 11117 11117 E ArmVmp : Match on catch block at 0xc3 in for 0xa1
04-08 14:07:44.956 11117 11117 E ArmVmp : Match on catch block at 0xc3 in for 0xa5
04-08 14:07:44.957 11117 11117 E ArmVmp : Match on catch block at 0xc3 in for 0xa9
04-08 14:07:44.970 11117 11117 E ArmVmp : Match on catch block at 0xc3 in for 0xa9
04-08 14:07:44.972 11117 11117 E ArmVmp : Match on catch block at 0xc3 in for 0xa1
04-08 14:07:44.988 11117 11117 E ArmVmp : Match on catch block at 0xc3 in for 0xa1
04-08 14:07:44.991 11117 11117 E ArmVmp : Match on catch block at 0xc3 in for 0xa5
04-08 14:07:45.004 11117 11117 E ArmVmp : Match on catch block at 0xc3 in for 0xa5
04-08 14:07:45.007 11117 11117 E ArmVmp : Match on catch block at 0xc3 in for 0xa9
04-08 14:07:45.022 11117 11117 E ArmVmp : Match on catch block at 0xc3 in for 0xa1
04-08 14:07:45.026 11117 11117 E ArmVmp : Match on catch block at 0xc3 in for 0xa5
04-08 14:07:45.032 11117 11228 E SQLiteDatabase: Error inserting transferred=1
media_job_uuid=4d2f4bac-3a39-4b12-8369-c452b4ee23a8 transcoded=0 gif_attribution=0
first_scan_length=0 direct_path=/v/t62.15575-
24/30640885_437165908718282_8165338152818654670_n.enc?ccb=11-
4&oh=01_ASA4bPfM7yLeUWI0NiQC1MR7P-LS1akg5XJMKAQ4YDks3A&oe=663BCA66&_nc_sid=5e03e0
thumbnail_height_width_ratio=1.0 is_animated_sticker=0
