04-08 14:05:27.389 11117 11117 E ArmVmp : Match on catch block at 0xc3 in for 0xa5
04-08 14:05:27.395 11117 11117 E ArmVmp : Match on catch block at 0xc3 in for 0xa9
04-08 14:05:27.406 11117 11117 E ArmVmp : Match on catch block at 0xc3 in for 0xa5
04-08 14:05:27.408 11117 11117 E ArmVmp : Match on catch block at 0xc3 in for 0xa9
04-08 14:05:27.423 11117 11117 E ArmVmp : Match on catch block at 0xc3 in for 0xa5
04-08 14:05:27.425 11117 11117 E ArmVmp : Match on catch block at 0xc3 in for 0xa9
04-08 14:05:27.440 11117 11117 E ArmVmp : Match on catch block at 0xc3 in for 0xa5
04-08 14:05:27.443 11117 11117 E ArmVmp : Match on catch block at 0xc3 in for 0xa9
04-08 14:05:27.456 11117 11117 E ArmVmp : Match on catch block at 0xc3 in for 0xa5
04-08 14:05:27.459 11117 11117 E ArmVmp : Match on catch block at 0xc3 in for 0xa9
04-08 14:05:27.474 11117 11117 E ArmVmp : Match on catch block at 0xc3 in for 0xa5
04-08 14:05:27.477 11117 11117 E ArmVmp : Match on catch block at 0xc3 in for 0xa9
04-08 14:05:27.491 11117 11117 E ArmVmp : Match on catch block at 0xc3 in for 0xa5
04-08 14:05:27.494 11117 11117 E ArmVmp : Match on catch block at 0xc3 in for 0xa9
04-08 14:05:27.507 11117 11117 E ArmVmp : Match on catch block at 0xc3 in for 0xa5
04-08 14:05:27.510 11117 11117 E ArmVmp : Match on catch block at 0xc3 in for 0xa9
04-08 14:05:27.524 11117 11117 E ArmVmp : Match on catch block at 0xc3 in for 0xa5
04-08 14:05:27.527 11117 11117 E ArmVmp : Match on catch block at 0xc3 in for 0xa9
04-08 14:05:27.541 11117 11117 E ArmVmp : Match on catch block at 0xc3 in for 0xa5
04-08 14:05:27.544 11117 11117 E ArmVmp : Match on catch block at 0xc3 in for 0xa9
04-08 14:05:27.557 11117 11117 E ArmVmp : Match on catch block at 0xc3 in for 0xa5
04-08 14:05:27.561 11117 11117 E ArmVmp : Match on catch block at 0xc3 in for 0xa9
04-08 14:05:27.574 11117 11117 E ArmVmp : Match on catch block at 0xc3 in for 0xa5
04-08 14:05:27.577 11117 11117 E ArmVmp : Match on catch block at 0xc3 in for 0xa9
04-08 14:05:27.591 11117 11117 E ArmVmp : Match on catch block at 0xc3 in for 0xa5
04-08 14:05:27.594 11117 11117 E ArmVmp : Match on catch block at 0xc3 in for 0xa9
04-08 14:05:27.607 11117 11117 E ArmVmp : Match on catch block at 0xc3 in for 0xa5
04-08 14:05:27.610 11117 11117 E ArmVmp : Match on catch block at 0xc3 in for 0xa9
04-08 14:05:27.624 11117 11117 E ArmVmp : Match on catch block at 0xc3 in for 0xa9
04-08 14:05:27.628 11117 11117 E ArmVmp : Match on catch block at 0xc3 in for 0xa1
04-08 14:05:27.641 11117 11117 E ArmVmp : Match on catch block at 0xc3 in for 0xa9
04-08 14:05:27.645 11117 11117 E ArmVmp : Match on catch block at 0xc3 in for 0xa1
04-08 14:05:27.657 11117 11117 E ArmVmp : Match on catch block at 0xc3 in for 0xa9
04-08 14:05:27.660 11117 11117 E ArmVmp : Match on catch block at 0xc3 in for 0xa1
04-08 14:05:27.674 11117 11117 E ArmVmp : Match on catch block at 0xc3 in for 0xa9
04-08 14:05:27.677 11117 11117 E ArmVmp : Match on catch block at 0xc3 in for 0xa1
04-08 14:05:27.691 11117 11117 E ArmVmp : Match on catch block at 0xc3 in for 0xa9
04-08 14:05:27.694 11117 11117 E ArmVmp : Match on catch block at 0xc3 in for 0xa1
04-08 14:05:27.708 11117 11117 E ArmVmp : Match on catch block at 0xc3 in for 0xa9
04-08 14:05:27.712 11117 11117 E ArmVmp : Match on catch block at 0xc3 in for 0xa1
04-08 14:05:27.724 11117 11117 E ArmVmp : Match on catch block at 0xc3 in for 0xa9
04-08 14:05:27.728 11117 11117 E ArmVmp : Match on catch block at 0xc3 in for 0xa1
04-08 14:05:27.741 11117 11117 E ArmVmp : Match on catch block at 0xc3 in for 0xa9
04-08 14:05:27.745 11117 11117 E ArmVmp : Match on catch block at 0xc3 in for 0xa1
04-08 14:05:27.757 11117 11117 E ArmVmp : Match on catch block at 0xc3 in for 0xa9
04-08 14:05:27.762 11117 11117 E ArmVmp : Match on catch block at 0xc3 in for 0xa1
04-08 14:05:27.779 11117 11117 E ArmVmp : Match on catch block at 0xc3 in for 0xa5
04-08 14:05:27.781 11117 11117 E ArmVmp : Match on catch block at 0xc3 in for 0xa9
04-08 14:05:27.804 11117 11117 E ArmVmp : Match on catch block at 0xc3 in for 0xa5
04-08 14:05:27.806 11117 11117 E ArmVmp : Match on catch block at 0xc3 in for 0xa9
04-08 14:05:27.827 11117 11117 E ArmVmp : Match on catch block at 0xc3 in for 0xa5
04-08 14:05:27.829 11117 11117 E ArmVmp : Match on catch block at 0xc3 in for 0xa9
04-08 14:05:28.051 11117 11117 E ArmVmp : Match on catch block at 0xc3 in for 0xa5
04-08 14:05:28.052 11117 11117 E ArmVmp : Match on catch block at 0xc3 in for 0xa9
04-08 14:05:28.173 11117 11117 E ArmVmp : Match on catch block at 0xc3 in for 0xa5
04-08 14:05:28.175 11117 11117 E ArmVmp : Match on catch block at 0xc3 in for 0xa9
04-08 14:05:28.274 11117 11117 E ArmVmp : Match on catch block at 0xc3 in for 0xa9
04-08 14:05:28.277 11117 11117 E ArmVmp : Match on catch block at 0xc3 in for 0xa1
04-08 14:05:28.324 11117 11117 E ArmVmp : Match on catch block at 0xc3 in for 0xa5
04-08 14:05:28.326 11117 11117 E ArmVmp : Match on catch block at 0xc3 in for 0xa9
04-08 14:05:28.353 11117 13816 W libEGL : EGLNativeWindowType 0xb400007cc2658380
disconnect failed
04-08 14:05:28.417 11117 11228 E SQLiteDatabase: Error inserting transferred=1
media_job_uuid=ebc696be-0f0f-4f53-9842-b0677725e8a5 transcoded=0 gif_attribution=0
first_scan_length=0 direct_path=/v/t62.15575-
24/11915556_939326197897627_5881594710477559369_n.enc?ccb=11-
4&oh=01_ASDtxYfaXhOQD2DTxQNJ8-kWkU2ELtxAVxVmEuStMuEzlw&oe=663BBB93&_nc_sid=5e03e0
thumbnail_height_width_ratio=1.0 is_animated_sticker=0
file_hash=z84SSjYk52ZkO7YwQlP/SaKzik12cn6E3i5znSb4Ckg= file_path=Media/MBWhatsApp
Stickers/STK-20240408-WA0050.webp file_size=50294 partial_media_hash=null face_x=0
face_y=0 height=64 trim_to=0 media_key_timestamp=1712606807000
message_url=https://mmg.whatsapp.net/v/t62.15575-
24/11915556_939326197897627_5881594710477559369_n.enc?ccb=11-
4&oh=01_ASDtxYfaXhOQD2DTxQNJ8-
kWkU2ELtxAVxVmEuStMuEzlw&oe=663BBB93&_nc_sid=5e03e0&mms3=true media_caption=null
trim_from=0 mime_type=image/webp partial_media_enc_hash=null width=64
original_file_hash=null has_streaming_sidecar=0 autotransfer_retry_enabled=1
media_upload_handle=null message_row_id=31477 multicast_id=null
enc_file_hash=mQvNbAFTed0vk+axU1ONFHv03jnE8lQ2pe1ldjfywlg= mute_video=0
page_count=0 first_scan_sidecar=null suspicious_content=0 file_length=50294
media_name=null media_duration=0 chat_row_id=1316 media_key=[B@c1a5b6d
04-08 14:05:28.417 11117 11228 E SQLiteDatabase:
android.database.sqlite.SQLiteConstraintException: UNIQUE constraint failed:
message_media.message_row_id (code 1555 SQLITE_CONSTRAINT_PRIMARYKEY)
04-08 14:05:28.417 11117 11228 E SQLiteDatabase: at
android.database.sqlite.SQLiteConnection.nativeExecuteForLastInsertedRowId(Native
Method)
04-08 14:05:28.417 11117 11228 E SQLiteDatabase: at
android.database.sqlite.SQLiteConnection.executeForLastInsertedRowId(SQLiteConnecti
on.java:938)
04-08 14:05:28.417 11117 11228 E SQLiteDatabase: at
android.database.sqlite.SQLiteSession.executeForLastInsertedRowId(SQLiteSession.jav
a:790)
04-08 14:05:28.417 11117 11228 E SQLiteDatabase: at
android.database.sqlite.SQLiteStatement.executeInsert(SQLiteStatement.java:88)
04-08 14:05:28.417 11117 11228 E SQLiteDatabase: at
android.database.sqlite.SQLiteDatabase.insertWithOnConflict(SQLiteDatabase.java:170
1)
04-08 14:05:28.417 11117 11228 E SQLiteDatabase: at
android.database.sqlite.SQLiteDatabase.insert(SQLiteDatabase.java:1570)
04-08 14:05:28.417 11117 11228 E SQLiteDatabase: at X.2tm.A08(Unknown
Source:6)
04-08 14:05:28.417 11117 11228 E SQLiteDatabase: at X.35Y.A07(Unknown
Source:212)
04-08 14:05:28.417 11117 11228 E SQLiteDatabase: at X.3QF.A14(Unknown
Source:470)
04-08 14:05:28.417 11117 11228 E SQLiteDatabase: at X.3gU.run(Unknown
Source:982)
04-08 14:05:28.417 11117 11228 E SQLiteDatabase: at
android.os.Handler.handleCallback(Handler.java:938)
04-08 14:05:28.417 11117 11228 E SQLiteDatabase: at
android.os.Handler.dispatchMessage(Handler.java:99)
04-08 14:05:28.417 11117 11228 E SQLiteDatabase: at
X.0zq.dispatchMessage(Unknown Source:4)
04-08 14:05:28.417 11117 11228 E SQLiteDatabase: at
android.os.Looper.loop(Looper.java:240)
04-08 14:05:28.417 11117 11228 E SQLiteDatabase: at
android.os.HandlerThread.run(HandlerThread.java:67)
04-08 14:05:30.270 11117 11117 E ArmVmp : Match on catch block at 0x0a in for 0xc5
04-08 14:05:30.272 11117 11117 E ArmVmp : Match on catch block at 0x0a in for 0xc1
04-08 14:05:30.415 11117 11117 E ArmVmp : Match on catch block at 0xc3 in for 0xb9
04-08 14:05:30.420 11117 11117 E ArmVmp : Match on catch block at 0xc3 in for 0xb9
04-08 14:05:30.472 11117 11117 E ArmVmp : Match on catch block at 0xc3 in for 0xa5
04-08 14:05:30.474 11117 11117 E ArmVmp : Match on catch block at 0xc3 in for 0xa9
04-08 14:05:30.475 11117 11117 E ArmVmp : Match on catch block at 0xc3 in for 0xa9
04-08 14:05:30.518 11117 11117 E ArmVmp : Match on catch block at 0xc3 in for 0xa9
04-08 14:05:30.520 11117 11117 E ArmVmp : Match on catch block at 0xc3 in for 0xa1
04-08 14:05:30.521 11117 11117 E ArmVmp : Match on catch block at 0xc3 in for 0xa1
04-08 14:05:30.549 11117 11117 E ArmVmp : Match on catch block at 0xc3 in for 0xa5
04-08 14:05:30.552 11117 11117 E ArmVmp : Match on catch block at 0xc3 in for 0xa9
04-08 14:05:30.553 11117 11117 E ArmVmp : Match on catch block at 0xc3 in for 0xa9
04-08 14:05:30.571 11117 11117 E ArmVmp : Match on catch block at 0xc3 in for 0xa9
04-08 14:05:30.572 11117 11117 E ArmVmp : Match on catch block at 0xc3 in for 0xa1
04-08 14:05:30.574 11117 11117 E ArmVmp : Match on catch block at 0xc3 in for 0xa1
04-08 14:05:30.590 11117 11117 E ArmVmp : Match on catch block at 0xc3 in for 0xa5
04-08 14:05:30.592 11117 11117 E ArmVmp : Match on catch block at 0xc3 in for 0xa9
04-08 14:05:30.594 11117 11117 E ArmVmp : Match on catch block at 0xc3 in for 0xa9
04-08 14:05:30.606 11117 11117 E ArmVmp : Match on catch block at 0xc3 in for 0xa1
04-08 14:05:30.608 11117 11117 E ArmVmp : Match on catch block at 0xc3 in for 0xa5
04-08 14:05:30.610 11117 11117 E ArmVmp : Match on catch block at 0xc3 in for 0xa5
04-08 14:05:30.626 11117 11117 E ArmVmp : Match on catch block at 0xc3 in for 0xa9
04-08 14:05:30.628 11117 11117 E ArmVmp : Match on catch block at 0xc3 in for 0xa1
04-08 14:05:30.630 11117 11117 E ArmVmp : Match on catch block at 0xc3 in for 0xa1
04-08 14:05:30.642 11117 11117 E ArmVmp : Match on catch block at 0xc3 in for 0xa5
04-08 14:05:30.644 11117 11117 E ArmVmp : Match on catch block at 0xc3 in for 0xa9
04-08 14:05:30.646 11117 11117 E ArmVmp : Match on catch block at 0xc3 in for 0xa9
04-08 14:05:30.659 11117 11117 E ArmVmp : Match on catch block at 0xc3 in for 0xa1
04-08 14:05:30.661 11117 11117 E ArmVmp : Match on catch block at 0xc3 in for 0xa5
04-08 14:05:30.662 11117 11117 E ArmVmp : Match on catch block at 0xc3 in for 0xa5
04-08 14:05:30.676 11117 11117 E ArmVmp : Match on catch block at 0xc3 in for 0xa9
04-08 14:05:30.678 11117 11117 E ArmVmp : Match on catch block at 0xc3 in for 0xa1
04-08 14:05:30.680 11117 11117 E ArmVmp : Match on catch block at 0xc3 in for 0xa1
04-08 14:05:30.690 11117 13816 W libEGL : EGLNativeWindowType 0xb400007cc26a6fd0
disconnect failed
04-08 14:05:30.700 11117 11117 E ArmVmp : Match on catch block at 0xc3 in for 0xa5
04-08 14:05:30.702 11117 11117 E ArmVmp : Match on catch block at 0xc3 in for 0xa9
04-08 14:05:30.703 11117 11117 E ArmVmp : Match on catch block at 0xc3 in for 0xa9
04-08 14:05:30.716 11117 11117 E ArmVmp : Match on catch block at 0xc3 in for 0xa1
04-08 14:05:30.718 11117 11117 E ArmVmp : Match on catch block at 0xc3 in for 0xa5
04-08 14:05:30.720 11117 11117 E ArmVmp : Match on catch block at 0xc3 in for 0xa5
04-08 14:05:30.726 11117 11117 E ArmVmp : Match on catch block at 0xc3 in for 0xa9
04-08 14:05:30.728 11117 11117 E ArmVmp : Match on catch block at 0xc3 in for 0xa1
04-08 14:05:30.729 11117 11117 E ArmVmp : Match on catch block at 0xc3 in for 0xa1
04-08 14:05:30.742 11117 11117 E ArmVmp : Match on catch block at 0xc3 in for 0xa5
04-08 14:05:30.744 11117 11117 E ArmVmp : Match on catch block at 0xc3 in for 0xa9
04-08 14:05:30.745 11117 11117 E ArmVmp : Match on catch block at 0xc3 in for 0xa9
04-08 14:05:30.759 11117 11117 E ArmVmp : Match on catch block at 0xc3 in for 0xa1
04-08 14:05:30.761 11117 11117 E ArmVmp : Match on catch block at 0xc3 in for 0xa5
04-08 14:05:30.763 11117 11117 E ArmVmp : Match on catch block at 0xc3 in for 0xa5
04-08 14:05:30.776 11117 11117 E ArmVmp : Match on catch block at 0xc3 in for 0xa9
04-08 14:05:30.778 11117 11117 E ArmVmp : Match on catch block at 0xc3 in for 0xa1
04-08 14:05:30.780 11117 11117 E ArmVmp : Match on catch block at 0xc3 in for 0xa1
04-08 14:05:30.793 11117 11117 E ArmVmp : Match on catch block at 0xc3 in for 0xa5
04-08 14:05:30.795 11117 11117 E ArmVmp : Match on catch block at 0xc3 in for 0xa9
04-08 14:05:30.796 11117 11117 E ArmVmp : Match on catch block at 0xc3 in for 0xa9
04-08 14:05:30.809 11117 11117 E ArmVmp : Match on catch block at 0xc3 in for 0xa1
04-08 14:05:30.811 11117 11117 E ArmVmp : Match on catch block at 0xc3 in for 0xa5
04-08 14:05:30.812 11117 11117 E ArmVmp : Match on catch block at 0xc3 in for 0xa5
04-08 14:05:30.826 11117 11117 E ArmVmp : Match on catch block at 0xc3 in for 0xa9
04-08 14:05:30.828 11117 11117 E ArmVmp : Match on catch block at 0xc3 in for 0xa1
04-08 14:05:31.043 11117 11117 E ArmVmp : Match on catch block at 0xc3 in for 0xa1
04-08 14:05:31.046 11117 11117 E ArmVmp : Match on catch block at 0xc3 in for 0xa5
04-08 14:05:31.126 11117 11117 E ArmVmp : Match on catch block at 0xc3 in for 0xa5
04-08 14:05:31.129 11117 11117 E ArmVmp : Match on catch block at 0xc3 in for 0xa9
04-08 14:05:31.130 11117 11117 E ArmVmp : Match on catch block at 0xc3 in for 0xa9
04-08 14:05:31.143 11117 11117 E ArmVmp : Match on catch block at 0xc3 in for 0xa1
04-08 14:05:31.147 11117 11117 E ArmVmp : Match on catch block at 0xc3 in for 0xa5
04-08 14:05:31.149 11117 11117 E ArmVmp : Match on catch block at 0xc3 in for 0xa5
04-08 14:05:31.160 11117 11117 E ArmVmp : Match on catch block at 0xc3 in for 0xa9
04-08 14:05:31.163 11117 11117 E ArmVmp : Match on catch block at 0xc3 in for 0xa1
04-08 14:05:31.165 11117 11117 E ArmVmp : Match on catch block at 0xc3 in for 0xa1
04-08 14:05:31.177 11117 11117 E ArmVmp : Match on catch block at 0xc3 in for 0xa5
04-08 14:05:31.180 11117 11117 E ArmVmp : Match on catch block at 0xc3 in for 0xa9
04-08 14:05:31.182 11117 11117 E ArmVmp : Match on catch block at 0xc3 in for 0xa9
04-08 14:05:31.194 11117 11117 E ArmVmp : Match on catch block at 0xc3 in for 0xa1
04-08 14:05:31.197 11117 11117 E ArmVmp : Match on catch block at 0xc3 in for 0xa5
04-08 14:05:31.199 11117 11117 E ArmVmp : Match on catch block at 0xc3 in for 0xa5
04-08 14:05:31.210 11117 11117 E ArmVmp : Match on catch block at 0xc3 in for 0xa9
04-08 14:05:31.213 11117 11117 E ArmVmp : Match on catch block at 0xc3 in for 0xa1
04-08 14:05:31.216 11117 11117 E ArmVmp : Match on catch block at 0xc3 in for 0xa1
04-08 14:05:31.227 11117 11117 E ArmVmp : Match on catch block at 0xc3 in for 0xa5
04-08 14:05:31.230 11117 11117 E ArmVmp : Match on catch block at 0xc3 in for 0xa9
04-08 14:05:31.232 11117 11117 E ArmVmp : Match on catch block at 0xc3 in for 0xa9
04-08 14:05:31.244 11117 11117 E ArmVmp : Match on catch block at 0xc3 in for 0xa1
04-08 14:05:31.247 11117 11117 E ArmVmp : Match on catch block at 0xc3 in for 0xa5
04-08 14:05:31.249 11117 11117 E ArmVmp : Match on catch block at 0xc3 in for 0xa5
04-08 14:05:31.261 11117 11117 E ArmVmp : Match on catch block at 0xc3 in for 0xa9
04-08 14:05:31.264 11117 11117 E ArmVmp : Match on catch block at 0xc3 in for 0xa1
04-08 14:05:31.266 11117 11117 E ArmVmp : Match on catch block at 0xc3 in for 0xa1
04-08 14:05:31.277 11117 11117 E ArmVmp : Match on catch block at 0xc3 in for 0xa5
04-08 14:05:31.281 11117 11117 E ArmVmp : Match on catch block at 0xc3 in for 0xa9
04-08 14:05:31.283 11117 11117 E ArmVmp : Match on catch block at 0xc3 in for 0xa9
04-08 14:05:31.294 11117 11117 E ArmVmp : Match on catch block at 0xc3 in for 0xa1
04-08 14:05:31.297 11117 11117 E ArmVmp : Match on catch block at 0xc3 in for 0xa5
04-08 14:05:31.299 11117 11117 E ArmVmp : Match on catch block at 0xc3 in for 0xa5
04-08 14:05:31.310 11117 11117 E ArmVmp : Match on catch block at 0xc3 in for 0xa9
04-08 14:05:31.313 11117 11117 E ArmVmp : Match on catch block at 0xc3 in for 0xa1
04-08 14:05:31.316 11117 11117 E ArmVmp : Match on catch block at 0xc3 in for 0xa1
04-08 14:05:31.327 11117 11117 E ArmVmp : Match on catch block at 0xc3 in for 0xa5
04-08 14:05:31.330 11117 11117 E ArmVmp : Match on catch block at 0xc3 in for 0xa9
04-08 14:05:31.332 11117 11117 E ArmVmp : Match on catch block at 0xc3 in for 0xa9
04-08 14:05:31.344 11117 11117 E ArmVmp : Match on catch block at 0xc3 in for 0xa1
04-08 14:05:31.347 11117 11117 E ArmVmp : Match on catch block at 0xc3 in for 0xa5
04-08 14:05:31.349 11117 11117 E ArmVmp : Match on catch block at 0xc3 in for 0xa5
04-08 14:05:31.360 11117 11117 E ArmVmp : Match on catch block at 0xc3 in for 0xa9
04-08 14:05:31.364 11117 11117 E ArmVmp : Match on catch block at 0xc3 in for 0xa1
04-08 14:05:31.366 11117 11117 E ArmVmp : Match on catch block at 0xc3 in for 0xa1
04-08 14:05:31.378 11117 11117 E ArmVmp : Match on catch block at 0xc3 in for 0xa5
04-08 14:05:31.381 11117 11117 E ArmVmp : Match on catch block at 0xc3 in for 0xa9
04-08 14:05:31.383 11117 11117 E ArmVmp : Match on catch block at 0xc3 in for 0xa9
04-08 14:05:31.396 11117 11117 E ArmVmp : Match on catch block at 0xc3 in for 0xa1
04-08 14:05:31.399 11117 11117 E ArmVmp : Match on catch block at 0xc3 in for 0xa5
04-08 14:05:31.402 11117 11117 E ArmVmp : Match on catch block at 0xc3 in for 0xa5
04-08 14:05:31.410 11117 11117 E ArmVmp : Match on catch block at 0xc3 in for 0xa9
04-08 14:05:31.412 11117 11117 E ArmVmp : Match on catch block at 0xc3 in for 0xa1
04-08 14:05:31.414 11117 11117 E ArmVmp : Match on catch block at 0xc3 in for 0xa1
04-08 14:05:31.426 11117 11117 E ArmVmp : Match on catch block at 0xc3 in for 0xa5
04-08 14:05:31.429 11117 11117 E ArmVmp : Match on catch block at 0xc3 in for 0xa9
04-08 14:05:31.430 11117 11117 E ArmVmp : Match on catch block at 0xc3 in for 0xa9
04-08 14:05:31.544 11117 11117 E ArmVmp : Match on catch block at 0xc3 in for 0xa1
04-08 14:05:31.546 11117 11117 E ArmVmp : Match on catch block at 0xc3 in for 0xa5
04-08 14:05:31.548 11117 11117 E ArmVmp : Match on catch block at 0xc3 in for 0xa5
04-08 14:05:32.034 11117 11117 E ArmVmp : Match on catch block at 0xc3 in for 0xa5
04-08 14:05:32.037 11117 11117 E ArmVmp : Match on catch block at 0xc3 in for 0xa9
04-08 14:05:32.038 11117 11117 E ArmVmp : Match on catch block at 0xc3 in for 0xa9
04-08 14:05:32.044 11117 11117 E ArmVmp : Match on catch block at 0xc3 in for 0xa1
04-08 14:05:32.046 11117 11117 E ArmVmp : Match on catch block at 0xc3 in for 0xa5
04-08 14:05:32.048 11117 11117 E ArmVmp : Match on catch block at 0xc3 in for 0xa5
04-08 14:05:32.545 11117 11117 E ArmVmp : Match on catch block at 0xc3 in for 0xa9
04-08 14:05:32.549 11117 11117 E ArmVmp : Match on catch block at 0xc3 in for 0xa1
04-08 14:05:32.552 11117 11117 E ArmVmp : Match on catch block at 0xc3 in for 0xa1
04-08 14:05:33.045 11117 11117 E ArmVmp : Match on catch block at 0xc3 in for 0xa5
04-08 14:05:33.048 11117 11117 E ArmVmp : Match on catch block at 0xc3 in for 0xa9
04-08 14:05:33.084 11117 11117 E ArmVmp : Match on catch block at 0xc3 in for 0xa9
04-08 14:05:33.087 11117 11117 E ArmVmp : Match on catch block at 0xc3 in for 0xa1
04-08 14:05:33.088 11117 11117 E ArmVmp : Match on catch block at 0xc3 in for 0xa1
04-08 14:05:33.097 11117 13829 W MediaPlayer: Use of stream types is deprecated for
operations other than volume control
04-08 14:05:33.097 11117 13829 W MediaPlayer: See the documentation of
setAudioStreamType() for what to use instead with android.media.AudioAttributes to
qualify your playback use case
04-08 14:05:33.128 11117 11117 E ArmVmp : Match on catch block at 0xc3 in for 0xa9
04-08 14:05:33.131 11117 11117 E ArmVmp : Match on catch block at 0xc3 in for 0xa1
04-08 14:05:33.133 11117 11117 E ArmVmp : Match on catch block at 0xc3 in for 0xa1
04-08 14:05:33.152 11117 11117 E ArmVmp : Match on catch block at 0xc3 in for 0xa9
04-08 14:05:33.154 11117 11117 E ArmVmp : Match on catch block at 0xc3 in for 0xa1
04-08 14:05:33.156 11117 11117 E ArmVmp : Match on catch block at 0xc3 in for 0xa1
04-08 14:05:33.167 11117 11117 E ArmVmp : Match on catch block at 0xc3 in for 0xa5
04-08 14:05:33.170 11117 11117 E ArmVmp : Match on catch block at 0xc3 in for 0xa9
04-08 14:05:33.172 11117 11117 E ArmVmp : Match on catch block at 0xc3 in for 0xa9
04-08 14:05:33.179 11117 11117 E ArmVmp : Match on catch block at 0xc3 in for 0xa1
04-08 14:05:33.182 11117 11117 E ArmVmp : Match on catch block at 0xc3 in for 0xa5
04-08 14:05:33.184 11117 11117 E ArmVmp : Match on catch block at 0xc3 in for 0xa5
04-08 14:05:33.195 11117 11117 E ArmVmp : Match on catch block at 0xc3 in for 0xa9
04-08 14:05:33.198 11117 11117 E ArmVmp : Match on catch block at 0xc3 in for 0xa1
04-08 14:05:33.200 11117 11117 E ArmVmp : Match on catch block at 0xc3 in for 0xa1
04-08 14:05:33.212 11117 11117 E ArmVmp : Match on catch block at 0xc3 in for 0xa5
04-08 14:05:33.215 11117 11117 E ArmVmp : Match on catch block at 0xc3 in for 0xa9
04-08 14:05:33.216 11117 11117 E ArmVmp : Match on catch block at 0xc3 in for 0xa9
04-08 14:05:33.228 11117 11117 E ArmVmp : Match on catch block at 0xc3 in for 0xa1
04-08 14:05:33.231 11117 11117 E ArmVmp : Match on catch block at 0xc3 in for 0xa5
04-08 14:05:33.232 11117 11117 E ArmVmp : Match on catch block at 0xc3 in for 0xa5
04-08 14:05:33.546 11117 11117 E ArmVmp : Match on catch block at 0xc3 in for 0xa5
04-08 14:05:33.551 11117 11117 E ArmVmp : Match on catch block at 0xc3 in for 0xa9
04-08 14:05:33.575 11117 11117 E ArmVmp : Match on catch block at 0xc3 in for 0xa9
04-08 14:05:33.579 11117 11117 E ArmVmp : Match on catch block at 0xc3 in for 0xa1
04-08 14:05:33.581 11117 11117 E ArmVmp : Match on catch block at 0xc3 in for 0xa1
04-08 14:05:33.586 11117 11117 E ArmVmp : Match on catch block at 0xc3 in for 0xa5
04-08 14:05:33.588 11117 11117 E ArmVmp : Match on catch block at 0xc3 in for 0xa9
04-08 14:05:33.590 11117 11117 E ArmVmp : Match on catch block at 0xc3 in for 0xa9
04-08 14:05:34.046 11117 11117 E ArmVmp : Match on catch block at 0xc3 in for 0xa1
04-08 14:05:34.049 11117 11117 E ArmVmp : Match on catch block at 0xc3 in for 0xa5
04-08 14:05:34.051 11117 11117 E ArmVmp : Match on catch block at 0xc3 in for 0xa5
04-08 14:05:34.192 11117 11117 E ArmVmp : Match on catch block at 0xc3 in for 0xa9
04-08 14:05:34.195 11117 11117 E ArmVmp : Match on catch block at 0xc3 in for 0xa1
04-08 14:05:34.197 11117 11117 E ArmVmp : Match on catch block at 0xc3 in for 0xa1
04-08 14:05:34.205 11117 13829 W MediaPlayer: Use of stream types is deprecated for
operations other than volume control
04-08 14:05:34.205 11117 13829 W MediaPlayer: See the documentation of
setAudioStreamType() for what to use instead with android.media.AudioAttributes to
qualify your playback use case
04-08 14:05:34.220 11117 11117 E ArmVmp : Match on catch block at 0xc3 in for 0xa9
04-08 14:05:34.223 11117 11117 E ArmVmp : Match on catch block at 0xc3 in for 0xa1
04-08 14:05:34.225 11117 11117 E ArmVmp : Match on catch block at 0xc3 in for 0xa1
04-08 14:05:34.243 11117 11117 E ArmVmp : Match on catch block at 0xc3 in for 0xa1
04-08 14:05:34.246 11117 11117 E ArmVmp : Match on catch block at 0xc3 in for 0xa5
04-08 14:05:34.248 11117 11117 E ArmVmp : Match on catch block at 0xc3 in for 0xa5
04-08 14:05:34.254 11117 11117 E ArmVmp : Match on catch block at 0xc3 in for 0xa9
04-08 14:05:34.256 11117 11117 E ArmVmp : Match on catch block at 0xc3 in for 0xa1
04-08 14:05:34.259 11117 11117 E ArmVmp : Match on catch block at 0xc3 in for 0xa1
04-08 14:05:34.547 11117 11117 E ArmVmp : Match on catch block at 0xc3 in for 0xa1
04-08 14:05:34.550 11117 11117 E ArmVmp : Match on catch block at 0xc3 in for 0xa5
04-08 14:05:34.553 11117 11117 E ArmVmp : Match on catch block at 0xc3 in for 0xa5
04-08 14:05:35.047 11117 11117 E ArmVmp : Match on catch block at 0xc3 in for 0xa9
04-08 14:05:35.049 11117 11117 E ArmVmp : Match on catch block at 0xc3 in for 0xa1
04-08 14:05:35.305 11117 11117 E ArmVmp : Match on catch block at 0xc3 in for 0xa1
04-08 14:05:35.308 11117 11117 E ArmVmp : Match on catch block at 0xc3 in for 0xa5
04-08 14:05:35.311 11117 11117 E ArmVmp : Match on catch block at 0xc3 in for 0xa5
04-08 14:05:35.318 11117 11117 E ArmVmp : Match on catch block at 0xc3 in for 0xa9
04-08 14:05:35.320 11117 11117 E ArmVmp : Match on catch block at 0xc3 in for 0xa1
04-08 14:05:35.322 11117 11117 E ArmVmp : Match on catch block at 0xc3 in for 0xa1
04-08 14:05:35.547 11117 11117 E ArmVmp : Match on catch block at 0xc3 in for 0xa5
04-08 14:05:35.551 11117 11117 E ArmVmp : Match on catch block at 0xc3 in for 0xa9
04-08 14:05:35.554 11117 11117 E ArmVmp : Match on catch block at 0xc3 in for 0xa9
04-08 14:05:36.065 11117 11117 E ArmVmp : Match on catch block at 0xc3 in for 0xa1
04-08 14:05:36.069 11117 11117 E ArmVmp : Match on catch block at 0xc3 in for 0xa5
04-08 14:05:36.071 11117 11117 E ArmVmp : Match on catch block at 0xc3 in for 0xa5
04-08 14:05:36.548 11117 11117 E ArmVmp : Match on catch block at 0xc3 in for 0xa9
04-08 14:05:36.552 11117 11117 E ArmVmp : Match on catch block at 0xc3 in for 0xa1
04-08 14:05:36.554 11117 11117 E ArmVmp : Match on catch block at 0xc3 in for 0xa1
04-08 14:05:36.916 11117 11117 E ArmVmp : Match on catch block at 0xc3 in for 0xa5
04-08 14:05:36.920 11117 11117 E ArmVmp : Match on catch block at 0xc3 in for 0xa9
04-08 14:05:36.923 11117 11117 E ArmVmp : Match on catch block at 0xc3 in for 0xa9
04-08 14:05:36.933 11117 11117 E ArmVmp : Match on catch block at 0xc3 in for 0xa1
04-08 14:05:36.937 11117 11117 E ArmVmp : Match on catch block at 0xc3 in for 0xa5
04-08 14:05:36.940 11117 11117 E ArmVmp : Match on catch block at 0xc3 in for 0xa5
04-08 14:05:36.949 11117 11117 E ArmVmp : Match on catch block at 0xc3 in for 0xa9
04-08 14:05:36.952 11117 11117 E ArmVmp : Match on catch block at 0xc3 in for 0xa1
04-08 14:05:36.956 11117 11117 E ArmVmp : Match on catch block at 0xc3 in for 0xa1
04-08 14:05:36.966 11117 11117 E ArmVmp : Match on catch block at 0xc3 in for 0xa5
04-08 14:05:36.969 11117 11117 E ArmVmp : Match on catch block at 0xc3 in for 0xa9
04-08 14:05:36.971 11117 11117 E ArmVmp : Match on catch block at 0xc3 in for 0xa9
04-08 14:05:36.982 11117 11117 E ArmVmp : Match on catch block at 0xc3 in for 0xa1
04-08 14:05:36.986 11117 11117 E ArmVmp : Match on catch block at 0xc3 in for 0xa5
04-08 14:05:36.988 11117 11117 E ArmVmp : Match on catch block at 0xc3 in for 0xa5
04-08 14:05:36.999 11117 11117 E ArmVmp : Match on catch block at 0xc3 in for 0xa9
04-08 14:05:37.003 11117 11117 E ArmVmp : Match on catch block at 0xc3 in for 0xa1
04-08 14:05:37.005 11117 11117 E ArmVmp : Match on catch block at 0xc3 in for 0xa1
04-08 14:05:37.016 11117 11117 E ArmVmp : Match on catch block at 0xc3 in for 0xa5
04-08 14:05:37.019 11117 11117 E ArmVmp : Match on catch block at 0xc3 in for 0xa9
04-08 14:05:37.021 11117 11117 E ArmVmp : Match on catch block at 0xc3 in for 0xa9
04-08 14:05:37.033 11117 11117 E ArmVmp : Match on catch block at 0xc3 in for 0xa1
04-08 14:05:37.037 11117 11117 E ArmVmp : Match on catch block at 0xc3 in for 0xa5
04-08 14:05:37.039 11117 11117 E ArmVmp : Match on catch block at 0xc3 in for 0xa5
04-08 14:05:37.050 11117 11117 E ArmVmp : Match on catch block at 0xc3 in for 0xa9
04-08 14:05:37.055 11117 11117 E ArmVmp : Match on catch block at 0xc3 in for 0xa1
04-08 14:05:37.057 11117 11117 E ArmVmp : Match on catch block at 0xc3 in for 0xa1
04-08 14:05:37.067 11117 11117 E ArmVmp : Match on catch block at 0xc3 in for 0xa5
04-08 14:05:37.072 11117 11117 E ArmVmp : Match on catch block at 0xc3 in for 0xa9
04-08 14:05:37.074 11117 11117 E ArmVmp : Match on catch block at 0xc3 in for 0xa9
04-08 14:05:37.082 11117 11117 E ArmVmp : Match on catch block at 0xc3 in for 0xa1
04-08 14:05:37.085 11117 11117 E ArmVmp : Match on catch block at 0xc3 in for 0xa5
04-08 14:05:37.088 11117 11117 E ArmVmp : Match on catch block at 0xc3 in for 0xa5
04-08 14:05:37.099 11117 11117 E ArmVmp : Match on catch block at 0xc3 in for 0xa9
04-08 14:05:37.103 11117 11117 E ArmVmp : Match on catch block at 0xc3 in for 0xa1
04-08 14:05:37.104 11117 11117 E ArmVmp : Match on catch block at 0xc3 in for 0xa1
04-08 14:05:37.116 11117 11117 E ArmVmp : Match on catch block at 0xc3 in for 0xa5
04-08 14:05:37.120 11117 11117 E ArmVmp : Match on catch block at 0xc3 in for 0xa9
04-08 14:05:37.121 11117 11117 E ArmVmp : Match on catch block at 0xc3 in for 0xa9
04-08 14:05:37.132 11117 11117 E ArmVmp : Match on catch block at 0xc3 in for 0xa1
04-08 14:05:37.136 11117 11117 E ArmVmp : Match on catch block at 0xc3 in for 0xa5
04-08 14:05:37.138 11117 11117 E ArmVmp : Match on catch block at 0xc3 in for 0xa5
04-08 14:05:37.149 11117 11117 E ArmVmp : Match on catch block at 0xc3 in for 0xa9
04-08 14:05:37.152 11117 11117 E ArmVmp : Match on catch block at 0xc3 in for 0xa1
04-08 14:05:37.154 11117 11117 E ArmVmp : Match on catch block at 0xc3 in for 0xa1
04-08 14:05:37.166 11117 11117 E ArmVmp : Match on catch block at 0xc3 in for 0xa5
04-08 14:05:37.169 11117 11117 E ArmVmp : Match on catch block at 0xc3 in for 0xa9
04-08 14:05:37.171 11117 11117 E ArmVmp : Match on catch block at 0xc3 in for 0xa9
04-08 14:05:37.567 11117 11117 E ArmVmp : Match on catch block at 0xc3 in for 0xa1
04-08 14:05:37.571 11117 11117 E ArmVmp : Match on catch block at 0xc3 in for 0xa5
04-08 14:05:37.574 11117 11117 E ArmVmp : Match on catch block at 0xc3 in for 0xa5
04-08 14:05:38.067 11117 11117 E ArmVmp : Match on catch block at 0xc3 in for 0xa9
04-08 14:05:38.071 11117 11117 E ArmVmp : Match on catch block at 0xc3 in for 0xa1
04-08 14:05:38.074 11117 11117 E ArmVmp : Match on catch block at 0xc3 in for 0xa1
04-08 14:05:38.284 11117 11117 E ArmVmp : Match on catch block at 0xc3 in for 0xa1
04-08 14:05:38.288 11117 11117 E ArmVmp : Match on catch block at 0xc3 in for 0xa5
04-08 14:05:38.291 11117 11117 E ArmVmp : Match on catch block at 0xc3 in for 0xa5
04-08 14:05:38.568 11117 11117 E ArmVmp : Match on catch block at 0xc3 in for 0xa9
04-08 14:05:38.572 11117 11117 E ArmVmp : Match on catch block at 0xc3 in for 0xa1
04-08 14:05:38.575 11117 11117 E ArmVmp : Match on catch block at 0xc3 in for 0xa1
04-08 14:05:38.752 11117 11117 E ArmVmp : Match on catch block at 0xc3 in for 0xa9
04-08 14:05:38.755 11117 11117 E ArmVmp : Match on catch block at 0xc3 in for 0xa1
04-08 14:05:38.757 11117 11117 E ArmVmp : Match on catch block at 0xc3 in for 0xa1
04-08 14:05:38.793 11117 11117 E ArmVmp : Match on catch block at 0xc3 in for 0xa5
04-08 14:05:38.796 11117 11117 E ArmVmp : Match on catch block at 0xc3 in for 0xa9
04-08 14:05:38.798 11117 11117 E ArmVmp : Match on catch block at 0xc3 in for 0xa9
04-08 14:05:38.836 11117 11117 E ArmVmp : Match on catch block at 0xc3 in for 0xa1
04-08 14:05:38.839 11117 11117 E ArmVmp : Match on catch block at 0xc3 in for 0xa5
04-08 14:05:38.840 11117 11117 E ArmVmp : Match on catch block at 0xc3 in for 0xa5
04-08 14:05:38.854 11117 11117 E ArmVmp : Match on catch block at 0xc3 in for 0xa9
04-08 14:05:38.857 11117 11117 E ArmVmp : Match on catch block at 0xc3 in for 0xa1
04-08 14:05:38.860 11117 11117 E ArmVmp : Match on catch block at 0xc3 in for 0xa1
04-08 14:05:38.875 11117 13816 W libEGL : EGLNativeWindowType 0xb400007cc2693d40
disconnect failed
04-08 14:05:38.883 11117 11117 E ArmVmp : Match on catch block at 0xc3 in for 0xa5
04-08 14:05:38.887 11117 11117 E ArmVmp : Match on catch block at 0xc3 in for 0xa9
04-08 14:05:38.889 11117 11117 E ArmVmp : Match on catch block at 0xc3 in for 0xa9
04-08 14:05:38.895 11117 11117 E ArmVmp : Match on catch block at 0xc3 in for 0xa1
04-08 14:05:38.897 11117 11117 E ArmVmp : Match on catch block at 0xc3 in for 0xa5
04-08 14:05:38.900 11117 11117 E ArmVmp : Match on catch block at 0xc3 in for 0xa5
04-08 14:05:38.924 11117 11117 E ArmVmp : Match on catch block at 0xc3 in for 0xa9
04-08 14:05:38.927 11117 11117 E ArmVmp : Match on catch block at 0xc3 in for 0xa1
04-08 14:05:38.936 11117 11117 E ArmVmp : Match on catch block at 0xc3 in for 0xa1
04-08 14:05:38.947 11117 11117 E ArmVmp : Match on catch block at 0xc3 in for 0xa5
04-08 14:05:38.949 11117 11117 E ArmVmp : Match on catch block at 0xc3 in for 0xa9
04-08 14:05:38.952 11117 11117 E ArmVmp : Match on catch block at 0xc3 in for 0xa9
04-08 14:05:39.002 11117 11117 E ArmVmp : Match on catch block at 0xc3 in for 0xa1
04-08 14:05:39.005 11117 11117 E ArmVmp : Match on catch block at 0xc3 in for 0xa5
04-08 14:05:39.007 11117 11117 E ArmVmp : Match on catch block at 0xc3 in for 0xa5
04-08 14:05:39.068 11117 11117 E ArmVmp : Match on catch block at 0xc3 in for 0xa1
04-08 14:05:39.070 11117 11117 E ArmVmp : Match on catch block at 0xc3 in for 0xa5
04-08 14:05:39.073 11117 11117 E ArmVmp : Match on catch block at 0xc3 in for 0xa5
04-08 14:05:39.569 11117 11117 E ArmVmp : Match on catch block at 0xc3 in for 0xa5
04-08 14:05:39.573 11117 11117 E ArmVmp : Match on catch block at 0xc3 in for 0xa9
04-08 14:05:39.576 11117 11117 E ArmVmp : Match on catch block at 0xc3 in for 0xa9
04-08 14:05:40.069 11117 11117 E ArmVmp : Match on catch block at 0xc3 in for 0xa1
04-08 14:05:40.074 11117 11117 E ArmVmp : Match on catch block at 0xc3 in for 0xa5
04-08 14:05:40.077 11117 11117 E ArmVmp : Match on catch block at 0xc3 in for 0xa5
04-08 14:05:40.168 11117 13816 W libEGL : EGLNativeWindowType 0xb400007cc2693d40
disconnect failed
04-08 14:05:40.175 11117 11117 W InputEventReceiver: Attempted to finish an input
event but the input event receiver has already been disposed.
04-08 14:05:40.303 11117 11117 E ArmVmp : Match on catch block at 0xc3 in for 0xa9
04-08 14:05:40.308 11117 11117 E ArmVmp : Match on catch block at 0xc3 in for 0xa1
04-08 14:05:40.311 11117 11117 E ArmVmp : Match on catch block at 0xc3 in for 0xa1
04-08 14:05:40.320 11117 11117 E ArmVmp : Match on catch block at 0xc3 in for 0xa1
04-08 14:05:40.323 11117 11117 E ArmVmp : Match on catch block at 0xc3 in for 0xa5
04-08 14:05:40.326 11117 11117 E ArmVmp : Match on catch block at 0xc3 in for 0xa5
04-08 14:05:40.394 11117 11117 E ArmVmp : Match on catch block at 0xc3 in for 0xa5
04-08 14:05:40.398 11117 11117 E ArmVmp : Match on catch block at 0xc3 in for 0xa9
04-08 14:05:40.400 11117 11117 E ArmVmp : Match on catch block at 0xc3 in for 0xa9
04-08 14:05:40.407 11117 11117 E ArmVmp : Match on catch block at 0xc3 in for 0xa1
04-08 14:05:40.411 11117 11117 E ArmVmp : Match on catch block at 0xc3 in for 0xa5
04-08 14:05:40.413 11117 11117 E ArmVmp : Match on catch block at 0xc3 in for 0xa5
04-08 14:05:40.418 11117 11117 E ArmVmp : Match on catch block at 0xc3 in for 0xa9
04-08 14:05:40.422 11117 11117 E ArmVmp : Match on catch block at 0xc3 in for 0xa1
04-08 14:05:40.423 11117 11117 E ArmVmp : Match on catch block at 0xc3 in for 0xa1
04-08 14:05:40.435 11117 11117 E ArmVmp : Match on catch block at 0xc3 in for 0xa5
04-08 14:05:40.438 11117 11117 E ArmVmp : Match on catch block at 0xc3 in for 0xa9
04-08 14:05:40.440 11117 11117 E ArmVmp : Match on catch block at 0xc3 in for 0xa9
04-08 14:05:40.452 11117 11117 E ArmVmp : Match on catch block at 0xc3 in for 0xa1
04-08 14:05:40.456 11117 11117 E ArmVmp : Match on catch block at 0xc3 in for 0xa5
04-08 14:05:40.457 11117 11117 E ArmVmp : Match on catch block at 0xc3 in for 0xa5
04-08 14:05:40.469 11117 11117 E ArmVmp : Match on catch block at 0xc3 in for 0xa9
04-08 14:05:40.471 11117 11117 E ArmVmp : Match on catch block at 0xc3 in for 0xa1
04-08 14:05:40.473 11117 11117 E ArmVmp : Match on catch block at 0xc3 in for 0xa1
04-08 14:05:40.485 11117 11117 E ArmVmp : Match on catch block at 0xc3 in for 0xa5
04-08 14:05:40.489 11117 11117 E ArmVmp : Match on catch block at 0xc3 in for 0xa9
04-08 14:05:40.491 11117 11117 E ArmVmp : Match on catch block at 0xc3 in for 0xa9
04-08 14:05:40.502 11117 11117 E ArmVmp : Match on catch block at 0xc3 in for 0xa1
04-08 14:05:40.505 11117 11117 E ArmVmp : Match on catch block at 0xc3 in for 0xa5
04-08 14:05:40.507 11117 11117 E ArmVmp : Match on catch block at 0xc3 in for 0xa5
04-08 14:05:40.520 11117 11117 E ArmVmp : Match on catch block at 0xc3 in for 0xa9
04-08 14:05:40.524 11117 11117 E ArmVmp : Match on catch block at 0xc3 in for 0xa1
04-08 14:05:40.527 11117 11117 E ArmVmp : Match on catch block at 0xc3 in for 0xa1
04-08 14:05:40.537 11117 11117 E ArmVmp : Match on catch block at 0xc3 in for 0xa5
04-08 14:05:40.541 11117 11117 E ArmVmp : Match on catch block at 0xc3 in for 0xa9
04-08 14:05:40.543 11117 11117 E ArmVmp : Match on catch block at 0xc3 in for 0xa9
04-08 14:05:40.554 11117 11117 E ArmVmp : Match on catch block at 0xc3 in for 0xa1
04-08 14:05:40.558 11117 11117 E ArmVmp : Match on catch block at 0xc3 in for 0xa5
04-08 14:05:40.560 11117 11117 E ArmVmp : Match on catch block at 0xc3 in for 0xa5
04-08 14:05:40.570 11117 11117 E ArmVmp : Match on catch block at 0xc3 in for 0xa9
04-08 14:05:40.575 11117 11117 E ArmVmp : Match on catch block at 0xc3 in for 0xa1
04-08 14:05:40.577 11117 11117 E ArmVmp : Match on catch block at 0xc3 in for 0xa1
04-08 14:05:40.587 11117 11117 E ArmVmp : Match on catch block at 0xc3 in for 0xa5
04-08 14:05:40.590 11117 11117 E ArmVmp : Match on catch block at 0xc3 in for 0xa9
04-08 14:05:40.593 11117 11117 E ArmVmp : Match on catch block at 0xc3 in for 0xa9
04-08 14:05:41.087 11117 11117 E ArmVmp : Match on catch block at 0xc3 in for 0xa1
04-08 14:05:41.090 11117 11117 E ArmVmp : Match on catch block at 0xc3 in for 0xa5
04-08 14:05:41.093 11117 11117 E ArmVmp : Match on catch block at 0xc3 in for 0xa5
04-08 14:05:41.194 11117 11117 E ArmVmp : Match on catch block at 0xc3 in for 0xa5
04-08 14:05:41.197 11117 11117 E ArmVmp : Match on catch block at 0xc3 in for 0xa9
04-08 14:05:41.199 11117 11117 E ArmVmp : Match on catch block at 0xc3 in for 0xa9
04-08 14:05:41.220 11117 11117 E ArmVmp : Match on catch block at 0xc3 in for 0xa1
04-08 14:05:41.223 11117 11117 E ArmVmp : Match on catch block at 0xc3 in for 0xa5
04-08 14:05:41.226 11117 11117 E ArmVmp : Match on catch block at 0xc3 in for 0xa5
04-08 14:05:41.587 11117 11117 E ArmVmp : Match on catch block at 0xc3 in for 0xa9
04-08 14:05:41.591 11117 11117 E ArmVmp : Match on catch block at 0xc3 in for 0xa1
04-08 14:05:41.594 11117 11117 E ArmVmp : Match on catch block at 0xc3 in for 0xa1
04-08 14:05:42.087 11117 11117 E ArmVmp : Match on catch block at 0xc3 in for 0xa5
04-08 14:05:42.091 11117 11117 E ArmVmp : Match on catch block at 0xc3 in for 0xa9
04-08 14:05:42.094 11117 11117 E ArmVmp : Match on catch block at 0xc3 in for 0xa9
04-08 14:05:42.589 11117 11117 E ArmVmp : Match on catch block at 0xc3 in for 0xa1
04-08 14:05:42.593 11117 11117 E ArmVmp : Match on catch block at 0xc3 in for 0xa5
04-08 14:05:42.597 11117 11117 E ArmVmp : Match on catch block at 0xc3 in for 0xa5
04-08 14:05:42.776 11117 11117 E ArmVmp : Match on catch block at 0xc3 in for 0xa1
04-08 14:05:42.780 11117 11117 E ArmVmp : Match on catch block at 0xc3 in for 0xa5
04-08 14:05:42.783 11117 11117 E ArmVmp : Match on catch block at 0xc3 in for 0xa5
04-08 14:05:42.791 11117 11117 E ArmVmp : Match on catch block at 0xc3 in for 0xa5
04-08 14:05:42.795 11117 11117 E ArmVmp : Match on catch block at 0xc3 in for 0xa9
04-08 14:05:42.798 11117 11117 E ArmVmp : Match on catch block at 0xc3 in for 0xa9
04-08 14:05:42.822 11117 11117 E ArmVmp : Match on catch block at 0xc3 in for 0xa5
04-08 14:05:42.826 11117 11117 E ArmVmp : Match on catch block at 0xc3 in for 0xa9
04-08 14:05:42.828 11117 11117 E ArmVmp : Match on catch block at 0xc3 in for 0xa9
04-08 14:05:42.839 11117 11117 E ArmVmp : Match on catch block at 0xc3 in for 0xa9
04-08 14:05:42.843 11117 11117 E ArmVmp : Match on catch block at 0xc3 in for 0xa1
04-08 14:05:42.846 11117 11117 E ArmVmp : Match on catch block at 0xc3 in for 0xa1
04-08 14:05:42.872 11117 11117 E ArmVmp : Match on catch block at 0xc3 in for 0xa9
04-08 14:05:42.875 11117 11117 E ArmVmp : Match on catch block at 0xc3 in for 0xa1
04-08 14:05:42.889 11117 11117 E ArmVmp : Match on catch block at 0xc3 in for 0xa1
04-08 14:05:42.892 11117 11117 E ArmVmp : Match on catch block at 0xc3 in for 0xa5
04-08 14:05:42.895 11117 11117 E ArmVmp : Match on catch block at 0xc3 in for 0xa5
04-08 14:05:42.972 11117 11117 E ArmVmp : Match on catch block at 0xc3 in for 0xa1
04-08 14:05:42.976 11117 11117 E ArmVmp : Match on catch block at 0xc3 in for 0xa5
04-08 14:05:42.979 11117 11117 E ArmVmp : Match on catch block at 0xc3 in for 0xa5
04-08 14:05:42.989 11117 11117 E ArmVmp : Match on catch block at 0xc3 in for 0xa1
04-08 14:05:42.993 11117 11117 E ArmVmp : Match on catch block at 0xc3 in for 0xa5
04-08 14:05:42.996 11117 11117 E ArmVmp : Match on catch block at 0xc3 in for 0xa5
04-08 14:05:43.006 11117 11117 E ArmVmp : Match on catch block at 0xc3 in for 0xa1
04-08 14:05:43.010 11117 11117 E ArmVmp : Match on catch block at 0xc3 in for 0xa5
04-08 14:05:43.012 11117 11117 E ArmVmp : Match on catch block at 0xc3 in for 0xa5
04-08 14:05:43.023 11117 11117 E ArmVmp : Match on catch block at 0xc3 in for 0xa1
04-08 14:05:43.026 11117 11117 E ArmVmp : Match on catch block at 0xc3 in for 0xa5
04-08 14:05:43.029 11117 11117 E ArmVmp : Match on catch block at 0xc3 in for 0xa5
04-08 14:05:43.039 11117 11117 E ArmVmp : Match on catch block at 0xc3 in for 0xa1
04-08 14:05:43.044 11117 11117 E ArmVmp : Match on catch block at 0xc3 in for 0xa5
04-08 14:05:43.047 11117 11117 E ArmVmp : Match on catch block at 0xc3 in for 0xa5
04-08 14:05:43.058 11117 11117 E ArmVmp : Match on catch block at 0xc3 in for 0xa1
04-08 14:05:43.062 11117 11117 E ArmVmp : Match on catch block at 0xc3 in for 0xa5
04-08 14:05:43.071 11117 11117 E ArmVmp : Match on catch block at 0xc3 in for 0xa5
04-08 14:05:43.074 11117 11117 E ArmVmp : Match on catch block at 0xc3 in for 0xa9
04-08 14:05:43.076 11117 11117 E ArmVmp : Match on catch block at 0xc3 in for 0xa9
04-08 14:05:43.088 11117 11117 E ArmVmp : Match on catch block at 0xc3 in for 0xa1
04-08 14:05:43.090 11117 11117 E ArmVmp : Match on catch block at 0xc3 in for 0xa5
04-08 14:05:43.092 11117 11117 E ArmVmp : Match on catch block at 0xc3 in for 0xa5
04-08 14:05:43.262 11117 11228 E SQLiteDatabase: Error inserting transferred=1
media_job_uuid=48f8dde6-a04a-4fef-a355-461243f6ae89 transcoded=0 gif_attribution=0
first_scan_length=0 direct_path=/v/t62.15575-
24/34643745_987002079654536_4816742867109540989_n.enc?ccb=11-
4&oh=01_ASDdDO1k2tOAgMaI92D8h15ryka_709rg-Z_nMufadREvA&oe=663BA635&_nc_sid=5e03e0
thumbnail_height_width_ratio=1.0 is_animated_sticker=0
file_hash=8yj03RzEXx851tTyyonmp52YH3CafuMxJliuY3Uobag= file_path=Media/MBWhatsApp
Stickers/STK-20240408-WA0051.webp file_size=38642 partial_media_hash=null face_x=0
face_y=0 height=64 trim_to=0 media_key_timestamp=1712606823000
message_url=https://mmg.whatsapp.net/v/t62.15575-
24/34643745_987002079654536_4816742867109540989_n.enc?ccb=11-
4&oh=01_ASDdDO1k2tOAgMaI92D8h15ryka_709rg-
Z_nMufadREvA&oe=663BA635&_nc_sid=5e03e0&mms3=true media_caption=null trim_from=0
mime_type=image/webp partial_media_enc_hash=null width=64 original_file_hash=null
has_streaming_sidecar=0 autotransfer_retry_enabled=1 media_upload_handle=null
message_row_id=31481 multicast_id=null
enc_file_hash=3RBimUClAdKg70EjEYhFz8IrRq5qSFt+WIpddqWBDew= mute_video=0
page_count=0 first_scan_sidecar=null suspicious_content=0 file_length=38642
media_name=null media_duration=0 chat_row_id=2 media_key=[B@bd1b466
04-08 14:05:43.262 11117 11228 E SQLiteDatabase:
android.database.sqlite.SQLiteConstraintException: UNIQUE constraint failed:
message_media.message_row_id (code 1555 SQLITE_CONSTRAINT_PRIMARYKEY)
04-08 14:05:43.262 11117 11228 E SQLiteDatabase: at
android.database.sqlite.SQLiteConnection.nativeExecuteForLastInsertedRowId(Native
Method)
04-08 14:05:43.262 11117 11228 E SQLiteDatabase: at
android.database.sqlite.SQLiteConnection.executeForLastInsertedRowId(SQLiteConnecti
on.java:938)
04-08 14:05:43.262 11117 11228 E SQLiteDatabase: at
android.database.sqlite.SQLiteSession.executeForLastInsertedRowId(SQLiteSession.jav
a:790)
04-08 14:05:43.262 11117 11228 E SQLiteDatabase: at
android.database.sqlite.SQLiteStatement.executeInsert(SQLiteStatement.java:88)
04-08 14:05:43.262 11117 11228 E SQLiteDatabase: at
android.database.sqlite.SQLiteDatabase.insertWithOnConflict(SQLiteDatabase.java:170
1)
04-08 14:05:43.262 11117 11228 E SQLiteDatabase: at
android.database.sqlite.SQLiteDatabase.insert(SQLiteDatabase.java:1570)
04-08 14:05:43.262 11117 11228 E SQLiteDatabase: at X.2tm.A08(Unknown
Source:6)
04-08 14:05:43.262 11117 11228 E SQLiteDatabase: at X.35Y.A07(Unknown
Source:212)
04-08 14:05:43.262 11117 11228 E SQLiteDatabase: at X.3QF.A14(Unknown
Source:470)
04-08 14:05:43.262 11117 11228 E SQLiteDatabase: at X.3gU.run(Unknown
Source:982)
04-08 14:05:43.262 11117 11228 E SQLiteDatabase: at
android.os.Handler.handleCallback(Handler.java:938)
04-08 14:05:43.262 11117 11228 E SQLiteDatabase: at
android.os.Handler.dispatchMessage(Handler.java:99)
04-08 14:05:43.262 11117 11228 E SQLiteDatabase: at
X.0zq.dispatchMessage(Unknown Source:4)
04-08 14:05:43.262 11117 11228 E SQLiteDatabase: at
android.os.Looper.loop(Looper.java:240)
04-08 14:05:43.262 11117 11228 E SQLiteDatabase: at
android.os.HandlerThread.run(HandlerThread.java:67)
04-08 14:05:43.588 11117 11117 E ArmVmp : Match on catch block at 0xc3 in for 0xa9
04-08 14:05:43.593 11117 11117 E ArmVmp : Match on catch block at 0xc3 in for 0xa1
04-08 14:05:43.595 11117 11117 E ArmVmp : Match on catch block at 0xc3 in for 0xa1
04-08 14:05:44.024 11117 11117 E ArmVmp : Match on catch block at 0xc3 in for 0xa1
04-08 14:05:44.027 11117 11117 E ArmVmp : Match on catch block at 0xc3 in for 0xa5
04-08 14:05:44.031 11117 11117 E ArmVmp : Match on catch block at 0xc3 in for 0xa5
04-08 14:05:44.041 11117 11117 E ArmVmp : Match on catch block at 0xc3 in for 0xa5
04-08 14:05:44.044 11117 11117 E ArmVmp : Match on catch block at 0xc3 in for 0xa9
04-08 14:05:44.047 11117 11117 E ArmVmp : Match on catch block at 0xc3 in for 0xa9
04-08 14:05:44.057 11117 11117 E ArmVmp : Match on catch block at 0xc3 in for 0xa9
04-08 14:05:44.061 11117 11117 E ArmVmp : Match on catch block at 0xc3 in for 0xa1
04-08 14:05:44.064 11117 11117 E ArmVmp : Match on catch block at 0xc3 in for 0xa1
04-08 14:05:44.074 11117 11117 E ArmVmp : Match on catch block at 0xc3 in for 0xa1
04-08 14:05:44.079 11117 11117 E ArmVmp : Match on catch block at 0xc3 in for 0xa5
04-08 14:05:44.081 11117 11117 E ArmVmp : Match on catch block at 0xc3 in for 0xa5
04-08 14:05:44.090 11117 11117 E ArmVmp : Match on catch block at 0xc3 in for 0xa5
04-08 14:05:44.095 11117 11117 E ArmVmp : Match on catch block at 0xc3 in for 0xa9
04-08 14:05:44.097 11117 11117 E ArmVmp : Match on catch block at 0xc3 in for 0xa9
04-08 14:05:44.107 11117 11117 E ArmVmp : Match on catch block at 0xc3 in for 0xa9
04-08 14:05:44.110 11117 11117 E ArmVmp : Match on catch block at 0xc3 in for 0xa1
04-08 14:05:44.123 11117 11117 E ArmVmp : Match on catch block at 0xc3 in for 0xa1
04-08 14:05:44.126 11117 11117 E ArmVmp : Match on catch block at 0xc3 in for 0xa5
04-08 14:05:44.129 11117 11117 E ArmVmp : Match on catch block at 0xc3 in for 0xa5
04-08 14:05:44.317 11117 11117 E ArmVmp : Match on catch block at 0xc3 in for 0xa9
04-08 14:05:44.322 11117 11117 E ArmVmp : Match on catch block at 0xc3 in for 0xa1
04-08 14:05:44.325 11117 11117 E ArmVmp : Match on catch block at 0xc3 in for 0xa1
04-08 14:05:44.331 11117 11117 E ArmVmp : Match on catch block at 0xc3 in for 0xa9
04-08 14:05:44.335 11117 11117 E ArmVmp : Match on catch block at 0xc3 in for 0xa1
04-08 14:05:44.338 11117 11117 E ArmVmp : Match on catch block at 0xc3 in for 0xa1
04-08 14:05:44.344 11117 11117 E ArmVmp : Match on catch block at 0xc3 in for 0xa9
04-08 14:05:44.348 11117 11117 E ArmVmp : Match on catch block at 0xc3 in for 0xa1
04-08 14:05:44.351 11117 11117 E ArmVmp : Match on catch block at 0xc3 in for 0xa1
04-08 14:05:44.356 11117 11117 E ArmVmp : Match on catch block at 0xc3 in for 0xa9
04-08 14:05:44.359 11117 11117 E ArmVmp : Match on catch block at 0xc3 in for 0xa1
04-08 14:05:44.361 11117 11117 E ArmVmp : Match on catch block at 0xc3 in for 0xa1
04-08 14:05:44.373 11117 11117 E ArmVmp : Match on catch block at 0xc3 in for 0xa9
04-08 14:05:44.376 11117 11117 E ArmVmp : Match on catch block at 0xc3 in for 0xa1
04-08 14:05:44.378 11117 11117 E ArmVmp : Match on catch block at 0xc3 in for 0xa1
04-08 14:05:44.389 11117 11117 E ArmVmp : Match on catch block at 0xc3 in for 0xa9
04-08 14:05:44.393 11117 11117 E ArmVmp : Match on catch block at 0xc3 in for 0xa1
04-08 14:05:44.395 11117 11117 E ArmVmp : Match on catch block at 0xc3 in for 0xa1
04-08 14:05:44.408 11117 11117 E ArmVmp : Match on catch block at 0xc3 in for 0xa1
04-08 14:05:44.411 11117 11117 E ArmVmp : Match on catch block at 0xc3 in for 0xa5
04-08 14:05:44.412 11117 11117 E ArmVmp : Match on catch block at 0xc3 in for 0xa5
04-08 14:05:44.590 11117 11117 E ArmVmp : Match on catch block at 0xc3 in for 0xa9
04-08 14:05:44.594 11117 11117 E ArmVmp : Match on catch block at 0xc3 in for 0xa1
04-08 14:05:44.597 11117 11117 E ArmVmp : Match on catch block at 0xc3 in for 0xa1
04-08 14:05:45.091 11117 11117 E ArmVmp : Match on catch block at 0xc3 in for 0xa1
04-08 14:05:45.095 11117 11117 E ArmVmp : Match on catch block at 0xc3 in for 0xa5
04-08 14:05:45.098 11117 11117 E ArmVmp : Match on catch block at 0xc3 in for 0xa5
04-08 14:05:45.587 11117 11117 E ArmVmp : Match on catch block at 0xc3 in for 0xa9
04-08 14:05:45.590 11117 11117 E ArmVmp : Match on catch block at 0xc3 in for 0xa1
04-08 14:05:45.591 11117 11117 E ArmVmp : Match on catch block at 0xc3 in for 0xa1
04-08 14:05:45.607 11117 11117 E ArmVmp : Match on catch block at 0xc3 in for 0xa5
