04-08 14:15:20.313 11117 11228 E SQLiteDatabase: Error inserting transferred=0
media_job_uuid=bed46482-a118-47e0-8d57-7c8c97d530dd transcoded=1 gif_attribution=0
first_scan_length=7474 direct_path=null thumbnail_height_width_ratio=1.0
is_animated_sticker=1 file_hash=bVRQOpA0xk4epYDMJfIomNsu4EuwJAkzvexru1ZK06w=
file_path=/data/user/0/com.mbwhatsapp/files/Stickers/bVRQOpA0xk4epYDMJfIomNsu4EuwJA
kzvexru1ZK06w=.webp file_size=414144 partial_media_hash=null face_x=0 face_y=0
height=64 trim_to=0 media_key_timestamp=0 message_url=null media_caption=null
trim_from=0 mime_type=image/webp partial_media_enc_hash=null width=64
original_file_hash=null has_streaming_sidecar=0 autotransfer_retry_enabled=1
media_upload_handle=null message_row_id=31559 multicast_id=null enc_file_hash=null
mute_video=0 page_count=0 first_scan_sidecar=null suspicious_content=0
file_length=414144 media_name=bVRQOpA0xk4epYDMJfIomNsu4EuwJAkzvexru1ZK06w=.webp
media_duration=0 chat_row_id=1320 media_key=null
04-08 14:15:20.313 11117 11228 E SQLiteDatabase:
android.database.sqlite.SQLiteConstraintException: UNIQUE constraint failed:
message_media.message_row_id (code 1555 SQLITE_CONSTRAINT_PRIMARYKEY)
04-08 14:15:20.313 11117 11228 E SQLiteDatabase: at
android.database.sqlite.SQLiteConnection.nativeExecuteForLastInsertedRowId(Native
Method)
04-08 14:15:20.313 11117 11228 E SQLiteDatabase: at
android.database.sqlite.SQLiteConnection.executeForLastInsertedRowId(SQLiteConnecti
on.java:938)
04-08 14:15:20.313 11117 11228 E SQLiteDatabase: at
android.database.sqlite.SQLiteSession.executeForLastInsertedRowId(SQLiteSession.jav
a:790)
04-08 14:15:20.313 11117 11228 E SQLiteDatabase: at
android.database.sqlite.SQLiteStatement.executeInsert(SQLiteStatement.java:88)
04-08 14:15:20.313 11117 11228 E SQLiteDatabase: at
android.database.sqlite.SQLiteDatabase.insertWithOnConflict(SQLiteDatabase.java:170
1)
04-08 14:15:20.313 11117 11228 E SQLiteDatabase: at
android.database.sqlite.SQLiteDatabase.insert(SQLiteDatabase.java:1570)
04-08 14:15:20.313 11117 11228 E SQLiteDatabase: at X.2tm.A08(Unknown
Source:6)
04-08 14:15:20.313 11117 11228 E SQLiteDatabase: at X.35Y.A07(Unknown
Source:212)
04-08 14:15:20.313 11117 11228 E SQLiteDatabase: at X.3QF.A14(Unknown
Source:470)
04-08 14:15:20.313 11117 11228 E SQLiteDatabase: at X.3gU.run(Unknown
Source:982)
04-08 14:15:20.313 11117 11228 E SQLiteDatabase: at
android.os.Handler.handleCallback(Handler.java:938)
04-08 14:15:20.313 11117 11228 E SQLiteDatabase: at
android.os.Handler.dispatchMessage(Handler.java:99)
04-08 14:15:20.313 11117 11228 E SQLiteDatabase: at
X.0zq.dispatchMessage(Unknown Source:4)
04-08 14:15:20.313 11117 11228 E SQLiteDatabase: at
android.os.Looper.loop(Looper.java:240)
04-08 14:15:20.313 11117 11228 E SQLiteDatabase: at
android.os.HandlerThread.run(HandlerThread.java:67)
04-08 14:15:20.315 11117 11117 E ArmVmp : Match on catch block at 0xc3 in for 0xa9
04-08 14:15:20.317 11117 11117 E ArmVmp : Match on catch block at 0xc3 in for 0xa1
04-08 14:15:20.346 11117 11117 E ArmVmp : Match on catch block at 0xc3 in for 0xa9
04-08 14:15:20.348 11117 11117 E ArmVmp : Match on catch block at 0xc3 in for 0xa1
04-08 14:15:20.381 11117 11117 E ArmVmp : Match on catch block at 0xc3 in for 0xa5
04-08 14:15:20.383 11117 11117 E ArmVmp : Match on catch block at 0xc3 in for 0xa9
04-08 14:15:20.415 11117 11117 E ArmVmp : Match on catch block at 0xc3 in for 0xa1
04-08 14:15:20.417 11117 11117 E ArmVmp : Match on catch block at 0xc3 in for 0xa5
04-08 14:15:20.472 11117 11117 E ArmVmp : Match on catch block at 0xc3 in for 0xa5
04-08 14:15:20.475 11117 11117 E ArmVmp : Match on catch block at 0xc3 in for 0xa9
04-08 14:15:20.557 11117 11117 E ArmVmp : Match on catch block at 0xc3 in for 0xa9
04-08 14:15:20.562 11117 11117 E ArmVmp : Match on catch block at 0xc3 in for 0xa1
04-08 14:15:20.656 11117 11117 E ArmVmp : Match on catch block at 0xc3 in for 0xa5
04-08 14:15:20.662 11117 11117 E ArmVmp : Match on catch block at 0xc3 in for 0xa9
04-08 14:15:20.729 11117 11228 E SQLiteDatabase: Error inserting transferred=1
media_job_uuid=bed46482-a118-47e0-8d57-7c8c97d530dd transcoded=1 gif_attribution=0
first_scan_length=7474 direct_path=/v/t62.15575-
24/19395898_1127845455193817_6573813834160641138_n.enc?ccb=11-
4&oh=01_ASC9gB8cPEWUaKtx9G9lJBq5-yUDPnfXlNPzk2h-bHJ6hw&oe=663BBEDA&_nc_sid=5e03e0
thumbnail_height_width_ratio=1.0 is_animated_sticker=1
file_hash=bVRQOpA0xk4epYDMJfIomNsu4EuwJAkzvexru1ZK06w= file_path=Media/MBWhatsApp
Stickers/STK-20240330-WA0773.webp file_size=414144 partial_media_hash=null face_x=0
face_y=0 height=64 trim_to=0 media_key_timestamp=1712607401993
message_url=https://mmg.whatsapp.net/v/t62.15575-
24/19395898_1127845455193817_6573813834160641138_n.enc?ccb=11-
4&oh=01_ASC9gB8cPEWUaKtx9G9lJBq5-yUDPnfXlNPzk2h-
bHJ6hw&oe=663BBEDA&_nc_sid=5e03e0&mms3=true media_caption=null trim_from=0
mime_type=image/webp partial_media_enc_hash=null width=64 original_file_hash=null
has_streaming_sidecar=0 autotransfer_retry_enabled=0 media_upload_handle=null
message_row_id=31559 multicast_id=null
enc_file_hash=VVQK34r4rIbL2VqMrTefoBLZ6RpcUi6Vvd2q0GS73NY= mute_video=0
page_count=0 first_scan_sidecar=[B@7c60ba7 suspicious_content=0 file_length=414144
media_name=bVRQOpA0xk4epYDMJfIomNsu4EuwJAkzvexru1ZK06w=.webp media_duration=0
chat_row_id=1320 media_key=[B@10a0854
04-08 14:15:20.729 11117 11228 E SQLiteDatabase:
android.database.sqlite.SQLiteConstraintException: UNIQUE constraint failed:
message_media.message_row_id (code 1555 SQLITE_CONSTRAINT_PRIMARYKEY)
04-08 14:15:20.729 11117 11228 E SQLiteDatabase: at
android.database.sqlite.SQLiteConnection.nativeExecuteForLastInsertedRowId(Native
Method)
04-08 14:15:20.729 11117 11228 E SQLiteDatabase: at
android.database.sqlite.SQLiteConnection.executeForLastInsertedRowId(SQLiteConnecti
on.java:938)
04-08 14:15:20.729 11117 11228 E SQLiteDatabase: at
android.database.sqlite.SQLiteSession.executeForLastInsertedRowId(SQLiteSession.jav
a:790)
04-08 14:15:20.729 11117 11228 E SQLiteDatabase: at
android.database.sqlite.SQLiteStatement.executeInsert(SQLiteStatement.java:88)
04-08 14:15:20.729 11117 11228 E SQLiteDatabase: at
android.database.sqlite.SQLiteDatabase.insertWithOnConflict(SQLiteDatabase.java:170
1)
04-08 14:15:20.729 11117 11228 E SQLiteDatabase: at
android.database.sqlite.SQLiteDatabase.insert(SQLiteDatabase.java:1570)
04-08 14:15:20.729 11117 11228 E SQLiteDatabase: at X.2tm.A08(Unknown
Source:6)
04-08 14:15:20.729 11117 11228 E SQLiteDatabase: at X.35Y.A07(Unknown
Source:212)
04-08 14:15:20.729 11117 11228 E SQLiteDatabase: at X.3QF.A14(Unknown
Source:470)
04-08 14:15:20.729 11117 11228 E SQLiteDatabase: at X.3gU.run(Unknown
Source:982)
04-08 14:15:20.729 11117 11228 E SQLiteDatabase: at
android.os.Handler.handleCallback(Handler.java:938)
04-08 14:15:20.729 11117 11228 E SQLiteDatabase: at
android.os.Handler.dispatchMessage(Handler.java:99)
04-08 14:15:20.729 11117 11228 E SQLiteDatabase: at
X.0zq.dispatchMessage(Unknown Source:4)
04-08 14:15:20.729 11117 11228 E SQLiteDatabase: at
android.os.Looper.loop(Looper.java:240)
04-08 14:15:20.729 11117 11228 E SQLiteDatabase: at
android.os.HandlerThread.run(HandlerThread.java:67)
04-08 14:15:20.744 11117 11117 E ArmVmp : Match on catch block at 0xc3 in for 0xa5
04-08 14:15:20.748 11117 11117 E ArmVmp : Match on catch block at 0xc3 in for 0xa9
04-08 14:15:20.792 11117 11117 E ArmVmp : Match on catch block at 0xc3 in for 0xa5
04-08 14:15:20.795 11117 11117 E ArmVmp : Match on catch block at 0xc3 in for 0xa9
04-08 14:15:20.812 11117 11117 E ArmVmp : Match on catch block at 0xc3 in for 0xa9
04-08 14:15:20.815 11117 11117 E ArmVmp : Match on catch block at 0xc3 in for 0xa1
04-08 14:15:20.825 11117 11117 E ArmVmp : Match on catch block at 0xc3 in for 0xa9
04-08 14:15:20.829 11117 11117 E ArmVmp : Match on catch block at 0xc3 in for 0xa1
04-08 14:15:20.872 11117 11117 E ArmVmp : Match on catch block at 0xc3 in for 0xa1
04-08 14:15:20.875 11117 11117 E ArmVmp : Match on catch block at 0xc3 in for 0xa5
04-08 14:15:20.924 11117 11117 E ArmVmp : Match on catch block at 0xc3 in for 0xa5
04-08 14:15:20.929 11117 11117 E ArmVmp : Match on catch block at 0xc3 in for 0xa9
04-08 14:15:20.954 11117 11117 E ArmVmp : Match on catch block at 0xc3 in for 0xa9
04-08 14:15:20.957 11117 11117 E ArmVmp : Match on catch block at 0xc3 in for 0xa1
04-08 14:15:20.964 11117 13829 W MediaPlayer: Use of stream types is deprecated for
operations other than volume control
04-08 14:15:20.964 11117 13829 W MediaPlayer: See the documentation of
setAudioStreamType() for what to use instead with android.media.AudioAttributes to
qualify your playback use case
04-08 14:15:20.970 11117 11117 E ArmVmp : Match on catch block at 0xc3 in for 0xa1
04-08 14:15:20.974 11117 11117 E ArmVmp : Match on catch block at 0xc3 in for 0xa5
04-08 14:15:21.007 11117 11117 E ArmVmp : Match on catch block at 0xc3 in for 0xa1
04-08 14:15:21.011 11117 11117 E ArmVmp : Match on catch block at 0xc3 in for 0xa5
04-08 14:15:21.127 11117 11117 E ArmVmp : Match on catch block at 0xc3 in for 0xa9
04-08 14:15:21.130 11117 11117 E ArmVmp : Match on catch block at 0xc3 in for 0xa1
04-08 14:15:21.225 11117 11117 E ArmVmp : Match on catch block at 0xc3 in for 0xa1
04-08 14:15:21.230 11117 11117 E ArmVmp : Match on catch block at 0xc3 in for 0xa5
04-08 14:15:21.309 11117 11117 E ArmVmp : Match on catch block at 0xc3 in for 0xa5
04-08 14:15:21.313 11117 11117 E ArmVmp : Match on catch block at 0xc3 in for 0xa9
04-08 14:15:21.375 11117 11117 E ArmVmp : Match on catch block at 0xc3 in for 0xa9
04-08 14:15:21.381 11117 11117 E ArmVmp : Match on catch block at 0xc3 in for 0xa1
04-08 14:15:21.393 11117 11117 E ArmVmp : Match on catch block at 0xc3 in for 0xa1
04-08 14:15:21.396 11117 11117 E ArmVmp : Match on catch block at 0xc3 in for 0xa5
04-08 14:15:21.494 11117 11117 E ArmVmp : Match on catch block at 0xc3 in for 0xa5
04-08 14:15:21.498 11117 11117 E ArmVmp : Match on catch block at 0xc3 in for 0xa9
04-08 14:15:21.577 11117 11117 E ArmVmp : Match on catch block at 0xc3 in for 0xa9
04-08 14:15:21.582 11117 11117 E ArmVmp : Match on catch block at 0xc3 in for 0xa1
04-08 14:15:21.677 11117 11117 E ArmVmp : Match on catch block at 0xc3 in for 0xa1
04-08 14:15:21.681 11117 11117 E ArmVmp : Match on catch block at 0xc3 in for 0xa5
04-08 14:15:21.777 11117 11117 E ArmVmp : Match on catch block at 0xc3 in for 0xa5
04-08 14:15:21.782 11117 11117 E ArmVmp : Match on catch block at 0xc3 in for 0xa9
04-08 14:15:21.860 11117 11117 E ArmVmp : Match on catch block at 0xc3 in for 0xa9
04-08 14:15:21.865 11117 11117 E ArmVmp : Match on catch block at 0xc3 in for 0xa1
04-08 14:15:21.877 11117 11117 E ArmVmp : Match on catch block at 0xc3 in for 0xa1
04-08 14:15:21.881 11117 11117 E ArmVmp : Match on catch block at 0xc3 in for 0xa5
04-08 14:15:21.943 11117 11117 E ArmVmp : Match on catch block at 0xc3 in for 0xa5
04-08 14:15:21.948 11117 11117 E ArmVmp : Match on catch block at 0xc3 in for 0xa9
04-08 14:15:22.027 11117 11117 E ArmVmp : Match on catch block at 0xc3 in for 0xa9
04-08 14:15:22.031 11117 11117 E ArmVmp : Match on catch block at 0xc3 in for 0xa1
04-08 14:15:22.109 11117 11117 E ArmVmp : Match on catch block at 0xc3 in for 0xa1
04-08 14:15:22.113 11117 11117 E ArmVmp : Match on catch block at 0xc3 in for 0xa5
04-08 14:15:22.194 11117 11117 E ArmVmp : Match on catch block at 0xc3 in for 0xa5
04-08 14:15:22.199 11117 11117 E ArmVmp : Match on catch block at 0xc3 in for 0xa9
04-08 14:15:22.295 11117 11117 E ArmVmp : Match on catch block at 0xc3 in for 0xa9
04-08 14:15:22.299 11117 11117 E ArmVmp : Match on catch block at 0xc3 in for 0xa1
04-08 14:15:22.377 11117 11117 E ArmVmp : Match on catch block at 0xc3 in for 0xa1
04-08 14:15:22.381 11117 11117 E ArmVmp : Match on catch block at 0xc3 in for 0xa5
04-08 14:15:22.398 11117 11117 E ArmVmp : Match on catch block at 0xc3 in for 0xa5
04-08 14:15:22.403 11117 11117 E ArmVmp : Match on catch block at 0xc3 in for 0xa9
04-08 14:15:22.458 11117 11117 E ArmVmp : Match on catch block at 0xc3 in for 0xa9
04-08 14:15:22.464 11117 11117 E ArmVmp : Match on catch block at 0xc3 in for 0xa1
04-08 14:15:22.543 11117 11117 E ArmVmp : Match on catch block at 0xc3 in for 0xa1
04-08 14:15:22.548 11117 11117 E ArmVmp : Match on catch block at 0xc3 in for 0xa5
04-08 14:15:22.559 11117 11117 E ArmVmp : Match on catch block at 0xc3 in for 0xa5
04-08 14:15:22.564 11117 11117 E ArmVmp : Match on catch block at 0xc3 in for 0xa9
04-08 14:15:22.576 11117 11117 E ArmVmp : Match on catch block at 0xc3 in for 0xa9
04-08 14:15:22.582 11117 11117 E ArmVmp : Match on catch block at 0xc3 in for 0xa1
04-08 14:15:22.595 11117 11117 E ArmVmp : Match on catch block at 0xc3 in for 0xa1
04-08 14:15:22.600 11117 11117 E ArmVmp : Match on catch block at 0xc3 in for 0xa5
04-08 14:15:22.613 11117 11117 E ArmVmp : Match on catch block at 0xc3 in for 0xa5
04-08 14:15:22.617 11117 11117 E ArmVmp : Match on catch block at 0xc3 in for 0xa9
04-08 14:15:22.631 11117 11117 E ArmVmp : Match on catch block at 0xc3 in for 0xa9
04-08 14:15:22.636 11117 11117 E ArmVmp : Match on catch block at 0xc3 in for 0xa1
04-08 14:15:22.649 11117 11117 E ArmVmp : Match on catch block at 0xc3 in for 0xa1
04-08 14:15:22.653 11117 11117 E ArmVmp : Match on catch block at 0xc3 in for 0xa5
04-08 14:15:22.665 11117 11117 E ArmVmp : Match on catch block at 0xc3 in for 0xa5
04-08 14:15:22.670 11117 11117 E ArmVmp : Match on catch block at 0xc3 in for 0xa9
04-08 14:15:22.684 11117 11117 E ArmVmp : Match on catch block at 0xc3 in for 0xa9
04-08 14:15:22.689 11117 11117 E ArmVmp : Match on catch block at 0xc3 in for 0xa1
04-08 14:15:22.700 11117 11117 E ArmVmp : Match on catch block at 0xc3 in for 0xa1
04-08 14:15:22.705 11117 11117 E ArmVmp : Match on catch block at 0xc3 in for 0xa5
04-08 14:15:22.712 11117 11117 E ArmVmp : Match on catch block at 0xc3 in for 0xa5
04-08 14:15:22.717 11117 11117 E ArmVmp : Match on catch block at 0xc3 in for 0xa9
04-08 14:15:22.729 11117 11117 E ArmVmp : Match on catch block at 0xc3 in for 0xa9
04-08 14:15:22.734 11117 11117 E ArmVmp : Match on catch block at 0xc3 in for 0xa1
04-08 14:15:22.747 11117 11117 E ArmVmp : Match on catch block at 0xc3 in for 0xa1
04-08 14:15:22.749 11117 11117 E ArmVmp : Match on catch block at 0xc3 in for 0xa5
04-08 14:15:22.761 11117 11117 E ArmVmp : Match on catch block at 0xc3 in for 0xa5
04-08 14:15:22.764 11117 11117 E ArmVmp : Match on catch block at 0xc3 in for 0xa9
04-08 14:15:22.774 11117 11117 E ArmVmp : Match on catch block at 0xc3 in for 0xa9
04-08 14:15:22.777 11117 11117 E ArmVmp : Match on catch block at 0xc3 in for 0xa1
04-08 14:15:22.790 11117 11117 E ArmVmp : Match on catch block at 0xc3 in for 0xa1
04-08 14:15:22.793 11117 11117 E ArmVmp : Match on catch block at 0xc3 in for 0xa5
04-08 14:15:22.807 11117 11117 E ArmVmp : Match on catch block at 0xc3 in for 0xa5
04-08 14:15:22.810 11117 11117 E ArmVmp : Match on catch block at 0xc3 in for 0xa9
04-08 14:15:22.824 11117 11117 E ArmVmp : Match on catch block at 0xc3 in for 0xa9
04-08 14:15:22.827 11117 11117 E ArmVmp : Match on catch block at 0xc3 in for 0xa1
04-08 14:15:22.909 11117 11117 E ArmVmp : Match on catch block at 0xc3 in for 0xa1
04-08 14:15:22.913 11117 11117 E ArmVmp : Match on catch block at 0xc3 in for 0xa5
04-08 14:15:22.928 11117 11117 E ArmVmp : Match on catch block at 0xc3 in for 0xa5
04-08 14:15:22.933 11117 11117 E ArmVmp : Match on catch block at 0xc3 in for 0xa9
04-08 14:15:23.025 11117 11117 E ArmVmp : Match on catch block at 0xc3 in for 0xa9
04-08 14:15:23.030 11117 11117 E ArmVmp : Match on catch block at 0xc3 in for 0xa1
04-08 14:15:23.108 11117 11117 E ArmVmp : Match on catch block at 0xc3 in for 0xa1
04-08 14:15:23.113 11117 11117 E ArmVmp : Match on catch block at 0xc3 in for 0xa5
04-08 14:15:23.195 11117 11117 E ArmVmp : Match on catch block at 0xc3 in for 0xa5
04-08 14:15:23.200 11117 11117 E ArmVmp : Match on catch block at 0xc3 in for 0xa9
04-08 14:15:23.275 11117 11117 E ArmVmp : Match on catch block at 0xc3 in for 0xa5
04-08 14:15:23.278 11117 11117 E ArmVmp : Match on catch block at 0xc3 in for 0xa9
04-08 14:15:23.359 11117 11117 E ArmVmp : Match on catch block at 0xc3 in for 0xa9
04-08 14:15:23.365 11117 11117 E ArmVmp : Match on catch block at 0xc3 in for 0xa1
04-08 14:15:23.411 11117 11117 E ArmVmp : Match on catch block at 0xc3 in for 0xa1
04-08 14:15:23.416 11117 11117 E ArmVmp : Match on catch block at 0xc3 in for 0xa5
04-08 14:15:23.442 11117 11117 E ArmVmp : Match on catch block at 0xc3 in for 0xa5
04-08 14:15:23.447 11117 11117 E ArmVmp : Match on catch block at 0xc3 in for 0xa9
04-08 14:15:23.529 11117 11117 E ArmVmp : Match on catch block at 0xc3 in for 0xa9
04-08 14:15:23.534 11117 11117 E ArmVmp : Match on catch block at 0xc3 in for 0xa1
04-08 14:15:23.612 11117 11117 E ArmVmp : Match on catch block at 0xc3 in for 0xa1
04-08 14:15:23.616 11117 11117 E ArmVmp : Match on catch block at 0xc3 in for 0xa5
04-08 14:15:23.712 11117 11117 E ArmVmp : Match on catch block at 0xc3 in for 0xa5
04-08 14:15:23.716 11117 11117 E ArmVmp : Match on catch block at 0xc3 in for 0xa9
04-08 14:15:23.796 11117 11117 E ArmVmp : Match on catch block at 0xc3 in for 0xa9
04-08 14:15:23.801 11117 11117 E ArmVmp : Match on catch block at 0xc3 in for 0xa1
04-08 14:15:23.878 11117 11117 E ArmVmp : Match on catch block at 0xc3 in for 0xa1
04-08 14:15:23.884 11117 11117 E ArmVmp : Match on catch block at 0xc3 in for 0xa5
04-08 14:15:23.909 11117 11117 E ArmVmp : Match on catch block at 0xc3 in for 0xa5
04-08 14:15:23.914 11117 11117 E ArmVmp : Match on catch block at 0xc3 in for 0xa9
04-08 14:15:23.961 11117 11117 E ArmVmp : Match on catch block at 0xc3 in for 0xa9
04-08 14:15:23.966 11117 11117 E ArmVmp : Match on catch block at 0xc3 in for 0xa1
04-08 14:15:24.045 11117 11117 E ArmVmp : Match on catch block at 0xc3 in for 0xa1
04-08 14:15:24.050 11117 11117 E ArmVmp : Match on catch block at 0xc3 in for 0xa5
04-08 14:15:24.128 11117 11117 E ArmVmp : Match on catch block at 0xc3 in for 0xa5
04-08 14:15:24.133 11117 11117 E ArmVmp : Match on catch block at 0xc3 in for 0xa9
04-08 14:15:24.212 11117 11117 E ArmVmp : Match on catch block at 0xc3 in for 0xa9
04-08 14:15:24.217 11117 11117 E ArmVmp : Match on catch block at 0xc3 in for 0xa1
04-08 14:15:24.295 11117 11117 E ArmVmp : Match on catch block at 0xc3 in for 0xa9
04-08 14:15:24.300 11117 11117 E ArmVmp : Match on catch block at 0xc3 in for 0xa1
04-08 14:15:24.396 11117 11117 E ArmVmp : Match on catch block at 0xc3 in for 0xa5
04-08 14:15:24.398 11117 11117 E ArmVmp : Match on catch block at 0xc3 in for 0xa9
04-08 14:15:24.409 11117 11117 E ArmVmp : Match on catch block at 0xc3 in for 0xa9
04-08 14:15:24.415 11117 11117 E ArmVmp : Match on catch block at 0xc3 in for 0xa1
04-08 14:15:24.479 11117 11117 E ArmVmp : Match on catch block at 0xc3 in for 0xa1
04-08 14:15:24.482 11117 11117 E ArmVmp : Match on catch block at 0xc3 in for 0xa5
04-08 14:15:24.560 11117 11117 E ArmVmp : Match on catch block at 0xc3 in for 0xa5
04-08 14:15:24.565 11117 11117 E ArmVmp : Match on catch block at 0xc3 in for 0xa9
04-08 14:15:24.643 11117 11117 E ArmVmp : Match on catch block at 0xc3 in for 0xa9
04-08 14:15:24.648 11117 11117 E ArmVmp : Match on catch block at 0xc3 in for 0xa1
04-08 14:15:24.727 11117 11117 E ArmVmp : Match on catch block at 0xc3 in for 0xa1
04-08 14:15:24.731 11117 11117 E ArmVmp : Match on catch block at 0xc3 in for 0xa5
04-08 14:15:24.813 11117 11117 E ArmVmp : Match on catch block at 0xc3 in for 0xa5
04-08 14:15:24.817 11117 11117 E ArmVmp : Match on catch block at 0xc3 in for 0xa9
04-08 14:15:24.894 11117 11117 E ArmVmp : Match on catch block at 0xc3 in for 0xa9
04-08 14:15:24.899 11117 11117 E ArmVmp : Match on catch block at 0xc3 in for 0xa1
04-08 14:15:24.930 11117 11117 E ArmVmp : Match on catch block at 0xc3 in for 0xa1
04-08 14:15:24.935 11117 11117 E ArmVmp : Match on catch block at 0xc3 in for 0xa5
04-08 14:15:24.951 11117 11117 E ArmVmp : Match on catch block at 0xc3 in for 0xa5
04-08 14:15:24.955 11117 11117 E ArmVmp : Match on catch block at 0xc3 in for 0xa9
04-08 14:15:24.970 11117 13816 W libEGL : EGLNativeWindowType 0xb400007cc28c5dc0
disconnect failed
04-08 14:15:25.014 11117 11117 E ArmVmp : Match on catch block at 0xc3 in for 0xa9
04-08 14:15:25.017 11117 11117 E ArmVmp : Match on catch block at 0xc3 in for 0xa1
04-08 14:15:25.024 11117 11117 E ArmVmp : Match on catch block at 0xc3 in for 0xa1
04-08 14:15:25.030 11117 11117 E ArmVmp : Match on catch block at 0xc3 in for 0xa5
04-08 14:15:25.109 11117 11117 E ArmVmp : Match on catch block at 0xc3 in for 0xa5
04-08 14:15:25.112 11117 11117 E ArmVmp : Match on catch block at 0xc3 in for 0xa9
04-08 14:15:25.193 11117 11117 E ArmVmp : Match on catch block at 0xc3 in for 0xa9
04-08 14:15:25.195 11117 11117 E ArmVmp : Match on catch block at 0xc3 in for 0xa1
04-08 14:15:25.276 11117 11117 E ArmVmp : Match on catch block at 0xc3 in for 0xa1
04-08 14:15:25.279 11117 11117 E ArmVmp : Match on catch block at 0xc3 in for 0xa5
04-08 14:15:25.378 11117 11117 E ArmVmp : Match on catch block at 0xc3 in for 0xa5
04-08 14:15:25.382 11117 11117 E ArmVmp : Match on catch block at 0xc3 in for 0xa9
04-08 14:15:25.430 11117 11117 E ArmVmp : Match on catch block at 0xc3 in for 0xa9
04-08 14:15:25.434 11117 11117 E ArmVmp : Match on catch block at 0xc3 in for 0xa1
04-08 14:15:25.461 11117 11117 E ArmVmp : Match on catch block at 0xc3 in for 0xa1
04-08 14:15:25.465 11117 11117 E ArmVmp : Match on catch block at 0xc3 in for 0xa5
04-08 14:15:25.541 11117 11117 E Dialog : show dialog
view=DecorView@886064[Conversation]
04-08 14:15:25.567 11117 11117 E ArmVmp : Match on catch block at 0xc3 in for 0xa1
04-08 14:15:25.570 11117 11117 E ArmVmp : Match on catch block at 0xc3 in for 0xa5
04-08 14:15:25.603 11117 13816 W libEGL : EGLNativeWindowType 0xb400007cc28f2910
disconnect failed
04-08 14:15:25.620 11117 13816 W libEGL : EGLNativeWindowType 0xb400007cc28f2910
disconnect failed
04-08 14:15:25.632 11117 11117 E ArmVmp : Match on catch block at 0xc3 in for 0xa5
04-08 14:15:25.636 11117 11117 E ArmVmp : Match on catch block at 0xc3 in for 0xa9
04-08 14:15:25.643 11117 11117 E ArmVmp : Match on catch block at 0xc3 in for 0xa9
04-08 14:15:25.647 11117 11117 E ArmVmp : Match on catch block at 0xc3 in for 0xa1
04-08 14:15:25.727 11117 11117 E ArmVmp : Match on catch block at 0xc3 in for 0xa1
04-08 14:15:25.730 11117 11117 E ArmVmp : Match on catch block at 0xc3 in for 0xa5
04-08 14:15:25.811 11117 11117 E ArmVmp : Match on catch block at 0xc3 in for 0xa5
04-08 14:15:25.814 11117 11117 E ArmVmp : Match on catch block at 0xc3 in for 0xa9
04-08 14:15:25.894 11117 11117 E ArmVmp : Match on catch block at 0xc3 in for 0xa9
04-08 14:15:25.897 11117 11117 E ArmVmp : Match on catch block at 0xc3 in for 0xa1
04-08 14:15:25.978 11117 11117 E ArmVmp : Match on catch block at 0xc3 in for 0xa1
04-08 14:15:25.982 11117 11117 E ArmVmp : Match on catch block at 0xc3 in for 0xa5
04-08 14:15:26.061 11117 11117 E ArmVmp : Match on catch block at 0xc3 in for 0xa5
04-08 14:15:26.066 11117 11117 E ArmVmp : Match on catch block at 0xc3 in for 0xa9
04-08 14:15:26.162 11117 11117 E ArmVmp : Match on catch block at 0xc3 in for 0xa9
04-08 14:15:26.166 11117 11117 E ArmVmp : Match on catch block at 0xc3 in for 0xa1
04-08 14:15:26.245 11117 11117 E ArmVmp : Match on catch block at 0xc3 in for 0xa1
04-08 14:15:26.250 11117 11117 E ArmVmp : Match on catch block at 0xc3 in for 0xa5
04-08 14:15:26.329 11117 11117 E ArmVmp : Match on catch block at 0xc3 in for 0xa5
04-08 14:15:26.333 11117 11117 E ArmVmp : Match on catch block at 0xc3 in for 0xa9
04-08 14:15:26.412 11117 11117 E ArmVmp : Match on catch block at 0xc3 in for 0xa9
04-08 14:15:26.416 11117 11117 E ArmVmp : Match on catch block at 0xc3 in for 0xa1
04-08 14:15:26.507 11117 13816 W libEGL : EGLNativeWindowType 0xb400007cc28f2910
disconnect failed
04-08 14:15:26.535 11117 11117 E ArmVmp : Match on catch block at 0xc3 in for 0xa5
04-08 14:15:26.538 11117 11117 E ArmVmp : Match on catch block at 0xc3 in for 0xa9
04-08 14:15:26.580 11117 11117 E ArmVmp : Match on catch block at 0xc3 in for 0xa9
04-08 14:15:26.585 11117 11117 E ArmVmp : Match on catch block at 0xc3 in for 0xa1
04-08 14:15:26.606 11117 11117 E ArmVmp : Match on catch block at 0xc3 in for 0xa5
04-08 14:15:26.609 11117 11117 E ArmVmp : Match on catch block at 0xc3 in for 0xa9
04-08 14:15:26.631 11117 13816 W libEGL : EGLNativeWindowType 0xb400007cc28f2910
disconnect failed
04-08 14:15:26.681 11117 11117 E ArmVmp : Match on catch block at 0xc3 in for 0xa9
04-08 14:15:26.684 11117 11117 E ArmVmp : Match on catch block at 0xc3 in for 0xa1
04-08 14:15:26.748 11117 14099 E SQLiteDatabase: Error inserting dirty_version=-1
version=0 lt_hash=null collection_name=regular_low
04-08 14:15:26.748 11117 14099 E SQLiteDatabase:
android.database.sqlite.SQLiteConstraintException: UNIQUE constraint failed:
collection_versions.collection_name (code 1555 SQLITE_CONSTRAINT_PRIMARYKEY)
04-08 14:15:26.748 11117 14099 E SQLiteDatabase: at
android.database.sqlite.SQLiteConnection.nativeExecuteForLastInsertedRowId(Native
Method)
04-08 14:15:26.748 11117 14099 E SQLiteDatabase: at
android.database.sqlite.SQLiteConnection.executeForLastInsertedRowId(SQLiteConnecti
on.java:938)
04-08 14:15:26.748 11117 14099 E SQLiteDatabase: at
android.database.sqlite.SQLiteSession.executeForLastInsertedRowId(SQLiteSession.jav
a:790)
04-08 14:15:26.748 11117 14099 E SQLiteDatabase: at
android.database.sqlite.SQLiteStatement.executeInsert(SQLiteStatement.java:88)
04-08 14:15:26.748 11117 14099 E SQLiteDatabase: at
android.database.sqlite.SQLiteDatabase.insertWithOnConflict(SQLiteDatabase.java:170
1)
04-08 14:15:26.748 11117 14099 E SQLiteDatabase: at
android.database.sqlite.SQLiteDatabase.insert(SQLiteDatabase.java:1570)
04-08 14:15:26.748 11117 14099 E SQLiteDatabase: at X.2tm.A08(Unknown
Source:6)
04-08 14:15:26.748 11117 14099 E SQLiteDatabase: at X.2sR.A03(Unknown
Source:39)
04-08 14:15:26.748 11117 14099 E SQLiteDatabase: at X.2sR.A05(Unknown
Source:14)
04-08 14:15:26.748 11117 14099 E SQLiteDatabase: at X.3eA.run(Unknown
Source:2101)
04-08 14:15:26.748 11117 14099 E SQLiteDatabase: at
java.util.concurrent.ThreadPoolExecutor.runWorker(ThreadPoolExecutor.java:1167)
04-08 14:15:26.748 11117 14099 E SQLiteDatabase: at
java.util.concurrent.ThreadPoolExecutor$Worker.run(ThreadPoolExecutor.java:641)
04-08 14:15:26.748 11117 14099 E SQLiteDatabase: at X.3gH.run(Unknown
Source:1548)
04-08 14:15:26.748 11117 14099 E SQLiteDatabase: at
java.lang.Thread.run(Thread.java:923)
04-08 14:15:26.761 11117 11117 E ArmVmp : Match on catch block at 0xc3 in for 0xa1
04-08 14:15:26.765 11117 11117 E ArmVmp : Match on catch block at 0xc3 in for 0xa5
04-08 14:15:26.846 11117 11117 E ArmVmp : Match on catch block at 0xc3 in for 0xa5
04-08 14:15:26.851 11117 11117 E ArmVmp : Match on catch block at 0xc3 in for 0xa9
04-08 14:15:26.929 11117 11117 E ArmVmp : Match on catch block at 0xc3 in for 0xa9
04-08 14:15:26.934 11117 11117 E ArmVmp : Match on catch block at 0xc3 in for 0xa1
04-08 14:15:27.012 11117 11117 E ArmVmp : Match on catch block at 0xc3 in for 0xa1
04-08 14:15:27.017 11117 11117 E ArmVmp : Match on catch block at 0xc3 in for 0xa5
04-08 14:15:27.098 11117 11117 E ArmVmp : Match on catch block at 0xc3 in for 0xa5
04-08 14:15:27.102 11117 11117 E ArmVmp : Match on catch block at 0xc3 in for 0xa9
04-08 14:15:27.196 11117 11117 E ArmVmp : Match on catch block at 0xc3 in for 0xa9
04-08 14:15:27.201 11117 11117 E ArmVmp : Match on catch block at 0xc3 in for 0xa1
04-08 14:15:27.279 11117 11117 E ArmVmp : Match on catch block at 0xc3 in for 0xa1
04-08 14:15:27.284 11117 11117 E ArmVmp : Match on catch block at 0xc3 in for 0xa5
04-08 14:15:27.366 11117 11117 E ArmVmp : Match on catch block at 0xc3 in for 0xa5
04-08 14:15:27.369 11117 11117 E ArmVmp : Match on catch block at 0xc3 in for 0xa9
04-08 14:15:27.464 11117 11117 E ArmVmp : Match on catch block at 0xc3 in for 0xa5
04-08 14:15:27.469 11117 11117 E ArmVmp : Match on catch block at 0xc3 in for 0xa9
04-08 14:15:27.548 11117 11117 E ArmVmp : Match on catch block at 0xc3 in for 0xa1
04-08 14:15:27.553 11117 11117 E ArmVmp : Match on catch block at 0xc3 in for 0xa5
04-08 14:15:27.646 11117 11117 E ArmVmp : Match on catch block at 0xc3 in for 0xa5
04-08 14:15:27.652 11117 11117 E ArmVmp : Match on catch block at 0xc3 in for 0xa9
04-08 14:15:27.731 11117 11117 E ArmVmp : Match on catch block at 0xc3 in for 0xa9
04-08 14:15:27.737 11117 11117 E ArmVmp : Match on catch block at 0xc3 in for 0xa1
04-08 14:15:27.816 11117 11117 E ArmVmp : Match on catch block at 0xc3 in for 0xa1
04-08 14:15:27.821 11117 11117 E ArmVmp : Match on catch block at 0xc3 in for 0xa5
04-08 14:15:27.863 11117 13816 W libEGL : EGLNativeWindowType 0xb400007cc28f2910
disconnect failed
04-08 14:15:27.878 11117 11117 E ArmVmp : Match on catch block at 0xc3 in for 0xa9
04-08 14:15:27.883 11117 11117 E ArmVmp : Match on catch block at 0xc3 in for 0xa1
04-08 14:15:27.889 11117 11117 E ArmVmp : Match on catch block at 0xc3 in for 0xa1
04-08 14:15:27.891 11117 11117 E ArmVmp : Match on catch block at 0xc3 in for 0xa5
04-08 14:15:27.912 11117 11117 E ArmVmp : Match on catch block at 0xc3 in for 0xa5
04-08 14:15:27.915 11117 11117 E ArmVmp : Match on catch block at 0xc3 in for 0xa9
04-08 14:15:27.979 11117 11117 E ArmVmp : Match on catch block at 0xc3 in for 0xa9
04-08 14:15:27.981 11117 11117 E ArmVmp : Match on catch block at 0xc3 in for 0xa1
04-08 14:15:28.062 11117 11117 E ArmVmp : Match on catch block at 0xc3 in for 0xa1
04-08 14:15:28.066 11117 11117 E ArmVmp : Match on catch block at 0xc3 in for 0xa5
04-08 14:15:28.146 11117 11117 E ArmVmp : Match on catch block at 0xc3 in for 0xa5
04-08 14:15:28.150 11117 11117 E ArmVmp : Match on catch block at 0xc3 in for 0xa9
04-08 14:15:28.230 11117 11117 E ArmVmp : Match on catch block at 0xc3 in for 0xa9
04-08 14:15:28.233 11117 11117 E ArmVmp : Match on catch block at 0xc3 in for 0xa1
04-08 14:15:28.313 11117 11117 E ArmVmp : Match on catch block at 0xc3 in for 0xa1
04-08 14:15:28.318 11117 11117 E ArmVmp : Match on catch block at 0xc3 in for 0xa5
04-08 14:15:28.397 11117 11117 E ArmVmp : Match on catch block at 0xc3 in for 0xa5
04-08 14:15:28.401 11117 11117 E ArmVmp : Match on catch block at 0xc3 in for 0xa9
04-08 14:15:28.480 11117 11117 E ArmVmp : Match on catch block at 0xc3 in for 0xa9
04-08 14:15:28.485 11117 11117 E ArmVmp : Match on catch block at 0xc3 in for 0xa1
04-08 14:15:28.563 11117 11117 E ArmVmp : Match on catch block at 0xc3 in for 0xa1
04-08 14:15:28.568 11117 11117 E ArmVmp : Match on catch block at 0xc3 in for 0xa5
04-08 14:15:28.647 11117 11117 E ArmVmp : Match on catch block at 0xc3 in for 0xa5
04-08 14:15:28.650 11117 11117 E ArmVmp : Match on catch block at 0xc3 in for 0xa9
04-08 14:15:28.731 11117 11117 E ArmVmp : Match on catch block at 0xc3 in for 0xa9
04-08 14:15:28.736 11117 11117 E ArmVmp : Match on catch block at 0xc3 in for 0xa1
04-08 14:15:28.814 11117 11117 E ArmVmp : Match on catch block at 0xc3 in for 0xa1
04-08 14:15:28.819 11117 11117 E ArmVmp : Match on catch block at 0xc3 in for 0xa5
04-08 14:15:28.898 11117 11117 E ArmVmp : Match on catch block at 0xc3 in for 0xa5
04-08 14:15:28.902 11117 11117 E ArmVmp : Match on catch block at 0xc3 in for 0xa9
04-08 14:15:28.980 11117 11117 E ArmVmp : Match on catch block at 0xc3 in for 0xa9
04-08 14:15:28.984 11117 11117 E ArmVmp : Match on catch block at 0xc3 in for 0xa1
04-08 14:15:29.064 11117 11117 E ArmVmp : Match on catch block at 0xc3 in for 0xa1
04-08 14:15:29.068 11117 11117 E ArmVmp : Match on catch block at 0xc3 in for 0xa5
04-08 14:15:29.147 11117 11117 E ArmVmp : Match on catch block at 0xc3 in for 0xa5
04-08 14:15:29.152 11117 11117 E ArmVmp : Match on catch block at 0xc3 in for 0xa9
04-08 14:15:29.231 11117 11117 E ArmVmp : Match on catch block at 0xc3 in for 0xa9
04-08 14:15:29.235 11117 11117 E ArmVmp : Match on catch block at 0xc3 in for 0xa1
04-08 14:15:29.315 11117 11117 E ArmVmp : Match on catch block at 0xc3 in for 0xa1
04-08 14:15:29.319 11117 11117 E ArmVmp : Match on catch block at 0xc3 in for 0xa5
04-08 14:15:29.398 11117 11117 E ArmVmp : Match on catch block at 0xc3 in for 0xa5
04-08 14:15:29.402 11117 11117 E ArmVmp : Match on catch block at 0xc3 in for 0xa9
04-08 14:15:29.464 11117 11117 E ArmVmp : Match on catch block at 0xc3 in for 0xa9
04-08 14:15:29.469 11117 11117 E ArmVmp : Match on catch block at 0xc3 in for 0xa1
04-08 14:15:29.481 11117 11117 E ArmVmp : Match on catch block at 0xc3 in for 0xa1
04-08 14:15:29.485 11117 11117 E ArmVmp : Match on catch block at 0xc3 in for 0xa5
04-08 14:15:29.499 11117 11117 E ArmVmp : Match on catch block at 0xc3 in for 0xa5
04-08 14:15:29.504 11117 11117 E ArmVmp : Match on catch block at 0xc3 in for 0xa9
04-08 14:15:29.515 11117 11117 E ArmVmp : Match on catch block at 0xc3 in for 0xa9
04-08 14:15:29.519 11117 11117 E ArmVmp : Match on catch block at 0xc3 in for 0xa1
04-08 14:15:29.532 11117 11117 E ArmVmp : Match on catch block at 0xc3 in for 0xa1
04-08 14:15:29.536 11117 11117 E ArmVmp : Match on catch block at 0xc3 in for 0xa5
04-08 14:15:29.548 11117 11117 E ArmVmp : Match on catch block at 0xc3 in for 0xa5
04-08 14:15:29.552 11117 11117 E ArmVmp : Match on catch block at 0xc3 in for 0xa9
04-08 14:15:29.565 11117 11117 E ArmVmp : Match on catch block at 0xc3 in for 0xa9
04-08 14:15:29.569 11117 11117 E ArmVmp : Match on catch block at 0xc3 in for 0xa1
04-08 14:15:29.581 11117 11117 E ArmVmp : Match on catch block at 0xc3 in for 0xa1
04-08 14:15:29.586 11117 11117 E ArmVmp : Match on catch block at 0xc3 in for 0xa5
04-08 14:15:29.598 11117 11117 E ArmVmp : Match on catch block at 0xc3 in for 0xa5
04-08 14:15:29.603 11117 11117 E ArmVmp : Match on catch block at 0xc3 in for 0xa9
04-08 14:15:29.615 11117 11117 E ArmVmp : Match on catch block at 0xc3 in for 0xa9
04-08 14:15:29.619 11117 11117 E ArmVmp : Match on catch block at 0xc3 in for 0xa1
04-08 14:15:29.631 11117 11117 E ArmVmp : Match on catch block at 0xc3 in for 0xa1
04-08 14:15:29.635 11117 11117 E ArmVmp : Match on catch block at 0xc3 in for 0xa5
04-08 14:15:29.648 11117 11117 E ArmVmp : Match on catch block at 0xc3 in for 0xa5
04-08 14:15:29.653 11117 11117 E ArmVmp : Match on catch block at 0xc3 in for 0xa9
04-08 14:15:29.665 11117 11117 E ArmVmp : Match on catch block at 0xc3 in for 0xa9
04-08 14:15:29.669 11117 11117 E ArmVmp : Match on catch block at 0xc3 in for 0xa1
04-08 14:15:29.681 11117 11117 E ArmVmp : Match on catch block at 0xc3 in for 0xa1
04-08 14:15:29.686 11117 11117 E ArmVmp : Match on catch block at 0xc3 in for 0xa5
04-08 14:15:29.699 11117 11117 E ArmVmp : Match on catch block at 0xc3 in for 0xa5
04-08 14:15:29.703 11117 11117 E ArmVmp : Match on catch block at 0xc3 in for 0xa9
04-08 14:15:29.715 11117 11117 E ArmVmp : Match on catch block at 0xc3 in for 0xa9
04-08 14:15:29.719 11117 11117 E ArmVmp : Match on catch block at 0xc3 in for 0xa1
04-08 14:15:29.732 11117 11117 E ArmVmp : Match on catch block at 0xc3 in for 0xa1
04-08 14:15:29.736 11117 11117 E ArmVmp : Match on catch block at 0xc3 in for 0xa5
04-08 14:15:29.782 11117 11117 E ArmVmp : Match on catch block at 0xc3 in for 0xa5
04-08 14:15:29.786 11117 11117 E ArmVmp : Match on catch block at 0xc3 in for 0xa9
04-08 14:15:29.865 11117 11117 E ArmVmp : Match on catch block at 0xc3 in for 0xa9
04-08 14:15:29.870 11117 11117 E ArmVmp : Match on catch block at 0xc3 in for 0xa1
04-08 14:15:29.948 11117 11117 E ArmVmp : Match on catch block at 0xc3 in for 0xa1
04-08 14:15:29.952 11117 11117 E ArmVmp : Match on catch block at 0xc3 in for 0xa5
04-08 14:15:30.032 11117 11117 E ArmVmp : Match on catch block at 0xc3 in for 0xa5
04-08 14:15:30.036 11117 11117 E ArmVmp : Match on catch block at 0xc3 in for 0xa9
04-08 14:15:30.115 11117 11117 E ArmVmp : Match on catch block at 0xc3 in for 0xa9
04-08 14:15:30.120 11117 11117 E ArmVmp : Match on catch block at 0xc3 in for 0xa1
04-08 14:15:30.199 11117 11117 E ArmVmp : Match on catch block at 0xc3 in for 0xa1
04-08 14:15:30.203 11117 11117 E ArmVmp : Match on catch block at 0xc3 in for 0xa5
04-08 14:15:30.282 11117 11117 E ArmVmp : Match on catch block at 0xc3 in for 0xa5
04-08 14:15:30.287 11117 11117 E ArmVmp : Match on catch block at 0xc3 in for 0xa9
04-08 14:15:30.365 11117 11117 E ArmVmp : Match on catch block at 0xc3 in for 0xa9
04-08 14:15:30.369 11117 11117 E ArmVmp : Match on catch block at 0xc3 in for 0xa1
04-08 14:15:30.449 11117 11117 E ArmVmp : Match on catch block at 0xc3 in for 0xa1
04-08 14:15:30.454 11117 11117 E ArmVmp : Match on catch block at 0xc3 in for 0xa5
04-08 14:15:30.532 11117 11117 E ArmVmp : Match on catch block at 0xc3 in for 0xa5
04-08 14:15:30.537 11117 11117 E ArmVmp : Match on catch block at 0xc3 in for 0xa9
04-08 14:15:30.616 11117 11117 E ArmVmp : Match on catch block at 0xc3 in for 0xa9
04-08 14:15:30.620 11117 11117 E ArmVmp : Match on catch block at 0xc3 in for 0xa1
04-08 14:15:30.699 11117 11117 E ArmVmp : Match on catch block at 0xc3 in for 0xa1
04-08 14:15:30.703 11117 11117 E ArmVmp : Match on catch block at 0xc3 in for 0xa5
04-08 14:15:30.782 11117 11117 E ArmVmp : Match on catch block at 0xc3 in for 0xa5
04-08 14:15:30.787 11117 11117 E ArmVmp : Match on catch block at 0xc3 in for 0xa9
04-08 14:15:30.866 11117 11117 E ArmVmp : Match on catch block at 0xc3 in for 0xa9
04-08 14:15:30.870 11117 11117 E ArmVmp : Match on catch block at 0xc3 in for 0xa1
04-08 14:15:30.949 11117 11117 E ArmVmp : Match on catch block at 0xc3 in for 0xa1
04-08 14:15:30.954 11117 11117 E ArmVmp : Match on catch block at 0xc3 in for 0xa5
04-08 14:15:31.033 11117 11117 E ArmVmp : Match on catch block at 0xc3 in for 0xa5
04-08 14:15:31.037 11117 11117 E ArmVmp : Match on catch block at 0xc3 in for 0xa9
04-08 14:15:31.133 11117 11117 E ArmVmp : Match on catch block at 0xc3 in for 0xa9
04-08 14:15:31.136 11117 11117 E ArmVmp : Match on catch block at 0xc3 in for 0xa1
04-08 14:15:31.217 11117 11117 E ArmVmp : Match on catch block at 0xc3 in for 0xa1
04-08 14:15:31.222 11117 11117 E ArmVmp : Match on catch block at 0xc3 in for 0xa5
04-08 14:15:31.300 11117 11117 E ArmVmp : Match on catch block at 0xc3 in for 0xa5
04-08 14:15:31.305 11117 11117 E ArmVmp : Match on catch block at 0xc3 in for 0xa9
04-08 14:15:31.383 11117 11117 E ArmVmp : Match on catch block at 0xc3 in for 0xa9
04-08 14:15:31.387 11117 11117 E ArmVmp : Match on catch block at 0xc3 in for 0xa1
04-08 14:15:31.467 11117 11117 E ArmVmp : Match on catch block at 0xc3 in for 0xa1
04-08 14:15:31.472 11117 11117 E ArmVmp : Match on catch block at 0xc3 in for 0xa5
04-08 14:15:31.551 11117 11117 E ArmVmp : Match on catch block at 0xc3 in for 0xa5
04-08 14:15:31.555 11117 11117 E ArmVmp : Match on catch block at 0xc3 in for 0xa9
04-08 14:15:31.633 11117 11117 E ArmVmp : Match on catch block at 0xc3 in for 0xa9
04-08 14:15:31.638 11117 11117 E ArmVmp : Match on catch block at 0xc3 in for 0xa1
04-08 14:15:31.717 11117 11117 E ArmVmp : Match on catch block at 0xc3 in for 0xa1
04-08 14:15:31.722 11117 11117 E ArmVmp : Match on catch block at 0xc3 in for 0xa5
04-08 14:15:31.800 11117 11117 E ArmVmp : Match on catch block at 0xc3 in for 0xa5
04-08 14:15:31.805 11117 11117 E ArmVmp : Match on catch block at 0xc3 in for 0xa9
04-08 14:15:31.884 11117 11117 E ArmVmp : Match on catch block at 0xc3 in for 0xa9
04-08 14:15:31.888 11117 11117 E ArmVmp : Match on catch block at 0xc3 in for 0xa1
04-08 14:15:31.967 11117 11117 E ArmVmp : Match on catch block at 0xc3 in for 0xa1
04-08 14:15:31.971 11117 11117 E ArmVmp : Match on catch block at 0xc3 in for 0xa5
04-08 14:15:32.051 11117 11117 E ArmVmp : Match on catch block at 0xc3 in for 0xa5
04-08 14:15:32.055 11117 11117 E ArmVmp : Match on catch block at 0xc3 in for 0xa9
04-08 14:15:32.134 11117 11117 E ArmVmp : Match on catch block at 0xc3 in for 0xa9
04-08 14:15:32.139 11117 11117 E ArmVmp : Match on catch block at 0xc3 in for 0xa1
04-08 14:15:32.218 11117 11117 E ArmVmp : Match on catch block at 0xc3 in for 0xa1
04-08 14:15:32.222 11117 11117 E ArmVmp : Match on catch block at 0xc3 in for 0xa5
04-08 14:15:32.301 11117 11117 E ArmVmp : Match on catch block at 0xc3 in for 0xa5
04-08 14:15:32.305 11117 11117 E ArmVmp : Match on catch block at 0xc3 in for 0xa9
04-08 14:15:32.385 11117 11117 E ArmVmp : Match on catch block at 0xc3 in for 0xa9
04-08 14:15:32.390 11117 11117 E ArmVmp : Match on catch block at 0xc3 in for 0xa1
04-08 14:15:32.467 11117 11117 E ArmVmp : Match on catch block at 0xc3 in for 0xa1
04-08 14:15:32.472 11117 11117 E ArmVmp : Match on catch block at 0xc3 in for 0xa5
04-08 14:15:32.551 11117 11117 E ArmVmp : Match on catch block at 0xc3 in for 0xa5
04-08 14:15:32.555 11117 11117 E ArmVmp : Match on catch block at 0xc3 in for 0xa9
04-08 14:15:32.635 11117 11117 E ArmVmp : Match on catch block at 0xc3 in for 0xa5
04-08 14:15:32.639 11117 11117 E ArmVmp : Match on catch block at 0xc3 in for 0xa9
04-08 14:15:32.702 11117 11117 E ArmVmp : Match on catch block at 0xc3 in for 0xa1
04-08 14:15:32.706 11117 11117 E ArmVmp : Match on catch block at 0xc3 in for 0xa5
04-08 14:15:32.738 11117 11117 E ArmVmp : Match on catch block at 0xc3 in for 0xa5
04-08 14:15:32.741 11117 11117 E ArmVmp : Match on catch block at 0xc3 in for 0xa9
04-08 14:15:32.784 11117 11117 E ArmVmp : Match on catch block at 0xc3 in for 0xa9
04-08 14:15:32.790 11117 11117 E ArmVmp : Match on catch block at 0xc3 in for 0xa1
04-08 14:15:32.802 11117 11117 E ArmVmp : Match on catch block at 0xc3 in for 0xa1
04-08 14:15:32.805 11117 11117 E ArmVmp : Match on catch block at 0xc3 in for 0xa5
04-08 14:15:32.819 11117 13816 W libEGL : EGLNativeWindowType 0xb400007cc2647300
disconnect failed
04-08 14:15:32.841 11117 11117 E ArmVmp : Match on catch block at 0xc3 in for 0xa1
04-08 14:15:32.844 11117 11117 E ArmVmp : Match on catch block at 0xc3 in for 0xa5
04-08 14:15:32.951 11117 11117 E ArmVmp : Match on catch block at 0xc3 in for 0xa9
04-08 14:15:32.956 11117 11117 E ArmVmp : Match on catch block at 0xc3 in for 0xa1
04-08 14:15:33.036 11117 11117 E ArmVmp : Match on catch block at 0xc3 in for 0xa1
04-08 14:15:33.042 11117 11117 E ArmVmp : Match on catch block at 0xc3 in for 0xa5
04-08 14:15:33.120 11117 11117 E ArmVmp : Match on catch block at 0xc3 in for 0xa5
04-08 14:15:33.125 11117 11117 E ArmVmp : Match on catch block at 0xc3 in for 0xa9
04-08 14:15:33.219 11117 11117 E ArmVmp : Match on catch block at 0xc3 in for 0xa9
04-08 14:15:33.225 11117 11117 E ArmVmp : Match on catch block at 0xc3 in for 0xa1
04-08 14:15:33.256 11117 11117 E ArmVmp : Match on catch block at 0xc3 in for 0xa1
04-08 14:15:33.260 11117 11117 E ArmVmp : Match on catch block at 0xc3 in for 0xa5
04-08 14:15:33.302 11117 11117 E ArmVmp : Match on catch block at 0xc3 in for 0xa5
04-08 14:15:33.307 11117 11117 E ArmVmp : Match on catch block at 0xc3 in for 0xa9
04-08 14:15:33.385 11117 11117 E ArmVmp : Match on catch block at 0xc3 in for 0xa9
04-08 14:15:33.390 11117 11117 E ArmVmp : Match on catch block at 0xc3 in for 0xa1
04-08 14:15:33.471 11117 11117 E ArmVmp : Match on catch block at 0xc3 in for 0xa1
04-08 14:15:33.476 11117 11117 E ArmVmp : Match on catch block at 0xc3 in for 0xa5
04-08 14:15:33.488 11117 11117 E ArmVmp : Match on catch block at 0x0a in for 0xa1
04-08 14:15:33.523 11117 11117 E ArmVmp : Match on catch block at 0x0a in for 0xa1
04-08 14:15:33.525 11117 11117 E ArmVmp : Match on catch block at 0x0a in for 0xa1
04-08 14:15:33.527 11117 11117 E ArmVmp : Match on catch block at 0x0a in for 0xa1
04-08 14:15:33.528 11117 11117 E ArmVmp : Match on catch block at 0x0a in for 0xa1
04-08 14:15:33.568 11117 11117 E ArmVmp : Match on catch block at 0xc3 in for 0xa1
04-08 14:15:33.572 11117 11117 E ArmVmp : Match on catch block at 0xc3 in for 0xa5
04-08 14:15:33.654 11117 11117 E ArmVmp : Match on catch block at 0xc3 in for 0xa5
04-08 14:15:33.660 11117 11117 E ArmVmp : Match on catch block at 0xc3 in for 0xa9
04-08 14:15:33.737 11117 11117 E ArmVmp : Match on catch block at 0xc3 in for 0xa9
04-08 14:15:33.741 11117 11117 E ArmVmp : Match on catch block at 0xc3 in for 0xa1
04-08 14:15:33.754 11117 11117 E ArmVmp : Match on catch block at 0xc3 in for 0xa1
04-08 14:15:33.758 11117 11117 E ArmVmp : Match on catch block at 0xc3 in for 0xa5
04-08 14:15:33.820 11117 11117 E ArmVmp : Match on catch block at 0xc3 in for 0xa5
04-08 14:15:33.825 11117 11117 E ArmVmp : Match on catch block at 0xc3 in for 0xa9
04-08 14:15:33.903 11117 11117 E ArmVmp : Match on catch block at 0xc3 in for 0xa9
04-08 14:15:33.908 11117 11117 E ArmVmp : Match on catch block at 0xc3 in for 0xa1
04-08 14:15:33.987 11117 11117 E ArmVmp : Match on catch block at 0xc3 in for 0xa1
04-08 14:15:33.992 11117 11117 E ArmVmp : Match on catch block at 0xc3 in for 0xa5
04-08 14:15:34.039 11117 11117 E ArmVmp : Match on catch block at 0x0a in for 0xa1
04-08 14:15:34.041 11117 11117 E ArmVmp : Match on catch block at 0x0a in for 0xa1
04-08 14:15:34.069 11117 11117 E ArmVmp : Match on catch block at 0xc3 in for 0xa5
04-08 14:15:34.075 11117 11117 E ArmVmp : Match on catch block at 0xc3 in for 0xa9
04-08 14:15:34.154 11117 11117 E ArmVmp : Match on catch block at 0xc3 in for 0xa9
04-08 14:15:34.158 11117 11117 E ArmVmp : Match on catch block at 0xc3 in for 0xa1
04-08 14:15:34.236 11117 11117 E ArmVmp : Match on catch block at 0xc3 in for 0xa1
04-08 14:15:34.241 11117 11117 E ArmVmp : Match on catch block at 0xc3 in for 0xa5
04-08 14:15:34.269 11117 11117 E ArmVmp : Match on catch block at 0xc3 in for 0xa5
04-08 14:15:34.273 11117 11117 E ArmVmp : Match on catch block at 0xc3 in for 0xa9
04-08 14:15:34.319 11117 11117 E ArmVmp : Match on catch block at 0xc3 in for 0xa9
04-08 14:15:34.323 11117 11117 E ArmVmp : Match on catch block at 0xc3 in for 0xa1
04-08 14:15:34.338 11117 11117 E ArmVmp : Match on catch block at 0xc3 in for 0xa1
04-08 14:15:34.343 11117 11117 E ArmVmp : Match on catch block at 0xc3 in for 0xa5
04-08 14:15:34.353 11117 11117 E ArmVmp : Match on catch block at 0xc3 in for 0xa5
04-08 14:15:34.357 11117 11117 E ArmVmp : Match on catch block at 0xc3 in for 0xa9
04-08 14:15:34.369 11117 11117 E ArmVmp : Match on catch block at 0xc3 in for 0xa9
04-08 14:15:34.373 11117 11117 E ArmVmp : Match on catch block at 0xc3 in for 0xa1
04-08 14:15:34.386 11117 11117 E ArmVmp : Match on catch block at 0xc3 in for 0xa1
04-08 14:15:34.390 11117 11117 E ArmVmp : Match on catch block at 0xc3 in for 0xa5
04-08 14:15:34.402 11117 11117 E ArmVmp : Match on catch block at 0xc3 in for 0xa5
04-08 14:15:34.407 11117 11117 E ArmVmp : Match on catch block at 0xc3 in for 0xa9
04-08 14:15:34.419 11117 11117 E ArmVmp : Match on catch block at 0xc3 in for 0xa9
04-08 14:15:34.424 11117 11117 E ArmVmp : Match on catch block at 0xc3 in for 0xa1
04-08 14:15:34.435 11117 11117 E ArmVmp : Match on catch block at 0xc3 in for 0xa1
04-08 14:15:34.440 11117 11117 E ArmVmp : Match on catch block at 0xc3 in for 0xa5
04-08 14:15:34.452 11117 11117 E ArmVmp : Match on catch block at 0xc3 in for 0xa5
04-08 14:15:34.457 11117 11117 E ArmVmp : Match on catch block at 0xc3 in for 0xa9
04-08 14:15:34.469 11117 11117 E ArmVmp : Match on catch block at 0xc3 in for 0xa9
04-08 14:15:34.473 11117 11117 E ArmVmp : Match on catch block at 0xc3 in for 0xa1
04-08 14:15:34.486 11117 11117 E ArmVmp : Match on catch block at 0xc3 in for 0xa1
04-08 14:15:34.490 11117 11117 E ArmVmp : Match on catch block at 0xc3 in for 0xa5
04-08 14:15:34.502 11117 11117 E ArmVmp : Match on catch block at 0xc3 in for 0xa5
04-08 14:15:34.506 11117 11117 E ArmVmp : Match on catch block at 0xc3 in for 0xa9
04-08 14:15:34.520 11117 11117 E ArmVmp : Match on catch block at 0xc3 in for 0xa9
04-08 14:15:34.525 11117 11117 E ArmVmp : Match on catch block at 0xc3 in for 0xa1
04-08 14:15:34.536 11117 11117 E ArmVmp : Match on catch block at 0xc3 in for 0xa1
04-08 14:15:34.541 11117 11117 E ArmVmp : Match on catch block at 0xc3 in for 0xa5
04-08 14:15:34.553 11117 11117 E ArmVmp : Match on catch block at 0xc3 in for 0xa5
04-08 14:15:34.557 11117 11117 E ArmVmp : Match on catch block at 0xc3 in for 0xa9
04-08 14:15:34.569 11117 11117 E ArmVmp : Match on catch block at 0xc3 in for 0xa9
04-08 14:15:34.573 11117 11117 E ArmVmp : Match on catch block at 0xc3 in for 0xa1
04-08 14:15:34.585 11117 11117 E ArmVmp : Match on catch block at 0xc3 in for 0xa1
04-08 14:15:34.590 11117 11117 E ArmVmp : Match on catch block at 0xc3 in for 0xa5
04-08 14:15:34.603 11117 11117 E ArmVmp : Match on catch block at 0xc3 in for 0xa5
04-08 14:15:34.607 11117 11117 E ArmVmp : Match on catch block at 0xc3 in for 0xa9
04-08 14:15:34.702 11117 11117 E ArmVmp : Match on catch block at 0xc3 in for 0xa9
04-08 14:15:34.708 11117 11117 E ArmVmp : Match on catch block at 0xc3 in for 0xa1
04-08 14:15:34.772 11117 11117 E ArmVmp : Match on catch block at 0xc3 in for 0xa1
04-08 14:15:34.776 11117 11117 E ArmVmp : Match on catch block at 0xc3 in for 0xa5
04-08 14:15:34.786 11117 11117 E ArmVmp : Match on catch block at 0xc3 in for 0xa5
04-08 14:15:34.790 11117 11117 E ArmVmp : Match on catch block at 0xc3 in for 0xa9
04-08 14:15:34.888 11117 11117 E ArmVmp : Match on catch block at 0xc3 in for 0xa9
04-08 14:15:34.893 11117 11117 E ArmVmp : Match on catch block at 0xc3 in for 0xa1
04-08 14:15:34.973 11117 11117 E ArmVmp : Match on catch block at 0xc3 in for 0xa1
04-08 14:15:34.978 11117 11117 E ArmVmp : Match on catch block at 0xc3 in for 0xa5
04-08 14:15:35.054 11117 11117 E ArmVmp : Match on catch block at 0xc3 in for 0xa5
04-08 14:15:35.060 11117 11117 E ArmVmp : Match on catch block at 0xc3 in for 0xa9
04-08 14:15:35.078 11117 11117 E ArmVmp : Match on catch block at 0x0a in for 0xa5
04-08 14:15:35.081 11117 11117 E ArmVmp : Match on catch block at 0x0a in for 0xa5
04-08 14:15:35.137 11117 11117 E ArmVmp : Match on catch block at 0xc3 in for 0xa9
04-08 14:15:35.142 11117 11117 E ArmVmp : Match on catch block at 0xc3 in for 0xa1
