--------- beginning of system
04-21 21:40:07.061 8143 8143 W System.err: java.lang.ClassNotFoundException:
mbmodsd.mbmodsw.ui.views.btn.BtnBK
04-21 21:40:07.061 8143 8143 W System.err: at
java.lang.Runtime.nativeLoad(Native Method)
04-21 21:40:07.061 8143 8143 W System.err: at
java.lang.Runtime.nativeLoad(Runtime.java:1115)
04-21 21:40:07.061 8143 8143 W System.err: at
java.lang.Runtime.loadLibrary0(Runtime.java:1069)
04-21 21:40:07.061 8143 8143 W System.err: at
java.lang.Runtime.loadLibrary0(Runtime.java:1007)
04-21 21:40:07.061 8143 8143 W System.err: at
java.lang.System.loadLibrary(System.java:1668)
04-21 21:40:07.061 8143 8143 W System.err: at arm.EpicVm.<clinit>(Unknown
Source:2)
04-21 21:40:07.062 8143 8143 W System.err: at
java.lang.Class.newInstance(Native Method)
04-21 21:40:07.062 8143 8143 W System.err: at
android.app.AppComponentFactory.instantiateApplication(AppComponentFactory.java:76)
04-21 21:40:07.062 8143 8143 W System.err: at
androidx.core.app.CoreComponentFactory.instantiateApplication(Unknown Source:0)
04-21 21:40:07.062 8143 8143 W System.err: at
android.app.Instrumentation.newApplication(Instrumentation.java:1160)
04-21 21:40:07.062 8143 8143 W System.err: at
android.app.LoadedApk.makeApplication(LoadedApk.java:1325)
04-21 21:40:07.062 8143 8143 W System.err: at
android.app.ActivityThread.handleBindApplication(ActivityThread.java:7173)
04-21 21:40:07.062 8143 8143 W System.err: at
android.app.ActivityThread.access$2200(ActivityThread.java:296)
04-21 21:40:07.062 8143 8143 W System.err: at
android.app.ActivityThread$H.handleMessage(ActivityThread.java:2208)
04-21 21:40:07.062 8143 8143 W System.err: at
android.os.Handler.dispatchMessage(Handler.java:107)
04-21 21:40:07.062 8143 8143 W System.err: at
android.os.Looper.loop(Looper.java:213)
04-21 21:40:07.062 8143 8143 W System.err: at
android.app.ActivityThread.main(ActivityThread.java:8178)
04-21 21:40:07.062 8143 8143 W System.err: at
java.lang.reflect.Method.invoke(Native Method)
04-21 21:40:07.062 8143 8143 W System.err: at
com.android.internal.os.RuntimeInit$MethodAndArgsCaller.run(RuntimeInit.java:513)
04-21 21:40:07.062 8143 8143 W System.err: at
com.android.internal.os.ZygoteInit.main(ZygoteInit.java:1101)
04-21 21:40:07.104 8143 8165 E AwareLog: AtomicFileUtils: readFileLines file not
exist: android.util.AtomicFile@efce14
04-21 21:40:07.104 8143 8165 E AwareLog: AtomicFileUtils: readFileLines file not
exist: android.util.AtomicFile@e5d06bd
04-21 21:40:07.106 8143 8143 E CustomActivityOnCrash: IMPORTANT WARNING! You
already have an UncaughtExceptionHandler, are you sure this is correct? If you use
a custom UncaughtExceptionHandler, you must initialize it AFTER
CustomActivityOnCrash! Installing anyway, but your original handler will not be
called.
04-21 21:40:07.499 8182 8182 W logcat : type=1400 audit(0.0:8822): avc: granted
{ read } for pid=8182 name="MBLogs" dev="sdcardfs" ino=43712
scontext=u:r:untrusted_app:s0:c182,c256,c512,c768 tcontext=u:object_r:sdcardfs:s0
tclass=dir
04-21 21:40:07.499 8182 8182 W logcat : type=1400 audit(0.0:8823): avc: granted
{ read open } for pid=8182 path="/storage/emulated/0/Download/FMThemes/MBLogs"
dev="sdcardfs" ino=43712 scontext=u:r:untrusted_app:s0:c182,c256,c512,c768
tcontext=u:object_r:sdcardfs:s0 tclass=dir
04-21 21:40:07.499 8182 8182 W logcat : type=1400 audit(0.0:8824): avc: granted
{ read } for pid=8182 name="logcat.txt" dev="sdcardfs" ino=43714
scontext=u:r:untrusted_app:s0:c182,c256,c512,c768 tcontext=u:object_r:sdcardfs:s0
tclass=file
04-21 21:40:07.499 8182 8182 W logcat : type=1400 audit(0.0:8825): avc: granted
{ read open } for pid=8182
path="/storage/emulated/0/Download/FMThemes/MBLogs/logcat.txt" dev="sdcardfs"
ino=43714 scontext=u:r:untrusted_app:s0:c182,c256,c512,c768
tcontext=u:object_r:sdcardfs:s0 tclass=file
04-21 21:40:07.730 8143 8143 W linker : Warning:
"/data/data/com.mbwhatsapp/files/decompressed/libs.spk.zst/libc++_shared.so" unused
DT entry: unknown processor-specific (type 0x70000001 arg 0x0) (ignoring)
04-21 21:40:07.819 8143 8143 W com.mbwhatsapp: type=1400 audit(0.0:8831): avc:
granted { execute } for pid=8143
path="/data/data/com.mbwhatsapp/files/decompressed/libs.spk.zst/libcurve25519.so"
dev="mmcblk0p71" ino=23439 scontext=u:r:untrusted_app:s0:c182,c256,c512,c768
tcontext=u:object_r:app_data_file:s0:c182,c256,c512,c768 tclass=file
04-21 21:40:07.839 8143 8143 W com.mbwhatsapp: type=1400 audit(0.0:8832): avc:
granted { execute } for pid=8143
path="/data/data/com.mbwhatsapp/files/decompressed/libs.spk.zst/libwhatsapp.so"
dev="mmcblk0p71" ino=23514 scontext=u:r:untrusted_app:s0:c182,c256,c512,c768
tcontext=u:object_r:app_data_file:s0:c182,c256,c512,c768 tclass=file
04-21 21:40:07.998 8143 8199 W com.mbwhatsapp: Class X.2rL failed lock
verification and will run slower.
04-21 21:40:07.998 8143 8199 W com.mbwhatsapp: Common causes for lock
verification issues are non-optimized dex code
04-21 21:40:07.998 8143 8199 W com.mbwhatsapp: and incorrect proguard
optimizations.
04-21 21:40:08.715 8143 8143 W com.mbwhatsapp: type=1400 audit(0.0:8835): avc:
granted { getattr } for pid=8143 comm=4D42576861747341707020576F726B name="/"
dev="sdcardfs" ino=126 scontext=u:r:untrusted_app:s0:c182,c256,c512,c768
tcontext=u:object_r:sdcardfs:s0 tclass=filesystem
04-21 21:40:11.071 8143 8143 W com.mbwhatsapp: type=1400 audit(0.0:8838): avc:
granted { getattr } for pid=8143 comm=4D42576861747341707020576F726B name="/"
dev="sdcardfs" ino=126 scontext=u:r:untrusted_app:s0:c182,c256,c512,c768
tcontext=u:object_r:sdcardfs:s0 tclass=filesystem
--------- beginning of main
04-21 21:48:32.955 12627 12627 E com.mbwhatsapp: Not starting debugger since
process cannot load the jdwp agent.
04-21 21:48:32.975 12627 12627 W re-initialized>: type=1400 audit(0.0:9052): avc:
denied { read } for pid=12627 name="u:object_r:mmi_prop:s0" dev="tmpfs" ino=15469
scontext=u:r:untrusted_app:s0:c182,c256,c512,c768 tcontext=u:object_r:mmi_prop:s0
tclass=file permissive=0
04-21 21:48:32.979 12627 12627 E libc : Access denied finding property
"runtime.mmitest.isrunning"
--------- beginning of system
04-21 21:48:33.342 12627 12627 W System.err: java.lang.ClassNotFoundException:
mbmodsd.mbmodsw.ui.views.btn.BtnBK
04-21 21:48:33.342 12627 12627 W System.err: at
java.lang.Runtime.nativeLoad(Native Method)
04-21 21:48:33.342 12627 12627 W System.err: at
java.lang.Runtime.nativeLoad(Runtime.java:1115)
04-21 21:48:33.342 12627 12627 W System.err: at
java.lang.Runtime.loadLibrary0(Runtime.java:1069)
04-21 21:48:33.342 12627 12627 W System.err: at
java.lang.Runtime.loadLibrary0(Runtime.java:1007)
04-21 21:48:33.342 12627 12627 W System.err: at
java.lang.System.loadLibrary(System.java:1668)
04-21 21:48:33.342 12627 12627 W System.err: at arm.EpicVm.<clinit>(Unknown
Source:2)
04-21 21:48:33.342 12627 12627 W System.err: at
java.lang.Class.newInstance(Native Method)
04-21 21:48:33.342 12627 12627 W System.err: at
android.app.AppComponentFactory.instantiateApplication(AppComponentFactory.java:76)
04-21 21:48:33.342 12627 12627 W System.err: at
androidx.core.app.CoreComponentFactory.instantiateApplication(Unknown Source:0)
04-21 21:48:33.343 12627 12627 W System.err: at
android.app.Instrumentation.newApplication(Instrumentation.java:1160)
04-21 21:48:33.343 12627 12627 W System.err: at
android.app.LoadedApk.makeApplication(LoadedApk.java:1325)
04-21 21:48:33.343 12627 12627 W System.err: at
android.app.ActivityThread.handleBindApplication(ActivityThread.java:7173)
04-21 21:48:33.343 12627 12627 W System.err: at
android.app.ActivityThread.access$2200(ActivityThread.java:296)
04-21 21:48:33.343 12627 12627 W System.err: at
android.app.ActivityThread$H.handleMessage(ActivityThread.java:2208)
04-21 21:48:33.343 12627 12627 W System.err: at
android.os.Handler.dispatchMessage(Handler.java:107)
04-21 21:48:33.343 12627 12627 W System.err: at
android.os.Looper.loop(Looper.java:213)
04-21 21:48:33.343 12627 12627 W System.err: at
android.app.ActivityThread.main(ActivityThread.java:8178)
04-21 21:48:33.343 12627 12627 W System.err: at
java.lang.reflect.Method.invoke(Native Method)
04-21 21:48:33.343 12627 12627 W System.err: at
com.android.internal.os.RuntimeInit$MethodAndArgsCaller.run(RuntimeInit.java:513)
04-21 21:48:33.343 12627 12627 W System.err: at
com.android.internal.os.ZygoteInit.main(ZygoteInit.java:1101)
04-21 21:48:33.377 12627 12657 E AwareLog: AtomicFileUtils: readFileLines file not
exist: android.util.AtomicFile@efce14
04-21 21:48:33.377 12627 12657 E AwareLog: AtomicFileUtils: readFileLines file not
exist: android.util.AtomicFile@e5d06bd
04-21 21:48:33.378 12627 12627 E CustomActivityOnCrash: IMPORTANT WARNING! You
already have an UncaughtExceptionHandler, are you sure this is correct? If you use
a custom UncaughtExceptionHandler, you must initialize it AFTER
CustomActivityOnCrash! Installing anyway, but your original handler will not be
called.
04-21 21:48:33.675 12672 12672 W logcat : type=1400 audit(0.0:9053): avc: granted
{ read } for pid=12672 name="MBLogs" dev="sdcardfs" ino=43712
scontext=u:r:untrusted_app:s0:c182,c256,c512,c768 tcontext=u:object_r:sdcardfs:s0
tclass=dir
04-21 21:48:33.675 12672 12672 W logcat : type=1400 audit(0.0:9054): avc: granted
{ read open } for pid=12672 path="/storage/emulated/0/Download/FMThemes/MBLogs"
dev="sdcardfs" ino=43712 scontext=u:r:untrusted_app:s0:c182,c256,c512,c768
tcontext=u:object_r:sdcardfs:s0 tclass=dir
04-21 21:48:33.675 12672 12672 W logcat : type=1400 audit(0.0:9055): avc: granted
{ read } for pid=12672 name="logcat.txt" dev="sdcardfs" ino=43714
scontext=u:r:untrusted_app:s0:c182,c256,c512,c768 tcontext=u:object_r:sdcardfs:s0
tclass=file
04-21 21:48:33.675 12672 12672 W logcat : type=1400 audit(0.0:9056): avc: granted
{ read open } for pid=12672
path="/storage/emulated/0/Download/FMThemes/MBLogs/logcat.txt" dev="sdcardfs"
ino=43714 scontext=u:r:untrusted_app:s0:c182,c256,c512,c768
tcontext=u:object_r:sdcardfs:s0 tclass=file
04-21 21:48:33.747 12627 12627 W com.mbwhatsapp: type=1400 audit(0.0:9057): avc:
granted { execute } for pid=12627
path="/data/data/com.mbwhatsapp/files/decompressed/libs.spk.zst/libc++_shared.so"
dev="mmcblk0p71" ino=23477 scontext=u:r:untrusted_app:s0:c182,c256,c512,c768
tcontext=u:object_r:app_data_file:s0:c182,c256,c512,c768 tclass=file
04-21 21:48:33.751 12627 12627 W linker : Warning:
"/data/data/com.mbwhatsapp/files/decompressed/libs.spk.zst/libc++_shared.so" unused
DT entry: unknown processor-specific (type 0x70000001 arg 0x0) (ignoring)
04-21 21:48:33.924 12627 12687 W com.mbwhatsapp: Class X.2rL failed lock
verification and will run slower.
04-21 21:48:33.924 12627 12687 W com.mbwhatsapp: Common causes for lock
verification issues are non-optimized dex code
04-21 21:48:33.924 12627 12687 W com.mbwhatsapp: and incorrect proguard
optimizations.
04-21 21:48:33.963 12627 12627 W com.mbwhatsapp: Class com.mbwhatsapp.HomeActivity
failed lock verification and will run slower.
04-21 21:48:33.977 12627 12627 W com.mbwhatsapp: Class X.0eU failed lock
verification and will run slower.
04-21 21:48:34.361 12627 12627 E ArmVmp : Match on catch block at 0x0a in for 0xc9
04-21 21:48:34.379 12627 12627 E ArmVmp : Match on catch block at 0x0a in for
0x139
04-21 21:48:35.304 12627 12692 W Gralloc3: mapper 3.x is not supported
04-21 21:48:35.344 12627 12692 E : APS:IFLoad:importExternalFunctions,
search function createNewHwApsUtils failed, dlsym err:undefined symbol:
createNewHwApsUtils
04-21 21:48:35.365 12627 12627 E ArmVmp : Match on catch block at 0x0a in for 0xd1
04-21 21:48:35.443 12627 12627 W com.mbwhatsapp: type=1400 audit(0.0:9066): avc:
granted { getattr } for pid=12627 comm=4D42576861747341707020576F726B name="/"
dev="sdcardfs" ino=126 scontext=u:r:untrusted_app:s0:c182,c256,c512,c768
tcontext=u:object_r:sdcardfs:s0 tclass=filesystem
04-21 21:48:35.447 12627 12627 W com.mbwhatsapp: type=1400 audit(0.0:9067): avc:
granted { getattr } for pid=12627 comm=4D42576861747341707020576F726B name="/"
dev="sdcardfs" ino=126 scontext=u:r:untrusted_app:s0:c182,c256,c512,c768
tcontext=u:object_r:sdcardfs:s0 tclass=filesystem
04-21 21:48:35.477 12627 12692 W libEGL : EGLNativeWindowType 0x7ee6a22210
disconnect failed
04-21 21:48:35.503 12627 12627 W com.mbwhatsapp: type=1400 audit(0.0:9068): avc:
granted { getattr } for pid=12627 comm=4D42576861747341707020576F726B name="/"
dev="sdcardfs" ino=126 scontext=u:r:untrusted_app:s0:c182,c256,c512,c768
tcontext=u:object_r:sdcardfs:s0 tclass=filesystem
04-21 21:48:35.513 12627 12743 W LOTTIE : Animation contains merge paths. Merge
paths are only supported on KitKat+ and must be manually enabled by calling
enableMergePathsForKitKatAndAbove().
04-21 21:48:35.732 12627 12627 W LOTTIE : Animation contains merge paths but they
are disabled.
04-21 21:48:36.291 12627 12627 W com.mbwhatsapp: type=1400 audit(0.0:9070): avc:
granted { getattr } for pid=12627 comm=4D42576861747341707020576F726B name="/"
dev="sdcardfs" ino=126 scontext=u:r:untrusted_app:s0:c182,c256,c512,c768
tcontext=u:object_r:sdcardfs:s0 tclass=filesystem
04-21 21:48:37.705 12627 12627 W Settings: Setting device_provisioned has moved
from android.provider.Settings.Secure to android.provider.Settings.Global.
04-21 21:48:37.825 12627 12627 W ActivityThread: handleWindowVisibility: no
activity for token android.os.BinderProxy@ef97b46
04-21 21:48:38.136 12627 12627 E ArmVmp : Match on catch block at 0x0a in for 0xc5
04-21 21:48:38.140 12627 12627 E ArmVmp : Match on catch block at 0x0a in for 0xc5
04-21 21:48:38.412 12627 12627 E ArmVmp : Match on catch block at 0xc3 in for 0xb9
04-21 21:48:38.419 12627 12627 E ArmVmp : Match on catch block at 0xc3 in for 0xb5
04-21 21:48:38.422 12627 12627 E ArmVmp : Match on catch block at 0xc3 in for 0xb5
04-21 21:48:38.488 12627 12627 E ArmVmp : Match on catch block at 0xc3 in for 0xa5
04-21 21:48:38.492 12627 12627 E ArmVmp : Match on catch block at 0xc3 in for 0xa1
04-21 21:48:38.494 12627 12627 E ArmVmp : Match on catch block at 0xc3 in for 0xa1
04-21 21:48:38.540 12627 12627 E ArmVmp : Match on catch block at 0xc3 in for 0xa9
04-21 21:48:38.544 12627 12627 E ArmVmp : Match on catch block at 0xc3 in for 0xa1
04-21 21:48:38.546 12627 12627 E ArmVmp : Match on catch block at 0xc3 in for 0xa1
04-21 21:48:38.565 12627 12627 E ArmVmp : Match on catch block at 0xc3 in for 0xa1
04-21 21:48:38.569 12627 12627 E ArmVmp : Match on catch block at 0xc3 in for 0xa5
04-21 21:48:38.572 12627 12627 E ArmVmp : Match on catch block at 0xc3 in for 0xa5
04-21 21:48:38.596 12627 12627 E ArmVmp : Match on catch block at 0xc3 in for 0xa1
04-21 21:48:38.600 12627 12627 E ArmVmp : Match on catch block at 0xc3 in for 0xa5
04-21 21:48:38.603 12627 12627 E ArmVmp : Match on catch block at 0xc3 in for 0xa5
04-21 21:48:38.680 12627 12692 W libEGL : EGLNativeWindowType 0x7ee6a22210
disconnect failed
04-21 21:48:38.993 12627 12627 E ArmVmp : Match on catch block at 0xc3 in for 0xa5
04-21 21:48:39.003 12627 12627 E ArmVmp : Match on catch block at 0xc3 in for 0xa9
04-21 21:48:39.008 12627 12627 E ArmVmp : Match on catch block at 0xc3 in for 0xa9
04-21 21:48:39.027 12627 12627 E ArmVmp : Match on catch block at 0xc3 in for 0xa1
04-21 21:48:39.037 12627 12627 E ArmVmp : Match on catch block at 0xc3 in for 0xa5
04-21 21:48:39.045 12627 12627 E ArmVmp : Match on catch block at 0xc3 in for 0xa5
04-21 21:48:39.059 12627 12627 E ArmVmp : Match on catch block at 0xc3 in for 0xa9
04-21 21:48:39.070 12627 12627 E ArmVmp : Match on catch block at 0xc3 in for 0xa1
04-21 21:48:39.077 12627 12627 E ArmVmp : Match on catch block at 0xc3 in for 0xa1
04-21 21:48:39.093 12627 12627 E ArmVmp : Match on catch block at 0xc3 in for 0xa5
04-21 21:48:39.104 12627 12627 E ArmVmp : Match on catch block at 0xc3 in for 0xa9
04-21 21:48:39.108 12627 12627 E ArmVmp : Match on catch block at 0xc3 in for 0xa9
04-21 21:48:39.125 12627 12627 E ArmVmp : Match on catch block at 0xc3 in for 0xa1
04-21 21:48:39.131 12627 12627 E ArmVmp : Match on catch block at 0xc3 in for 0xa5
04-21 21:48:39.135 12627 12627 E ArmVmp : Match on catch block at 0xc3 in for 0xa5
04-21 21:48:39.145 12627 12627 E ArmVmp : Match on catch block at 0xc3 in for 0xa9
04-21 21:48:39.151 12627 12627 E ArmVmp : Match on catch block at 0xc3 in for 0xa1
04-21 21:48:39.154 12627 12627 E ArmVmp : Match on catch block at 0xc3 in for 0xa1
04-21 21:48:39.174 12627 12627 E ArmVmp : Match on catch block at 0xc3 in for 0xa5
04-21 21:48:39.180 12627 12627 E ArmVmp : Match on catch block at 0xc3 in for 0xa9
04-21 21:48:39.183 12627 12627 E ArmVmp : Match on catch block at 0xc3 in for 0xa9
04-21 21:48:39.193 12627 12627 E ArmVmp : Match on catch block at 0xc3 in for 0xa1
04-21 21:48:39.199 12627 12627 E ArmVmp : Match on catch block at 0xc3 in for 0xa5
04-21 21:48:39.202 12627 12627 E ArmVmp : Match on catch block at 0xc3 in for 0xa5
04-21 21:48:39.224 12627 12627 E ArmVmp : Match on catch block at 0xc3 in for 0xa9
04-21 21:48:39.230 12627 12627 E ArmVmp : Match on catch block at 0xc3 in for 0xa1
04-21 21:48:39.233 12627 12627 E ArmVmp : Match on catch block at 0xc3 in for 0xa1
04-21 21:48:39.242 12627 12627 E ArmVmp : Match on catch block at 0xc3 in for 0xa5
04-21 21:48:39.249 12627 12627 E ArmVmp : Match on catch block at 0xc3 in for 0xa9
04-21 21:48:39.252 12627 12627 E ArmVmp : Match on catch block at 0xc3 in for 0xa9
04-21 21:48:39.275 12627 12627 E ArmVmp : Match on catch block at 0xc3 in for 0xa1
04-21 21:48:39.282 12627 12627 E ArmVmp : Match on catch block at 0xc3 in for 0xa5
04-21 21:48:39.286 12627 12627 E ArmVmp : Match on catch block at 0xc3 in for 0xa5
04-21 21:48:39.308 12627 12627 E ArmVmp : Match on catch block at 0xc3 in for 0xa9
04-21 21:48:39.319 12627 12627 E ArmVmp : Match on catch block at 0xc3 in for 0xa1
04-21 21:48:39.323 12627 12627 E ArmVmp : Match on catch block at 0xc3 in for 0xa1
04-21 21:48:39.526 12627 12627 E ArmVmp : Match on catch block at 0xc3 in for 0xa5
04-21 21:48:39.536 12627 12627 E ArmVmp : Match on catch block at 0xc3 in for 0xa9
04-21 21:48:39.542 12627 12627 E ArmVmp : Match on catch block at 0xc3 in for 0xa9
04-21 21:48:39.696 12627 12627 W Settings: Setting device_provisioned has moved
from android.provider.Settings.Secure to android.provider.Settings.Global.
04-21 21:48:39.744 12627 12627 E ArmVmp : Match on catch block at 0xc3 in for 0xa5
04-21 21:48:39.758 12627 12627 E ArmVmp : Match on catch block at 0xc3 in for 0xa9
04-21 21:48:39.764 12627 12627 E ArmVmp : Match on catch block at 0xc3 in for 0xa9
04-21 21:48:39.776 12627 12627 W HiTouch_PressGestureDetector: Touch pointer move a
lot. The moving distance of X is:22.566895, limit is:60The moving distance of Y
is:198.52844, limit is:60
04-21 21:48:39.782 12627 12627 E ArmVmp : Match on catch block at 0xc3 in for 0xa1
04-21 21:48:39.791 12627 12627 E ArmVmp : Match on catch block at 0xc3 in for 0xa5
04-21 21:48:39.795 12627 12627 E ArmVmp : Match on catch block at 0xc3 in for 0xa5
04-21 21:48:39.805 12627 12627 E ArmVmp : Match on catch block at 0xc3 in for 0xa5
04-21 21:48:39.813 12627 12627 E ArmVmp : Match on catch block at 0xc3 in for 0xa9
04-21 21:48:39.817 12627 12627 E ArmVmp : Match on catch block at 0xc3 in for 0xa9
04-21 21:48:39.829 12627 12627 E ArmVmp : Match on catch block at 0xc3 in for 0xa9
04-21 21:48:39.835 12627 12627 E ArmVmp : Match on catch block at 0xc3 in for 0xa1
04-21 21:48:39.845 12627 12627 E ArmVmp : Match on catch block at 0xc3 in for 0xa1
04-21 21:48:39.851 12627 12627 E ArmVmp : Match on catch block at 0xc3 in for 0xa5
04-21 21:48:39.861 12627 12627 E ArmVmp : Match on catch block at 0xc3 in for 0xa5
04-21 21:48:39.866 12627 12627 E ArmVmp : Match on catch block at 0xc3 in for 0xa9
04-21 21:48:39.878 12627 12627 E ArmVmp : Match on catch block at 0xc3 in for 0xa9
04-21 21:48:39.883 12627 12627 E ArmVmp : Match on catch block at 0xc3 in for 0xa1
04-21 21:48:39.895 12627 12627 E ArmVmp : Match on catch block at 0xc3 in for 0xa1
04-21 21:48:39.901 12627 12627 E ArmVmp : Match on catch block at 0xc3 in for 0xa5
04-21 21:48:39.913 12627 12627 E ArmVmp : Match on catch block at 0xc3 in for 0xa5
04-21 21:48:39.920 12627 12627 E ArmVmp : Match on catch block at 0xc3 in for 0xa9
04-21 21:48:39.933 12627 12627 E ArmVmp : Match on catch block at 0xc3 in for 0xa9
04-21 21:48:39.939 12627 12627 E ArmVmp : Match on catch block at 0xc3 in for 0xa1
04-21 21:48:39.950 12627 12627 E ArmVmp : Match on catch block at 0xc3 in for 0xa1
04-21 21:48:39.958 12627 12627 E ArmVmp : Match on catch block at 0xc3 in for 0xa5
04-21 21:48:39.972 12627 12627 E ArmVmp : Match on catch block at 0xc3 in for 0xa5
04-21 21:48:39.977 12627 12627 E ArmVmp : Match on catch block at 0xc3 in for 0xa9
04-21 21:48:39.981 12627 12627 E ArmVmp : Match on catch block at 0xc3 in for 0xa9
04-21 21:48:39.995 12627 12627 E ArmVmp : Match on catch block at 0xc3 in for 0xa1
04-21 21:48:40.002 12627 12627 E ArmVmp : Match on catch block at 0xc3 in for 0xa5
04-21 21:48:40.004 12627 12627 E ArmVmp : Match on catch block at 0xc3 in for 0xa5
04-21 21:48:40.010 12627 12627 E ArmVmp : Match on catch block at 0xc3 in for 0xa1
04-21 21:48:40.015 12627 12627 E ArmVmp : Match on catch block at 0xc3 in for 0xa5
04-21 21:48:40.018 12627 12627 E ArmVmp : Match on catch block at 0xc3 in for 0xa5
04-21 21:48:40.023 12627 12627 E ArmVmp : Match on catch block at 0xc3 in for 0xa1
04-21 21:48:40.028 12627 12627 E ArmVmp : Match on catch block at 0xc3 in for 0xa5
04-21 21:48:40.031 12627 12627 E ArmVmp : Match on catch block at 0xc3 in for 0xa5
04-21 21:48:40.049 12627 12627 E ArmVmp : Match on catch block at 0xc3 in for 0xa1
04-21 21:48:40.053 12627 12627 E ArmVmp : Match on catch block at 0xc3 in for 0xa5
04-21 21:48:40.055 12627 12627 E ArmVmp : Match on catch block at 0xc3 in for 0xa5
04-21 21:48:40.060 12627 12627 E ArmVmp : Match on catch block at 0xc3 in for 0xa1
04-21 21:48:40.064 12627 12627 E ArmVmp : Match on catch block at 0xc3 in for 0xa5
04-21 21:48:40.067 12627 12627 E ArmVmp : Match on catch block at 0xc3 in for 0xa5
04-21 21:48:40.073 12627 12627 E ArmVmp : Match on catch block at 0xc3 in for 0xa1
04-21 21:48:40.077 12627 12627 E ArmVmp : Match on catch block at 0xc3 in for 0xa5
04-21 21:48:40.079 12627 12627 E ArmVmp : Match on catch block at 0xc3 in for 0xa5
04-21 21:48:40.090 12627 12627 E ArmVmp : Match on catch block at 0xc3 in for 0xa1
04-21 21:48:40.094 12627 12627 E ArmVmp : Match on catch block at 0xc3 in for 0xa5
04-21 21:48:40.096 12627 12627 E ArmVmp : Match on catch block at 0xc3 in for 0xa5
04-21 21:48:40.107 12627 12627 E ArmVmp : Match on catch block at 0xc3 in for 0xa1
04-21 21:48:40.111 12627 12627 E ArmVmp : Match on catch block at 0xc3 in for 0xa5
04-21 21:48:40.114 12627 12627 E ArmVmp : Match on catch block at 0xc3 in for 0xa5
04-21 21:48:40.123 12627 12627 E ArmVmp : Match on catch block at 0xc3 in for 0xa1
04-21 21:48:40.128 12627 12627 E ArmVmp : Match on catch block at 0xc3 in for 0xa5
04-21 21:48:40.130 12627 12627 E ArmVmp : Match on catch block at 0xc3 in for 0xa5
04-21 21:48:40.140 12627 12627 E ArmVmp : Match on catch block at 0xc3 in for 0xa1
04-21 21:48:40.144 12627 12627 E ArmVmp : Match on catch block at 0xc3 in for 0xa5
04-21 21:48:40.146 12627 12627 E ArmVmp : Match on catch block at 0xc3 in for 0xa5
04-21 21:48:40.156 12627 12627 E ArmVmp : Match on catch block at 0xc3 in for 0xa1
04-21 21:48:40.160 12627 12627 E ArmVmp : Match on catch block at 0xc3 in for 0xa5
04-21 21:48:40.162 12627 12627 E ArmVmp : Match on catch block at 0xc3 in for 0xa5
04-21 21:48:40.175 12627 12627 E ArmVmp : Match on catch block at 0xc3 in for 0xa1
04-21 21:48:40.179 12627 12627 E ArmVmp : Match on catch block at 0xc3 in for 0xa5
04-21 21:48:40.181 12627 12627 E ArmVmp : Match on catch block at 0xc3 in for 0xa5
04-21 21:48:40.189 12627 12627 E ArmVmp : Match on catch block at 0xc3 in for 0xa5
04-21 21:48:40.193 12627 12627 E ArmVmp : Match on catch block at 0xc3 in for 0xa9
04-21 21:48:40.195 12627 12627 E ArmVmp : Match on catch block at 0xc3 in for 0xa9
04-21 21:48:40.556 12627 12627 E ArmVmp : Match on catch block at 0xc3 in for 0xa1
04-21 21:48:40.560 12627 12627 E ArmVmp : Match on catch block at 0xc3 in for 0xa5
04-21 21:48:40.563 12627 12627 E ArmVmp : Match on catch block at 0xc3 in for 0xa5
04-21 21:48:41.059 12627 12627 E ArmVmp : Match on catch block at 0xc3 in for 0xa9
04-21 21:48:41.063 12627 12627 E ArmVmp : Match on catch block at 0xc3 in for 0xa1
04-21 21:48:41.066 12627 12627 E ArmVmp : Match on catch block at 0xc3 in for 0xa1
04-21 21:48:41.339 12627 12627 E ArmVmp : Match on catch block at 0xc3 in for 0xa1
04-21 21:48:41.343 12627 12627 E ArmVmp : Match on catch block at 0xc3 in for 0xa5
04-21 21:48:41.346 12627 12627 E ArmVmp : Match on catch block at 0xc3 in for 0xa5
04-21 21:48:41.356 12627 12627 E ArmVmp : Match on catch block at 0xc3 in for 0xa9
04-21 21:48:41.360 12627 12627 E ArmVmp : Match on catch block at 0xc3 in for 0xa1
04-21 21:48:41.363 12627 12627 E ArmVmp : Match on catch block at 0xc3 in for 0xa1
04-21 21:48:41.372 12627 12627 E ArmVmp : Match on catch block at 0xc3 in for 0xa5
04-21 21:48:41.377 12627 12627 E ArmVmp : Match on catch block at 0xc3 in for 0xa9
04-21 21:48:41.379 12627 12627 E ArmVmp : Match on catch block at 0xc3 in for 0xa9
04-21 21:48:41.389 12627 12627 E ArmVmp : Match on catch block at 0xc3 in for 0xa1
04-21 21:48:41.392 12627 12627 E ArmVmp : Match on catch block at 0xc3 in for 0xa5
04-21 21:48:41.394 12627 12627 E ArmVmp : Match on catch block at 0xc3 in for 0xa5
04-21 21:48:41.405 12627 12627 E ArmVmp : Match on catch block at 0xc3 in for 0xa9
04-21 21:48:41.409 12627 12627 E ArmVmp : Match on catch block at 0xc3 in for 0xa1
04-21 21:48:41.411 12627 12627 E ArmVmp : Match on catch block at 0xc3 in for 0xa1
04-21 21:48:41.422 12627 12627 E ArmVmp : Match on catch block at 0xc3 in for 0xa5
04-21 21:48:41.429 12627 12627 E ArmVmp : Match on catch block at 0xc3 in for 0xa9
04-21 21:48:41.431 12627 12627 E ArmVmp : Match on catch block at 0xc3 in for 0xa9
04-21 21:48:41.438 12627 12627 E ArmVmp : Match on catch block at 0xc3 in for 0xa1
04-21 21:48:41.442 12627 12627 E ArmVmp : Match on catch block at 0xc3 in for 0xa5
04-21 21:48:41.444 12627 12627 E ArmVmp : Match on catch block at 0xc3 in for 0xa5
04-21 21:48:41.455 12627 12627 E ArmVmp : Match on catch block at 0xc3 in for 0xa9
04-21 21:48:41.459 12627 12627 E ArmVmp : Match on catch block at 0xc3 in for 0xa1
04-21 21:48:41.462 12627 12627 E ArmVmp : Match on catch block at 0xc3 in for 0xa1
04-21 21:48:41.472 12627 12627 E ArmVmp : Match on catch block at 0xc3 in for 0xa5
04-21 21:48:41.476 12627 12627 E ArmVmp : Match on catch block at 0xc3 in for 0xa9
04-21 21:48:41.479 12627 12627 E ArmVmp : Match on catch block at 0xc3 in for 0xa9
04-21 21:48:41.488 12627 12627 E ArmVmp : Match on catch block at 0xc3 in for 0xa1
04-21 21:48:41.493 12627 12627 E ArmVmp : Match on catch block at 0xc3 in for 0xa5
04-21 21:48:41.495 12627 12627 E ArmVmp : Match on catch block at 0xc3 in for 0xa5
04-21 21:48:41.505 12627 12627 E ArmVmp : Match on catch block at 0xc3 in for 0xa9
04-21 21:48:41.510 12627 12627 E ArmVmp : Match on catch block at 0xc3 in for 0xa1
04-21 21:48:41.512 12627 12627 E ArmVmp : Match on catch block at 0xc3 in for 0xa1
04-21 21:48:41.522 12627 12627 E ArmVmp : Match on catch block at 0xc3 in for 0xa5
04-21 21:48:41.526 12627 12627 E ArmVmp : Match on catch block at 0xc3 in for 0xa9
04-21 21:48:41.528 12627 12627 E ArmVmp : Match on catch block at 0xc3 in for 0xa9
04-21 21:48:41.538 12627 12627 E ArmVmp : Match on catch block at 0xc3 in for 0xa1
04-21 21:48:41.543 12627 12627 E ArmVmp : Match on catch block at 0xc3 in for 0xa5
04-21 21:48:41.545 12627 12627 E ArmVmp : Match on catch block at 0xc3 in for 0xa5
04-21 21:48:41.555 12627 12627 E ArmVmp : Match on catch block at 0xc3 in for 0xa9
04-21 21:48:41.559 12627 12627 E ArmVmp : Match on catch block at 0xc3 in for 0xa1
04-21 21:48:41.562 12627 12627 E ArmVmp : Match on catch block at 0xc3 in for 0xa1
04-21 21:48:41.572 12627 12627 E ArmVmp : Match on catch block at 0xc3 in for 0xa5
04-21 21:48:41.577 12627 12627 E ArmVmp : Match on catch block at 0xc3 in for 0xa9
04-21 21:48:41.580 12627 12627 E ArmVmp : Match on catch block at 0xc3 in for 0xa9
04-21 21:48:41.589 12627 12627 E ArmVmp : Match on catch block at 0xc3 in for 0xa1
04-21 21:48:41.593 12627 12627 E ArmVmp : Match on catch block at 0xc3 in for 0xa5
04-21 21:48:41.596 12627 12627 E ArmVmp : Match on catch block at 0xc3 in for 0xa5
04-21 21:48:41.674 12627 12627 E ArmVmp : Match on catch block at 0xc3 in for 0xa5
04-21 21:48:41.678 12627 12627 E ArmVmp : Match on catch block at 0xc3 in for 0xa9
04-21 21:48:41.681 12627 12627 E ArmVmp : Match on catch block at 0xc3 in for 0xa9
04-21 21:48:41.758 12627 12627 E ArmVmp : Match on catch block at 0xc3 in for 0xa9
04-21 21:48:41.762 12627 12627 E ArmVmp : Match on catch block at 0xc3 in for 0xa1
04-21 21:48:41.764 12627 12627 E ArmVmp : Match on catch block at 0xc3 in for 0xa1
04-21 21:48:41.773 12627 12627 E ArmVmp : Match on catch block at 0xc3 in for 0xa5
04-21 21:48:41.776 12627 12627 E ArmVmp : Match on catch block at 0xc3 in for 0xa9
04-21 21:48:41.779 12627 12627 E ArmVmp : Match on catch block at 0xc3 in for 0xa9
04-21 21:48:41.792 12627 12627 E ArmVmp : Match on catch block at 0xc3 in for 0xa1
04-21 21:48:41.796 12627 12627 E ArmVmp : Match on catch block at 0xc3 in for 0xa5
04-21 21:48:41.799 12627 12627 E ArmVmp : Match on catch block at 0xc3 in for 0xa5
04-21 21:48:41.805 12627 12627 E ArmVmp : Match on catch block at 0xc3 in for 0xa1
04-21 21:48:41.810 12627 12627 E ArmVmp : Match on catch block at 0xc3 in for 0xa5
04-21 21:48:41.812 12627 12627 E ArmVmp : Match on catch block at 0xc3 in for 0xa5
04-21 21:48:41.822 12627 12627 E ArmVmp : Match on catch block at 0xc3 in for 0xa1
04-21 21:48:41.826 12627 12627 E ArmVmp : Match on catch block at 0xc3 in for 0xa5
04-21 21:48:41.829 12627 12627 E ArmVmp : Match on catch block at 0xc3 in for 0xa5
04-21 21:48:41.839 12627 12627 E ArmVmp : Match on catch block at 0xc3 in for 0xa1
04-21 21:48:41.843 12627 12627 E ArmVmp : Match on catch block at 0xc3 in for 0xa5
04-21 21:48:41.846 12627 12627 E ArmVmp : Match on catch block at 0xc3 in for 0xa5
04-21 21:48:41.858 12627 12627 E ArmVmp : Match on catch block at 0xc3 in for 0xa1
04-21 21:48:41.862 12627 12627 E ArmVmp : Match on catch block at 0xc3 in for 0xa5
04-21 21:48:41.864 12627 12627 E ArmVmp : Match on catch block at 0xc3 in for 0xa5
04-21 21:48:41.872 12627 12627 E ArmVmp : Match on catch block at 0xc3 in for 0xa1
04-21 21:48:41.875 12627 12627 E ArmVmp : Match on catch block at 0xc3 in for 0xa5
04-21 21:48:41.878 12627 12627 E ArmVmp : Match on catch block at 0xc3 in for 0xa5
04-21 21:48:41.888 12627 12627 E ArmVmp : Match on catch block at 0xc3 in for 0xa1
04-21 21:48:41.893 12627 12627 E ArmVmp : Match on catch block at 0xc3 in for 0xa5
04-21 21:48:41.896 12627 12627 E ArmVmp : Match on catch block at 0xc3 in for 0xa5
04-21 21:48:41.905 12627 12627 E ArmVmp : Match on catch block at 0xc3 in for 0xa1
04-21 21:48:41.909 12627 12627 E ArmVmp : Match on catch block at 0xc3 in for 0xa5
04-21 21:48:41.935 12627 12627 E ArmVmp : Match on catch block at 0xc3 in for 0xa5
04-21 21:48:41.939 12627 12627 E ArmVmp : Match on catch block at 0xc3 in for 0xa9
04-21 21:48:41.941 12627 12627 E ArmVmp : Match on catch block at 0xc3 in for 0xa9
04-21 21:48:41.947 12627 12627 E ArmVmp : Match on catch block at 0xc3 in for 0xa5
04-21 21:48:41.951 12627 12627 E ArmVmp : Match on catch block at 0xc3 in for 0xa9
04-21 21:48:41.954 12627 12627 E ArmVmp : Match on catch block at 0xc3 in for 0xa9
04-21 21:48:41.960 12627 12627 E ArmVmp : Match on catch block at 0xc3 in for 0xa5
04-21 21:48:41.964 12627 12627 E ArmVmp : Match on catch block at 0xc3 in for 0xa9
04-21 21:48:41.966 12627 12627 E ArmVmp : Match on catch block at 0xc3 in for 0xa9
04-21 21:48:41.972 12627 12627 E ArmVmp : Match on catch block at 0xc3 in for 0xa5
04-21 21:48:41.976 12627 12627 E ArmVmp : Match on catch block at 0xc3 in for 0xa9
04-21 21:48:41.979 12627 12627 E ArmVmp : Match on catch block at 0xc3 in for 0xa9
04-21 21:48:41.988 12627 12627 E ArmVmp : Match on catch block at 0xc3 in for 0xa5
04-21 21:48:41.993 12627 12627 E ArmVmp : Match on catch block at 0xc3 in for 0xa9
04-21 21:48:41.995 12627 12627 E ArmVmp : Match on catch block at 0xc3 in for 0xa9
04-21 21:48:42.005 12627 12627 E ArmVmp : Match on catch block at 0xc3 in for 0xa5
04-21 21:48:42.009 12627 12627 E ArmVmp : Match on catch block at 0xc3 in for 0xa9
04-21 21:48:42.012 12627 12627 E ArmVmp : Match on catch block at 0xc3 in for 0xa9
04-21 21:48:42.025 12627 12627 E ArmVmp : Match on catch block at 0xc3 in for 0xa1
04-21 21:48:42.030 12627 12627 E ArmVmp : Match on catch block at 0xc3 in for 0xa5
04-21 21:48:42.032 12627 12627 E ArmVmp : Match on catch block at 0xc3 in for 0xa5
04-21 21:48:42.038 12627 12627 E ArmVmp : Match on catch block at 0xc3 in for 0xa9
04-21 21:48:42.043 12627 12627 E ArmVmp : Match on catch block at 0xc3 in for 0xa1
04-21 21:48:42.046 12627 12627 E ArmVmp : Match on catch block at 0xc3 in for 0xa1
04-21 21:48:42.055 12627 12627 E ArmVmp : Match on catch block at 0xc3 in for 0xa5
04-21 21:48:42.059 12627 12627 E ArmVmp : Match on catch block at 0xc3 in for 0xa9
04-21 21:48:42.063 12627 12627 E ArmVmp : Match on catch block at 0xc3 in for 0xa9
04-21 21:48:42.072 12627 12627 E ArmVmp : Match on catch block at 0xc3 in for 0xa1
04-21 21:48:42.076 12627 12627 E ArmVmp : Match on catch block at 0xc3 in for 0xa5
04-21 21:48:42.079 12627 12627 E ArmVmp : Match on catch block at 0xc3 in for 0xa5
04-21 21:48:42.088 12627 12627 E ArmVmp : Match on catch block at 0xc3 in for 0xa9
04-21 21:48:42.093 12627 12627 E ArmVmp : Match on catch block at 0xc3 in for 0xa1
04-21 21:48:42.098 12627 12627 E ArmVmp : Match on catch block at 0xc3 in for 0xa1
04-21 21:48:42.107 12627 12627 E ArmVmp : Match on catch block at 0xc3 in for 0xa5
04-21 21:48:42.112 12627 12627 E ArmVmp : Match on catch block at 0xc3 in for 0xa9
04-21 21:48:42.115 12627 12627 E ArmVmp : Match on catch block at 0xc3 in for 0xa9
04-21 21:48:42.121 12627 12627 E ArmVmp : Match on catch block at 0xc3 in for 0xa1
04-21 21:48:42.126 12627 12627 E ArmVmp : Match on catch block at 0xc3 in for 0xa5
04-21 21:48:42.129 12627 12627 E ArmVmp : Match on catch block at 0xc3 in for 0xa5
04-21 21:48:42.138 12627 12627 E ArmVmp : Match on catch block at 0xc3 in for 0xa9
04-21 21:48:42.143 12627 12627 E ArmVmp : Match on catch block at 0xc3 in for 0xa1
04-21 21:48:42.146 12627 12627 E ArmVmp : Match on catch block at 0xc3 in for 0xa1
04-21 21:48:42.154 12627 12627 E ArmVmp : Match on catch block at 0xc3 in for 0xa5
04-21 21:48:42.159 12627 12627 E ArmVmp : Match on catch block at 0xc3 in for 0xa9
04-21 21:48:42.162 12627 12627 E ArmVmp : Match on catch block at 0xc3 in for 0xa9
04-21 21:48:42.171 12627 12627 E ArmVmp : Match on catch block at 0xc3 in for 0xa1
04-21 21:48:42.175 12627 12627 E ArmVmp : Match on catch block at 0xc3 in for 0xa5
04-21 21:48:42.178 12627 12627 E ArmVmp : Match on catch block at 0xc3 in for 0xa5
04-21 21:48:42.188 12627 12627 E ArmVmp : Match on catch block at 0xc3 in for 0xa9
04-21 21:48:42.193 12627 12627 E ArmVmp : Match on catch block at 0xc3 in for 0xa1
04-21 21:48:42.196 12627 12627 E ArmVmp : Match on catch block at 0xc3 in for 0xa1
04-21 21:48:42.205 12627 12627 E ArmVmp : Match on catch block at 0xc3 in for 0xa5
04-21 21:48:42.209 12627 12627 E ArmVmp : Match on catch block at 0xc3 in for 0xa9
04-21 21:48:42.212 12627 12627 E ArmVmp : Match on catch block at 0xc3 in for 0xa9
04-21 21:48:42.221 12627 12627 E ArmVmp : Match on catch block at 0xc3 in for 0xa1
04-21 21:48:42.225 12627 12627 E ArmVmp : Match on catch block at 0xc3 in for 0xa5
04-21 21:48:42.228 12627 12627 E ArmVmp : Match on catch block at 0xc3 in for 0xa5
04-21 21:48:42.238 12627 12627 E ArmVmp : Match on catch block at 0xc3 in for 0xa9
04-21 21:48:42.242 12627 12627 E ArmVmp : Match on catch block at 0xc3 in for 0xa1
04-21 21:48:42.246 12627 12627 E ArmVmp : Match on catch block at 0xc3 in for 0xa1
04-21 21:48:42.254 12627 12627 E ArmVmp : Match on catch block at 0xc3 in for 0xa5
04-21 21:48:42.259 12627 12627 E ArmVmp : Match on catch block at 0xc3 in for 0xa9
04-21 21:48:42.263 12627 12627 E ArmVmp : Match on catch block at 0xc3 in for 0xa9
04-21 21:48:42.271 12627 12627 E ArmVmp : Match on catch block at 0xc3 in for 0xa1
04-21 21:48:42.276 12627 12627 E ArmVmp : Match on catch block at 0xc3 in for 0xa5
04-21 21:48:42.278 12627 12627 E ArmVmp : Match on catch block at 0xc3 in for 0xa5
04-21 21:48:42.288 12627 12627 E ArmVmp : Match on catch block at 0xc3 in for 0xa9
04-21 21:48:42.291 12627 12627 E ArmVmp : Match on catch block at 0xc3 in for 0xa1
04-21 21:48:42.294 12627 12627 E ArmVmp : Match on catch block at 0xc3 in for 0xa1
04-21 21:48:42.304 12627 12627 E ArmVmp : Match on catch block at 0xc3 in for 0xa5
04-21 21:48:42.309 12627 12627 E ArmVmp : Match on catch block at 0xc3 in for 0xa9
04-21 21:48:42.312 12627 12627 E ArmVmp : Match on catch block at 0xc3 in for 0xa9
04-21 21:48:42.321 12627 12627 E ArmVmp : Match on catch block at 0xc3 in for 0xa1
04-21 21:48:42.326 12627 12627 E ArmVmp : Match on catch block at 0xc3 in for 0xa5
04-21 21:48:42.329 12627 12627 E ArmVmp : Match on catch block at 0xc3 in for 0xa5
04-21 21:48:42.338 12627 12627 E ArmVmp : Match on catch block at 0xc3 in for 0xa9
04-21 21:48:42.343 12627 12627 E ArmVmp : Match on catch block at 0xc3 in for 0xa1
04-21 21:48:42.346 12627 12627 E ArmVmp : Match on catch block at 0xc3 in for 0xa1
04-21 21:48:42.354 12627 12627 E ArmVmp : Match on catch block at 0xc3 in for 0xa5
04-21 21:48:42.359 12627 12627 E ArmVmp : Match on catch block at 0xc3 in for 0xa9
04-21 21:48:42.363 12627 12627 E ArmVmp : Match on catch block at 0xc3 in for 0xa9
04-21 21:48:42.371 12627 12627 E ArmVmp : Match on catch block at 0xc3 in for 0xa1
04-21 21:48:42.376 12627 12627 E ArmVmp : Match on catch block at 0xc3 in for 0xa5
04-21 21:48:42.379 12627 12627 E ArmVmp : Match on catch block at 0xc3 in for 0xa5
04-21 21:48:42.388 12627 12627 E ArmVmp : Match on catch block at 0xc3 in for 0xa9
04-21 21:48:42.393 12627 12627 E ArmVmp : Match on catch block at 0xc3 in for 0xa1
04-21 21:48:42.396 12627 12627 E ArmVmp : Match on catch block at 0xc3 in for 0xa1
04-21 21:48:42.404 12627 12627 E ArmVmp : Match on catch block at 0xc3 in for 0xa5
04-21 21:48:42.409 12627 12627 E ArmVmp : Match on catch block at 0xc3 in for 0xa9
04-21 21:48:42.412 12627 12627 E ArmVmp : Match on catch block at 0xc3 in for 0xa9
04-21 21:48:42.421 12627 12627 E ArmVmp : Match on catch block at 0xc3 in for 0xa1
04-21 21:48:42.426 12627 12627 E ArmVmp : Match on catch block at 0xc3 in for 0xa5
04-21 21:48:42.430 12627 12627 E ArmVmp : Match on catch block at 0xc3 in for 0xa5
04-21 21:48:42.438 12627 12627 E ArmVmp : Match on catch block at 0xc3 in for 0xa9
04-21 21:48:42.443 12627 12627 E ArmVmp : Match on catch block at 0xc3 in for 0xa1
04-21 21:48:42.446 12627 12627 E ArmVmp : Match on catch block at 0xc3 in for 0xa1
04-21 21:48:42.455 12627 12627 E ArmVmp : Match on catch block at 0xc3 in for 0xa5
04-21 21:48:42.460 12627 12627 E ArmVmp : Match on catch block at 0xc3 in for 0xa9
04-21 21:48:42.464 12627 12627 E ArmVmp : Match on catch block at 0xc3 in for 0xa9
04-21 21:48:42.471 12627 12627 E ArmVmp : Match on catch block at 0xc3 in for 0xa1
04-21 21:48:42.476 12627 12627 E ArmVmp : Match on catch block at 0xc3 in for 0xa5
04-21 21:48:42.479 12627 12627 E ArmVmp : Match on catch block at 0xc3 in for 0xa5
04-21 21:48:42.488 12627 12627 E ArmVmp : Match on catch block at 0xc3 in for 0xa9
04-21 21:48:42.493 12627 12627 E ArmVmp : Match on catch block at 0xc3 in for 0xa1
04-21 21:48:42.497 12627 12627 E ArmVmp : Match on catch block at 0xc3 in for 0xa1
04-21 21:48:42.504 12627 12627 E ArmVmp : Match on catch block at 0xc3 in for 0xa5
04-21 21:48:42.509 12627 12627 E ArmVmp : Match on catch block at 0xc3 in for 0xa9
04-21 21:48:42.512 12627 12627 E ArmVmp : Match on catch block at 0xc3 in for 0xa9
04-21 21:48:42.521 12627 12627 E ArmVmp : Match on catch block at 0xc3 in for 0xa1
04-21 21:48:42.525 12627 12627 E ArmVmp : Match on catch block at 0xc3 in for 0xa5
04-21 21:48:42.528 12627 12627 E ArmVmp : Match on catch block at 0xc3 in for 0xa5
04-21 21:48:42.538 12627 12627 E ArmVmp : Match on catch block at 0xc3 in for 0xa9
04-21 21:48:42.542 12627 12627 E ArmVmp : Match on catch block at 0xc3 in for 0xa1
04-21 21:48:42.545 12627 12627 E ArmVmp : Match on catch block at 0xc3 in for 0xa1
04-21 21:48:42.555 12627 12627 E ArmVmp : Match on catch block at 0xc3 in for 0xa5
04-21 21:48:42.560 12627 12627 E ArmVmp : Match on catch block at 0xc3 in for 0xa9
04-21 21:48:42.563 12627 12627 E ArmVmp : Match on catch block at 0xc3 in for 0xa9
04-21 21:48:42.571 12627 12627 E ArmVmp : Match on catch block at 0xc3 in for 0xa1
04-21 21:48:42.576 12627 12627 E ArmVmp : Match on catch block at 0xc3 in for 0xa5
04-21 21:48:42.579 12627 12627 E ArmVmp : Match on catch block at 0xc3 in for 0xa5
04-21 21:48:42.588 12627 12627 E ArmVmp : Match on catch block at 0xc3 in for 0xa9
04-21 21:48:42.592 12627 12627 E ArmVmp : Match on catch block at 0xc3 in for 0xa1
04-21 21:48:42.596 12627 12627 E ArmVmp : Match on catch block at 0xc3 in for 0xa1
04-21 21:48:42.605 12627 12627 E ArmVmp : Match on catch block at 0xc3 in for 0xa5
04-21 21:48:42.613 12627 12627 E ArmVmp : Match on catch block at 0xc3 in for 0xa9
04-21 21:48:42.618 12627 12627 E ArmVmp : Match on catch block at 0xc3 in for 0xa9
04-21 21:48:42.625 12627 12627 E ArmVmp : Match on catch block at 0xc3 in for 0xa1
04-21 21:48:42.632 12627 12627 E ArmVmp : Match on catch block at 0xc3 in for 0xa5
04-21 21:48:42.636 12627 12627 E ArmVmp : Match on catch block at 0xc3 in for 0xa5
04-21 21:48:42.644 12627 12627 E ArmVmp : Match on catch block at 0xc3 in for 0xa9
04-21 21:48:42.651 12627 12627 E ArmVmp : Match on catch block at 0xc3 in for 0xa1
04-21 21:48:42.655 12627 12627 E ArmVmp : Match on catch block at 0xc3 in for 0xa1
04-21 21:48:42.670 12627 12627 E ArmVmp : Match on catch block at 0xc3 in for 0xa5
04-21 21:48:42.677 12627 12627 E ArmVmp : Match on catch block at 0xc3 in for 0xa9
04-21 21:48:42.682 12627 12627 E ArmVmp : Match on catch block at 0xc3 in for 0xa9
04-21 21:48:42.689 12627 12627 E ArmVmp : Match on catch block at 0xc3 in for 0xa1
04-21 21:48:42.696 12627 12627 E ArmVmp : Match on catch block at 0xc3 in for 0xa5
04-21 21:48:42.701 12627 12627 E ArmVmp : Match on catch block at 0xc3 in for 0xa5
04-21 21:48:42.709 12627 12627 E ArmVmp : Match on catch block at 0xc3 in for 0xa9
04-21 21:48:42.715 12627 12627 E ArmVmp : Match on catch block at 0xc3 in for 0xa1
04-21 21:48:42.720 12627 12627 E ArmVmp : Match on catch block at 0xc3 in for 0xa1
04-21 21:48:42.727 12627 12627 E ArmVmp : Match on catch block at 0xc3 in for 0xa5
04-21 21:48:42.734 12627 12627 E ArmVmp : Match on catch block at 0xc3 in for 0xa9
04-21 21:48:42.738 12627 12627 E ArmVmp : Match on catch block at 0xc3 in for 0xa9
04-21 21:48:42.754 12627 12627 E ArmVmp : Match on catch block at 0xc3 in for 0xa1
04-21 21:48:42.761 12627 12627 E ArmVmp : Match on catch block at 0xc3 in for 0xa5
04-21 21:48:42.766 12627 12627 E ArmVmp : Match on catch block at 0xc3 in for 0xa5
04-21 21:48:42.773 12627 12627 E ArmVmp : Match on catch block at 0xc3 in for 0xa9
04-21 21:48:42.782 12627 12627 E ArmVmp : Match on catch block at 0xc3 in for 0xa1
04-21 21:48:42.787 12627 12627 E ArmVmp : Match on catch block at 0xc3 in for 0xa1
04-21 21:48:42.794 12627 12627 E ArmVmp : Match on catch block at 0xc3 in for 0xa5
04-21 21:48:42.801 12627 12627 E ArmVmp : Match on catch block at 0xc3 in for 0xa9
04-21 21:48:42.805 12627 12627 E ArmVmp : Match on catch block at 0xc3 in for 0xa9
04-21 21:48:42.812 12627 12627 E ArmVmp : Match on catch block at 0xc3 in for 0xa1
04-21 21:48:42.818 12627 12627 E ArmVmp : Match on catch block at 0xc3 in for 0xa5
04-21 21:48:42.822 12627 12627 E ArmVmp : Match on catch block at 0xc3 in for 0xa5
04-21 21:48:42.837 12627 12627 E ArmVmp : Match on catch block at 0xc3 in for 0xa9
04-21 21:48:42.844 12627 12627 E ArmVmp : Match on catch block at 0xc3 in for 0xa1
04-21 21:48:42.849 12627 12627 E ArmVmp : Match on catch block at 0xc3 in for 0xa1
04-21 21:48:42.856 12627 12627 E ArmVmp : Match on catch block at 0xc3 in for 0xa5
04-21 21:48:42.864 12627 12627 E ArmVmp : Match on catch block at 0xc3 in for 0xa9
04-21 21:48:42.868 12627 12627 E ArmVmp : Match on catch block at 0xc3 in for 0xa9
04-21 21:48:42.875 12627 12627 E ArmVmp : Match on catch block at 0xc3 in for 0xa1
04-21 21:48:42.882 12627 12627 E ArmVmp : Match on catch block at 0xc3 in for 0xa5
04-21 21:48:42.886 12627 12627 E ArmVmp : Match on catch block at 0xc3 in for 0xa5
04-21 21:48:42.893 12627 12627 E ArmVmp : Match on catch block at 0xc3 in for 0xa9
04-21 21:48:42.900 12627 12627 E ArmVmp : Match on catch block at 0xc3 in for 0xa1
04-21 21:48:42.904 12627 12627 E ArmVmp : Match on catch block at 0xc3 in for 0xa1
04-21 21:48:42.922 12627 12627 E ArmVmp : Match on catch block at 0xc3 in for 0xa5
04-21 21:48:42.930 12627 12627 E ArmVmp : Match on catch block at 0xc3 in for 0xa9
04-21 21:48:42.935 12627 12627 E ArmVmp : Match on catch block at 0xc3 in for 0xa9
04-21 21:48:42.942 12627 12627 E ArmVmp : Match on catch block at 0xc3 in for 0xa1
04-21 21:48:42.950 12627 12627 E ArmVmp : Match on catch block at 0xc3 in for 0xa5
04-21 21:48:42.954 12627 12627 E ArmVmp : Match on catch block at 0xc3 in for 0xa5
04-21 21:48:42.961 12627 12627 E ArmVmp : Match on catch block at 0xc3 in for 0xa9
04-21 21:48:42.968 12627 12627 E ArmVmp : Match on catch block at 0xc3 in for 0xa1
04-21 21:48:42.972 12627 12627 E ArmVmp : Match on catch block at 0xc3 in for 0xa1
04-21 21:48:42.990 12627 12627 E ArmVmp : Match on catch block at 0xc3 in for 0xa5
04-21 21:48:42.997 12627 12627 E ArmVmp : Match on catch block at 0xc3 in for 0xa9
04-21 21:48:43.002 12627 12627 E ArmVmp : Match on catch block at 0xc3 in for 0xa9
04-21 21:48:43.010 12627 12627 E ArmVmp : Match on catch block at 0xc3 in for 0xa1
04-21 21:48:43.017 12627 12627 E ArmVmp : Match on catch block at 0xc3 in for 0xa5
04-21 21:48:43.021 12627 12627 E ArmVmp : Match on catch block at 0xc3 in for 0xa5
04-21 21:48:43.029 12627 12627 E ArmVmp : Match on catch block at 0xc3 in for 0xa9
04-21 21:48:43.036 12627 12627 E ArmVmp : Match on catch block at 0xc3 in for 0xa1
04-21 21:48:43.040 12627 12627 E ArmVmp : Match on catch block at 0xc3 in for 0xa1
04-21 21:48:43.058 12627 12627 E ArmVmp : Match on catch block at 0xc3 in for 0xa5
04-21 21:48:43.065 12627 12627 E ArmVmp : Match on catch block at 0xc3 in for 0xa9
04-21 21:48:43.069 12627 12627 E ArmVmp : Match on catch block at 0xc3 in for 0xa9
04-21 21:48:43.076 12627 12627 E ArmVmp : Match on catch block at 0xc3 in for 0xa1
04-21 21:48:43.082 12627 12627 E ArmVmp : Match on catch block at 0xc3 in for 0xa5
04-21 21:48:43.086 12627 12627 E ArmVmp : Match on catch block at 0xc3 in for 0xa5
04-21 21:48:43.095 12627 12627 E ArmVmp : Match on catch block at 0xc3 in for 0xa9
04-21 21:48:43.103 12627 12627 E ArmVmp : Match on catch block at 0xc3 in for 0xa1
04-21 21:48:43.107 12627 12627 E ArmVmp : Match on catch block at 0xc3 in for 0xa1
04-21 21:48:43.122 12627 12627 E ArmVmp : Match on catch block at 0xc3 in for 0xa5
04-21 21:48:43.128 12627 12627 E ArmVmp : Match on catch block at 0xc3 in for 0xa9
04-21 21:48:43.132 12627 12627 E ArmVmp : Match on catch block at 0xc3 in for 0xa9
04-21 21:48:43.141 12627 12627 E ArmVmp : Match on catch block at 0xc3 in for 0xa1
04-21 21:48:43.148 12627 12627 E ArmVmp : Match on catch block at 0xc3 in for 0xa5
04-21 21:48:43.152 12627 12627 E ArmVmp : Match on catch block at 0xc3 in for 0xa5
04-21 21:48:43.160 12627 12627 E ArmVmp : Match on catch block at 0xc3 in for 0xa9
04-21 21:48:43.166 12627 12627 E ArmVmp : Match on catch block at 0xc3 in for 0xa1
04-21 21:48:43.170 12627 12627 E ArmVmp : Match on catch block at 0xc3 in for 0xa1
04-21 21:48:43.179 12627 12627 E ArmVmp : Match on catch block at 0xc3 in for 0xa5
04-21 21:48:43.186 12627 12627 E ArmVmp : Match on catch block at 0xc3 in for 0xa9
04-21 21:48:43.216 12627 12627 E ArmVmp : Match on catch block at 0xc3 in for 0xa9
04-21 21:48:43.224 12627 12627 E ArmVmp : Match on catch block at 0xc3 in for 0xa1
04-21 21:48:43.228 12627 12627 E ArmVmp : Match on catch block at 0xc3 in for 0xa1
04-21 21:48:43.241 12627 12627 E ArmVmp : Match on catch block at 0xc3 in for 0xa5
04-21 21:48:43.249 12627 12627 E ArmVmp : Match on catch block at 0xc3 in for 0xa9
04-21 21:48:43.254 12627 12627 E ArmVmp : Match on catch block at 0xc3 in for 0xa9
04-21 21:48:43.260 12627 12627 E ArmVmp : Match on catch block at 0xc3 in for 0xa1
04-21 21:48:43.266 12627 12627 E ArmVmp : Match on catch block at 0xc3 in for 0xa5
04-21 21:48:43.270 12627 12627 E ArmVmp : Match on catch block at 0xc3 in for 0xa5
04-21 21:48:43.278 12627 12627 E ArmVmp : Match on catch block at 0xc3 in for 0xa9
04-21 21:48:43.284 12627 12627 E ArmVmp : Match on catch block at 0xc3 in for 0xa1
04-21 21:48:43.289 12627 12627 E ArmVmp : Match on catch block at 0xc3 in for 0xa1
04-21 21:48:43.296 12627 12627 E ArmVmp : Match on catch block at 0xc3 in for 0xa5
04-21 21:48:43.303 12627 12627 E ArmVmp : Match on catch block at 0xc3 in for 0xa9
04-21 21:48:43.307 12627 12627 E ArmVmp : Match on catch block at 0xc3 in for 0xa9
04-21 21:48:43.322 12627 12627 E ArmVmp : Match on catch block at 0xc3 in for 0xa1
04-21 21:48:43.328 12627 12627 E ArmVmp : Match on catch block at 0xc3 in for 0xa5
04-21 21:48:43.332 12627 12627 E ArmVmp : Match on catch block at 0xc3 in for 0xa5
04-21 21:48:43.340 12627 12627 E ArmVmp : Match on catch block at 0xc3 in for 0xa9
04-21 21:48:43.347 12627 12627 E ArmVmp : Match on catch block at 0xc3 in for 0xa1
04-21 21:48:43.351 12627 12627 E ArmVmp : Match on catch block at 0xc3 in for 0xa1
