10-11 22:19:52.107 I/SystemConfig( 1462): Reading permissions from
/system/etc/permissions/privapp-permissions-com.sec.factory.xml
10-11 22:19:52.107 D/CompatConfig( 1462): Adding:
com.android.server.compat.config.Change@2bf2a74
10-11 22:19:52.107 I/SystemConfig( 1462): Reading permissions from
/system/etc/permissions/privapp-permissions-com.sec.hearingadjust-s.xml
10-11 22:19:52.107 I/SystemConfig( 1462): Reading permissions from
/system/etc/permissions/privapp-permissions-com.sec.imslogger.xml
10-11 22:19:52.107 I/SystemConfig( 1462): Reading permissions from
/system/etc/permissions/privapp-permissions-com.sec.imsservice.xml
10-11 22:19:52.108 D/CompatConfig( 1462): No directory
/apex/com.android.wifi/etc/compatconfig, skipping
10-11 22:19:52.108 I/SystemConfig( 1462): Reading permissions from
/system/etc/permissions/privapp-permissions-com.sec.location.nsflp2_v6_0.xml
10-11 22:19:52.108 D/CompatConfig( 1462): No directory
/apex/com.android.scheduling/etc/compatconfig, skipping
10-11 22:19:52.108 D/CompatConfig( 1462): No directory
/apex/com.android.vndk.v30/etc/compatconfig, skipping
10-11 22:19:52.108 I/SystemConfig( 1462): Reading permissions from
/system/etc/permissions/privapp-permissions-com.sec.spp.push.xml
10-11 22:19:52.108 D/CompatConfig( 1462): No directory
/apex/com.samsung.android.shell/etc/compatconfig, skipping
10-11 22:19:52.108 D/CompatConfig( 1462): No directory
/apex/com.android.vndk.v31/etc/compatconfig, skipping
10-11 22:19:52.108 D/CompatConfig( 1462): No directory
/apex/com.android.sdkext/etc/compatconfig, skipping
10-11 22:19:52.108 I/SystemConfig( 1462): Reading permissions from
/system/etc/permissions/privapp-permissions-com.skms.android.agent.xml
10-11 22:19:52.108 D/CompatConfig( 1462): No directory
/apex/com.android.media.swcodec/etc/compatconfig, skipping
10-11 22:19:52.108 D/CompatConfig( 1462): No directory
/apex/com.android.runtime/etc/compatconfig, skipping
10-11 22:19:52.109 D/CompatConfig( 1462): No directory
/apex/com.android.resolv/etc/compatconfig, skipping
10-11 22:19:52.109 D/CompatConfig( 1462): No directory
/apex/com.android.ipsec/etc/compatconfig, skipping
10-11 22:19:52.109 I/SystemConfig( 1462): Reading permissions from
/system/etc/permissions/privapp-permissions-com.trustonic.teeservice.xml
10-11 22:19:52.109 I/SystemConfig( 1462): Reading permissions from
/system/etc/permissions/privapp-permissions-com.wsomacp.xml
10-11 22:19:52.110 I/SystemConfig( 1462): Reading permissions from
/system/etc/permissions/privapp-permissions-com.wssyncmldm.xml
10-11 22:19:52.110 D/CompatConfig( 1462): Found a config file:
/apex/com.android.mediaprovider/etc/compatconfig/media-provider-platform-compat-
config.xml
10-11 22:19:52.110 I/SystemConfig( 1462): Reading permissions from
/system/etc/permissions/scamera_sdk_util.xml
10-11 22:19:52.110 I/SystemConfig( 1462): Reading permissions from
/system/etc/permissions/privapp-permissions-facebook.xml
10-11 22:19:52.111 I/SystemConfig( 1462): Reading permissions from
/system/etc/permissions/privapp-permissions-google-system.xml
10-11 22:19:52.111 I/SystemConfig( 1462): Reading permissions from
/system/etc/permissions/privapp-permissions-mediatek.xml
10-11 22:19:52.111 D/CompatConfig( 1462): Adding:
com.android.server.compat.config.Change@6cfeb37
10-11 22:19:52.112 D/CompatConfig( 1462): Adding:
com.android.server.compat.config.Change@3bc18a4
10-11 22:19:52.113 I/SystemConfig( 1462): Reading permissions from
/system/etc/permissions/privapp-permissions-o-os-com.samsung.android.uds.xml
10-11 22:19:52.114 D/CompatConfig( 1462): Adding:
com.android.server.compat.config.Change@29cd9c2
10-11 22:19:52.114 I/SystemConfig( 1462): Reading permissions from
/system/etc/permissions/privapp-permissions-platform.xml
10-11 22:19:52.114 D/CompatConfig( 1462): Adding:
com.android.server.compat.config.Change@1f41b10
10-11 22:19:52.115 D/CompatConfig( 1462): Adding:
com.android.server.compat.config.Change@38e9609
10-11 22:19:52.115 D/CompatConfig( 1462): Adding:
com.android.server.compat.config.Change@962d00e
10-11 22:19:52.115 D/CompatConfig( 1462): Adding:
com.android.server.compat.config.Change@34b0a2f
10-11 22:19:52.116 D/CompatConfig( 1462): No directory
/apex/com.android.apex.cts.shim/etc/compatconfig, skipping
10-11 22:19:52.116 D/CompatConfig( 1462): No directory
/apex/com.android.tzdata/etc/compatconfig, skipping
10-11 22:19:52.116 D/CompatConfig( 1462): No directory
/apex/com.android.conscrypt/etc/compatconfig, skipping
10-11 22:19:52.117 I/SystemConfig( 1462): Reading permissions from
/system/etc/permissions/privapp-permissions-themestore.xml
10-11 22:19:52.117 I/SystemConfig( 1462): Reading permissions from
/system/etc/permissions/rcsopenapi_library.xml
10-11 22:19:52.117 D/CompatConfig( 1462): Found a config file:
/apex/com.android.art/etc/compatconfig/libcore-platform-compat-config.xml
10-11 22:19:52.117 I/SystemConfig( 1462): Reading permissions from
/system/etc/permissions/samsungkeystoreutils.xml
10-11 22:19:52.118 I/SystemConfig( 1462): Reading permissions from
/system/etc/permissions/scamera_sep.xml
10-11 22:19:52.118 I/SystemConfig( 1462): Reading permissions from
/system/etc/permissions/sec_platform_library.xml
10-11 22:19:52.118 I/SystemConfig( 1462): Reading permissions from
/system/etc/permissions/secimaging.xml
10-11 22:19:52.118 D/CompatConfig( 1462): Adding:
com.android.server.compat.config.Change@33c1027
10-11 22:19:52.118 I/SystemConfig( 1462): Reading permissions from
/system/etc/permissions/sem_telephony_common.xml
10-11 22:19:52.118 I/SystemConfig( 1462): Reading permissions from
/system/etc/permissions/semextendedformat.xml
10-11 22:19:52.119 D/CompatConfig( 1462): Adding:
com.android.server.compat.config.Change@f633772
10-11 22:19:52.119 I/SystemConfig( 1462): Reading permissions from
/system/etc/permissions/semmediatranscoder.xml
10-11 22:19:52.119 I/SystemConfig( 1462): Reading permissions from
/system/etc/permissions/semsdrvideoconverter.xml
10-11 22:19:52.119 D/CompatConfig( 1462): Adding:
com.android.server.compat.config.Change@78c1379
10-11 22:19:52.120 I/SystemConfig( 1462): Reading permissions from
/system/etc/permissions/sfeffect.xml
10-11 22:19:52.120 I/SystemConfig( 1462): Reading permissions from
/system/etc/permissions/shealth_sw_pedometer_paused.xml
10-11 22:19:52.120 D/CompatConfig( 1462): Adding:
com.android.server.compat.config.Change@d6fc86c
10-11 22:19:52.120 W/SystemConfig( 1462): Got exception parsing permissions.
10-11 22:19:52.120 W/SystemConfig( 1462): org.xmlpull.v1.XmlPullParserException: No
start tag found
10-11 22:19:52.120 W/SystemConfig( 1462): at
com.android.server.SystemConfig.readPermissionsFromXml(SystemConfig.java:822)
10-11 22:19:52.120 W/SystemConfig( 1462): at
com.android.server.SystemConfig.readPermissions(SystemConfig.java:700)
10-11 22:19:52.120 W/SystemConfig( 1462): at
com.android.server.SystemConfig.readAllPermissions(SystemConfig.java:512)
10-11 22:19:52.120 W/SystemConfig( 1462): at
com.android.server.SystemConfig.<init>(SystemConfig.java:499)
10-11 22:19:52.120 W/SystemConfig( 1462): at
com.android.server.SystemConfig.getInstance(SystemConfig.java:282)
10-11 22:19:52.120 W/SystemConfig( 1462): at com.android.server.SystemServer$
$ExternalSyntheticLambda7.run(Unknown Source:0)
10-11 22:19:52.120 W/SystemConfig( 1462): at
com.android.server.SystemServerInitThreadPool.lambda$submitTask$0$SystemServerInitT
hreadPool(SystemServerInitThreadPool.java:105)
10-11 22:19:52.120 W/SystemConfig( 1462): at
com.android.server.SystemServerInitThreadPool$$ExternalSyntheticLambda0.run(Unknown
Source:6)
10-11 22:19:52.120 W/SystemConfig( 1462): at
java.util.concurrent.Executors$RunnableAdapter.call(Executors.java:463)
10-11 22:19:52.120 W/SystemConfig( 1462): at
java.util.concurrent.FutureTask.run(FutureTask.java:264)
10-11 22:19:52.120 W/SystemConfig( 1462): at
java.util.concurrent.ThreadPoolExecutor.runWorker(ThreadPoolExecutor.java:1137)
10-11 22:19:52.120 W/SystemConfig( 1462): at
java.util.concurrent.ThreadPoolExecutor$Worker.run(ThreadPoolExecutor.java:637)
10-11 22:19:52.120 W/SystemConfig( 1462): at
com.android.internal.util.ConcurrentUtils$1$1.run(ConcurrentUtils.java:65)
10-11 22:19:52.121 D/CompatConfig( 1462): Adding:
com.android.server.compat.config.Change@19e42ca
10-11 22:19:52.121 I/SystemConfig( 1462): Reading permissions from
/system/etc/permissions/verizon_net_sip_library.xml
10-11 22:19:52.121 I/SystemConfig( 1462): Reading permissions from
/system/etc/permissions/vsimservice_library.xml
10-11 22:19:52.121 D/CompatConfig( 1462): Adding:
com.android.server.compat.config.Change@1c5c196
10-11 22:19:52.121 I/SystemConfig( 1462): Reading permissions from
/system/etc/permissions/platform.xml
10-11 22:19:52.122 D/CompatConfig( 1462): No directory
/apex/com.android.permission/etc/compatconfig, skipping
10-11 22:19:52.122 D/CompatConfig( 1462): No directory
/apex/com.android.extservices/etc/compatconfig, skipping
10-11 22:19:52.123 D/CompatConfig( 1462): No directory
/apex/com.android.appsearch/etc/compatconfig, skipping
10-11 22:19:52.123 D/CompatConfig( 1462): No directory
/apex/com.android.neuralnetworks/etc/compatconfig, skipping
10-11 22:19:52.123 D/CompatConfig( 1462): No directory
/apex/com.android.os.statsd/etc/compatconfig, skipping
10-11 22:19:52.123 D/CompatConfig( 1462): No directory
/apex/com.android.i18n/etc/compatconfig, skipping
10-11 22:19:52.123 D/CompatConfig( 1462): Start loading
/product/etc/appcompat/compat_framework_overrides.xml
10-11 22:19:52.124 D/CompatConfig( 1462): Override file does't exist:
/product/etc/appcompat/compat_framework_overrides.xml
10-11 22:19:52.124 D/CompatConfig( 1462): Start loading
/data/misc/appcompat/compat_framework_overrides.xml
10-11 22:19:52.125 W/SystemConfig( 1462): Tag system-user-whitelisted-app is
unknown in /system/etc/permissions/platform.xml at START_TAG (empty) <system-user-
whitelisted-app package='com.tmobile.echolocate'>@376:69 in
java.io.FileReader@2335117
10-11 22:19:52.125 I/SystemConfig( 1462): Reading permissions from
/vendor/etc/permissions/android.software.ipsec_tunnels.xml
10-11 22:19:52.126 I/SystemConfig( 1462): Reading permissions from
/vendor/etc/permissions/android.hardware.touchscreen.xml
10-11 22:19:52.126 I/SystemConfig( 1462): Reading permissions from
/vendor/etc/permissions/android.hardware.telephony.ims.xml
10-11 22:19:52.126 I/SystemConfig( 1462): Reading permissions from
/vendor/etc/permissions/android.hardware.sensor.gyroscope.xml
10-11 22:19:52.126 I/SystemConfig( 1462): Reading permissions from
/vendor/etc/permissions/android.hardware.bluetooth_le.xml
10-11 22:19:52.127 D/CompatConfig( 1462): Loading change overrides for
/data/misc/appcompat/compat_framework_overrides.xml
10-11 22:19:52.127 I/SystemConfig( 1462): Reading permissions from
/vendor/etc/permissions/android.hardware.touchscreen.multitouch.jazzhand.xml
10-11 22:19:52.127 I/SystemConfig( 1462): Reading permissions from
/vendor/etc/permissions/android.hardware.camera.xml
10-11 22:19:52.127 D/CompatConfig( 1462): Finish loading overrides files
10-11 22:19:52.127 I/SystemConfig( 1462): Reading permissions from
/vendor/etc/permissions/android.hardware.microphone.xml
10-11 22:19:52.127 I/SystemConfig( 1462): Reading permissions from
/vendor/etc/permissions/android.hardware.usb.host.xml
10-11 22:19:52.127 I/SystemConfig( 1462): Reading permissions from
/vendor/etc/permissions/handheld_core_hardware.xml
10-11 22:19:52.128 I/SystemConfig( 1462): Reading permissions from
/vendor/etc/permissions/android.hardware.faketouch.xml
10-11 22:19:52.128 I/SystemConfig( 1462): Reading permissions from
/vendor/etc/permissions/android.software.verified_boot.xml
10-11 22:19:52.128 I/servicemanager( 487): Adding 'u:r:system_server:s0' service
(platform_compat:1462)
10-11 22:19:52.128 I/SystemConfig( 1462): Reading permissions from
/vendor/etc/permissions/android.hardware.telephony.gsm.xml
10-11 22:19:52.129 I/SystemConfig( 1462): Reading permissions from
/vendor/etc/permissions/android.hardware.wifi.xml
10-11 22:19:52.129 I/SystemConfig( 1462): Reading permissions from
/vendor/etc/permissions/android.hardware.sensor.light.xml
10-11 22:19:52.129 I/SystemConfig( 1462): Reading permissions from
/vendor/etc/permissions/android.hardware.wifi.passpoint.xml
10-11 22:19:52.129 I/servicemanager( 487): Adding 'u:r:system_server:s0' service
(platform_compat_native:1462)
10-11 22:19:52.129 D/SystemServerTiming( 1462): PlatformCompat took to complete:
115ms
10-11 22:19:52.129 I/SystemConfig( 1462): Reading permissions from
/vendor/etc/permissions/android.software.vulkan.deqp.level.xml
10-11 22:19:52.129 I/SystemServerTiming( 1462): StartFileIntegrityService
10-11 22:19:52.129 I/SystemServiceManager( 1462): Starting
com.android.server.security.FileIntegrityService
10-11 22:19:52.130 I/SystemConfig( 1462): Reading permissions from
/vendor/etc/permissions/android.hardware.wifi.direct.xml
10-11 22:19:52.130 I/SystemConfig( 1462): Reading permissions from
/vendor/etc/permissions/android.hardware.sensor.accelerometer.xml
10-11 22:19:52.130 I/SystemConfig( 1462): Reading permissions from
/vendor/etc/permissions/android.hardware.opengles.aep.xml
10-11 22:19:52.130 I/SystemConfig( 1462): Reading permissions from
/vendor/etc/permissions/android.hardware.camera.flash-autofocus.xml
10-11 22:19:52.131 I/SystemConfig( 1462): Reading permissions from
/vendor/etc/permissions/android.hardware.touchscreen.multitouch.xml
10-11 22:19:52.131 I/SystemConfig( 1462): Reading permissions from
/vendor/etc/permissions/android.hardware.bluetooth.xml
10-11 22:19:52.131 I/SystemConfig( 1462): Reading permissions from
/vendor/etc/permissions/android.software.opengles.deqp.level.xml
10-11 22:19:52.131 I/SystemConfig( 1462): Reading permissions from
/vendor/etc/permissions/android.hardware.camera.front.xml
10-11 22:19:52.131 I/SystemConfig( 1462): Reading permissions from
/vendor/etc/permissions/android.hardware.vulkan.compute.xml
10-11 22:19:52.132 I/SystemConfig( 1462): Reading permissions from
/vendor/etc/permissions/android.hardware.sensor.stepdetector.xml
10-11 22:19:52.132 I/SystemConfig( 1462): Reading permissions from
/vendor/etc/permissions/android.hardware.sensor.compass.xml
10-11 22:19:52.132 I/servicemanager( 487): Adding 'u:r:system_server:s0' service
(file_integrity:1462)
10-11 22:19:52.132 I/SystemConfig( 1462): Reading permissions from
/vendor/etc/permissions/android.hardware.touchscreen.multitouch.distinct.xml
10-11 22:19:52.133 D/SystemServerTiming( 1462): StartFileIntegrityService took to
complete: 3ms
10-11 22:19:52.133 I/SystemConfig( 1462): Reading permissions from
/vendor/etc/permissions/android.hardware.location.gps.xml
10-11 22:19:52.133 I/SystemServerTiming( 1462): StartInstaller
10-11 22:19:52.133 I/SystemConfig( 1462): Reading permissions from
/vendor/etc/permissions/android.hardware.vulkan.level.xml
10-11 22:19:52.133 I/SystemServiceManager( 1462): Starting
com.android.server.pm.Installer
10-11 22:19:52.133 I/SystemConfig( 1462): Reading permissions from
/vendor/etc/permissions/android.hardware.sensor.stepcounter.xml
10-11 22:19:52.133 I/SystemConfig( 1462): Reading permissions from
/vendor/etc/permissions/android.software.midi.xml
10-11 22:19:52.134 I/SystemConfig( 1462): Reading permissions from
/vendor/etc/permissions/android.hardware.vulkan.version.xml
10-11 22:19:52.134 I/SystemConfig( 1462): Reading permissions from
/vendor/etc/permissions/android.hardware.usb.accessory.xml
10-11 22:19:52.136 I/SystemConfig( 1462): Reading aerProductName from
/system/etc/aer_product_name.xml
10-11 22:19:52.136 D/installd( 1121): Found quota mount
/dev/block/platform/bootdevice/by-name/userdata at /data
10-11 22:19:52.136 D/installd( 1121): Found quota mount
/dev/block/platform/bootdevice/by-name/userdata at /data/user/0
10-11 22:19:52.138 W/SystemConfig( 1462): fname = o1stur
10-11 22:19:52.138 W/SystemConfig( 1462): ro.product.name = a31nndx
10-11 22:19:52.138 W/SystemConfig( 1462): fname = o1sxtur
10-11 22:19:52.138 W/SystemConfig( 1462): ro.product.name = a31nndx
10-11 22:19:52.138 W/SystemConfig( 1462): fname = o1sxser
10-11 22:19:52.138 W/SystemConfig( 1462): ro.product.name = a31nndx
10-11 22:19:52.138 W/SystemConfig( 1462): fname = o1sxx
10-11 22:19:52.138 W/SystemConfig( 1462): ro.product.name = a31nndx
10-11 22:19:52.138 W/SystemConfig( 1462): fname = o1sxxx
10-11 22:19:52.138 W/SystemConfig( 1462): ro.product.name = a31nndx
10-11 22:19:52.138 W/SystemConfig( 1462): fname = o1sxeea
10-11 22:19:52.138 W/SystemConfig( 1462): ro.product.name = a31nndx
10-11 22:19:52.138 W/SystemConfig( 1462): fname = o1sksx
10-11 22:19:52.138 W/SystemConfig( 1462): ro.product.name = a31nndx
10-11 22:19:52.138 W/SystemConfig( 1462): fname = o1sser
10-11 22:19:52.138 W/SystemConfig( 1462): ro.product.name = a31nndx
10-11 22:19:52.138 W/SystemConfig( 1462): fname = o1qcsx
10-11 22:19:52.138 W/SystemConfig( 1462): ro.product.name = a31nndx
10-11 22:19:52.138 W/SystemConfig( 1462): fname = o1quew
10-11 22:19:52.138 W/SystemConfig( 1462): ro.product.name = a31nndx
10-11 22:19:52.138 W/SystemConfig( 1462): fname = o1qzhx
10-11 22:19:52.138 W/SystemConfig( 1462): ro.product.name = a31nndx
10-11 22:19:52.138 W/SystemConfig( 1462): fname = o1qsqw
10-11 22:19:52.138 W/SystemConfig( 1462): ro.product.name = a31nndx
10-11 22:19:52.138 W/SystemConfig( 1462): fname = SC-51B
10-11 22:19:52.138 W/SystemConfig( 1462): ro.product.name = a31nndx
10-11 22:19:52.138 W/SystemConfig( 1462): fname = SCG09_jp_kdi
10-11 22:19:52.138 W/SystemConfig( 1462): ro.product.name = a31nndx
10-11 22:19:52.138 W/SystemConfig( 1462): fname = t2sksx
10-11 22:19:52.138 W/SystemConfig( 1462): ro.product.name = a31nndx
10-11 22:19:52.138 W/SystemConfig( 1462): fname = t2sxxx
10-11 22:19:52.138 W/SystemConfig( 1462): ro.product.name = a31nndx
10-11 22:19:52.138 W/SystemConfig( 1462): fname = t2sxser
10-11 22:19:52.139 W/SystemConfig( 1462): ro.product.name = a31nndx
10-11 22:19:52.139 W/SystemConfig( 1462): fname = t2sxeea
10-11 22:19:52.139 W/SystemConfig( 1462): ro.product.name = a31nndx
10-11 22:19:52.139 W/SystemConfig( 1462): fname = t2sxtur
10-11 22:19:52.139 W/SystemConfig( 1462): ro.product.name = a31nndx
10-11 22:19:52.139 W/SystemConfig( 1462): fname = t2qzhx
10-11 22:19:52.139 W/SystemConfig( 1462): ro.product.name = a31nndx
10-11 22:19:52.139 W/SystemConfig( 1462): fname = t2qsqw
10-11 22:19:52.139 W/SystemConfig( 1462): ro.product.name = a31nndx
10-11 22:19:52.139 W/SystemConfig( 1462): fname = t2qcsx
10-11 22:19:52.139 W/SystemConfig( 1462): ro.product.name = a31nndx
10-11 22:19:52.139 W/SystemConfig( 1462): fname = t2quew
10-11 22:19:52.139 W/SystemConfig( 1462): ro.product.name = a31nndx
10-11 22:19:52.139 W/SystemConfig( 1462): fname = SCG10_jp_kdi
10-11 22:19:52.139 W/SystemConfig( 1462): ro.product.name = a31nndx
10-11 22:19:52.139 W/SystemConfig( 1462): fname = p3sksx
10-11 22:19:52.139 W/SystemConfig( 1462): ro.product.name = a31nndx
10-11 22:19:52.139 W/SystemConfig( 1462): fname = p3sxeea
10-11 22:19:52.139 W/SystemConfig( 1462): ro.product.name = a31nndx
10-11 22:19:52.139 W/SystemConfig( 1462): fname = p3sxtur
10-11 22:19:52.139 W/SystemConfig( 1462): ro.product.name = a31nndx
10-11 22:19:52.139 W/SystemConfig( 1462): fname = p3sxser
10-11 22:19:52.139 W/SystemConfig( 1462): ro.product.name = a31nndx
10-11 22:19:52.139 W/SystemConfig( 1462): fname = p3sxxx
10-11 22:19:52.139 W/SystemConfig( 1462): ro.product.name = a31nndx
10-11 22:19:52.139 W/SystemConfig( 1462): fname = p3qcsx
10-11 22:19:52.139 W/SystemConfig( 1462): ro.product.name = a31nndx
10-11 22:19:52.139 W/SystemConfig( 1462): fname = p3qsqw
10-11 22:19:52.139 W/SystemConfig( 1462): ro.product.name = a31nndx
10-11 22:19:52.139 W/SystemConfig( 1462): fname = p3quew
10-11 22:19:52.139 W/SystemConfig( 1462): ro.product.name = a31nndx
10-11 22:19:52.139 W/SystemConfig( 1462): fname = p3qzhx
10-11 22:19:52.139 W/SystemConfig( 1462): ro.product.name = a31nndx
10-11 22:19:52.139 W/SystemConfig( 1462): fname = SC-52B
10-11 22:19:52.139 W/SystemConfig( 1462): ro.product.name = a31nndx
10-11 22:19:52.139 W/SystemConfig( 1462): fname = q2qsqw
10-11 22:19:52.139 W/SystemConfig( 1462): ro.product.name = a31nndx
10-11 22:19:52.139 W/SystemConfig( 1462): fname = q2qxxx
10-11 22:19:52.139 W/SystemConfig( 1462): ro.product.name = a31nndx
10-11 22:19:52.139 W/SystemConfig( 1462): fname = q2qcsx
10-11 22:19:52.139 W/SystemConfig( 1462): ro.product.name = a31nndx
10-11 22:19:52.139 W/SystemConfig( 1462): fname = q2qzhx
10-11 22:19:52.139 W/SystemConfig( 1462): ro.product.name = a31nndx
10-11 22:19:52.139 W/SystemConfig( 1462): fname = q2qksx
10-11 22:19:52.139 W/SystemConfig( 1462): ro.product.name = a31nndx
10-11 22:19:52.139 W/SystemConfig( 1462): fname = q2qxtur
10-11 22:19:52.139 W/SystemConfig( 1462): ro.product.name = a31nndx
10-11 22:19:52.139 W/SystemConfig( 1462): fname = q2qxser
10-11 22:19:52.139 W/SystemConfig( 1462): ro.product.name = a31nndx
10-11 22:19:52.139 W/SystemConfig( 1462): fname = q2qxeea
10-11 22:19:52.139 W/SystemConfig( 1462): ro.product.name = a31nndx
10-11 22:19:52.139 W/SystemConfig( 1462): fname = q2quew
10-11 22:19:52.139 W/SystemConfig( 1462): ro.product.name = a31nndx
10-11 22:19:52.139 W/SystemConfig( 1462): fname = SC-55B
10-11 22:19:52.139 W/SystemConfig( 1462): ro.product.name = a31nndx
10-11 22:19:52.139 W/SystemConfig( 1462): fname = SCG11_jp_kdi
10-11 22:19:52.140 W/SystemConfig( 1462): ro.product.name = a31nndx
10-11 22:19:52.140 W/SystemConfig( 1462): fname = b2quew
10-11 22:19:52.140 W/SystemConfig( 1462): ro.product.name = a31nndx
10-11 22:19:52.140 W/SystemConfig( 1462): fname = b2qxxx
10-11 22:19:52.140 W/SystemConfig( 1462): ro.product.name = a31nndx
10-11 22:19:52.140 W/SystemConfig( 1462): fname = b2qcsx
10-11 22:19:52.140 W/SystemConfig( 1462): ro.product.name = a31nndx
10-11 22:19:52.140 W/SystemConfig( 1462): fname = b2qsqw
10-11 22:19:52.140 W/SystemConfig( 1462): ro.product.name = a31nndx
10-11 22:19:52.140 W/SystemConfig( 1462): fname = b2qzhx
10-11 22:19:52.140 W/SystemConfig( 1462): ro.product.name = a31nndx
10-11 22:19:52.140 W/SystemConfig( 1462): fname = b2qxser
10-11 22:19:52.140 W/SystemConfig( 1462): ro.product.name = a31nndx
10-11 22:19:52.140 W/SystemConfig( 1462): fname = b2qxtur
10-11 22:19:52.140 W/ccci_fsd(1)( 1012): O: X://LTEH_001, flag 0x700, ret 1
10-11 22:19:52.140 W/SystemConfig( 1462): ro.product.name = a31nndx
10-11 22:19:52.140 W/SystemConfig( 1462): fname = b2qxeea
10-11 22:19:52.140 W/SystemConfig( 1462): ro.product.name = a31nndx
10-11 22:19:52.140 W/SystemConfig( 1462): fname = b2qksx
10-11 22:19:52.140 W/SystemConfig( 1462): ro.product.name = a31nndx
10-11 22:19:52.140 W/SystemConfig( 1462): fname = SC-54B
10-11 22:19:52.140 W/SystemConfig( 1462): ro.product.name = a31nndx
10-11 22:19:52.140 W/SystemConfig( 1462): fname = SCG12_jp_kdi
10-11 22:19:52.140 W/SystemConfig( 1462): ro.product.name = a31nndx
10-11 22:19:52.140 W/SystemConfig( 1462): fname = a52qnstur
10-11 22:19:52.140 W/SystemConfig( 1462): ro.product.name = a31nndx
10-11 22:19:52.140 D/SystemServerTiming( 1462): StartInstaller took to complete:
8ms
10-11 22:19:52.140 W/SystemConfig( 1462): fname = a52qnseea
10-11 22:19:52.140 W/SystemConfig( 1462): ro.product.name = a31nndx
10-11 22:19:52.140 W/SystemConfig( 1462): fname = a52qnsxx
10-11 22:19:52.140 W/SystemConfig( 1462): ro.product.name = a31nndx
10-11 22:19:52.140 W/SystemConfig( 1462): fname = a52qnsser
10-11 22:19:52.140 I/SystemServerTiming( 1462): DeviceIdentifiersPolicyService
10-11 22:19:52.140 I/SystemServiceManager( 1462): Starting
com.android.server.os.DeviceIdentifiersPolicyService
10-11 22:19:52.141 W/SystemConfig( 1462): ro.product.name = a31nndx
10-11 22:19:52.141 W/SystemConfig( 1462): fname = a52qub
10-11 22:19:52.141 W/SystemConfig( 1462): ro.product.name = a31nndx
10-11 22:19:52.141 W/SystemConfig( 1462): fname = a52xque
10-11 22:19:52.141 W/SystemConfig( 1462): ro.product.name = a31nndx
10-11 22:19:52.141 W/SystemConfig( 1462): fname = a52xqcs
10-11 22:19:52.141 W/SystemConfig( 1462): ro.product.name = a31nndx
10-11 22:19:52.141 W/SystemConfig( 1462): fname = a52xqnaeea
10-11 22:19:52.141 W/SystemConfig( 1462): ro.product.name = a31nndx
10-11 22:19:52.141 W/SystemConfig( 1462): fname = a52xqsq
10-11 22:19:52.141 W/SystemConfig( 1462): ro.product.name = a31nndx
10-11 22:19:52.141 W/SystemConfig( 1462): fname = a52xqzh
10-11 22:19:52.141 W/SystemConfig( 1462): ro.product.name = a31nndx
10-11 22:19:52.141 W/SystemConfig( 1462): fname = a52xqks
10-11 22:19:52.141 W/SystemConfig( 1462): ro.product.name = a31nndx
10-11 22:19:52.141 W/SystemConfig( 1462): fname = a52xqnaxx
10-11 22:19:52.141 W/SystemConfig( 1462): ro.product.name = a31nndx
10-11 22:19:52.141 W/SystemConfig( 1462): fname = SC-53B
10-11 22:19:52.141 W/SystemConfig( 1462): ro.product.name = a31nndx
10-11 22:19:52.141 W/SystemConfig( 1462): fname = a52sxqeea
10-11 22:19:52.141 W/SystemConfig( 1462): ro.product.name = a31nndx
10-11 22:19:52.141 W/SystemConfig( 1462): fname = a52sxqtur
10-11 22:19:52.141 W/SystemConfig( 1462): ro.product.name = a31nndx
10-11 22:19:52.141 W/SystemConfig( 1462): fname = a52sxqser
10-11 22:19:52.141 W/SystemConfig( 1462): ro.product.name = a31nndx
10-11 22:19:52.141 W/SystemConfig( 1462): fname = a52sxqzt
10-11 22:19:52.141 W/SystemConfig( 1462): ro.product.name = a31nndx
10-11 22:19:52.141 W/SystemConfig( 1462): fname = a52sxqxx
10-11 22:19:52.141 W/ccci_fsd(1)( 1012): O: Y://LTEH_001, flag 0x700, ret 1
10-11 22:19:52.141 W/SystemConfig( 1462): ro.product.name = a31nndx
10-11 22:19:52.141 W/SystemConfig( 1462): fname = a52sxqks
10-11 22:19:52.141 W/SystemConfig( 1462): ro.product.name = a31nndx
10-11 22:19:52.141 W/SystemConfig( 1462): fname = r9sxtur
10-11 22:19:52.141 W/SystemConfig( 1462): ro.product.name = a31nndx
10-11 22:19:52.141 W/SystemConfig( 1462): fname = r9sxxx
10-11 22:19:52.141 W/SystemConfig( 1462): ro.product.name = a31nndx
10-11 22:19:52.141 W/SystemConfig( 1462): fname = r9qksx
10-11 22:19:52.141 W/SystemConfig( 1462): ro.product.name = a31nndx
10-11 22:19:52.141 W/SystemConfig( 1462): fname = r9qxeea
10-11 22:19:52.141 W/SystemConfig( 1462): ro.product.name = a31nndx
10-11 22:19:52.141 W/SystemConfig( 1462): fname = r9qxtur
10-11 22:19:52.141 W/SystemConfig( 1462): ro.product.name = a31nndx
10-11 22:19:52.141 W/SystemConfig( 1462): fname = r9qxser
10-11 22:19:52.141 W/SystemConfig( 1462): ro.product.name = a31nndx
10-11 22:19:52.141 W/SystemConfig( 1462): fname = r9qzh
10-11 22:19:52.141 W/SystemConfig( 1462): ro.product.name = a31nndx
10-11 22:19:52.141 W/SystemConfig( 1462): fname = r9quew
10-11 22:19:52.141 W/SystemConfig( 1462): ro.product.name = a31nndx
10-11 22:19:52.141 W/SystemConfig( 1462): fname = r9qxxx
10-11 22:19:52.141 W/SystemConfig( 1462): ro.product.name = a31nndx
10-11 22:19:52.141 W/SystemConfig( 1462): fname = r9qcsx
10-11 22:19:52.141 W/SystemConfig( 1462): ro.product.name = a31nndx
10-11 22:19:52.141 W/SystemConfig( 1462): fname = r9qsqw
10-11 22:19:52.141 W/SystemConfig( 1462): ro.product.name = a31nndx
10-11 22:19:52.141 I/servicemanager( 487): Adding 'u:r:system_server:s0' service
(device_identifiers:1462)
10-11 22:19:52.141 W/SystemConfig( 1462): fname = a32ub
10-11 22:19:52.141 W/SystemConfig( 1462): ro.product.name = a31nndx
10-11 22:19:52.141 W/SystemConfig( 1462): fname = a32ks
10-11 22:19:52.141 W/SystemConfig( 1462): ro.product.name = a31nndx
10-11 22:19:52.142 W/SystemConfig( 1462): fname = a32eea
10-11 22:19:52.142 W/SystemConfig( 1462): ro.product.name = a31nndx
10-11 22:19:52.142 W/SystemConfig( 1462): fname = a32tur
10-11 22:19:52.142 W/SystemConfig( 1462): ro.product.name = a31nndx
10-11 22:19:52.142 W/SystemConfig( 1462): fname = a32ser
10-11 22:19:52.142 W/SystemConfig( 1462): ro.product.name = a31nndx
10-11 22:19:52.142 D/SystemServerTiming( 1462): DeviceIdentifiersPolicyService took
to complete: 1ms
10-11 22:19:52.142 W/SystemConfig( 1462): fname = a32xx
10-11 22:19:52.142 W/SystemConfig( 1462): ro.product.name = a31nndx
10-11 22:19:52.142 I/SystemServerTiming( 1462): UriGrantsManagerService
10-11 22:19:52.142 W/SystemConfig( 1462): fname = a32xxx
10-11 22:19:52.142 W/SystemConfig( 1462): ro.product.name = a31nndx
10-11 22:19:52.142 W/SystemConfig( 1462): fname = a32xcs
10-11 22:19:52.142 W/SystemConfig( 1462): ro.product.name = a31nndx
10-11 22:19:52.142 W/SystemConfig( 1462): fname = a32xue
10-11 22:19:52.142 W/SystemConfig( 1462): ro.product.name = a31nndx
10-11 22:19:52.142 W/SystemConfig( 1462): fname = a32xtfn
10-11 22:19:52.142 W/SystemConfig( 1462): ro.product.name = a31nndx
10-11 22:19:52.142 W/SystemConfig( 1462): fname = a32xzh
10-11 22:19:52.142 W/SystemConfig( 1462): ro.product.name = a31nndx
10-11 22:19:52.142 W/SystemConfig( 1462): fname = a32xsq
10-11 22:19:52.142 W/SystemConfig( 1462): ro.product.name = a31nndx
10-11 22:19:52.142 W/SystemConfig( 1462): fname = a32xktt
10-11 22:19:52.142 W/SystemConfig( 1462): ro.product.name = a31nndx
10-11 22:19:52.142 W/SystemConfig( 1462): fname = SCG08_jp_kdi
10-11 22:19:52.142 W/SystemConfig( 1462): ro.product.name = a31nndx
10-11 22:19:52.142 W/SystemConfig( 1462): fname = xcover5eea
10-11 22:19:52.142 W/SystemConfig( 1462): ro.product.name = a31nndx
10-11 22:19:52.142 W/SystemConfig( 1462): fname = xcover5ser
10-11 22:19:52.142 I/SystemServiceManager( 1462): Starting
com.android.server.uri.UriGrantsManagerService$Lifecycle
10-11 22:19:52.142 W/SystemConfig( 1462): ro.product.name = a31nndx
10-11 22:19:52.142 W/SystemConfig( 1462): fname = xcover5kx
10-11 22:19:52.142 W/SystemConfig( 1462): ro.product.name = a31nndx
10-11 22:19:52.142 W/SystemConfig( 1462): fname = xcover5xx
10-11 22:19:52.142 W/SystemConfig( 1462): ro.product.name = a31nndx
10-11 22:19:52.142 W/SystemConfig( 1462): fname = gts7fewifixx
10-11 22:19:52.142 W/SystemConfig( 1462): ro.product.name = a31nndx
10-11 22:19:52.142 W/SystemConfig( 1462): fname = gts7fewifitur
10-11 22:19:52.142 W/SystemConfig( 1462): ro.product.name = a31nndx
10-11 22:19:52.142 W/SystemConfig( 1462): fname = gts7fewifieea
10-11 22:19:52.142 W/SystemConfig( 1462): ro.product.name = a31nndx
10-11 22:19:52.142 W/SystemConfig( 1462): fname = gts7fewifiser
10-11 22:19:52.142 W/SystemConfig( 1462): ro.product.name = a31nndx
10-11 22:19:52.142 W/SystemConfig( 1462): fname = gts7xllitexx
10-11 22:19:52.142 W/SystemConfig( 1462): ro.product.name = a31nndx
10-11 22:19:52.142 W/SystemConfig( 1462): fname = gts7xlliteser
10-11 22:19:52.142 W/SystemConfig( 1462): ro.product.name = a31nndx
10-11 22:19:52.142 W/SystemConfig( 1462): fname = gts7xllitexeea
10-11 22:19:52.142 W/SystemConfig( 1462): ro.product.name = a31nndx
10-11 22:19:52.142 W/SystemConfig( 1462): fname = gts7xllitekx
10-11 22:19:52.143 W/SystemConfig( 1462): ro.product.name = a31nndx
10-11 22:19:52.143 W/SystemConfig( 1462): fname = gts7xllitetur
10-11 22:19:52.143 W/SystemConfig( 1462): ro.product.name = a31nndx
10-11 22:19:52.143 W/SystemConfig( 1462): fname = gts7xllitekxx
10-11 22:19:52.143 W/SystemConfig( 1462): ro.product.name = a31nndx
10-11 22:19:52.143 W/SystemConfig( 1462): fname = gts7xllitesqwnc
10-11 22:19:52.143 W/SystemConfig( 1462): ro.product.name = a31nndx
10-11 22:19:52.143 W/SystemConfig( 1462): fname = gts7xllitexxx
10-11 22:19:52.143 W/SystemConfig( 1462): ro.product.name = a31nndx
10-11 22:19:52.143 W/SystemConfig( 1462): fname = gts7xllitesqw
10-11 22:19:52.143 W/SystemConfig( 1462): ro.product.name = a31nndx
10-11 22:19:52.143 W/SystemConfig( 1462): fname = gts7xllitewifieea
10-11 22:19:52.143 W/SystemConfig( 1462): ro.product.name = a31nndx
10-11 22:19:52.143 W/SystemConfig( 1462): fname = gts7xllitewifixx
10-11 22:19:52.143 W/SystemConfig( 1462): ro.product.name = a31nndx
10-11 22:19:52.143 W/SystemConfig( 1462): fname = gts7xllitewifitur
10-11 22:19:52.143 W/SystemConfig( 1462): ro.product.name = a31nndx
10-11 22:19:52.143 W/SystemConfig( 1462): fname = gts7xllitewifiser
10-11 22:19:52.143 W/SystemConfig( 1462): ro.product.name = a31nndx
10-11 22:19:52.143 W/SystemConfig( 1462): fname = b0sxser
10-11 22:19:52.143 W/SystemConfig( 1462): ro.product.name = a31nndx
10-11 22:19:52.143 W/SystemConfig( 1462): fname = b0sxtur
10-11 22:19:52.143 W/SystemConfig( 1462): ro.product.name = a31nndx
10-11 22:19:52.143 W/SystemConfig( 1462): fname = b0sxxx
10-11 22:19:52.143 W/SystemConfig( 1462): ro.product.name = a31nndx
10-11 22:19:52.143 W/SystemConfig( 1462): fname = b0sxeea
10-11 22:19:52.143 W/SystemConfig( 1462): ro.product.name = a31nndx
10-11 22:19:52.143 W/SystemConfig( 1462): fname = b0sksx
10-11 22:19:52.143 W/SystemConfig( 1462): ro.product.name = a31nndx
10-11 22:19:52.143 W/SystemConfig( 1462): fname = b0qksx
10-11 22:19:52.143 W/SystemConfig( 1462): ro.product.name = a31nndx
10-11 22:19:52.143 W/SystemConfig( 1462): fname = b0quew
10-11 22:19:52.143 W/SystemConfig( 1462): ro.product.name = a31nndx
10-11 22:19:52.143 W/SystemConfig( 1462): fname = b0qcsx
10-11 22:19:52.143 W/SystemConfig( 1462): ro.product.name = a31nndx
10-11 22:19:52.143 W/SystemConfig( 1462): fname = b0qxxx
10-11 22:19:52.143 W/SystemConfig( 1462): ro.product.name = a31nndx
10-11 22:19:52.143 W/SystemConfig( 1462): fname = b0qsqw
10-11 22:19:52.143 W/SystemConfig( 1462): ro.product.name = a31nndx
10-11 22:19:52.143 W/SystemConfig( 1462): fname = b0qzhx
10-11 22:19:52.143 W/SystemConfig( 1462): ro.product.name = a31nndx
10-11 22:19:52.143 W/SystemConfig( 1462): fname = b0qxtur
10-11 22:19:52.143 W/SystemConfig( 1462): ro.product.name = a31nndx
10-11 22:19:52.143 W/SystemConfig( 1462): fname = SC-52C
10-11 22:19:52.143 W/SystemConfig( 1462): ro.product.name = a31nndx
10-11 22:19:52.143 W/SystemConfig( 1462): fname = SCG14_jp_kdi
10-11 22:19:52.143 W/SystemConfig( 1462): ro.product.name = a31nndx
10-11 22:19:52.143 W/SystemConfig( 1462): fname = r0sxxx
10-11 22:19:52.143 W/SystemConfig( 1462): ro.product.name = a31nndx
10-11 22:19:52.143 W/SystemConfig( 1462): fname = r0sxeea
10-11 22:19:52.143 W/SystemConfig( 1462): ro.product.name = a31nndx
10-11 22:19:52.143 W/SystemConfig( 1462): fname = r0sxtur
10-11 22:19:52.143 W/SystemConfig( 1462): ro.product.name = a31nndx
10-11 22:19:52.143 W/SystemConfig( 1462): fname = r0sxser
10-11 22:19:52.143 W/SystemConfig( 1462): ro.product.name = a31nndx
10-11 22:19:52.143 W/SystemConfig( 1462): fname = r0sksx
10-11 22:19:52.143 W/SystemConfig( 1462): ro.product.name = a31nndx
10-11 22:19:52.143 W/SystemConfig( 1462): fname = r0qksx
10-11 22:19:52.144 W/SystemConfig( 1462): ro.product.name = a31nndx
10-11 22:19:52.144 W/SystemConfig( 1462): fname = r0qxtur
10-11 22:19:52.144 W/SystemConfig( 1462): ro.product.name = a31nndx
10-11 22:19:52.144 W/SystemConfig( 1462): fname = r0qcsx
10-11 22:19:52.144 W/SystemConfig( 1462): ro.product.name = a31nndx
10-11 22:19:52.144 W/SystemConfig( 1462): fname = r0qzhx
10-11 22:19:52.144 W/SystemConfig( 1462): ro.product.name = a31nndx
10-11 22:19:52.144 W/SystemConfig( 1462): fname = r0quew
10-11 22:19:52.144 W/SystemConfig( 1462): ro.product.name = a31nndx
10-11 22:19:52.144 W/SystemConfig( 1462): fname = r0qsqw
10-11 22:19:52.144 W/SystemConfig( 1462): ro.product.name = a31nndx
10-11 22:19:52.144 W/SystemConfig( 1462): fname = r0qxxx
10-11 22:19:52.144 W/SystemConfig( 1462): ro.product.name = a31nndx
10-11 22:19:52.144 W/SystemConfig( 1462): fname = SC-51C
10-11 22:19:52.144 W/SystemConfig( 1462): ro.product.name = a31nndx
10-11 22:19:52.144 W/SystemConfig( 1462): fname = SCG13_jp_kdi
10-11 22:19:52.144 W/SystemConfig( 1462): ro.product.name = a31nndx
10-11 22:19:52.144 W/SystemConfig( 1462): fname = g0sxxx
10-11 22:19:52.144 W/SystemConfig( 1462): ro.product.name = a31nndx
10-11 22:19:52.144 W/SystemConfig( 1462): fname = g0sxtur
10-11 22:19:52.144 W/SystemConfig( 1462): ro.product.name = a31nndx
10-11 22:19:52.144 W/SystemConfig( 1462): fname = g0sxeea
10-11 22:19:52.144 I/servicemanager( 487): Adding 'u:r:system_server:s0' service
(uri_grants:1462)
10-11 22:19:52.144 W/SystemConfig( 1462): ro.product.name = a31nndx
10-11 22:19:52.144 W/SystemConfig( 1462): fname = g0sxser
10-11 22:19:52.144 W/SystemConfig( 1462): ro.product.name = a31nndx
10-11 22:19:52.144 W/SystemConfig( 1462): fname = g0sksx
10-11 22:19:52.144 W/SystemConfig( 1462): ro.product.name = a31nndx
10-11 22:19:52.144 W/SystemConfig( 1462): fname = g0qksx
10-11 22:19:52.144 W/SystemConfig( 1462): ro.product.name = a31nndx
10-11 22:19:52.144 W/SystemConfig( 1462): fname = g0quew
10-11 22:19:52.144 W/SystemConfig( 1462): ro.product.name = a31nndx
10-11 22:19:52.144 W/SystemConfig( 1462): fname = g0qxtur
10-11 22:19:52.144 W/SystemConfig( 1462): ro.product.name = a31nndx
10-11 22:19:52.144 W/SystemConfig( 1462): fname = g0qcsx
10-11 22:19:52.144 W/SystemConfig( 1462): ro.product.name = a31nndx
10-11 22:19:52.144 W/SystemConfig( 1462): fname = g0qxxx
10-11 22:19:52.144 W/SystemConfig( 1462): ro.product.name = a31nndx
10-11 22:19:52.144 W/SystemConfig( 1462): fname = g0qsqw
10-11 22:19:52.144 W/SystemConfig( 1462): ro.product.name = a31nndx
10-11 22:19:52.144 W/SystemConfig( 1462): fname = g0qzhx
10-11 22:19:52.144 W/SystemConfig( 1462): ro.product.name = a31nndx
10-11 22:19:52.144 W/SystemConfig( 1462): fname = gts8kxx
10-11 22:19:52.144 D/SystemServerTiming( 1462): UriGrantsManagerService took to
complete: 3ms
10-11 22:19:52.144 I/SystemServerTiming( 1462): StartPowerStatsService
10-11 22:19:52.144 W/SystemConfig( 1462): ro.product.name = a31nndx
10-11 22:19:52.144 W/SystemConfig( 1462): fname = gts8keea
10-11 22:19:52.144 W/SystemConfig( 1462): ro.product.name = a31nndx
10-11 22:19:52.144 W/SystemConfig( 1462): fname = gts8xser
10-11 22:19:52.144 W/SystemConfig( 1462): ro.product.name = a31nndx
10-11 22:19:52.144 W/SystemConfig( 1462): fname = gts8xeea
10-11 22:19:52.144 W/SystemConfig( 1462): ro.product.name = a31nndx
10-11 22:19:52.144 W/SystemConfig( 1462): fname = gts8xxx
10-11 22:19:52.144 W/SystemConfig( 1462): ro.product.name = a31nndx
10-11 22:19:52.145 I/SystemServiceManager( 1462): Starting
com.android.server.powerstats.PowerStatsService
10-11 22:19:52.145 W/SystemConfig( 1462): fname = gts8sq
10-11 22:19:52.145 W/SystemConfig( 1462): ro.product.name = a31nndx
10-11 22:19:52.145 W/SystemConfig( 1462): fname = gts8wifiser
10-11 22:19:52.145 W/SystemConfig( 1462): ro.product.name = a31nndx
10-11 22:19:52.145 W/SystemConfig( 1462): fname = gts8wifitur
10-11 22:19:52.145 W/SystemConfig( 1462): ro.product.name = a31nndx
10-11 22:19:52.145 W/SystemConfig( 1462): fname = gts8wifixx
10-11 22:19:52.145 W/SystemConfig( 1462): ro.product.name = a31nndx
10-11 22:19:52.145 W/SystemConfig( 1462): fname = gts8wifieea
10-11 22:19:52.145 W/SystemConfig( 1462): ro.product.name = a31nndx
10-11 22:19:52.145 W/SystemConfig( 1462): fname = gts8pkxx
10-11 22:19:52.145 W/SystemConfig( 1462): ro.product.name = a31nndx
10-11 22:19:52.145 W/SystemConfig( 1462): fname = gts8psqw
10-11 22:19:52.145 W/SystemConfig( 1462): ro.product.name = a31nndx
10-11 22:19:52.145 W/SystemConfig( 1462): fname = gts8pxser
10-11 22:19:52.145 W/SystemConfig( 1462): ro.product.name = a31nndx
10-11 22:19:52.145 W/SystemConfig( 1462): fname = gts8pxeea
10-11 22:19:52.145 W/SystemConfig( 1462): ro.product.name = a31nndx
10-11 22:19:52.145 W/SystemConfig( 1462): fname = gts8pxxx
10-11 22:19:52.145 W/SystemConfig( 1462): ro.product.name = a31nndx
10-11 22:19:52.145 W/SystemConfig( 1462): fname = gts8psqwnc
10-11 22:19:52.145 W/SystemConfig( 1462): ro.product.name = a31nndx
10-11 22:19:52.145 W/SystemConfig( 1462): fname = gts8pwifitur
10-11 22:19:52.145 W/SystemConfig( 1462): ro.product.name = a31nndx
10-11 22:19:52.145 W/SystemConfig( 1462): fname = gts8pwifiser
10-11 22:19:52.145 W/SystemConfig( 1462): ro.product.name = a31nndx
10-11 22:19:52.145 W/SystemConfig( 1462): fname = gts8pwifixx
10-11 22:19:52.145 W/SystemConfig( 1462): ro.product.name = a31nndx
10-11 22:19:52.145 W/SystemConfig( 1462): fname = gts8pwifieea
10-11 22:19:52.145 W/SystemConfig( 1462): ro.product.name = a31nndx
10-11 22:19:52.145 W/SystemConfig( 1462): fname = gts8ukxx
10-11 22:19:52.145 W/SystemConfig( 1462): ro.product.name = a31nndx
10-11 22:19:52.145 W/SystemConfig( 1462): fname = gts8uxser
10-11 22:19:52.145 W/SystemConfig( 1462): ro.product.name = a31nndx
10-11 22:19:52.145 W/SystemConfig( 1462): fname = gts8uxeea
10-11 22:19:52.145 W/SystemConfig( 1462): ro.product.name = a31nndx
10-11 22:19:52.145 W/SystemConfig( 1462): fname = gts8uxxx
10-11 22:19:52.145 W/SystemConfig( 1462): ro.product.name = a31nndx
10-11 22:19:52.145 W/SystemConfig( 1462): fname = gts8uwifiser
10-11 22:19:52.145 W/SystemConfig( 1462): ro.product.name = a31nndx
10-11 22:19:52.145 W/SystemConfig( 1462): fname = gts8uwifitur
10-11 22:19:52.145 W/SystemConfig( 1462): ro.product.name = a31nndx
10-11 22:19:52.145 W/SystemConfig( 1462): fname = gts8uwifieea
10-11 22:19:52.145 W/SystemConfig( 1462): ro.product.name = a31nndx
10-11 22:19:52.145 W/SystemConfig( 1462): fname = gts8uwifixx
10-11 22:19:52.145 W/SystemConfig( 1462): ro.product.name = a31nndx
10-11 22:19:52.145 W/SystemConfig( 1462): fname = a33xnndxx
10-11 22:19:52.145 W/SystemConfig( 1462): ro.product.name = a31nndx
10-11 22:19:52.145 W/SystemConfig( 1462): fname = a33xnsdtur
10-11 22:19:52.145 E/servicemanager( 487): Could not find
android.hardware.power.stats.IPowerStats/default in the VINTF manifest.
10-11 22:19:52.145 W/SystemConfig( 1462): ro.product.name = a31nndx
10-11 22:19:52.145 W/SystemConfig( 1462): fname = a33xnsdxx
10-11 22:19:52.145 W/SystemConfig( 1462): ro.product.name = a31nndx
10-11 22:19:52.145 W/SystemConfig( 1462): fname = a33xnndx
10-11 22:19:52.145 W/SystemConfig( 1462): ro.product.name = a31nndx
10-11 22:19:52.145 W/SystemConfig( 1462): fname = a33xnsdx
10-11 22:19:52.145 W/SystemConfig( 1462): ro.product.name = a31nndx
10-11 22:19:52.145 W/SystemConfig( 1462): fname = a33xub
10-11 22:19:52.145 W/SystemConfig( 1462): ro.product.name = a31nndx
10-11 22:19:52.145 W/SystemConfig( 1462): fname = a33xks
10-11 22:19:52.145 W/SystemConfig( 1462): ro.product.name = a31nndx
10-11 22:19:52.145 W/SystemConfig( 1462): fname = a33xzh
10-11 22:19:52.145 W/SystemConfig( 1462): ro.product.name = a31nndx
10-11 22:19:52.146 W/SystemConfig( 1462): fname = a33xnsser
10-11 22:19:52.146 W/SystemConfig( 1462): ro.product.name = a31nndx
10-11 22:19:52.146 W/SystemConfig( 1462): fname = a33xnsxx
10-11 22:19:52.146 W/SystemConfig( 1462): ro.product.name = a31nndx
10-11 22:19:52.146 W/SystemConfig( 1462): fname = a33xnseea
10-11 22:19:52.146 W/SystemConfig( 1462): ro.product.name = a31nndx
10-11 22:19:52.146 W/SystemConfig( 1462): fname = a53xtfn
10-11 22:19:52.146 W/SystemConfig( 1462): ro.product.name = a31nndx
10-11 22:19:52.146 W/SystemConfig( 1462): fname = a53xzh
10-11 22:19:52.146 W/SystemConfig( 1462): ro.product.name = a31nndx
10-11 22:19:52.146 W/SystemConfig( 1462): fname = a53xcsx
10-11 22:19:52.146 W/SystemConfig( 1462): ro.product.name = a31nndx
10-11 22:19:52.146 W/SystemConfig( 1462): fname = a53xnaxx
10-11 22:19:52.146 W/SystemConfig( 1462): ro.product.name = a31nndx
10-11 22:19:52.146 W/SystemConfig( 1462): fname = a53xksx
10-11 22:19:52.146 W/SystemConfig( 1462): ro.product.name = a31nndx
10-11 22:19:52.146 W/SystemConfig( 1462): fname = a53xnsser
10-11 22:19:52.146 W/SystemConfig( 1462): ro.product.name = a31nndx
10-11 22:19:52.146 W/SystemConfig( 1462): fname = a53xnstur
10-11 22:19:52.146 W/SystemConfig( 1462): ro.product.name = a31nndx
10-11 22:19:52.146 W/SystemConfig( 1462): fname = a53xnsxx
10-11 22:19:52.146 W/SystemConfig( 1462): ro.product.name = a31nndx
10-11 22:19:52.146 W/SystemConfig( 1462): fname = a53xsqx
10-11 22:19:52.146 W/SystemConfig( 1462): ro.product.name = a31nndx
10-11 22:19:52.146 W/SystemConfig( 1462): fname = a53xsqw
10-11 22:19:52.146 W/SystemConfig( 1462): ro.product.name = a31nndx
10-11 22:19:52.146 W/SystemConfig( 1462): fname = a53xnaeea
10-11 22:19:52.146 W/SystemConfig( 1462): ro.product.name = a31nndx
10-11 22:19:52.146 W/SystemConfig( 1462): fname = a53xue
10-11 22:19:52.146 W/SystemConfig( 1462): ro.product.name = a31nndx
10-11 22:19:52.146 W/SystemConfig( 1462): fname = SC-53C
10-11 22:19:52.146 W/SystemConfig( 1462): ro.product.name = a31nndx
10-11 22:19:52.146 W/SystemConfig( 1462): fname = SCG15_jp_kdi
10-11 22:19:52.146 W/SystemConfig( 1462): ro.product.name = a31nndx
10-11 22:19:52.147 I/SystemConfig( 1462): Reading permissions from
/product/etc/sysconfig/google-rollback-package-whitelist.xml
10-11 22:19:52.147 D/hw-ProcessState( 1462): Binder ioctl to enable oneway spam
detection failed: Invalid argument
10-11 22:19:52.147 I/SystemConfig( 1462): Reading permissions from
/product/etc/sysconfig/preinstalled-packages-platform-handheld-product.xml
10-11 22:19:52.147 I/SystemConfig( 1462): Reading permissions from
/product/etc/sysconfig/google_duo.xml
10-11 22:19:52.147 I/hwservicemanager( 488): getTransport: Cannot find entry
android.hardware.power.stats@1.0::IPowerStats/default in either framework or device
VINTF manifest.
10-11 22:19:52.148 E/PowerStatsService( 1462): Unable to get power.stats HAL
service.
10-11 22:19:52.148 E/PowerStatsService( 1462): nativeInit failed to connect to
power.stats HAL
10-11 22:19:52.148 I/SystemConfig( 1462): Reading permissions from
/product/etc/sysconfig/google.xml
10-11 22:19:52.148 I/SystemConfig( 1462): Reading permissions from
/product/etc/sysconfig/carrierwifi-sysconfig.xml
10-11 22:19:52.148 I/servicemanager( 487): Adding 'u:r:system_server:s0' service
(powerstats:1462)
10-11 22:19:52.148 I/SystemConfig( 1462): Reading permissions from
/product/etc/sysconfig/GoogleCellBroadcast_config.xml
10-11 22:19:52.148 D/SystemServerTiming( 1462): StartPowerStatsService took to
complete: 4ms
10-11 22:19:52.149 I/SystemServerTiming( 1462): StartIStatsService
10-11 22:19:52.149 E/SystemConfig( 1462): aer = false, f.getPath().contains = true
10-11 22:19:52.149 I/SystemConfig( 1462): Reading permissions from
/product/etc/sysconfig/google-staged-installer-whitelist.xml
10-11 22:19:52.149 I/SystemConfig( 1462): Reading permissions from
/product/etc/sysconfig/preinstalled-packages-platform-overlays.xml
10-11 22:19:52.150 I/SystemConfig( 1462): Reading permissions from
/product/etc/sysconfig/wellbeing.xml
10-11 22:19:52.150 I/SystemConfig( 1462): Reading permissions from
/product/etc/sysconfig/google_turbo.xml
10-11 22:19:52.150 I/HidlServiceManagement( 1462): Registered
android.frameworks.stats@1.0::IStats/default
10-11 22:19:52.150 I/SystemConfig( 1462): Reading permissions from
/product/etc/sysconfig/google_dps.xml
10-11 22:19:52.150 I/SystemConfig( 1462): Adding association: com.google.android.as
<- com.android.bluetooth
10-11 22:19:52.150 I/SystemConfig( 1462): Adding association: com.google.android.as
<- com.android.providers.contacts
10-11 22:19:52.150 I/SystemConfig( 1462): Adding association: com.google.android.as
<- com.android.providers.media
10-11 22:19:52.151 I/SystemConfig( 1462): Adding association: com.google.android.as
<- com.android.providers.telephony
10-11 22:19:52.151 I/SystemConfig( 1462): Adding association: com.google.android.as
<- com.android.systemui
10-11 22:19:52.151 I/SystemConfig( 1462): Adding association: com.google.android.as
<- com.google.android.providers.media.module
10-11 22:19:52.151 I/SystemConfig( 1462): Adding association: com.google.android.as
<- com.google.android.as.oss
10-11 22:19:52.151 I/SystemConfig( 1462): Adding association:
com.google.android.as.oss <- com.google.android.as
10-11 22:19:52.151 I/SystemConfig( 1462): Reading permissions from
/product/etc/permissions/split-permissions-google.xml
10-11 22:19:52.151 I/SystemConfig( 1462): Reading permissions from
/product/etc/permissions/carrierwifi.xml
10-11 22:19:52.152 I/SystemConfig( 1462): Reading permissions from
/product/etc/permissions/turboapk-permissions.xml
10-11 22:19:52.152 I/servicemanager( 487): Found
android.frameworks.stats.IStats/default in framework VINTF manifest.
10-11 22:19:52.152 I/servicemanager( 487): Adding 'u:r:system_server:s0' service
(android.frameworks.stats.IStats/default:1462)
10-11 22:19:52.152 I/SystemConfig( 1462): Reading permissions from
/product/etc/permissions/product-permissions-mediatek.xml
10-11 22:19:52.152 D/SystemServerTiming( 1462): StartIStatsService took to
complete: 4ms
10-11 22:19:52.152 I/SystemServerTiming( 1462): MemtrackProxyService
10-11 22:19:52.152 I/SystemConfig( 1462): Reading permissions from
/product/etc/permissions/privapp-permissions-google-product.xml
10-11 22:19:52.154 W/SystemConfig( 1462): No directory /system_ext/etc/sysconfig,
skipping
10-11 22:19:52.155 E/servicemanager( 487): Could not find
android.hardware.memtrack.IMemtrack/default in the VINTF manifest.
10-11 22:19:52.155 I/Stability( 1462): Interface set with vintf stability wire
protocol version 1 downgraded to system stability wire protocol version 1 stability
10-11 22:19:52.155 I/SystemConfig( 1462): Reading permissions from
/system_ext/etc/permissions/com.android.emergency.xml
10-11 22:19:52.155 I/servicemanager( 487): Adding 'u:r:system_server:s0' service
(memtrack.proxy:1462)
10-11 22:19:52.156 D/SystemServerTiming( 1462): MemtrackProxyService took to
complete: 3ms
10-11 22:19:52.156 I/SystemServerTiming( 1462): StartActivityManager
10-11 22:19:52.156 I/SystemServiceManager( 1462): Starting
com.android.server.wm.ActivityTaskManagerService$Lifecycle
10-11 22:19:52.156 I/SystemConfig( 1462): Reading permissions from
/system_ext/etc/permissions/com.android.systemui.xml
10-11 22:19:52.157 I/SystemConfig( 1462): Reading permissions from
/system_ext/etc/permissions/com.android.storagemanager.xml
10-11 22:19:52.158 I/SystemConfig( 1462): Reading permissions from
/system_ext/etc/permissions/privapp-permissions-google-system-ext.xml
10-11 22:19:52.159 I/SystemConfig( 1462): Reading permissions from
/system_ext/etc/permissions/com.android.carrierconfig.xml
10-11 22:19:52.160 I/SystemConfig( 1462): Reading permissions from
/system_ext/etc/permissions/com.samsung.systemui.xml
10-11 22:19:52.161 I/SystemConfig( 1462): Reading permissions from
