02-11 17:05:49.806 W/SystemConfig( 1811): ro.product.name = a02qsqc
02-11 17:05:49.806 W/SystemConfig( 1811): fname = a52qnstur
02-11 17:05:49.806 W/SystemConfig( 1811): ro.product.name = a02qsqc
02-11 17:05:49.806 W/SystemConfig( 1811): fname = a52qnseea
02-11 17:05:49.806 W/SystemConfig( 1811): ro.product.name = a02qsqc
02-11 17:05:49.806 W/SystemConfig( 1811): fname = a52qnsxx
02-11 17:05:49.806 W/SystemConfig( 1811): ro.product.name = a02qsqc
02-11 17:05:49.806 W/SystemConfig( 1811): fname = a52qnsser
02-11 17:05:49.806 W/SystemConfig( 1811): ro.product.name = a02qsqc
02-11 17:05:49.806 W/SystemConfig( 1811): fname = a52qub
02-11 17:05:49.806 W/SystemConfig( 1811): ro.product.name = a02qsqc
02-11 17:05:49.806 W/SystemConfig( 1811): fname = a52xque
02-11 17:05:49.806 W/SystemConfig( 1811): ro.product.name = a02qsqc
02-11 17:05:49.806 W/SystemConfig( 1811): fname = a52xqcs
02-11 17:05:49.806 W/SystemConfig( 1811): ro.product.name = a02qsqc
02-11 17:05:49.806 W/SystemConfig( 1811): fname = a52xqnaeea
02-11 17:05:49.806 W/SystemConfig( 1811): ro.product.name = a02qsqc
02-11 17:05:49.806 W/SystemConfig( 1811): fname = a52xqsq
02-11 17:05:49.806 W/SystemConfig( 1811): ro.product.name = a02qsqc
02-11 17:05:49.806 W/SystemConfig( 1811): fname = a52xqzh
02-11 17:05:49.806 W/SystemConfig( 1811): ro.product.name = a02qsqc
02-11 17:05:49.806 W/SystemConfig( 1811): fname = a52xqks
02-11 17:05:49.806 W/SystemConfig( 1811): ro.product.name = a02qsqc
02-11 17:05:49.806 W/SystemConfig( 1811): fname = a52xqnaxx
02-11 17:05:49.806 W/SystemConfig( 1811): ro.product.name = a02qsqc
02-11 17:05:49.806 W/SystemConfig( 1811): fname = SC-53B
02-11 17:05:49.806 W/SystemConfig( 1811): ro.product.name = a02qsqc
02-11 17:05:49.806 W/SystemConfig( 1811): fname = a52sxqeea
02-11 17:05:49.806 W/SystemConfig( 1811): ro.product.name = a02qsqc
02-11 17:05:49.806 W/SystemConfig( 1811): fname = a52sxqtur
02-11 17:05:49.806 W/SystemConfig( 1811): ro.product.name = a02qsqc
02-11 17:05:49.806 W/SystemConfig( 1811): fname = a52sxqser
02-11 17:05:49.806 W/SystemConfig( 1811): ro.product.name = a02qsqc
02-11 17:05:49.806 W/SystemConfig( 1811): fname = a52sxqzt
02-11 17:05:49.806 W/SystemConfig( 1811): ro.product.name = a02qsqc
02-11 17:05:49.806 W/SystemConfig( 1811): fname = a52sxqxx
02-11 17:05:49.806 W/SystemConfig( 1811): ro.product.name = a02qsqc
02-11 17:05:49.806 W/SystemConfig( 1811): fname = a52sxqks
02-11 17:05:49.807 W/SystemConfig( 1811): ro.product.name = a02qsqc
02-11 17:05:49.807 W/SystemConfig( 1811): fname = r9sxtur
02-11 17:05:49.807 W/SystemConfig( 1811): ro.product.name = a02qsqc
02-11 17:05:49.807 W/SystemConfig( 1811): fname = r9sxxx
02-11 17:05:49.807 W/SystemConfig( 1811): ro.product.name = a02qsqc
02-11 17:05:49.807 W/SystemConfig( 1811): fname = r9qksx
02-11 17:05:49.807 W/SystemConfig( 1811): ro.product.name = a02qsqc
02-11 17:05:49.807 W/SystemConfig( 1811): fname = r9qxeea
02-11 17:05:49.807 W/SystemConfig( 1811): ro.product.name = a02qsqc
02-11 17:05:49.807 W/SystemConfig( 1811): fname = r9qxtur
02-11 17:05:49.807 W/SystemConfig( 1811): ro.product.name = a02qsqc
02-11 17:05:49.807 W/SystemConfig( 1811): fname = r9qxser
02-11 17:05:49.807 W/SystemConfig( 1811): ro.product.name = a02qsqc
02-11 17:05:49.807 W/SystemConfig( 1811): fname = r9qzh
02-11 17:05:49.807 W/SystemConfig( 1811): ro.product.name = a02qsqc
02-11 17:05:49.807 W/SystemConfig( 1811): fname = r9quew
02-11 17:05:49.807 W/SystemConfig( 1811): ro.product.name = a02qsqc
02-11 17:05:49.807 W/SystemConfig( 1811): fname = r9qxxx
02-11 17:05:49.807 W/SystemConfig( 1811): ro.product.name = a02qsqc
02-11 17:05:49.807 W/SystemConfig( 1811): fname = r9qcsx
02-11 17:05:49.807 W/SystemConfig( 1811): ro.product.name = a02qsqc
02-11 17:05:49.807 W/SystemConfig( 1811): fname = r9qsqw
02-11 17:05:49.807 W/SystemConfig( 1811): ro.product.name = a02qsqc
02-11 17:05:49.807 W/SystemConfig( 1811): fname = r9q2xser
02-11 17:05:49.807 W/SystemConfig( 1811): ro.product.name = a02qsqc
02-11 17:05:49.807 W/SystemConfig( 1811): fname = r9q2xxx
02-11 17:05:49.807 W/SystemConfig( 1811): ro.product.name = a02qsqc
02-11 17:05:49.807 W/SystemConfig( 1811): fname = r9q2xeea
02-11 17:05:49.807 W/SystemConfig( 1811): ro.product.name = a02qsqc
02-11 17:05:49.807 W/SystemConfig( 1811): fname = r9q2sqw
02-11 17:05:49.807 W/SystemConfig( 1811): ro.product.name = a02qsqc
02-11 17:05:49.807 W/SystemConfig( 1811): fname = a32ub
02-11 17:05:49.807 W/SystemConfig( 1811): ro.product.name = a02qsqc
02-11 17:05:49.807 W/SystemConfig( 1811): fname = a32ks
02-11 17:05:49.807 W/SystemConfig( 1811): ro.product.name = a02qsqc
02-11 17:05:49.807 W/SystemConfig( 1811): fname = a32eea
02-11 17:05:49.807 W/SystemConfig( 1811): ro.product.name = a02qsqc
02-11 17:05:49.807 W/SystemConfig( 1811): fname = a32tur
02-11 17:05:49.807 W/SystemConfig( 1811): ro.product.name = a02qsqc
02-11 17:05:49.807 W/SystemConfig( 1811): fname = a32ser
02-11 17:05:49.808 W/SystemConfig( 1811): ro.product.name = a02qsqc
02-11 17:05:49.808 W/SystemConfig( 1811): fname = a32xx
02-11 17:05:49.808 W/SystemConfig( 1811): ro.product.name = a02qsqc
02-11 17:05:49.808 W/SystemConfig( 1811): fname = a32xxx
02-11 17:05:49.808 W/SystemConfig( 1811): ro.product.name = a02qsqc
02-11 17:05:49.808 W/SystemConfig( 1811): fname = a32xcs
02-11 17:05:49.808 W/SystemConfig( 1811): ro.product.name = a02qsqc
02-11 17:05:49.808 W/SystemConfig( 1811): fname = a32xeea
02-11 17:05:49.808 W/SystemConfig( 1811): ro.product.name = a02qsqc
02-11 17:05:49.808 W/SystemConfig( 1811): fname = a32xue
02-11 17:05:49.808 W/SystemConfig( 1811): ro.product.name = a02qsqc
02-11 17:05:49.808 W/SystemConfig( 1811): fname = a32xtfn
02-11 17:05:49.808 W/SystemConfig( 1811): ro.product.name = a02qsqc
02-11 17:05:49.808 W/SystemConfig( 1811): fname = a32xzh
02-11 17:05:49.808 W/SystemConfig( 1811): ro.product.name = a02qsqc
02-11 17:05:49.808 W/SystemConfig( 1811): fname = a32xsq
02-11 17:05:49.808 W/SystemConfig( 1811): ro.product.name = a02qsqc
02-11 17:05:49.808 W/SystemConfig( 1811): fname = SCG08_jp_kdi
02-11 17:05:49.808 W/SystemConfig( 1811): ro.product.name = a02qsqc
02-11 17:05:49.808 W/SystemConfig( 1811): fname = xcover5eea
02-11 17:05:49.808 W/SystemConfig( 1811): ro.product.name = a02qsqc
02-11 17:05:49.808 W/SystemConfig( 1811): fname = xcover5ser
02-11 17:05:49.808 W/SystemConfig( 1811): ro.product.name = a02qsqc
02-11 17:05:49.808 W/SystemConfig( 1811): fname = xcover5kx
02-11 17:05:49.808 W/SystemConfig( 1811): ro.product.name = a02qsqc
02-11 17:05:49.808 W/SystemConfig( 1811): fname = xcover5xx
02-11 17:05:49.808 W/SystemConfig( 1811): ro.product.name = a02qsqc
02-11 17:05:49.808 W/SystemConfig( 1811): fname = gts7fewifixx
02-11 17:05:49.808 W/SystemConfig( 1811): ro.product.name = a02qsqc
02-11 17:05:49.808 W/SystemConfig( 1811): fname = gts7fewifitur
02-11 17:05:49.808 W/SystemConfig( 1811): ro.product.name = a02qsqc
02-11 17:05:49.808 W/SystemConfig( 1811): fname = gts7fewifieea
02-11 17:05:49.808 W/SystemConfig( 1811): ro.product.name = a02qsqc
02-11 17:05:49.808 W/SystemConfig( 1811): fname = gts7fewifiser
02-11 17:05:49.808 W/SystemConfig( 1811): ro.product.name = a02qsqc
02-11 17:05:49.808 W/SystemConfig( 1811): fname = gts7xllitexx
02-11 17:05:49.808 W/SystemConfig( 1811): ro.product.name = a02qsqc
02-11 17:05:49.808 W/SystemConfig( 1811): fname = gts7xlliteser
02-11 17:05:49.808 W/SystemConfig( 1811): ro.product.name = a02qsqc
02-11 17:05:49.808 W/SystemConfig( 1811): fname = gts7xllitexeea
02-11 17:05:49.808 W/SystemConfig( 1811): ro.product.name = a02qsqc
02-11 17:05:49.808 W/SystemConfig( 1811): fname = gts7xllitekx
02-11 17:05:49.809 W/SystemConfig( 1811): ro.product.name = a02qsqc
02-11 17:05:49.809 W/SystemConfig( 1811): fname = gts7xllitetur
02-11 17:05:49.809 W/SystemConfig( 1811): ro.product.name = a02qsqc
02-11 17:05:49.809 W/SystemConfig( 1811): fname = gts7xllitekxx
02-11 17:05:49.809 W/SystemConfig( 1811): ro.product.name = a02qsqc
02-11 17:05:49.809 W/SystemConfig( 1811): fname = gts7xllitesqwnc
02-11 17:05:49.809 W/SystemConfig( 1811): ro.product.name = a02qsqc
02-11 17:05:49.809 W/SystemConfig( 1811): fname = gts7xllitexxx
02-11 17:05:49.809 W/SystemConfig( 1811): ro.product.name = a02qsqc
02-11 17:05:49.809 W/SystemConfig( 1811): fname = gts7xllitesqw
02-11 17:05:49.809 W/SystemConfig( 1811): ro.product.name = a02qsqc
02-11 17:05:49.809 W/SystemConfig( 1811): fname = gts7xllitewifieea
02-11 17:05:49.809 W/SystemConfig( 1811): ro.product.name = a02qsqc
02-11 17:05:49.809 W/SystemConfig( 1811): fname = gts7xllitewifixx
02-11 17:05:49.809 W/SystemConfig( 1811): ro.product.name = a02qsqc
02-11 17:05:49.809 W/SystemConfig( 1811): fname = gts7xllitewifitur
02-11 17:05:49.809 W/SystemConfig( 1811): ro.product.name = a02qsqc
02-11 17:05:49.809 W/SystemConfig( 1811): fname = gts7xllitewifiser
02-11 17:05:49.809 W/SystemConfig( 1811): ro.product.name = a02qsqc
02-11 17:05:49.809 W/SystemConfig( 1811): fname = b0sxser
02-11 17:05:49.809 W/SystemConfig( 1811): ro.product.name = a02qsqc
02-11 17:05:49.809 W/SystemConfig( 1811): fname = b0sxtur
02-11 17:05:49.809 W/SystemConfig( 1811): ro.product.name = a02qsqc
02-11 17:05:49.809 W/SystemConfig( 1811): fname = b0sxxx
02-11 17:05:49.809 W/SystemConfig( 1811): ro.product.name = a02qsqc
02-11 17:05:49.809 W/SystemConfig( 1811): fname = b0sxeea
02-11 17:05:49.809 W/SystemConfig( 1811): ro.product.name = a02qsqc
02-11 17:05:49.809 W/SystemConfig( 1811): fname = b0sksx
02-11 17:05:49.809 W/SystemConfig( 1811): ro.product.name = a02qsqc
02-11 17:05:49.809 W/SystemConfig( 1811): fname = b0qksx
02-11 17:05:49.809 W/SystemConfig( 1811): ro.product.name = a02qsqc
02-11 17:05:49.809 W/SystemConfig( 1811): fname = b0quew
02-11 17:05:49.809 W/SystemConfig( 1811): ro.product.name = a02qsqc
02-11 17:05:49.809 W/SystemConfig( 1811): fname = b0qcsx
02-11 17:05:49.809 W/SystemConfig( 1811): ro.product.name = a02qsqc
02-11 17:05:49.809 W/SystemConfig( 1811): fname = b0qxxx
02-11 17:05:49.809 W/SystemConfig( 1811): ro.product.name = a02qsqc
02-11 17:05:49.809 W/SystemConfig( 1811): fname = b0qsqw
02-11 17:05:49.809 W/SystemConfig( 1811): ro.product.name = a02qsqc
02-11 17:05:49.809 W/SystemConfig( 1811): fname = b0qzhx
02-11 17:05:49.809 W/SystemConfig( 1811): ro.product.name = a02qsqc
02-11 17:05:49.809 W/SystemConfig( 1811): fname = b0qxtur
02-11 17:05:49.809 W/SystemConfig( 1811): ro.product.name = a02qsqc
02-11 17:05:49.809 W/SystemConfig( 1811): fname = SC-52C
02-11 17:05:49.809 W/SystemConfig( 1811): ro.product.name = a02qsqc
02-11 17:05:49.809 W/SystemConfig( 1811): fname = SCG14_jp_kdi
02-11 17:05:49.809 W/SystemConfig( 1811): ro.product.name = a02qsqc
02-11 17:05:49.809 W/SystemConfig( 1811): fname = r0sxxx
02-11 17:05:49.810 W/SystemConfig( 1811): ro.product.name = a02qsqc
02-11 17:05:49.810 W/SystemConfig( 1811): fname = r0sxeea
02-11 17:05:49.810 W/SystemConfig( 1811): ro.product.name = a02qsqc
02-11 17:05:49.810 W/SystemConfig( 1811): fname = r0sxtur
02-11 17:05:49.810 W/SystemConfig( 1811): ro.product.name = a02qsqc
02-11 17:05:49.810 W/SystemConfig( 1811): fname = r0sxser
02-11 17:05:49.810 W/SystemConfig( 1811): ro.product.name = a02qsqc
02-11 17:05:49.810 W/SystemConfig( 1811): fname = r0sksx
02-11 17:05:49.810 W/SystemConfig( 1811): ro.product.name = a02qsqc
02-11 17:05:49.810 W/SystemConfig( 1811): fname = r0qksx
02-11 17:05:49.810 W/SystemConfig( 1811): ro.product.name = a02qsqc
02-11 17:05:49.810 W/SystemConfig( 1811): fname = r0qxtur
02-11 17:05:49.810 W/SystemConfig( 1811): ro.product.name = a02qsqc
02-11 17:05:49.810 W/SystemConfig( 1811): fname = r0qcsx
02-11 17:05:49.810 W/SystemConfig( 1811): ro.product.name = a02qsqc
02-11 17:05:49.810 W/SystemConfig( 1811): fname = r0qzhx
02-11 17:05:49.810 W/SystemConfig( 1811): ro.product.name = a02qsqc
02-11 17:05:49.810 W/SystemConfig( 1811): fname = r0quew
02-11 17:05:49.810 W/SystemConfig( 1811): ro.product.name = a02qsqc
02-11 17:05:49.810 W/SystemConfig( 1811): fname = r0qsqw
02-11 17:05:49.810 W/SystemConfig( 1811): ro.product.name = a02qsqc
02-11 17:05:49.810 W/SystemConfig( 1811): fname = r0qxxx
02-11 17:05:49.810 W/SystemConfig( 1811): ro.product.name = a02qsqc
02-11 17:05:49.810 W/SystemConfig( 1811): fname = SC-51C
02-11 17:05:49.810 W/SystemConfig( 1811): ro.product.name = a02qsqc
02-11 17:05:49.810 W/SystemConfig( 1811): fname = SCG13_jp_kdi
02-11 17:05:49.810 W/SystemConfig( 1811): ro.product.name = a02qsqc
02-11 17:05:49.810 W/SystemConfig( 1811): fname = g0sxxx
02-11 17:05:49.810 W/SystemConfig( 1811): ro.product.name = a02qsqc
02-11 17:05:49.810 W/SystemConfig( 1811): fname = g0sxtur
02-11 17:05:49.810 W/SystemConfig( 1811): ro.product.name = a02qsqc
02-11 17:05:49.810 W/SystemConfig( 1811): fname = g0sxeea
02-11 17:05:49.810 W/SystemConfig( 1811): ro.product.name = a02qsqc
02-11 17:05:49.810 W/SystemConfig( 1811): fname = g0sxser
02-11 17:05:49.810 W/SystemConfig( 1811): ro.product.name = a02qsqc
02-11 17:05:49.810 W/SystemConfig( 1811): fname = g0sksx
02-11 17:05:49.810 W/SystemConfig( 1811): ro.product.name = a02qsqc
02-11 17:05:49.810 W/SystemConfig( 1811): fname = g0qksx
02-11 17:05:49.810 W/SystemConfig( 1811): ro.product.name = a02qsqc
02-11 17:05:49.810 W/SystemConfig( 1811): fname = g0quew
02-11 17:05:49.810 W/SystemConfig( 1811): ro.product.name = a02qsqc
02-11 17:05:49.810 W/SystemConfig( 1811): fname = g0qxtur
02-11 17:05:49.810 W/SystemConfig( 1811): ro.product.name = a02qsqc
02-11 17:05:49.810 W/SystemConfig( 1811): fname = g0qcsx
02-11 17:05:49.810 W/SystemConfig( 1811): ro.product.name = a02qsqc
02-11 17:05:49.810 W/SystemConfig( 1811): fname = g0qxxx
02-11 17:05:49.810 W/SystemConfig( 1811): ro.product.name = a02qsqc
02-11 17:05:49.810 W/SystemConfig( 1811): fname = g0qsqw
02-11 17:05:49.810 W/SystemConfig( 1811): ro.product.name = a02qsqc
02-11 17:05:49.811 W/SystemConfig( 1811): fname = g0qzhx
02-11 17:05:49.811 W/SystemConfig( 1811): ro.product.name = a02qsqc
02-11 17:05:49.811 W/SystemConfig( 1811): fname = gts8kxx
02-11 17:05:49.811 W/SystemConfig( 1811): ro.product.name = a02qsqc
02-11 17:05:49.811 W/SystemConfig( 1811): fname = gts8keea
02-11 17:05:49.811 W/SystemConfig( 1811): ro.product.name = a02qsqc
02-11 17:05:49.811 W/SystemConfig( 1811): fname = gts8xser
02-11 17:05:49.811 W/SystemConfig( 1811): ro.product.name = a02qsqc
02-11 17:05:49.811 W/SystemConfig( 1811): fname = gts8xeea
02-11 17:05:49.811 W/SystemConfig( 1811): ro.product.name = a02qsqc
02-11 17:05:49.811 W/SystemConfig( 1811): fname = gts8xxx
02-11 17:05:49.811 W/SystemConfig( 1811): ro.product.name = a02qsqc
02-11 17:05:49.811 W/SystemConfig( 1811): fname = gts8sq
02-11 17:05:49.811 W/SystemConfig( 1811): ro.product.name = a02qsqc
02-11 17:05:49.811 W/SystemConfig( 1811): fname = gts8wifiser
02-11 17:05:49.811 W/SystemConfig( 1811): ro.product.name = a02qsqc
02-11 17:05:49.811 W/SystemConfig( 1811): fname = gts8wifitur
02-11 17:05:49.811 W/SystemConfig( 1811): ro.product.name = a02qsqc
02-11 17:05:49.811 W/SystemConfig( 1811): fname = gts8wifixx
02-11 17:05:49.811 W/SystemConfig( 1811): ro.product.name = a02qsqc
02-11 17:05:49.811 W/SystemConfig( 1811): fname = gts8wifieea
02-11 17:05:49.811 W/SystemConfig( 1811): ro.product.name = a02qsqc
02-11 17:05:49.811 W/SystemConfig( 1811): fname = gts8pkxx
02-11 17:05:49.811 W/SystemConfig( 1811): ro.product.name = a02qsqc
02-11 17:05:49.811 W/SystemConfig( 1811): fname = gts8psqw
02-11 17:05:49.811 W/SystemConfig( 1811): ro.product.name = a02qsqc
02-11 17:05:49.811 W/SystemConfig( 1811): fname = gts8psqw
02-11 17:05:49.811 W/SystemConfig( 1811): ro.product.name = a02qsqc
02-11 17:05:49.811 W/SystemConfig( 1811): fname = gts8pxser
02-11 17:05:49.811 W/SystemConfig( 1811): ro.product.name = a02qsqc
02-11 17:05:49.811 W/SystemConfig( 1811): fname = gts8peea
02-11 17:05:49.811 W/SystemConfig( 1811): ro.product.name = a02qsqc
02-11 17:05:49.811 W/SystemConfig( 1811): fname = gts8pxx
02-11 17:05:49.811 W/SystemConfig( 1811): ro.product.name = a02qsqc
02-11 17:05:49.811 W/SystemConfig( 1811): fname = gts8pxeea
02-11 17:05:49.811 W/SystemConfig( 1811): ro.product.name = a02qsqc
02-11 17:05:49.811 W/SystemConfig( 1811): fname = gts8pxxx
02-11 17:05:49.811 W/SystemConfig( 1811): ro.product.name = a02qsqc
02-11 17:05:49.811 W/SystemConfig( 1811): fname = gts8psqwnc
02-11 17:05:49.811 W/SystemConfig( 1811): ro.product.name = a02qsqc
02-11 17:05:49.811 W/SystemConfig( 1811): fname = gts8pwifitur
02-11 17:05:49.811 W/SystemConfig( 1811): ro.product.name = a02qsqc
02-11 17:05:49.811 W/SystemConfig( 1811): fname = gts8pwifiser
02-11 17:05:49.811 W/SystemConfig( 1811): ro.product.name = a02qsqc
02-11 17:05:49.811 W/SystemConfig( 1811): fname = gts8pwifixx
02-11 17:05:49.811 W/SystemConfig( 1811): ro.product.name = a02qsqc
02-11 17:05:49.811 W/SystemConfig( 1811): fname = gts8pwifieea
02-11 17:05:49.812 W/SystemConfig( 1811): ro.product.name = a02qsqc
02-11 17:05:49.812 W/SystemConfig( 1811): fname = gts8ukxx
02-11 17:05:49.812 W/SystemConfig( 1811): ro.product.name = a02qsqc
02-11 17:05:49.812 W/SystemConfig( 1811): fname = gts8uxser
02-11 17:05:49.812 W/SystemConfig( 1811): ro.product.name = a02qsqc
02-11 17:05:49.812 W/SystemConfig( 1811): fname = gts8uxeea
02-11 17:05:49.812 W/SystemConfig( 1811): ro.product.name = a02qsqc
02-11 17:05:49.812 W/SystemConfig( 1811): fname = gts8uxxx
02-11 17:05:49.812 W/SystemConfig( 1811): ro.product.name = a02qsqc
02-11 17:05:49.812 W/SystemConfig( 1811): fname = gts8uwifiser
02-11 17:05:49.812 W/SystemConfig( 1811): ro.product.name = a02qsqc
02-11 17:05:49.812 W/SystemConfig( 1811): fname = gts8uwifitur
02-11 17:05:49.812 W/SystemConfig( 1811): ro.product.name = a02qsqc
02-11 17:05:49.812 W/SystemConfig( 1811): fname = gts8uwifieea
02-11 17:05:49.812 W/SystemConfig( 1811): ro.product.name = a02qsqc
02-11 17:05:49.812 W/SystemConfig( 1811): fname = gts8uwifixx
02-11 17:05:49.812 W/SystemConfig( 1811): ro.product.name = a02qsqc
02-11 17:05:49.812 W/SystemConfig( 1811): fname = a33xnndxx
02-11 17:05:49.812 W/SystemConfig( 1811): ro.product.name = a02qsqc
02-11 17:05:49.812 W/SystemConfig( 1811): fname = a33xnsdtur
02-11 17:05:49.812 W/SystemConfig( 1811): ro.product.name = a02qsqc
02-11 17:05:49.812 W/SystemConfig( 1811): fname = a33xnsdxx
02-11 17:05:49.812 W/SystemConfig( 1811): ro.product.name = a02qsqc
02-11 17:05:49.812 W/SystemConfig( 1811): fname = a33xnndx
02-11 17:05:49.812 W/SystemConfig( 1811): ro.product.name = a02qsqc
02-11 17:05:49.812 W/SystemConfig( 1811): fname = a33xnsdx
02-11 17:05:49.812 W/SystemConfig( 1811): ro.product.name = a02qsqc
02-11 17:05:49.812 W/SystemConfig( 1811): fname = a33xub
02-11 17:05:49.812 W/SystemConfig( 1811): ro.product.name = a02qsqc
02-11 17:05:49.812 W/SystemConfig( 1811): fname = a33xks
02-11 17:05:49.812 W/SystemConfig( 1811): ro.product.name = a02qsqc
02-11 17:05:49.812 W/SystemConfig( 1811): fname = a33xzh
02-11 17:05:49.812 W/SystemConfig( 1811): ro.product.name = a02qsqc
02-11 17:05:49.812 W/SystemConfig( 1811): fname = a33xnsser
02-11 17:05:49.812 W/SystemConfig( 1811): ro.product.name = a02qsqc
02-11 17:05:49.812 W/SystemConfig( 1811): fname = a33xnsxx
02-11 17:05:49.812 W/SystemConfig( 1811): ro.product.name = a02qsqc
02-11 17:05:49.812 W/SystemConfig( 1811): fname = a33xnseea
02-11 17:05:49.813 W/SystemConfig( 1811): ro.product.name = a02qsqc
02-11 17:05:49.813 W/SystemConfig( 1811): fname = a53xtfn
02-11 17:05:49.813 W/SystemConfig( 1811): ro.product.name = a02qsqc
02-11 17:05:49.813 W/SystemConfig( 1811): fname = a53xzh
02-11 17:05:49.813 W/SystemConfig( 1811): ro.product.name = a02qsqc
02-11 17:05:49.813 W/SystemConfig( 1811): fname = a53xcsx
02-11 17:05:49.813 W/SystemConfig( 1811): ro.product.name = a02qsqc
02-11 17:05:49.813 W/SystemConfig( 1811): fname = a53xnaxx
02-11 17:05:49.813 W/SystemConfig( 1811): ro.product.name = a02qsqc
02-11 17:05:49.813 W/SystemConfig( 1811): fname = a53xksx
02-11 17:05:49.813 W/SystemConfig( 1811): ro.product.name = a02qsqc
02-11 17:05:49.813 W/SystemConfig( 1811): fname = a53xnsser
02-11 17:05:49.813 W/SystemConfig( 1811): ro.product.name = a02qsqc
02-11 17:05:49.813 W/SystemConfig( 1811): fname = a53xnstur
02-11 17:05:49.813 W/SystemConfig( 1811): ro.product.name = a02qsqc
02-11 17:05:49.813 W/SystemConfig( 1811): fname = a53xnsxx
02-11 17:05:49.813 W/SystemConfig( 1811): ro.product.name = a02qsqc
02-11 17:05:49.813 W/SystemConfig( 1811): fname = a53xsqx
02-11 17:05:49.813 W/SystemConfig( 1811): ro.product.name = a02qsqc
02-11 17:05:49.813 W/SystemConfig( 1811): fname = a53xsqw
02-11 17:05:49.813 W/SystemConfig( 1811): ro.product.name = a02qsqc
02-11 17:05:49.813 W/SystemConfig( 1811): fname = a53xnaeea
02-11 17:05:49.813 W/SystemConfig( 1811): ro.product.name = a02qsqc
02-11 17:05:49.813 W/SystemConfig( 1811): fname = a53xue
02-11 17:05:49.813 W/SystemConfig( 1811): ro.product.name = a02qsqc
02-11 17:05:49.813 W/SystemConfig( 1811): fname = SC-53C
02-11 17:05:49.813 W/SystemConfig( 1811): ro.product.name = a02qsqc
02-11 17:05:49.813 W/SystemConfig( 1811): fname = SCG15_jp_kdi
02-11 17:05:49.813 W/SystemConfig( 1811): ro.product.name = a02qsqc
02-11 17:05:49.813 W/SystemConfig( 1811): fname = xcoverpro2tur
02-11 17:05:49.813 W/SystemConfig( 1811): ro.product.name = a02qsqc
02-11 17:05:49.813 W/SystemConfig( 1811): fname = xcoverpro2eea
02-11 17:05:49.813 W/SystemConfig( 1811): ro.product.name = a02qsqc
02-11 17:05:49.813 W/SystemConfig( 1811): fname = xcoverpro2xx
02-11 17:05:49.813 W/SystemConfig( 1811): ro.product.name = a02qsqc
02-11 17:05:49.813 W/SystemConfig( 1811): fname = xcoverpro2sq
02-11 17:05:49.813 W/SystemConfig( 1811): ro.product.name = a02qsqc
02-11 17:05:49.813 W/SystemConfig( 1811): fname = q4qzhx
02-11 17:05:49.814 W/SystemConfig( 1811): ro.product.name = a02qsqc
02-11 17:05:49.814 W/SystemConfig( 1811): fname = q4qsqw
02-11 17:05:49.814 W/SystemConfig( 1811): ro.product.name = a02qsqc
02-11 17:05:49.814 W/SystemConfig( 1811): fname = b4qsqw
02-11 17:05:49.814 W/SystemConfig( 1811): ro.product.name = a02qsqc
02-11 17:05:49.814 D/BatteryDump( 1128): wait_for_battery_event : occurred :
remove@/devices/platform/SVC00001001:00000003.1
02-11 17:05:49.814 D/BatteryDump( 1128): wait_for_battery_event : occurred :
remove@/devices/platform/SVC0000002b:00001202.1
02-11 17:05:49.814 I/SystemConfig( 1811): Reading permissions from
/product/etc/sysconfig/GoogleCellBroadcast_config.xml
02-11 17:05:49.815 D/BatteryDump( 1128): wait_for_battery_event : occurred :
remove@/devices/platform/SVC0000002a:00000001.1
02-11 17:05:49.815 D/BatteryDump( 1128): wait_for_battery_event : occurred :
remove@/devices/platform/SVC00000002:00000001.1
02-11 17:05:49.815 I/SystemConfig( 1811): Reading permissions from
/product/etc/sysconfig/google_turbo.xml
02-11 17:05:49.816 I/SystemConfig( 1811): Reading permissions from
/product/etc/sysconfig/wellbeing.xml
02-11 17:05:49.817 D/BatteryDump( 1128): wait_for_battery_event : occurred :
remove@/devices/platform/SVC00000030:00000001.1
02-11 17:05:49.817 I/SystemConfig( 1811): Reading permissions from
/product/etc/sysconfig/google.xml
02-11 17:05:49.817 D/LOWI-9.0.0.87.a( 1482): [LOWINetlinkSocketReceiver]
unpackRTMLinkMessage: RTM_DELLINK - ifname rmnet_data2, flags 0x0 ()
02-11 17:05:49.818 I/SystemConfig( 1811): Adding association: com.google.android.as
<- com.android.bluetooth
02-11 17:05:49.818 I/SystemConfig( 1811): Adding association: com.google.android.as
<- com.android.providers.contacts
02-11 17:05:49.818 D/BatteryDump( 1128): wait_for_battery_event : occurred :
remove@/devices/platform/SVC00000029:00000101.1
02-11 17:05:49.818 I/SystemConfig( 1811): Adding association: com.google.android.as
<- com.android.providers.media
02-11 17:05:49.818 I/SystemConfig( 1811): Adding association: com.google.android.as
<- com.android.providers.telephony
02-11 17:05:49.818 I/SystemConfig( 1811): Adding association: com.google.android.as
<- com.android.systemui
02-11 17:05:49.818 I/SystemConfig( 1811): Adding association: com.google.android.as
<- com.google.android.providers.media.module
02-11 17:05:49.818 I/SystemConfig( 1811): Adding association: com.google.android.as
<- com.google.android.as.oss
02-11 17:05:49.818 I/SystemConfig( 1811): Adding association:
com.google.android.as.oss <- com.google.android.as
02-11 17:05:49.818 D/BatteryDump( 1128): wait_for_battery_event : occurred :
remove@/devices/virtual/net/rmnet_data2/queues/rx-0
02-11 17:05:49.818 D/BatteryDump( 1128): wait_for_battery_event : occurred :
remove@/devices/virtual/net/rmnet_data2/queues/tx-0
02-11 17:05:49.818 D/BatteryDump( 1128): wait_for_battery_event : occurred :
remove@/devices/virtual/net/rmnet_data2
02-11 17:05:49.819 I/SystemConfig( 1811): Reading permissions from
/product/etc/sysconfig/carrierwifi-sysconfig.xml
02-11 17:05:49.819 D/BatteryDump( 1128): wait_for_battery_event : occurred :
remove@/devices/platform/SVC00000044:00000001.1
02-11 17:05:49.819 I/SystemConfig( 1811): Reading permissions from
/product/etc/sysconfig/google-staged-installer-whitelist.xml
02-11 17:05:49.820 D/BatteryDump( 1128): wait_for_battery_event : occurred :
remove@/devices/platform/SVC00000046:00000101.1
02-11 17:05:49.820 I/SystemConfig( 1811): Reading permissions from
/product/etc/sysconfig/preinstalled-packages-platform-overlays.xml
02-11 17:05:49.820 E/LocSvc_ApiV02( 1125): errorCb:7380]: Service unavailable error
02-11 17:05:49.820 E/LocSvc_api_v02( 1125): locClientSendReq:2424] send_msg_sync
error: QMI_SERVICE_ERR
02-11 17:05:49.820 E/LocSvc_ApiV02( 1483): errorCb:7380]: Service unavailable error
02-11 17:05:49.820 E/LocSvc_LBSApiV02( 1125): operator():700]: Error : st = 5,
ind.status = 0
02-11 17:05:49.820 E/LocSvc_ApiV02( 1483): secGpsCb hasn't been set yet
02-11 17:05:49.820 E/LocSvc_ApiV02( 1125): secGpsCb hasn't been set yet
02-11 17:05:49.820 I/LocSvc_api_v02( 1125): ---> locClientSendReq line 2409
QMI_LOC_SET_PREMIUM_SERVICES_CONFIG_REQ_V02
02-11 17:05:49.820 E/LocSvc_api_v02( 1125): locClientSendReq:2424] send_msg_sync
error: QMI_SERVICE_ERR
02-11 17:05:49.820 E/LocSvc_LBSApiV02( 1125): operator():717]: Error : st = 5,
ind.status = 0
02-11 17:05:49.821 I/LocSvc_api_v02( 1483): ---> locClientClose line 2319 loc
client close
02-11 17:05:49.821 D/BatteryDump( 1128): wait_for_battery_event : occurred :
remove@/devices/platform/SVC00000010:00000002.1
02-11 17:05:49.821 D/SemNativeCarrierFeature_vendor( 1125): getInstance
02-11 17:05:49.821 I/LocSvc_api_v02( 1125): ---> locClientSendReq line 2409
QMI_LOC_SET_ENGINE_LOCK_REQ_V02
02-11 17:05:49.821 E/LocSvc_api_v02( 1125): locClientSendReq:2424] send_msg_sync
error: QMI_SERVICE_ERR
02-11 17:05:49.821 E/LocSvc_ApiV02( 1125): setGpsLockSync:7480] Set engine lock
failed. status: eLOC_CLIENT_FAILURE_PHONE_OFFLINE, ind status:eQMI_LOC_SUCCESS_V02
02-11 17:05:49.821 E/LocSvc_GnssAdapter( 1125): gnssUpdateConfig:1209] Feature
constellation enablement not supported.
02-11 17:05:49.821 I/LocSvc_api_v02( 1125): ---> locClientSendReq line 2409
QMI_LOC_SET_SENSOR_PERFORMANCE_CONTROL_CONFIGURATION_REQ_V02
02-11 17:05:49.821 E/LocSvc_api_v02( 1125): locClientSendReq:2424] send_msg_sync
error: QMI_SERVICE_ERR
02-11 17:05:49.821 E/LocSvc_ApiV02( 1125): setSensorPerfControlConfigSync:2577]:
Error status = eLOC_CLIENT_FAILURE_PHONE_OFFLINE, ind..status =
eQMI_LOC_SUCCESS_V02
02-11 17:05:49.821 I/LocSvc_api_v02( 1125): ---> locClientSendReq line 2409
QMI_LOC_SET_BLACKLIST_SV_REQ_V02
02-11 17:05:49.821 E/LocSvc_api_v02( 1125): locClientSendReq:2424] send_msg_sync
error: QMI_SERVICE_ERR
02-11 17:05:49.821 E/LocSvc_ApiV02( 1125): setBlacklistSvSync:8926] Set Blacklist
SV failed. status: eLOC_CLIENT_FAILURE_PHONE_OFFLINE ind status
eQMI_LOC_SUCCESS_V02
02-11 17:05:49.821 I/LocSvc_api_v02( 1125): ---> locClientSendReq line 2409
QMI_LOC_SET_XTRA_T_SESSION_CONTROL_REQ_V02
02-11 17:05:49.821 D/qmi_secgps_clnt( 1483): SECGPS: qmi_client_release returned 0
02-11 17:05:49.821 E/LocSvc_api_v02( 1125): locClientSendReq:2424] send_msg_sync
error: QMI_SERVICE_ERR
02-11 17:05:49.821 E/LocSvc_IzatApiV02( 1125): setUserPref failed on handshake key
0, status = 5, ind..status = 0, send_failure_count = 1
02-11 17:05:49.821 I/LocSvc_api_v02( 1483): locClientOpen:2253]: Service instance
id is -1
02-11 17:05:49.821 I/LocSvc_api_v02( 1125): ---> locClientSendReq line 2409
QMI_LOC_SET_XTRA_T_SESSION_CONTROL_REQ_V02
02-11 17:05:49.821 I/LocSvc_api_v02( 1483): ---> locClientOpenInstance line 2128
loc client open
02-11 17:05:49.821 E/LocSvc_api_v02( 1125): locClientSendReq:2424] send_msg_sync
error: QMI_SERVICE_ERR
02-11 17:05:49.821 E/LocSvc_IzatApiV02( 1125): setUserPref failed on handshake key
0, status = 5, ind..status = 0, send_failure_count = 2
02-11 17:05:49.821 I/LocSvc_api_v02( 1125): ---> locClientSendReq line 2409
QMI_LOC_SET_XTRA_T_SESSION_CONTROL_REQ_V02
02-11 17:05:49.821 E/LocSvc_api_v02( 1125): locClientSendReq:2424] send_msg_sync
error: QMI_SERVICE_ERR
02-11 17:05:49.821 E/LocSvc_IzatApiV02( 1125): setUserPref failed on handshake key
0, status = 5, ind..status = 0, send_failure_count = 3
02-11 17:05:49.821 I/LocSvc_api_v02( 1125): ---> locClientSendReq line 2409
QMI_LOC_SET_XTRA_T_SESSION_CONTROL_REQ_V02
02-11 17:05:49.821 E/LocSvc_api_v02( 1125): locClientSendReq:2424] send_msg_sync
error: QMI_SERVICE_ERR
02-11 17:05:49.821 E/LocSvc_IzatApiV02( 1125): setUserPref failed on handshake key
0, status = 5, ind..status = 0, send_failure_count = 4
02-11 17:05:49.821 I/LocSvc_api_v02( 1125): ---> locClientSendReq line 2409
QMI_LOC_SET_XTRA_T_SESSION_CONTROL_REQ_V02
02-11 17:05:49.821 E/LocSvc_api_v02( 1125): locClientSendReq:2424] send_msg_sync
error: QMI_SERVICE_ERR
02-11 17:05:49.821 E/LocSvc_IzatApiV02( 1125): setUserPref failed on handshake key
0, status = 5, ind..status = 0, send_failure_count = 5
02-11 17:05:49.821 I/LocSvc_api_v02( 1125): ---> locClientSendReq line 2409
QMI_LOC_SET_XTRA_T_SESSION_CONTROL_REQ_V02
02-11 17:05:49.821 E/LocSvc_api_v02( 1125): locClientSendReq:2424] send_msg_sync
error: QMI_SERVICE_ERR
02-11 17:05:49.821 E/LocSvc_IzatApiV02( 1125): setUserPref failed on handshake key
0, status = 5, ind..status = 0, send_failure_count = 6
02-11 17:05:49.821 I/LocSvc_api_v02( 1125): ---> locClientSendReq line 2409
QMI_LOC_SET_XTRA_T_SESSION_CONTROL_REQ_V02
02-11 17:05:49.821 E/LocSvc_api_v02( 1125): locClientSendReq:2424] send_msg_sync
error: QMI_SERVICE_ERR
02-11 17:05:49.821 E/LocSvc_IzatApiV02( 1125): setUserPref failed on handshake key
0, status = 5, ind..status = 0, send_failure_count = 7
02-11 17:05:49.821 I/LocSvc_api_v02( 1125): ---> locClientSendReq line 2409
QMI_LOC_SET_XTRA_T_SESSION_CONTROL_REQ_V02
02-11 17:05:49.821 E/LocSvc_api_v02( 1125): locClientSendReq:2424] send_msg_sync
error: QMI_SERVICE_ERR
02-11 17:05:49.821 E/LocSvc_IzatApiV02( 1125): setUserPref failed on handshake key
0, status = 5, ind..status = 0, send_failure_count = 8
02-11 17:05:49.821 I/LocSvc_api_v02( 1125): ---> locClientSendReq line 2409
QMI_LOC_SET_XTRA_T_SESSION_CONTROL_REQ_V02
02-11 17:05:49.821 E/LocSvc_api_v02( 1125): locClientSendReq:2424] send_msg_sync
error: QMI_SERVICE_ERR
02-11 17:05:49.821 E/LocSvc_IzatApiV02( 1125): setUserPref failed on handshake key
0, status = 5, ind..status = 0, send_failure_count = 9
02-11 17:05:49.821 I/LocSvc_api_v02( 1125): ---> locClientSendReq line 2409
QMI_LOC_SET_XTRA_T_SESSION_CONTROL_REQ_V02
02-11 17:05:49.821 E/LocSvc_api_v02( 1125): locClientSendReq:2424] send_msg_sync
error: QMI_SERVICE_ERR
02-11 17:05:49.821 E/LocSvc_IzatApiV02( 1125): setUserPref failed on handshake key
0, status = 5, ind..status = 0, send_failure_count = 10
02-11 17:05:49.821 I/LocSvc_api_v02( 1125): ---> locClientSendReq line 2409
QMI_LOC_SET_XTRA_T_SESSION_CONTROL_REQ_V02
02-11 17:05:49.821 E/LocSvc_api_v02( 1125): locClientSendReq:2424] send_msg_sync
error: QMI_SERVICE_ERR
02-11 17:05:49.821 E/LocSvc_IzatApiV02( 1125): setUserPref failed on handshake key
0, status = 5, ind..status = 0, send_failure_count = 11
02-11 17:05:49.821 I/LocSvc_api_v02( 1125): ---> locClientSendReq line 2409
QMI_LOC_SET_XTRA_T_SESSION_CONTROL_REQ_V02
02-11 17:05:49.821 E/LocSvc_api_v02( 1125): locClientSendReq:2424] send_msg_sync
error: QMI_SERVICE_ERR
02-11 17:05:49.821 E/LocSvc_IzatApiV02( 1125): setUserPref failed on handshake key
0, status = 5, ind..status = 0, send_failure_count = 12
02-11 17:05:49.821 I/LocSvc_api_v02( 1125): ---> locClientSendReq line 2409
QMI_LOC_SET_XTRA_T_SESSION_CONTROL_REQ_V02
02-11 17:05:49.821 E/LocSvc_api_v02( 1125): locClientSendReq:2424] send_msg_sync
error: QMI_SERVICE_ERR
02-11 17:05:49.821 E/LocSvc_IzatApiV02( 1125): setUserPref failed on handshake key
0, status = 5, ind..status = 0, send_failure_count = 13
02-11 17:05:49.821 I/LocSvc_api_v02( 1125): ---> locClientSendReq line 2409
QMI_LOC_SET_XTRA_T_SESSION_CONTROL_REQ_V02
02-11 17:05:49.821 E/LocSvc_api_v02( 1125): locClientSendReq:2424] send_msg_sync
error: QMI_SERVICE_ERR
02-11 17:05:49.821 E/LocSvc_IzatApiV02( 1125): setUserPref failed on handshake key
0, status = 5, ind..status = 0, send_failure_count = 14
02-11 17:05:49.821 I/LocSvc_api_v02( 1125): ---> locClientSendReq line 2409
QMI_LOC_SET_XTRA_T_SESSION_CONTROL_REQ_V02
02-11 17:05:49.821 E/LocSvc_api_v02( 1125): locClientSendReq:2424] send_msg_sync
error: QMI_SERVICE_ERR
02-11 17:05:49.821 E/LocSvc_IzatApiV02( 1125): setUserPref failed on handshake key
0, status = 5, ind..status = 0, send_failure_count = 15
02-11 17:05:49.821 I/LocSvc_api_v02( 1125): ---> locClientSendReq line 2409
QMI_LOC_SET_XTRA_T_SESSION_CONTROL_REQ_V02
02-11 17:05:49.821 E/LocSvc_api_v02( 1125): locClientSendReq:2424] send_msg_sync
error: QMI_SERVICE_ERR
02-11 17:05:49.821 E/LocSvc_IzatApiV02( 1125): setUserPref failed on handshake key
0, status = 5, ind..status = 0, send_failure_count = 16
02-11 17:05:49.821 I/LocSvc_api_v02( 1125): ---> locClientSendReq line 2409
QMI_LOC_SET_XTRA_T_SESSION_CONTROL_REQ_V02
02-11 17:05:49.821 E/LocSvc_api_v02( 1125): locClientSendReq:2424] send_msg_sync
error: QMI_SERVICE_ERR
02-11 17:05:49.821 E/LocSvc_IzatApiV02( 1125): setUserPref failed on handshake key
0, status = 5, ind..status = 0, send_failure_count = 17
02-11 17:05:49.821 I/LocSvc_api_v02( 1125): ---> locClientSendReq line 2409
QMI_LOC_SET_XTRA_T_SESSION_CONTROL_REQ_V02
02-11 17:05:49.821 E/LocSvc_api_v02( 1125): locClientSendReq:2424] send_msg_sync
error: QMI_SERVICE_ERR
02-11 17:05:49.821 E/LocSvc_IzatApiV02( 1125): setUserPref failed on handshake key
0, status = 5, ind..status = 0, send_failure_count = 18
02-11 17:05:49.821 I/LocSvc_api_v02( 1125): ---> locClientSendReq line 2409
QMI_LOC_SET_XTRA_T_SESSION_CONTROL_REQ_V02
02-11 17:05:49.821 E/LocSvc_api_v02( 1125): locClientSendReq:2424] send_msg_sync
error: QMI_SERVICE_ERR
02-11 17:05:49.821 E/LocSvc_IzatApiV02( 1125): setUserPref failed on handshake key
0, status = 5, ind..status = 0, send_failure_count = 19
02-11 17:05:49.822 I/LocSvc_api_v02( 1125): ---> locClientSendReq line 2409
QMI_LOC_SET_XTRA_T_SESSION_CONTROL_REQ_V02
02-11 17:05:49.822 E/LocSvc_api_v02( 1125): locClientSendReq:2424] send_msg_sync
error: QMI_SERVICE_ERR
02-11 17:05:49.822 E/LocSvc_IzatApiV02( 1125): setUserPref failed on handshake key
0, status = 5, ind..status = 0, send_failure_count = 20
02-11 17:05:49.822 E/LocSvc_IzatApiV02( 1125): setUserPref failed
02-11 17:05:49.822 I/LocSvc_api_v02( 1125): ---> locClientSendReq line 2409
QMI_LOC_REG_EVENTS_REQ_V02
02-11 17:05:49.822 E/LocSvc_api_v02( 1125): locClientSendReq:2424] send_msg_sync
error: QMI_SERVICE_ERR
02-11 17:05:49.822 E/LocSvc_api_v02( 1125): locClientRegisterEventMask:1269] status
eLOC_CLIENT_FAILURE_PHONE_OFFLINE
02-11 17:05:49.822 D/SemNativeCarrierFeature_vendor( 1125): getInstance
02-11 17:05:49.822 D/SemNativeCarrierFeature_vendor( 1125): getInstance
02-11 17:05:49.822 E/SystemConfig( 1811): aer = false, f.getPath().contains = true
02-11 17:05:49.822 D/SemNativeCarrierFeature_vendor( 1125): getInstance
02-11 17:05:49.822 D/SemNativeCarrierFeature_vendor( 1125): getInstance
02-11 17:05:49.822 D/SemNativeCarrierFeature_vendor( 1125): getInstance
02-11 17:05:49.822 D/SemNativeCarrierFeature_vendor( 1125): getInstance
02-11 17:05:49.822 D/SemNativeCarrierFeature_vendor( 1125): getInstance
02-11 17:05:49.822 D/SemNativeCarrierFeature_vendor( 1125): getInstance
02-11 17:05:49.822 D/SemNativeCarrierFeature_vendor( 1125): getInstance
02-11 17:05:49.822 D/SemNativeCarrierFeature_vendor( 1125): getInstance
02-11 17:05:49.822 I/LocSvc_utils_cfg( 1125): loc_read_sec_gps_conf: no secgps conf
file, using defaults
02-11 17:05:49.822 D/SemNativeCarrierFeature_vendor( 1125): getInstance
02-11 17:05:49.822 I/LocSvc_api_v02( 1125): ---> locClientSendReq line 2409
QMI_LOC_SET_SERVER_REQ_V02
02-11 17:05:49.822 I/SystemConfig( 1811): Reading permissions from
/product/etc/sysconfig/preinstalled-packages-platform-handheld-product.xml
02-11 17:05:49.822 E/LocSvc_api_v02( 1125): locClientSendReq:2424] send_msg_sync
error: QMI_SERVICE_ERR
02-11 17:05:49.822 E/LocSvc_ApiV02( 1125): setServerSync:2103] error status =
eLOC_CLIENT_FAILURE_PHONE_OFFLINE, set_server_ind.status = eQMI_LOC_SUCCESS_V02
02-11 17:05:49.822 E/LocSvc_ApiV02( 1125): fail to setServer
02-11 17:05:49.822 D/SemNativeCarrierFeature_vendor( 1125): getInstance
02-11 17:05:49.822 I/qmi_secgps_clnt( 1125): SECGPS: Set AGPS Mode : 15664959
02-11 17:05:49.822 D/BatteryDump( 1128): wait_for_battery_event : occurred :
remove@/devices/platform/SVC00000036:00000001.1
02-11 17:05:49.823 I/SystemConfig( 1811): Reading permissions from
/product/etc/sysconfig/google-rollback-package-whitelist.xml
02-11 17:05:49.823 D/BatteryDump( 1128): wait_for_battery_event : occurred :
remove@/devices/platform/SVC00000011:00000001.1
02-11 17:05:49.823 I/SystemConfig( 1811): Reading permissions from
/product/etc/sysconfig/google_duo.xml
02-11 17:05:49.824 D/BatteryDump( 1128): wait_for_battery_event : occurred :
remove@/devices/platform/SVC00000022:00000001.1
02-11 17:05:49.824 I/SystemConfig( 1811): Reading permissions from
/product/etc/permissions/vendor.qti.hardware.data.connection-V1.0-java.xml
02-11 17:05:49.825 D/BatteryDump( 1128): wait_for_battery_event : occurred :
remove@/devices/platform/SVC0000000f:00000001.1
02-11 17:05:49.825 I/SystemConfig( 1811): Reading permissions from
/product/etc/permissions/privapp-permissions-google-product.xml
02-11 17:05:49.826 D/BatteryDump( 1128): wait_for_battery_event : occurred :
remove@/devices/platform/SVC000000e8:00000101.1
02-11 17:05:49.827 D/BatteryDump( 1128): wait_for_battery_event : occurred :
remove@/devices/platform/SVC00000037:00000201.1
02-11 17:05:49.828 D/BatteryDump( 1128): wait_for_battery_event : occurred :
remove@/devices/platform/SVC00000009:00000002.1
02-11 17:05:49.829 E/ThermalEngine( 1348): qmi_clnt_error_cb: with error -2 called
for clnt MODEM
02-11 17:05:49.829 D/BatteryDump( 1128): wait_for_battery_event : occurred :
remove@/devices/platform/SVC00000018:00000001.1
02-11 17:05:49.830 D/BatteryDump( 1128): wait_for_battery_event : occurred :
remove@/devices/platform/SVC00000017:00000001.1
02-11 17:05:49.831 I/SystemConfig( 1811): Reading permissions from
/product/etc/permissions/turboapk-permissions.xml
02-11 17:05:49.831 D/BatteryDump( 1128): wait_for_battery_event : occurred :
remove@/devices/platform/SVC00000003:00000001.1
02-11 17:05:49.832 D/BatteryDump( 1128): wait_for_battery_event : occurred :
remove@/devices/platform/SVC00000016:00000001.1
02-11 17:05:49.832 I/SystemConfig( 1811): Reading permissions from
/product/etc/permissions/vendor.qti.hardware.data.connection-V1.1-java.xml
02-11 17:05:49.832 I/SystemConfig( 1811): Reading permissions from
/product/etc/permissions/carrierwifi.xml
02-11 17:05:49.832 D/BatteryDump( 1128): wait_for_battery_event : occurred :
remove@/devices/platform/SVC0000000c:00000001.1
02-11 17:05:49.833 I/SystemConfig( 1811): Reading permissions from
/product/etc/permissions/split-permissions-google.xml
02-11 17:05:49.833 D/BatteryDump( 1128): wait_for_battery_event : occurred :
remove@/devices/platform/SVC00000024:00000001.1
02-11 17:05:49.834 W/SystemConfig( 1811): No directory /system_ext/etc/sysconfig,
skipping
02-11 17:05:49.834 D/BatteryDump( 1128): wait_for_battery_event : occurred :
remove@/devices/platform/SVC0000000a:00000002.1
02-11 17:05:49.835 D/BatteryDump( 1128): wait_for_battery_event : occurred :
remove@/devices/platform/SVC000000e3:00000101.1
02-11 17:05:49.836 I/SystemConfig( 1811): Reading permissions from
/system_ext/etc/permissions/privapp-permissions-qti-system-ext.xml
02-11 17:05:49.836 D/BatteryDump( 1128): wait_for_battery_event : occurred :
remove@/devices/platform/SVC0000002f:00000001.1
02-11 17:05:49.837 D/BatteryDump( 1128): wait_for_battery_event : occurred :
remove@/devices/platform/SVC00000031:00000201.1
02-11 17:05:49.838 I/SystemConfig( 1811): Reading permissions from
/system_ext/etc/permissions/qti_telephony_utils.xml
02-11 17:05:49.838 D/BatteryDump( 1128): wait_for_battery_event : occurred :
remove@/devices/platform/SVC0000000b:00000001.1
02-11 17:05:49.839 D/BatteryDump( 1128): wait_for_battery_event : occurred :
remove@/devices/platform/SVC00000001:00000001.1
02-11 17:05:49.839 I/SystemConfig( 1811): Reading permissions from
/system_ext/etc/permissions/audiosphere.xml
02-11 17:05:49.840 D/BatteryDump( 1128): wait_for_battery_event : occurred :
remove@/devices/platform/SVC00000004:00000001.1
02-11 17:05:49.841 D/BatteryDump( 1128): wait_for_battery_event : occurred :
remove@/devices/platform/SVC0000001a:00000001.1
02-11 17:05:49.841 I/SystemConfig( 1811): Reading permissions from
/system_ext/etc/permissions/privapp-permissions-google-system-ext.xml
02-11 17:05:49.842 D/BatteryDump( 1128): wait_for_battery_event : occurred :
remove@/devices/platform/SVC00000007:00000001.1
02-11 17:05:49.843 D/BatteryDump( 1128): wait_for_battery_event : occurred :
remove@/devices/platform/SVC00001001:00000001.1
02-11 17:05:49.843 I/SystemConfig( 1811): Reading permissions from
/system_ext/etc/permissions/com.android.carrierconfig.xml
02-11 17:05:49.844 D/BatteryDump( 1128): wait_for_battery_event : occurred :
remove@/devices/platform/SVC00000008:00000001.1
02-11 17:05:49.845 I/SystemConfig( 1811): Reading permissions from
/system_ext/etc/permissions/qti_telephony_hidl_wrapper.xml
02-11 17:05:49.845 D/BatteryDump( 1128): wait_for_battery_event : occurred :
remove@/devices/platform/SVC0000001d:00000001.1
02-11 17:05:49.846 I/SystemConfig( 1811): Reading permissions from
/system_ext/etc/permissions/embms.xml
02-11 17:05:49.847 D/BatteryDump( 1128): wait_for_battery_event : occurred :
remove@/devices/platform/SVC00000005:00000001.1
02-11 17:05:49.847 E/QMI_FW ( 1125): xport_send: sendto failed errno = [19]
02-11 17:05:49.847 E/QMI_FW ( 1125): QCCI qmi_cci_flush_tx_q: Error sending TXN:
svc_id: 232 txn_id: 7 msg_id: 7
02-11 17:05:49.847 E/QMI_FW ( 1125): qmi_cci_flush_tx_q: Invalid ref_count - txn
0x0
02-11 17:05:49.847 E/qmi_secgps_clnt( 1125): SECGPS: send a qmi message to
secgps_server error: -2
02-11 17:05:49.847 I/LocSvc_api_v02( 1125): ---> locClientSendReq line 2409
QMI_LOC_SET_PROTOCOL_CONFIG_PARAMETERS_REQ_V02
02-11 17:05:49.847 E/LocSvc_api_v02( 1125): locClientSendReq:2424] send_msg_sync
error: QMI_SERVICE_ERR
02-11 17:05:49.847 E/LocSvc_ApiV02( 1125): setSuplSecurity:11484]: Error status =
eLOC_CLIENT_FAILURE_PHONE_OFFLINE, ind..status = eQMI_LOC_SUCCESS_V02
02-11 17:05:49.847 I/LocSvc_api_v02( 1125): ---> locClientSendReq line 2409
QMI_LOC_SET_PROTOCOL_CONFIG_PARAMETERS_REQ_V02
02-11 17:05:49.847 E/LocSvc_api_v02( 1125): locClientSendReq:2424] send_msg_sync
error: QMI_SERVICE_ERR
02-11 17:05:49.848 E/LocSvc_ApiV02( 1125): setSUPLVersionSync:2359]: Error status =
eLOC_CLIENT_FAILURE_PHONE_OFFLINE, ind..status = eQMI_LOC_SUCCESS_V02
02-11 17:05:49.848 I/LocSvc_api_v02( 1125): ---> locClientSendReq line 2409
QMI_LOC_SET_PROTOCOL_CONFIG_PARAMETERS_REQ_V02
02-11 17:05:49.848 E/LocSvc_api_v02( 1125): locClientSendReq:2424] send_msg_sync
error: QMI_SERVICE_ERR
02-11 17:05:49.848 E/LocSvc_ApiV02( 1125): setAGLONASSProtocolSync:2630]: Error
status = eLOC_CLIENT_FAILURE_PHONE_OFFLINE, ind..status = eQMI_LOC_SUCCESS_V02
02-11 17:05:49.848 I/qmi_secgps_clnt( 1125): SECGPS: Set XTRA enable : 1
02-11 17:05:49.848 E/qmi_secgps_clnt( 1125): SECGPS: send a qmi message to
secgps_server error: -2
02-11 17:05:49.848 I/qmi_secgps_clnt( 1125): SECGPS: Set GNSS RF CONFIG : 1
02-11 17:05:49.848 E/qmi_secgps_clnt( 1125): SECGPS: send a qmi message to
secgps_server error: -2
02-11 17:05:49.848 I/qmi_secgps_clnt( 1125): SECGPS: Set CERT TYPE : 15
02-11 17:05:49.848 E/qmi_secgps_clnt( 1125): SECGPS: send a qmi message to
secgps_server error: -2
02-11 17:05:49.848 I/LocSvc_api_v02( 1125): ---> locClientSendReq line 2409
QMI_LOC_SET_PROTOCOL_CONFIG_PARAMETERS_REQ_V02
02-11 17:05:49.848 E/LocSvc_api_v02( 1125): locClientSendReq:2424] send_msg_sync
error: QMI_SERVICE_ERR
02-11 17:05:49.848 E/LocSvc_ApiV02( 1125): setLPPConfigSync:2447]: Error status =
eLOC_CLIENT_FAILURE_PHONE_OFFLINE, ind..status = eQMI_LOC_SUCCESS_V02
02-11 17:05:49.848 I/LocSvc_api_v02( 1125): ---> locClientSendReq line 2409
QMI_LOC_SET_PROTOCOL_CONFIG_PARAMETERS_REQ_V02
02-11 17:05:49.848 E/LocSvc_api_v02( 1125): locClientSendReq:2424] send_msg_sync
error: QMI_SERVICE_ERR
02-11 17:05:49.848 E/LocSvc_ApiV02( 1125): setLPPeProtocolCpSync:2679]: Error
status = eLOC_CLIENT_FAILURE_PHONE_OFFLINE, ind..status = eQMI_LOC_SUCCESS_V02
02-11 17:05:49.848 I/LocSvc_api_v02( 1125): ---> locClientSendReq line 2409
QMI_LOC_SET_PROTOCOL_CONFIG_PARAMETERS_REQ_V02
02-11 17:05:49.848 E/LocSvc_api_v02( 1125): locClientSendReq:2424] send_msg_sync
error: QMI_SERVICE_ERR
02-11 17:05:49.848 E/LocSvc_ApiV02( 1125): setLPPeProtocolUpSync:2729]: Error
status = eLOC_CLIENT_FAILURE_PHONE_OFFLINE, ind..status = eQMI_LOC_SUCCESS_V02
02-11 17:05:49.848 I/qmi_secgps_clnt( 1125): SECGPS: AGNSS Config Message
02-11 17:05:49.848 E/qmi_secgps_clnt( 1125): SECGPS: send a qmi message to
secgps_server error: -2
02-11 17:05:49.848 I/qmi_secgps_clnt( 1125): SECGPS: AGNSS Config Message
02-11 17:05:49.848 E/qmi_secgps_clnt( 1125): SECGPS: send a qmi message to
secgps_server error: -2
02-11 17:05:49.848 I/SystemConfig( 1811): Reading permissions from
/system_ext/etc/permissions/qcrilhook.xml
02-11 17:05:49.848 I/LocSvc_api_v02( 1125): ---> locClientSendReq line 2409
QMI_LOC_SET_PROTOCOL_CONFIG_PARAMETERS_REQ_V02
02-11 17:05:49.848 E/LocSvc_api_v02( 1125): locClientSendReq:2424] send_msg_sync
error: QMI_SERVICE_ERR
02-11 17:05:49.848 E/LocSvc_LBSApiV02( 1125): operator():302]: Error : st = 5,
ind.status = 0
02-11 17:05:49.848 I/LocSvc_api_v02( 1125): ---> locClientSendReq line 2409
QMI_LOC_REG_EVENTS_REQ_V02
02-11 17:05:49.848 E/LocSvc_api_v02( 1125): locClientSendReq:2424] send_msg_sync
error: QMI_SERVICE_ERR
02-11 17:05:49.848 E/LocSvc_api_v02( 1125): locClientRegisterEventMask:1269] status
eLOC_CLIENT_FAILURE_PHONE_OFFLINE
02-11 17:05:49.848 I/LocSvc_api_v02( 1125): ---> locClientSendReq line 2409
QMI_LOC_SET_PROTOCOL_CONFIG_PARAMETERS_REQ_V02
02-11 17:05:49.848 E/LocSvc_api_v02( 1125): locClientSendReq:2424] send_msg_sync
error: QMI_SERVICE_ERR
02-11 17:05:49.848 E/LocSvc_LBSApiV02( 1125): operator():302]: Error : st = 5,
ind.status = 0
02-11 17:05:49.848 I/LocSvc_api_v02( 1125): ---> locClientSendReq line 2409
QMI_LOC_SET_EXTERNAL_POWER_CONFIG_REQ_V02
02-11 17:05:49.848 E/LocSvc_api_v02( 1125): locClientSendReq:2424] send_msg_sync
error: QMI_SERVICE_ERR
02-11 17:05:49.848 E/LocSvc_LBSApiV02( 1125): operator():609]: Error : st = 5,
ind.status = 0
02-11 17:05:49.848 I/LocSvc_api_v02( 1125): ---> locClientClose line 2319 loc
client close
02-11 17:05:49.849 D/qmi_secgps_clnt( 1125): SECGPS: qmi_client_release returned 0
02-11 17:05:49.849 I/LocSvc_api_v02( 1125): locClientOpen:2253]: Service instance
id is -1
02-11 17:05:49.849 I/LocSvc_api_v02( 1125): ---> locClientOpenInstance line 2128
loc client open
02-11 17:05:49.850 D/BatteryDump( 1128): wait_for_battery_event : occurred :
remove@/devices/platform/SVC00000031:00000101.1
02-11 17:05:49.850 I/SystemConfig( 1811): Reading permissions from
/system_ext/etc/permissions/com.samsung.systemui.xml
02-11 17:05:49.851 D/BatteryDump( 1128): wait_for_battery_event : occurred :
add@/devices/platform/soc/4080000.qcom,mss/firmware/modem.mdt
02-11 17:05:49.852 I/SystemConfig( 1811): Reading permissions from
/system_ext/etc/permissions/com.android.storagemanager.xml
02-11 17:05:49.857 I/SystemConfig( 1811): Reading permissions from
/system_ext/etc/permissions/com.android.systemui.xml
02-11 17:05:49.860 D/BatteryDump( 1128): wait_for_battery_event : occurred :
remove@/devices/platform/soc/4080000.qcom,mss/firmware/modem.mdt
02-11 17:05:49.862 D/BatteryDump( 1128): wait_for_battery_event : occurred :
add@/devices/platform/soc/4080000.qcom,mss/firmware/mba.mbn
02-11 17:05:49.865 E/SamsungPowerSound( 1513): earphone state reading is failed
02-11 17:05:49.865 I/SystemConfig( 1811): Reading permissions from
/system_ext/etc/permissions/izat.xt.srv.xml
02-11 17:05:49.865 V/APM_AudioPolicyManager( 1201): getAudioPolicyConfig:
audioParam;l_device_current_output
02-11 17:05:49.865 V/APM_AudioPolicyManager( 1201): getNewOutputDevices selected
devices {type:0x2,@:}
02-11 17:05:49.869 D/BatteryDump( 1128): wait_for_battery_event : occurred :
remove@/devices/platform/soc/4080000.qcom,mss/firmware/mba.mbn
02-11 17:05:49.869 E/PerMgrSrv( 1200): QCRIL registered for modem has died
02-11 17:05:49.869 D/BatteryDump( 1128): wait_for_battery_event : occurred :
add@/devices/platform/soc/4080000.qcom,mss/firmware/msadp
02-11 17:05:49.869 D/PerMgrSrv( 1200): modem num voters is 3
02-11 17:05:49.869 D/PerMgrSrv( 1200): modem state: is on-line, remove client QCRIL
02-11 17:05:49.873 I/SystemConfig( 1811): Reading permissions from
/system/carrier/sysconfig/config-tmk-com.sprint.w.installer.xml
02-11 17:05:49.874 I/SystemConfig( 1811): Reading permissions from
/system/carrier/sysconfig/config-tmk-com.sprint.ms.smf.services.xml
02-11 17:05:49.876 I/SystemConfig( 1811): Reading permissions from
/system/carrier/sysconfig/config-tmk-com.sprint.ms.cdm.xml
