Source:470)
01-22 23:19:28.989 11347 11393 E SQLiteDatabase: at X.3gU.run(Unknown
Source:982)
01-22 23:19:28.989 11347 11393 E SQLiteDatabase: at
android.os.Handler.handleCallback(Handler.java:938)
01-22 23:19:28.989 11347 11393 E SQLiteDatabase: at
android.os.Handler.dispatchMessage(Handler.java:99)
01-22 23:19:28.989 11347 11393 E SQLiteDatabase: at
X.0zq.dispatchMessage(Unknown Source:4)
01-22 23:19:28.989 11347 11393 E SQLiteDatabase: at
android.os.Looper.loop(Looper.java:223)
01-22 23:19:28.989 11347 11393 E SQLiteDatabase: at
android.os.HandlerThread.run(HandlerThread.java:67)
01-22 23:19:33.444 11347 11347 W BottomSheetBehavior: BottomSheetBehavior now
supports multiple callbacks. `setBottomSheetCallback()` removes all existing
callbacks, including ones set internally by library authors, which may result in
unintended behavior. This may change in the future. Please use
`addBottomSheetCallback()` and `removeBottomSheetCallback()` instead to set your
own callbacks.
01-22 23:19:33.444 11347 11347 W BottomSheetBehavior: BottomSheetBehavior now
supports multiple callbacks. `setBottomSheetCallback()` removes all existing
callbacks, including ones set internally by library authors, which may result in
unintended behavior. This may change in the future. Please use
`addBottomSheetCallback()` and `removeBottomSheetCallback()` instead to set your
own callbacks.
01-22 23:19:34.220 11347 12539 E ACodec : [OMX.sprd.h264.decoder] setPortMode on
output to DynamicANWBuffer failed w/ err -2147483648
01-22 23:19:34.285 11347 12542 W Codec2Client: query -- param skipped: index =
1107298332.
01-22 23:19:34.286 11347 12542 W CCodec : This behavior is subject to change. It
is recommended that app developers double check whether the requested max input
size is in reasonable range.
01-22 23:19:34.287 11347 12542 W Codec2Client: query -- param skipped: index =
1342179345.
01-22 23:19:34.287 11347 12542 W Codec2Client: query -- param skipped: index =
2415921170.
01-22 23:19:34.287 11347 12542 W Codec2Client: query -- param skipped: index =
1610614798.
01-22 23:19:34.288 11347 12542 E FMQ : grantorIdx must be less than 3
01-22 23:19:34.288 11347 12542 E FMQ : grantorIdx must be less than 3
01-22 23:19:34.293 11347 12542 E FMQ : grantorIdx must be less than 3
01-22 23:19:34.300 11347 11535 E FMQ : grantorIdx must be less than 3
01-22 23:19:34.388 11347 12536 W AudioTrack: getTimestamp_l(8546): retrograde
timestamp time corrected, 156256749463812 < 156256754103927
01-22 23:19:36.364 11347 12542 W Codec2Client: query -- param skipped: index =
1342179345.
01-22 23:19:36.364 11347 12542 W Codec2Client: query -- param skipped: index =
2415921170.
01-22 23:19:36.364 11347 12542 W Codec2Client: query -- param skipped: index =
1610614798.
01-22 23:19:36.381 11347 11421 W libEGL : EGLNativeWindowType 0xb4000073816e8b40
disconnect failed
01-22 23:19:37.334 11347 11393 E SQLiteDatabase: Error inserting transferred=0
media_job_uuid=fba337ca-e0ef-4c83-b816-eee655824a6b transcoded=0 gif_attribution=0
first_scan_length=0 direct_path=/v/t62.7161-
24/30133378_869490338301844_4570366068661692478_n.enc?ccb=11-
4&oh=01_AdQibAhBIcG5XFv_goa0hiCRe3HWWSNMmonz6RQU5tnUtw&oe=65D6A0EE&_nc_sid=5e03e0
thumbnail_height_width_ratio=1.7755102 is_animated_sticker=0
file_hash=eFQEqOEYjqSnRRaIJr9ICjVpg7UDOymNtiXUqpjLeio= file_path=null file_size=0
partial_media_hash=null face_x=0 face_y=0 height=848 trim_to=0
media_key_timestamp=1705987099000 message_url=https://mmg.whatsapp.net/v/t62.7161-
24/30133378_869490338301844_4570366068661692478_n.enc?ccb=11-
4&oh=01_AdQibAhBIcG5XFv_goa0hiCRe3HWWSNMmonz6RQU5tnUtw&oe=65D6A0EE&_nc_sid=5e03e0&m
ms3=true media_caption=null trim_from=0 mime_type=video/mp4
partial_media_enc_hash=null width=480 original_file_hash=null
has_streaming_sidecar=1 autotransfer_retry_enabled=0 media_upload_handle=null
message_row_id=247241 multicast_id=null
enc_file_hash=jx/y2uwGobTGCtwEAdLkxS5CSYmAQL//PHCNv4GIdiA= mute_video=0
page_count=0 first_scan_sidecar=null suspicious_content=0 file_length=2578812
media_name=null media_duration=15 chat_row_id=67 media_key=[B@715f43d
01-22 23:19:37.334 11347 11393 E SQLiteDatabase:
android.database.sqlite.SQLiteConstraintException: UNIQUE constraint failed:
message_media.message_row_id (code 1555 SQLITE_CONSTRAINT_PRIMARYKEY)
01-22 23:19:37.334 11347 11393 E SQLiteDatabase: at
android.database.sqlite.SQLiteConnection.nativeExecuteForLastInsertedRowId(Native
Method)
01-22 23:19:37.334 11347 11393 E SQLiteDatabase: at
android.database.sqlite.SQLiteConnection.executeForLastInsertedRowId(SQLiteConnecti
on.java:938)
01-22 23:19:37.334 11347 11393 E SQLiteDatabase: at
android.database.sqlite.SQLiteSession.executeForLastInsertedRowId(SQLiteSession.jav
a:790)
01-22 23:19:37.334 11347 11393 E SQLiteDatabase: at
android.database.sqlite.SQLiteStatement.executeInsert(SQLiteStatement.java:88)
01-22 23:19:37.334 11347 11393 E SQLiteDatabase: at
android.database.sqlite.SQLiteDatabase.insertWithOnConflict(SQLiteDatabase.java:170
1)
01-22 23:19:37.334 11347 11393 E SQLiteDatabase: at
android.database.sqlite.SQLiteDatabase.insert(SQLiteDatabase.java:1570)
01-22 23:19:37.334 11347 11393 E SQLiteDatabase: at X.2tm.A08(Unknown
Source:6)
01-22 23:19:37.334 11347 11393 E SQLiteDatabase: at X.35Y.A07(Unknown
Source:212)
01-22 23:19:37.334 11347 11393 E SQLiteDatabase: at X.3QF.A14(Unknown
Source:470)
01-22 23:19:37.334 11347 11393 E SQLiteDatabase: at X.3gU.run(Unknown
Source:982)
01-22 23:19:37.334 11347 11393 E SQLiteDatabase: at
android.os.Handler.handleCallback(Handler.java:938)
01-22 23:19:37.334 11347 11393 E SQLiteDatabase: at
android.os.Handler.dispatchMessage(Handler.java:99)
01-22 23:19:37.334 11347 11393 E SQLiteDatabase: at
X.0zq.dispatchMessage(Unknown Source:4)
01-22 23:19:37.334 11347 11393 E SQLiteDatabase: at
android.os.Looper.loop(Looper.java:223)
01-22 23:19:37.334 11347 11393 E SQLiteDatabase: at
android.os.HandlerThread.run(HandlerThread.java:67)
01-22 23:19:37.358 11347 11393 E SQLiteDatabase: Error inserting transferred=0
media_job_uuid=fba337ca-e0ef-4c83-b816-eee655824a6b transcoded=0 gif_attribution=0
first_scan_length=0 direct_path=/v/t62.7161-
24/30133378_869490338301844_4570366068661692478_n.enc?ccb=11-
4&oh=01_AdQibAhBIcG5XFv_goa0hiCRe3HWWSNMmonz6RQU5tnUtw&oe=65D6A0EE&_nc_sid=5e03e0
thumbnail_height_width_ratio=1.7755102 is_animated_sticker=0
file_hash=eFQEqOEYjqSnRRaIJr9ICjVpg7UDOymNtiXUqpjLeio= file_path=null file_size=0
partial_media_hash=null face_x=0 face_y=0 height=848 trim_to=0
media_key_timestamp=1705987099000 message_url=https://mmg.whatsapp.net/v/t62.7161-
24/30133378_869490338301844_4570366068661692478_n.enc?ccb=11-
4&oh=01_AdQibAhBIcG5XFv_goa0hiCRe3HWWSNMmonz6RQU5tnUtw&oe=65D6A0EE&_nc_sid=5e03e0&m
ms3=true media_caption=null trim_from=0 mime_type=video/mp4
partial_media_enc_hash=null width=480 original_file_hash=null
has_streaming_sidecar=1 autotransfer_retry_enabled=0 media_upload_handle=null
message_row_id=247241 multicast_id=null
enc_file_hash=jx/y2uwGobTGCtwEAdLkxS5CSYmAQL//PHCNv4GIdiA= mute_video=0
page_count=0 first_scan_sidecar=null suspicious_content=0 file_length=2578812
media_name=null media_duration=15 chat_row_id=67 media_key=[B@715f43d
01-22 23:19:37.358 11347 11393 E SQLiteDatabase:
android.database.sqlite.SQLiteConstraintException: UNIQUE constraint failed:
message_media.message_row_id (code 1555 SQLITE_CONSTRAINT_PRIMARYKEY)
01-22 23:19:37.358 11347 11393 E SQLiteDatabase: at
android.database.sqlite.SQLiteConnection.nativeExecuteForLastInsertedRowId(Native
Method)
01-22 23:19:37.358 11347 11393 E SQLiteDatabase: at
android.database.sqlite.SQLiteConnection.executeForLastInsertedRowId(SQLiteConnecti
on.java:938)
01-22 23:19:37.358 11347 11393 E SQLiteDatabase: at
android.database.sqlite.SQLiteSession.executeForLastInsertedRowId(SQLiteSession.jav
a:790)
01-22 23:19:37.358 11347 11393 E SQLiteDatabase: at
android.database.sqlite.SQLiteStatement.executeInsert(SQLiteStatement.java:88)
01-22 23:19:37.358 11347 11393 E SQLiteDatabase: at
android.database.sqlite.SQLiteDatabase.insertWithOnConflict(SQLiteDatabase.java:170
1)
01-22 23:19:37.358 11347 11393 E SQLiteDatabase: at
android.database.sqlite.SQLiteDatabase.insert(SQLiteDatabase.java:1570)
01-22 23:19:37.358 11347 11393 E SQLiteDatabase: at X.2tm.A08(Unknown
Source:6)
01-22 23:19:37.358 11347 11393 E SQLiteDatabase: at X.35Y.A07(Unknown
Source:212)
01-22 23:19:37.358 11347 11393 E SQLiteDatabase: at X.3QF.A14(Unknown
Source:470)
01-22 23:19:37.358 11347 11393 E SQLiteDatabase: at X.3gU.run(Unknown
Source:982)
01-22 23:19:37.358 11347 11393 E SQLiteDatabase: at
android.os.Handler.handleCallback(Handler.java:938)
01-22 23:19:37.358 11347 11393 E SQLiteDatabase: at
android.os.Handler.dispatchMessage(Handler.java:99)
01-22 23:19:37.358 11347 11393 E SQLiteDatabase: at
X.0zq.dispatchMessage(Unknown Source:4)
01-22 23:19:37.358 11347 11393 E SQLiteDatabase: at
android.os.Looper.loop(Looper.java:223)
01-22 23:19:37.358 11347 11393 E SQLiteDatabase: at
android.os.HandlerThread.run(HandlerThread.java:67)
01-22 23:19:44.637 11347 11421 W libEGL : EGLNativeWindowType 0xb4000073816ad180
disconnect failed
01-22 23:19:45.141 11347 11347 E ArmVmp : Match on catch block at 0x81 in for 0xe5
01-22 23:19:45.149 11347 11347 E ArmVmp : Match on catch block at 0x81 in for 0xe9
01-22 23:19:45.255 11347 11347 W BottomSheetBehavior: BottomSheetBehavior now
supports multiple callbacks. `setBottomSheetCallback()` removes all existing
callbacks, including ones set internally by library authors, which may result in
unintended behavior. This may change in the future. Please use
`addBottomSheetCallback()` and `removeBottomSheetCallback()` instead to set your
own callbacks.
01-22 23:19:45.255 11347 11347 W BottomSheetBehavior: BottomSheetBehavior now
supports multiple callbacks. `setBottomSheetCallback()` removes all existing
callbacks, including ones set internally by library authors, which may result in
unintended behavior. This may change in the future. Please use
`addBottomSheetCallback()` and `removeBottomSheetCallback()` instead to set your
own callbacks.
01-22 23:19:45.283 11347 11347 W BottomSheetBehavior: BottomSheetBehavior now
supports multiple callbacks. `setBottomSheetCallback()` removes all existing
callbacks, including ones set internally by library authors, which may result in
unintended behavior. This may change in the future. Please use
`addBottomSheetCallback()` and `removeBottomSheetCallback()` instead to set your
own callbacks.
01-22 23:19:45.283 11347 11347 W BottomSheetBehavior: BottomSheetBehavior now
supports multiple callbacks. `setBottomSheetCallback()` removes all existing
callbacks, including ones set internally by library authors, which may result in
unintended behavior. This may change in the future. Please use
`addBottomSheetCallback()` and `removeBottomSheetCallback()` instead to set your
own callbacks.
01-22 23:19:45.298 11347 11421 W libEGL : EGLNativeWindowType 0xb4000073816ad180
disconnect failed
01-22 23:19:45.329 11347 11421 W libEGL : EGLNativeWindowType 0xb4000073816d36a0
disconnect failed
01-22 23:19:49.579 11347 12573 E ACodec : [OMX.sprd.h264.decoder] setPortMode on
output to DynamicANWBuffer failed w/ err -2147483648
01-22 23:19:49.634 11347 12576 W Codec2Client: query -- param skipped: index =
1107298332.
01-22 23:19:49.634 11347 12576 W CCodec : This behavior is subject to change. It
is recommended that app developers double check whether the requested max input
size is in reasonable range.
01-22 23:19:49.636 11347 12576 W Codec2Client: query -- param skipped: index =
1342179345.
01-22 23:19:49.636 11347 12576 W Codec2Client: query -- param skipped: index =
2415921170.
01-22 23:19:49.636 11347 12576 W Codec2Client: query -- param skipped: index =
1610614798.
01-22 23:19:49.636 11347 12576 E FMQ : grantorIdx must be less than 3
01-22 23:19:49.636 11347 12576 E FMQ : grantorIdx must be less than 3
01-22 23:19:49.642 11347 12576 E FMQ : grantorIdx must be less than 3
01-22 23:19:49.649 11347 11535 E FMQ : grantorIdx must be less than 3
01-22 23:19:49.741 11347 12569 W AudioTrack: getTimestamp_l(8547): retrograde
timestamp time corrected, 156272095042762 < 156272099132647
01-22 23:19:59.954 11347 11361 W System : A resource failed to call release.
01-22 23:20:07.676 11347 12576 W Codec2Client: query -- param skipped: index =
1342179345.
01-22 23:20:07.676 11347 12576 W Codec2Client: query -- param skipped: index =
2415921170.
01-22 23:20:07.676 11347 12576 W Codec2Client: query -- param skipped: index =
1610614798.
01-22 23:20:07.691 11347 11421 W libEGL : EGLNativeWindowType 0xb4000073816ad180
disconnect failed
01-22 23:20:08.925 11347 11421 W libEGL : EGLNativeWindowType 0xb4000073816d36a0
disconnect failed
01-22 23:20:23.588 11347 11421 W libEGL : EGLNativeWindowType 0xb40000738158b900
disconnect failed
01-22 23:20:24.006 11347 11347 E ArmVmp : Match on catch block at 0x81 in for 0xe1
01-22 23:20:24.015 11347 11347 E ArmVmp : Match on catch block at 0x81 in for 0xe5
01-22 23:20:24.110 11347 11347 W BottomSheetBehavior: BottomSheetBehavior now
supports multiple callbacks. `setBottomSheetCallback()` removes all existing
callbacks, including ones set internally by library authors, which may result in
unintended behavior. This may change in the future. Please use
`addBottomSheetCallback()` and `removeBottomSheetCallback()` instead to set your
own callbacks.
01-22 23:20:24.110 11347 11347 W BottomSheetBehavior: BottomSheetBehavior now
supports multiple callbacks. `setBottomSheetCallback()` removes all existing
callbacks, including ones set internally by library authors, which may result in
unintended behavior. This may change in the future. Please use
`addBottomSheetCallback()` and `removeBottomSheetCallback()` instead to set your
own callbacks.
01-22 23:20:24.137 11347 11347 W BottomSheetBehavior: BottomSheetBehavior now
supports multiple callbacks. `setBottomSheetCallback()` removes all existing
callbacks, including ones set internally by library authors, which may result in
unintended behavior. This may change in the future. Please use
`addBottomSheetCallback()` and `removeBottomSheetCallback()` instead to set your
own callbacks.
01-22 23:20:24.137 11347 11347 W BottomSheetBehavior: BottomSheetBehavior now
supports multiple callbacks. `setBottomSheetCallback()` removes all existing
callbacks, including ones set internally by library authors, which may result in
unintended behavior. This may change in the future. Please use
`addBottomSheetCallback()` and `removeBottomSheetCallback()` instead to set your
own callbacks.
01-22 23:20:24.158 11347 11421 W libEGL : EGLNativeWindowType 0xb40000738158b900
disconnect failed
01-22 23:20:24.195 11347 11421 W libEGL : EGLNativeWindowType 0xb4000073816f1380
disconnect failed
01-22 23:20:30.255 11347 12619 E ACodec : [OMX.sprd.h264.decoder] setPortMode on
output to DynamicANWBuffer failed w/ err -2147483648
01-22 23:20:30.300 11347 12622 W Codec2Client: query -- param skipped: index =
1107298332.
01-22 23:20:30.300 11347 12622 W CCodec : This behavior is subject to change. It
is recommended that app developers double check whether the requested max input
size is in reasonable range.
01-22 23:20:30.301 11347 12622 W Codec2Client: query -- param skipped: index =
1342179345.
01-22 23:20:30.301 11347 12622 W Codec2Client: query -- param skipped: index =
2415921170.
01-22 23:20:30.301 11347 12622 W Codec2Client: query -- param skipped: index =
1610614798.
01-22 23:20:30.301 11347 12622 E FMQ : grantorIdx must be less than 3
01-22 23:20:30.301 11347 12622 E FMQ : grantorIdx must be less than 3
01-22 23:20:30.305 11347 12622 E FMQ : grantorIdx must be less than 3
01-22 23:20:30.312 11347 11535 E FMQ : grantorIdx must be less than 3
01-22 23:20:31.511 11347 12622 W Codec2Client: query -- param skipped: index =
1342179345.
01-22 23:20:31.511 11347 12622 W Codec2Client: query -- param skipped: index =
2415921170.
01-22 23:20:31.511 11347 12622 W Codec2Client: query -- param skipped: index =
1610614798.
01-22 23:20:31.527 11347 11421 W libEGL : EGLNativeWindowType 0xb40000738158b900
disconnect failed
01-22 23:20:33.123 11347 11421 W libEGL : EGLNativeWindowType 0xb4000073816f1380
disconnect failed
01-22 23:20:34.393 11347 11421 W libEGL : EGLNativeWindowType 0xb40000738158fd20
disconnect failed
01-22 23:20:35.167 11347 11421 W libEGL : EGLNativeWindowType 0xb40000738158fd20
disconnect failed
01-22 23:20:35.196 11347 11347 W InputEventReceiver: Attempted to finish an input
event but the input event receiver has already been disposed.
01-22 23:20:35.263 11347 11347 E ArmVmp : Match on catch block at 0x81 in for
0x105
01-22 23:20:35.276 11347 11347 E ArmVmp : Match on catch block at 0x81 in for
0x109
01-22 23:20:35.317 11347 11347 E ArmVmp : Match on catch block at 0x81 in for
0x105
01-22 23:20:35.322 11347 11347 E ArmVmp : Match on catch block at 0x81 in for
0x105
01-22 23:20:35.966 11347 11421 W libEGL : EGLNativeWindowType 0xb40000738158b900
disconnect failed
01-22 23:20:37.346 11347 11347 E ArmVmp : Match on catch block at 0x0a in for 0xf9
01-22 23:20:37.369 11347 11347 E ArmVmp : Match on catch block at 0x81 in for
0x119
01-22 23:20:37.370 11347 11347 E ArmVmp : Match on catch block at 0x22 in for 0xb9
01-22 23:20:37.380 11347 11347 E ArmVmp : Match on catch block at 0x81 in for
0x111
01-22 23:20:37.389 11347 11347 E ArmVmp : Match on catch block at 0x81 in for
0x111
01-22 23:20:37.399 11347 11347 E ArmVmp : Match on catch block at 0x81 in for
0x115
01-22 23:20:37.406 11347 11347 E ArmVmp : Match on catch block at 0x81 in for
0x119
01-22 23:20:37.446 11347 11347 E ArmVmp : Match on catch block at 0x81 in for
0x119
01-22 23:20:37.455 11347 11347 E ArmVmp : Match on catch block at 0x81 in for
0x111
01-22 23:20:37.462 11347 11347 E ArmVmp : Match on catch block at 0x4c in for
0x115
01-22 23:20:37.532 11347 11347 E ArmVmp : Match on catch block at 0x0a in for 0xb1
01-22 23:20:37.602 11347 11347 E ArmVmp : Match on catch block at 0x0a in for 0xd1
01-22 23:20:37.644 11347 11347 E ArmVmp : Match on catch block at 0xc3 in for 0xb9
01-22 23:20:37.648 11347 11347 E ArmVmp : Match on catch block at 0xc3 in for 0xb9
01-22 23:20:37.651 11347 11347 E ArmVmp : Match on catch block at 0xc3 in for 0xb9
01-22 23:20:37.653 11347 11347 E ArmVmp : Match on catch block at 0xc3 in for 0xb9
01-22 23:20:37.657 11347 11347 E ArmVmp : Match on catch block at 0xc3 in for 0xb9
01-22 23:20:37.663 11347 11347 E ArmVmp : Match on catch block at 0xc3 in for 0xb9
01-22 23:20:37.725 11347 11347 E ArmVmp : Match on catch block at 0xc3 in for 0xa1
01-22 23:20:37.729 11347 11347 E ArmVmp : Match on catch block at 0xc3 in for 0xa5
01-22 23:20:37.731 11347 11347 E ArmVmp : Match on catch block at 0xc3 in for 0xa9
01-22 23:20:37.732 11347 11347 E ArmVmp : Match on catch block at 0xc3 in for 0xa1
01-22 23:20:37.734 11347 11347 E ArmVmp : Match on catch block at 0xc3 in for 0xa5
01-22 23:20:37.736 11347 11347 E ArmVmp : Match on catch block at 0xc3 in for 0xa9
01-22 23:20:37.739 11347 11347 E ArmVmp : Match on catch block at 0xc3 in for 0xa1
01-22 23:20:37.767 11347 11347 E ArmVmp : Match on catch block at 0xc3 in for 0xa9
01-22 23:20:37.770 11347 11347 E ArmVmp : Match on catch block at 0xc3 in for 0xa1
01-22 23:20:37.772 11347 11347 E ArmVmp : Match on catch block at 0xc3 in for 0xa5
01-22 23:20:37.773 11347 11347 E ArmVmp : Match on catch block at 0xc3 in for 0xa9
01-22 23:20:37.775 11347 11347 E ArmVmp : Match on catch block at 0xc3 in for 0xa1
01-22 23:20:37.776 11347 11347 E ArmVmp : Match on catch block at 0xc3 in for 0xa5
01-22 23:20:37.777 11347 11347 E ArmVmp : Match on catch block at 0xc3 in for 0xa9
01-22 23:20:37.783 11347 11347 E ArmVmp : Match on catch block at 0xc3 in for 0xa5
01-22 23:20:37.787 11347 11347 E ArmVmp : Match on catch block at 0xc3 in for 0xa9
01-22 23:20:37.789 11347 11347 E ArmVmp : Match on catch block at 0xc3 in for 0xa1
01-22 23:20:37.791 11347 11347 E ArmVmp : Match on catch block at 0xc3 in for 0xa5
01-22 23:20:37.794 11347 11347 E ArmVmp : Match on catch block at 0xc3 in for 0xa9
01-22 23:20:37.795 11347 11347 E ArmVmp : Match on catch block at 0xc3 in for 0xa1
01-22 23:20:37.797 11347 11347 E ArmVmp : Match on catch block at 0xc3 in for 0xa5
01-22 23:20:37.804 11347 11347 E ArmVmp : Match on catch block at 0xc3 in for 0xa1
01-22 23:20:37.807 11347 11347 E ArmVmp : Match on catch block at 0xc3 in for 0xa5
01-22 23:20:37.809 11347 11347 E ArmVmp : Match on catch block at 0xc3 in for 0xa9
01-22 23:20:37.811 11347 11347 E ArmVmp : Match on catch block at 0xc3 in for 0xa1
01-22 23:20:37.812 11347 11347 E ArmVmp : Match on catch block at 0xc3 in for 0xa5
01-22 23:20:37.813 11347 11347 E ArmVmp : Match on catch block at 0xc3 in for 0xa9
01-22 23:20:37.814 11347 11347 E ArmVmp : Match on catch block at 0xc3 in for 0xa1
01-22 23:20:37.823 11347 11347 E ArmVmp : Match on catch block at 0xc3 in for 0xa9
01-22 23:20:37.827 11347 11347 E ArmVmp : Match on catch block at 0xc3 in for 0xa1
01-22 23:20:37.828 11347 11347 E ArmVmp : Match on catch block at 0xc3 in for 0xa5
01-22 23:20:37.830 11347 11347 E ArmVmp : Match on catch block at 0xc3 in for 0xa9
01-22 23:20:37.831 11347 11347 E ArmVmp : Match on catch block at 0xc3 in for 0xa1
01-22 23:20:37.833 11347 11347 E ArmVmp : Match on catch block at 0xc3 in for 0xa5
01-22 23:20:37.834 11347 11347 E ArmVmp : Match on catch block at 0xc3 in for 0xa9
01-22 23:20:37.840 11347 11347 E ArmVmp : Match on catch block at 0xc3 in for 0xa5
01-22 23:20:37.842 11347 11347 E ArmVmp : Match on catch block at 0xc3 in for 0xa9
01-22 23:20:37.845 11347 11347 E ArmVmp : Match on catch block at 0xc3 in for 0xa1
01-22 23:20:37.847 11347 11347 E ArmVmp : Match on catch block at 0xc3 in for 0xa5
01-22 23:20:37.848 11347 11347 E ArmVmp : Match on catch block at 0xc3 in for 0xa9
01-22 23:20:37.849 11347 11347 E ArmVmp : Match on catch block at 0xc3 in for 0xa1
01-22 23:20:37.850 11347 11347 E ArmVmp : Match on catch block at 0xc3 in for 0xa5
01-22 23:20:37.856 11347 11347 E ArmVmp : Match on catch block at 0xc3 in for 0xa1
01-22 23:20:37.859 11347 11347 E ArmVmp : Match on catch block at 0xc3 in for 0xa5
01-22 23:20:37.861 11347 11347 E ArmVmp : Match on catch block at 0xc3 in for 0xa9
01-22 23:20:37.864 11347 11347 E ArmVmp : Match on catch block at 0xc3 in for 0xa1
01-22 23:20:37.865 11347 11347 E ArmVmp : Match on catch block at 0xc3 in for 0xa5
01-22 23:20:37.866 11347 11347 E ArmVmp : Match on catch block at 0xc3 in for 0xa9
01-22 23:20:37.867 11347 11347 E ArmVmp : Match on catch block at 0xc3 in for 0xa1
01-22 23:20:37.872 11347 11347 E ArmVmp : Match on catch block at 0xc3 in for 0xa9
01-22 23:20:37.874 11347 11347 E ArmVmp : Match on catch block at 0xc3 in for 0xa1
01-22 23:20:37.876 11347 11347 E ArmVmp : Match on catch block at 0xc3 in for 0xa5
01-22 23:20:37.877 11347 11347 E ArmVmp : Match on catch block at 0xc3 in for 0xa9
01-22 23:20:37.879 11347 11347 E ArmVmp : Match on catch block at 0xc3 in for 0xa1
01-22 23:20:37.880 11347 11347 E ArmVmp : Match on catch block at 0xc3 in for 0xa5
01-22 23:20:37.882 11347 11347 E ArmVmp : Match on catch block at 0xc3 in for 0xa9
01-22 23:20:37.887 11347 11347 E ArmVmp : Match on catch block at 0xc3 in for 0xa5
01-22 23:20:37.891 11347 11347 E ArmVmp : Match on catch block at 0xc3 in for 0xa9
01-22 23:20:37.892 11347 11347 E ArmVmp : Match on catch block at 0xc3 in for 0xa1
01-22 23:20:37.894 11347 11347 E ArmVmp : Match on catch block at 0xc3 in for 0xa5
01-22 23:20:37.895 11347 11347 E ArmVmp : Match on catch block at 0xc3 in for 0xa9
01-22 23:20:37.897 11347 11347 E ArmVmp : Match on catch block at 0xc3 in for 0xa1
01-22 23:20:37.898 11347 11347 E ArmVmp : Match on catch block at 0xc3 in for 0xa5
01-22 23:20:37.904 11347 11347 E ArmVmp : Match on catch block at 0xc3 in for 0xa1
01-22 23:20:37.907 11347 11347 E ArmVmp : Match on catch block at 0xc3 in for 0xa5
01-22 23:20:37.909 11347 11347 E ArmVmp : Match on catch block at 0xc3 in for 0xa9
01-22 23:20:37.911 11347 11347 E ArmVmp : Match on catch block at 0xc3 in for 0xa1
01-22 23:20:37.913 11347 11347 E ArmVmp : Match on catch block at 0xc3 in for 0xa5
01-22 23:20:37.914 11347 11347 E ArmVmp : Match on catch block at 0xc3 in for 0xa9
01-22 23:20:37.915 11347 11347 E ArmVmp : Match on catch block at 0xc3 in for 0xa1
01-22 23:20:37.921 11347 11347 E ArmVmp : Match on catch block at 0xc3 in for 0xa9
01-22 23:20:37.924 11347 11347 E ArmVmp : Match on catch block at 0xc3 in for 0xa1
01-22 23:20:37.926 11347 11347 E ArmVmp : Match on catch block at 0xc3 in for 0xa5
01-22 23:20:37.928 11347 11347 E ArmVmp : Match on catch block at 0xc3 in for 0xa9
01-22 23:20:37.929 11347 11347 E ArmVmp : Match on catch block at 0xc3 in for 0xa1
01-22 23:20:37.929 11347 11347 E ArmVmp : Match on catch block at 0xc3 in for 0xa5
01-22 23:20:37.931 11347 11347 E ArmVmp : Match on catch block at 0xc3 in for 0xa9
01-22 23:20:37.937 11347 11347 E ArmVmp : Match on catch block at 0xc3 in for 0xa5
01-22 23:20:37.941 11347 11347 E ArmVmp : Match on catch block at 0xc3 in for 0xa9
01-22 23:20:37.943 11347 11347 E ArmVmp : Match on catch block at 0xc3 in for 0xa1
01-22 23:20:37.945 11347 11347 E ArmVmp : Match on catch block at 0xc3 in for 0xa5
01-22 23:20:37.946 11347 11347 E ArmVmp : Match on catch block at 0xc3 in for 0xa9
01-22 23:20:37.948 11347 11347 E ArmVmp : Match on catch block at 0xc3 in for 0xa1
01-22 23:20:37.949 11347 11347 E ArmVmp : Match on catch block at 0xc3 in for 0xa5
01-22 23:20:37.955 11347 11347 E ArmVmp : Match on catch block at 0xc3 in for 0xa1
01-22 23:20:37.959 11347 11347 E ArmVmp : Match on catch block at 0xc3 in for 0xa5
01-22 23:20:37.961 11347 11347 E ArmVmp : Match on catch block at 0xc3 in for 0xa9
01-22 23:20:37.962 11347 11347 E ArmVmp : Match on catch block at 0xc3 in for 0xa1
01-22 23:20:37.963 11347 11347 E ArmVmp : Match on catch block at 0xc3 in for 0xa5
01-22 23:20:37.965 11347 11347 E ArmVmp : Match on catch block at 0xc3 in for 0xa9
01-22 23:20:37.966 11347 11347 E ArmVmp : Match on catch block at 0xc3 in for 0xa1
01-22 23:20:37.971 11347 11347 E ArmVmp : Match on catch block at 0xc3 in for 0xa9
01-22 23:20:37.975 11347 11347 E ArmVmp : Match on catch block at 0xc3 in for 0xa1
01-22 23:20:37.978 11347 11347 E ArmVmp : Match on catch block at 0xc3 in for 0xa5
01-22 23:20:37.979 11347 11347 E ArmVmp : Match on catch block at 0xc3 in for 0xa9
01-22 23:20:37.981 11347 11347 E ArmVmp : Match on catch block at 0xc3 in for 0xa1
01-22 23:20:37.983 11347 11347 E ArmVmp : Match on catch block at 0xc3 in for 0xa5
01-22 23:20:37.984 11347 11347 E ArmVmp : Match on catch block at 0xc3 in for 0xa9
01-22 23:20:37.989 11347 11347 E ArmVmp : Match on catch block at 0xc3 in for 0xa5
01-22 23:20:37.994 11347 11347 E ArmVmp : Match on catch block at 0xc3 in for 0xa9
01-22 23:20:37.996 11347 11347 E ArmVmp : Match on catch block at 0xc3 in for 0xa1
01-22 23:20:37.998 11347 11347 E ArmVmp : Match on catch block at 0xc3 in for 0xa5
01-22 23:20:38.001 11347 11347 E ArmVmp : Match on catch block at 0xc3 in for 0xa9
01-22 23:20:38.002 11347 11347 E ArmVmp : Match on catch block at 0xc3 in for 0xa1
01-22 23:20:38.006 11347 11347 E ArmVmp : Match on catch block at 0xc3 in for 0xa5
01-22 23:20:38.012 11347 11347 E ArmVmp : Match on catch block at 0xc3 in for 0xa1
01-22 23:20:38.016 11347 11347 E ArmVmp : Match on catch block at 0xc3 in for 0xa5
01-22 23:20:38.018 11347 11347 E ArmVmp : Match on catch block at 0xc3 in for 0xa9
01-22 23:20:38.020 11347 11347 E ArmVmp : Match on catch block at 0xc3 in for 0xa1
01-22 23:20:38.023 11347 11347 E ArmVmp : Match on catch block at 0xc3 in for 0xa5
01-22 23:20:38.025 11347 11347 E ArmVmp : Match on catch block at 0xc3 in for 0xa9
01-22 23:20:38.027 11347 11347 E ArmVmp : Match on catch block at 0xc3 in for 0xa1
01-22 23:20:38.032 11347 11347 E ArmVmp : Match on catch block at 0xc3 in for 0xa9
01-22 23:20:38.035 11347 11347 E ArmVmp : Match on catch block at 0xc3 in for 0xa1
01-22 23:20:38.037 11347 11347 E ArmVmp : Match on catch block at 0xc3 in for 0xa5
01-22 23:20:38.039 11347 11347 E ArmVmp : Match on catch block at 0xc3 in for 0xa9
01-22 23:20:38.041 11347 11347 E ArmVmp : Match on catch block at 0xc3 in for 0xa1
01-22 23:20:38.043 11347 11347 E ArmVmp : Match on catch block at 0xc3 in for 0xa5
01-22 23:20:38.045 11347 11347 E ArmVmp : Match on catch block at 0xc3 in for 0xa9
01-22 23:20:38.051 11347 11347 E ArmVmp : Match on catch block at 0xc3 in for 0xa5
01-22 23:20:38.057 11347 11347 E ArmVmp : Match on catch block at 0xc3 in for 0xa9
01-22 23:20:38.059 11347 11347 E ArmVmp : Match on catch block at 0xc3 in for 0xa1
01-22 23:20:38.061 11347 11347 E ArmVmp : Match on catch block at 0xc3 in for 0xa5
01-22 23:20:38.063 11347 11347 E ArmVmp : Match on catch block at 0xc3 in for 0xa9
01-22 23:20:38.064 11347 11347 E ArmVmp : Match on catch block at 0xc3 in for 0xa1
01-22 23:20:38.066 11347 11347 E ArmVmp : Match on catch block at 0xc3 in for 0xa5
01-22 23:20:38.074 11347 11347 E ArmVmp : Match on catch block at 0xc3 in for 0xa1
01-22 23:20:38.077 11347 11347 E ArmVmp : Match on catch block at 0xc3 in for 0xa5
01-22 23:20:38.079 11347 11347 E ArmVmp : Match on catch block at 0xc3 in for 0xa9
01-22 23:20:38.081 11347 11347 E ArmVmp : Match on catch block at 0xc3 in for 0xa1
01-22 23:20:38.083 11347 11347 E ArmVmp : Match on catch block at 0xc3 in for 0xa5
01-22 23:20:38.085 11347 11347 E ArmVmp : Match on catch block at 0xc3 in for 0xa9
01-22 23:20:38.087 11347 11347 E ArmVmp : Match on catch block at 0xc3 in for 0xa1
01-22 23:20:38.095 11347 11347 E ArmVmp : Match on catch block at 0xc3 in for 0xa9
01-22 23:20:38.098 11347 11347 E ArmVmp : Match on catch block at 0xc3 in for 0xa1
01-22 23:20:38.100 11347 11347 E ArmVmp : Match on catch block at 0xc3 in for 0xa5
01-22 23:20:38.102 11347 11347 E ArmVmp : Match on catch block at 0xc3 in for 0xa9
01-22 23:20:38.106 11347 11347 E ArmVmp : Match on catch block at 0xc3 in for 0xa1
01-22 23:20:38.109 11347 11347 E ArmVmp : Match on catch block at 0xc3 in for 0xa5
01-22 23:20:38.111 11347 11347 E ArmVmp : Match on catch block at 0xc3 in for 0xa9
01-22 23:20:38.118 11347 11347 E ArmVmp : Match on catch block at 0xc3 in for 0xa5
01-22 23:20:38.124 11347 11347 E ArmVmp : Match on catch block at 0xc3 in for 0xa9
01-22 23:20:38.125 11347 11347 E ArmVmp : Match on catch block at 0xc3 in for 0xa1
01-22 23:20:38.128 11347 11347 E ArmVmp : Match on catch block at 0xc3 in for 0xa5
01-22 23:20:38.130 11347 11347 E ArmVmp : Match on catch block at 0xc3 in for 0xa9
01-22 23:20:38.131 11347 11347 E ArmVmp : Match on catch block at 0xc3 in for 0xa1
01-22 23:20:38.133 11347 11347 E ArmVmp : Match on catch block at 0xc3 in for 0xa5
01-22 23:20:38.142 11347 11347 E ArmVmp : Match on catch block at 0xc3 in for 0xa1
01-22 23:20:38.146 11347 11347 E ArmVmp : Match on catch block at 0xc3 in for 0xa5
01-22 23:20:38.149 11347 11347 E ArmVmp : Match on catch block at 0xc3 in for 0xa9
01-22 23:20:38.152 11347 11347 E ArmVmp : Match on catch block at 0xc3 in for 0xa1
01-22 23:20:38.157 11347 11347 E ArmVmp : Match on catch block at 0xc3 in for 0xa5
01-22 23:20:38.158 11347 11347 E ArmVmp : Match on catch block at 0xc3 in for 0xa9
01-22 23:20:38.160 11347 11347 E ArmVmp : Match on catch block at 0xc3 in for 0xa1
01-22 23:20:38.183 11347 11421 W libEGL : EGLNativeWindowType 0xb4000073816d1490
disconnect failed
01-22 23:20:38.193 11347 11347 E ArmVmp : Match on catch block at 0xc3 in for 0xa9
01-22 23:20:38.197 11347 11347 E ArmVmp : Match on catch block at 0xc3 in for 0xa1
01-22 23:20:38.199 11347 11347 E ArmVmp : Match on catch block at 0xc3 in for 0xa5
01-22 23:20:38.200 11347 11347 E ArmVmp : Match on catch block at 0xc3 in for 0xa9
01-22 23:20:38.202 11347 11347 E ArmVmp : Match on catch block at 0xc3 in for 0xa1
01-22 23:20:38.203 11347 11347 E ArmVmp : Match on catch block at 0xc3 in for 0xa5
01-22 23:20:38.205 11347 11347 E ArmVmp : Match on catch block at 0xc3 in for 0xa9
01-22 23:20:38.217 11347 11347 E ArmVmp : Match on catch block at 0xc3 in for 0xa5
01-22 23:20:38.220 11347 11347 E ArmVmp : Match on catch block at 0xc3 in for 0xa9
01-22 23:20:38.223 11347 11347 E ArmVmp : Match on catch block at 0xc3 in for 0xa1
01-22 23:20:38.225 11347 11347 E ArmVmp : Match on catch block at 0xc3 in for 0xa5
01-22 23:20:38.227 11347 11347 E ArmVmp : Match on catch block at 0xc3 in for 0xa9
01-22 23:20:38.228 11347 11347 E ArmVmp : Match on catch block at 0xc3 in for 0xa1
01-22 23:20:38.230 11347 11347 E ArmVmp : Match on catch block at 0xc3 in for 0xa5
01-22 23:20:38.235 11347 11347 E ArmVmp : Match on catch block at 0xc3 in for 0xa1
01-22 23:20:38.239 11347 11347 E ArmVmp : Match on catch block at 0xc3 in for 0xa5
01-22 23:20:38.241 11347 11347 E ArmVmp : Match on catch block at 0xc3 in for 0xa9
01-22 23:20:38.243 11347 11347 E ArmVmp : Match on catch block at 0xc3 in for 0xa1
01-22 23:20:38.245 11347 11347 E ArmVmp : Match on catch block at 0xc3 in for 0xa5
01-22 23:20:38.247 11347 11347 E ArmVmp : Match on catch block at 0xc3 in for 0xa9
01-22 23:20:38.249 11347 11347 E ArmVmp : Match on catch block at 0xc3 in for 0xa1
01-22 23:20:38.254 11347 11347 E ArmVmp : Match on catch block at 0xc3 in for 0xa9
01-22 23:20:38.257 11347 11347 E ArmVmp : Match on catch block at 0xc3 in for 0xa1
01-22 23:20:38.259 11347 11347 E ArmVmp : Match on catch block at 0xc3 in for 0xa5
01-22 23:20:38.260 11347 11347 E ArmVmp : Match on catch block at 0xc3 in for 0xa9
01-22 23:20:38.262 11347 11347 E ArmVmp : Match on catch block at 0xc3 in for 0xa1
01-22 23:20:38.263 11347 11347 E ArmVmp : Match on catch block at 0xc3 in for 0xa5
01-22 23:20:38.264 11347 11347 E ArmVmp : Match on catch block at 0xc3 in for 0xa9
01-22 23:20:38.271 11347 11347 E ArmVmp : Match on catch block at 0xc3 in for 0xa5
01-22 23:20:38.274 11347 11347 E ArmVmp : Match on catch block at 0xc3 in for 0xa9
01-22 23:20:38.277 11347 11347 E ArmVmp : Match on catch block at 0xc3 in for 0xa1
01-22 23:20:38.278 11347 11347 E ArmVmp : Match on catch block at 0xc3 in for 0xa5
01-22 23:20:38.280 11347 11347 E ArmVmp : Match on catch block at 0xc3 in for 0xa9
01-22 23:20:38.282 11347 11347 E ArmVmp : Match on catch block at 0xc3 in for 0xa1
01-22 23:20:38.284 11347 11347 E ArmVmp : Match on catch block at 0xc3 in for 0xa5
01-22 23:20:38.291 11347 11347 E ArmVmp : Match on catch block at 0xc3 in for 0xa1
01-22 23:20:38.294 11347 11347 E ArmVmp : Match on catch block at 0xc3 in for 0xa5
01-22 23:20:38.297 11347 11347 E ArmVmp : Match on catch block at 0xc3 in for 0xa9
01-22 23:20:38.299 11347 11347 E ArmVmp : Match on catch block at 0xc3 in for 0xa1
01-22 23:20:38.300 11347 11347 E ArmVmp : Match on catch block at 0xc3 in for 0xa5
01-22 23:20:38.302 11347 11347 E ArmVmp : Match on catch block at 0xc3 in for 0xa9
01-22 23:20:38.304 11347 11347 E ArmVmp : Match on catch block at 0xc3 in for 0xa1
01-22 23:20:38.311 11347 11347 E ArmVmp : Match on catch block at 0xc3 in for 0xa9
01-22 23:20:38.314 11347 11347 E ArmVmp : Match on catch block at 0xc3 in for 0xa1
01-22 23:20:38.317 11347 11347 E ArmVmp : Match on catch block at 0xc3 in for 0xa5
01-22 23:20:38.319 11347 11347 E ArmVmp : Match on catch block at 0xc3 in for 0xa9
01-22 23:20:38.321 11347 11347 E ArmVmp : Match on catch block at 0xc3 in for 0xa1
01-22 23:20:38.323 11347 11347 E ArmVmp : Match on catch block at 0xc3 in for 0xa5
01-22 23:20:38.325 11347 11347 E ArmVmp : Match on catch block at 0xc3 in for 0xa9
01-22 23:20:38.331 11347 11347 E ArmVmp : Match on catch block at 0xc3 in for 0xa5
01-22 23:20:38.334 11347 11347 E ArmVmp : Match on catch block at 0xc3 in for 0xa9
01-22 23:20:38.337 11347 11347 E ArmVmp : Match on catch block at 0xc3 in for 0xa1
01-22 23:20:38.338 11347 11347 E ArmVmp : Match on catch block at 0xc3 in for 0xa5
01-22 23:20:38.340 11347 11347 E ArmVmp : Match on catch block at 0xc3 in for 0xa9
01-22 23:20:38.342 11347 11347 E ArmVmp : Match on catch block at 0xc3 in for 0xa1
01-22 23:20:38.343 11347 11347 E ArmVmp : Match on catch block at 0xc3 in for 0xa5
01-22 23:20:38.350 11347 11347 E ArmVmp : Match on catch block at 0xc3 in for 0xa1
01-22 23:20:38.353 11347 11347 E ArmVmp : Match on catch block at 0xc3 in for 0xa5
01-22 23:20:38.357 11347 11347 E ArmVmp : Match on catch block at 0xc3 in for 0xa9
01-22 23:20:38.360 11347 11347 E ArmVmp : Match on catch block at 0xc3 in for 0xa1
01-22 23:20:38.362 11347 11347 E ArmVmp : Match on catch block at 0xc3 in for 0xa5
01-22 23:20:38.363 11347 11347 E ArmVmp : Match on catch block at 0xc3 in for 0xa9
01-22 23:20:38.364 11347 11347 E ArmVmp : Match on catch block at 0xc3 in for 0xa1
01-22 23:20:38.370 11347 11347 E ArmVmp : Match on catch block at 0xc3 in for 0xa9
01-22 23:20:38.375 11347 11347 E ArmVmp : Match on catch block at 0xc3 in for 0xa1
01-22 23:20:38.377 11347 11347 E ArmVmp : Match on catch block at 0xc3 in for 0xa5
01-22 23:20:38.379 11347 11347 E ArmVmp : Match on catch block at 0xc3 in for 0xa9
01-22 23:20:38.381 11347 11347 E ArmVmp : Match on catch block at 0xc3 in for 0xa1
01-22 23:20:38.382 11347 11347 E ArmVmp : Match on catch block at 0xc3 in for 0xa5
01-22 23:20:38.384 11347 11347 E ArmVmp : Match on catch block at 0xc3 in for 0xa9
01-22 23:20:38.390 11347 11347 E ArmVmp : Match on catch block at 0xc3 in for 0xa5
01-22 23:20:38.394 11347 11347 E ArmVmp : Match on catch block at 0xc3 in for 0xa9
01-22 23:20:38.396 11347 11347 E ArmVmp : Match on catch block at 0xc3 in for 0xa1
01-22 23:20:38.398 11347 11347 E ArmVmp : Match on catch block at 0xc3 in for 0xa5
01-22 23:20:38.400 11347 11347 E ArmVmp : Match on catch block at 0xc3 in for 0xa9
01-22 23:20:38.401 11347 11347 E ArmVmp : Match on catch block at 0xc3 in for 0xa1
01-22 23:20:38.404 11347 11347 E ArmVmp : Match on catch block at 0xc3 in for 0xa5
01-22 23:20:38.411 11347 11347 E ArmVmp : Match on catch block at 0xc3 in for 0xa1
01-22 23:20:38.415 11347 11347 E ArmVmp : Match on catch block at 0xc3 in for 0xa5
01-22 23:20:38.417 11347 11347 E ArmVmp : Match on catch block at 0xc3 in for 0xa9
01-22 23:20:38.418 11347 11347 E ArmVmp : Match on catch block at 0xc3 in for 0xa1
01-22 23:20:38.421 11347 11347 E ArmVmp : Match on catch block at 0xc3 in for 0xa5
01-22 23:20:38.423 11347 11347 E ArmVmp : Match on catch block at 0xc3 in for 0xa9
01-22 23:20:38.425 11347 11347 E ArmVmp : Match on catch block at 0xc3 in for 0xa1
01-22 23:20:38.431 11347 11347 E ArmVmp : Match on catch block at 0xc3 in for 0xa9
01-22 23:20:38.435 11347 11347 E ArmVmp : Match on catch block at 0xc3 in for 0xa1
01-22 23:20:38.437 11347 11347 E ArmVmp : Match on catch block at 0xc3 in for 0xa5
01-22 23:20:38.439 11347 11347 E ArmVmp : Match on catch block at 0xc3 in for 0xa9
01-22 23:20:38.441 11347 11347 E ArmVmp : Match on catch block at 0xc3 in for 0xa1
01-22 23:20:38.442 11347 11347 E ArmVmp : Match on catch block at 0xc3 in for 0xa5
01-22 23:20:38.444 11347 11347 E ArmVmp : Match on catch block at 0xc3 in for 0xa9
01-22 23:20:38.451 11347 11347 E ArmVmp : Match on catch block at 0xc3 in for 0xa5
01-22 23:20:38.455 11347 11347 E ArmVmp : Match on catch block at 0xc3 in for 0xa9
01-22 23:20:38.457 11347 11347 E ArmVmp : Match on catch block at 0xc3 in for 0xa1
01-22 23:20:38.459 11347 11347 E ArmVmp : Match on catch block at 0xc3 in for 0xa5
01-22 23:20:38.461 11347 11347 E ArmVmp : Match on catch block at 0xc3 in for 0xa9
01-22 23:20:38.463 11347 11347 E ArmVmp : Match on catch block at 0xc3 in for 0xa1
01-22 23:20:38.465 11347 11347 E ArmVmp : Match on catch block at 0xc3 in for 0xa5
01-22 23:20:38.471 11347 11347 E ArmVmp : Match on catch block at 0xc3 in for 0xa1
01-22 23:20:38.475 11347 11347 E ArmVmp : Match on catch block at 0xc3 in for 0xa5
01-22 23:20:38.477 11347 11347 E ArmVmp : Match on catch block at 0xc3 in for 0xa9
01-22 23:20:38.479 11347 11347 E ArmVmp : Match on catch block at 0xc3 in for 0xa1
01-22 23:20:38.481 11347 11347 E ArmVmp : Match on catch block at 0xc3 in for 0xa5
01-22 23:20:38.483 11347 11347 E ArmVmp : Match on catch block at 0xc3 in for 0xa9
01-22 23:20:38.484 11347 11347 E ArmVmp : Match on catch block at 0xc3 in for 0xa1
01-22 23:20:38.491 11347 11347 E ArmVmp : Match on catch block at 0xc3 in for 0xa9
01-22 23:20:38.495 11347 11347 E ArmVmp : Match on catch block at 0xc3 in for 0xa1
01-22 23:20:38.496 11347 11347 E ArmVmp : Match on catch block at 0xc3 in for 0xa5
01-22 23:20:38.499 11347 11347 E ArmVmp : Match on catch block at 0xc3 in for 0xa9
01-22 23:20:38.500 11347 11347 E ArmVmp : Match on catch block at 0xc3 in for 0xa1
01-22 23:20:38.502 11347 11347 E ArmVmp : Match on catch block at 0xc3 in for 0xa5
01-22 23:20:38.504 11347 11347 E ArmVmp : Match on catch block at 0xc3 in for 0xa9
01-22 23:20:38.510 11347 11347 E ArmVmp : Match on catch block at 0xc3 in for 0xa5
01-22 23:20:38.514 11347 11347 E ArmVmp : Match on catch block at 0xc3 in for 0xa9
01-22 23:20:38.516 11347 11347 E ArmVmp : Match on catch block at 0xc3 in for 0xa1
01-22 23:20:38.517 11347 11347 E ArmVmp : Match on catch block at 0xc3 in for 0xa5
01-22 23:20:38.519 11347 11347 E ArmVmp : Match on catch block at 0xc3 in for 0xa9
01-22 23:20:38.520 11347 11347 E ArmVmp : Match on catch block at 0xc3 in for 0xa1
01-22 23:20:38.522 11347 11347 E ArmVmp : Match on catch block at 0xc3 in for 0xa5
01-22 23:20:38.528 11347 11347 E ArmVmp : Match on catch block at 0xc3 in for 0xa1
01-22 23:20:38.533 11347 11347 E ArmVmp : Match on catch block at 0xc3 in for 0xa5
01-22 23:20:38.535 11347 11347 E ArmVmp : Match on catch block at 0xc3 in for 0xa9
01-22 23:20:38.537 11347 11347 E ArmVmp : Match on catch block at 0xc3 in for 0xa1
01-22 23:20:38.538 11347 11347 E ArmVmp : Match on catch block at 0xc3 in for 0xa5
01-22 23:20:38.540 11347 11347 E ArmVmp : Match on catch block at 0xc3 in for 0xa9
01-22 23:20:38.541 11347 11347 E ArmVmp : Match on catch block at 0xc3 in for 0xa1
01-22 23:20:38.547 11347 11347 E ArmVmp : Match on catch block at 0xc3 in for 0xa9
01-22 23:20:38.550 11347 11347 E ArmVmp : Match on catch block at 0xc3 in for 0xa1
01-22 23:20:38.552 11347 11347 E ArmVmp : Match on catch block at 0xc3 in for 0xa5
01-22 23:20:38.555 11347 11347 E ArmVmp : Match on catch block at 0xc3 in for 0xa9
01-22 23:20:38.556 11347 11347 E ArmVmp : Match on catch block at 0xc3 in for 0xa1
01-22 23:20:38.558 11347 11347 E ArmVmp : Match on catch block at 0xc3 in for 0xa5
01-22 23:20:38.560 11347 11347 E ArmVmp : Match on catch block at 0xc3 in for 0xa9
01-22 23:20:38.566 11347 11347 E ArmVmp : Match on catch block at 0xc3 in for 0xa5
01-22 23:20:38.570 11347 11347 E ArmVmp : Match on catch block at 0xc3 in for 0xa9
01-22 23:20:38.572 11347 11347 E ArmVmp : Match on catch block at 0xc3 in for 0xa1
01-22 23:20:38.574 11347 11347 E ArmVmp : Match on catch block at 0xc3 in for 0xa5
01-22 23:20:38.576 11347 11347 E ArmVmp : Match on catch block at 0xc3 in for 0xa9
01-22 23:20:38.578 11347 11347 E ArmVmp : Match on catch block at 0xc3 in for 0xa1
01-22 23:20:38.580 11347 11347 E ArmVmp : Match on catch block at 0xc3 in for 0xa5
01-22 23:20:38.588 11347 11347 E ArmVmp : Match on catch block at 0xc3 in for 0xa1
01-22 23:20:38.592 11347 11347 E ArmVmp : Match on catch block at 0xc3 in for 0xa5
01-22 23:20:38.594 11347 11347 E ArmVmp : Match on catch block at 0xc3 in for 0xa9
01-22 23:20:38.596 11347 11347 E ArmVmp : Match on catch block at 0xc3 in for 0xa1
01-22 23:20:38.597 11347 11347 E ArmVmp : Match on catch block at 0xc3 in for 0xa5
01-22 23:20:38.600 11347 11347 E ArmVmp : Match on catch block at 0xc3 in for 0xa9
01-22 23:20:38.602 11347 11347 E ArmVmp : Match on catch block at 0xc3 in for 0xa1
01-22 23:20:38.611 11347 11347 E ArmVmp : Match on catch block at 0xc3 in for 0xa9
01-22 23:20:38.615 11347 11347 E ArmVmp : Match on catch block at 0xc3 in for 0xa1
01-22 23:20:38.617 11347 11347 E ArmVmp : Match on catch block at 0xc3 in for 0xa5
01-22 23:20:38.620 11347 11347 E ArmVmp : Match on catch block at 0xc3 in for 0xa9
01-22 23:20:38.622 11347 11347 E ArmVmp : Match on catch block at 0xc3 in for 0xa1
01-22 23:20:38.624 11347 11347 E ArmVmp : Match on catch block at 0xc3 in for 0xa5
01-22 23:20:38.626 11347 11347 E ArmVmp : Match on catch block at 0xc3 in for 0xa9
01-22 23:20:38.635 11347 11347 E ArmVmp : Match on catch block at 0xc3 in for 0xa5
01-22 23:20:38.640 11347 11347 E ArmVmp : Match on catch block at 0xc3 in for 0xa9
01-22 23:20:38.643 11347 11347 E ArmVmp : Match on catch block at 0xc3 in for 0xa1
01-22 23:20:38.645 11347 11347 E ArmVmp : Match on catch block at 0xc3 in for 0xa5
01-22 23:20:38.647 11347 11347 E ArmVmp : Match on catch block at 0xc3 in for 0xa9
01-22 23:20:38.649 11347 11347 E ArmVmp : Match on catch block at 0xc3 in for 0xa1
01-22 23:20:38.651 11347 11347 E ArmVmp : Match on catch block at 0xc3 in for 0xa5
01-22 23:20:38.659 11347 11347 E ArmVmp : Match on catch block at 0xc3 in for 0xa1
01-22 23:20:38.663 11347 11347 E ArmVmp : Match on catch block at 0xc3 in for 0xa5
01-22 23:20:38.667 11347 11347 E ArmVmp : Match on catch block at 0xc3 in for 0xa9
01-22 23:20:38.669 11347 11347 E ArmVmp : Match on catch block at 0xc3 in for 0xa1
01-22 23:20:38.671 11347 11347 E ArmVmp : Match on catch block at 0xc3 in for 0xa5
01-22 23:20:38.673 11347 11347 E ArmVmp : Match on catch block at 0xc3 in for 0xa9
01-22 23:20:38.675 11347 11347 E ArmVmp : Match on catch block at 0xc3 in for 0xa1
01-22 23:20:38.682 11347 11347 E ArmVmp : Match on catch block at 0xc3 in for 0xa9
01-22 23:20:38.686 11347 11347 E ArmVmp : Match on catch block at 0xc3 in for 0xa1
01-22 23:20:38.687 11347 11347 E ArmVmp : Match on catch block at 0xc3 in for 0xa5
01-22 23:20:38.689 11347 11347 E ArmVmp : Match on catch block at 0xc3 in for 0xa9
01-22 23:20:38.691 11347 11347 E ArmVmp : Match on catch block at 0xc3 in for 0xa1
01-22 23:20:38.693 11347 11347 E ArmVmp : Match on catch block at 0xc3 in for 0xa5
01-22 23:20:38.695 11347 11347 E ArmVmp : Match on catch block at 0xc3 in for 0xa9
01-22 23:20:38.701 11347 11347 E ArmVmp : Match on catch block at 0xc3 in for 0xa5
01-22 23:20:38.706 11347 11347 E ArmVmp : Match on catch block at 0xc3 in for 0xa9
01-22 23:20:38.709 11347 11347 E ArmVmp : Match on catch block at 0xc3 in for 0xa1
01-22 23:20:38.712 11347 11347 E ArmVmp : Match on catch block at 0xc3 in for 0xa5
01-22 23:20:38.714 11347 11347 E ArmVmp : Match on catch block at 0xc3 in for 0xa9
01-22 23:20:38.716 11347 11347 E ArmVmp : Match on catch block at 0xc3 in for 0xa1
01-22 23:20:38.717 11347 11347 E ArmVmp : Match on catch block at 0xc3 in for 0xa5
01-22 23:20:38.725 11347 11347 E ArmVmp : Match on catch block at 0xc3 in for 0xa1
01-22 23:20:38.728 11347 11347 E ArmVmp : Match on catch block at 0xc3 in for 0xa5
01-22 23:20:38.733 11347 11347 E ArmVmp : Match on catch block at 0xc3 in for 0xa9
01-22 23:20:38.735 11347 11347 E ArmVmp : Match on catch block at 0xc3 in for 0xa1
01-22 23:20:38.737 11347 11347 E ArmVmp : Match on catch block at 0xc3 in for 0xa5
01-22 23:20:38.740 11347 11347 E ArmVmp : Match on catch block at 0xc3 in for 0xa9
01-22 23:20:38.741 11347 11347 E ArmVmp : Match on catch block at 0xc3 in for 0xa1
01-22 23:20:38.748 11347 11347 E ArmVmp : Match on catch block at 0xc3 in for 0xa9
01-22 23:20:38.752 11347 11347 E ArmVmp : Match on catch block at 0xc3 in for 0xa1
01-22 23:20:38.753 11347 11347 E ArmVmp : Match on catch block at 0xc3 in for 0xa5
01-22 23:20:38.755 11347 11347 E ArmVmp : Match on catch block at 0xc3 in for 0xa9
01-22 23:20:38.757 11347 11347 E ArmVmp : Match on catch block at 0xc3 in for 0xa1
01-22 23:20:38.759 11347 11347 E ArmVmp : Match on catch block at 0xc3 in for 0xa5
01-22 23:20:38.762 11347 11347 E ArmVmp : Match on catch block at 0xc3 in for 0xa9
01-22 23:20:38.770 11347 11347 E ArmVmp : Match on catch block at 0xc3 in for 0xa5
01-22 23:20:38.775 11347 11347 E ArmVmp : Match on catch block at 0xc3 in for 0xa9
01-22 23:20:38.777 11347 11347 E ArmVmp : Match on catch block at 0xc3 in for 0xa1
01-22 23:20:38.779 11347 11347 E ArmVmp : Match on catch block at 0xc3 in for 0xa5
01-22 23:20:38.782 11347 11347 E ArmVmp : Match on catch block at 0xc3 in for 0xa9
01-22 23:20:38.784 11347 11347 E ArmVmp : Match on catch block at 0xc3 in for 0xa1
01-22 23:20:38.786 11347 11347 E ArmVmp : Match on catch block at 0xc3 in for 0xa5
01-22 23:20:38.797 11347 11347 E ArmVmp : Match on catch block at 0xc3 in for 0xa1
01-22 23:20:38.801 11347 11347 E ArmVmp : Match on catch block at 0xc3 in for 0xa5
01-22 23:20:38.803 11347 11347 E ArmVmp : Match on catch block at 0xc3 in for 0xa9
01-22 23:20:38.805 11347 11347 E ArmVmp : Match on catch block at 0xc3 in for 0xa1
01-22 23:20:38.806 11347 11347 E ArmVmp : Match on catch block at 0xc3 in for 0xa5
01-22 23:20:38.808 11347 11347 E ArmVmp : Match on catch block at 0xc3 in for 0xa9
01-22 23:20:38.809 11347 11347 E ArmVmp : Match on catch block at 0xc3 in for 0xa1
01-22 23:20:38.818 11347 11347 E ArmVmp : Match on catch block at 0xc3 in for 0xa9
01-22 23:20:38.822 11347 11347 E ArmVmp : Match on catch block at 0xc3 in for 0xa1
01-22 23:20:38.824 11347 11347 E ArmVmp : Match on catch block at 0xc3 in for 0xa5
01-22 23:20:38.826 11347 11347 E ArmVmp : Match on catch block at 0xc3 in for 0xa9
01-22 23:20:38.828 11347 11347 E ArmVmp : Match on catch block at 0xc3 in for 0xa1
01-22 23:20:38.829 11347 11347 E ArmVmp : Match on catch block at 0xc3 in for 0xa5
01-22 23:20:38.831 11347 11347 E ArmVmp : Match on catch block at 0xc3 in for 0xa9
01-22 23:20:38.842 11347 11347 E ArmVmp : Match on catch block at 0xc3 in for 0xa5
01-22 23:20:38.845 11347 11347 E ArmVmp : Match on catch block at 0xc3 in for 0xa9
01-22 23:20:38.847 11347 11347 E ArmVmp : Match on catch block at 0xc3 in for 0xa1
01-22 23:20:38.848 11347 11347 E ArmVmp : Match on catch block at 0xc3 in for 0xa5
01-22 23:20:38.850 11347 11347 E ArmVmp : Match on catch block at 0xc3 in for 0xa9
01-22 23:20:38.853 11347 11347 E ArmVmp : Match on catch block at 0xc3 in for 0xa1
01-22 23:20:38.857 11347 11347 E ArmVmp : Match on catch block at 0xc3 in for 0xa5
