01-23 22:22:07.318 12617 12617 E ArmVmp : Match on catch block at 0xc3 in for 0xa9
01-23 22:22:07.324 12617 12617 E ArmVmp : Match on catch block at 0xc3 in for 0xa5
01-23 22:22:07.326 12617 12617 E ArmVmp : Match on catch block at 0xc3 in for 0xa9
01-23 22:22:07.329 12617 12617 E ArmVmp : Match on catch block at 0xc3 in for 0xa1
01-23 22:22:07.330 12617 12617 E ArmVmp : Match on catch block at 0xc3 in for 0xa5
01-23 22:22:07.332 12617 12617 E ArmVmp : Match on catch block at 0xc3 in for 0xa9
01-23 22:22:07.333 12617 12617 E ArmVmp : Match on catch block at 0xc3 in for 0xa1
01-23 22:22:07.334 12617 12617 E ArmVmp : Match on catch block at 0xc3 in for 0xa5
01-23 22:22:07.339 12617 12617 E ArmVmp : Match on catch block at 0xc3 in for 0xa1
01-23 22:22:07.342 12617 12617 E ArmVmp : Match on catch block at 0xc3 in for 0xa5
01-23 22:22:07.344 12617 12617 E ArmVmp : Match on catch block at 0xc3 in for 0xa9
01-23 22:22:07.346 12617 12617 E ArmVmp : Match on catch block at 0xc3 in for 0xa1
01-23 22:22:07.347 12617 12617 E ArmVmp : Match on catch block at 0xc3 in for 0xa5
01-23 22:22:07.348 12617 12617 E ArmVmp : Match on catch block at 0xc3 in for 0xa9
01-23 22:22:07.350 12617 12617 E ArmVmp : Match on catch block at 0xc3 in for 0xa1
01-23 22:22:07.355 12617 12617 E ArmVmp : Match on catch block at 0xc3 in for 0xa9
01-23 22:22:07.358 12617 12617 E ArmVmp : Match on catch block at 0xc3 in for 0xa1
01-23 22:22:07.360 12617 12617 E ArmVmp : Match on catch block at 0xc3 in for 0xa5
01-23 22:22:07.362 12617 12617 E ArmVmp : Match on catch block at 0xc3 in for 0xa9
01-23 22:22:07.363 12617 12617 E ArmVmp : Match on catch block at 0xc3 in for 0xa1
01-23 22:22:07.364 12617 12617 E ArmVmp : Match on catch block at 0xc3 in for 0xa5
01-23 22:22:07.366 12617 12617 E ArmVmp : Match on catch block at 0xc3 in for 0xa9
01-23 22:22:07.371 12617 12617 E ArmVmp : Match on catch block at 0xc3 in for 0xa5
01-23 22:22:07.374 12617 12617 E ArmVmp : Match on catch block at 0xc3 in for 0xa9
01-23 22:22:07.376 12617 12617 E ArmVmp : Match on catch block at 0xc3 in for 0xa1
01-23 22:22:07.378 12617 12617 E ArmVmp : Match on catch block at 0xc3 in for 0xa5
01-23 22:22:07.379 12617 12617 E ArmVmp : Match on catch block at 0xc3 in for 0xa9
01-23 22:22:07.380 12617 12617 E ArmVmp : Match on catch block at 0xc3 in for 0xa1
01-23 22:22:07.381 12617 12617 E ArmVmp : Match on catch block at 0xc3 in for 0xa5
01-23 22:22:07.387 12617 12617 E ArmVmp : Match on catch block at 0xc3 in for 0xa1
01-23 22:22:07.390 12617 12617 E ArmVmp : Match on catch block at 0xc3 in for 0xa5
01-23 22:22:07.392 12617 12617 E ArmVmp : Match on catch block at 0xc3 in for 0xa9
01-23 22:22:07.394 12617 12617 E ArmVmp : Match on catch block at 0xc3 in for 0xa1
01-23 22:22:07.396 12617 12617 E ArmVmp : Match on catch block at 0xc3 in for 0xa5
01-23 22:22:07.397 12617 12617 E ArmVmp : Match on catch block at 0xc3 in for 0xa9
01-23 22:22:07.398 12617 12617 E ArmVmp : Match on catch block at 0xc3 in for 0xa1
01-23 22:22:07.404 12617 12617 E ArmVmp : Match on catch block at 0xc3 in for 0xa9
01-23 22:22:07.406 12617 12617 E ArmVmp : Match on catch block at 0xc3 in for 0xa1
01-23 22:22:07.408 12617 12617 E ArmVmp : Match on catch block at 0xc3 in for 0xa5
01-23 22:22:07.410 12617 12617 E ArmVmp : Match on catch block at 0xc3 in for 0xa9
01-23 22:22:07.411 12617 12617 E ArmVmp : Match on catch block at 0xc3 in for 0xa1
01-23 22:22:07.413 12617 12617 E ArmVmp : Match on catch block at 0xc3 in for 0xa5
01-23 22:22:07.414 12617 12617 E ArmVmp : Match on catch block at 0xc3 in for 0xa9
01-23 22:22:07.419 12617 12617 E ArmVmp : Match on catch block at 0xc3 in for 0xa5
01-23 22:22:07.422 12617 12617 E ArmVmp : Match on catch block at 0xc3 in for 0xa9
01-23 22:22:07.424 12617 12617 E ArmVmp : Match on catch block at 0xc3 in for 0xa1
01-23 22:22:07.425 12617 12617 E ArmVmp : Match on catch block at 0xc3 in for 0xa5
01-23 22:22:07.426 12617 12617 E ArmVmp : Match on catch block at 0xc3 in for 0xa9
01-23 22:22:07.428 12617 12617 E ArmVmp : Match on catch block at 0xc3 in for 0xa1
01-23 22:22:07.430 12617 12617 E ArmVmp : Match on catch block at 0xc3 in for 0xa5
01-23 22:22:07.435 12617 12617 E ArmVmp : Match on catch block at 0xc3 in for 0xa1
01-23 22:22:07.438 12617 12617 E ArmVmp : Match on catch block at 0xc3 in for 0xa5
01-23 22:22:07.439 12617 12617 E ArmVmp : Match on catch block at 0xc3 in for 0xa9
01-23 22:22:07.442 12617 12617 E ArmVmp : Match on catch block at 0xc3 in for 0xa1
01-23 22:22:07.443 12617 12617 E ArmVmp : Match on catch block at 0xc3 in for 0xa5
01-23 22:22:07.445 12617 12617 E ArmVmp : Match on catch block at 0xc3 in for 0xa9
01-23 22:22:07.446 12617 12617 E ArmVmp : Match on catch block at 0xc3 in for 0xa1
01-23 22:22:07.452 12617 12617 E ArmVmp : Match on catch block at 0xc3 in for 0xa9
01-23 22:22:07.454 12617 12617 E ArmVmp : Match on catch block at 0xc3 in for 0xa1
01-23 22:22:07.456 12617 12617 E ArmVmp : Match on catch block at 0xc3 in for 0xa5
01-23 22:22:07.458 12617 12617 E ArmVmp : Match on catch block at 0xc3 in for 0xa9
01-23 22:22:07.459 12617 12617 E ArmVmp : Match on catch block at 0xc3 in for 0xa1
01-23 22:22:07.461 12617 12617 E ArmVmp : Match on catch block at 0xc3 in for 0xa5
01-23 22:22:07.464 12617 12617 E ArmVmp : Match on catch block at 0xc3 in for 0xa9
01-23 22:22:07.469 12617 12617 E ArmVmp : Match on catch block at 0xc3 in for 0xa5
01-23 22:22:07.472 12617 12617 E ArmVmp : Match on catch block at 0xc3 in for 0xa9
01-23 22:22:07.474 12617 12617 E ArmVmp : Match on catch block at 0xc3 in for 0xa1
01-23 22:22:07.476 12617 12617 E ArmVmp : Match on catch block at 0xc3 in for 0xa5
01-23 22:22:07.477 12617 12617 E ArmVmp : Match on catch block at 0xc3 in for 0xa9
01-23 22:22:07.479 12617 12617 E ArmVmp : Match on catch block at 0xc3 in for 0xa1
01-23 22:22:07.480 12617 12617 E ArmVmp : Match on catch block at 0xc3 in for 0xa5
01-23 22:22:07.485 12617 12617 E ArmVmp : Match on catch block at 0xc3 in for 0xa1
01-23 22:22:07.488 12617 12617 E ArmVmp : Match on catch block at 0xc3 in for 0xa5
01-23 22:22:07.490 12617 12617 E ArmVmp : Match on catch block at 0xc3 in for 0xa9
01-23 22:22:07.492 12617 12617 E ArmVmp : Match on catch block at 0xc3 in for 0xa1
01-23 22:22:07.493 12617 12617 E ArmVmp : Match on catch block at 0xc3 in for 0xa5
01-23 22:22:07.495 12617 12617 E ArmVmp : Match on catch block at 0xc3 in for 0xa9
01-23 22:22:07.497 12617 12617 E ArmVmp : Match on catch block at 0xc3 in for 0xa1
01-23 22:22:07.516 12617 12617 E ArmVmp : Match on catch block at 0xc3 in for 0xa5
01-23 22:22:07.520 12617 12617 E ArmVmp : Match on catch block at 0xc3 in for 0xa9
01-23 22:22:07.522 12617 12617 E ArmVmp : Match on catch block at 0xc3 in for 0xa1
01-23 22:22:07.524 12617 12617 E ArmVmp : Match on catch block at 0xc3 in for 0xa5
01-23 22:22:07.526 12617 12617 E ArmVmp : Match on catch block at 0xc3 in for 0xa9
01-23 22:22:07.528 12617 12617 E ArmVmp : Match on catch block at 0xc3 in for 0xa1
01-23 22:22:07.531 12617 12617 E ArmVmp : Match on catch block at 0xc3 in for 0xa5
01-23 22:22:07.538 12617 12617 E ArmVmp : Match on catch block at 0xc3 in for 0xa1
01-23 22:22:07.541 12617 12617 E ArmVmp : Match on catch block at 0xc3 in for 0xa5
01-23 22:22:07.542 12617 12617 E ArmVmp : Match on catch block at 0xc3 in for 0xa9
01-23 22:22:07.545 12617 12617 E ArmVmp : Match on catch block at 0xc3 in for 0xa1
01-23 22:22:07.546 12617 12617 E ArmVmp : Match on catch block at 0xc3 in for 0xa5
01-23 22:22:07.548 12617 12617 E ArmVmp : Match on catch block at 0xc3 in for 0xa9
01-23 22:22:07.550 12617 12617 E ArmVmp : Match on catch block at 0xc3 in for 0xa1
01-23 22:22:07.557 12617 12617 E ArmVmp : Match on catch block at 0xc3 in for 0xa9
01-23 22:22:07.560 12617 12617 E ArmVmp : Match on catch block at 0xc3 in for 0xa1
01-23 22:22:07.563 12617 12617 E ArmVmp : Match on catch block at 0xc3 in for 0xa5
01-23 22:22:07.565 12617 12617 E ArmVmp : Match on catch block at 0xc3 in for 0xa9
01-23 22:22:07.566 12617 12617 E ArmVmp : Match on catch block at 0xc3 in for 0xa1
01-23 22:22:07.568 12617 12617 E ArmVmp : Match on catch block at 0xc3 in for 0xa5
01-23 22:22:07.570 12617 12617 E ArmVmp : Match on catch block at 0xc3 in for 0xa9
01-23 22:22:07.576 12617 12617 E ArmVmp : Match on catch block at 0xc3 in for 0xa5
01-23 22:22:07.579 12617 12617 E ArmVmp : Match on catch block at 0xc3 in for 0xa9
01-23 22:22:07.581 12617 12617 E ArmVmp : Match on catch block at 0xc3 in for 0xa1
01-23 22:22:07.582 12617 12617 E ArmVmp : Match on catch block at 0xc3 in for 0xa5
01-23 22:22:07.584 12617 12617 E ArmVmp : Match on catch block at 0xc3 in for 0xa9
01-23 22:22:07.586 12617 12617 E ArmVmp : Match on catch block at 0xc3 in for 0xa1
01-23 22:22:07.588 12617 12617 E ArmVmp : Match on catch block at 0xc3 in for 0xa5
01-23 22:22:07.594 12617 12617 E ArmVmp : Match on catch block at 0xc3 in for 0xa1
01-23 22:22:07.597 12617 12617 E ArmVmp : Match on catch block at 0xc3 in for 0xa5
01-23 22:22:07.599 12617 12617 E ArmVmp : Match on catch block at 0xc3 in for 0xa9
01-23 22:22:07.600 12617 12617 E ArmVmp : Match on catch block at 0xc3 in for 0xa1
01-23 22:22:07.602 12617 12617 E ArmVmp : Match on catch block at 0xc3 in for 0xa5
01-23 22:22:07.604 12617 12617 E ArmVmp : Match on catch block at 0xc3 in for 0xa9
01-23 22:22:07.606 12617 12617 E ArmVmp : Match on catch block at 0xc3 in for 0xa1
01-23 22:22:07.624 12617 12617 E ArmVmp : Match on catch block at 0xc3 in for 0xa1
01-23 22:22:07.626 12617 12617 E ArmVmp : Match on catch block at 0xc3 in for 0xa5
01-23 22:22:07.628 12617 12617 E ArmVmp : Match on catch block at 0xc3 in for 0xa9
01-23 22:22:07.629 12617 12617 E ArmVmp : Match on catch block at 0xc3 in for 0xa1
01-23 22:22:07.631 12617 12617 E ArmVmp : Match on catch block at 0xc3 in for 0xa5
01-23 22:22:07.632 12617 12617 E ArmVmp : Match on catch block at 0xc3 in for 0xa9
01-23 22:22:07.634 12617 12617 E ArmVmp : Match on catch block at 0xc3 in for 0xa1
01-23 22:22:07.639 12617 12617 E ArmVmp : Match on catch block at 0xc3 in for 0xa9
01-23 22:22:07.643 12617 12617 E ArmVmp : Match on catch block at 0xc3 in for 0xa1
01-23 22:22:07.646 12617 12617 E ArmVmp : Match on catch block at 0xc3 in for 0xa5
01-23 22:22:07.647 12617 12617 E ArmVmp : Match on catch block at 0xc3 in for 0xa9
01-23 22:22:07.649 12617 12617 E ArmVmp : Match on catch block at 0xc3 in for 0xa1
01-23 22:22:07.651 12617 12617 E ArmVmp : Match on catch block at 0xc3 in for 0xa5
01-23 22:22:07.653 12617 12617 E ArmVmp : Match on catch block at 0xc3 in for 0xa9
01-23 22:22:07.659 12617 12617 E ArmVmp : Match on catch block at 0xc3 in for 0xa5
01-23 22:22:07.663 12617 12617 E ArmVmp : Match on catch block at 0xc3 in for 0xa9
01-23 22:22:07.664 12617 12617 E ArmVmp : Match on catch block at 0xc3 in for 0xa1
01-23 22:22:07.666 12617 12617 E ArmVmp : Match on catch block at 0xc3 in for 0xa5
01-23 22:22:07.668 12617 12617 E ArmVmp : Match on catch block at 0xc3 in for 0xa9
01-23 22:22:07.670 12617 12617 E ArmVmp : Match on catch block at 0xc3 in for 0xa1
01-23 22:22:07.671 12617 12617 E ArmVmp : Match on catch block at 0xc3 in for 0xa5
01-23 22:22:07.679 12617 12617 E ArmVmp : Match on catch block at 0xc3 in for 0xa1
01-23 22:22:07.682 12617 12617 E ArmVmp : Match on catch block at 0xc3 in for 0xa5
01-23 22:22:07.684 12617 12617 E ArmVmp : Match on catch block at 0xc3 in for 0xa9
01-23 22:22:07.686 12617 12617 E ArmVmp : Match on catch block at 0xc3 in for 0xa1
01-23 22:22:07.689 12617 12617 E ArmVmp : Match on catch block at 0xc3 in for 0xa5
01-23 22:22:07.691 12617 12617 E ArmVmp : Match on catch block at 0xc3 in for 0xa9
01-23 22:22:07.693 12617 12617 E ArmVmp : Match on catch block at 0xc3 in for 0xa1
01-23 22:22:07.700 12617 12617 E ArmVmp : Match on catch block at 0xc3 in for 0xa9
01-23 22:22:07.704 12617 12617 E ArmVmp : Match on catch block at 0xc3 in for 0xa1
01-23 22:22:07.707 12617 12617 E ArmVmp : Match on catch block at 0xc3 in for 0xa5
01-23 22:22:07.709 12617 12617 E ArmVmp : Match on catch block at 0xc3 in for 0xa9
01-23 22:22:07.712 12617 12617 E ArmVmp : Match on catch block at 0xc3 in for 0xa1
01-23 22:22:07.715 12617 12617 E ArmVmp : Match on catch block at 0xc3 in for 0xa5
01-23 22:22:07.717 12617 12617 E ArmVmp : Match on catch block at 0xc3 in for 0xa9
01-23 22:22:07.723 12617 12617 E ArmVmp : Match on catch block at 0xc3 in for 0xa5
01-23 22:22:07.725 12617 12617 E ArmVmp : Match on catch block at 0xc3 in for 0xa9
01-23 22:22:07.727 12617 12617 E ArmVmp : Match on catch block at 0xc3 in for 0xa1
01-23 22:22:07.729 12617 12617 E ArmVmp : Match on catch block at 0xc3 in for 0xa5
01-23 22:22:07.731 12617 12617 E ArmVmp : Match on catch block at 0xc3 in for 0xa9
01-23 22:22:07.732 12617 12617 E ArmVmp : Match on catch block at 0xc3 in for 0xa1
01-23 22:22:07.734 12617 12617 E ArmVmp : Match on catch block at 0xc3 in for 0xa5
01-23 22:22:07.739 12617 12617 E ArmVmp : Match on catch block at 0xc3 in for 0xa1
01-23 22:22:07.742 12617 12617 E ArmVmp : Match on catch block at 0xc3 in for 0xa5
01-23 22:22:07.744 12617 12617 E ArmVmp : Match on catch block at 0xc3 in for 0xa9
01-23 22:22:07.746 12617 12617 E ArmVmp : Match on catch block at 0xc3 in for 0xa1
01-23 22:22:07.748 12617 12617 E ArmVmp : Match on catch block at 0xc3 in for 0xa5
01-23 22:22:07.749 12617 12617 E ArmVmp : Match on catch block at 0xc3 in for 0xa9
01-23 22:22:07.751 12617 12617 E ArmVmp : Match on catch block at 0xc3 in for 0xa1
01-23 22:22:07.756 12617 12617 E ArmVmp : Match on catch block at 0xc3 in for 0xa9
01-23 22:22:07.759 12617 12617 E ArmVmp : Match on catch block at 0xc3 in for 0xa1
01-23 22:22:07.761 12617 12617 E ArmVmp : Match on catch block at 0xc3 in for 0xa5
01-23 22:22:07.763 12617 12617 E ArmVmp : Match on catch block at 0xc3 in for 0xa9
01-23 22:22:07.764 12617 12617 E ArmVmp : Match on catch block at 0xc3 in for 0xa1
01-23 22:22:07.765 12617 12617 E ArmVmp : Match on catch block at 0xc3 in for 0xa5
01-23 22:22:07.768 12617 12617 E ArmVmp : Match on catch block at 0xc3 in for 0xa9
01-23 22:22:07.772 12617 12617 E ArmVmp : Match on catch block at 0xc3 in for 0xa5
01-23 22:22:07.775 12617 12617 E ArmVmp : Match on catch block at 0xc3 in for 0xa9
01-23 22:22:07.777 12617 12617 E ArmVmp : Match on catch block at 0xc3 in for 0xa1
01-23 22:22:07.778 12617 12617 E ArmVmp : Match on catch block at 0xc3 in for 0xa5
01-23 22:22:07.780 12617 12617 E ArmVmp : Match on catch block at 0xc3 in for 0xa9
01-23 22:22:07.781 12617 12617 E ArmVmp : Match on catch block at 0xc3 in for 0xa1
01-23 22:22:07.783 12617 12617 E ArmVmp : Match on catch block at 0xc3 in for 0xa5
01-23 22:22:07.790 12617 12617 E ArmVmp : Match on catch block at 0xc3 in for 0xa1
01-23 22:22:07.793 12617 12617 E ArmVmp : Match on catch block at 0xc3 in for 0xa5
01-23 22:22:07.795 12617 12617 E ArmVmp : Match on catch block at 0xc3 in for 0xa9
01-23 22:22:07.797 12617 12617 E ArmVmp : Match on catch block at 0xc3 in for 0xa1
01-23 22:22:07.800 12617 12617 E ArmVmp : Match on catch block at 0xc3 in for 0xa5
01-23 22:22:07.802 12617 12617 E ArmVmp : Match on catch block at 0xc3 in for 0xa9
01-23 22:22:07.804 12617 12617 E ArmVmp : Match on catch block at 0xc3 in for 0xa1
01-23 22:22:07.810 12617 12617 E ArmVmp : Match on catch block at 0xc3 in for 0xa9
01-23 22:22:07.813 12617 12617 E ArmVmp : Match on catch block at 0xc3 in for 0xa1
01-23 22:22:07.814 12617 12617 E ArmVmp : Match on catch block at 0xc3 in for 0xa5
01-23 22:22:07.817 12617 12617 E ArmVmp : Match on catch block at 0xc3 in for 0xa9
01-23 22:22:07.819 12617 12617 E ArmVmp : Match on catch block at 0xc3 in for 0xa1
01-23 22:22:07.820 12617 12617 E ArmVmp : Match on catch block at 0xc3 in for 0xa5
01-23 22:22:07.822 12617 12617 E ArmVmp : Match on catch block at 0xc3 in for 0xa9
01-23 22:22:07.827 12617 12617 E ArmVmp : Match on catch block at 0xc3 in for 0xa5
01-23 22:22:07.830 12617 12617 E ArmVmp : Match on catch block at 0xc3 in for 0xa9
01-23 22:22:07.832 12617 12617 E ArmVmp : Match on catch block at 0xc3 in for 0xa1
01-23 22:22:07.834 12617 12617 E ArmVmp : Match on catch block at 0xc3 in for 0xa5
01-23 22:22:07.835 12617 12617 E ArmVmp : Match on catch block at 0xc3 in for 0xa9
01-23 22:22:07.837 12617 12617 E ArmVmp : Match on catch block at 0xc3 in for 0xa1
01-23 22:22:07.838 12617 12617 E ArmVmp : Match on catch block at 0xc3 in for 0xa5
01-23 22:22:07.843 12617 12617 E ArmVmp : Match on catch block at 0xc3 in for 0xa1
01-23 22:22:07.846 12617 12617 E ArmVmp : Match on catch block at 0xc3 in for 0xa5
01-23 22:22:07.848 12617 12617 E ArmVmp : Match on catch block at 0xc3 in for 0xa9
01-23 22:22:07.850 12617 12617 E ArmVmp : Match on catch block at 0xc3 in for 0xa1
01-23 22:22:07.852 12617 12617 E ArmVmp : Match on catch block at 0xc3 in for 0xa5
01-23 22:22:07.854 12617 12617 E ArmVmp : Match on catch block at 0xc3 in for 0xa9
01-23 22:22:07.856 12617 12617 E ArmVmp : Match on catch block at 0xc3 in for 0xa1
01-23 22:22:07.875 12617 12617 E ArmVmp : Match on catch block at 0xc3 in for 0xa5
01-23 22:22:07.878 12617 12617 E ArmVmp : Match on catch block at 0xc3 in for 0xa9
01-23 22:22:07.880 12617 12617 E ArmVmp : Match on catch block at 0xc3 in for 0xa1
01-23 22:22:07.882 12617 12617 E ArmVmp : Match on catch block at 0xc3 in for 0xa5
01-23 22:22:07.883 12617 12617 E ArmVmp : Match on catch block at 0xc3 in for 0xa9
01-23 22:22:07.884 12617 12617 E ArmVmp : Match on catch block at 0xc3 in for 0xa1
01-23 22:22:07.885 12617 12617 E ArmVmp : Match on catch block at 0xc3 in for 0xa5
01-23 22:22:07.891 12617 12617 E ArmVmp : Match on catch block at 0xc3 in for 0xa1
01-23 22:22:07.894 12617 12617 E ArmVmp : Match on catch block at 0xc3 in for 0xa5
01-23 22:22:07.896 12617 12617 E ArmVmp : Match on catch block at 0xc3 in for 0xa9
01-23 22:22:07.898 12617 12617 E ArmVmp : Match on catch block at 0xc3 in for 0xa1
01-23 22:22:07.899 12617 12617 E ArmVmp : Match on catch block at 0xc3 in for 0xa5
01-23 22:22:07.901 12617 12617 E ArmVmp : Match on catch block at 0xc3 in for 0xa9
01-23 22:22:07.902 12617 12617 E ArmVmp : Match on catch block at 0xc3 in for 0xa1
01-23 22:22:07.907 12617 12617 E ArmVmp : Match on catch block at 0xc3 in for 0xa9
01-23 22:22:07.910 12617 12617 E ArmVmp : Match on catch block at 0xc3 in for 0xa1
01-23 22:22:07.912 12617 12617 E ArmVmp : Match on catch block at 0xc3 in for 0xa5
01-23 22:22:07.915 12617 12617 E ArmVmp : Match on catch block at 0xc3 in for 0xa9
01-23 22:22:07.916 12617 12617 E ArmVmp : Match on catch block at 0xc3 in for 0xa1
01-23 22:22:07.918 12617 12617 E ArmVmp : Match on catch block at 0xc3 in for 0xa5
01-23 22:22:07.920 12617 12617 E ArmVmp : Match on catch block at 0xc3 in for 0xa9
01-23 22:22:07.924 12617 12617 E ArmVmp : Match on catch block at 0xc3 in for 0xa5
01-23 22:22:07.928 12617 12617 E ArmVmp : Match on catch block at 0xc3 in for 0xa9
01-23 22:22:07.930 12617 12617 E ArmVmp : Match on catch block at 0xc3 in for 0xa1
01-23 22:22:07.932 12617 12617 E ArmVmp : Match on catch block at 0xc3 in for 0xa5
01-23 22:22:07.934 12617 12617 E ArmVmp : Match on catch block at 0xc3 in for 0xa9
01-23 22:22:07.937 12617 12617 E ArmVmp : Match on catch block at 0xc3 in for 0xa1
01-23 22:22:07.938 12617 12617 E ArmVmp : Match on catch block at 0xc3 in for 0xa5
01-23 22:22:07.944 12617 12617 E ArmVmp : Match on catch block at 0xc3 in for 0xa1
01-23 22:22:07.948 12617 12617 E ArmVmp : Match on catch block at 0xc3 in for 0xa5
01-23 22:22:07.950 12617 12617 E ArmVmp : Match on catch block at 0xc3 in for 0xa9
01-23 22:22:07.952 12617 12617 E ArmVmp : Match on catch block at 0xc3 in for 0xa1
01-23 22:22:07.954 12617 12617 E ArmVmp : Match on catch block at 0xc3 in for 0xa5
01-23 22:22:07.957 12617 12617 E ArmVmp : Match on catch block at 0xc3 in for 0xa9
01-23 22:22:07.959 12617 12617 E ArmVmp : Match on catch block at 0xc3 in for 0xa1
01-23 22:22:07.964 12617 12617 E ArmVmp : Match on catch block at 0xc3 in for 0xa9
01-23 22:22:07.969 12617 12617 E ArmVmp : Match on catch block at 0xc3 in for 0xa1
01-23 22:22:07.971 12617 12617 E ArmVmp : Match on catch block at 0xc3 in for 0xa5
01-23 22:22:07.972 12617 12617 E ArmVmp : Match on catch block at 0xc3 in for 0xa9
01-23 22:22:07.974 12617 12617 E ArmVmp : Match on catch block at 0xc3 in for 0xa1
01-23 22:22:07.976 12617 12617 E ArmVmp : Match on catch block at 0xc3 in for 0xa5
01-23 22:22:07.978 12617 12617 E ArmVmp : Match on catch block at 0xc3 in for 0xa9
01-23 22:22:07.983 12617 12617 E ArmVmp : Match on catch block at 0xc3 in for 0xa5
01-23 22:22:07.986 12617 12617 E ArmVmp : Match on catch block at 0xc3 in for 0xa9
01-23 22:22:07.989 12617 12617 E ArmVmp : Match on catch block at 0xc3 in for 0xa1
01-23 22:22:07.991 12617 12617 E ArmVmp : Match on catch block at 0xc3 in for 0xa5
01-23 22:22:07.993 12617 12617 E ArmVmp : Match on catch block at 0xc3 in for 0xa9
01-23 22:22:07.994 12617 12617 E ArmVmp : Match on catch block at 0xc3 in for 0xa1
01-23 22:22:07.996 12617 12617 E ArmVmp : Match on catch block at 0xc3 in for 0xa5
01-23 22:22:08.001 12617 12617 E ArmVmp : Match on catch block at 0xc3 in for 0xa1
01-23 22:22:08.005 12617 12617 E ArmVmp : Match on catch block at 0xc3 in for 0xa5
01-23 22:22:08.007 12617 12617 E ArmVmp : Match on catch block at 0xc3 in for 0xa9
01-23 22:22:08.009 12617 12617 E ArmVmp : Match on catch block at 0xc3 in for 0xa1
01-23 22:22:08.011 12617 12617 E ArmVmp : Match on catch block at 0xc3 in for 0xa5
01-23 22:22:08.013 12617 12617 E ArmVmp : Match on catch block at 0xc3 in for 0xa9
01-23 22:22:08.015 12617 12617 E ArmVmp : Match on catch block at 0xc3 in for 0xa1
01-23 22:22:08.021 12617 12617 E ArmVmp : Match on catch block at 0xc3 in for 0xa9
01-23 22:22:08.024 12617 12617 E ArmVmp : Match on catch block at 0xc3 in for 0xa1
01-23 22:22:08.026 12617 12617 E ArmVmp : Match on catch block at 0xc3 in for 0xa5
01-23 22:22:08.028 12617 12617 E ArmVmp : Match on catch block at 0xc3 in for 0xa9
01-23 22:22:08.029 12617 12617 E ArmVmp : Match on catch block at 0xc3 in for 0xa1
01-23 22:22:08.031 12617 12617 E ArmVmp : Match on catch block at 0xc3 in for 0xa5
01-23 22:22:08.033 12617 12617 E ArmVmp : Match on catch block at 0xc3 in for 0xa9
01-23 22:22:08.039 12617 12617 E ArmVmp : Match on catch block at 0xc3 in for 0xa5
01-23 22:22:08.042 12617 12617 E ArmVmp : Match on catch block at 0xc3 in for 0xa9
01-23 22:22:08.044 12617 12617 E ArmVmp : Match on catch block at 0xc3 in for 0xa1
01-23 22:22:08.046 12617 12617 E ArmVmp : Match on catch block at 0xc3 in for 0xa5
01-23 22:22:08.048 12617 12617 E ArmVmp : Match on catch block at 0xc3 in for 0xa9
01-23 22:22:08.049 12617 12617 E ArmVmp : Match on catch block at 0xc3 in for 0xa1
01-23 22:22:08.051 12617 12617 E ArmVmp : Match on catch block at 0xc3 in for 0xa5
01-23 22:22:08.057 12617 12617 E ArmVmp : Match on catch block at 0xc3 in for 0xa1
01-23 22:22:08.061 12617 12617 E ArmVmp : Match on catch block at 0xc3 in for 0xa5
01-23 22:22:08.063 12617 12617 E ArmVmp : Match on catch block at 0xc3 in for 0xa9
01-23 22:22:08.065 12617 12617 E ArmVmp : Match on catch block at 0xc3 in for 0xa1
01-23 22:22:08.067 12617 12617 E ArmVmp : Match on catch block at 0xc3 in for 0xa5
01-23 22:22:08.069 12617 12617 E ArmVmp : Match on catch block at 0xc3 in for 0xa9
01-23 22:22:08.071 12617 12617 E ArmVmp : Match on catch block at 0xc3 in for 0xa1
01-23 22:22:08.077 12617 12617 E ArmVmp : Match on catch block at 0xc3 in for 0xa9
01-23 22:22:08.080 12617 12617 E ArmVmp : Match on catch block at 0xc3 in for 0xa1
01-23 22:22:08.082 12617 12617 E ArmVmp : Match on catch block at 0xc3 in for 0xa5
01-23 22:22:08.084 12617 12617 E ArmVmp : Match on catch block at 0xc3 in for 0xa9
01-23 22:22:08.086 12617 12617 E ArmVmp : Match on catch block at 0xc3 in for 0xa1
01-23 22:22:08.087 12617 12617 E ArmVmp : Match on catch block at 0xc3 in for 0xa5
01-23 22:22:08.089 12617 12617 E ArmVmp : Match on catch block at 0xc3 in for 0xa9
01-23 22:22:08.096 12617 12617 E ArmVmp : Match on catch block at 0xc3 in for 0xa5
01-23 22:22:08.099 12617 12617 E ArmVmp : Match on catch block at 0xc3 in for 0xa9
01-23 22:22:08.101 12617 12617 E ArmVmp : Match on catch block at 0xc3 in for 0xa1
01-23 22:22:08.103 12617 12617 E ArmVmp : Match on catch block at 0xc3 in for 0xa5
01-23 22:22:08.105 12617 12617 E ArmVmp : Match on catch block at 0xc3 in for 0xa9
01-23 22:22:08.107 12617 12617 E ArmVmp : Match on catch block at 0xc3 in for 0xa1
01-23 22:22:08.109 12617 12617 E ArmVmp : Match on catch block at 0xc3 in for 0xa5
01-23 22:22:08.114 12617 12617 E ArmVmp : Match on catch block at 0xc3 in for 0xa1
01-23 22:22:08.117 12617 12617 E ArmVmp : Match on catch block at 0xc3 in for 0xa5
01-23 22:22:08.118 12617 12617 E ArmVmp : Match on catch block at 0xc3 in for 0xa9
01-23 22:22:08.120 12617 12617 E ArmVmp : Match on catch block at 0xc3 in for 0xa1
01-23 22:22:08.122 12617 12617 E ArmVmp : Match on catch block at 0xc3 in for 0xa5
01-23 22:22:08.123 12617 12617 E ArmVmp : Match on catch block at 0xc3 in for 0xa9
01-23 22:22:08.126 12617 12617 E ArmVmp : Match on catch block at 0xc3 in for 0xa1
01-23 22:22:08.131 12617 12617 E ArmVmp : Match on catch block at 0xc3 in for 0xa9
01-23 22:22:08.134 12617 12617 E ArmVmp : Match on catch block at 0xc3 in for 0xa1
01-23 22:22:08.136 12617 12617 E ArmVmp : Match on catch block at 0xc3 in for 0xa5
01-23 22:22:08.138 12617 12617 E ArmVmp : Match on catch block at 0xc3 in for 0xa9
01-23 22:22:08.139 12617 12617 E ArmVmp : Match on catch block at 0xc3 in for 0xa1
01-23 22:22:08.141 12617 12617 E ArmVmp : Match on catch block at 0xc3 in for 0xa5
01-23 22:22:08.143 12617 12617 E ArmVmp : Match on catch block at 0xc3 in for 0xa9
01-23 22:22:08.148 12617 12617 E ArmVmp : Match on catch block at 0xc3 in for 0xa5
01-23 22:22:08.151 12617 12617 E ArmVmp : Match on catch block at 0xc3 in for 0xa9
01-23 22:22:08.153 12617 12617 E ArmVmp : Match on catch block at 0xc3 in for 0xa1
01-23 22:22:08.154 12617 12617 E ArmVmp : Match on catch block at 0xc3 in for 0xa5
01-23 22:22:08.156 12617 12617 E ArmVmp : Match on catch block at 0xc3 in for 0xa9
01-23 22:22:08.158 12617 12617 E ArmVmp : Match on catch block at 0xc3 in for 0xa1
01-23 22:22:08.161 12617 12617 E ArmVmp : Match on catch block at 0xc3 in for 0xa5
01-23 22:22:08.166 12617 12617 E ArmVmp : Match on catch block at 0xc3 in for 0xa1
01-23 22:22:08.169 12617 12617 E ArmVmp : Match on catch block at 0xc3 in for 0xa5
01-23 22:22:08.170 12617 12617 E ArmVmp : Match on catch block at 0xc3 in for 0xa9
01-23 22:22:08.172 12617 12617 E ArmVmp : Match on catch block at 0xc3 in for 0xa1
01-23 22:22:08.173 12617 12617 E ArmVmp : Match on catch block at 0xc3 in for 0xa5
01-23 22:22:08.174 12617 12617 E ArmVmp : Match on catch block at 0xc3 in for 0xa9
01-23 22:22:08.176 12617 12617 E ArmVmp : Match on catch block at 0xc3 in for 0xa1
01-23 22:22:08.181 12617 12617 E ArmVmp : Match on catch block at 0xc3 in for 0xa9
01-23 22:22:08.184 12617 12617 E ArmVmp : Match on catch block at 0xc3 in for 0xa1
01-23 22:22:08.186 12617 12617 E ArmVmp : Match on catch block at 0xc3 in for 0xa5
01-23 22:22:08.188 12617 12617 E ArmVmp : Match on catch block at 0xc3 in for 0xa9
01-23 22:22:08.189 12617 12617 E ArmVmp : Match on catch block at 0xc3 in for 0xa1
01-23 22:22:08.191 12617 12617 E ArmVmp : Match on catch block at 0xc3 in for 0xa5
01-23 22:22:08.193 12617 12617 E ArmVmp : Match on catch block at 0xc3 in for 0xa9
01-23 22:22:08.199 12617 12617 E ArmVmp : Match on catch block at 0xc3 in for 0xa5
01-23 22:22:08.201 12617 12617 E ArmVmp : Match on catch block at 0xc3 in for 0xa9
01-23 22:22:08.203 12617 12617 E ArmVmp : Match on catch block at 0xc3 in for 0xa1
01-23 22:22:08.204 12617 12617 E ArmVmp : Match on catch block at 0xc3 in for 0xa5
01-23 22:22:08.206 12617 12617 E ArmVmp : Match on catch block at 0xc3 in for 0xa9
01-23 22:22:08.207 12617 12617 E ArmVmp : Match on catch block at 0xc3 in for 0xa1
01-23 22:22:08.209 12617 12617 E ArmVmp : Match on catch block at 0xc3 in for 0xa5
01-23 22:22:08.215 12617 12617 E ArmVmp : Match on catch block at 0xc3 in for 0xa1
01-23 22:22:08.218 12617 12617 E ArmVmp : Match on catch block at 0xc3 in for 0xa5
01-23 22:22:08.219 12617 12617 E ArmVmp : Match on catch block at 0xc3 in for 0xa9
01-23 22:22:08.221 12617 12617 E ArmVmp : Match on catch block at 0xc3 in for 0xa1
01-23 22:22:08.223 12617 12617 E ArmVmp : Match on catch block at 0xc3 in for 0xa5
01-23 22:22:08.224 12617 12617 E ArmVmp : Match on catch block at 0xc3 in for 0xa9
01-23 22:22:08.227 12617 12617 E ArmVmp : Match on catch block at 0xc3 in for 0xa1
01-23 22:22:08.232 12617 12617 E ArmVmp : Match on catch block at 0xc3 in for 0xa9
01-23 22:22:08.235 12617 12617 E ArmVmp : Match on catch block at 0xc3 in for 0xa1
01-23 22:22:08.237 12617 12617 E ArmVmp : Match on catch block at 0xc3 in for 0xa5
01-23 22:22:08.239 12617 12617 E ArmVmp : Match on catch block at 0xc3 in for 0xa9
01-23 22:22:08.240 12617 12617 E ArmVmp : Match on catch block at 0xc3 in for 0xa1
01-23 22:22:08.242 12617 12617 E ArmVmp : Match on catch block at 0xc3 in for 0xa5
01-23 22:22:08.244 12617 12617 E ArmVmp : Match on catch block at 0xc3 in for 0xa9
01-23 22:22:08.249 12617 12617 E ArmVmp : Match on catch block at 0xc3 in for 0xa5
01-23 22:22:08.252 12617 12617 E ArmVmp : Match on catch block at 0xc3 in for 0xa9
01-23 22:22:08.254 12617 12617 E ArmVmp : Match on catch block at 0xc3 in for 0xa1
01-23 22:22:08.256 12617 12617 E ArmVmp : Match on catch block at 0xc3 in for 0xa5
01-23 22:22:08.258 12617 12617 E ArmVmp : Match on catch block at 0xc3 in for 0xa9
01-23 22:22:08.261 12617 12617 E ArmVmp : Match on catch block at 0xc3 in for 0xa1
01-23 22:22:08.263 12617 12617 E ArmVmp : Match on catch block at 0xc3 in for 0xa5
01-23 22:22:08.268 12617 12617 E ArmVmp : Match on catch block at 0xc3 in for 0xa1
01-23 22:22:08.271 12617 12617 E ArmVmp : Match on catch block at 0xc3 in for 0xa5
01-23 22:22:08.273 12617 12617 E ArmVmp : Match on catch block at 0xc3 in for 0xa9
01-23 22:22:08.275 12617 12617 E ArmVmp : Match on catch block at 0xc3 in for 0xa1
01-23 22:22:08.277 12617 12617 E ArmVmp : Match on catch block at 0xc3 in for 0xa5
01-23 22:22:08.279 12617 12617 E ArmVmp : Match on catch block at 0xc3 in for 0xa9
01-23 22:22:08.281 12617 12617 E ArmVmp : Match on catch block at 0xc3 in for 0xa1
01-23 22:22:08.287 12617 12617 E ArmVmp : Match on catch block at 0xc3 in for 0xa9
01-23 22:22:08.290 12617 12617 E ArmVmp : Match on catch block at 0xc3 in for 0xa1
01-23 22:22:08.291 12617 12617 E ArmVmp : Match on catch block at 0xc3 in for 0xa5
01-23 22:22:08.293 12617 12617 E ArmVmp : Match on catch block at 0xc3 in for 0xa9
01-23 22:22:08.295 12617 12617 E ArmVmp : Match on catch block at 0xc3 in for 0xa1
01-23 22:22:08.297 12617 12617 E ArmVmp : Match on catch block at 0xc3 in for 0xa5
01-23 22:22:08.299 12617 12617 E ArmVmp : Match on catch block at 0xc3 in for 0xa9
01-23 22:22:08.304 12617 12617 E ArmVmp : Match on catch block at 0xc3 in for 0xa5
01-23 22:22:08.308 12617 12617 E ArmVmp : Match on catch block at 0xc3 in for 0xa9
01-23 22:22:08.309 12617 12617 E ArmVmp : Match on catch block at 0xc3 in for 0xa1
01-23 22:22:08.311 12617 12617 E ArmVmp : Match on catch block at 0xc3 in for 0xa5
01-23 22:22:08.313 12617 12617 E ArmVmp : Match on catch block at 0xc3 in for 0xa9
01-23 22:22:08.314 12617 12617 E ArmVmp : Match on catch block at 0xc3 in for 0xa1
01-23 22:22:08.317 12617 12617 E ArmVmp : Match on catch block at 0xc3 in for 0xa5
01-23 22:22:08.322 12617 12617 E ArmVmp : Match on catch block at 0xc3 in for 0xa1
01-23 22:22:08.325 12617 12617 E ArmVmp : Match on catch block at 0xc3 in for 0xa5
01-23 22:22:08.326 12617 12617 E ArmVmp : Match on catch block at 0xc3 in for 0xa9
01-23 22:22:08.328 12617 12617 E ArmVmp : Match on catch block at 0xc3 in for 0xa1
01-23 22:22:08.330 12617 12617 E ArmVmp : Match on catch block at 0xc3 in for 0xa5
01-23 22:22:08.332 12617 12617 E ArmVmp : Match on catch block at 0xc3 in for 0xa9
01-23 22:22:08.334 12617 12617 E ArmVmp : Match on catch block at 0xc3 in for 0xa1
01-23 22:22:08.339 12617 12617 E ArmVmp : Match on catch block at 0xc3 in for 0xa9
01-23 22:22:08.342 12617 12617 E ArmVmp : Match on catch block at 0xc3 in for 0xa1
01-23 22:22:08.344 12617 12617 E ArmVmp : Match on catch block at 0xc3 in for 0xa5
01-23 22:22:08.346 12617 12617 E ArmVmp : Match on catch block at 0xc3 in for 0xa9
01-23 22:22:08.348 12617 12617 E ArmVmp : Match on catch block at 0xc3 in for 0xa1
01-23 22:22:08.350 12617 12617 E ArmVmp : Match on catch block at 0xc3 in for 0xa5
01-23 22:22:08.353 12617 12617 E ArmVmp : Match on catch block at 0xc3 in for 0xa9
01-23 22:22:08.361 12617 12617 E ArmVmp : Match on catch block at 0xc3 in for 0xa5
01-23 22:22:08.364 12617 12617 E ArmVmp : Match on catch block at 0xc3 in for 0xa9
01-23 22:22:08.366 12617 12617 E ArmVmp : Match on catch block at 0xc3 in for 0xa1
01-23 22:22:08.368 12617 12617 E ArmVmp : Match on catch block at 0xc3 in for 0xa5
01-23 22:22:08.370 12617 12617 E ArmVmp : Match on catch block at 0xc3 in for 0xa9
01-23 22:22:08.372 12617 12617 E ArmVmp : Match on catch block at 0xc3 in for 0xa1
01-23 22:22:08.374 12617 12617 E ArmVmp : Match on catch block at 0xc3 in for 0xa5
01-23 22:22:08.380 12617 12617 E ArmVmp : Match on catch block at 0xc3 in for 0xa1
01-23 22:22:08.383 12617 12617 E ArmVmp : Match on catch block at 0xc3 in for 0xa5
01-23 22:22:08.385 12617 12617 E ArmVmp : Match on catch block at 0xc3 in for 0xa9
01-23 22:22:08.386 12617 12617 E ArmVmp : Match on catch block at 0xc3 in for 0xa1
01-23 22:22:08.388 12617 12617 E ArmVmp : Match on catch block at 0xc3 in for 0xa5
01-23 22:22:08.389 12617 12617 E ArmVmp : Match on catch block at 0xc3 in for 0xa9
01-23 22:22:08.391 12617 12617 E ArmVmp : Match on catch block at 0xc3 in for 0xa1
01-23 22:22:08.397 12617 12617 E ArmVmp : Match on catch block at 0xc3 in for 0xa9
01-23 22:22:08.400 12617 12617 E ArmVmp : Match on catch block at 0xc3 in for 0xa1
01-23 22:22:08.402 12617 12617 E ArmVmp : Match on catch block at 0xc3 in for 0xa5
01-23 22:22:08.404 12617 12617 E ArmVmp : Match on catch block at 0xc3 in for 0xa9
01-23 22:22:08.406 12617 12617 E ArmVmp : Match on catch block at 0xc3 in for 0xa1
01-23 22:22:08.407 12617 12617 E ArmVmp : Match on catch block at 0xc3 in for 0xa5
01-23 22:22:08.409 12617 12617 E ArmVmp : Match on catch block at 0xc3 in for 0xa9
01-23 22:22:08.414 12617 12617 E ArmVmp : Match on catch block at 0xc3 in for 0xa5
01-23 22:22:08.416 12617 12617 E ArmVmp : Match on catch block at 0xc3 in for 0xa9
01-23 22:22:08.418 12617 12617 E ArmVmp : Match on catch block at 0xc3 in for 0xa1
01-23 22:22:08.420 12617 12617 E ArmVmp : Match on catch block at 0xc3 in for 0xa5
01-23 22:22:08.422 12617 12617 E ArmVmp : Match on catch block at 0xc3 in for 0xa9
01-23 22:22:08.423 12617 12617 E ArmVmp : Match on catch block at 0xc3 in for 0xa1
01-23 22:22:08.425 12617 12617 E ArmVmp : Match on catch block at 0xc3 in for 0xa5
01-23 22:22:08.431 12617 12617 E ArmVmp : Match on catch block at 0xc3 in for 0xa1
01-23 22:22:08.434 12617 12617 E ArmVmp : Match on catch block at 0xc3 in for 0xa5
01-23 22:22:08.436 12617 12617 E ArmVmp : Match on catch block at 0xc3 in for 0xa9
01-23 22:22:08.438 12617 12617 E ArmVmp : Match on catch block at 0xc3 in for 0xa1
01-23 22:22:08.441 12617 12617 E ArmVmp : Match on catch block at 0xc3 in for 0xa5
01-23 22:22:08.444 12617 12617 E ArmVmp : Match on catch block at 0xc3 in for 0xa9
01-23 22:22:08.446 12617 12617 E ArmVmp : Match on catch block at 0xc3 in for 0xa1
01-23 22:22:08.450 12617 12617 E ArmVmp : Match on catch block at 0xc3 in for 0xa9
01-23 22:22:08.455 12617 12617 E ArmVmp : Match on catch block at 0xc3 in for 0xa1
01-23 22:22:08.457 12617 12617 E ArmVmp : Match on catch block at 0xc3 in for 0xa5
01-23 22:22:08.459 12617 12617 E ArmVmp : Match on catch block at 0xc3 in for 0xa9
01-23 22:22:08.461 12617 12617 E ArmVmp : Match on catch block at 0xc3 in for 0xa1
01-23 22:22:08.462 12617 12617 E ArmVmp : Match on catch block at 0xc3 in for 0xa5
01-23 22:22:08.465 12617 12617 E ArmVmp : Match on catch block at 0xc3 in for 0xa9
01-23 22:22:08.470 12617 12617 E ArmVmp : Match on catch block at 0xc3 in for 0xa5
01-23 22:22:08.474 12617 12617 E ArmVmp : Match on catch block at 0xc3 in for 0xa9
01-23 22:22:08.476 12617 12617 E ArmVmp : Match on catch block at 0xc3 in for 0xa1
01-23 22:22:08.478 12617 12617 E ArmVmp : Match on catch block at 0xc3 in for 0xa5
01-23 22:22:08.479 12617 12617 E ArmVmp : Match on catch block at 0xc3 in for 0xa9
01-23 22:22:08.481 12617 12617 E ArmVmp : Match on catch block at 0xc3 in for 0xa1
01-23 22:22:08.483 12617 12617 E ArmVmp : Match on catch block at 0xc3 in for 0xa5
01-23 22:22:08.488 12617 12617 E ArmVmp : Match on catch block at 0xc3 in for 0xa1
01-23 22:22:08.492 12617 12617 E ArmVmp : Match on catch block at 0xc3 in for 0xa5
01-23 22:22:08.494 12617 12617 E ArmVmp : Match on catch block at 0xc3 in for 0xa9
01-23 22:22:08.498 12617 12617 E ArmVmp : Match on catch block at 0xc3 in for 0xa1
01-23 22:22:08.500 12617 12617 E ArmVmp : Match on catch block at 0xc3 in for 0xa5
01-23 22:22:08.502 12617 12617 E ArmVmp : Match on catch block at 0xc3 in for 0xa9
01-23 22:22:08.504 12617 12617 E ArmVmp : Match on catch block at 0xc3 in for 0xa1
01-23 22:22:08.510 12617 12617 E ArmVmp : Match on catch block at 0xc3 in for 0xa9
01-23 22:22:08.514 12617 12617 E ArmVmp : Match on catch block at 0xc3 in for 0xa1
01-23 22:22:08.516 12617 12617 E ArmVmp : Match on catch block at 0xc3 in for 0xa5
01-23 22:22:08.518 12617 12617 E ArmVmp : Match on catch block at 0xc3 in for 0xa9
01-23 22:22:08.520 12617 12617 E ArmVmp : Match on catch block at 0xc3 in for 0xa1
01-23 22:22:08.522 12617 12617 E ArmVmp : Match on catch block at 0xc3 in for 0xa5
01-23 22:22:08.523 12617 12617 E ArmVmp : Match on catch block at 0xc3 in for 0xa9
01-23 22:22:08.878 12617 12617 E ArmVmp : Match on catch block at 0xc3 in for 0xa9
01-23 22:22:08.882 12617 12617 E ArmVmp : Match on catch block at 0xc3 in for 0xa1
01-23 22:22:08.884 12617 12617 E ArmVmp : Match on catch block at 0xc3 in for 0xa5
01-23 22:22:08.892 12617 12617 E ArmVmp : Match on catch block at 0xc3 in for 0xa9
01-23 22:22:08.894 12617 12617 E ArmVmp : Match on catch block at 0xc3 in for 0xa1
01-23 22:22:08.896 12617 12617 E ArmVmp : Match on catch block at 0xc3 in for 0xa5
01-23 22:22:08.897 12617 12617 E ArmVmp : Match on catch block at 0xc3 in for 0xa9
01-23 22:22:09.301 12617 17971 W libEGL : EGLNativeWindowType 0xb4000071d0130210
disconnect failed
01-23 22:22:09.315 12617 12617 E ArmVmp : Match on catch block at 0xc3 in for 0xa9
01-23 22:22:09.320 12617 12617 E ArmVmp : Match on catch block at 0xc3 in for 0xa1
01-23 22:22:09.322 12617 12617 E ArmVmp : Match on catch block at 0xc3 in for 0xa5
01-23 22:22:09.325 12617 12617 E ArmVmp : Match on catch block at 0xc3 in for 0xa9
01-23 22:22:09.329 12617 12617 E ArmVmp : Match on catch block at 0xc3 in for 0xa1
01-23 22:22:09.332 12617 12617 E ArmVmp : Match on catch block at 0xc3 in for 0xa5
01-23 22:22:09.334 12617 12617 E ArmVmp : Match on catch block at 0xc3 in for 0xa9
01-23 22:22:12.077 12617 17971 W libEGL : EGLNativeWindowType 0xb4000071d00bd2b0
disconnect failed
01-23 22:22:13.422 12617 12617 W View : requestLayout() improperly called by
androidx.appcompat.view.menu.ActionMenuItemView{64e31c0 VFED..C.. ......ID 0,7-
84,91 #7f0b0f8b app:id/menuitem_select_all} during layout: running second layout
pass
01-23 22:22:13.422 12617 12617 W View : requestLayout() improperly called by
androidx.appcompat.widget.ActionMenuView{cf3def9 V.E...... ......ID 636,0-720,98}
during layout: running second layout pass
01-23 22:22:13.658 12617 12617 W View : requestLayout() improperly called by
androidx.appcompat.view.menu.ActionMenuItemView{64e31c0 VFED..C.. ......ID 0,7-
84,91 #7f0b0f8b app:id/menuitem_select_all} during layout: running second layout
pass
01-23 22:22:13.658 12617 12617 W View : requestLayout() improperly called by
androidx.appcompat.widget.ActionMenuView{cf3def9 V.E...... ......ID 636,0-720,98}
during layout: running second layout pass
01-23 22:22:13.780 12617 17971 W libEGL : EGLNativeWindowType 0xb4000071d016fff0
disconnect failed
01-23 22:22:13.804 12617 12617 W View : requestLayout() improperly called by
androidx.appcompat.view.menu.ActionMenuItemView{64e31c0 VFED..C.. ......ID 0,7-
84,91 #7f0b0f8a app:id/menuitem_search} during layout: running second layout pass
01-23 22:22:13.804 12617 12617 W View : requestLayout() improperly called by
androidx.appcompat.view.menu.ActionMenuItemView{7f79716 VFED..C.. ......ID 84,7-
168,91 #7f0b0f8b app:id/menuitem_select_all} during layout: running second layout
pass
01-23 22:22:13.804 12617 12617 W View : requestLayout() improperly called by
androidx.appcompat.widget.ActionMenuView{cf3def9 V.E...... ......ID 552,0-720,98}
during layout: running second layout pass
01-23 22:22:14.929 12617 17971 W libEGL : EGLNativeWindowType 0xb4000071d01478c0
disconnect failed
01-23 22:22:15.639 12617 12617 W Choreographer: Frame time is 0.721048 ms in the
future! Check that graphics HAL is generating vsync timestamps using the correct
timebase.
01-23 22:22:17.063 12617 12617 E Dialog : show dialog
view=DecorView@f863047[ProfilePhotoBlockListPickerActivity]
01-23 22:22:17.319 12617 17971 W libEGL : EGLNativeWindowType 0xb4000071d016dde0
disconnect failed
01-23 22:22:17.589 12617 12617 W IInputConnectionWrapper: requestCursorAnchorInfo
on inactive InputConnection
01-23 22:22:17.608 12617 17971 W libEGL : EGLNativeWindowType 0xb4000071d016dde0
disconnect failed
01-23 22:22:17.929 12617 17971 W libEGL : EGLNativeWindowType 0xb4000071d01478c0
disconnect failed
01-23 22:22:18.249 12617 12617 E ArmVmp : Match on catch block at 0x0a in for 0xd5
01-23 22:22:18.262 12617 12617 E ArmVmp : Match on catch block at 0xc3 in for 0xa9
01-23 22:22:18.266 12617 12617 E ArmVmp : Match on catch block at 0xc3 in for 0xa1
01-23 22:22:18.268 12617 12617 E ArmVmp : Match on catch block at 0xc3 in for 0xa5
01-23 22:22:18.270 12617 12617 E ArmVmp : Match on catch block at 0xc3 in for 0xa9
01-23 22:22:18.274 12617 12617 E ArmVmp : Match on catch block at 0xc3 in for 0xa1
01-23 22:22:18.276 12617 12617 E ArmVmp : Match on catch block at 0xc3 in for 0xa5
01-23 22:22:18.278 12617 12617 E ArmVmp : Match on catch block at 0xc3 in for 0xa9
01-23 22:22:18.726 12617 17971 W libEGL : EGLNativeWindowType 0xb4000071d016dde0
disconnect failed
01-23 22:22:19.960 12617 17971 W libEGL : EGLNativeWindowType 0xb4000071d01478c0
disconnect failed
01-23 22:22:19.969 12617 12617 E ArmVmp : Match on catch block at 0xc3 in for 0xa1
01-23 22:22:19.973 12617 12617 E ArmVmp : Match on catch block at 0xc3 in for 0xa5
01-23 22:22:19.975 12617 12617 E ArmVmp : Match on catch block at 0xc3 in for 0xa9
01-23 22:22:19.976 12617 12617 E ArmVmp : Match on catch block at 0xc3 in for 0xa1
01-23 22:22:19.978 12617 12617 E ArmVmp : Match on catch block at 0xc3 in for 0xa5
01-23 22:22:19.980 12617 12617 E ArmVmp : Match on catch block at 0xc3 in for 0xa9
01-23 22:22:19.982 12617 12617 E ArmVmp : Match on catch block at 0xc3 in for 0xa1
01-23 22:22:20.681 21115 21115 E com.mbwhatsapp: Not starting debugger since
process cannot load the jdwp agent.
01-23 22:22:20.814 21115 21115 W System.err: java.lang.ClassNotFoundException:
mbmodsd.mbmodsw.ui.views.btn.BtnBK
01-23 22:22:20.816 21115 21115 W System.err: at
java.lang.Runtime.nativeLoad(Native Method)
01-23 22:22:20.816 21115 21115 W System.err: at
java.lang.Runtime.nativeLoad(Runtime.java:1131)
01-23 22:22:20.816 21115 21115 W System.err: at
java.lang.Runtime.loadLibrary0(Runtime.java:1085)
01-23 22:22:20.817 21115 21115 W System.err: at
java.lang.Runtime.loadLibrary0(Runtime.java:1008)
01-23 22:22:20.817 21115 21115 W System.err: at
java.lang.System.loadLibrary(System.java:1664)
01-23 22:22:20.817 21115 21115 W System.err: at arm.EpicVm.<clinit>(Unknown
Source:2)
01-23 22:22:20.817 21115 21115 W System.err: at
java.lang.Class.newInstance(Native Method)
01-23 22:22:20.817 21115 21115 W System.err: at
android.app.AppComponentFactory.instantiateApplication(AppComponentFactory.java:76)
01-23 22:22:20.817 21115 21115 W System.err: at
androidx.core.app.CoreComponentFactory.instantiateApplication(Unknown Source:0)
01-23 22:22:20.817 21115 21115 W System.err: at
android.app.Instrumentation.newApplication(Instrumentation.java:1158)
01-23 22:22:20.817 21115 21115 W System.err: at
android.app.LoadedApk.makeApplication(LoadedApk.java:1268)
01-23 22:22:20.817 21115 21115 W System.err: at
android.app.ActivityThread.handleBindApplication(ActivityThread.java:6889)
01-23 22:22:20.817 21115 21115 W System.err: at
android.app.ActivityThread.access$1300(ActivityThread.java:260)
01-23 22:22:20.817 21115 21115 W System.err: at
android.app.ActivityThread$H.handleMessage(ActivityThread.java:1955)
01-23 22:22:20.817 21115 21115 W System.err: at
android.os.Handler.dispatchMessage(Handler.java:106)
01-23 22:22:20.817 21115 21115 W System.err: at
android.os.Looper.loop(Looper.java:223)
01-23 22:22:20.817 21115 21115 W System.err: at
android.app.ActivityThread.main(ActivityThread.java:7955)
01-23 22:22:20.817 21115 21115 W System.err: at
java.lang.reflect.Method.invoke(Native Method)
01-23 22:22:20.817 21115 21115 W System.err: at
com.android.internal.os.RuntimeInit$MethodAndArgsCaller.run(RuntimeInit.java:603)
01-23 22:22:20.817 21115 21115 W System.err: at
com.android.internal.os.ZygoteInit.main(ZygoteInit.java:947)
01-23 22:22:20.859 21115 21115 E CustomActivityOnCrash: IMPORTANT WARNING! You
already have an UncaughtExceptionHandler, are you sure this is correct? If you use
a custom UncaughtExceptionHandler, you must initialize it AFTER
CustomActivityOnCrash! Installing anyway, but your original handler will not be
called.
01-23 22:22:21.235 21115 21115 W com.mbwhatsapp: Accessing hidden method
Lcom/android/org/conscrypt/OpenSSLSocketImpl;->setUseSessionTickets(Z)V (greylist-
max-q,test-api, reflection, denied)
01-23 22:22:21.235 21115 21115 W com.mbwhatsapp: Accessing hidden method
Lcom/android/org/conscrypt/AbstractConscryptSocket;->setUseSessionTickets(Z)V
(greylist-max-q, reflection, denied)
01-23 22:22:21.300 21115 21115 W com.mbwhatsapp: type=1400 audit(0.0:296922): avc:
granted { execute } for
path="/data/data/com.mbwhatsapp/files/decompressed/libs.spk.zst/libc++_shared.so"
dev="dm-11" ino=237720 scontext=u:r:untrusted_app:s0:c35,c257,c512,c768
tcontext=u:object_r:app_data_file:s0:c35,c257,c512,c768 tclass=file
app=com.mbwhatsapp
01-23 22:22:21.304 21115 21115 W linker : Warning:
"/data/data/com.mbwhatsapp/files/decompressed/libs.spk.zst/libc++_shared.so" unused
DT entry: unknown processor-specific (type 0x70000001 arg 0x0) (ignoring)
01-23 22:22:21.308 21115 21115 W com.mbwhatsapp: type=1400 audit(0.0:296923): avc:
granted { execute } for
path="/data/data/com.mbwhatsapp/files/decompressed/libs.spk.zst/libvlc.so" dev="dm-
11" ino=351519 scontext=u:r:untrusted_app:s0:c35,c257,c512,c768
tcontext=u:object_r:app_data_file:s0:c35,c257,c512,c768 tclass=file
app=com.mbwhatsapp
01-23 22:22:21.312 21115 21115 W com.mbwhatsapp: type=1400 audit(0.0:296924): avc:
granted { execute } for
path="/data/data/com.mbwhatsapp/files/decompressed/libs.spk.zst/libwhatsapp.so"
dev="dm-11" ino=321465 scontext=u:r:untrusted_app:s0:c35,c257,c512,c768
tcontext=u:object_r:app_data_file:s0:c35,c257,c512,c768 tclass=file
app=com.mbwhatsapp
01-23 22:22:21.344 21115 21115 W com.mbwhatsapp: type=1400 audit(0.0:296925): avc:
granted { execute } for
path="/data/data/com.mbwhatsapp/files/decompressed/libs.spk.zst/libcurve25519.so"
dev="dm-11" ino=289097 scontext=u:r:untrusted_app:s0:c35,c257,c512,c768
tcontext=u:object_r:app_data_file:s0:c35,c257,c512,c768 tclass=file
app=com.mbwhatsapp
01-23 22:22:21.348 21115 21115 W com.mbwhatsapp: type=1400 audit(0.0:296926): avc:
granted { execute } for
path="/data/data/com.mbwhatsapp/files/decompressed/libs.spk.zst/libwhatsapp.so"
dev="dm-11" ino=321465 scontext=u:r:untrusted_app:s0:c35,c257,c512,c768
tcontext=u:object_r:app_data_file:s0:c35,c257,c512,c768 tclass=file
app=com.mbwhatsapp
01-23 22:22:21.474 21115 21115 W CheckTime: App running slow: Executing
handleBindApplication : callApplicationOnCreate took 567ms
01-23 22:22:21.493 21115 21164 W com.mbwhatsapp: Class X.2rL failed lock
verification and will run slower.
01-23 22:22:21.493 21115 21164 W com.mbwhatsapp: Common causes for lock
verification issues are non-optimized dex code
01-23 22:22:21.493 21115 21164 W com.mbwhatsapp: and incorrect proguard
optimizations.
01-23 22:22:21.499 21115 21115 W com.mbwhatsapp: Class X.0eU failed lock
verification and will run slower.
01-23 22:22:21.688 21172 21172 E com.mbwhatsapp: Not starting debugger since
process cannot load the jdwp agent.
01-23 22:22:21.712 21115 21115 W com.mbwhatsapp: Class com.mbwhatsapp.HomeActivity
failed lock verification and will run slower.
01-23 22:22:21.758 21115 21115 E ArmVmp : Match on catch block at 0x81 in for 0xe9
01-23 22:22:21.827 21115 21115 E ArmVmp : Match on catch block at 0x4c in for 0xe1
01-23 22:22:21.845 21115 21115 E ArmVmp : Match on catch block at 0x81 in for 0xe1
01-23 22:22:22.080 21115 21115 E ArmVmp : Match on catch block at 0x0a in for 0xc1
01-23 22:22:22.119 21115 21115 E ArmVmp : Match on catch block at 0x0a in for
0x135
01-23 22:22:22.177 21115 21193 W com.mbwhatsapp: Accessing hidden method
Lcom/android/org/conscrypt/ConscryptEngineSocket;->setUseSessionTickets(Z)V
(greylist-max-q,test-api, reflection, denied)
01-23 22:22:22.177 21115 21193 W com.mbwhatsapp: Accessing hidden method
Lcom/android/org/conscrypt/OpenSSLSocketImpl;->setUseSessionTickets(Z)V (greylist-
max-q,test-api, reflection, denied)
01-23 22:22:22.177 21115 21193 W com.mbwhatsapp: Accessing hidden method
Lcom/android/org/conscrypt/AbstractConscryptSocket;->setUseSessionTickets(Z)V
(greylist-max-q, reflection, denied)
01-23 22:22:22.178 21115 21193 W com.mbwhatsapp: Accessing hidden method
