unintended behavior. This may change in the future. Please use
`addBottomSheetCallback()` and `removeBottomSheetCallback()` instead to set your
own callbacks.
01-22 23:16:14.361 11347 11347 E RecyclerView: No adapter attached; skipping layout
01-22 23:16:14.378 11347 11682 E ACodec : [OMX.sprd.h264.decoder] setPortMode on
output to DynamicANWBuffer failed w/ err -2147483648
01-22 23:16:14.422 11347 11685 W Codec2Client: query -- param skipped: index =
1107298332.
01-22 23:16:14.422 11347 11685 W CCodec : This behavior is subject to change. It
is recommended that app developers double check whether the requested max input
size is in reasonable range.
01-22 23:16:14.423 11347 11685 W Codec2Client: query -- param skipped: index =
1342179345.
01-22 23:16:14.423 11347 11685 W Codec2Client: query -- param skipped: index =
2415921170.
01-22 23:16:14.423 11347 11685 W Codec2Client: query -- param skipped: index =
1610614798.
01-22 23:16:14.424 11347 11685 E FMQ : grantorIdx must be less than 3
01-22 23:16:14.424 11347 11685 E FMQ : grantorIdx must be less than 3
01-22 23:16:14.428 11347 11685 E FMQ : grantorIdx must be less than 3
01-22 23:16:14.434 11347 11535 E FMQ : grantorIdx must be less than 3
01-22 23:16:14.613 11347 11685 W Codec2Client: query -- param skipped: index =
1342179345.
01-22 23:16:14.613 11347 11685 W Codec2Client: query -- param skipped: index =
2415921170.
01-22 23:16:14.613 11347 11685 W Codec2Client: query -- param skipped: index =
1610614798.
01-22 23:16:14.630 11347 11347 W BottomSheetBehavior: BottomSheetBehavior now
supports multiple callbacks. `setBottomSheetCallback()` removes all existing
callbacks, including ones set internally by library authors, which may result in
unintended behavior. This may change in the future. Please use
`addBottomSheetCallback()` and `removeBottomSheetCallback()` instead to set your
own callbacks.
01-22 23:16:14.630 11347 11347 W BottomSheetBehavior: BottomSheetBehavior now
supports multiple callbacks. `setBottomSheetCallback()` removes all existing
callbacks, including ones set internally by library authors, which may result in
unintended behavior. This may change in the future. Please use
`addBottomSheetCallback()` and `removeBottomSheetCallback()` instead to set your
own callbacks.
01-22 23:16:14.646 11347 11347 E RecyclerView: No adapter attached; skipping layout
01-22 23:16:14.711 11347 11393 E SQLiteDatabase: Error inserting transferred=0
media_job_uuid=6639acfa-4c64-4c8c-aa6a-934741cc3781 transcoded=0 gif_attribution=0
first_scan_length=0 direct_path=/v/t62.7161-
24/32552949_282447704547519_1433581964599652910_n.enc?ccb=11-
4&oh=01_AdS2PJ7F7pWjxOZVI4aHDBCoeZeoZ3JC-OK_Q8Iv7obQiw&oe=65D69C39&_nc_sid=5e03e0
thumbnail_height_width_ratio=1.7777778 is_animated_sticker=0
file_hash=4z07K+tLgkoi33Q41qXUeIIqcoeAI/Z1872c4AcIM2o= file_path=null file_size=0
partial_media_hash=null face_x=0 face_y=0 height=1024 trim_to=0
media_key_timestamp=1705981511000 message_url=https://mmg.whatsapp.net/v/t62.7161-
24/32552949_282447704547519_1433581964599652910_n.enc?ccb=11-
4&oh=01_AdS2PJ7F7pWjxOZVI4aHDBCoeZeoZ3JC-
OK_Q8Iv7obQiw&oe=65D69C39&_nc_sid=5e03e0&mms3=true media_caption=null trim_from=0
mime_type=video/mp4 partial_media_enc_hash=null width=576 original_file_hash=null
has_streaming_sidecar=1 autotransfer_retry_enabled=1 media_upload_handle=null
message_row_id=247008 multicast_id=null
enc_file_hash=GFD5J0I2TeSDVk7+j7dojau2y7yoYspLdMH0zM6U8LU= mute_video=0
page_count=0 first_scan_sidecar=null suspicious_content=0 file_length=1273726
media_name=null media_duration=15 chat_row_id=67 media_key=[B@dd76044
01-22 23:16:14.711 11347 11393 E SQLiteDatabase:
android.database.sqlite.SQLiteConstraintException: UNIQUE constraint failed:
message_media.message_row_id (code 1555 SQLITE_CONSTRAINT_PRIMARYKEY)
01-22 23:16:14.711 11347 11393 E SQLiteDatabase: at
android.database.sqlite.SQLiteConnection.nativeExecuteForLastInsertedRowId(Native
Method)
01-22 23:16:14.711 11347 11393 E SQLiteDatabase: at
android.database.sqlite.SQLiteConnection.executeForLastInsertedRowId(SQLiteConnecti
on.java:938)
01-22 23:16:14.711 11347 11393 E SQLiteDatabase: at
android.database.sqlite.SQLiteSession.executeForLastInsertedRowId(SQLiteSession.jav
a:790)
01-22 23:16:14.711 11347 11393 E SQLiteDatabase: at
android.database.sqlite.SQLiteStatement.executeInsert(SQLiteStatement.java:88)
01-22 23:16:14.711 11347 11393 E SQLiteDatabase: at
android.database.sqlite.SQLiteDatabase.insertWithOnConflict(SQLiteDatabase.java:170
1)
01-22 23:16:14.711 11347 11393 E SQLiteDatabase: at
android.database.sqlite.SQLiteDatabase.insert(SQLiteDatabase.java:1570)
01-22 23:16:14.711 11347 11393 E SQLiteDatabase: at X.2tm.A08(Unknown
Source:6)
01-22 23:16:14.711 11347 11393 E SQLiteDatabase: at X.35Y.A07(Unknown
Source:212)
01-22 23:16:14.711 11347 11393 E SQLiteDatabase: at X.3QF.A14(Unknown
Source:470)
01-22 23:16:14.711 11347 11393 E SQLiteDatabase: at X.3gU.run(Unknown
Source:982)
01-22 23:16:14.711 11347 11393 E SQLiteDatabase: at
android.os.Handler.handleCallback(Handler.java:938)
01-22 23:16:14.711 11347 11393 E SQLiteDatabase: at
android.os.Handler.dispatchMessage(Handler.java:99)
01-22 23:16:14.711 11347 11393 E SQLiteDatabase: at
X.0zq.dispatchMessage(Unknown Source:4)
01-22 23:16:14.711 11347 11393 E SQLiteDatabase: at
android.os.Looper.loop(Looper.java:223)
01-22 23:16:14.711 11347 11393 E SQLiteDatabase: at
android.os.HandlerThread.run(HandlerThread.java:67)
01-22 23:16:14.956 11347 11347 W BottomSheetBehavior: BottomSheetBehavior now
supports multiple callbacks. `setBottomSheetCallback()` removes all existing
callbacks, including ones set internally by library authors, which may result in
unintended behavior. This may change in the future. Please use
`addBottomSheetCallback()` and `removeBottomSheetCallback()` instead to set your
own callbacks.
01-22 23:16:14.956 11347 11347 W BottomSheetBehavior: BottomSheetBehavior now
supports multiple callbacks. `setBottomSheetCallback()` removes all existing
callbacks, including ones set internally by library authors, which may result in
unintended behavior. This may change in the future. Please use
`addBottomSheetCallback()` and `removeBottomSheetCallback()` instead to set your
own callbacks.
01-22 23:16:14.980 11347 11347 E RecyclerView: No adapter attached; skipping layout
01-22 23:16:14.982 11347 11696 E ACodec : [OMX.sprd.h264.decoder] setPortMode on
output to DynamicANWBuffer failed w/ err -2147483648
01-22 23:16:15.036 11347 11699 W Codec2Client: query -- param skipped: index =
1107298332.
01-22 23:16:15.036 11347 11699 W CCodec : This behavior is subject to change. It
is recommended that app developers double check whether the requested max input
size is in reasonable range.
01-22 23:16:15.038 11347 11699 W Codec2Client: query -- param skipped: index =
1342179345.
01-22 23:16:15.038 11347 11699 W Codec2Client: query -- param skipped: index =
2415921170.
01-22 23:16:15.038 11347 11699 W Codec2Client: query -- param skipped: index =
1610614798.
01-22 23:16:15.039 11347 11699 E FMQ : grantorIdx must be less than 3
01-22 23:16:15.039 11347 11699 E FMQ : grantorIdx must be less than 3
01-22 23:16:15.043 11347 11699 E FMQ : grantorIdx must be less than 3
01-22 23:16:15.055 11347 11535 E FMQ : grantorIdx must be less than 3
01-22 23:16:15.231 11347 11699 W Codec2Client: query -- param skipped: index =
1342179345.
01-22 23:16:15.231 11347 11699 W Codec2Client: query -- param skipped: index =
2415921170.
01-22 23:16:15.231 11347 11699 W Codec2Client: query -- param skipped: index =
1610614798.
01-22 23:16:15.245 11347 11347 W BottomSheetBehavior: BottomSheetBehavior now
supports multiple callbacks. `setBottomSheetCallback()` removes all existing
callbacks, including ones set internally by library authors, which may result in
unintended behavior. This may change in the future. Please use
`addBottomSheetCallback()` and `removeBottomSheetCallback()` instead to set your
own callbacks.
01-22 23:16:15.245 11347 11347 W BottomSheetBehavior: BottomSheetBehavior now
supports multiple callbacks. `setBottomSheetCallback()` removes all existing
callbacks, including ones set internally by library authors, which may result in
unintended behavior. This may change in the future. Please use
`addBottomSheetCallback()` and `removeBottomSheetCallback()` instead to set your
own callbacks.
01-22 23:16:15.259 11347 11347 E RecyclerView: No adapter attached; skipping layout
01-22 23:16:15.259 11347 11347 W View : requestLayout() improperly called by
androidx.cardview.widget.CardView{75626a5 V.E...... ......I. 0,0-0,0 #7f0b1c5c
app:id/web_page_preview_container} during layout: running second layout pass
01-22 23:16:15.259 11347 11347 W View : requestLayout() improperly called by
android.widget.LinearLayout{812ea7a V.E...... ......I. 0,0-0,0 #7f0b1a20
app:id/titleSnippetUrlLayout} during layout: running second layout pass
01-22 23:16:15.285 11347 11347 W View : requestLayout() improperly called by
com.mbwhatsapp.components.button.ThumbnailButton{e278821 V.ED..... ........ 0,0-
140,140 #7f0b19fb app:id/thumb} during second layout pass: posting in next frame
01-22 23:16:15.285 11347 11347 W View : requestLayout() improperly called by
android.widget.LinearLayout{cd53446 V.E...... ......I. 0,187-720,1404} during
second layout pass: posting in next frame
01-22 23:16:15.285 11347 11347 W View : requestLayout() improperly called by
androidx.cardview.widget.CardView{75626a5 V.E...... ......I. 28,447-692,587
#7f0b1c5c app:id/web_page_preview_container} during second layout pass: posting in
next frame
01-22 23:16:15.285 11347 11347 W View : requestLayout() improperly called by
com.mbwhatsapp.TextEmojiLabel{d8c607 V.ED..... ........ 0,601-720,770 #7f0b0fbf
app:id/message_text} during second layout pass: posting in next frame
01-22 23:16:15.528 11347 11347 W BottomSheetBehavior: BottomSheetBehavior now
supports multiple callbacks. `setBottomSheetCallback()` removes all existing
callbacks, including ones set internally by library authors, which may result in
unintended behavior. This may change in the future. Please use
`addBottomSheetCallback()` and `removeBottomSheetCallback()` instead to set your
own callbacks.
01-22 23:16:15.528 11347 11347 W BottomSheetBehavior: BottomSheetBehavior now
supports multiple callbacks. `setBottomSheetCallback()` removes all existing
callbacks, including ones set internally by library authors, which may result in
unintended behavior. This may change in the future. Please use
`addBottomSheetCallback()` and `removeBottomSheetCallback()` instead to set your
own callbacks.
01-22 23:16:15.535 11347 11347 E RecyclerView: No adapter attached; skipping layout
01-22 23:16:16.145 11347 11393 E SQLiteDatabase: Error inserting transferred=1
media_job_uuid=6639acfa-4c64-4c8c-aa6a-934741cc3781 transcoded=0 gif_attribution=0
first_scan_length=0 direct_path=/v/t62.7161-
24/32552949_282447704547519_1433581964599652910_n.enc?ccb=11-
4&oh=01_AdS2PJ7F7pWjxOZVI4aHDBCoeZeoZ3JC-OK_Q8Iv7obQiw&oe=65D69C39&_nc_sid=5e03e0
thumbnail_height_width_ratio=1.7777778 is_animated_sticker=0
file_hash=4z07K+tLgkoi33Q41qXUeIIqcoeAI/Z1872c4AcIM2o=
file_path=Media/.Statuses/6ca62af837924aeaa976e7afffe249fb.mp4 file_size=1273726
partial_media_hash=null face_x=0 face_y=0 height=1024 trim_to=0
media_key_timestamp=1705981511000 message_url=https://mmg.whatsapp.net/v/t62.7161-
24/32552949_282447704547519_1433581964599652910_n.enc?ccb=11-
4&oh=01_AdS2PJ7F7pWjxOZVI4aHDBCoeZeoZ3JC-
OK_Q8Iv7obQiw&oe=65D69C39&_nc_sid=5e03e0&mms3=true media_caption=null trim_from=0
mime_type=video/mp4 partial_media_enc_hash=null width=576 original_file_hash=null
has_streaming_sidecar=1 autotransfer_retry_enabled=1 media_upload_handle=null
message_row_id=247008 multicast_id=null
enc_file_hash=GFD5J0I2TeSDVk7+j7dojau2y7yoYspLdMH0zM6U8LU= mute_video=0
page_count=0 first_scan_sidecar=null suspicious_content=0 file_length=1273726
media_name=null media_duration=15 chat_row_id=67 media_key=[B@dd76044
01-22 23:16:16.145 11347 11393 E SQLiteDatabase:
android.database.sqlite.SQLiteConstraintException: UNIQUE constraint failed:
message_media.message_row_id (code 1555 SQLITE_CONSTRAINT_PRIMARYKEY)
01-22 23:16:16.145 11347 11393 E SQLiteDatabase: at
android.database.sqlite.SQLiteConnection.nativeExecuteForLastInsertedRowId(Native
Method)
01-22 23:16:16.145 11347 11393 E SQLiteDatabase: at
android.database.sqlite.SQLiteConnection.executeForLastInsertedRowId(SQLiteConnecti
on.java:938)
01-22 23:16:16.145 11347 11393 E SQLiteDatabase: at
android.database.sqlite.SQLiteSession.executeForLastInsertedRowId(SQLiteSession.jav
a:790)
01-22 23:16:16.145 11347 11393 E SQLiteDatabase: at
android.database.sqlite.SQLiteStatement.executeInsert(SQLiteStatement.java:88)
01-22 23:16:16.145 11347 11393 E SQLiteDatabase: at
android.database.sqlite.SQLiteDatabase.insertWithOnConflict(SQLiteDatabase.java:170
1)
01-22 23:16:16.145 11347 11393 E SQLiteDatabase: at
android.database.sqlite.SQLiteDatabase.insert(SQLiteDatabase.java:1570)
01-22 23:16:16.145 11347 11393 E SQLiteDatabase: at X.2tm.A08(Unknown
Source:6)
01-22 23:16:16.145 11347 11393 E SQLiteDatabase: at X.35Y.A07(Unknown
Source:212)
01-22 23:16:16.145 11347 11393 E SQLiteDatabase: at X.3QF.A14(Unknown
Source:470)
01-22 23:16:16.145 11347 11393 E SQLiteDatabase: at X.3gU.run(Unknown
Source:982)
01-22 23:16:16.145 11347 11393 E SQLiteDatabase: at
android.os.Handler.handleCallback(Handler.java:938)
01-22 23:16:16.145 11347 11393 E SQLiteDatabase: at
android.os.Handler.dispatchMessage(Handler.java:99)
01-22 23:16:16.145 11347 11393 E SQLiteDatabase: at
X.0zq.dispatchMessage(Unknown Source:4)
01-22 23:16:16.145 11347 11393 E SQLiteDatabase: at
android.os.Looper.loop(Looper.java:223)
01-22 23:16:16.145 11347 11393 E SQLiteDatabase: at
android.os.HandlerThread.run(HandlerThread.java:67)
01-22 23:16:16.391 11347 11347 W BottomSheetBehavior: BottomSheetBehavior now
supports multiple callbacks. `setBottomSheetCallback()` removes all existing
callbacks, including ones set internally by library authors, which may result in
unintended behavior. This may change in the future. Please use
`addBottomSheetCallback()` and `removeBottomSheetCallback()` instead to set your
own callbacks.
01-22 23:16:16.391 11347 11347 W BottomSheetBehavior: BottomSheetBehavior now
supports multiple callbacks. `setBottomSheetCallback()` removes all existing
callbacks, including ones set internally by library authors, which may result in
unintended behavior. This may change in the future. Please use
`addBottomSheetCallback()` and `removeBottomSheetCallback()` instead to set your
own callbacks.
01-22 23:16:16.401 11347 11347 W View : requestLayout() improperly called by
com.mbwhatsapp.WaTextView{4b7e678 V.ED..... ......ID 14,9-370,43 #7f0b1a1d
app:id/title} during layout: running second layout pass
01-22 23:16:16.401 11347 11347 W View : requestLayout() improperly called by
com.mbwhatsapp.WaTextView{355e151 V.ED..... ......ID 14,43-223,72 #7f0b184a
app:id/snippet} during layout: running second layout pass
01-22 23:16:16.401 11347 11347 W View : requestLayout() improperly called by
com.mbwhatsapp.WaTextView{bddcdb6 V.ED..... ......ID 0,0-68,26 #7f0b1b18
app:id/url} during layout: running second layout pass
01-22 23:16:16.415 11347 11347 W View : requestLayout() improperly called by
com.mbwhatsapp.components.button.ThumbnailButton{e278821 V.ED..... ........ 0,0-
140,140 #7f0b19fb app:id/thumb} during second layout pass: posting in next frame
01-22 23:16:16.415 11347 11347 W View : requestLayout() improperly called by
android.widget.LinearLayout{cd53446 V.E...... ......I. 0,187-720,1404} during
second layout pass: posting in next frame
01-22 23:16:16.415 11347 11347 W View : requestLayout() improperly called by
androidx.cardview.widget.CardView{75626a5 V.E...... ......I. 28,447-692,587
#7f0b1c5c app:id/web_page_preview_container} during second layout pass: posting in
next frame
01-22 23:16:16.415 11347 11347 W View : requestLayout() improperly called by
com.mbwhatsapp.TextEmojiLabel{d8c607 V.ED..... ........ 0,601-720,770 #7f0b0fbf
app:id/message_text} during second layout pass: posting in next frame
01-22 23:16:18.624 11347 11347 E Dialog : show dialog
view=DecorView@3903b9b[StatusPlaybackActivity]
01-22 23:16:19.691 11347 11421 W libEGL : EGLNativeWindowType 0xb400007381598560
disconnect failed
01-22 23:16:20.724 11347 11421 W libEGL : EGLNativeWindowType 0xb4000073816291a0
disconnect failed
01-22 23:16:20.735 11347 11421 W libEGL : EGLNativeWindowType 0xb400007381527810
disconnect failed
01-22 23:16:50.800 11347 11347 W BottomSheetBehavior: BottomSheetBehavior now
supports multiple callbacks. `setBottomSheetCallback()` removes all existing
callbacks, including ones set internally by library authors, which may result in
unintended behavior. This may change in the future. Please use
`addBottomSheetCallback()` and `removeBottomSheetCallback()` instead to set your
own callbacks.
01-22 23:16:50.800 11347 11347 W BottomSheetBehavior: BottomSheetBehavior now
supports multiple callbacks. `setBottomSheetCallback()` removes all existing
callbacks, including ones set internally by library authors, which may result in
unintended behavior. This may change in the future. Please use
`addBottomSheetCallback()` and `removeBottomSheetCallback()` instead to set your
own callbacks.
01-22 23:16:51.488 11347 11421 W libEGL : EGLNativeWindowType 0xb400007381602c80
disconnect failed
01-22 23:16:58.489 11347 12169 E RenderScript: Failed loading RS driver: dlopen
failed: library "libRSDriverArm.so" not found
01-22 23:16:58.489 11347 12169 E RenderScript: Failed to load runtime
libRSDriverArm.so, loading default
01-22 23:16:58.654 11347 11347 E ArmVmp : Match on catch block at 0x4c in for 0xe9
01-22 23:16:58.663 11347 11347 E ArmVmp : Match on catch block at 0x81 in for 0xe1
01-22 23:16:58.671 11347 11347 E ArmVmp : Match on catch block at 0x81 in for 0xe9
01-22 23:16:58.720 11347 11347 E ArmVmp : Match on catch block at 0x0a in for 0xc5
01-22 23:16:58.724 11347 11347 E ArmVmp : Match on catch block at 0x0a in for 0xc5
01-22 23:16:59.172 11347 11347 E ArmVmp : Match on catch block at 0xc3 in for 0xb5
01-22 23:16:59.179 11347 11347 E ArmVmp : Match on catch block at 0xc3 in for 0xb1
01-22 23:16:59.182 11347 11347 E ArmVmp : Match on catch block at 0xc3 in for 0xb1
01-22 23:16:59.260 11347 11347 E ArmVmp : Match on catch block at 0xc3 in for 0xa5
01-22 23:16:59.263 11347 11347 E ArmVmp : Match on catch block at 0xc3 in for 0xa1
01-22 23:16:59.265 11347 11347 E ArmVmp : Match on catch block at 0xc3 in for 0xa1
01-22 23:16:59.303 11347 11347 E ArmVmp : Match on catch block at 0xc3 in for 0xa1
01-22 23:16:59.306 11347 11347 E ArmVmp : Match on catch block at 0xc3 in for 0xa5
01-22 23:16:59.308 11347 11347 E ArmVmp : Match on catch block at 0xc3 in for 0xa5
01-22 23:16:59.353 11347 11347 E ArmVmp : Match on catch block at 0xc3 in for 0xa5
01-22 23:16:59.356 11347 11347 E ArmVmp : Match on catch block at 0xc3 in for 0xa9
01-22 23:16:59.359 11347 11347 E ArmVmp : Match on catch block at 0xc3 in for 0xa9
01-22 23:16:59.570 11347 11347 E ArmVmp : Match on catch block at 0xc3 in for 0xa5
01-22 23:16:59.575 11347 11347 E ArmVmp : Match on catch block at 0xc3 in for 0xa9
01-22 23:16:59.579 11347 11347 E ArmVmp : Match on catch block at 0xc3 in for 0xa9
01-22 23:16:59.587 11347 11347 E ArmVmp : Match on catch block at 0xc3 in for 0xa1
01-22 23:16:59.591 11347 11347 E ArmVmp : Match on catch block at 0xc3 in for 0xa5
01-22 23:16:59.595 11347 11347 E ArmVmp : Match on catch block at 0xc3 in for 0xa5
01-22 23:16:59.604 11347 11347 E ArmVmp : Match on catch block at 0xc3 in for 0xa9
01-22 23:16:59.609 11347 11347 E ArmVmp : Match on catch block at 0xc3 in for 0xa1
01-22 23:16:59.611 11347 11347 E ArmVmp : Match on catch block at 0xc3 in for 0xa1
01-22 23:16:59.621 11347 11347 E ArmVmp : Match on catch block at 0xc3 in for 0xa5
01-22 23:16:59.626 11347 11347 E ArmVmp : Match on catch block at 0xc3 in for 0xa9
01-22 23:16:59.628 11347 11347 E ArmVmp : Match on catch block at 0xc3 in for 0xa9
01-22 23:16:59.638 11347 11347 E ArmVmp : Match on catch block at 0xc3 in for 0xa5
01-22 23:16:59.641 11347 11347 E ArmVmp : Match on catch block at 0xc3 in for 0xa9
01-22 23:16:59.653 11347 11347 E ArmVmp : Match on catch block at 0xc3 in for 0xa9
01-22 23:16:59.659 11347 11347 E ArmVmp : Match on catch block at 0xc3 in for 0xa1
01-22 23:16:59.661 11347 11347 E ArmVmp : Match on catch block at 0xc3 in for 0xa1
01-22 23:16:59.708 11347 11347 E ArmVmp : Match on catch block at 0xc3 in for 0xa1
01-22 23:16:59.711 11347 11347 E ArmVmp : Match on catch block at 0xc3 in for 0xa5
01-22 23:16:59.713 11347 11347 E ArmVmp : Match on catch block at 0xc3 in for 0xa5
01-22 23:16:59.726 11347 11421 W libEGL : EGLNativeWindowType 0xb4000073815e93c0
disconnect failed
01-22 23:16:59.742 11347 11347 E ArmVmp : Match on catch block at 0xc3 in for 0xa9
01-22 23:16:59.746 11347 11347 E ArmVmp : Match on catch block at 0xc3 in for 0xa1
01-22 23:16:59.749 11347 11347 E ArmVmp : Match on catch block at 0xc3 in for 0xa1
01-22 23:16:59.756 11347 11347 E ArmVmp : Match on catch block at 0xc3 in for 0xa5
01-22 23:16:59.760 11347 11347 E ArmVmp : Match on catch block at 0xc3 in for 0xa9
01-22 23:16:59.763 11347 11347 E ArmVmp : Match on catch block at 0xc3 in for 0xa9
01-22 23:16:59.771 11347 11347 E ArmVmp : Match on catch block at 0xc3 in for 0xa1
01-22 23:16:59.775 11347 11347 E ArmVmp : Match on catch block at 0xc3 in for 0xa5
01-22 23:16:59.778 11347 11347 E ArmVmp : Match on catch block at 0xc3 in for 0xa5
01-22 23:16:59.788 11347 11347 E ArmVmp : Match on catch block at 0xc3 in for 0xa9
01-22 23:16:59.792 11347 11347 E ArmVmp : Match on catch block at 0xc3 in for 0xa1
01-22 23:16:59.796 11347 11347 E ArmVmp : Match on catch block at 0xc3 in for 0xa1
01-22 23:16:59.804 11347 11347 E ArmVmp : Match on catch block at 0xc3 in for 0xa5
01-22 23:16:59.808 11347 11347 E ArmVmp : Match on catch block at 0xc3 in for 0xa9
01-22 23:16:59.811 11347 11347 E ArmVmp : Match on catch block at 0xc3 in for 0xa9
01-22 23:16:59.821 11347 11347 E ArmVmp : Match on catch block at 0xc3 in for 0xa1
01-22 23:16:59.824 11347 11347 E ArmVmp : Match on catch block at 0xc3 in for 0xa5
01-22 23:16:59.826 11347 11347 E ArmVmp : Match on catch block at 0xc3 in for 0xa5
01-22 23:16:59.837 11347 11347 E ArmVmp : Match on catch block at 0xc3 in for 0xa9
01-22 23:16:59.841 11347 11347 E ArmVmp : Match on catch block at 0xc3 in for 0xa1
01-22 23:16:59.844 11347 11347 E ArmVmp : Match on catch block at 0xc3 in for 0xa1
01-22 23:16:59.854 11347 11347 E ArmVmp : Match on catch block at 0xc3 in for 0xa1
01-22 23:16:59.858 11347 11347 E ArmVmp : Match on catch block at 0xc3 in for 0xa5
01-22 23:16:59.862 11347 11347 E ArmVmp : Match on catch block at 0xc3 in for 0xa5
01-22 23:16:59.870 11347 11347 E ArmVmp : Match on catch block at 0xc3 in for 0xa9
01-22 23:16:59.875 11347 11347 E ArmVmp : Match on catch block at 0xc3 in for 0xa1
01-22 23:16:59.878 11347 11347 E ArmVmp : Match on catch block at 0xc3 in for 0xa1
01-22 23:16:59.887 11347 11347 E ArmVmp : Match on catch block at 0xc3 in for 0xa5
01-22 23:16:59.890 11347 11347 E ArmVmp : Match on catch block at 0xc3 in for 0xa9
01-22 23:16:59.893 11347 11347 E ArmVmp : Match on catch block at 0xc3 in for 0xa9
01-22 23:16:59.958 11347 11347 E ArmVmp : Match on catch block at 0xc3 in for 0xa5
01-22 23:16:59.962 11347 11347 E ArmVmp : Match on catch block at 0xc3 in for 0xa9
01-22 23:16:59.964 11347 11347 E ArmVmp : Match on catch block at 0xc3 in for 0xa9
01-22 23:16:59.970 11347 11347 E ArmVmp : Match on catch block at 0xc3 in for 0xa1
01-22 23:16:59.977 11347 11347 E ArmVmp : Match on catch block at 0xc3 in for 0xa5
01-22 23:16:59.980 11347 11347 E ArmVmp : Match on catch block at 0xc3 in for 0xa5
01-22 23:17:00.047 11347 11347 E ArmVmp : Match on catch block at 0xc3 in for 0xa5
01-22 23:17:00.051 11347 11347 E ArmVmp : Match on catch block at 0xc3 in for 0xa9
01-22 23:17:00.054 11347 11347 E ArmVmp : Match on catch block at 0xc3 in for 0xa9
01-22 23:17:00.078 11347 11347 E ArmVmp : Match on catch block at 0xc3 in for 0xa1
01-22 23:17:00.080 11347 11421 W libEGL : EGLNativeWindowType 0xb400007381602c80
disconnect failed
01-22 23:17:00.081 11347 11347 E ArmVmp : Match on catch block at 0xc3 in for 0xa5
01-22 23:17:00.084 11347 11347 E ArmVmp : Match on catch block at 0xc3 in for 0xa5
01-22 23:17:00.338 11347 11347 E ArmVmp : Match on catch block at 0xc3 in for 0xa9
01-22 23:17:00.342 11347 11347 E ArmVmp : Match on catch block at 0xc3 in for 0xa1
01-22 23:17:00.346 11347 11347 E ArmVmp : Match on catch block at 0xc3 in for 0xa1
01-22 23:17:00.644 11347 11347 E ArmVmp : Match on catch block at 0xc3 in for 0xa1
01-22 23:17:00.648 11347 11347 E ArmVmp : Match on catch block at 0xc3 in for 0xa5
01-22 23:17:00.651 11347 11347 E ArmVmp : Match on catch block at 0xc3 in for 0xa5
01-22 23:17:00.670 11347 11347 E ArmVmp : Match on catch block at 0xc3 in for 0xa5
01-22 23:17:00.673 11347 11347 E ArmVmp : Match on catch block at 0xc3 in for 0xa9
01-22 23:17:00.677 11347 11347 E ArmVmp : Match on catch block at 0xc3 in for 0xa9
01-22 23:17:00.688 11347 11347 E ArmVmp : Match on catch block at 0xc3 in for 0xa1
01-22 23:17:00.692 11347 11347 E ArmVmp : Match on catch block at 0xc3 in for 0xa5
01-22 23:17:00.694 11347 11347 E ArmVmp : Match on catch block at 0xc3 in for 0xa5
01-22 23:17:00.704 11347 11347 E ArmVmp : Match on catch block at 0xc3 in for 0xa9
01-22 23:17:00.709 11347 11347 E ArmVmp : Match on catch block at 0xc3 in for 0xa1
01-22 23:17:00.712 11347 11347 E ArmVmp : Match on catch block at 0xc3 in for 0xa1
01-22 23:17:00.721 11347 11347 E ArmVmp : Match on catch block at 0xc3 in for 0xa5
01-22 23:17:00.727 11347 11347 E ArmVmp : Match on catch block at 0xc3 in for 0xa9
01-22 23:17:00.729 11347 11347 E ArmVmp : Match on catch block at 0xc3 in for 0xa9
01-22 23:17:00.741 11347 11347 E ArmVmp : Match on catch block at 0xc3 in for 0xa1
01-22 23:17:00.745 11347 11347 E ArmVmp : Match on catch block at 0xc3 in for 0xa5
01-22 23:17:00.748 11347 11347 E ArmVmp : Match on catch block at 0xc3 in for 0xa5
01-22 23:17:00.757 11347 11347 E ArmVmp : Match on catch block at 0xc3 in for 0xa9
01-22 23:17:00.760 11347 11347 E ArmVmp : Match on catch block at 0xc3 in for 0xa1
01-22 23:17:00.762 11347 11347 E ArmVmp : Match on catch block at 0xc3 in for 0xa1
01-22 23:17:00.770 11347 11347 E ArmVmp : Match on catch block at 0xc3 in for 0xa5
01-22 23:17:00.774 11347 11347 E ArmVmp : Match on catch block at 0xc3 in for 0xa9
01-22 23:17:00.776 11347 11347 E ArmVmp : Match on catch block at 0xc3 in for 0xa9
01-22 23:17:00.787 11347 11347 E ArmVmp : Match on catch block at 0xc3 in for 0xa1
01-22 23:17:00.790 11347 11347 E ArmVmp : Match on catch block at 0xc3 in for 0xa5
01-22 23:17:00.793 11347 11347 E ArmVmp : Match on catch block at 0xc3 in for 0xa5
01-22 23:17:00.804 11347 11347 E ArmVmp : Match on catch block at 0xc3 in for 0xa9
01-22 23:17:00.807 11347 11347 E ArmVmp : Match on catch block at 0xc3 in for 0xa1
01-22 23:17:00.810 11347 11347 E ArmVmp : Match on catch block at 0xc3 in for 0xa1
01-22 23:17:00.820 11347 11347 E ArmVmp : Match on catch block at 0xc3 in for 0xa5
01-22 23:17:00.823 11347 11347 E ArmVmp : Match on catch block at 0xc3 in for 0xa9
01-22 23:17:00.826 11347 11347 E ArmVmp : Match on catch block at 0xc3 in for 0xa9
01-22 23:17:00.837 11347 11347 E ArmVmp : Match on catch block at 0xc3 in for 0xa1
01-22 23:17:00.841 11347 11347 E ArmVmp : Match on catch block at 0xc3 in for 0xa5
01-22 23:17:00.846 11347 11347 E ArmVmp : Match on catch block at 0xc3 in for 0xa5
01-22 23:17:00.937 11347 11347 E ArmVmp : Match on catch block at 0xc3 in for 0xa9
01-22 23:17:00.941 11347 11347 E ArmVmp : Match on catch block at 0xc3 in for 0xa1
01-22 23:17:00.943 11347 11347 E ArmVmp : Match on catch block at 0xc3 in for 0xa1
01-22 23:17:01.188 11347 11347 E ArmVmp : Match on catch block at 0xc3 in for 0xa5
01-22 23:17:01.191 11347 11347 E ArmVmp : Match on catch block at 0xc3 in for 0xa9
01-22 23:17:01.193 11347 11347 E ArmVmp : Match on catch block at 0xc3 in for 0xa9
01-22 23:17:01.304 11347 11347 E ArmVmp : Match on catch block at 0xc3 in for 0xa1
01-22 23:17:01.308 11347 11347 E ArmVmp : Match on catch block at 0xc3 in for 0xa5
01-22 23:17:01.310 11347 11347 E ArmVmp : Match on catch block at 0xc3 in for 0xa5
01-22 23:17:01.405 11347 11347 E ArmVmp : Match on catch block at 0xc3 in for 0xa9
01-22 23:17:01.409 11347 11347 E ArmVmp : Match on catch block at 0xc3 in for 0xa1
01-22 23:17:01.412 11347 11347 E ArmVmp : Match on catch block at 0xc3 in for 0xa1
01-22 23:17:01.554 11347 11347 E ArmVmp : Match on catch block at 0xc3 in for 0xa5
01-22 23:17:01.559 11347 11347 E ArmVmp : Match on catch block at 0xc3 in for 0xa9
01-22 23:17:01.563 11347 11347 E ArmVmp : Match on catch block at 0xc3 in for 0xa9
01-22 23:17:01.638 11347 11347 E ArmVmp : Match on catch block at 0xc3 in for 0xa1
01-22 23:17:01.644 11347 11347 E ArmVmp : Match on catch block at 0xc3 in for 0xa5
01-22 23:17:01.648 11347 11347 E ArmVmp : Match on catch block at 0xc3 in for 0xa5
01-22 23:17:01.661 11347 11347 E ArmVmp : Match on catch block at 0xc3 in for 0xa9
01-22 23:17:01.666 11347 11347 E ArmVmp : Match on catch block at 0xc3 in for 0xa1
01-22 23:17:01.669 11347 11347 E ArmVmp : Match on catch block at 0xc3 in for 0xa1
01-22 23:17:01.680 11347 11347 E ArmVmp : Match on catch block at 0xc3 in for 0xa5
01-22 23:17:01.684 11347 11347 E ArmVmp : Match on catch block at 0xc3 in for 0xa9
01-22 23:17:01.687 11347 11347 E ArmVmp : Match on catch block at 0xc3 in for 0xa9
01-22 23:17:01.693 11347 11347 E ArmVmp : Match on catch block at 0xc3 in for 0xa1
01-22 23:17:01.697 11347 11347 E ArmVmp : Match on catch block at 0xc3 in for 0xa5
01-22 23:17:01.699 11347 11347 E ArmVmp : Match on catch block at 0xc3 in for 0xa5
01-22 23:17:01.705 11347 11347 E ArmVmp : Match on catch block at 0xc3 in for 0xa9
01-22 23:17:01.709 11347 11347 E ArmVmp : Match on catch block at 0xc3 in for 0xa1
01-22 23:17:01.712 11347 11347 E ArmVmp : Match on catch block at 0xc3 in for 0xa1
01-22 23:17:01.721 11347 11347 E ArmVmp : Match on catch block at 0xc3 in for 0xa5
01-22 23:17:01.725 11347 11347 E ArmVmp : Match on catch block at 0xc3 in for 0xa9
01-22 23:17:01.728 11347 11347 E ArmVmp : Match on catch block at 0xc3 in for 0xa9
01-22 23:17:01.737 11347 11347 E ArmVmp : Match on catch block at 0xc3 in for 0xa1
01-22 23:17:01.741 11347 11347 E ArmVmp : Match on catch block at 0xc3 in for 0xa5
01-22 23:17:01.744 11347 11347 E ArmVmp : Match on catch block at 0xc3 in for 0xa5
01-22 23:17:01.754 11347 11347 E ArmVmp : Match on catch block at 0xc3 in for 0xa9
01-22 23:17:01.758 11347 11347 E ArmVmp : Match on catch block at 0xc3 in for 0xa1
01-22 23:17:01.762 11347 11347 E ArmVmp : Match on catch block at 0xc3 in for 0xa1
01-22 23:17:01.777 11347 11347 E ArmVmp : Match on catch block at 0xc3 in for 0xa1
01-22 23:17:01.780 11347 11347 E ArmVmp : Match on catch block at 0xc3 in for 0xa5
01-22 23:17:01.783 11347 11347 E ArmVmp : Match on catch block at 0xc3 in for 0xa5
01-22 23:17:01.788 11347 11347 E ArmVmp : Match on catch block at 0xc3 in for 0xa9
01-22 23:17:01.792 11347 11347 E ArmVmp : Match on catch block at 0xc3 in for 0xa1
01-22 23:17:01.795 11347 11347 E ArmVmp : Match on catch block at 0xc3 in for 0xa1
01-22 23:17:01.804 11347 11347 E ArmVmp : Match on catch block at 0xc3 in for 0xa5
01-22 23:17:01.808 11347 11347 E ArmVmp : Match on catch block at 0xc3 in for 0xa9
01-22 23:17:01.810 11347 11347 E ArmVmp : Match on catch block at 0xc3 in for 0xa9
01-22 23:17:01.821 11347 11347 E ArmVmp : Match on catch block at 0xc3 in for 0xa1
01-22 23:17:01.825 11347 11347 E ArmVmp : Match on catch block at 0xc3 in for 0xa5
01-22 23:17:01.828 11347 11347 E ArmVmp : Match on catch block at 0xc3 in for 0xa5
01-22 23:17:01.837 11347 11347 E ArmVmp : Match on catch block at 0xc3 in for 0xa9
01-22 23:17:01.841 11347 11347 E ArmVmp : Match on catch block at 0xc3 in for 0xa1
01-22 23:17:01.844 11347 11347 E ArmVmp : Match on catch block at 0xc3 in for 0xa1
01-22 23:17:01.854 11347 11347 E ArmVmp : Match on catch block at 0xc3 in for 0xa5
01-22 23:17:01.858 11347 11347 E ArmVmp : Match on catch block at 0xc3 in for 0xa9
01-22 23:17:01.861 11347 11347 E ArmVmp : Match on catch block at 0xc3 in for 0xa9
01-22 23:17:01.871 11347 11347 E ArmVmp : Match on catch block at 0xc3 in for 0xa1
01-22 23:17:01.874 11347 11347 E ArmVmp : Match on catch block at 0xc3 in for 0xa5
01-22 23:17:01.877 11347 11347 E ArmVmp : Match on catch block at 0xc3 in for 0xa5
01-22 23:17:01.888 11347 11347 E ArmVmp : Match on catch block at 0xc3 in for 0xa9
01-22 23:17:01.891 11347 11347 E ArmVmp : Match on catch block at 0xc3 in for 0xa1
01-22 23:17:01.894 11347 11347 E ArmVmp : Match on catch block at 0xc3 in for 0xa1
01-22 23:17:01.921 11347 11347 E ArmVmp : Match on catch block at 0xc3 in for 0xa5
01-22 23:17:01.926 11347 11347 E ArmVmp : Match on catch block at 0xc3 in for 0xa9
01-22 23:17:01.931 11347 11347 E ArmVmp : Match on catch block at 0xc3 in for 0xa9
01-22 23:17:02.422 11347 11347 E ArmVmp : Match on catch block at 0xc3 in for 0xa1
01-22 23:17:02.427 11347 11347 E ArmVmp : Match on catch block at 0xc3 in for 0xa5
01-22 23:17:02.431 11347 11347 E ArmVmp : Match on catch block at 0xc3 in for 0xa5
01-22 23:17:02.506 11347 11347 E ArmVmp : Match on catch block at 0xc3 in for 0xa9
01-22 23:17:02.512 11347 11347 E ArmVmp : Match on catch block at 0xc3 in for 0xa1
01-22 23:17:02.516 11347 11347 E ArmVmp : Match on catch block at 0xc3 in for 0xa1
01-22 23:17:02.638 11347 11347 E ArmVmp : Match on catch block at 0xc3 in for 0xa5
01-22 23:17:02.643 11347 11347 E ArmVmp : Match on catch block at 0xc3 in for 0xa9
01-22 23:17:02.647 11347 11347 E ArmVmp : Match on catch block at 0xc3 in for 0xa9
01-22 23:17:02.821 11347 11347 E ArmVmp : Match on catch block at 0xc3 in for 0xa1
01-22 23:17:02.826 11347 11347 E ArmVmp : Match on catch block at 0xc3 in for 0xa5
01-22 23:17:02.830 11347 11347 E ArmVmp : Match on catch block at 0xc3 in for 0xa5
01-22 23:17:03.005 11347 11347 E ArmVmp : Match on catch block at 0xc3 in for 0xa9
01-22 23:17:03.009 11347 11347 E ArmVmp : Match on catch block at 0xc3 in for 0xa1
01-22 23:17:03.013 11347 11347 E ArmVmp : Match on catch block at 0xc3 in for 0xa1
01-22 23:17:03.138 11347 11347 E ArmVmp : Match on catch block at 0xc3 in for 0xa5
01-22 23:17:03.143 11347 11347 E ArmVmp : Match on catch block at 0xc3 in for 0xa9
01-22 23:17:03.146 11347 11347 E ArmVmp : Match on catch block at 0xc3 in for 0xa9
01-22 23:17:03.304 11347 11347 E ArmVmp : Match on catch block at 0xc3 in for 0xa1
01-22 23:17:03.308 11347 11347 E ArmVmp : Match on catch block at 0xc3 in for 0xa5
01-22 23:17:03.312 11347 11347 E ArmVmp : Match on catch block at 0xc3 in for 0xa5
01-22 23:17:03.488 11347 11347 E ArmVmp : Match on catch block at 0xc3 in for 0xa9
01-22 23:17:03.491 11347 11347 E ArmVmp : Match on catch block at 0xc3 in for 0xa1
01-22 23:17:03.496 11347 11347 E ArmVmp : Match on catch block at 0xc3 in for 0xa1
01-22 23:17:03.671 11347 11347 E ArmVmp : Match on catch block at 0xc3 in for 0xa5
01-22 23:17:03.675 11347 11347 E ArmVmp : Match on catch block at 0xc3 in for 0xa9
01-22 23:17:03.680 11347 11347 E ArmVmp : Match on catch block at 0xc3 in for 0xa9
01-22 23:17:03.838 11347 11347 E ArmVmp : Match on catch block at 0xc3 in for 0xa1
01-22 23:17:03.842 11347 11347 E ArmVmp : Match on catch block at 0xc3 in for 0xa5
01-22 23:17:03.846 11347 11347 E ArmVmp : Match on catch block at 0xc3 in for 0xa5
01-22 23:17:04.022 11347 11347 E ArmVmp : Match on catch block at 0xc3 in for 0xa9
01-22 23:17:04.027 11347 11347 E ArmVmp : Match on catch block at 0xc3 in for 0xa1
01-22 23:17:04.030 11347 11347 E ArmVmp : Match on catch block at 0xc3 in for 0xa1
01-22 23:17:04.039 11347 11347 E ArmVmp : Match on catch block at 0xc3 in for 0xa5
01-22 23:17:04.043 11347 11347 E ArmVmp : Match on catch block at 0xc3 in for 0xa9
01-22 23:17:04.045 11347 11347 E ArmVmp : Match on catch block at 0xc3 in for 0xa9
01-22 23:17:04.054 11347 11347 E ArmVmp : Match on catch block at 0xc3 in for 0xa1
01-22 23:17:04.059 11347 11347 E ArmVmp : Match on catch block at 0xc3 in for 0xa5
01-22 23:17:04.062 11347 11347 E ArmVmp : Match on catch block at 0xc3 in for 0xa5
01-22 23:17:04.071 11347 11347 E ArmVmp : Match on catch block at 0xc3 in for 0xa9
01-22 23:17:04.076 11347 11347 E ArmVmp : Match on catch block at 0xc3 in for 0xa1
01-22 23:17:04.080 11347 11347 E ArmVmp : Match on catch block at 0xc3 in for 0xa1
01-22 23:17:04.087 11347 11347 E ArmVmp : Match on catch block at 0xc3 in for 0xa5
01-22 23:17:04.092 11347 11347 E ArmVmp : Match on catch block at 0xc3 in for 0xa9
01-22 23:17:04.095 11347 11347 E ArmVmp : Match on catch block at 0xc3 in for 0xa9
01-22 23:17:04.104 11347 11347 E ArmVmp : Match on catch block at 0xc3 in for 0xa1
01-22 23:17:04.109 11347 11347 E ArmVmp : Match on catch block at 0xc3 in for 0xa5
01-22 23:17:04.111 11347 11347 E ArmVmp : Match on catch block at 0xc3 in for 0xa5
01-22 23:17:04.125 11347 11347 E ArmVmp : Match on catch block at 0xc3 in for 0xa9
01-22 23:17:04.129 11347 11347 E ArmVmp : Match on catch block at 0xc3 in for 0xa1
01-22 23:17:04.132 11347 11347 E ArmVmp : Match on catch block at 0xc3 in for 0xa1
01-22 23:17:04.139 11347 11347 E ArmVmp : Match on catch block at 0xc3 in for 0xa5
01-22 23:17:04.142 11347 11347 E ArmVmp : Match on catch block at 0xc3 in for 0xa9
01-22 23:17:04.144 11347 11347 E ArmVmp : Match on catch block at 0xc3 in for 0xa9
01-22 23:17:04.154 11347 11347 E ArmVmp : Match on catch block at 0xc3 in for 0xa1
01-22 23:17:04.157 11347 11347 E ArmVmp : Match on catch block at 0xc3 in for 0xa5
01-22 23:17:04.159 11347 11347 E ArmVmp : Match on catch block at 0xc3 in for 0xa5
01-22 23:17:04.171 11347 11347 E ArmVmp : Match on catch block at 0xc3 in for 0xa9
01-22 23:17:04.174 11347 11347 E ArmVmp : Match on catch block at 0xc3 in for 0xa1
01-22 23:17:04.177 11347 11347 E ArmVmp : Match on catch block at 0xc3 in for 0xa1
01-22 23:17:04.187 11347 11347 E ArmVmp : Match on catch block at 0xc3 in for 0xa5
01-22 23:17:04.192 11347 11347 E ArmVmp : Match on catch block at 0xc3 in for 0xa9
01-22 23:17:04.195 11347 11347 E ArmVmp : Match on catch block at 0xc3 in for 0xa9
01-22 23:17:04.205 11347 11347 E ArmVmp : Match on catch block at 0xc3 in for 0xa1
01-22 23:17:04.212 11347 11347 E ArmVmp : Match on catch block at 0xc3 in for 0xa5
01-22 23:17:04.215 11347 11347 E ArmVmp : Match on catch block at 0xc3 in for 0xa5
01-22 23:17:04.222 11347 11347 E ArmVmp : Match on catch block at 0xc3 in for 0xa9
01-22 23:17:04.225 11347 11347 E ArmVmp : Match on catch block at 0xc3 in for 0xa1
01-22 23:17:04.228 11347 11347 E ArmVmp : Match on catch block at 0xc3 in for 0xa1
01-22 23:17:04.237 11347 11347 E ArmVmp : Match on catch block at 0xc3 in for 0xa5
01-22 23:17:04.241 11347 11347 E ArmVmp : Match on catch block at 0xc3 in for 0xa9
01-22 23:17:04.244 11347 11347 E ArmVmp : Match on catch block at 0xc3 in for 0xa9
01-22 23:17:04.254 11347 11347 E ArmVmp : Match on catch block at 0xc3 in for 0xa1
01-22 23:17:04.259 11347 11347 E ArmVmp : Match on catch block at 0xc3 in for 0xa5
01-22 23:17:04.262 11347 11347 E ArmVmp : Match on catch block at 0xc3 in for 0xa5
01-22 23:17:04.271 11347 11347 E ArmVmp : Match on catch block at 0xc3 in for 0xa9
01-22 23:17:04.275 11347 11347 E ArmVmp : Match on catch block at 0xc3 in for 0xa1
01-22 23:17:04.281 11347 11347 E ArmVmp : Match on catch block at 0xc3 in for 0xa1
01-22 23:17:04.287 11347 11347 E ArmVmp : Match on catch block at 0xc3 in for 0xa5
01-22 23:17:04.292 11347 11347 E ArmVmp : Match on catch block at 0xc3 in for 0xa9
01-22 23:17:04.294 11347 11347 E ArmVmp : Match on catch block at 0xc3 in for 0xa9
01-22 23:17:04.304 11347 11347 E ArmVmp : Match on catch block at 0xc3 in for 0xa1
01-22 23:17:04.307 11347 11347 E ArmVmp : Match on catch block at 0xc3 in for 0xa5
01-22 23:17:04.311 11347 11347 E ArmVmp : Match on catch block at 0xc3 in for 0xa5
01-22 23:17:04.321 11347 11347 E ArmVmp : Match on catch block at 0xc3 in for 0xa9
01-22 23:17:04.324 11347 11347 E ArmVmp : Match on catch block at 0xc3 in for 0xa1
01-22 23:17:04.327 11347 11347 E ArmVmp : Match on catch block at 0xc3 in for 0xa1
01-22 23:17:04.337 11347 11347 E ArmVmp : Match on catch block at 0xc3 in for 0xa5
01-22 23:17:04.342 11347 11347 E ArmVmp : Match on catch block at 0xc3 in for 0xa9
01-22 23:17:04.346 11347 11347 E ArmVmp : Match on catch block at 0xc3 in for 0xa9
01-22 23:17:04.354 11347 11347 E ArmVmp : Match on catch block at 0xc3 in for 0xa1
01-22 23:17:04.358 11347 11347 E ArmVmp : Match on catch block at 0xc3 in for 0xa5
01-22 23:17:04.362 11347 11347 E ArmVmp : Match on catch block at 0xc3 in for 0xa5
01-22 23:17:04.372 11347 11347 E ArmVmp : Match on catch block at 0xc3 in for 0xa9
01-22 23:17:04.383 11347 11347 E ArmVmp : Match on catch block at 0xc3 in for 0xa1
01-22 23:17:04.386 11347 11347 E ArmVmp : Match on catch block at 0xc3 in for 0xa1
01-22 23:17:04.404 11347 11347 E ArmVmp : Match on catch block at 0xc3 in for 0xa5
01-22 23:17:04.408 11347 11347 E ArmVmp : Match on catch block at 0xc3 in for 0xa9
01-22 23:17:04.411 11347 11347 E ArmVmp : Match on catch block at 0xc3 in for 0xa9
01-22 23:17:04.421 11347 11347 E ArmVmp : Match on catch block at 0xc3 in for 0xa1
01-22 23:17:04.425 11347 11347 E ArmVmp : Match on catch block at 0xc3 in for 0xa5
01-22 23:17:04.428 11347 11347 E ArmVmp : Match on catch block at 0xc3 in for 0xa5
01-22 23:17:04.655 11347 11347 E ArmVmp : Match on catch block at 0xc3 in for 0xa9
01-22 23:17:04.659 11347 11347 E ArmVmp : Match on catch block at 0xc3 in for 0xa1
01-22 23:17:04.664 11347 11347 E ArmVmp : Match on catch block at 0xc3 in for 0xa1
01-22 23:17:04.925 11347 11347 E ArmVmp : Match on catch block at 0xc3 in for 0xa1
01-22 23:17:04.929 11347 11347 E ArmVmp : Match on catch block at 0xc3 in for 0xa5
01-22 23:17:04.932 11347 11347 E ArmVmp : Match on catch block at 0xc3 in for 0xa5
01-22 23:17:04.942 11347 11347 E ArmVmp : Match on catch block at 0xc3 in for 0xa9
01-22 23:17:04.946 11347 11347 E ArmVmp : Match on catch block at 0xc3 in for 0xa1
01-22 23:17:04.949 11347 11347 E ArmVmp : Match on catch block at 0xc3 in for 0xa1
01-22 23:17:05.021 11347 11347 E ArmVmp : Match on catch block at 0xc3 in for 0xa5
01-22 23:17:05.025 11347 11347 E ArmVmp : Match on catch block at 0xc3 in for 0xa9
01-22 23:17:05.033 11347 11347 E ArmVmp : Match on catch block at 0xc3 in for 0xa9
01-22 23:17:05.154 11347 11347 E ArmVmp : Match on catch block at 0xc3 in for 0xa1
01-22 23:17:05.160 11347 11347 E ArmVmp : Match on catch block at 0xc3 in for 0xa5
01-22 23:17:05.166 11347 11347 E ArmVmp : Match on catch block at 0xc3 in for 0xa5
01-22 23:17:05.371 11347 11347 E ArmVmp : Match on catch block at 0xc3 in for 0xa9
01-22 23:17:05.378 11347 11347 E ArmVmp : Match on catch block at 0xc3 in for 0xa1
01-22 23:17:05.383 11347 11347 E ArmVmp : Match on catch block at 0xc3 in for 0xa1
01-22 23:17:05.505 11347 11347 E ArmVmp : Match on catch block at 0xc3 in for 0xa5
01-22 23:17:05.509 11347 11347 E ArmVmp : Match on catch block at 0xc3 in for 0xa9
01-22 23:17:05.513 11347 11347 E ArmVmp : Match on catch block at 0xc3 in for 0xa9
01-22 23:17:05.604 11347 11347 E ArmVmp : Match on catch block at 0xc3 in for 0xa1
01-22 23:17:05.607 11347 11347 E ArmVmp : Match on catch block at 0xc3 in for 0xa5
01-22 23:17:05.609 11347 11347 E ArmVmp : Match on catch block at 0xc3 in for 0xa5
01-22 23:17:05.804 11347 11347 E ArmVmp : Match on catch block at 0xc3 in for 0xa9
01-22 23:17:05.809 11347 11347 E ArmVmp : Match on catch block at 0xc3 in for 0xa1
01-22 23:17:05.812 11347 11347 E ArmVmp : Match on catch block at 0xc3 in for 0xa1
01-22 23:17:06.054 11347 11347 E ArmVmp : Match on catch block at 0xc3 in for 0xa5
01-22 23:17:06.058 11347 11347 E ArmVmp : Match on catch block at 0xc3 in for 0xa9
01-22 23:17:06.062 11347 11347 E ArmVmp : Match on catch block at 0xc3 in for 0xa9
01-22 23:17:06.204 11347 11347 E ArmVmp : Match on catch block at 0xc3 in for 0xa1
01-22 23:17:06.207 11347 11347 E ArmVmp : Match on catch block at 0xc3 in for 0xa5
01-22 23:17:06.210 11347 11347 E ArmVmp : Match on catch block at 0xc3 in for 0xa5
01-22 23:17:06.387 11347 11347 E ArmVmp : Match on catch block at 0xc3 in for 0xa9
01-22 23:17:06.392 11347 11347 E ArmVmp : Match on catch block at 0xc3 in for 0xa1
01-22 23:17:06.396 11347 11347 E ArmVmp : Match on catch block at 0xc3 in for 0xa1
01-22 23:17:06.454 11347 11347 E ArmVmp : Match on catch block at 0xc3 in for 0xa5
01-22 23:17:06.458 11347 11347 E ArmVmp : Match on catch block at 0xc3 in for 0xa9
01-22 23:17:06.462 11347 11347 E ArmVmp : Match on catch block at 0xc3 in for 0xa9
01-22 23:17:06.521 11347 11347 E ArmVmp : Match on catch block at 0xc3 in for 0xa1
01-22 23:17:06.526 11347 11347 E ArmVmp : Match on catch block at 0xc3 in for 0xa5
01-22 23:17:06.529 11347 11347 E ArmVmp : Match on catch block at 0xc3 in for 0xa5
01-22 23:17:06.538 11347 11347 E ArmVmp : Match on catch block at 0xc3 in for 0xa9
01-22 23:17:06.543 11347 11347 E ArmVmp : Match on catch block at 0xc3 in for 0xa1
01-22 23:17:06.546 11347 11347 E ArmVmp : Match on catch block at 0xc3 in for 0xa1
01-22 23:17:06.554 11347 11347 E ArmVmp : Match on catch block at 0xc3 in for 0xa5
01-22 23:17:06.559 11347 11347 E ArmVmp : Match on catch block at 0xc3 in for 0xa9
01-22 23:17:06.561 11347 11347 E ArmVmp : Match on catch block at 0xc3 in for 0xa9
01-22 23:17:06.571 11347 11347 E ArmVmp : Match on catch block at 0xc3 in for 0xa1
01-22 23:17:06.575 11347 11347 E ArmVmp : Match on catch block at 0xc3 in for 0xa5
01-22 23:17:06.578 11347 11347 E ArmVmp : Match on catch block at 0xc3 in for 0xa5
01-22 23:17:06.588 11347 11347 E ArmVmp : Match on catch block at 0xc3 in for 0xa9
01-22 23:17:06.592 11347 11347 E ArmVmp : Match on catch block at 0xc3 in for 0xa1
01-22 23:17:06.595 11347 11347 E ArmVmp : Match on catch block at 0xc3 in for 0xa1
01-22 23:17:06.605 11347 11347 E ArmVmp : Match on catch block at 0xc3 in for 0xa5
01-22 23:17:06.609 11347 11347 E ArmVmp : Match on catch block at 0xc3 in for 0xa9
01-22 23:17:06.612 11347 11347 E ArmVmp : Match on catch block at 0xc3 in for 0xa9
01-22 23:17:06.620 11347 11347 E ArmVmp : Match on catch block at 0xc3 in for 0xa1
01-22 23:17:06.624 11347 11347 E ArmVmp : Match on catch block at 0xc3 in for 0xa5
01-22 23:17:06.626 11347 11347 E ArmVmp : Match on catch block at 0xc3 in for 0xa5
01-22 23:17:06.637 11347 11347 E ArmVmp : Match on catch block at 0xc3 in for 0xa9
01-22 23:17:06.641 11347 11347 E ArmVmp : Match on catch block at 0xc3 in for 0xa1
01-22 23:17:06.644 11347 11347 E ArmVmp : Match on catch block at 0xc3 in for 0xa1
01-22 23:17:06.654 11347 11347 E ArmVmp : Match on catch block at 0xc3 in for 0xa5
01-22 23:17:06.658 11347 11347 E ArmVmp : Match on catch block at 0xc3 in for 0xa9
01-22 23:17:06.661 11347 11347 E ArmVmp : Match on catch block at 0xc3 in for 0xa9
01-22 23:17:06.671 11347 11347 E ArmVmp : Match on catch block at 0xc3 in for 0xa1
01-22 23:17:06.675 11347 11347 E ArmVmp : Match on catch block at 0xc3 in for 0xa5
01-22 23:17:06.677 11347 11347 E ArmVmp : Match on catch block at 0xc3 in for 0xa5
01-22 23:17:06.687 11347 11347 E ArmVmp : Match on catch block at 0xc3 in for 0xa9
01-22 23:17:06.693 11347 11347 E ArmVmp : Match on catch block at 0xc3 in for 0xa1
01-22 23:17:06.696 11347 11347 E ArmVmp : Match on catch block at 0xc3 in for 0xa1
01-22 23:17:06.704 11347 11347 E ArmVmp : Match on catch block at 0xc3 in for 0xa5
01-22 23:17:06.708 11347 11347 E ArmVmp : Match on catch block at 0xc3 in for 0xa9
01-22 23:17:06.710 11347 11347 E ArmVmp : Match on catch block at 0xc3 in for 0xa9
01-22 23:17:06.721 11347 11347 E ArmVmp : Match on catch block at 0xc3 in for 0xa1
01-22 23:17:06.726 11347 11347 E ArmVmp : Match on catch block at 0xc3 in for 0xa5
01-22 23:17:06.728 11347 11347 E ArmVmp : Match on catch block at 0xc3 in for 0xa5
01-22 23:17:06.737 11347 11347 E ArmVmp : Match on catch block at 0xc3 in for 0xa9
01-22 23:17:06.741 11347 11347 E ArmVmp : Match on catch block at 0xc3 in for 0xa1
01-22 23:17:06.743 11347 11347 E ArmVmp : Match on catch block at 0xc3 in for 0xa1
01-22 23:17:06.754 11347 11347 E ArmVmp : Match on catch block at 0xc3 in for 0xa5
01-22 23:17:06.760 11347 11347 E ArmVmp : Match on catch block at 0xc3 in for 0xa9
01-22 23:17:06.762 11347 11347 E ArmVmp : Match on catch block at 0xc3 in for 0xa9
01-22 23:17:06.771 11347 11347 E ArmVmp : Match on catch block at 0xc3 in for 0xa1
01-22 23:17:06.775 11347 11347 E ArmVmp : Match on catch block at 0xc3 in for 0xa5
01-22 23:17:06.778 11347 11347 E ArmVmp : Match on catch block at 0xc3 in for 0xa5
01-22 23:17:06.787 11347 11347 E ArmVmp : Match on catch block at 0xc3 in for 0xa9
01-22 23:17:06.791 11347 11347 E ArmVmp : Match on catch block at 0xc3 in for 0xa1
01-22 23:17:06.793 11347 11347 E ArmVmp : Match on catch block at 0xc3 in for 0xa1
01-22 23:17:06.988 11347 11347 E ArmVmp : Match on catch block at 0xc3 in for 0xa5
01-22 23:17:06.991 11347 11347 E ArmVmp : Match on catch block at 0xc3 in for 0xa9
01-22 23:17:06.995 11347 11347 E ArmVmp : Match on catch block at 0xc3 in for 0xa9
01-22 23:17:07.204 11347 11347 E ArmVmp : Match on catch block at 0xc3 in for 0xa1
01-22 23:17:07.207 11347 11347 E ArmVmp : Match on catch block at 0xc3 in for 0xa5
01-22 23:17:07.210 11347 11347 E ArmVmp : Match on catch block at 0xc3 in for 0xa5
01-22 23:17:07.304 11347 11347 E ArmVmp : Match on catch block at 0xc3 in for 0xa9
01-22 23:17:07.309 11347 11347 E ArmVmp : Match on catch block at 0xc3 in for 0xa1
01-22 23:17:07.312 11347 11347 E ArmVmp : Match on catch block at 0xc3 in for 0xa1
01-22 23:17:07.488 11347 11347 E ArmVmp : Match on catch block at 0xc3 in for 0xa5
01-22 23:17:07.493 11347 11347 E ArmVmp : Match on catch block at 0xc3 in for 0xa9
