01-22 23:18:07.321 11347 11347 E ArmVmp : Match on catch block at 0xc3 in for 0xa9
01-22 23:18:07.325 11347 11347 E ArmVmp : Match on catch block at 0xc3 in for 0xa1
01-22 23:18:07.337 11347 11347 E ArmVmp : Match on catch block at 0xc3 in for 0xa9
01-22 23:18:07.341 11347 11347 E ArmVmp : Match on catch block at 0xc3 in for 0xa1
01-22 23:18:07.354 11347 11347 E ArmVmp : Match on catch block at 0xc3 in for 0xa9
01-22 23:18:07.358 11347 11347 E ArmVmp : Match on catch block at 0xc3 in for 0xa1
01-22 23:18:07.371 11347 11347 E ArmVmp : Match on catch block at 0xc3 in for 0xa9
01-22 23:18:07.374 11347 11347 E ArmVmp : Match on catch block at 0xc3 in for 0xa1
01-22 23:18:07.387 11347 11347 E ArmVmp : Match on catch block at 0xc3 in for 0xa9
01-22 23:18:07.391 11347 11347 E ArmVmp : Match on catch block at 0xc3 in for 0xa1
01-22 23:18:07.404 11347 11347 E ArmVmp : Match on catch block at 0xc3 in for 0xa9
01-22 23:18:07.408 11347 11347 E ArmVmp : Match on catch block at 0xc3 in for 0xa1
01-22 23:18:07.421 11347 11347 E ArmVmp : Match on catch block at 0xc3 in for 0xa9
01-22 23:18:07.424 11347 11347 E ArmVmp : Match on catch block at 0xc3 in for 0xa1
01-22 23:18:07.437 11347 11347 E ArmVmp : Match on catch block at 0xc3 in for 0xa9
01-22 23:18:07.441 11347 11347 E ArmVmp : Match on catch block at 0xc3 in for 0xa1
01-22 23:18:07.454 11347 11347 E ArmVmp : Match on catch block at 0xc3 in for 0xa9
01-22 23:18:07.458 11347 11347 E ArmVmp : Match on catch block at 0xc3 in for 0xa1
01-22 23:18:07.472 11347 11347 E ArmVmp : Match on catch block at 0xc3 in for 0xa9
01-22 23:18:07.478 11347 11347 E ArmVmp : Match on catch block at 0xc3 in for 0xa1
01-22 23:18:07.488 11347 11347 E ArmVmp : Match on catch block at 0xc3 in for 0xa9
01-22 23:18:07.492 11347 11347 E ArmVmp : Match on catch block at 0xc3 in for 0xa1
01-22 23:18:07.504 11347 11347 E ArmVmp : Match on catch block at 0xc3 in for 0xa9
01-22 23:18:07.509 11347 11347 E ArmVmp : Match on catch block at 0xc3 in for 0xa1
01-22 23:18:07.521 11347 11347 E ArmVmp : Match on catch block at 0xc3 in for 0xa9
01-22 23:18:07.525 11347 11347 E ArmVmp : Match on catch block at 0xc3 in for 0xa1
01-22 23:18:07.538 11347 11347 E ArmVmp : Match on catch block at 0xc3 in for 0xa9
01-22 23:18:07.541 11347 11347 E ArmVmp : Match on catch block at 0xc3 in for 0xa1
01-22 23:18:07.555 11347 11347 E ArmVmp : Match on catch block at 0xc3 in for 0xa9
01-22 23:18:07.559 11347 11347 E ArmVmp : Match on catch block at 0xc3 in for 0xa1
01-22 23:18:07.571 11347 11347 E ArmVmp : Match on catch block at 0xc3 in for 0xa9
01-22 23:18:07.575 11347 11347 E ArmVmp : Match on catch block at 0xc3 in for 0xa1
01-22 23:18:07.588 11347 11347 E ArmVmp : Match on catch block at 0xc3 in for 0xa9
01-22 23:18:07.592 11347 11347 E ArmVmp : Match on catch block at 0xc3 in for 0xa1
01-22 23:18:07.604 11347 11347 E ArmVmp : Match on catch block at 0xc3 in for 0xa9
01-22 23:18:07.608 11347 11347 E ArmVmp : Match on catch block at 0xc3 in for 0xa1
01-22 23:18:07.621 11347 11347 E ArmVmp : Match on catch block at 0xc3 in for 0xa9
01-22 23:18:07.628 11347 11347 E ArmVmp : Match on catch block at 0xc3 in for 0xa1
01-22 23:18:07.638 11347 11347 E ArmVmp : Match on catch block at 0xc3 in for 0xa9
01-22 23:18:07.643 11347 11347 E ArmVmp : Match on catch block at 0xc3 in for 0xa1
01-22 23:18:07.654 11347 11347 E ArmVmp : Match on catch block at 0xc3 in for 0xa9
01-22 23:18:07.658 11347 11347 E ArmVmp : Match on catch block at 0xc3 in for 0xa1
01-22 23:18:07.671 11347 11347 E ArmVmp : Match on catch block at 0xc3 in for 0xa9
01-22 23:18:07.674 11347 11347 E ArmVmp : Match on catch block at 0xc3 in for 0xa1
01-22 23:18:07.687 11347 11347 E ArmVmp : Match on catch block at 0xc3 in for 0xa9
01-22 23:18:07.690 11347 11347 E ArmVmp : Match on catch block at 0xc3 in for 0xa1
01-22 23:18:07.708 11347 11347 E ArmVmp : Match on catch block at 0xc3 in for 0xa9
01-22 23:18:07.712 11347 11347 E ArmVmp : Match on catch block at 0xc3 in for 0xa1
01-22 23:18:07.829 11347 12186 W 3ib : java.util.concurrent.ExecutionException:
java.io.IOException: disconnected
01-22 23:18:07.829 11347 12186 W 3ib : at X.3hG.get(Unknown Source:16)
01-22 23:18:07.829 11347 12186 W 3ib : at
com.mbwhatsapp.jobqueue.job.SendE2EMessageJob.A06(Unknown Source:3989)
01-22 23:18:07.829 11347 12186 W 3ib : at X.3e7.run(Unknown Source:1006)
01-22 23:18:07.829 11347 12186 W 3ib : at
java.util.concurrent.ThreadPoolExecutor.runWorker(ThreadPoolExecutor.java:1167)
01-22 23:18:07.829 11347 12186 W 3ib : at
java.util.concurrent.ThreadPoolExecutor$Worker.run(ThreadPoolExecutor.java:641)
01-22 23:18:07.829 11347 12186 W 3ib : at X.3e7.run(Unknown Source:1130)
01-22 23:18:07.829 11347 12186 W 3ib : at
java.lang.Thread.run(Thread.java:923)
01-22 23:18:07.829 11347 12186 W 3ib : Caused by: java.io.IOException:
disconnected
01-22 23:18:07.829 11347 12186 W 3ib : at X.002.A0F(Unknown Source:2)
01-22 23:18:07.829 11347 12186 W 3ib : at X.103.handleMessage(Unknown
Source:399)
01-22 23:18:07.829 11347 12186 W 3ib : at
android.os.Handler.dispatchMessage(Handler.java:106)
01-22 23:18:07.829 11347 12186 W 3ib : at
android.os.Looper.loop(Looper.java:223)
01-22 23:18:07.829 11347 12186 W 3ib : at
android.os.HandlerThread.run(HandlerThread.java:67)
01-22 23:18:07.836 11347 11347 E ArmVmp : Match on catch block at 0xc3 in for 0xa1
01-22 23:18:07.839 11347 11347 E ArmVmp : Match on catch block at 0xc3 in for 0xa5
01-22 23:18:07.862 11347 11347 E ArmVmp : Match on catch block at 0xc3 in for 0xa1
01-22 23:18:07.868 11347 11347 E ArmVmp : Match on catch block at 0xc3 in for 0xa5
01-22 23:18:07.874 11347 11347 E ArmVmp : Match on catch block at 0xc3 in for 0xa5
01-22 23:18:07.885 11347 11347 E ArmVmp : Match on catch block at 0xc3 in for 0xa9
01-22 23:18:07.910 11347 11347 E ArmVmp : Match on catch block at 0xc3 in for 0xa9
01-22 23:18:07.916 11347 11347 E ArmVmp : Match on catch block at 0xc3 in for 0xa1
01-22 23:18:07.936 11347 11347 E ArmVmp : Match on catch block at 0xc3 in for 0xa1
01-22 23:18:07.941 11347 11347 E ArmVmp : Match on catch block at 0xc3 in for 0xa5
01-22 23:18:07.949 11347 11347 E ArmVmp : Match on catch block at 0xc3 in for 0xa1
01-22 23:18:07.953 11347 11347 E ArmVmp : Match on catch block at 0xc3 in for 0xa5
01-22 23:18:07.958 11347 11347 E ArmVmp : Match on catch block at 0xc3 in for 0xa1
01-22 23:18:07.962 11347 11347 E ArmVmp : Match on catch block at 0xc3 in for 0xa5
01-22 23:18:08.030 11347 11347 E ArmVmp : Match on catch block at 0xc3 in for 0xa1
01-22 23:18:08.032 11347 11347 E ArmVmp : Match on catch block at 0xc3 in for 0xa5
01-22 23:18:08.050 11347 11347 E ArmVmp : Match on catch block at 0xc3 in for 0xa5
01-22 23:18:08.054 11347 11347 E ArmVmp : Match on catch block at 0xc3 in for 0xa9
01-22 23:18:08.066 11347 11347 E ArmVmp : Match on catch block at 0xc3 in for 0xa5
01-22 23:18:08.070 11347 11347 E ArmVmp : Match on catch block at 0xc3 in for 0xa9
01-22 23:18:08.078 11347 11347 E ArmVmp : Match on catch block at 0xc3 in for 0xa5
01-22 23:18:08.083 11347 11347 E ArmVmp : Match on catch block at 0xc3 in for 0xa9
01-22 23:18:08.089 11347 11347 E ArmVmp : Match on catch block at 0xc3 in for 0xa5
01-22 23:18:08.098 11347 11347 E ArmVmp : Match on catch block at 0xc3 in for 0xa9
01-22 23:18:08.104 11347 11347 E ArmVmp : Match on catch block at 0xc3 in for 0xa5
01-22 23:18:08.110 11347 11347 E ArmVmp : Match on catch block at 0xc3 in for 0xa9
01-22 23:18:08.121 11347 11347 E ArmVmp : Match on catch block at 0xc3 in for 0xa5
01-22 23:18:08.125 11347 11347 E ArmVmp : Match on catch block at 0xc3 in for 0xa9
01-22 23:18:08.138 11347 11347 E ArmVmp : Match on catch block at 0xc3 in for 0xa5
01-22 23:18:08.142 11347 11347 E ArmVmp : Match on catch block at 0xc3 in for 0xa9
01-22 23:18:08.154 11347 11347 E ArmVmp : Match on catch block at 0xc3 in for 0xa5
01-22 23:18:08.157 11347 11347 E ArmVmp : Match on catch block at 0xc3 in for 0xa9
01-22 23:18:08.206 11347 11347 E ArmVmp : Match on catch block at 0xc3 in for 0xa5
01-22 23:18:08.209 11347 11347 E ArmVmp : Match on catch block at 0xc3 in for 0xa9
01-22 23:18:08.215 11347 11347 E ArmVmp : Match on catch block at 0xc3 in for 0xa5
01-22 23:18:08.218 11347 11347 E ArmVmp : Match on catch block at 0xc3 in for 0xa9
01-22 23:18:08.223 11347 11347 E ArmVmp : Match on catch block at 0xc3 in for 0xa5
01-22 23:18:08.226 11347 11347 E ArmVmp : Match on catch block at 0xc3 in for 0xa9
01-22 23:18:08.237 11347 11347 E ArmVmp : Match on catch block at 0xc3 in for 0xa9
01-22 23:18:08.241 11347 11347 E ArmVmp : Match on catch block at 0xc3 in for 0xa1
01-22 23:18:08.253 11347 11347 E ArmVmp : Match on catch block at 0xc3 in for 0xa9
01-22 23:18:08.257 11347 11347 E ArmVmp : Match on catch block at 0xc3 in for 0xa1
01-22 23:18:08.271 11347 11347 E ArmVmp : Match on catch block at 0xc3 in for 0xa9
01-22 23:18:08.274 11347 11347 E ArmVmp : Match on catch block at 0xc3 in for 0xa1
01-22 23:18:08.287 11347 11347 E ArmVmp : Match on catch block at 0xc3 in for 0xa9
01-22 23:18:08.290 11347 11347 E ArmVmp : Match on catch block at 0xc3 in for 0xa1
01-22 23:18:08.304 11347 11347 E ArmVmp : Match on catch block at 0xc3 in for 0xa9
01-22 23:18:08.306 11347 11347 E ArmVmp : Match on catch block at 0xc3 in for 0xa1
01-22 23:18:08.320 11347 11347 E ArmVmp : Match on catch block at 0xc3 in for 0xa9
01-22 23:18:08.323 11347 11347 E ArmVmp : Match on catch block at 0xc3 in for 0xa1
01-22 23:18:08.345 11347 11347 E ArmVmp : Match on catch block at 0xc3 in for 0xa9
01-22 23:18:08.348 11347 11347 E ArmVmp : Match on catch block at 0xc3 in for 0xa1
01-22 23:18:08.373 11347 11347 E ArmVmp : Match on catch block at 0xc3 in for 0xa9
01-22 23:18:08.377 11347 11347 E ArmVmp : Match on catch block at 0xc3 in for 0xa1
01-22 23:18:08.556 11347 11347 E ArmVmp : Match on catch block at 0xc3 in for 0xa1
01-22 23:18:08.560 11347 11347 E ArmVmp : Match on catch block at 0xc3 in for 0xa5
01-22 23:18:08.592 11347 11347 E ArmVmp : Match on catch block at 0xc3 in for 0xa1
01-22 23:18:08.595 11347 11347 E ArmVmp : Match on catch block at 0xc3 in for 0xa5
01-22 23:18:08.637 11347 11347 E ArmVmp : Match on catch block at 0xc3 in for 0xa1
01-22 23:18:08.640 11347 11347 E ArmVmp : Match on catch block at 0xc3 in for 0xa5
01-22 23:18:08.677 11347 11347 E ArmVmp : Match on catch block at 0xc3 in for 0xa9
01-22 23:18:08.679 11347 11347 E ArmVmp : Match on catch block at 0xc3 in for 0xa1
01-22 23:18:08.690 11347 11347 W IInputConnectionWrapper: requestCursorAnchorInfo
on inactive InputConnection
01-22 23:18:08.704 11347 11347 E ArmVmp : Match on catch block at 0xc3 in for 0xa5
01-22 23:18:08.708 11347 11347 E ArmVmp : Match on catch block at 0xc3 in for 0xa9
01-22 23:18:08.716 11347 11347 E ArmVmp : Match on catch block at 0xc3 in for 0xa5
01-22 23:18:08.718 11347 11347 E ArmVmp : Match on catch block at 0xc3 in for 0xa9
01-22 23:18:08.736 11347 11347 E ArmVmp : Match on catch block at 0xc3 in for 0xa5
01-22 23:18:08.739 11347 11347 E ArmVmp : Match on catch block at 0xc3 in for 0xa9
01-22 23:18:08.769 11347 11347 E ArmVmp : Match on catch block at 0xc3 in for 0xa5
01-22 23:18:08.773 11347 11347 E ArmVmp : Match on catch block at 0xc3 in for 0xa9
01-22 23:18:08.787 11347 11347 E ArmVmp : Match on catch block at 0xc3 in for 0xa5
01-22 23:18:08.789 11347 11347 E ArmVmp : Match on catch block at 0xc3 in for 0xa9
01-22 23:18:08.794 11347 11347 E ArmVmp : Match on catch block at 0xc3 in for 0xa5
01-22 23:18:08.796 11347 11347 E ArmVmp : Match on catch block at 0xc3 in for 0xa9
01-22 23:18:08.804 11347 11347 E ArmVmp : Match on catch block at 0xc3 in for 0xa5
01-22 23:18:08.806 11347 11347 E ArmVmp : Match on catch block at 0xc3 in for 0xa9
01-22 23:18:08.820 11347 11347 E ArmVmp : Match on catch block at 0xc3 in for 0xa5
01-22 23:18:08.824 11347 11347 E ArmVmp : Match on catch block at 0xc3 in for 0xa9
01-22 23:18:08.838 11347 11347 E ArmVmp : Match on catch block at 0xc3 in for 0xa5
01-22 23:18:08.841 11347 11347 E ArmVmp : Match on catch block at 0xc3 in for 0xa9
01-22 23:18:08.854 11347 11347 E ArmVmp : Match on catch block at 0xc3 in for 0xa5
01-22 23:18:08.857 11347 11347 E ArmVmp : Match on catch block at 0xc3 in for 0xa9
01-22 23:18:08.871 11347 11347 E ArmVmp : Match on catch block at 0xc3 in for 0xa5
01-22 23:18:08.874 11347 11347 E ArmVmp : Match on catch block at 0xc3 in for 0xa9
01-22 23:18:08.887 11347 11347 E ArmVmp : Match on catch block at 0xc3 in for 0xa5
01-22 23:18:08.891 11347 11347 E ArmVmp : Match on catch block at 0xc3 in for 0xa9
01-22 23:18:08.904 11347 11347 E ArmVmp : Match on catch block at 0xc3 in for 0xa5
01-22 23:18:08.911 11347 11347 E ArmVmp : Match on catch block at 0xc3 in for 0xa9
01-22 23:18:08.921 11347 11347 E ArmVmp : Match on catch block at 0xc3 in for 0xa5
01-22 23:18:08.925 11347 11347 E ArmVmp : Match on catch block at 0xc3 in for 0xa9
01-22 23:18:08.940 11347 11347 E ArmVmp : Match on catch block at 0xc3 in for 0xa5
01-22 23:18:08.943 11347 11347 E ArmVmp : Match on catch block at 0xc3 in for 0xa9
01-22 23:18:08.956 11347 11347 E ArmVmp : Match on catch block at 0xc3 in for 0xa5
01-22 23:18:08.960 11347 11347 E ArmVmp : Match on catch block at 0xc3 in for 0xa9
01-22 23:18:08.973 11347 11347 E ArmVmp : Match on catch block at 0xc3 in for 0xa5
01-22 23:18:08.977 11347 11347 E ArmVmp : Match on catch block at 0xc3 in for 0xa9
01-22 23:18:08.988 11347 11347 E ArmVmp : Match on catch block at 0xc3 in for 0xa5
01-22 23:18:08.992 11347 11347 E ArmVmp : Match on catch block at 0xc3 in for 0xa9
01-22 23:18:09.028 11347 11421 W libEGL : EGLNativeWindowType 0xb40000738165e530
disconnect failed
01-22 23:18:11.203 11347 11347 E ArmVmp : Match on catch block at 0x81 in for 0xe5
01-22 23:18:11.209 11347 11347 E ArmVmp : Match on catch block at 0x81 in for 0xe9
01-22 23:18:11.315 11347 11347 W BottomSheetBehavior: BottomSheetBehavior now
supports multiple callbacks. `setBottomSheetCallback()` removes all existing
callbacks, including ones set internally by library authors, which may result in
unintended behavior. This may change in the future. Please use
`addBottomSheetCallback()` and `removeBottomSheetCallback()` instead to set your
own callbacks.
01-22 23:18:11.315 11347 11347 W BottomSheetBehavior: BottomSheetBehavior now
supports multiple callbacks. `setBottomSheetCallback()` removes all existing
callbacks, including ones set internally by library authors, which may result in
unintended behavior. This may change in the future. Please use
`addBottomSheetCallback()` and `removeBottomSheetCallback()` instead to set your
own callbacks.
01-22 23:18:11.333 11347 11347 W BottomSheetBehavior: BottomSheetBehavior now
supports multiple callbacks. `setBottomSheetCallback()` removes all existing
callbacks, including ones set internally by library authors, which may result in
unintended behavior. This may change in the future. Please use
`addBottomSheetCallback()` and `removeBottomSheetCallback()` instead to set your
own callbacks.
01-22 23:18:11.333 11347 11347 W BottomSheetBehavior: BottomSheetBehavior now
supports multiple callbacks. `setBottomSheetCallback()` removes all existing
callbacks, including ones set internally by library authors, which may result in
unintended behavior. This may change in the future. Please use
`addBottomSheetCallback()` and `removeBottomSheetCallback()` instead to set your
own callbacks.
01-22 23:18:11.350 11347 11347 E RecyclerView: No adapter attached; skipping layout
01-22 23:18:11.353 11347 11421 W libEGL : EGLNativeWindowType 0xb4000073815a73d0
disconnect failed
01-22 23:18:14.245 11347 11421 W libEGL : EGLNativeWindowType 0xb4000073815a73d0
disconnect failed
01-22 23:18:18.072 11347 11421 W libEGL : EGLNativeWindowType 0xb4000073816938c0
disconnect failed
01-22 23:18:23.861 11347 11361 W System : A resource failed to call release.
01-22 23:18:34.695 11347 11393 E SQLiteDatabase: Error inserting transferred=0
media_job_uuid=fba337ca-e0ef-4c83-b816-eee655824a6b transcoded=0 gif_attribution=0
first_scan_length=0 direct_path=/v/t62.7161-
24/30133378_869490338301844_4570366068661692478_n.enc?ccb=11-
4&oh=01_AdQibAhBIcG5XFv_goa0hiCRe3HWWSNMmonz6RQU5tnUtw&oe=65D6A0EE&_nc_sid=5e03e0
thumbnail_height_width_ratio=1.7755102 is_animated_sticker=0
file_hash=eFQEqOEYjqSnRRaIJr9ICjVpg7UDOymNtiXUqpjLeio= file_path=null file_size=0
partial_media_hash=null face_x=0 face_y=0 height=848 trim_to=0
media_key_timestamp=1705987099000 message_url=https://mmg.whatsapp.net/v/t62.7161-
24/30133378_869490338301844_4570366068661692478_n.enc?ccb=11-
4&oh=01_AdQibAhBIcG5XFv_goa0hiCRe3HWWSNMmonz6RQU5tnUtw&oe=65D6A0EE&_nc_sid=5e03e0&m
ms3=true media_caption=null trim_from=0 mime_type=video/mp4
partial_media_enc_hash=null width=480 original_file_hash=null
has_streaming_sidecar=1 autotransfer_retry_enabled=0 media_upload_handle=null
message_row_id=247241 multicast_id=null
enc_file_hash=jx/y2uwGobTGCtwEAdLkxS5CSYmAQL//PHCNv4GIdiA= mute_video=0
page_count=0 first_scan_sidecar=null suspicious_content=0 file_length=2578812
media_name=null media_duration=15 chat_row_id=67 media_key=[B@715f43d
01-22 23:18:34.695 11347 11393 E SQLiteDatabase:
android.database.sqlite.SQLiteConstraintException: UNIQUE constraint failed:
message_media.message_row_id (code 1555 SQLITE_CONSTRAINT_PRIMARYKEY)
01-22 23:18:34.695 11347 11393 E SQLiteDatabase: at
android.database.sqlite.SQLiteConnection.nativeExecuteForLastInsertedRowId(Native
Method)
01-22 23:18:34.695 11347 11393 E SQLiteDatabase: at
android.database.sqlite.SQLiteConnection.executeForLastInsertedRowId(SQLiteConnecti
on.java:938)
01-22 23:18:34.695 11347 11393 E SQLiteDatabase: at
android.database.sqlite.SQLiteSession.executeForLastInsertedRowId(SQLiteSession.jav
a:790)
01-22 23:18:34.695 11347 11393 E SQLiteDatabase: at
android.database.sqlite.SQLiteStatement.executeInsert(SQLiteStatement.java:88)
01-22 23:18:34.695 11347 11393 E SQLiteDatabase: at
android.database.sqlite.SQLiteDatabase.insertWithOnConflict(SQLiteDatabase.java:170
1)
01-22 23:18:34.695 11347 11393 E SQLiteDatabase: at
android.database.sqlite.SQLiteDatabase.insert(SQLiteDatabase.java:1570)
01-22 23:18:34.695 11347 11393 E SQLiteDatabase: at X.2tm.A08(Unknown
Source:6)
01-22 23:18:34.695 11347 11393 E SQLiteDatabase: at X.35Y.A07(Unknown
Source:212)
01-22 23:18:34.695 11347 11393 E SQLiteDatabase: at X.3QF.A14(Unknown
Source:470)
01-22 23:18:34.695 11347 11393 E SQLiteDatabase: at X.3gU.run(Unknown
Source:982)
01-22 23:18:34.695 11347 11393 E SQLiteDatabase: at
android.os.Handler.handleCallback(Handler.java:938)
01-22 23:18:34.695 11347 11393 E SQLiteDatabase: at
android.os.Handler.dispatchMessage(Handler.java:99)
01-22 23:18:34.695 11347 11393 E SQLiteDatabase: at
X.0zq.dispatchMessage(Unknown Source:4)
01-22 23:18:34.695 11347 11393 E SQLiteDatabase: at
android.os.Looper.loop(Looper.java:223)
01-22 23:18:34.695 11347 11393 E SQLiteDatabase: at
android.os.HandlerThread.run(HandlerThread.java:67)
01-22 23:18:34.863 11347 11347 E ArmVmp : Match on catch block at 0x4c in for 0xe9
01-22 23:18:34.873 11347 11347 E ArmVmp : Match on catch block at 0x81 in for 0xe1
01-22 23:18:34.882 11347 11347 E ArmVmp : Match on catch block at 0x81 in for 0xe9
01-22 23:18:34.917 11347 11347 E ArmVmp : Match on catch block at 0x0a in for 0xc1
01-22 23:18:34.919 11347 11347 E ArmVmp : Match on catch block at 0x0a in for 0xc9
01-22 23:18:34.961 11347 11393 E SQLiteDatabase: Error inserting transferred=0
media_job_uuid=fba337ca-e0ef-4c83-b816-eee655824a6b transcoded=0 gif_attribution=0
first_scan_length=0 direct_path=/v/t62.7161-
24/30133378_869490338301844_4570366068661692478_n.enc?ccb=11-
4&oh=01_AdQibAhBIcG5XFv_goa0hiCRe3HWWSNMmonz6RQU5tnUtw&oe=65D6A0EE&_nc_sid=5e03e0
thumbnail_height_width_ratio=1.7755102 is_animated_sticker=0
file_hash=eFQEqOEYjqSnRRaIJr9ICjVpg7UDOymNtiXUqpjLeio= file_path=null file_size=0
partial_media_hash=null face_x=0 face_y=0 height=848 trim_to=0
media_key_timestamp=1705987099000 message_url=https://mmg.whatsapp.net/v/t62.7161-
24/30133378_869490338301844_4570366068661692478_n.enc?ccb=11-
4&oh=01_AdQibAhBIcG5XFv_goa0hiCRe3HWWSNMmonz6RQU5tnUtw&oe=65D6A0EE&_nc_sid=5e03e0&m
ms3=true media_caption=null trim_from=0 mime_type=video/mp4
partial_media_enc_hash=null width=480 original_file_hash=null
has_streaming_sidecar=1 autotransfer_retry_enabled=0 media_upload_handle=null
message_row_id=247241 multicast_id=null
enc_file_hash=jx/y2uwGobTGCtwEAdLkxS5CSYmAQL//PHCNv4GIdiA= mute_video=0
page_count=0 first_scan_sidecar=null suspicious_content=0 file_length=2578812
media_name=null media_duration=15 chat_row_id=67 media_key=[B@715f43d
01-22 23:18:34.961 11347 11393 E SQLiteDatabase:
android.database.sqlite.SQLiteConstraintException: UNIQUE constraint failed:
message_media.message_row_id (code 1555 SQLITE_CONSTRAINT_PRIMARYKEY)
01-22 23:18:34.961 11347 11393 E SQLiteDatabase: at
android.database.sqlite.SQLiteConnection.nativeExecuteForLastInsertedRowId(Native
Method)
01-22 23:18:34.961 11347 11393 E SQLiteDatabase: at
android.database.sqlite.SQLiteConnection.executeForLastInsertedRowId(SQLiteConnecti
on.java:938)
01-22 23:18:34.961 11347 11393 E SQLiteDatabase: at
android.database.sqlite.SQLiteSession.executeForLastInsertedRowId(SQLiteSession.jav
a:790)
01-22 23:18:34.961 11347 11393 E SQLiteDatabase: at
android.database.sqlite.SQLiteStatement.executeInsert(SQLiteStatement.java:88)
01-22 23:18:34.961 11347 11393 E SQLiteDatabase: at
android.database.sqlite.SQLiteDatabase.insertWithOnConflict(SQLiteDatabase.java:170
1)
01-22 23:18:34.961 11347 11393 E SQLiteDatabase: at
android.database.sqlite.SQLiteDatabase.insert(SQLiteDatabase.java:1570)
01-22 23:18:34.961 11347 11393 E SQLiteDatabase: at X.2tm.A08(Unknown
Source:6)
01-22 23:18:34.961 11347 11393 E SQLiteDatabase: at X.35Y.A07(Unknown
Source:212)
01-22 23:18:34.961 11347 11393 E SQLiteDatabase: at X.3QF.A14(Unknown
Source:470)
01-22 23:18:34.961 11347 11393 E SQLiteDatabase: at X.3gU.run(Unknown
Source:982)
01-22 23:18:34.961 11347 11393 E SQLiteDatabase: at
android.os.Handler.handleCallback(Handler.java:938)
01-22 23:18:34.961 11347 11393 E SQLiteDatabase: at
android.os.Handler.dispatchMessage(Handler.java:99)
01-22 23:18:34.961 11347 11393 E SQLiteDatabase: at
X.0zq.dispatchMessage(Unknown Source:4)
01-22 23:18:34.961 11347 11393 E SQLiteDatabase: at
android.os.Looper.loop(Looper.java:223)
01-22 23:18:34.961 11347 11393 E SQLiteDatabase: at
android.os.HandlerThread.run(HandlerThread.java:67)
01-22 23:18:35.247 11347 11347 E ArmVmp : Match on catch block at 0xc3 in for 0xb5
01-22 23:18:35.254 11347 11347 E ArmVmp : Match on catch block at 0xc3 in for 0xb5
01-22 23:18:35.361 11347 11347 E ArmVmp : Match on catch block at 0xc3 in for 0xa5
01-22 23:18:35.363 11347 11347 E ArmVmp : Match on catch block at 0xc3 in for 0xa9
01-22 23:18:35.366 11347 11347 E ArmVmp : Match on catch block at 0xc3 in for 0xa9
01-22 23:18:35.463 11347 11347 E ArmVmp : Match on catch block at 0xc3 in for 0xa1
01-22 23:18:35.465 11347 11347 E ArmVmp : Match on catch block at 0xc3 in for 0xa5
01-22 23:18:35.468 11347 11347 E ArmVmp : Match on catch block at 0xc3 in for 0xa5
01-22 23:18:35.651 11347 11347 E ArmVmp : Match on catch block at 0xc3 in for 0xa5
01-22 23:18:35.654 11347 11347 E ArmVmp : Match on catch block at 0xc3 in for 0xa9
01-22 23:18:35.657 11347 11347 E ArmVmp : Match on catch block at 0xc3 in for 0xa9
01-22 23:18:35.831 11347 11421 W libEGL : EGLNativeWindowType 0xb4000073816a0520
disconnect failed
01-22 23:18:35.836 11347 11347 E ArmVmp : Match on catch block at 0xc3 in for 0xa1
01-22 23:18:35.838 11347 11347 E ArmVmp : Match on catch block at 0xc3 in for 0xa5
01-22 23:18:35.840 11347 11347 E ArmVmp : Match on catch block at 0xc3 in for 0xa5
01-22 23:18:35.855 11347 11347 E ArmVmp : Match on catch block at 0xc3 in for 0xa5
01-22 23:18:35.858 11347 11347 E ArmVmp : Match on catch block at 0xc3 in for 0xa9
01-22 23:18:35.862 11347 11347 E ArmVmp : Match on catch block at 0xc3 in for 0xa9
01-22 23:18:35.870 11347 11347 E ArmVmp : Match on catch block at 0xc3 in for 0xa5
01-22 23:18:35.873 11347 11347 E ArmVmp : Match on catch block at 0xc3 in for 0xa9
01-22 23:18:35.875 11347 11347 E ArmVmp : Match on catch block at 0xc3 in for 0xa9
01-22 23:18:35.887 11347 11347 E ArmVmp : Match on catch block at 0xc3 in for 0xa1
01-22 23:18:35.890 11347 11347 E ArmVmp : Match on catch block at 0xc3 in for 0xa5
01-22 23:18:35.892 11347 11347 E ArmVmp : Match on catch block at 0xc3 in for 0xa5
01-22 23:18:35.903 11347 11347 E ArmVmp : Match on catch block at 0xc3 in for 0xa9
01-22 23:18:35.906 11347 11347 E ArmVmp : Match on catch block at 0xc3 in for 0xa1
01-22 23:18:35.909 11347 11347 E ArmVmp : Match on catch block at 0xc3 in for 0xa1
01-22 23:18:35.921 11347 11347 E ArmVmp : Match on catch block at 0xc3 in for 0xa5
01-22 23:18:35.924 11347 11347 E ArmVmp : Match on catch block at 0xc3 in for 0xa9
01-22 23:18:35.927 11347 11347 E ArmVmp : Match on catch block at 0xc3 in for 0xa9
01-22 23:18:35.937 11347 11347 E ArmVmp : Match on catch block at 0xc3 in for 0xa1
01-22 23:18:35.941 11347 11347 E ArmVmp : Match on catch block at 0xc3 in for 0xa5
01-22 23:18:35.943 11347 11347 E ArmVmp : Match on catch block at 0xc3 in for 0xa5
01-22 23:18:35.954 11347 11347 E ArmVmp : Match on catch block at 0xc3 in for 0xa9
01-22 23:18:35.957 11347 11347 E ArmVmp : Match on catch block at 0xc3 in for 0xa1
01-22 23:18:35.960 11347 11347 E ArmVmp : Match on catch block at 0xc3 in for 0xa1
01-22 23:18:35.970 11347 11347 E ArmVmp : Match on catch block at 0xc3 in for 0xa5
01-22 23:18:35.974 11347 11347 E ArmVmp : Match on catch block at 0xc3 in for 0xa9
01-22 23:18:35.978 11347 11347 E ArmVmp : Match on catch block at 0xc3 in for 0xa9
01-22 23:18:35.988 11347 11347 E ArmVmp : Match on catch block at 0xc3 in for 0xa1
01-22 23:18:35.993 11347 11347 E ArmVmp : Match on catch block at 0xc3 in for 0xa5
01-22 23:18:35.995 11347 11347 E ArmVmp : Match on catch block at 0xc3 in for 0xa5
01-22 23:18:36.004 11347 11347 E ArmVmp : Match on catch block at 0xc3 in for 0xa9
01-22 23:18:36.008 11347 11347 E ArmVmp : Match on catch block at 0xc3 in for 0xa1
01-22 23:18:36.011 11347 11347 E ArmVmp : Match on catch block at 0xc3 in for 0xa1
01-22 23:18:36.021 11347 11347 E ArmVmp : Match on catch block at 0xc3 in for 0xa5
01-22 23:18:36.025 11347 11347 E ArmVmp : Match on catch block at 0xc3 in for 0xa9
01-22 23:18:36.028 11347 11347 E ArmVmp : Match on catch block at 0xc3 in for 0xa9
01-22 23:18:36.038 11347 11347 E ArmVmp : Match on catch block at 0xc3 in for 0xa1
01-22 23:18:36.042 11347 11347 E ArmVmp : Match on catch block at 0xc3 in for 0xa5
01-22 23:18:36.044 11347 11347 E ArmVmp : Match on catch block at 0xc3 in for 0xa5
01-22 23:18:36.055 11347 11347 E ArmVmp : Match on catch block at 0xc3 in for 0xa9
01-22 23:18:36.059 11347 11347 E ArmVmp : Match on catch block at 0xc3 in for 0xa1
01-22 23:18:36.061 11347 11347 E ArmVmp : Match on catch block at 0xc3 in for 0xa1
01-22 23:18:36.071 11347 11347 E ArmVmp : Match on catch block at 0xc3 in for 0xa5
01-22 23:18:36.075 11347 11347 E ArmVmp : Match on catch block at 0xc3 in for 0xa9
01-22 23:18:36.078 11347 11347 E ArmVmp : Match on catch block at 0xc3 in for 0xa9
01-22 23:18:36.088 11347 11347 E ArmVmp : Match on catch block at 0xc3 in for 0xa1
01-22 23:18:36.092 11347 11347 E ArmVmp : Match on catch block at 0xc3 in for 0xa5
01-22 23:18:36.095 11347 11347 E ArmVmp : Match on catch block at 0xc3 in for 0xa5
01-22 23:18:36.105 11347 11347 E ArmVmp : Match on catch block at 0xc3 in for 0xa9
01-22 23:18:36.110 11347 11347 E ArmVmp : Match on catch block at 0xc3 in for 0xa1
01-22 23:18:36.114 11347 11347 E ArmVmp : Match on catch block at 0xc3 in for 0xa1
01-22 23:18:36.124 11347 11347 E ArmVmp : Match on catch block at 0xc3 in for 0xa9
01-22 23:18:36.127 11347 11347 E ArmVmp : Match on catch block at 0xc3 in for 0xa1
01-22 23:18:36.138 11347 11347 E ArmVmp : Match on catch block at 0xc3 in for 0xa1
01-22 23:18:36.143 11347 11347 E ArmVmp : Match on catch block at 0xc3 in for 0xa5
01-22 23:18:36.146 11347 11347 E ArmVmp : Match on catch block at 0xc3 in for 0xa5
01-22 23:18:36.437 11347 11347 E ArmVmp : Match on catch block at 0xc3 in for 0xa9
01-22 23:18:36.442 11347 11347 E ArmVmp : Match on catch block at 0xc3 in for 0xa1
01-22 23:18:36.446 11347 11347 E ArmVmp : Match on catch block at 0xc3 in for 0xa1
01-22 23:18:36.938 11347 11347 E ArmVmp : Match on catch block at 0xc3 in for 0xa5
01-22 23:18:36.942 11347 11347 E ArmVmp : Match on catch block at 0xc3 in for 0xa9
01-22 23:18:36.946 11347 11347 E ArmVmp : Match on catch block at 0xc3 in for 0xa9
01-22 23:18:37.054 11347 11347 E ArmVmp : Match on catch block at 0xc3 in for 0xa1
01-22 23:18:37.058 11347 11347 E ArmVmp : Match on catch block at 0xc3 in for 0xa5
01-22 23:18:37.062 11347 11347 E ArmVmp : Match on catch block at 0xc3 in for 0xa5
01-22 23:18:37.071 11347 11347 E ArmVmp : Match on catch block at 0xc3 in for 0xa9
01-22 23:18:37.075 11347 11347 E ArmVmp : Match on catch block at 0xc3 in for 0xa1
01-22 23:18:37.078 11347 11347 E ArmVmp : Match on catch block at 0xc3 in for 0xa1
01-22 23:18:37.088 11347 11347 E ArmVmp : Match on catch block at 0xc3 in for 0xa5
01-22 23:18:37.094 11347 11347 E ArmVmp : Match on catch block at 0xc3 in for 0xa9
01-22 23:18:37.096 11347 11347 E ArmVmp : Match on catch block at 0xc3 in for 0xa9
01-22 23:18:37.104 11347 11347 E ArmVmp : Match on catch block at 0xc3 in for 0xa1
01-22 23:18:37.107 11347 11347 E ArmVmp : Match on catch block at 0xc3 in for 0xa5
01-22 23:18:37.110 11347 11347 E ArmVmp : Match on catch block at 0xc3 in for 0xa5
01-22 23:18:37.121 11347 11347 E ArmVmp : Match on catch block at 0xc3 in for 0xa9
01-22 23:18:37.124 11347 11347 E ArmVmp : Match on catch block at 0xc3 in for 0xa1
01-22 23:18:37.127 11347 11347 E ArmVmp : Match on catch block at 0xc3 in for 0xa1
01-22 23:18:37.138 11347 11347 E ArmVmp : Match on catch block at 0xc3 in for 0xa5
01-22 23:18:37.141 11347 11347 E ArmVmp : Match on catch block at 0xc3 in for 0xa9
01-22 23:18:37.144 11347 11347 E ArmVmp : Match on catch block at 0xc3 in for 0xa9
01-22 23:18:37.154 11347 11347 E ArmVmp : Match on catch block at 0xc3 in for 0xa1
01-22 23:18:37.159 11347 11347 E ArmVmp : Match on catch block at 0xc3 in for 0xa5
01-22 23:18:37.161 11347 11347 E ArmVmp : Match on catch block at 0xc3 in for 0xa5
01-22 23:18:37.171 11347 11347 E ArmVmp : Match on catch block at 0xc3 in for 0xa9
01-22 23:18:37.174 11347 11347 E ArmVmp : Match on catch block at 0xc3 in for 0xa1
01-22 23:18:37.177 11347 11347 E ArmVmp : Match on catch block at 0xc3 in for 0xa1
01-22 23:18:37.187 11347 11347 E ArmVmp : Match on catch block at 0xc3 in for 0xa5
01-22 23:18:37.191 11347 11347 E ArmVmp : Match on catch block at 0xc3 in for 0xa9
01-22 23:18:37.193 11347 11347 E ArmVmp : Match on catch block at 0xc3 in for 0xa9
01-22 23:18:37.204 11347 11347 E ArmVmp : Match on catch block at 0xc3 in for 0xa1
01-22 23:18:37.209 11347 11347 E ArmVmp : Match on catch block at 0xc3 in for 0xa5
01-22 23:18:37.212 11347 11347 E ArmVmp : Match on catch block at 0xc3 in for 0xa5
01-22 23:18:37.222 11347 11347 E ArmVmp : Match on catch block at 0xc3 in for 0xa9
01-22 23:18:37.226 11347 11347 E ArmVmp : Match on catch block at 0xc3 in for 0xa1
01-22 23:18:37.229 11347 11347 E ArmVmp : Match on catch block at 0xc3 in for 0xa1
01-22 23:18:37.239 11347 11347 E ArmVmp : Match on catch block at 0xc3 in for 0xa5
01-22 23:18:37.243 11347 11347 E ArmVmp : Match on catch block at 0xc3 in for 0xa9
01-22 23:18:37.245 11347 11347 E ArmVmp : Match on catch block at 0xc3 in for 0xa9
01-22 23:18:37.255 11347 11347 E ArmVmp : Match on catch block at 0xc3 in for 0xa1
01-22 23:18:37.260 11347 11347 E ArmVmp : Match on catch block at 0xc3 in for 0xa5
01-22 23:18:37.263 11347 11347 E ArmVmp : Match on catch block at 0xc3 in for 0xa5
01-22 23:18:37.272 11347 11347 E ArmVmp : Match on catch block at 0xc3 in for 0xa9
01-22 23:18:37.275 11347 11347 E ArmVmp : Match on catch block at 0xc3 in for 0xa1
01-22 23:18:37.278 11347 11347 E ArmVmp : Match on catch block at 0xc3 in for 0xa1
01-22 23:18:37.287 11347 11347 E ArmVmp : Match on catch block at 0xc3 in for 0xa5
01-22 23:18:37.291 11347 11347 E ArmVmp : Match on catch block at 0xc3 in for 0xa9
01-22 23:18:37.293 11347 11347 E ArmVmp : Match on catch block at 0xc3 in for 0xa9
01-22 23:18:37.304 11347 11347 E ArmVmp : Match on catch block at 0xc3 in for 0xa1
01-22 23:18:37.308 11347 11347 E ArmVmp : Match on catch block at 0xc3 in for 0xa5
01-22 23:18:37.310 11347 11347 E ArmVmp : Match on catch block at 0xc3 in for 0xa5
01-22 23:18:37.438 11347 11347 E ArmVmp : Match on catch block at 0xc3 in for 0xa9
01-22 23:18:37.442 11347 11347 E ArmVmp : Match on catch block at 0xc3 in for 0xa1
01-22 23:18:37.445 11347 11347 E ArmVmp : Match on catch block at 0xc3 in for 0xa1
01-22 23:18:37.938 11347 11347 E ArmVmp : Match on catch block at 0xc3 in for 0xa5
01-22 23:18:37.942 11347 11347 E ArmVmp : Match on catch block at 0xc3 in for 0xa9
01-22 23:18:37.945 11347 11347 E ArmVmp : Match on catch block at 0xc3 in for 0xa9
01-22 23:18:38.438 11347 11347 E ArmVmp : Match on catch block at 0xc3 in for 0xa9
01-22 23:18:38.443 11347 11347 E ArmVmp : Match on catch block at 0xc3 in for 0xa1
01-22 23:18:38.445 11347 11347 E ArmVmp : Match on catch block at 0xc3 in for 0xa1
01-22 23:18:38.955 11347 11347 E ArmVmp : Match on catch block at 0xc3 in for 0xa5
01-22 23:18:38.960 11347 11347 E ArmVmp : Match on catch block at 0xc3 in for 0xa9
01-22 23:18:38.964 11347 11347 E ArmVmp : Match on catch block at 0xc3 in for 0xa9
01-22 23:18:39.456 11347 11347 E ArmVmp : Match on catch block at 0xc3 in for 0xa1
01-22 23:18:39.460 11347 11347 E ArmVmp : Match on catch block at 0xc3 in for 0xa5
01-22 23:18:39.464 11347 11347 E ArmVmp : Match on catch block at 0xc3 in for 0xa5
01-22 23:18:39.956 11347 11347 E ArmVmp : Match on catch block at 0xc3 in for 0xa9
01-22 23:18:39.961 11347 11347 E ArmVmp : Match on catch block at 0xc3 in for 0xa1
01-22 23:18:39.965 11347 11347 E ArmVmp : Match on catch block at 0xc3 in for 0xa1
01-22 23:18:40.456 11347 11347 E ArmVmp : Match on catch block at 0xc3 in for 0xa5
01-22 23:18:40.462 11347 11347 E ArmVmp : Match on catch block at 0xc3 in for 0xa9
01-22 23:18:40.467 11347 11347 E ArmVmp : Match on catch block at 0xc3 in for 0xa9
01-22 23:18:40.956 11347 11347 E ArmVmp : Match on catch block at 0xc3 in for 0xa1
01-22 23:18:40.961 11347 11347 E ArmVmp : Match on catch block at 0xc3 in for 0xa5
01-22 23:18:40.965 11347 11347 E ArmVmp : Match on catch block at 0xc3 in for 0xa5
01-22 23:18:41.456 11347 11347 E ArmVmp : Match on catch block at 0xc3 in for 0xa9
01-22 23:18:41.461 11347 11347 E ArmVmp : Match on catch block at 0xc3 in for 0xa1
01-22 23:18:41.464 11347 11347 E ArmVmp : Match on catch block at 0xc3 in for 0xa1
01-22 23:18:41.956 11347 11347 E ArmVmp : Match on catch block at 0xc3 in for 0xa5
01-22 23:18:41.961 11347 11347 E ArmVmp : Match on catch block at 0xc3 in for 0xa9
01-22 23:18:41.966 11347 11347 E ArmVmp : Match on catch block at 0xc3 in for 0xa9
01-22 23:18:42.456 11347 11347 E ArmVmp : Match on catch block at 0xc3 in for 0xa1
01-22 23:18:42.462 11347 11347 E ArmVmp : Match on catch block at 0xc3 in for 0xa5
01-22 23:18:42.466 11347 11347 E ArmVmp : Match on catch block at 0xc3 in for 0xa5
01-22 23:18:42.955 11347 11347 E ArmVmp : Match on catch block at 0xc3 in for 0xa9
01-22 23:18:42.961 11347 11347 E ArmVmp : Match on catch block at 0xc3 in for 0xa1
01-22 23:18:42.964 11347 11347 E ArmVmp : Match on catch block at 0xc3 in for 0xa1
01-22 23:18:43.308 11347 11347 E ArmVmp : Match on catch block at 0xc3 in for 0xa9
01-22 23:18:43.312 11347 11347 E ArmVmp : Match on catch block at 0xc3 in for 0xa1
01-22 23:18:43.315 11347 11347 E ArmVmp : Match on catch block at 0xc3 in for 0xa1
01-22 23:18:43.324 11347 11347 E ArmVmp : Match on catch block at 0xc3 in for 0xa5
01-22 23:18:43.327 11347 11347 E ArmVmp : Match on catch block at 0xc3 in for 0xa9
01-22 23:18:43.330 11347 11347 E ArmVmp : Match on catch block at 0xc3 in for 0xa9
01-22 23:18:43.384 11347 11347 E ArmVmp : Match on catch block at 0xc3 in for 0xa5
01-22 23:18:43.389 11347 11347 E ArmVmp : Match on catch block at 0xc3 in for 0xa9
01-22 23:18:43.392 11347 11347 E ArmVmp : Match on catch block at 0xc3 in for 0xa9
01-22 23:18:43.410 11347 11347 E ArmVmp : Match on catch block at 0xc3 in for 0xa1
01-22 23:18:43.413 11347 11421 W libEGL : EGLNativeWindowType 0xb4000073815454f0
disconnect failed
01-22 23:18:43.414 11347 11347 E ArmVmp : Match on catch block at 0xc3 in for 0xa5
01-22 23:18:43.417 11347 11347 E ArmVmp : Match on catch block at 0xc3 in for 0xa5
01-22 23:18:43.455 11347 11347 E ArmVmp : Match on catch block at 0xc3 in for 0xa9
01-22 23:18:43.461 11347 11347 E ArmVmp : Match on catch block at 0xc3 in for 0xa1
01-22 23:18:43.463 11347 11347 E ArmVmp : Match on catch block at 0xc3 in for 0xa1
01-22 23:18:43.955 11347 11347 E ArmVmp : Match on catch block at 0xc3 in for 0xa5
01-22 23:18:43.960 11347 11347 E ArmVmp : Match on catch block at 0xc3 in for 0xa9
01-22 23:18:43.964 11347 11347 E ArmVmp : Match on catch block at 0xc3 in for 0xa9
01-22 23:18:44.455 11347 11347 E ArmVmp : Match on catch block at 0xc3 in for 0xa1
01-22 23:18:44.459 11347 11347 E ArmVmp : Match on catch block at 0xc3 in for 0xa5
01-22 23:18:44.462 11347 11347 E ArmVmp : Match on catch block at 0xc3 in for 0xa5
01-22 23:18:44.955 11347 11347 E ArmVmp : Match on catch block at 0xc3 in for 0xa9
01-22 23:18:44.960 11347 11347 E ArmVmp : Match on catch block at 0xc3 in for 0xa1
01-22 23:18:44.962 11347 11347 E ArmVmp : Match on catch block at 0xc3 in for 0xa1
01-22 23:18:44.971 11347 11347 E ArmVmp : Match on catch block at 0xc3 in for 0xa5
01-22 23:18:44.975 11347 11347 E ArmVmp : Match on catch block at 0xc3 in for 0xa9
01-22 23:18:44.978 11347 11347 E ArmVmp : Match on catch block at 0xc3 in for 0xa9
01-22 23:18:44.988 11347 11347 E ArmVmp : Match on catch block at 0xc3 in for 0xa1
01-22 23:18:44.993 11347 11347 E ArmVmp : Match on catch block at 0xc3 in for 0xa5
01-22 23:18:44.995 11347 11347 E ArmVmp : Match on catch block at 0xc3 in for 0xa5
01-22 23:18:45.005 11347 11347 E ArmVmp : Match on catch block at 0xc3 in for 0xa9
01-22 23:18:45.009 11347 11347 E ArmVmp : Match on catch block at 0xc3 in for 0xa1
01-22 23:18:45.012 11347 11347 E ArmVmp : Match on catch block at 0xc3 in for 0xa1
01-22 23:18:45.021 11347 11347 E ArmVmp : Match on catch block at 0xc3 in for 0xa5
01-22 23:18:45.027 11347 11347 E ArmVmp : Match on catch block at 0xc3 in for 0xa9
01-22 23:18:45.029 11347 11347 E ArmVmp : Match on catch block at 0xc3 in for 0xa9
01-22 23:18:45.038 11347 11347 E ArmVmp : Match on catch block at 0xc3 in for 0xa1
01-22 23:18:45.042 11347 11347 E ArmVmp : Match on catch block at 0xc3 in for 0xa5
01-22 23:18:45.044 11347 11347 E ArmVmp : Match on catch block at 0xc3 in for 0xa5
01-22 23:18:45.055 11347 11347 E ArmVmp : Match on catch block at 0xc3 in for 0xa9
01-22 23:18:45.059 11347 11347 E ArmVmp : Match on catch block at 0xc3 in for 0xa1
01-22 23:18:45.062 11347 11347 E ArmVmp : Match on catch block at 0xc3 in for 0xa1
01-22 23:18:45.072 11347 11347 E ArmVmp : Match on catch block at 0xc3 in for 0xa5
01-22 23:18:45.077 11347 11347 E ArmVmp : Match on catch block at 0xc3 in for 0xa9
01-22 23:18:45.079 11347 11347 E ArmVmp : Match on catch block at 0xc3 in for 0xa9
01-22 23:18:45.088 11347 11347 E ArmVmp : Match on catch block at 0xc3 in for 0xa1
01-22 23:18:45.093 11347 11347 E ArmVmp : Match on catch block at 0xc3 in for 0xa5
01-22 23:18:45.096 11347 11347 E ArmVmp : Match on catch block at 0xc3 in for 0xa5
01-22 23:18:45.104 11347 11347 E ArmVmp : Match on catch block at 0xc3 in for 0xa9
01-22 23:18:45.110 11347 11347 E ArmVmp : Match on catch block at 0xc3 in for 0xa1
01-22 23:18:45.113 11347 11347 E ArmVmp : Match on catch block at 0xc3 in for 0xa1
01-22 23:18:45.121 11347 11347 E ArmVmp : Match on catch block at 0xc3 in for 0xa5
01-22 23:18:45.125 11347 11347 E ArmVmp : Match on catch block at 0xc3 in for 0xa9
01-22 23:18:45.128 11347 11347 E ArmVmp : Match on catch block at 0xc3 in for 0xa9
01-22 23:18:45.138 11347 11347 E ArmVmp : Match on catch block at 0xc3 in for 0xa1
01-22 23:18:45.142 11347 11347 E ArmVmp : Match on catch block at 0xc3 in for 0xa5
01-22 23:18:45.145 11347 11347 E ArmVmp : Match on catch block at 0xc3 in for 0xa5
01-22 23:18:45.154 11347 11347 E ArmVmp : Match on catch block at 0xc3 in for 0xa9
01-22 23:18:45.158 11347 11347 E ArmVmp : Match on catch block at 0xc3 in for 0xa1
01-22 23:18:45.161 11347 11347 E ArmVmp : Match on catch block at 0xc3 in for 0xa1
01-22 23:18:45.171 11347 11347 E ArmVmp : Match on catch block at 0xc3 in for 0xa5
01-22 23:18:45.175 11347 11347 E ArmVmp : Match on catch block at 0xc3 in for 0xa9
01-22 23:18:45.177 11347 11347 E ArmVmp : Match on catch block at 0xc3 in for 0xa9
01-22 23:18:45.188 11347 11347 E ArmVmp : Match on catch block at 0xc3 in for 0xa1
01-22 23:18:45.193 11347 11347 E ArmVmp : Match on catch block at 0xc3 in for 0xa5
01-22 23:18:45.195 11347 11347 E ArmVmp : Match on catch block at 0xc3 in for 0xa5
01-22 23:18:45.204 11347 11347 E ArmVmp : Match on catch block at 0xc3 in for 0xa9
01-22 23:18:45.208 11347 11347 E ArmVmp : Match on catch block at 0xc3 in for 0xa1
01-22 23:18:45.211 11347 11347 E ArmVmp : Match on catch block at 0xc3 in for 0xa1
01-22 23:18:45.221 11347 11347 E ArmVmp : Match on catch block at 0xc3 in for 0xa5
01-22 23:18:45.225 11347 11347 E ArmVmp : Match on catch block at 0xc3 in for 0xa9
01-22 23:18:45.227 11347 11347 E ArmVmp : Match on catch block at 0xc3 in for 0xa9
01-22 23:18:45.237 11347 11347 E ArmVmp : Match on catch block at 0xc3 in for 0xa1
01-22 23:18:45.242 11347 11347 E ArmVmp : Match on catch block at 0xc3 in for 0xa5
01-22 23:18:45.245 11347 11347 E ArmVmp : Match on catch block at 0xc3 in for 0xa5
01-22 23:18:45.454 11347 11347 E ArmVmp : Match on catch block at 0xc3 in for 0xa9
01-22 23:18:45.459 11347 11347 E ArmVmp : Match on catch block at 0xc3 in for 0xa1
01-22 23:18:45.462 11347 11347 E ArmVmp : Match on catch block at 0xc3 in for 0xa1
01-22 23:18:45.955 11347 11347 E ArmVmp : Match on catch block at 0xc3 in for 0xa5
01-22 23:18:45.959 11347 11347 E ArmVmp : Match on catch block at 0xc3 in for 0xa9
01-22 23:18:45.962 11347 11347 E ArmVmp : Match on catch block at 0xc3 in for 0xa9
01-22 23:18:45.980 11347 11347 E ArmVmp : Match on catch block at 0xc3 in for 0xa5
01-22 23:18:45.984 11347 11347 E ArmVmp : Match on catch block at 0xc3 in for 0xa9
01-22 23:18:45.988 11347 11347 E ArmVmp : Match on catch block at 0xc3 in for 0xa9
01-22 23:18:46.009 11347 11347 E ArmVmp : Match on catch block at 0xc3 in for 0xa9
01-22 23:18:46.012 11347 11347 E ArmVmp : Match on catch block at 0xc3 in for 0xa1
01-22 23:18:46.014 11347 11347 E ArmVmp : Match on catch block at 0xc3 in for 0xa1
01-22 23:18:46.020 11347 11347 E ArmVmp : Match on catch block at 0xc3 in for 0xa5
01-22 23:18:46.023 11347 11347 E ArmVmp : Match on catch block at 0xc3 in for 0xa9
01-22 23:18:46.026 11347 11347 E ArmVmp : Match on catch block at 0xc3 in for 0xa9
01-22 23:18:46.037 11347 11347 E ArmVmp : Match on catch block at 0xc3 in for 0xa1
01-22 23:18:46.041 11347 11347 E ArmVmp : Match on catch block at 0xc3 in for 0xa5
01-22 23:18:46.043 11347 11347 E ArmVmp : Match on catch block at 0xc3 in for 0xa5
01-22 23:18:46.054 11347 11347 E ArmVmp : Match on catch block at 0xc3 in for 0xa9
01-22 23:18:46.058 11347 11347 E ArmVmp : Match on catch block at 0xc3 in for 0xa1
01-22 23:18:46.060 11347 11347 E ArmVmp : Match on catch block at 0xc3 in for 0xa1
01-22 23:18:46.071 11347 11347 E ArmVmp : Match on catch block at 0xc3 in for 0xa5
01-22 23:18:46.074 11347 11347 E ArmVmp : Match on catch block at 0xc3 in for 0xa9
01-22 23:18:46.077 11347 11347 E ArmVmp : Match on catch block at 0xc3 in for 0xa9
01-22 23:18:46.091 11347 11347 E ArmVmp : Match on catch block at 0xc3 in for 0xa1
01-22 23:18:46.094 11347 11347 E ArmVmp : Match on catch block at 0xc3 in for 0xa5
01-22 23:18:46.096 11347 11347 E ArmVmp : Match on catch block at 0xc3 in for 0xa5
01-22 23:18:46.105 11347 11347 E ArmVmp : Match on catch block at 0xc3 in for 0xa9
01-22 23:18:46.108 11347 11347 E ArmVmp : Match on catch block at 0xc3 in for 0xa1
01-22 23:18:46.110 11347 11347 E ArmVmp : Match on catch block at 0xc3 in for 0xa1
01-22 23:18:46.120 11347 11347 E ArmVmp : Match on catch block at 0xc3 in for 0xa5
01-22 23:18:46.124 11347 11347 E ArmVmp : Match on catch block at 0xc3 in for 0xa9
01-22 23:18:46.126 11347 11347 E ArmVmp : Match on catch block at 0xc3 in for 0xa9
01-22 23:18:46.137 11347 11347 E ArmVmp : Match on catch block at 0xc3 in for 0xa1
01-22 23:18:46.141 11347 11347 E ArmVmp : Match on catch block at 0xc3 in for 0xa5
01-22 23:18:46.143 11347 11347 E ArmVmp : Match on catch block at 0xc3 in for 0xa5
01-22 23:18:46.154 11347 11347 E ArmVmp : Match on catch block at 0xc3 in for 0xa9
01-22 23:18:46.157 11347 11347 E ArmVmp : Match on catch block at 0xc3 in for 0xa1
01-22 23:18:46.159 11347 11347 E ArmVmp : Match on catch block at 0xc3 in for 0xa1
01-22 23:18:46.170 11347 11347 E ArmVmp : Match on catch block at 0xc3 in for 0xa5
01-22 23:18:46.175 11347 11347 E ArmVmp : Match on catch block at 0xc3 in for 0xa9
01-22 23:18:46.177 11347 11347 E ArmVmp : Match on catch block at 0xc3 in for 0xa9
01-22 23:18:46.204 11347 11347 E ArmVmp : Match on catch block at 0xc3 in for 0xa1
01-22 23:18:46.208 11347 11347 E ArmVmp : Match on catch block at 0xc3 in for 0xa5
01-22 23:18:46.210 11347 11347 E ArmVmp : Match on catch block at 0xc3 in for 0xa5
01-22 23:18:46.321 11347 11347 E ArmVmp : Match on catch block at 0xc3 in for 0xa9
01-22 23:18:46.326 11347 11347 E ArmVmp : Match on catch block at 0xc3 in for 0xa1
01-22 23:18:46.330 11347 11347 E ArmVmp : Match on catch block at 0xc3 in for 0xa1
01-22 23:18:46.505 11347 11347 E ArmVmp : Match on catch block at 0xc3 in for 0xa5
01-22 23:18:46.509 11347 11347 E ArmVmp : Match on catch block at 0xc3 in for 0xa9
01-22 23:18:46.512 11347 11347 E ArmVmp : Match on catch block at 0xc3 in for 0xa9
01-22 23:18:46.655 11347 11347 E ArmVmp : Match on catch block at 0xc3 in for 0xa1
01-22 23:18:46.659 11347 11347 E ArmVmp : Match on catch block at 0xc3 in for 0xa5
01-22 23:18:46.664 11347 11347 E ArmVmp : Match on catch block at 0xc3 in for 0xa5
01-22 23:18:46.721 11347 11347 E ArmVmp : Match on catch block at 0xc3 in for 0xa9
01-22 23:18:46.725 11347 11347 E ArmVmp : Match on catch block at 0xc3 in for 0xa1
01-22 23:18:46.729 11347 11347 E ArmVmp : Match on catch block at 0xc3 in for 0xa1
01-22 23:18:46.805 11347 11347 E ArmVmp : Match on catch block at 0xc3 in for 0xa5
01-22 23:18:46.809 11347 11347 E ArmVmp : Match on catch block at 0xc3 in for 0xa9
01-22 23:18:46.813 11347 11347 E ArmVmp : Match on catch block at 0xc3 in for 0xa9
01-22 23:18:46.971 11347 11347 E ArmVmp : Match on catch block at 0xc3 in for 0xa1
01-22 23:18:46.976 11347 11347 E ArmVmp : Match on catch block at 0xc3 in for 0xa5
01-22 23:18:46.979 11347 11347 E ArmVmp : Match on catch block at 0xc3 in for 0xa5
01-22 23:18:47.455 11347 11347 E ArmVmp : Match on catch block at 0xc3 in for 0xa9
01-22 23:18:47.460 11347 11347 E ArmVmp : Match on catch block at 0xc3 in for 0xa1
01-22 23:18:47.464 11347 11347 E ArmVmp : Match on catch block at 0xc3 in for 0xa1
01-22 23:18:47.491 11347 11347 E ArmVmp : Match on catch block at 0xc3 in for 0xa9
01-22 23:18:47.494 11347 11347 E ArmVmp : Match on catch block at 0xc3 in for 0xa1
01-22 23:18:47.498 11347 11347 E ArmVmp : Match on catch block at 0xc3 in for 0xa1
01-22 23:18:47.522 11347 11347 E ArmVmp : Match on catch block at 0xc3 in for 0xa1
01-22 23:18:47.527 11347 11347 E ArmVmp : Match on catch block at 0xc3 in for 0xa5
01-22 23:18:47.535 11347 11347 E ArmVmp : Match on catch block at 0xc3 in for 0xa1
01-22 23:18:47.537 11347 11347 E ArmVmp : Match on catch block at 0xc3 in for 0xa5
01-22 23:18:47.580 11347 11347 E ArmVmp : Match on catch block at 0xc3 in for 0xa1
01-22 23:18:47.583 11347 11347 E ArmVmp : Match on catch block at 0xc3 in for 0xa5
01-22 23:18:47.604 11347 11347 E ArmVmp : Match on catch block at 0xc3 in for 0xa1
01-22 23:18:47.608 11347 11347 E ArmVmp : Match on catch block at 0xc3 in for 0xa5
01-22 23:18:47.648 11347 11347 E ArmVmp : Match on catch block at 0xc3 in for 0xa9
01-22 23:18:47.652 11347 11347 E ArmVmp : Match on catch block at 0xc3 in for 0xa1
01-22 23:18:47.671 11347 11347 E ArmVmp : Match on catch block at 0xc3 in for 0xa9
01-22 23:18:47.676 11347 11347 E ArmVmp : Match on catch block at 0xc3 in for 0xa1
01-22 23:18:47.687 11347 11347 E ArmVmp : Match on catch block at 0xc3 in for 0xa9
01-22 23:18:47.691 11347 11347 E ArmVmp : Match on catch block at 0xc3 in for 0xa1
01-22 23:18:47.745 11347 11347 E ArmVmp : Match on catch block at 0xc3 in for 0xa1
01-22 23:18:47.748 11347 11347 E ArmVmp : Match on catch block at 0xc3 in for 0xa5
01-22 23:18:47.756 11347 11347 E ArmVmp : Match on catch block at 0xc3 in for 0xa1
01-22 23:18:47.760 11347 11347 E ArmVmp : Match on catch block at 0xc3 in for 0xa5
01-22 23:18:47.988 11347 11347 E ArmVmp : Match on catch block at 0xc3 in for 0xa1
01-22 23:18:47.993 11347 11347 E ArmVmp : Match on catch block at 0xc3 in for 0xa5
01-22 23:18:48.146 11347 11347 E ArmVmp : Match on catch block at 0xc3 in for 0xa5
01-22 23:18:48.151 11347 11347 E ArmVmp : Match on catch block at 0xc3 in for 0xa9
01-22 23:18:48.170 11347 11347 E ArmVmp : Match on catch block at 0xc3 in for 0xa9
01-22 23:18:48.173 11347 11347 E ArmVmp : Match on catch block at 0xc3 in for 0xa1
01-22 23:18:48.185 11347 11347 E ArmVmp : Match on catch block at 0xc3 in for 0xa5
01-22 23:18:48.189 11347 11347 E ArmVmp : Match on catch block at 0xc3 in for 0xa9
01-22 23:18:48.430 11347 11347 E ArmVmp : Match on catch block at 0xc3 in for 0xa5
01-22 23:18:48.433 11347 11347 E ArmVmp : Match on catch block at 0xc3 in for 0xa9
01-22 23:18:48.440 11347 11347 E ArmVmp : Match on catch block at 0xc3 in for 0xa5
