01-22 23:17:21.237 11347 11347 E ArmVmp : Match on catch block at 0xc3 in for 0xa9
01-22 23:17:21.241 11347 11347 E ArmVmp : Match on catch block at 0xc3 in for 0xa1
01-22 23:17:21.254 11347 11347 E ArmVmp : Match on catch block at 0xc3 in for 0xa9
01-22 23:17:21.258 11347 11347 E ArmVmp : Match on catch block at 0xc3 in for 0xa1
01-22 23:17:21.271 11347 11347 E ArmVmp : Match on catch block at 0xc3 in for 0xa9
01-22 23:17:21.274 11347 11347 E ArmVmp : Match on catch block at 0xc3 in for 0xa1
01-22 23:17:21.621 11347 11347 E ArmVmp : Match on catch block at 0xc3 in for 0xa9
01-22 23:17:21.626 11347 11347 E ArmVmp : Match on catch block at 0xc3 in for 0xa1
01-22 23:17:21.759 11347 11347 E ArmVmp : Match on catch block at 0xc3 in for 0xa1
01-22 23:17:21.764 11347 11347 E ArmVmp : Match on catch block at 0xc3 in for 0xa5
01-22 23:17:21.772 11347 11347 E ArmVmp : Match on catch block at 0xc3 in for 0xa1
01-22 23:17:21.775 11347 11347 E ArmVmp : Match on catch block at 0xc3 in for 0xa5
01-22 23:17:21.787 11347 11347 E ArmVmp : Match on catch block at 0xc3 in for 0xa1
01-22 23:17:21.790 11347 11347 E ArmVmp : Match on catch block at 0xc3 in for 0xa5
01-22 23:17:21.804 11347 11347 E ArmVmp : Match on catch block at 0xc3 in for 0xa1
01-22 23:17:21.809 11347 11347 E ArmVmp : Match on catch block at 0xc3 in for 0xa5
01-22 23:17:21.821 11347 11347 E ArmVmp : Match on catch block at 0xc3 in for 0xa1
01-22 23:17:21.825 11347 11347 E ArmVmp : Match on catch block at 0xc3 in for 0xa5
01-22 23:17:21.838 11347 11347 E ArmVmp : Match on catch block at 0xc3 in for 0xa1
01-22 23:17:21.842 11347 11347 E ArmVmp : Match on catch block at 0xc3 in for 0xa5
01-22 23:17:21.854 11347 11347 E ArmVmp : Match on catch block at 0xc3 in for 0xa1
01-22 23:17:21.858 11347 11347 E ArmVmp : Match on catch block at 0xc3 in for 0xa5
01-22 23:17:21.871 11347 11347 E ArmVmp : Match on catch block at 0xc3 in for 0xa1
01-22 23:17:21.874 11347 11347 E ArmVmp : Match on catch block at 0xc3 in for 0xa5
01-22 23:17:21.888 11347 11347 E ArmVmp : Match on catch block at 0xc3 in for 0xa1
01-22 23:17:21.893 11347 11347 E ArmVmp : Match on catch block at 0xc3 in for 0xa5
01-22 23:17:21.905 11347 11347 E ArmVmp : Match on catch block at 0xc3 in for 0xa1
01-22 23:17:21.911 11347 11347 E ArmVmp : Match on catch block at 0xc3 in for 0xa5
01-22 23:17:21.934 11347 11347 E ArmVmp : Match on catch block at 0xc3 in for 0xa5
01-22 23:17:21.938 11347 11347 E ArmVmp : Match on catch block at 0xc3 in for 0xa9
01-22 23:17:21.946 11347 11347 E ArmVmp : Match on catch block at 0xc3 in for 0xa5
01-22 23:17:21.949 11347 11347 E ArmVmp : Match on catch block at 0xc3 in for 0xa9
01-22 23:17:21.956 11347 11347 E ArmVmp : Match on catch block at 0xc3 in for 0xa5
01-22 23:17:21.959 11347 11347 E ArmVmp : Match on catch block at 0xc3 in for 0xa9
01-22 23:17:22.143 11347 11347 E ArmVmp : Match on catch block at 0xc3 in for 0xa9
01-22 23:17:22.147 11347 11347 E ArmVmp : Match on catch block at 0xc3 in for 0xa1
01-22 23:17:22.165 11347 11347 E ArmVmp : Match on catch block at 0xc3 in for 0xa5
01-22 23:17:22.168 11347 11347 E ArmVmp : Match on catch block at 0xc3 in for 0xa9
01-22 23:17:22.187 11347 11347 E ArmVmp : Match on catch block at 0xc3 in for 0xa5
01-22 23:17:22.195 11347 11347 E ArmVmp : Match on catch block at 0xc3 in for 0xa9
01-22 23:17:22.204 11347 11347 E ArmVmp : Match on catch block at 0xc3 in for 0xa5
01-22 23:17:22.207 11347 11347 E ArmVmp : Match on catch block at 0xc3 in for 0xa9
01-22 23:17:22.221 11347 11347 E ArmVmp : Match on catch block at 0xc3 in for 0xa5
01-22 23:17:22.224 11347 11347 E ArmVmp : Match on catch block at 0xc3 in for 0xa9
01-22 23:17:22.237 11347 11347 E ArmVmp : Match on catch block at 0xc3 in for 0xa5
01-22 23:17:22.243 11347 11347 E ArmVmp : Match on catch block at 0xc3 in for 0xa9
01-22 23:17:22.259 11347 11347 E ArmVmp : Match on catch block at 0xc3 in for 0xa5
01-22 23:17:22.263 11347 11347 E ArmVmp : Match on catch block at 0xc3 in for 0xa9
01-22 23:17:22.271 11347 11347 E ArmVmp : Match on catch block at 0xc3 in for 0xa5
01-22 23:17:22.276 11347 11347 E ArmVmp : Match on catch block at 0xc3 in for 0xa9
01-22 23:17:22.287 11347 11347 E ArmVmp : Match on catch block at 0xc3 in for 0xa5
01-22 23:17:22.292 11347 11347 E ArmVmp : Match on catch block at 0xc3 in for 0xa9
01-22 23:17:22.304 11347 11347 E ArmVmp : Match on catch block at 0xc3 in for 0xa5
01-22 23:17:22.308 11347 11347 E ArmVmp : Match on catch block at 0xc3 in for 0xa9
01-22 23:17:22.321 11347 11347 E ArmVmp : Match on catch block at 0xc3 in for 0xa5
01-22 23:17:22.326 11347 11347 E ArmVmp : Match on catch block at 0xc3 in for 0xa9
01-22 23:17:22.337 11347 11347 E ArmVmp : Match on catch block at 0xc3 in for 0xa5
01-22 23:17:22.341 11347 11347 E ArmVmp : Match on catch block at 0xc3 in for 0xa9
01-22 23:17:22.537 11347 11347 E ArmVmp : Match on catch block at 0xc3 in for 0xa5
01-22 23:17:22.541 11347 11347 E ArmVmp : Match on catch block at 0xc3 in for 0xa9
01-22 23:17:22.671 11347 11347 E ArmVmp : Match on catch block at 0xc3 in for 0xa5
01-22 23:17:22.676 11347 11347 E ArmVmp : Match on catch block at 0xc3 in for 0xa9
01-22 23:17:22.837 11347 11347 E ArmVmp : Match on catch block at 0xc3 in for 0xa5
01-22 23:17:22.840 11347 11347 E ArmVmp : Match on catch block at 0xc3 in for 0xa9
01-22 23:17:22.855 11347 11347 E ArmVmp : Match on catch block at 0xc3 in for 0xa5
01-22 23:17:22.860 11347 11347 E ArmVmp : Match on catch block at 0xc3 in for 0xa9
01-22 23:17:22.871 11347 11347 E ArmVmp : Match on catch block at 0xc3 in for 0xa5
01-22 23:17:22.875 11347 11347 E ArmVmp : Match on catch block at 0xc3 in for 0xa9
01-22 23:17:22.887 11347 11347 E ArmVmp : Match on catch block at 0xc3 in for 0xa5
01-22 23:17:22.891 11347 11347 E ArmVmp : Match on catch block at 0xc3 in for 0xa9
01-22 23:17:22.904 11347 11347 E ArmVmp : Match on catch block at 0xc3 in for 0xa5
01-22 23:17:22.908 11347 11347 E ArmVmp : Match on catch block at 0xc3 in for 0xa9
01-22 23:17:22.921 11347 11347 E ArmVmp : Match on catch block at 0xc3 in for 0xa5
01-22 23:17:22.925 11347 11347 E ArmVmp : Match on catch block at 0xc3 in for 0xa9
01-22 23:17:22.938 11347 11347 E ArmVmp : Match on catch block at 0xc3 in for 0xa5
01-22 23:17:22.942 11347 11347 E ArmVmp : Match on catch block at 0xc3 in for 0xa9
01-22 23:17:22.954 11347 11347 E ArmVmp : Match on catch block at 0xc3 in for 0xa5
01-22 23:17:22.958 11347 11347 E ArmVmp : Match on catch block at 0xc3 in for 0xa9
01-22 23:17:22.971 11347 11347 E ArmVmp : Match on catch block at 0xc3 in for 0xa5
01-22 23:17:22.975 11347 11347 E ArmVmp : Match on catch block at 0xc3 in for 0xa9
01-22 23:17:22.987 11347 11347 E ArmVmp : Match on catch block at 0xc3 in for 0xa5
01-22 23:17:22.992 11347 11347 E ArmVmp : Match on catch block at 0xc3 in for 0xa9
01-22 23:17:23.004 11347 11347 E ArmVmp : Match on catch block at 0xc3 in for 0xa5
01-22 23:17:23.008 11347 11347 E ArmVmp : Match on catch block at 0xc3 in for 0xa9
01-22 23:17:23.020 11347 11347 E ArmVmp : Match on catch block at 0xc3 in for 0xa5
01-22 23:17:23.030 11347 11347 E ArmVmp : Match on catch block at 0xc3 in for 0xa9
01-22 23:17:23.038 11347 11347 E ArmVmp : Match on catch block at 0xc3 in for 0xa5
01-22 23:17:23.042 11347 11347 E ArmVmp : Match on catch block at 0xc3 in for 0xa9
01-22 23:17:23.054 11347 11347 E ArmVmp : Match on catch block at 0xc3 in for 0xa5
01-22 23:17:23.059 11347 11347 E ArmVmp : Match on catch block at 0xc3 in for 0xa9
01-22 23:17:23.071 11347 11347 E ArmVmp : Match on catch block at 0xc3 in for 0xa5
01-22 23:17:23.074 11347 11347 E ArmVmp : Match on catch block at 0xc3 in for 0xa9
01-22 23:17:23.089 11347 11347 E ArmVmp : Match on catch block at 0xc3 in for 0xa5
01-22 23:17:23.093 11347 11347 E ArmVmp : Match on catch block at 0xc3 in for 0xa9
01-22 23:17:23.104 11347 11347 E ArmVmp : Match on catch block at 0xc3 in for 0xa5
01-22 23:17:23.109 11347 11347 E ArmVmp : Match on catch block at 0xc3 in for 0xa9
01-22 23:17:23.121 11347 11347 E ArmVmp : Match on catch block at 0xc3 in for 0xa5
01-22 23:17:23.128 11347 11347 E ArmVmp : Match on catch block at 0xc3 in for 0xa9
01-22 23:17:23.137 11347 11347 E ArmVmp : Match on catch block at 0xc3 in for 0xa5
01-22 23:17:23.142 11347 11347 E ArmVmp : Match on catch block at 0xc3 in for 0xa9
01-22 23:17:23.154 11347 11347 E ArmVmp : Match on catch block at 0xc3 in for 0xa5
01-22 23:17:23.158 11347 11347 E ArmVmp : Match on catch block at 0xc3 in for 0xa9
01-22 23:17:23.171 11347 11347 E ArmVmp : Match on catch block at 0xc3 in for 0xa5
01-22 23:17:23.176 11347 11347 E ArmVmp : Match on catch block at 0xc3 in for 0xa9
01-22 23:17:23.188 11347 11347 E ArmVmp : Match on catch block at 0xc3 in for 0xa5
01-22 23:17:23.193 11347 11347 E ArmVmp : Match on catch block at 0xc3 in for 0xa9
01-22 23:17:23.204 11347 11347 E ArmVmp : Match on catch block at 0xc3 in for 0xa5
01-22 23:17:23.208 11347 11347 E ArmVmp : Match on catch block at 0xc3 in for 0xa9
01-22 23:17:23.221 11347 11347 E ArmVmp : Match on catch block at 0xc3 in for 0xa5
01-22 23:17:23.226 11347 11347 E ArmVmp : Match on catch block at 0xc3 in for 0xa9
01-22 23:17:23.237 11347 11347 E ArmVmp : Match on catch block at 0xc3 in for 0xa5
01-22 23:17:23.242 11347 11347 E ArmVmp : Match on catch block at 0xc3 in for 0xa9
01-22 23:17:23.254 11347 11347 E ArmVmp : Match on catch block at 0xc3 in for 0xa5
01-22 23:17:23.258 11347 11347 E ArmVmp : Match on catch block at 0xc3 in for 0xa9
01-22 23:17:23.421 11347 11347 E ArmVmp : Match on catch block at 0xc3 in for 0xa5
01-22 23:17:23.428 11347 11347 E ArmVmp : Match on catch block at 0xc3 in for 0xa9
01-22 23:17:23.538 11347 11347 E ArmVmp : Match on catch block at 0xc3 in for 0xa5
01-22 23:17:23.543 11347 11347 E ArmVmp : Match on catch block at 0xc3 in for 0xa9
01-22 23:17:23.556 11347 11347 E ArmVmp : Match on catch block at 0xc3 in for 0xa5
01-22 23:17:23.562 11347 11347 E ArmVmp : Match on catch block at 0xc3 in for 0xa9
01-22 23:17:23.572 11347 11347 E ArmVmp : Match on catch block at 0xc3 in for 0xa5
01-22 23:17:23.578 11347 11347 E ArmVmp : Match on catch block at 0xc3 in for 0xa9
01-22 23:17:23.588 11347 11347 E ArmVmp : Match on catch block at 0xc3 in for 0xa5
01-22 23:17:23.594 11347 11347 E ArmVmp : Match on catch block at 0xc3 in for 0xa9
01-22 23:17:23.606 11347 11347 E ArmVmp : Match on catch block at 0xc3 in for 0xa5
01-22 23:17:23.611 11347 11347 E ArmVmp : Match on catch block at 0xc3 in for 0xa9
01-22 23:17:23.622 11347 11347 E ArmVmp : Match on catch block at 0xc3 in for 0xa5
01-22 23:17:23.627 11347 11347 E ArmVmp : Match on catch block at 0xc3 in for 0xa9
01-22 23:17:23.639 11347 11347 E ArmVmp : Match on catch block at 0xc3 in for 0xa5
01-22 23:17:23.649 11347 11347 E ArmVmp : Match on catch block at 0xc3 in for 0xa9
01-22 23:17:23.658 11347 11347 E ArmVmp : Match on catch block at 0xc3 in for 0xa5
01-22 23:17:23.663 11347 11347 E ArmVmp : Match on catch block at 0xc3 in for 0xa9
01-22 23:17:23.671 11347 11347 E ArmVmp : Match on catch block at 0xc3 in for 0xa5
01-22 23:17:23.676 11347 11347 E ArmVmp : Match on catch block at 0xc3 in for 0xa9
01-22 23:17:23.688 11347 11347 E ArmVmp : Match on catch block at 0xc3 in for 0xa5
01-22 23:17:23.693 11347 11347 E ArmVmp : Match on catch block at 0xc3 in for 0xa9
01-22 23:17:23.705 11347 11347 E ArmVmp : Match on catch block at 0xc3 in for 0xa5
01-22 23:17:23.711 11347 11347 E ArmVmp : Match on catch block at 0xc3 in for 0xa9
01-22 23:17:23.721 11347 11347 E ArmVmp : Match on catch block at 0xc3 in for 0xa5
01-22 23:17:23.725 11347 11347 E ArmVmp : Match on catch block at 0xc3 in for 0xa9
01-22 23:17:23.738 11347 11347 E ArmVmp : Match on catch block at 0xc3 in for 0xa5
01-22 23:17:23.742 11347 11347 E ArmVmp : Match on catch block at 0xc3 in for 0xa9
01-22 23:17:23.755 11347 11347 E ArmVmp : Match on catch block at 0xc3 in for 0xa5
01-22 23:17:23.759 11347 11347 E ArmVmp : Match on catch block at 0xc3 in for 0xa9
01-22 23:17:23.772 11347 11347 E ArmVmp : Match on catch block at 0xc3 in for 0xa5
01-22 23:17:23.777 11347 11347 E ArmVmp : Match on catch block at 0xc3 in for 0xa9
01-22 23:17:23.789 11347 11347 E ArmVmp : Match on catch block at 0xc3 in for 0xa5
01-22 23:17:23.795 11347 11347 E ArmVmp : Match on catch block at 0xc3 in for 0xa9
01-22 23:17:23.822 11347 11347 E ArmVmp : Match on catch block at 0xc3 in for 0xa5
01-22 23:17:23.827 11347 11347 E ArmVmp : Match on catch block at 0xc3 in for 0xa9
01-22 23:17:23.905 11347 11347 E ArmVmp : Match on catch block at 0xc3 in for 0xa5
01-22 23:17:23.911 11347 11347 E ArmVmp : Match on catch block at 0xc3 in for 0xa9
01-22 23:17:24.104 11347 11347 E ArmVmp : Match on catch block at 0xc3 in for 0xa5
01-22 23:17:24.109 11347 11347 E ArmVmp : Match on catch block at 0xc3 in for 0xa9
01-22 23:17:24.305 11347 11347 E ArmVmp : Match on catch block at 0xc3 in for 0xa5
01-22 23:17:24.309 11347 11347 E ArmVmp : Match on catch block at 0xc3 in for 0xa9
01-22 23:17:24.438 11347 11347 E ArmVmp : Match on catch block at 0xc3 in for 0xa5
01-22 23:17:24.444 11347 11347 E ArmVmp : Match on catch block at 0xc3 in for 0xa9
01-22 23:17:24.621 11347 11347 E ArmVmp : Match on catch block at 0xc3 in for 0xa5
01-22 23:17:24.626 11347 11347 E ArmVmp : Match on catch block at 0xc3 in for 0xa9
01-22 23:17:24.772 11347 11347 E ArmVmp : Match on catch block at 0xc3 in for 0xa5
01-22 23:17:24.776 11347 11347 E ArmVmp : Match on catch block at 0xc3 in for 0xa9
01-22 23:17:24.921 11347 11347 E ArmVmp : Match on catch block at 0xc3 in for 0xa5
01-22 23:17:24.927 11347 11347 E ArmVmp : Match on catch block at 0xc3 in for 0xa9
01-22 23:17:24.989 11347 11347 E ArmVmp : Match on catch block at 0xc3 in for 0xa5
01-22 23:17:24.994 11347 11347 E ArmVmp : Match on catch block at 0xc3 in for 0xa9
01-22 23:17:25.071 11347 11347 E ArmVmp : Match on catch block at 0xc3 in for 0xa5
01-22 23:17:25.080 11347 11347 E ArmVmp : Match on catch block at 0xc3 in for 0xa9
01-22 23:17:25.572 11347 11347 E ArmVmp : Match on catch block at 0xc3 in for 0xa1
01-22 23:17:25.577 11347 11347 E ArmVmp : Match on catch block at 0xc3 in for 0xa5
01-22 23:17:25.622 11347 11347 E ArmVmp : Match on catch block at 0xc3 in for 0xa5
01-22 23:17:25.627 11347 11347 E ArmVmp : Match on catch block at 0xc3 in for 0xa9
01-22 23:17:25.655 11347 11347 E ArmVmp : Match on catch block at 0xc3 in for 0xa9
01-22 23:17:25.659 11347 11347 E ArmVmp : Match on catch block at 0xc3 in for 0xa1
01-22 23:17:25.682 11347 11347 E ArmVmp : Match on catch block at 0xc3 in for 0xa9
01-22 23:17:25.687 11347 11347 E ArmVmp : Match on catch block at 0xc3 in for 0xa1
01-22 23:17:25.725 11347 11347 E ArmVmp : Match on catch block at 0xc3 in for 0xa9
01-22 23:17:25.728 11347 11347 E ArmVmp : Match on catch block at 0xc3 in for 0xa1
01-22 23:17:25.746 11347 11347 E ArmVmp : Match on catch block at 0xc3 in for 0xa9
01-22 23:17:25.749 11347 11347 E ArmVmp : Match on catch block at 0xc3 in for 0xa1
01-22 23:17:25.759 11347 11347 E ArmVmp : Match on catch block at 0xc3 in for 0xa5
01-22 23:17:25.761 11347 11347 E ArmVmp : Match on catch block at 0xc3 in for 0xa9
01-22 23:17:25.770 11347 11347 E ArmVmp : Match on catch block at 0xc3 in for 0xa5
01-22 23:17:25.772 11347 11347 E ArmVmp : Match on catch block at 0xc3 in for 0xa9
01-22 23:17:25.787 11347 11347 E ArmVmp : Match on catch block at 0xc3 in for 0xa5
01-22 23:17:25.790 11347 11347 E ArmVmp : Match on catch block at 0xc3 in for 0xa9
01-22 23:17:25.804 11347 11347 E ArmVmp : Match on catch block at 0xc3 in for 0xa5
01-22 23:17:25.806 11347 11347 E ArmVmp : Match on catch block at 0xc3 in for 0xa9
01-22 23:17:25.821 11347 11347 E ArmVmp : Match on catch block at 0xc3 in for 0xa5
01-22 23:17:25.824 11347 11347 E ArmVmp : Match on catch block at 0xc3 in for 0xa9
01-22 23:17:25.837 11347 11347 E ArmVmp : Match on catch block at 0xc3 in for 0xa5
01-22 23:17:25.840 11347 11347 E ArmVmp : Match on catch block at 0xc3 in for 0xa9
01-22 23:17:25.959 11347 11347 E ArmVmp : Match on catch block at 0xc3 in for 0xa1
01-22 23:17:25.963 11347 11347 E ArmVmp : Match on catch block at 0xc3 in for 0xa5
01-22 23:17:25.972 11347 11347 E ArmVmp : Match on catch block at 0xc3 in for 0xa1
01-22 23:17:25.976 11347 11347 E ArmVmp : Match on catch block at 0xc3 in for 0xa5
01-22 23:17:26.122 11347 11347 E ArmVmp : Match on catch block at 0xc3 in for 0xa9
01-22 23:17:26.125 11347 11347 E ArmVmp : Match on catch block at 0xc3 in for 0xa1
01-22 23:17:26.134 11347 11347 E ArmVmp : Match on catch block at 0xc3 in for 0xa9
01-22 23:17:26.136 11347 11347 E ArmVmp : Match on catch block at 0xc3 in for 0xa1
01-22 23:17:26.154 11347 11347 E ArmVmp : Match on catch block at 0xc3 in for 0xa9
01-22 23:17:26.159 11347 11347 E ArmVmp : Match on catch block at 0xc3 in for 0xa1
01-22 23:17:26.211 11347 11347 E ArmVmp : Match on catch block at 0xc3 in for 0xa1
01-22 23:17:26.214 11347 11347 E ArmVmp : Match on catch block at 0xc3 in for 0xa5
01-22 23:17:26.229 11347 11347 E ArmVmp : Match on catch block at 0xc3 in for 0xa5
01-22 23:17:26.233 11347 11347 E ArmVmp : Match on catch block at 0xc3 in for 0xa9
01-22 23:17:26.243 11347 11347 E ArmVmp : Match on catch block at 0xc3 in for 0xa1
01-22 23:17:26.246 11347 11347 E ArmVmp : Match on catch block at 0xc3 in for 0xa5
01-22 23:17:26.354 11347 11347 E ArmVmp : Match on catch block at 0xc3 in for 0xa5
01-22 23:17:26.358 11347 11347 E ArmVmp : Match on catch block at 0xc3 in for 0xa9
01-22 23:17:26.457 11347 11347 E ArmVmp : Match on catch block at 0xc3 in for 0xa9
01-22 23:17:26.464 11347 11347 E ArmVmp : Match on catch block at 0xc3 in for 0xa1
01-22 23:17:26.611 11347 11347 E ArmVmp : Match on catch block at 0xc3 in for 0xa1
01-22 23:17:26.614 11347 11347 E ArmVmp : Match on catch block at 0xc3 in for 0xa5
01-22 23:17:26.668 11347 11347 W IInputConnectionWrapper: requestCursorAnchorInfo
on inactive InputConnection
01-22 23:17:27.030 11347 11421 W libEGL : EGLNativeWindowType 0xb400007381602c80
disconnect failed
01-22 23:17:27.038 11347 11347 E ArmVmp : Match on catch block at 0xc3 in for 0xa1
01-22 23:17:27.042 11347 11347 E ArmVmp : Match on catch block at 0xc3 in for 0xa5
01-22 23:17:28.891 11347 11347 W View : requestLayout() improperly called by
com.mbwhatsapp.status.ContactStatusThumbnail{21f6cb8 V.ED..... ......ID 25,17-
123,115 #7f0b0646 app:id/contact_photo} during layout: running second layout pass
01-22 23:17:29.367 11347 11421 W libEGL : EGLNativeWindowType 0xb40000738160f8e0
disconnect failed
01-22 23:17:29.828 11347 11347 E ArmVmp : Match on catch block at 0x81 in for 0xe5
01-22 23:17:29.835 11347 11347 E ArmVmp : Match on catch block at 0x81 in for 0xe9
01-22 23:17:29.945 11347 11347 W BottomSheetBehavior: BottomSheetBehavior now
supports multiple callbacks. `setBottomSheetCallback()` removes all existing
callbacks, including ones set internally by library authors, which may result in
unintended behavior. This may change in the future. Please use
`addBottomSheetCallback()` and `removeBottomSheetCallback()` instead to set your
own callbacks.
01-22 23:17:29.945 11347 11347 W BottomSheetBehavior: BottomSheetBehavior now
supports multiple callbacks. `setBottomSheetCallback()` removes all existing
callbacks, including ones set internally by library authors, which may result in
unintended behavior. This may change in the future. Please use
`addBottomSheetCallback()` and `removeBottomSheetCallback()` instead to set your
own callbacks.
01-22 23:17:29.976 11347 11347 W BottomSheetBehavior: BottomSheetBehavior now
supports multiple callbacks. `setBottomSheetCallback()` removes all existing
callbacks, including ones set internally by library authors, which may result in
unintended behavior. This may change in the future. Please use
`addBottomSheetCallback()` and `removeBottomSheetCallback()` instead to set your
own callbacks.
01-22 23:17:29.976 11347 11347 W BottomSheetBehavior: BottomSheetBehavior now
supports multiple callbacks. `setBottomSheetCallback()` removes all existing
callbacks, including ones set internally by library authors, which may result in
unintended behavior. This may change in the future. Please use
`addBottomSheetCallback()` and `removeBottomSheetCallback()` instead to set your
own callbacks.
01-22 23:17:29.993 11347 11421 W libEGL : EGLNativeWindowType 0xb40000738160f8e0
disconnect failed
01-22 23:17:30.026 11347 11421 W libEGL : EGLNativeWindowType 0xb40000738156ba10
disconnect failed
01-22 23:17:30.677 11347 12212 E ACodec : [OMX.sprd.h264.decoder] setPortMode on
output to DynamicANWBuffer failed w/ err -2147483648
01-22 23:17:30.733 11347 12216 W Codec2Client: query -- param skipped: index =
1107298332.
01-22 23:17:30.733 11347 12216 W CCodec : This behavior is subject to change. It
is recommended that app developers double check whether the requested max input
size is in reasonable range.
01-22 23:17:30.733 11347 12216 W Codec2Client: query -- param skipped: index =
1342179345.
01-22 23:17:30.733 11347 12216 W Codec2Client: query -- param skipped: index =
2415921170.
01-22 23:17:30.733 11347 12216 W Codec2Client: query -- param skipped: index =
1610614798.
01-22 23:17:30.734 11347 12216 E FMQ : grantorIdx must be less than 3
01-22 23:17:30.734 11347 12216 E FMQ : grantorIdx must be less than 3
01-22 23:17:30.738 11347 12216 E FMQ : grantorIdx must be less than 3
01-22 23:17:30.744 11347 11535 E FMQ : grantorIdx must be less than 3
01-22 23:17:31.862 11347 11393 E SQLiteDatabase: Error inserting transferred=1
media_job_uuid=e4867ce5-7628-4345-beac-66e15dd593c4 transcoded=0 gif_attribution=0
first_scan_length=3679 direct_path=/o1/v/t62.7118-24/f1/m232/up-oil-image-2f9022ea-
cd3c-43d5-9ca0-957c33e9bde1?ccb=9-4&oh=01_AdS3bB8OjnwO34ESfwzOfHaiZ11WxL-
vivGqHCrI6_H1_w&oe=65D6B5CC&_nc_sid=000000 thumbnail_height_width_ratio=0.5416667
is_animated_sticker=0 file_hash=KSXDrmtMOfFZSjtuVMiebNg2ES93O8+b9bVwXyOovFM=
file_path=Media/.Statuses/e4780532385a4493adb73add99719cf3.jpg file_size=22880
partial_media_hash=CNV0FIHE57ReYHQB4BwxO/yCIg13dU6e1AkM3cRIcok= face_x=0 face_y=0
height=590 trim_to=0 media_key_timestamp=1705987050000
message_url=https://mmg.whatsapp.net/o1/v/t62.7118-24/f1/m232/up-oil-image-
2f9022ea-cd3c-43d5-9ca0-957c33e9bde1?ccb=9-4&oh=01_AdS3bB8OjnwO34ESfwzOfHaiZ11WxL-
vivGqHCrI6_H1_w&oe=65D6B5CC&_nc_sid=000000&mms3=true media_caption=null trim_from=0
mime_type=image/jpeg partial_media_enc_hash=null width=1080 original_file_hash=null
has_streaming_sidecar=1 autotransfer_retry_enabled=1 media_upload_handle=null
message_row_id=247237 multicast_id=null
enc_file_hash=GA8SA9/v7aLytdcRWzyevRfmK58REcqpfjLWEwWFgOI= mute_video=0
page_count=0 first_scan_sidecar=[B@733f21b suspicious_content=0 file_length=22880
media_name=null media_duration=0 chat_row_id=67 media_key=[B@c47fb8
01-22 23:17:31.862 11347 11393 E SQLiteDatabase:
android.database.sqlite.SQLiteConstraintException: UNIQUE constraint failed:
message_media.message_row_id (code 1555 SQLITE_CONSTRAINT_PRIMARYKEY)
01-22 23:17:31.862 11347 11393 E SQLiteDatabase: at
android.database.sqlite.SQLiteConnection.nativeExecuteForLastInsertedRowId(Native
Method)
01-22 23:17:31.862 11347 11393 E SQLiteDatabase: at
android.database.sqlite.SQLiteConnection.executeForLastInsertedRowId(SQLiteConnecti
on.java:938)
01-22 23:17:31.862 11347 11393 E SQLiteDatabase: at
android.database.sqlite.SQLiteSession.executeForLastInsertedRowId(SQLiteSession.jav
a:790)
01-22 23:17:31.862 11347 11393 E SQLiteDatabase: at
android.database.sqlite.SQLiteStatement.executeInsert(SQLiteStatement.java:88)
01-22 23:17:31.862 11347 11393 E SQLiteDatabase: at
android.database.sqlite.SQLiteDatabase.insertWithOnConflict(SQLiteDatabase.java:170
1)
01-22 23:17:31.862 11347 11393 E SQLiteDatabase: at
android.database.sqlite.SQLiteDatabase.insert(SQLiteDatabase.java:1570)
01-22 23:17:31.862 11347 11393 E SQLiteDatabase: at X.2tm.A08(Unknown
Source:6)
01-22 23:17:31.862 11347 11393 E SQLiteDatabase: at X.35Y.A07(Unknown
Source:212)
01-22 23:17:31.862 11347 11393 E SQLiteDatabase: at X.3QF.A14(Unknown
Source:470)
01-22 23:17:31.862 11347 11393 E SQLiteDatabase: at X.3gU.run(Unknown
Source:982)
01-22 23:17:31.862 11347 11393 E SQLiteDatabase: at
android.os.Handler.handleCallback(Handler.java:938)
01-22 23:17:31.862 11347 11393 E SQLiteDatabase: at
android.os.Handler.dispatchMessage(Handler.java:99)
01-22 23:17:31.862 11347 11393 E SQLiteDatabase: at
X.0zq.dispatchMessage(Unknown Source:4)
01-22 23:17:31.862 11347 11393 E SQLiteDatabase: at
android.os.Looper.loop(Looper.java:223)
01-22 23:17:31.862 11347 11393 E SQLiteDatabase: at
android.os.HandlerThread.run(HandlerThread.java:67)
01-22 23:17:34.997 11347 11421 W libEGL : EGLNativeWindowType 0xb4000073815454f0
disconnect failed
01-22 23:17:35.027 11347 11421 W libEGL : EGLNativeWindowType 0xb4000073815454f0
disconnect failed
01-22 23:17:35.056 11347 11421 W libEGL : EGLNativeWindowType 0xb4000073815454f0
disconnect failed
01-22 23:17:35.090 11347 11421 W libEGL : EGLNativeWindowType 0xb4000073815454f0
disconnect failed
01-22 23:17:35.120 11347 11421 W libEGL : EGLNativeWindowType 0xb4000073815454f0
disconnect failed
01-22 23:17:35.149 11347 11421 W libEGL : EGLNativeWindowType 0xb4000073815454f0
disconnect failed
01-22 23:17:35.187 11347 11421 W libEGL : EGLNativeWindowType 0xb4000073815454f0
disconnect failed
01-22 23:17:35.220 11347 11421 W libEGL : EGLNativeWindowType 0xb4000073815454f0
disconnect failed
01-22 23:17:35.247 11347 11421 W libEGL : EGLNativeWindowType 0xb4000073815454f0
disconnect failed
01-22 23:17:35.282 11347 11421 W libEGL : EGLNativeWindowType 0xb4000073815454f0
disconnect failed
01-22 23:17:35.319 11347 11421 W libEGL : EGLNativeWindowType 0xb4000073815454f0
disconnect failed
01-22 23:17:36.265 11347 11421 W libEGL : EGLNativeWindowType 0xb4000073815454f0
disconnect failed
01-22 23:17:38.267 11347 11421 W libEGL : EGLNativeWindowType 0xb400007381697ce0
disconnect failed
01-22 23:17:48.218 11347 12216 W Codec2Client: query -- param skipped: index =
1342179345.
01-22 23:17:48.218 11347 12216 W Codec2Client: query -- param skipped: index =
2415921170.
01-22 23:17:48.218 11347 12216 W Codec2Client: query -- param skipped: index =
1610614798.
01-22 23:17:48.236 11347 11421 W libEGL : EGLNativeWindowType 0xb40000738160f8e0
disconnect failed
01-22 23:17:48.270 11347 11421 W libEGL : EGLNativeWindowType 0xb4000073815454f0
disconnect failed
01-22 23:17:48.288 11347 11421 W libEGL : EGLNativeWindowType 0xb4000073815454f0
disconnect failed
01-22 23:17:48.302 11347 11421 W libEGL : EGLNativeWindowType 0xb4000073815454f0
disconnect failed
01-22 23:17:48.318 11347 11421 W libEGL : EGLNativeWindowType 0xb4000073815454f0
disconnect failed
01-22 23:17:48.335 11347 11421 W libEGL : EGLNativeWindowType 0xb4000073815454f0
disconnect failed
01-22 23:17:48.352 11347 11421 W libEGL : EGLNativeWindowType 0xb4000073815454f0
disconnect failed
01-22 23:17:48.375 11347 11421 W libEGL : EGLNativeWindowType 0xb4000073815454f0
disconnect failed
01-22 23:17:48.397 11347 11421 W libEGL : EGLNativeWindowType 0xb4000073815454f0
disconnect failed
01-22 23:17:48.417 11347 11421 W libEGL : EGLNativeWindowType 0xb4000073815454f0
disconnect failed
01-22 23:17:48.437 11347 11421 W libEGL : EGLNativeWindowType 0xb4000073815454f0
disconnect failed
01-22 23:17:48.459 11347 11421 W libEGL : EGLNativeWindowType 0xb4000073815454f0
disconnect failed
01-22 23:17:48.482 11347 11421 W libEGL : EGLNativeWindowType 0xb4000073815454f0
disconnect failed
01-22 23:17:48.500 11347 11421 W libEGL : EGLNativeWindowType 0xb4000073815454f0
disconnect failed
01-22 23:17:48.517 11347 11421 W libEGL : EGLNativeWindowType 0xb4000073815454f0
disconnect failed
01-22 23:17:48.535 11347 11421 W libEGL : EGLNativeWindowType 0xb4000073815454f0
disconnect failed
01-22 23:17:49.536 11347 11421 W libEGL : EGLNativeWindowType 0xb4000073815454f0
disconnect failed
01-22 23:17:50.275 11347 11421 W libEGL : EGLNativeWindowType 0xb40000738156ba10
disconnect failed
01-22 23:17:53.409 11347 11361 W System : A resource failed to call release.
01-22 23:17:53.413 11347 11361 W System : A resource failed to call release.
01-22 23:17:53.639 11347 11347 E ArmVmp : Match on catch block at 0x81 in for
0x111
01-22 23:17:54.109 11347 11543 W SQLiteLog: (28) double-quoted string literal: ""
01-22 23:17:55.054 11347 11347 E ArmVmp : Match on catch block at 0x4c in for 0xe1
01-22 23:17:55.063 11347 11347 E ArmVmp : Match on catch block at 0x81 in for 0xe5
01-22 23:17:55.072 11347 11347 E ArmVmp : Match on catch block at 0x81 in for 0xe1
01-22 23:17:55.103 11347 11347 E ArmVmp : Match on catch block at 0x0a in for 0xc1
01-22 23:17:55.106 11347 11347 E ArmVmp : Match on catch block at 0x0a in for 0xc9
01-22 23:17:55.398 11347 11347 E ArmVmp : Match on catch block at 0xc3 in for 0xb1
01-22 23:17:55.406 11347 11347 E ArmVmp : Match on catch block at 0xc3 in for 0xb1
01-22 23:17:55.513 11347 11347 E ArmVmp : Match on catch block at 0xc3 in for 0xa1
01-22 23:17:55.516 11347 11347 E ArmVmp : Match on catch block at 0xc3 in for 0xa5
01-22 23:17:55.518 11347 11347 E ArmVmp : Match on catch block at 0xc3 in for 0xa5
01-22 23:17:55.550 11347 11347 E ArmVmp : Match on catch block at 0xc3 in for 0xa1
01-22 23:17:55.553 11347 11347 E ArmVmp : Match on catch block at 0xc3 in for 0xa5
01-22 23:17:55.554 11347 11347 E ArmVmp : Match on catch block at 0xc3 in for 0xa5
01-22 23:17:55.583 11347 11347 E ArmVmp : Match on catch block at 0xc3 in for 0xa5
01-22 23:17:55.587 11347 11347 E ArmVmp : Match on catch block at 0xc3 in for 0xa9
01-22 23:17:55.591 11347 11347 E ArmVmp : Match on catch block at 0xc3 in for 0xa9
01-22 23:17:55.610 11347 11347 E ArmVmp : Match on catch block at 0xc3 in for 0xa9
01-22 23:17:55.613 11347 11347 E ArmVmp : Match on catch block at 0xc3 in for 0xa1
01-22 23:17:55.615 11347 11347 E ArmVmp : Match on catch block at 0xc3 in for 0xa1
01-22 23:17:55.629 11347 11347 E ArmVmp : Match on catch block at 0xc3 in for 0xa5
01-22 23:17:55.631 11347 11347 E ArmVmp : Match on catch block at 0xc3 in for 0xa9
01-22 23:17:55.634 11347 11347 E ArmVmp : Match on catch block at 0xc3 in for 0xa9
01-22 23:17:55.637 11347 11347 E ArmVmp : Match on catch block at 0xc3 in for 0xa1
01-22 23:17:55.642 11347 11347 E ArmVmp : Match on catch block at 0xc3 in for 0xa5
01-22 23:17:55.644 11347 11347 E ArmVmp : Match on catch block at 0xc3 in for 0xa5
01-22 23:17:55.655 11347 11347 E ArmVmp : Match on catch block at 0xc3 in for 0xa9
01-22 23:17:55.659 11347 11347 E ArmVmp : Match on catch block at 0xc3 in for 0xa1
01-22 23:17:55.662 11347 11347 E ArmVmp : Match on catch block at 0xc3 in for 0xa1
01-22 23:17:55.671 11347 11347 E ArmVmp : Match on catch block at 0xc3 in for 0xa5
01-22 23:17:55.675 11347 11347 E ArmVmp : Match on catch block at 0xc3 in for 0xa9
01-22 23:17:55.678 11347 11347 E ArmVmp : Match on catch block at 0xc3 in for 0xa9
01-22 23:17:55.688 11347 11347 E ArmVmp : Match on catch block at 0xc3 in for 0xa1
01-22 23:17:55.690 11347 11347 E ArmVmp : Match on catch block at 0xc3 in for 0xa5
01-22 23:17:55.693 11347 11347 E ArmVmp : Match on catch block at 0xc3 in for 0xa5
01-22 23:17:55.704 11347 11347 E ArmVmp : Match on catch block at 0xc3 in for 0xa9
01-22 23:17:55.707 11347 11347 E ArmVmp : Match on catch block at 0xc3 in for 0xa1
01-22 23:17:55.709 11347 11347 E ArmVmp : Match on catch block at 0xc3 in for 0xa1
01-22 23:17:55.720 11347 11347 E ArmVmp : Match on catch block at 0xc3 in for 0xa5
01-22 23:17:55.723 11347 11347 E ArmVmp : Match on catch block at 0xc3 in for 0xa9
01-22 23:17:55.726 11347 11347 E ArmVmp : Match on catch block at 0xc3 in for 0xa9
01-22 23:17:55.737 11347 11347 E ArmVmp : Match on catch block at 0xc3 in for 0xa1
01-22 23:17:55.740 11347 11347 E ArmVmp : Match on catch block at 0xc3 in for 0xa5
01-22 23:17:55.743 11347 11347 E ArmVmp : Match on catch block at 0xc3 in for 0xa5
01-22 23:17:55.754 11347 11347 E ArmVmp : Match on catch block at 0xc3 in for 0xa9
01-22 23:17:55.757 11347 11347 E ArmVmp : Match on catch block at 0xc3 in for 0xa1
01-22 23:17:55.759 11347 11347 E ArmVmp : Match on catch block at 0xc3 in for 0xa1
01-22 23:17:55.771 11347 11347 E ArmVmp : Match on catch block at 0xc3 in for 0xa5
01-22 23:17:55.774 11347 11347 E ArmVmp : Match on catch block at 0xc3 in for 0xa9
01-22 23:17:55.776 11347 11347 E ArmVmp : Match on catch block at 0xc3 in for 0xa9
01-22 23:17:55.788 11347 11347 E ArmVmp : Match on catch block at 0xc3 in for 0xa1
01-22 23:17:55.792 11347 11347 E ArmVmp : Match on catch block at 0xc3 in for 0xa5
01-22 23:17:55.795 11347 11347 E ArmVmp : Match on catch block at 0xc3 in for 0xa5
01-22 23:17:55.805 11347 11347 E ArmVmp : Match on catch block at 0xc3 in for 0xa9
01-22 23:17:55.810 11347 11347 E ArmVmp : Match on catch block at 0xc3 in for 0xa1
01-22 23:17:55.813 11347 11347 E ArmVmp : Match on catch block at 0xc3 in for 0xa1
01-22 23:17:55.822 11347 11347 E ArmVmp : Match on catch block at 0xc3 in for 0xa5
01-22 23:17:55.826 11347 11347 E ArmVmp : Match on catch block at 0xc3 in for 0xa9
01-22 23:17:55.828 11347 11347 E ArmVmp : Match on catch block at 0xc3 in for 0xa9
01-22 23:17:55.853 11347 11347 E ArmVmp : Match on catch block at 0xc3 in for 0xa1
01-22 23:17:55.857 11347 11347 E ArmVmp : Match on catch block at 0xc3 in for 0xa5
01-22 23:17:55.858 11347 11347 E ArmVmp : Match on catch block at 0xc3 in for 0xa5
01-22 23:17:55.879 11347 11347 E ArmVmp : Match on catch block at 0xc3 in for 0xa9
01-22 23:17:55.883 11347 11347 E ArmVmp : Match on catch block at 0xc3 in for 0xa1
01-22 23:17:55.886 11347 11347 E ArmVmp : Match on catch block at 0xc3 in for 0xa1
01-22 23:17:55.910 11347 11421 W libEGL : EGLNativeWindowType 0xb4000073815454f0
disconnect failed
01-22 23:17:55.918 11347 11347 E ArmVmp : Match on catch block at 0xc3 in for 0xa5
01-22 23:17:55.920 11347 11347 E ArmVmp : Match on catch block at 0xc3 in for 0xa9
01-22 23:17:55.922 11347 11347 E ArmVmp : Match on catch block at 0xc3 in for 0xa9
01-22 23:17:55.931 11347 11347 E ArmVmp : Match on catch block at 0xc3 in for 0xa1
01-22 23:17:55.934 11347 11347 E ArmVmp : Match on catch block at 0xc3 in for 0xa5
01-22 23:17:55.936 11347 11347 E ArmVmp : Match on catch block at 0xc3 in for 0xa5
01-22 23:17:55.944 11347 11347 E ArmVmp : Match on catch block at 0xc3 in for 0xa9
01-22 23:17:55.946 11347 11347 E ArmVmp : Match on catch block at 0xc3 in for 0xa1
01-22 23:17:55.950 11347 11347 E ArmVmp : Match on catch block at 0xc3 in for 0xa1
01-22 23:17:55.956 11347 11347 E ArmVmp : Match on catch block at 0xc3 in for 0xa5
01-22 23:17:55.959 11347 11347 E ArmVmp : Match on catch block at 0xc3 in for 0xa9
01-22 23:17:55.962 11347 11347 E ArmVmp : Match on catch block at 0xc3 in for 0xa9
01-22 23:17:55.970 11347 11347 E ArmVmp : Match on catch block at 0xc3 in for 0xa9
01-22 23:17:55.974 11347 11347 E ArmVmp : Match on catch block at 0xc3 in for 0xa1
01-22 23:17:55.977 11347 11347 E ArmVmp : Match on catch block at 0xc3 in for 0xa1
01-22 23:17:55.987 11347 11347 E ArmVmp : Match on catch block at 0xc3 in for 0xa5
01-22 23:17:55.991 11347 11347 E ArmVmp : Match on catch block at 0xc3 in for 0xa9
01-22 23:17:55.994 11347 11347 E ArmVmp : Match on catch block at 0xc3 in for 0xa9
01-22 23:17:56.004 11347 11347 E ArmVmp : Match on catch block at 0xc3 in for 0xa1
01-22 23:17:56.008 11347 11347 E ArmVmp : Match on catch block at 0xc3 in for 0xa5
01-22 23:17:56.011 11347 11347 E ArmVmp : Match on catch block at 0xc3 in for 0xa5
01-22 23:17:56.021 11347 11347 E ArmVmp : Match on catch block at 0xc3 in for 0xa9
01-22 23:17:56.024 11347 11347 E ArmVmp : Match on catch block at 0xc3 in for 0xa1
01-22 23:17:56.028 11347 11347 E ArmVmp : Match on catch block at 0xc3 in for 0xa1
01-22 23:17:56.037 11347 11347 E ArmVmp : Match on catch block at 0xc3 in for 0xa5
01-22 23:17:56.041 11347 11347 E ArmVmp : Match on catch block at 0xc3 in for 0xa9
01-22 23:17:56.043 11347 11347 E ArmVmp : Match on catch block at 0xc3 in for 0xa9
01-22 23:17:56.054 11347 11347 E ArmVmp : Match on catch block at 0xc3 in for 0xa5
01-22 23:17:56.066 11347 11347 E ArmVmp : Match on catch block at 0xc3 in for 0xa9
01-22 23:17:56.069 11347 11347 E ArmVmp : Match on catch block at 0xc3 in for 0xa9
01-22 23:17:56.077 11347 11347 E ArmVmp : Match on catch block at 0xc3 in for 0xa5
01-22 23:17:56.080 11347 11347 E ArmVmp : Match on catch block at 0xc3 in for 0xa9
01-22 23:17:56.082 11347 11347 E ArmVmp : Match on catch block at 0xc3 in for 0xa9
01-22 23:17:56.101 11347 11347 E ArmVmp : Match on catch block at 0xc3 in for 0xa1
01-22 23:17:56.104 11347 11347 E ArmVmp : Match on catch block at 0xc3 in for 0xa5
01-22 23:17:56.106 11347 11347 E ArmVmp : Match on catch block at 0xc3 in for 0xa5
01-22 23:17:56.112 11347 11347 E ArmVmp : Match on catch block at 0xc3 in for 0xa9
01-22 23:17:56.115 11347 11347 E ArmVmp : Match on catch block at 0xc3 in for 0xa1
01-22 23:17:56.117 11347 11347 E ArmVmp : Match on catch block at 0xc3 in for 0xa1
01-22 23:17:56.122 11347 11347 E ArmVmp : Match on catch block at 0xc3 in for 0xa5
01-22 23:17:56.124 11347 11347 E ArmVmp : Match on catch block at 0xc3 in for 0xa9
01-22 23:17:56.126 11347 11347 E ArmVmp : Match on catch block at 0xc3 in for 0xa9
01-22 23:17:56.139 11347 11347 E ArmVmp : Match on catch block at 0xc3 in for 0xa1
01-22 23:17:56.141 11347 11347 E ArmVmp : Match on catch block at 0xc3 in for 0xa5
01-22 23:17:56.143 11347 11347 E ArmVmp : Match on catch block at 0xc3 in for 0xa5
01-22 23:17:56.168 11347 11347 E ArmVmp : Match on catch block at 0xc3 in for 0xa9
01-22 23:17:56.174 11347 11347 E ArmVmp : Match on catch block at 0xc3 in for 0xa1
01-22 23:17:56.176 11347 11347 E ArmVmp : Match on catch block at 0xc3 in for 0xa1
01-22 23:17:56.192 11347 11347 E ArmVmp : Match on catch block at 0xc3 in for 0xa5
01-22 23:17:56.193 11347 11421 W libEGL : EGLNativeWindowType 0xb40000738165e530
disconnect failed
01-22 23:17:56.194 11347 11347 E ArmVmp : Match on catch block at 0xc3 in for 0xa9
01-22 23:17:56.196 11347 11347 E ArmVmp : Match on catch block at 0xc3 in for 0xa9
01-22 23:17:56.210 11347 11347 E ArmVmp : Match on catch block at 0xc3 in for 0xa1
01-22 23:17:56.213 11347 11347 E ArmVmp : Match on catch block at 0xc3 in for 0xa5
01-22 23:17:56.215 11347 11347 E ArmVmp : Match on catch block at 0xc3 in for 0xa5
01-22 23:17:56.221 11347 11347 E ArmVmp : Match on catch block at 0xc3 in for 0xa9
01-22 23:17:56.230 11347 11347 E ArmVmp : Match on catch block at 0xc3 in for 0xa1
01-22 23:17:56.232 11347 11347 E ArmVmp : Match on catch block at 0xc3 in for 0xa1
01-22 23:17:56.237 11347 11347 E ArmVmp : Match on catch block at 0xc3 in for 0xa5
01-22 23:17:56.243 11347 11347 E ArmVmp : Match on catch block at 0xc3 in for 0xa9
01-22 23:17:56.246 11347 11347 E ArmVmp : Match on catch block at 0xc3 in for 0xa9
01-22 23:17:56.254 11347 11347 E ArmVmp : Match on catch block at 0xc3 in for 0xa1
01-22 23:17:56.257 11347 11347 E ArmVmp : Match on catch block at 0xc3 in for 0xa5
01-22 23:17:56.260 11347 11347 E ArmVmp : Match on catch block at 0xc3 in for 0xa5
01-22 23:17:56.271 11347 11347 E ArmVmp : Match on catch block at 0xc3 in for 0xa9
01-22 23:17:56.274 11347 11347 E ArmVmp : Match on catch block at 0xc3 in for 0xa1
01-22 23:17:56.276 11347 11347 E ArmVmp : Match on catch block at 0xc3 in for 0xa1
01-22 23:17:56.287 11347 11347 E ArmVmp : Match on catch block at 0xc3 in for 0xa5
01-22 23:17:56.290 11347 11347 E ArmVmp : Match on catch block at 0xc3 in for 0xa9
01-22 23:17:56.292 11347 11347 E ArmVmp : Match on catch block at 0xc3 in for 0xa9
01-22 23:17:56.304 11347 11347 E ArmVmp : Match on catch block at 0xc3 in for 0xa1
01-22 23:17:56.308 11347 11347 E ArmVmp : Match on catch block at 0xc3 in for 0xa5
01-22 23:17:56.310 11347 11347 E ArmVmp : Match on catch block at 0xc3 in for 0xa5
01-22 23:17:56.321 11347 11347 E ArmVmp : Match on catch block at 0xc3 in for 0xa9
01-22 23:17:56.324 11347 11347 E ArmVmp : Match on catch block at 0xc3 in for 0xa1
01-22 23:17:56.327 11347 11347 E ArmVmp : Match on catch block at 0xc3 in for 0xa1
01-22 23:17:56.337 11347 11347 E ArmVmp : Match on catch block at 0xc3 in for 0xa5
01-22 23:17:56.342 11347 11347 E ArmVmp : Match on catch block at 0xc3 in for 0xa9
01-22 23:17:56.344 11347 11347 E ArmVmp : Match on catch block at 0xc3 in for 0xa9
01-22 23:17:56.354 11347 11347 E ArmVmp : Match on catch block at 0xc3 in for 0xa1
01-22 23:17:56.358 11347 11347 E ArmVmp : Match on catch block at 0xc3 in for 0xa5
01-22 23:17:56.362 11347 11347 E ArmVmp : Match on catch block at 0xc3 in for 0xa5
01-22 23:17:56.371 11347 11347 E ArmVmp : Match on catch block at 0xc3 in for 0xa9
01-22 23:17:56.375 11347 11347 E ArmVmp : Match on catch block at 0xc3 in for 0xa1
01-22 23:17:56.378 11347 11347 E ArmVmp : Match on catch block at 0xc3 in for 0xa1
01-22 23:17:56.388 11347 11347 E ArmVmp : Match on catch block at 0xc3 in for 0xa5
01-22 23:17:56.392 11347 11347 E ArmVmp : Match on catch block at 0xc3 in for 0xa9
01-22 23:17:56.394 11347 11347 E ArmVmp : Match on catch block at 0xc3 in for 0xa9
01-22 23:17:56.404 11347 11347 E ArmVmp : Match on catch block at 0xc3 in for 0xa1
01-22 23:17:56.408 11347 11347 E ArmVmp : Match on catch block at 0xc3 in for 0xa5
01-22 23:17:56.411 11347 11347 E ArmVmp : Match on catch block at 0xc3 in for 0xa5
01-22 23:17:56.421 11347 11347 E ArmVmp : Match on catch block at 0xc3 in for 0xa9
01-22 23:17:56.424 11347 11347 E ArmVmp : Match on catch block at 0xc3 in for 0xa1
01-22 23:17:56.427 11347 11347 E ArmVmp : Match on catch block at 0xc3 in for 0xa1
01-22 23:17:56.437 11347 11347 E ArmVmp : Match on catch block at 0xc3 in for 0xa5
01-22 23:17:56.441 11347 11347 E ArmVmp : Match on catch block at 0xc3 in for 0xa9
01-22 23:17:56.443 11347 11347 E ArmVmp : Match on catch block at 0xc3 in for 0xa9
01-22 23:17:56.454 11347 11347 E ArmVmp : Match on catch block at 0xc3 in for 0xa1
01-22 23:17:56.458 11347 11347 E ArmVmp : Match on catch block at 0xc3 in for 0xa5
01-22 23:17:56.461 11347 11347 E ArmVmp : Match on catch block at 0xc3 in for 0xa5
01-22 23:17:56.471 11347 11347 E ArmVmp : Match on catch block at 0xc3 in for 0xa9
01-22 23:17:56.475 11347 11347 E ArmVmp : Match on catch block at 0xc3 in for 0xa1
01-22 23:17:56.477 11347 11347 E ArmVmp : Match on catch block at 0xc3 in for 0xa1
01-22 23:17:56.488 11347 11347 E ArmVmp : Match on catch block at 0xc3 in for 0xa5
01-22 23:17:56.493 11347 11347 E ArmVmp : Match on catch block at 0xc3 in for 0xa9
01-22 23:17:56.495 11347 11347 E ArmVmp : Match on catch block at 0xc3 in for 0xa9
01-22 23:17:56.505 11347 11347 E ArmVmp : Match on catch block at 0xc3 in for 0xa1
01-22 23:17:56.508 11347 11347 E ArmVmp : Match on catch block at 0xc3 in for 0xa5
01-22 23:17:56.511 11347 11347 E ArmVmp : Match on catch block at 0xc3 in for 0xa5
01-22 23:17:56.522 11347 11347 E ArmVmp : Match on catch block at 0xc3 in for 0xa9
01-22 23:17:56.525 11347 11347 E ArmVmp : Match on catch block at 0xc3 in for 0xa1
01-22 23:17:56.528 11347 11347 E ArmVmp : Match on catch block at 0xc3 in for 0xa1
01-22 23:17:56.538 11347 11347 E ArmVmp : Match on catch block at 0xc3 in for 0xa5
01-22 23:17:56.542 11347 11347 E ArmVmp : Match on catch block at 0xc3 in for 0xa9
01-22 23:17:56.544 11347 11347 E ArmVmp : Match on catch block at 0xc3 in for 0xa9
01-22 23:17:56.555 11347 11347 E ArmVmp : Match on catch block at 0xc3 in for 0xa1
01-22 23:17:56.559 11347 11347 E ArmVmp : Match on catch block at 0xc3 in for 0xa5
01-22 23:17:56.562 11347 11347 E ArmVmp : Match on catch block at 0xc3 in for 0xa5
01-22 23:17:56.572 11347 11347 E ArmVmp : Match on catch block at 0xc3 in for 0xa9
01-22 23:17:56.576 11347 11347 E ArmVmp : Match on catch block at 0xc3 in for 0xa1
01-22 23:17:56.579 11347 11347 E ArmVmp : Match on catch block at 0xc3 in for 0xa1
01-22 23:17:56.588 11347 11347 E ArmVmp : Match on catch block at 0xc3 in for 0xa5
01-22 23:17:56.592 11347 11347 E ArmVmp : Match on catch block at 0xc3 in for 0xa9
01-22 23:17:56.595 11347 11347 E ArmVmp : Match on catch block at 0xc3 in for 0xa9
01-22 23:17:56.605 11347 11347 E ArmVmp : Match on catch block at 0xc3 in for 0xa1
01-22 23:17:56.610 11347 11347 E ArmVmp : Match on catch block at 0xc3 in for 0xa5
01-22 23:17:56.612 11347 11347 E ArmVmp : Match on catch block at 0xc3 in for 0xa5
01-22 23:17:56.622 11347 11347 E ArmVmp : Match on catch block at 0xc3 in for 0xa9
01-22 23:17:56.626 11347 11347 E ArmVmp : Match on catch block at 0xc3 in for 0xa1
01-22 23:17:56.629 11347 11347 E ArmVmp : Match on catch block at 0xc3 in for 0xa1
01-22 23:17:56.638 11347 11347 E ArmVmp : Match on catch block at 0xc3 in for 0xa5
01-22 23:17:56.642 11347 11347 E ArmVmp : Match on catch block at 0xc3 in for 0xa9
01-22 23:17:56.646 11347 11347 E ArmVmp : Match on catch block at 0xc3 in for 0xa9
01-22 23:17:56.655 11347 11347 E ArmVmp : Match on catch block at 0xc3 in for 0xa1
01-22 23:17:56.659 11347 11347 E ArmVmp : Match on catch block at 0xc3 in for 0xa5
01-22 23:17:56.661 11347 11347 E ArmVmp : Match on catch block at 0xc3 in for 0xa5
01-22 23:17:56.672 11347 11347 E ArmVmp : Match on catch block at 0xc3 in for 0xa9
01-22 23:17:56.675 11347 11347 E ArmVmp : Match on catch block at 0xc3 in for 0xa1
01-22 23:17:56.678 11347 11347 E ArmVmp : Match on catch block at 0xc3 in for 0xa1
01-22 23:17:56.689 11347 11347 E ArmVmp : Match on catch block at 0xc3 in for 0xa5
01-22 23:17:56.693 11347 11347 E ArmVmp : Match on catch block at 0xc3 in for 0xa9
01-22 23:17:56.695 11347 11347 E ArmVmp : Match on catch block at 0xc3 in for 0xa9
01-22 23:17:56.705 11347 11347 E ArmVmp : Match on catch block at 0xc3 in for 0xa1
01-22 23:17:56.709 11347 11347 E ArmVmp : Match on catch block at 0xc3 in for 0xa5
01-22 23:17:56.712 11347 11347 E ArmVmp : Match on catch block at 0xc3 in for 0xa5
01-22 23:17:56.721 11347 11347 E ArmVmp : Match on catch block at 0xc3 in for 0xa9
01-22 23:17:56.726 11347 11347 E ArmVmp : Match on catch block at 0xc3 in for 0xa1
01-22 23:17:56.729 11347 11347 E ArmVmp : Match on catch block at 0xc3 in for 0xa1
01-22 23:17:56.739 11347 11347 E ArmVmp : Match on catch block at 0xc3 in for 0xa5
01-22 23:17:56.742 11347 11347 E ArmVmp : Match on catch block at 0xc3 in for 0xa9
01-22 23:17:56.745 11347 11347 E ArmVmp : Match on catch block at 0xc3 in for 0xa9
01-22 23:17:56.754 11347 11347 E ArmVmp : Match on catch block at 0xc3 in for 0xa1
01-22 23:17:56.759 11347 11347 E ArmVmp : Match on catch block at 0xc3 in for 0xa5
01-22 23:17:56.762 11347 11347 E ArmVmp : Match on catch block at 0xc3 in for 0xa5
01-22 23:17:56.781 11347 11347 E ArmVmp : Match on catch block at 0xc3 in for 0xa1
01-22 23:17:56.786 11347 11347 E ArmVmp : Match on catch block at 0xc3 in for 0xa5
01-22 23:17:56.789 11347 11347 E ArmVmp : Match on catch block at 0xc3 in for 0xa5
01-22 23:17:56.806 11347 11347 E ArmVmp : Match on catch block at 0xc3 in for 0xa5
01-22 23:17:56.809 11347 11347 E ArmVmp : Match on catch block at 0xc3 in for 0xa9
01-22 23:17:56.811 11347 11347 E ArmVmp : Match on catch block at 0xc3 in for 0xa9
01-22 23:17:56.821 11347 11347 E ArmVmp : Match on catch block at 0xc3 in for 0xa1
01-22 23:17:56.824 11347 11347 E ArmVmp : Match on catch block at 0xc3 in for 0xa5
01-22 23:17:56.826 11347 11347 E ArmVmp : Match on catch block at 0xc3 in for 0xa5
01-22 23:17:56.837 11347 11347 E ArmVmp : Match on catch block at 0xc3 in for 0xa9
01-22 23:17:56.841 11347 11347 E ArmVmp : Match on catch block at 0xc3 in for 0xa1
01-22 23:17:56.843 11347 11347 E ArmVmp : Match on catch block at 0xc3 in for 0xa1
01-22 23:17:56.854 11347 11347 E ArmVmp : Match on catch block at 0xc3 in for 0xa5
01-22 23:17:56.858 11347 11347 E ArmVmp : Match on catch block at 0xc3 in for 0xa9
01-22 23:17:56.861 11347 11347 E ArmVmp : Match on catch block at 0xc3 in for 0xa9
01-22 23:17:56.871 11347 11347 E ArmVmp : Match on catch block at 0xc3 in for 0xa1
01-22 23:17:56.875 11347 11347 E ArmVmp : Match on catch block at 0xc3 in for 0xa5
01-22 23:17:56.877 11347 11347 E ArmVmp : Match on catch block at 0xc3 in for 0xa5
01-22 23:17:56.891 11347 11347 E ArmVmp : Match on catch block at 0xc3 in for 0xa9
01-22 23:17:56.896 11347 11347 E ArmVmp : Match on catch block at 0xc3 in for 0xa1
01-22 23:17:56.899 11347 11347 E ArmVmp : Match on catch block at 0xc3 in for 0xa1
01-22 23:17:56.905 11347 11347 E ArmVmp : Match on catch block at 0xc3 in for 0xa5
01-22 23:17:56.909 11347 11347 E ArmVmp : Match on catch block at 0xc3 in for 0xa9
01-22 23:17:56.912 11347 11347 E ArmVmp : Match on catch block at 0xc3 in for 0xa9
01-22 23:17:56.921 11347 11347 E ArmVmp : Match on catch block at 0xc3 in for 0xa1
01-22 23:17:56.925 11347 11347 E ArmVmp : Match on catch block at 0xc3 in for 0xa5
01-22 23:17:56.928 11347 11347 E ArmVmp : Match on catch block at 0xc3 in for 0xa5
01-22 23:17:56.938 11347 11347 E ArmVmp : Match on catch block at 0xc3 in for 0xa9
01-22 23:17:56.941 11347 11347 E ArmVmp : Match on catch block at 0xc3 in for 0xa1
01-22 23:17:56.944 11347 11347 E ArmVmp : Match on catch block at 0xc3 in for 0xa1
01-22 23:17:56.954 11347 11347 E ArmVmp : Match on catch block at 0xc3 in for 0xa5
01-22 23:17:56.959 11347 11347 E ArmVmp : Match on catch block at 0xc3 in for 0xa9
01-22 23:17:56.961 11347 11347 E ArmVmp : Match on catch block at 0xc3 in for 0xa9
01-22 23:17:56.971 11347 11347 E ArmVmp : Match on catch block at 0xc3 in for 0xa1
01-22 23:17:56.974 11347 11347 E ArmVmp : Match on catch block at 0xc3 in for 0xa5
01-22 23:17:56.978 11347 11347 E ArmVmp : Match on catch block at 0xc3 in for 0xa5
01-22 23:17:56.988 11347 11347 E ArmVmp : Match on catch block at 0xc3 in for 0xa9
01-22 23:17:56.992 11347 11347 E ArmVmp : Match on catch block at 0xc3 in for 0xa1
01-22 23:17:56.995 11347 11347 E ArmVmp : Match on catch block at 0xc3 in for 0xa1
01-22 23:17:57.005 11347 11347 E ArmVmp : Match on catch block at 0xc3 in for 0xa5
01-22 23:17:57.010 11347 11347 E ArmVmp : Match on catch block at 0xc3 in for 0xa9
01-22 23:17:57.012 11347 11347 E ArmVmp : Match on catch block at 0xc3 in for 0xa9
