"vendor.transsion.scroll_adjust.support"
01-23 23:46:55.657 16143 16143 W libc : Access denied finding property
"vendor.transsion.scroll_adjust.support"
01-23 23:46:55.657 16143 16143 E RecyclerView: No adapter attached; skipping layout
01-23 23:46:55.657 16143 16143 W libc : Access denied finding property
"vendor.transsion.scroll_adjust.support"
01-23 23:46:55.657 16143 16143 W libc : Access denied finding property
"vendor.transsion.scroll_adjust.support"
01-23 23:46:55.658 16143 19049 W Codec2Client: query -- param skipped: index =
1107298332.
01-23 23:46:55.658 16143 19049 W CCodec : This behavior is subject to change. It
is recommended that app developers double check whether the requested max input
size is in reasonable range.
01-23 23:46:55.670 16143 19049 W Codec2Client: query -- param skipped: index =
1342179345.
01-23 23:46:55.671 16143 19049 W Codec2Client: query -- param skipped: index =
2415921170.
01-23 23:46:55.671 16143 19049 W Codec2Client: query -- param skipped: index =
1610614798.
01-23 23:46:55.725 16143 19058 E CCodec : before change, configure, format :
AMessage(what = 0x00000000) = {
01-23 23:46:55.725 16143 19058 E CCodec : int32_t sample-rate = 44100
01-23 23:46:55.725 16143 19058 E CCodec : string mime = "audio/mp4a-latm"
01-23 23:46:55.725 16143 19058 E CCodec : int32_t channel-count = 2
01-23 23:46:55.725 16143 19058 E CCodec : int32_t priority = 0
01-23 23:46:55.725 16143 19058 E CCodec : int32_t max-input-size = 575
01-23 23:46:55.725 16143 19058 E CCodec : Buffer csd-0 = {
01-23 23:46:55.725 16143 19058 E CCodec : 00000000: 12 10
..
01-23 23:46:55.725 16143 19058 E CCodec : }
01-23 23:46:55.725 16143 19058 E CCodec : int32_t flags = 0
01-23 23:46:55.725 16143 19058 E CCodec : } , width 0 , higth 0
01-23 23:46:55.727 16143 19058 W Codec2Client: query -- param skipped: index =
1107298332.
01-23 23:46:55.728 16143 19058 W CCodec : This behavior is subject to change. It
is recommended that app developers double check whether the requested max input
size is in reasonable range.
01-23 23:46:55.731 16143 19058 W Codec2Client: query -- param skipped: index =
1342179345.
01-23 23:46:55.731 16143 19058 W Codec2Client: query -- param skipped: index =
2415921170.
01-23 23:46:55.731 16143 19058 W Codec2Client: query -- param skipped: index =
1610614798.
01-23 23:46:55.770 16143 16143 W RenderThread: type=1400 audit(0.0:416311): avc:
denied { getattr } for name="dmabuf:" dev="dmabuf" ino=1
scontext=u:r:untrusted_app:s0:c139,c256,c512,c768 tcontext=u:object_r:unlabeled:s0
tclass=filesystem permissive=0 app=com.mbwhatsapp
01-23 23:46:56.102 16143 16143 W RenderThread: type=1400 audit(0.0:416312): avc:
denied { getattr } for name="dmabuf:" dev="dmabuf" ino=1
scontext=u:r:untrusted_app:s0:c139,c256,c512,c768 tcontext=u:object_r:unlabeled:s0
tclass=filesystem permissive=0 app=com.mbwhatsapp
01-23 23:46:56.138 16143 16143 W RenderThread: type=1400 audit(0.0:416313): avc:
denied { getattr } for name="dmabuf:" dev="dmabuf" ino=1
scontext=u:r:untrusted_app:s0:c139,c256,c512,c768 tcontext=u:object_r:unlabeled:s0
tclass=filesystem permissive=0 app=com.mbwhatsapp
01-23 23:46:56.302 16143 16143 W RenderThread: type=1400 audit(0.0:416316): avc:
denied { getattr } for name="dmabuf:" dev="dmabuf" ino=1
scontext=u:r:untrusted_app:s0:c139,c256,c512,c768 tcontext=u:object_r:unlabeled:s0
tclass=filesystem permissive=0 app=com.mbwhatsapp
01-23 23:46:56.386 16143 16143 W RenderThread: type=1400 audit(0.0:416317): avc:
denied { getattr } for name="dmabuf:" dev="dmabuf" ino=1
scontext=u:r:untrusted_app:s0:c139,c256,c512,c768 tcontext=u:object_r:unlabeled:s0
tclass=filesystem permissive=0 app=com.mbwhatsapp
01-23 23:46:56.418 16143 16143 W RenderThread: type=1400 audit(0.0:416318): avc:
denied { getattr } for name="dmabuf:" dev="dmabuf" ino=1
scontext=u:r:untrusted_app:s0:c139,c256,c512,c768 tcontext=u:object_r:unlabeled:s0
tclass=filesystem permissive=0 app=com.mbwhatsapp
01-23 23:46:56.466 16143 16143 W RenderThread: type=1400 audit(0.0:416319): avc:
denied { getattr } for name="dmabuf:" dev="dmabuf" ino=1
scontext=u:r:untrusted_app:s0:c139,c256,c512,c768 tcontext=u:object_r:unlabeled:s0
tclass=filesystem permissive=0 app=com.mbwhatsapp
01-23 23:46:56.502 16143 16143 W RenderThread: type=1400 audit(0.0:416320): avc:
denied { getattr } for name="dmabuf:" dev="dmabuf" ino=1
scontext=u:r:untrusted_app:s0:c139,c256,c512,c768 tcontext=u:object_r:unlabeled:s0
tclass=filesystem permissive=0 app=com.mbwhatsapp
01-23 23:47:05.723 16143 19048 W Codec2Client: query -- param skipped: index =
1342179345.
01-23 23:47:05.723 16143 19048 W Codec2Client: query -- param skipped: index =
2415921170.
01-23 23:47:05.723 16143 19048 W Codec2Client: query -- param skipped: index =
1610614798.
01-23 23:47:05.725 16143 19058 W Codec2Client: query -- param skipped: index =
1342179345.
01-23 23:47:05.725 16143 19058 W Codec2Client: query -- param skipped: index =
2415921170.
01-23 23:47:05.725 16143 19058 W Codec2Client: query -- param skipped: index =
1610614798.
01-23 23:47:07.756 16143 18326 E SQLiteDatabase: Error inserting transferred=0
media_job_uuid=29d42f04-dfea-4ab5-997c-a01bbb85e28a transcoded=0 gif_attribution=0
first_scan_length=0 direct_path=/v/t62.7161-
24/31246989_1557442331742776_6480232483968522751_n.enc?ccb=11-
4&oh=01_AdTbN9SgZZw1flTxMigVyDIK19jE1mUf0kWaNA-qi5LSVQ&oe=65D762BE&_nc_sid=5e03e0
thumbnail_height_width_ratio=1.7777778 is_animated_sticker=0
file_hash=aGrWqnnqqadgM5wt57ujiiUaHJRPTtJ1awKwZuOoF68= file_path=null file_size=0
partial_media_hash=null face_x=0 face_y=0 height=1024 trim_to=0
media_key_timestamp=1706022404000 message_url=https://mmg.whatsapp.net/v/t62.7161-
24/31246989_1557442331742776_6480232483968522751_n.enc?ccb=11-
4&oh=01_AdTbN9SgZZw1flTxMigVyDIK19jE1mUf0kWaNA-
qi5LSVQ&oe=65D762BE&_nc_sid=5e03e0&mms3=true media_caption=null trim_from=0
mime_type=video/mp4 partial_media_enc_hash=null width=576 original_file_hash=null
has_streaming_sidecar=1 autotransfer_retry_enabled=0 media_upload_handle=null
message_row_id=2289 multicast_id=null
enc_file_hash=vFDMXwbJU1RjXycZLoIE/K8EtShGUuztsQ3BvoC4T18= mute_video=0
page_count=0 first_scan_sidecar=null suspicious_content=0 file_length=5242159
media_name=null media_duration=15 chat_row_id=3 media_key=[B@91f7162
01-23 23:47:07.756 16143 18326 E SQLiteDatabase:
android.database.sqlite.SQLiteConstraintException: UNIQUE constraint failed:
message_media.message_row_id (code 1555 SQLITE_CONSTRAINT_PRIMARYKEY)
01-23 23:47:07.756 16143 18326 E SQLiteDatabase: at
android.database.sqlite.SQLiteConnection.nativeExecuteForLastInsertedRowId(Native
Method)
01-23 23:47:07.756 16143 18326 E SQLiteDatabase: at
android.database.sqlite.SQLiteConnection.executeForLastInsertedRowId(SQLiteConnecti
on.java:961)
01-23 23:47:07.756 16143 18326 E SQLiteDatabase: at
android.database.sqlite.SQLiteSession.executeForLastInsertedRowId(SQLiteSession.jav
a:790)
01-23 23:47:07.756 16143 18326 E SQLiteDatabase: at
android.database.sqlite.SQLiteStatement.executeInsert(SQLiteStatement.java:89)
01-23 23:47:07.756 16143 18326 E SQLiteDatabase: at
android.database.sqlite.SQLiteDatabase.insertWithOnConflict(SQLiteDatabase.java:187
4)
01-23 23:47:07.756 16143 18326 E SQLiteDatabase: at
android.database.sqlite.SQLiteDatabase.insert(SQLiteDatabase.java:1743)
01-23 23:47:07.756 16143 18326 E SQLiteDatabase: at X.2tm.A08(Unknown
Source:6)
01-23 23:47:07.756 16143 18326 E SQLiteDatabase: at X.35Y.A07(Unknown
Source:212)
01-23 23:47:07.756 16143 18326 E SQLiteDatabase: at X.3QF.A14(Unknown
Source:470)
01-23 23:47:07.756 16143 18326 E SQLiteDatabase: at X.3gU.run(Unknown
Source:982)
01-23 23:47:07.756 16143 18326 E SQLiteDatabase: at
android.os.Handler.handleCallback(Handler.java:942)
01-23 23:47:07.756 16143 18326 E SQLiteDatabase: at
android.os.Handler.dispatchMessage(Handler.java:99)
01-23 23:47:07.756 16143 18326 E SQLiteDatabase: at
X.0zq.dispatchMessage(Unknown Source:4)
01-23 23:47:07.756 16143 18326 E SQLiteDatabase: at
android.os.Looper.loopOnce(Looper.java:204)
01-23 23:47:07.756 16143 18326 E SQLiteDatabase: at
android.os.Looper.loop(Looper.java:291)
01-23 23:47:07.756 16143 18326 E SQLiteDatabase: at
android.os.HandlerThread.run(HandlerThread.java:67)
01-23 23:47:07.769 16143 18326 E SQLiteDatabase: Error inserting transferred=0
media_job_uuid=29d42f04-dfea-4ab5-997c-a01bbb85e28a transcoded=0 gif_attribution=0
first_scan_length=0 direct_path=/v/t62.7161-
24/31246989_1557442331742776_6480232483968522751_n.enc?ccb=11-
4&oh=01_AdTbN9SgZZw1flTxMigVyDIK19jE1mUf0kWaNA-qi5LSVQ&oe=65D762BE&_nc_sid=5e03e0
thumbnail_height_width_ratio=1.7777778 is_animated_sticker=0
file_hash=aGrWqnnqqadgM5wt57ujiiUaHJRPTtJ1awKwZuOoF68= file_path=null file_size=0
partial_media_hash=null face_x=0 face_y=0 height=1024 trim_to=0
media_key_timestamp=1706022404000 message_url=https://mmg.whatsapp.net/v/t62.7161-
24/31246989_1557442331742776_6480232483968522751_n.enc?ccb=11-
4&oh=01_AdTbN9SgZZw1flTxMigVyDIK19jE1mUf0kWaNA-
qi5LSVQ&oe=65D762BE&_nc_sid=5e03e0&mms3=true media_caption=null trim_from=0
mime_type=video/mp4 partial_media_enc_hash=null width=576 original_file_hash=null
has_streaming_sidecar=1 autotransfer_retry_enabled=0 media_upload_handle=null
message_row_id=2289 multicast_id=null
enc_file_hash=vFDMXwbJU1RjXycZLoIE/K8EtShGUuztsQ3BvoC4T18= mute_video=0
page_count=0 first_scan_sidecar=null suspicious_content=0 file_length=5242159
media_name=null media_duration=15 chat_row_id=3 media_key=[B@91f7162
01-23 23:47:07.769 16143 18326 E SQLiteDatabase:
android.database.sqlite.SQLiteConstraintException: UNIQUE constraint failed:
message_media.message_row_id (code 1555 SQLITE_CONSTRAINT_PRIMARYKEY)
01-23 23:47:07.769 16143 18326 E SQLiteDatabase: at
android.database.sqlite.SQLiteConnection.nativeExecuteForLastInsertedRowId(Native
Method)
01-23 23:47:07.769 16143 18326 E SQLiteDatabase: at
android.database.sqlite.SQLiteConnection.executeForLastInsertedRowId(SQLiteConnecti
on.java:961)
01-23 23:47:07.769 16143 18326 E SQLiteDatabase: at
android.database.sqlite.SQLiteSession.executeForLastInsertedRowId(SQLiteSession.jav
a:790)
01-23 23:47:07.769 16143 18326 E SQLiteDatabase: at
android.database.sqlite.SQLiteStatement.executeInsert(SQLiteStatement.java:89)
01-23 23:47:07.769 16143 18326 E SQLiteDatabase: at
android.database.sqlite.SQLiteDatabase.insertWithOnConflict(SQLiteDatabase.java:187
4)
01-23 23:47:07.769 16143 18326 E SQLiteDatabase: at
android.database.sqlite.SQLiteDatabase.insert(SQLiteDatabase.java:1743)
01-23 23:47:07.769 16143 18326 E SQLiteDatabase: at X.2tm.A08(Unknown
Source:6)
01-23 23:47:07.769 16143 18326 E SQLiteDatabase: at X.35Y.A07(Unknown
Source:212)
01-23 23:47:07.769 16143 18326 E SQLiteDatabase: at X.3QF.A14(Unknown
Source:470)
01-23 23:47:07.769 16143 18326 E SQLiteDatabase: at X.3gU.run(Unknown
Source:982)
01-23 23:47:07.769 16143 18326 E SQLiteDatabase: at
android.os.Handler.handleCallback(Handler.java:942)
01-23 23:47:07.769 16143 18326 E SQLiteDatabase: at
android.os.Handler.dispatchMessage(Handler.java:99)
01-23 23:47:07.769 16143 18326 E SQLiteDatabase: at
X.0zq.dispatchMessage(Unknown Source:4)
01-23 23:47:07.769 16143 18326 E SQLiteDatabase: at
android.os.Looper.loopOnce(Looper.java:204)
01-23 23:47:07.769 16143 18326 E SQLiteDatabase: at
android.os.Looper.loop(Looper.java:291)
01-23 23:47:07.769 16143 18326 E SQLiteDatabase: at
android.os.HandlerThread.run(HandlerThread.java:67)
01-24 00:25:55.313 16143 18283 W com.mbwhatsapp: Reducing the number of considered
missed Gc histogram windows from 216 to 100
01-24 00:31:04.384 16143 16143 W libc : Access denied finding property
"vendor.transsion.scroll_adjust.support"
01-24 00:31:04.384 16143 16143 W libc : Access denied finding property
"vendor.transsion.scroll_adjust.support"
01-24 00:31:04.386 16143 16143 W libc : Access denied finding property
"vendor.transsion.scroll_adjust.support"
01-24 00:31:04.386 16143 16143 W libc : Access denied finding property
"vendor.transsion.scroll_adjust.support"
01-24 00:31:04.545 16143 16143 E ArmVmp : Match on catch block at 0x0a in for
0x729acb8031
01-24 00:31:04.567 16143 16143 E ArmVmp : Match on catch block at 0x0a in for
0x729acb804d
01-24 00:31:04.611 16143 16143 W Activity: Can request only one set of permissions
at a time
01-24 00:31:04.752 16143 16143 W libc : Access denied finding property
"vendor.transsion.scroll_adjust.support"
01-24 00:31:04.752 16143 16143 W libc : Access denied finding property
"vendor.transsion.scroll_adjust.support"
01-24 00:31:04.757 16143 16143 W libc : Access denied finding property
"vendor.transsion.scroll_adjust.support"
01-24 00:31:04.757 16143 16143 W libc : Access denied finding property
"vendor.transsion.scroll_adjust.support"
01-24 00:31:04.768 16143 16143 W libc : Access denied finding property
"vendor.transsion.scroll_adjust.support"
01-24 00:31:04.769 16143 16143 W libc : Access denied finding property
"vendor.transsion.scroll_adjust.support"
01-24 00:31:05.173 16143 16143 E RecyclerView: No adapter attached; skipping layout
01-24 00:31:05.212 16143 18341 W Parcel : Expecting binder but got null!
01-24 00:31:05.219 16143 16143 E ArmVmp : Match on catch block at 0x0a in for
0x729acb8035
01-24 00:31:05.250 16143 16143 E RecyclerView: No adapter attached; skipping layout
01-24 00:31:05.353 16143 16143 W libc : Access denied finding property
"vendor.transsion.scroll_adjust.support"
01-24 00:31:05.353 16143 16143 W libc : Access denied finding property
"vendor.transsion.scroll_adjust.support"
01-24 00:31:05.490 16143 16143 W libc : Access denied finding property
"vendor.transsion.scroll_adjust.support"
01-24 00:31:05.490 16143 16143 W libc : Access denied finding property
"vendor.transsion.scroll_adjust.support"
01-24 00:31:05.605 16143 16143 W libc : Access denied finding property
"vendor.transsion.scroll_adjust.support"
01-24 00:31:05.606 16143 16143 W libc : Access denied finding property
"vendor.transsion.scroll_adjust.support"
01-24 00:31:05.899 16143 16143 W libc : Access denied finding property
"vendor.transsion.scroll_adjust.support"
01-24 00:31:05.899 16143 16143 W libc : Access denied finding property
"vendor.transsion.scroll_adjust.support"
01-24 00:31:06.621 16143 25841 W com.mbwhatsapp: Accessing hidden method
Lcom/android/org/conscrypt/ConscryptEngineSocket;->setUseSessionTickets(Z)V (max-
target-q,core-platform-api, reflection, denied)
01-24 00:31:06.621 16143 25841 W com.mbwhatsapp: Accessing hidden method
Lcom/android/org/conscrypt/OpenSSLSocketImpl;->setUseSessionTickets(Z)V (max-
target-q,core-platform-api, reflection, denied)
01-24 00:31:06.621 16143 25841 W com.mbwhatsapp: Accessing hidden method
Lcom/android/org/conscrypt/AbstractConscryptSocket;->setUseSessionTickets(Z)V (max-
target-q, reflection, denied)
01-24 00:31:06.621 16143 25841 W com.mbwhatsapp: Accessing hidden method
Lcom/android/org/conscrypt/ConscryptEngineSocket;->setHostname(Ljava/lang/String;)V
(max-target-q,core-platform-api, reflection, denied)
01-24 00:31:06.621 16143 25841 W com.mbwhatsapp: Accessing hidden method
Lcom/android/org/conscrypt/OpenSSLSocketImpl;->setHostname(Ljava/lang/String;)V
(max-target-q,core-platform-api, reflection, denied)
01-24 00:31:06.621 16143 25841 W com.mbwhatsapp: Accessing hidden method
Lcom/android/org/conscrypt/AbstractConscryptSocket;->setHostname(Ljava/lang/
String;)V (max-target-q, reflection, denied)
01-24 00:31:06.621 16143 25841 W com.mbwhatsapp: Accessing hidden method
Lcom/android/org/conscrypt/OpenSSLSocketImpl;->setAlpnProtocols([B)V (max-target-
q,core-platform-api, reflection, denied)
01-24 00:31:06.621 16143 25841 W com.mbwhatsapp: Accessing hidden method
Lcom/android/org/conscrypt/AbstractConscryptSocket;->setAlpnProtocols([B)V (max-
target-q, reflection, denied)
01-24 00:31:06.863 16143 18283 W com.mbwhatsapp: Cleared Reference was only
reachable from finalizer (only reported once)
01-24 00:31:08.538 16143 25841 W com.mbwhatsapp: Accessing hidden method
Lcom/android/org/conscrypt/OpenSSLSocketImpl;->getAlpnSelectedProtocol()[B (max-
target-q,core-platform-api, reflection, denied)
01-24 00:31:08.538 16143 25841 W com.mbwhatsapp: Accessing hidden method
Lcom/android/org/conscrypt/AbstractConscryptSocket;->getAlpnSelectedProtocol()[B
(max-target-q, reflection, denied)
01-24 01:03:29.415 16143 18586 W chromium:
[0124/010329.415682:WARNING:dns_config_service_android.cc(81)] Failed to read
DnsConfig.
01-24 01:46:47.358 16143 18283 W com.mbwhatsapp: Reducing the number of considered
missed Gc histogram windows from 234 to 100
01-24 02:10:03.188 16143 18283 W com.mbwhatsapp: Reducing the number of considered
missed Gc histogram windows from 140 to 100
01-24 02:10:03.193 16143 18285 W System : A resource failed to call end.
01-24 02:10:03.193 16143 18285 W System : A resource failed to call end.
01-24 02:10:03.193 16143 18285 W System : A resource failed to call end.
01-24 02:10:03.193 16143 18285 W System : A resource failed to call end.
01-24 02:10:04.414 16143 18285 W System : A resource failed to call end.
01-24 02:33:31.835 16143 18283 W com.mbwhatsapp: Reducing the number of considered
missed Gc histogram windows from 141 to 100
01-24 02:33:31.836 16143 18285 W System : A resource failed to call close.
01-24 02:33:31.836 16143 18285 W System : A resource failed to call close.
01-24 02:33:31.836 16143 18285 W System : A resource failed to call close.
01-24 02:33:31.836 16143 18285 W System : A resource failed to call close.
01-24 02:33:31.836 16143 18285 W System : A resource failed to call close.
01-24 02:33:31.836 16143 18285 W System : A resource failed to call close.
01-24 02:33:31.836 16143 18285 W System : A resource failed to call close.
01-24 02:33:31.836 16143 18285 W System : A resource failed to call close.
01-24 02:33:31.836 16143 18285 W System : A resource failed to call close.
01-24 02:33:31.836 16143 18285 W System : A resource failed to call close.
01-24 02:33:31.836 16143 18285 W System : A resource failed to call close.
01-24 02:33:31.836 16143 18285 W System : A resource failed to call close.
01-24 02:33:31.836 16143 18285 W System : A resource failed to call close.
01-24 02:33:31.836 16143 18285 W System : A resource failed to call close.
01-24 02:33:31.836 16143 18285 W System : A resource failed to call close.
01-24 02:33:31.836 16143 18285 W System : A resource failed to call close.
01-24 02:33:31.836 16143 18285 W System : A resource failed to call close.
01-24 02:33:31.836 16143 18285 W System : A resource failed to call close.
01-24 02:33:31.836 16143 18285 W System : A resource failed to call close.
01-24 02:33:31.836 16143 18285 W System : A resource failed to call close.
01-24 02:33:31.836 16143 18285 W System : A resource failed to call close.
01-24 02:33:31.836 16143 18285 W System : A resource failed to call close.
01-24 02:33:31.836 16143 18285 W System : A resource failed to call close.
01-24 02:33:31.836 16143 18285 W System : A resource failed to call close.
01-24 02:33:31.837 16143 18285 W System : A resource failed to call close.
01-24 02:33:31.837 16143 18285 W System : A resource failed to call close.
01-24 02:33:31.837 16143 18285 W System : A resource failed to call close.
01-24 02:33:31.837 16143 18285 W System : A resource failed to call close.
01-24 02:33:31.837 16143 18285 W System : A resource failed to call close.
01-24 02:33:31.837 16143 18285 W System : A resource failed to call close.
01-24 02:33:31.837 16143 18285 W System : A resource failed to call close.
01-24 02:33:31.837 16143 18285 W System : A resource failed to call close.
01-24 02:33:31.837 16143 18285 W System : A resource failed to call close.
01-24 02:33:31.837 16143 18285 W System : A resource failed to call close.
01-24 02:33:31.837 16143 18285 W System : A resource failed to call close.
01-24 02:33:31.837 16143 18285 W System : A resource failed to call close.
01-24 02:33:31.837 16143 18285 W System : A resource failed to call close.
01-24 02:33:31.837 16143 18285 W System : A resource failed to call close.
01-24 02:33:31.837 16143 18285 W System : A resource failed to call close.
01-24 02:33:31.837 16143 18285 W System : A resource failed to call close.
01-24 02:33:31.837 16143 18285 W System : A resource failed to call close.
01-24 02:33:31.837 16143 18285 W System : A resource failed to call close.
01-24 02:33:31.837 16143 18285 W System : A resource failed to call close.
01-24 02:33:31.837 16143 18285 W System : A resource failed to call close.
01-24 02:33:31.837 16143 18285 W System : A resource failed to call close.
01-24 02:33:31.837 16143 18285 W System : A resource failed to call close.
01-24 02:33:31.837 16143 18285 W System : A resource failed to call close.
01-24 02:33:31.837 16143 18285 W System : A resource failed to call close.
01-24 02:33:31.837 16143 18285 W System : A resource failed to call close.
01-24 02:33:31.837 16143 18285 W System : A resource failed to call close.
01-24 02:33:31.837 16143 18285 W System : A resource failed to call close.
01-24 02:33:31.837 16143 18285 W System : A resource failed to call close.
01-24 02:33:31.837 16143 18285 W System : A resource failed to call close.
01-24 02:33:31.837 16143 18285 W System : A resource failed to call close.
01-24 02:33:31.837 16143 18285 W System : A resource failed to call close.
01-24 02:33:31.837 16143 18285 W System : A resource failed to call close.
01-24 02:33:31.837 16143 18285 W System : A resource failed to call close.
01-24 02:33:31.837 16143 18285 W System : A resource failed to call close.
01-24 02:33:31.837 16143 18285 W System : A resource failed to call close.
01-24 02:33:31.837 16143 18285 W System : A resource failed to call close.
01-24 02:33:31.837 16143 18285 W System : A resource failed to call close.
01-24 02:33:31.837 16143 18285 W System : A resource failed to call close.
01-24 02:33:31.837 16143 18285 W System : A resource failed to call close.
01-24 02:33:31.837 16143 18285 W System : A resource failed to call close.
01-24 02:33:31.837 16143 18285 W System : A resource failed to call close.
01-24 02:33:31.837 16143 18285 W System : A resource failed to call close.
01-24 02:33:31.838 16143 18285 W System : A resource failed to call close.
01-24 02:33:31.838 16143 18285 W System : A resource failed to call close.
01-24 02:33:31.838 16143 18285 W System : A resource failed to call close.
01-24 02:33:31.838 16143 18285 W System : A resource failed to call close.
01-24 02:33:31.838 16143 18285 W System : A resource failed to call close.
01-24 02:33:31.838 16143 18285 W System : A resource failed to call close.
01-24 02:33:31.838 16143 18285 W System : A resource failed to call close.
01-24 02:33:31.838 16143 18285 W System : A resource failed to call close.
01-24 02:33:31.838 16143 18285 W System : A resource failed to call close.
01-24 02:33:31.838 16143 18285 W System : A resource failed to call close.
01-24 02:33:31.838 16143 18285 W System : A resource failed to call close.
01-24 02:33:31.838 16143 18285 W System : A resource failed to call close.
01-24 02:33:31.838 16143 18285 W System : A resource failed to call close.
01-24 02:33:31.838 16143 18285 W System : A resource failed to call close.
01-24 02:33:31.838 16143 18285 W System : A resource failed to call close.
01-24 02:33:31.838 16143 18285 W System : A resource failed to call close.
01-24 02:33:31.838 16143 18285 W System : A resource failed to call close.
01-24 02:33:31.838 16143 18285 W System : A resource failed to call close.
01-24 02:33:31.838 16143 18285 W System : A resource failed to call close.
01-24 02:33:31.838 16143 18285 W System : A resource failed to call close.
01-24 02:33:31.838 16143 18285 W System : A resource failed to call close.
01-24 02:33:31.838 16143 18285 W System : A resource failed to call close.
01-24 02:33:31.838 16143 18285 W System : A resource failed to call close.
01-24 02:33:31.838 16143 18285 W System : A resource failed to call close.
01-24 02:33:31.838 16143 18285 W System : A resource failed to call close.
01-24 02:33:31.838 16143 18285 W System : A resource failed to call close.
01-24 02:33:31.838 16143 18285 W System : A resource failed to call close.
01-24 02:33:31.838 16143 18285 W System : A resource failed to call close.
01-24 02:33:31.838 16143 18285 W System : A resource failed to call close.
01-24 02:33:31.838 16143 18285 W System : A resource failed to call close.
01-24 02:33:31.838 16143 18285 W System : A resource failed to call close.
01-24 02:33:31.838 16143 18285 W System : A resource failed to call close.
01-24 02:33:31.839 16143 18285 W System : A resource failed to call close.
01-24 02:33:31.839 16143 18285 W System : A resource failed to call close.
01-24 02:33:31.839 16143 18285 W System : A resource failed to call close.
01-24 02:33:31.839 16143 18285 W System : A resource failed to call close.
01-24 02:33:31.840 16143 18285 W System : A resource failed to call close.
01-24 02:33:31.840 16143 18285 W System : A resource failed to call close.
01-24 02:33:31.840 16143 18285 W System : A resource failed to call close.
01-24 02:33:31.840 16143 18285 W System : A resource failed to call close.
01-24 02:33:31.840 16143 18285 W System : A resource failed to call close.
01-24 02:33:31.840 16143 18285 W System : A resource failed to call close.
01-24 02:33:31.840 16143 18285 W System : A resource failed to call close.
01-24 02:33:31.840 16143 18285 W System : A resource failed to call close.
01-24 02:33:31.840 16143 18285 W System : A resource failed to call close.
01-24 02:33:31.840 16143 18285 W System : A resource failed to call close.
01-24 02:33:31.840 16143 18285 W System : A resource failed to call close.
01-24 02:33:31.841 16143 18285 W System : A resource failed to call close.
01-24 02:33:31.841 16143 18285 W System : A resource failed to call close.
01-24 02:33:31.841 16143 18285 W System : A resource failed to call close.
01-24 02:33:31.841 16143 18285 W System : A resource failed to call close.
01-24 02:33:31.841 16143 18285 W System : A resource failed to call close.
01-24 02:33:31.841 16143 18285 W System : A resource failed to call close.
01-24 02:33:31.841 16143 18285 W System : A resource failed to call close.
01-24 02:33:31.841 16143 18285 W System : A resource failed to call close.
01-24 02:33:31.841 16143 18285 W System : A resource failed to call close.
01-24 02:33:31.842 16143 18285 W System : A resource failed to call close.
01-24 02:33:31.842 16143 18285 W System : A resource failed to call close.
01-24 02:33:31.842 16143 18285 W System : A resource failed to call close.
01-24 02:33:31.842 16143 18285 W System : A resource failed to call close.
01-24 02:33:31.842 16143 18285 W System : A resource failed to call close.
01-24 02:33:31.842 16143 18285 W System : A resource failed to call close.
01-24 02:33:31.842 16143 18285 W System : A resource failed to call close.
01-24 02:33:31.842 16143 18285 W System : A resource failed to call close.
01-24 02:33:31.842 16143 18285 W System : A resource failed to call close.
01-24 02:33:31.843 16143 18285 W System : A resource failed to call close.
01-24 02:33:31.843 16143 18285 W System : A resource failed to call close.
01-24 02:33:31.843 16143 18285 W System : A resource failed to call close.
01-24 02:33:31.843 16143 18285 W System : A resource failed to call close.
01-24 02:33:31.843 16143 18285 W System : A resource failed to call close.
01-24 02:33:31.843 16143 18285 W System : A resource failed to call close.
01-24 02:33:31.843 16143 18285 W System : A resource failed to call close.
01-24 02:33:31.843 16143 18285 W System : A resource failed to call close.
01-24 02:33:31.843 16143 18285 W System : A resource failed to call close.
01-24 02:33:31.843 16143 18285 W System : A resource failed to call close.
01-24 02:33:31.844 16143 18285 W System : A resource failed to call close.
01-24 02:33:31.844 16143 18285 W System : A resource failed to call close.
01-24 02:33:31.844 16143 18285 W System : A resource failed to call close.
01-24 02:33:31.844 16143 18285 W System : A resource failed to call close.
01-24 02:33:31.844 16143 18285 W System : A resource failed to call close.
01-24 02:33:31.844 16143 18285 W System : A resource failed to call close.
01-24 02:33:31.844 16143 18285 W System : A resource failed to call close.
01-24 02:33:31.844 16143 18285 W System : A resource failed to call close.
01-24 02:33:31.844 16143 18285 W System : A resource failed to call close.
01-24 02:33:31.845 16143 18285 W System : A resource failed to call close.
01-24 02:33:31.845 16143 18285 W System : A resource failed to call close.
01-24 02:33:31.845 16143 18285 W System : A resource failed to call close.
01-24 02:33:31.845 16143 18285 W System : A resource failed to call close.
01-24 02:33:31.845 16143 18285 W System : A resource failed to call close.
01-24 02:33:31.845 16143 18285 W System : A resource failed to call close.
01-24 02:33:31.845 16143 18285 W System : A resource failed to call close.
01-24 02:33:31.845 16143 18285 W System : A resource failed to call close.
01-24 02:33:31.845 16143 18285 W System : A resource failed to call close.
01-24 02:33:31.846 16143 18285 W System : A resource failed to call close.
01-24 02:33:31.846 16143 18285 W System : A resource failed to call close.
01-24 02:33:31.846 16143 18285 W System : A resource failed to call close.
01-24 02:33:31.846 16143 18285 W System : A resource failed to call close.
01-24 02:33:31.846 16143 18285 W System : A resource failed to call close.
01-24 02:33:31.846 16143 18285 W System : A resource failed to call close.
01-24 02:33:31.846 16143 18285 W System : A resource failed to call close.
01-24 02:33:31.846 16143 18285 W System : A resource failed to call close.
01-24 02:33:31.847 16143 18285 W System : A resource failed to call close.
01-24 02:33:31.847 16143 18285 W System : A resource failed to call close.
01-24 02:33:31.847 16143 18285 W System : A resource failed to call close.
01-24 02:33:31.847 16143 18285 W System : A resource failed to call close.
01-24 02:33:31.847 16143 18285 W System : A resource failed to call close.
01-24 02:33:31.847 16143 18285 W System : A resource failed to call close.
01-24 02:33:31.847 16143 18285 W System : A resource failed to call close.
01-24 02:33:31.847 16143 18285 W System : A resource failed to call close.
01-24 02:33:31.847 16143 18285 W System : A resource failed to call close.
01-24 02:33:31.847 16143 18285 W System : A resource failed to call close.
01-24 02:33:31.848 16143 18285 W System : A resource failed to call close.
01-24 02:33:31.848 16143 18285 W System : A resource failed to call close.
01-24 02:33:31.848 16143 18285 W System : A resource failed to call close.
01-24 02:33:31.848 16143 18285 W System : A resource failed to call close.
01-24 02:33:31.848 16143 18285 W System : A resource failed to call close.
01-24 02:33:31.848 16143 18285 W System : A resource failed to call close.
01-24 02:33:31.848 16143 18285 W System : A resource failed to call close.
01-24 02:33:31.848 16143 18285 W System : A resource failed to call close.
01-24 02:33:31.849 16143 18285 W System : A resource failed to call end.
01-24 03:13:41.298 16143 18283 W com.mbwhatsapp: Reducing the number of considered
missed Gc histogram windows from 236 to 100
01-24 03:13:41.300 16143 18285 W System : A resource failed to call close.
01-24 03:13:41.301 16143 18285 W System : A resource failed to call close.
01-24 03:13:41.301 16143 18285 W System : A resource failed to call close.
01-24 03:13:41.301 16143 18285 W System : A resource failed to call close.
01-24 03:13:41.301 16143 18285 W System : A resource failed to call close.
01-24 03:13:41.301 16143 18285 W System : A resource failed to call close.
01-24 03:13:41.301 16143 18285 W System : A resource failed to call close.
01-24 03:13:41.302 16143 18285 W System : A resource failed to call close.
01-24 03:13:41.302 16143 18285 W System : A resource failed to call close.
01-24 03:13:41.302 16143 18285 W System : A resource failed to call close.
01-24 03:13:41.302 16143 18285 W System : A resource failed to call close.
01-24 03:13:41.302 16143 18285 W System : A resource failed to call close.
01-24 03:13:41.302 16143 18285 W System : A resource failed to call close.
01-24 03:13:41.302 16143 18285 W System : A resource failed to call close.
01-24 03:13:41.302 16143 18285 W System : A resource failed to call close.
01-24 03:13:41.302 16143 18285 W System : A resource failed to call close.
01-24 03:13:41.302 16143 18285 W System : A resource failed to call close.
01-24 03:13:41.303 16143 18285 W System : A resource failed to call close.
01-24 03:13:41.303 16143 18285 W System : A resource failed to call close.
01-24 03:13:41.303 16143 18285 W System : A resource failed to call close.
01-24 03:13:41.303 16143 18285 W System : A resource failed to call close.
01-24 03:13:41.303 16143 18285 W System : A resource failed to call close.
01-24 03:13:41.303 16143 18285 W System : A resource failed to call close.
01-24 03:13:41.303 16143 18285 W System : A resource failed to call close.
01-24 03:13:41.303 16143 18285 W System : A resource failed to call close.
01-24 03:13:41.303 16143 18285 W System : A resource failed to call close.
01-24 03:13:41.304 16143 18285 W System : A resource failed to call close.
01-24 03:13:41.304 16143 18285 W System : A resource failed to call close.
01-24 03:13:41.304 16143 18285 W System : A resource failed to call close.
01-24 03:13:41.304 16143 18285 W System : A resource failed to call close.
01-24 03:13:41.304 16143 18285 W System : A resource failed to call close.
01-24 03:13:41.304 16143 18285 W System : A resource failed to call close.
01-24 03:13:41.304 16143 18285 W System : A resource failed to call close.
01-24 03:13:41.304 16143 18285 W System : A resource failed to call close.
01-24 03:13:41.304 16143 18285 W System : A resource failed to call close.
01-24 03:13:41.305 16143 18285 W System : A resource failed to call close.
01-24 03:13:41.305 16143 18285 W System : A resource failed to call close.
01-24 03:13:41.305 16143 18285 W System : A resource failed to call close.
01-24 03:13:41.305 16143 18285 W System : A resource failed to call close.
01-24 03:13:41.305 16143 18285 W System : A resource failed to call close.
01-24 03:13:41.305 16143 18285 W System : A resource failed to call close.
01-24 03:13:41.305 16143 18285 W System : A resource failed to call close.
01-24 03:13:41.305 16143 18285 W System : A resource failed to call close.
01-24 03:13:41.305 16143 18285 W System : A resource failed to call close.
01-24 03:13:41.306 16143 18285 W System : A resource failed to call close.
01-24 03:13:41.306 16143 18285 W System : A resource failed to call close.
01-24 03:13:41.306 16143 18285 W System : A resource failed to call close.
01-24 03:13:41.306 16143 18285 W System : A resource failed to call close.
01-24 03:13:41.306 16143 18285 W System : A resource failed to call close.
01-24 03:13:41.306 16143 18285 W System : A resource failed to call close.
01-24 03:13:41.306 16143 18285 W System : A resource failed to call close.
01-24 03:13:41.306 16143 18285 W System : A resource failed to call close.
01-24 03:13:41.306 16143 18285 W System : A resource failed to call close.
01-24 03:13:41.307 16143 18285 W System : A resource failed to call close.
01-24 03:13:41.307 16143 18285 W System : A resource failed to call close.
01-24 03:13:41.307 16143 18285 W System : A resource failed to call close.
01-24 03:13:41.307 16143 18285 W System : A resource failed to call close.
01-24 03:13:41.307 16143 18285 W System : A resource failed to call close.
01-24 03:13:41.307 16143 18285 W System : A resource failed to call close.
01-24 03:13:41.307 16143 18285 W System : A resource failed to call close.
01-24 03:13:41.307 16143 18285 W System : A resource failed to call close.
01-24 03:13:41.307 16143 18285 W System : A resource failed to call close.
01-24 03:13:41.308 16143 18285 W System : A resource failed to call close.
01-24 03:13:41.308 16143 18285 W System : A resource failed to call close.
01-24 03:13:41.308 16143 18285 W System : A resource failed to call close.
01-24 03:13:41.308 16143 18285 W System : A resource failed to call close.
01-24 03:13:41.308 16143 18285 W System : A resource failed to call close.
01-24 03:13:41.308 16143 18285 W System : A resource failed to call close.
01-24 03:13:41.308 16143 18285 W System : A resource failed to call close.
01-24 03:13:41.308 16143 18285 W System : A resource failed to call close.
01-24 03:13:41.308 16143 18285 W System : A resource failed to call close.
01-24 03:13:41.309 16143 18285 W System : A resource failed to call close.
01-24 03:13:41.309 16143 18285 W System : A resource failed to call close.
01-24 03:13:41.309 16143 18285 W System : A resource failed to call close.
01-24 03:13:41.309 16143 18285 W System : A resource failed to call close.
01-24 03:13:41.309 16143 18285 W System : A resource failed to call close.
01-24 03:13:41.309 16143 18285 W System : A resource failed to call close.
01-24 03:13:41.309 16143 18285 W System : A resource failed to call close.
01-24 03:13:41.309 16143 18285 W System : A resource failed to call close.
01-24 03:13:41.309 16143 18285 W System : A resource failed to call close.
01-24 03:13:41.310 16143 18285 W System : A resource failed to call close.
01-24 03:13:41.310 16143 18285 W System : A resource failed to call close.
01-24 03:13:41.310 16143 18285 W System : A resource failed to call close.
01-24 03:13:41.310 16143 18285 W System : A resource failed to call close.
01-24 03:13:41.310 16143 18285 W System : A resource failed to call close.
01-24 03:13:41.310 16143 18285 W System : A resource failed to call close.
01-24 03:13:41.310 16143 18285 W System : A resource failed to call close.
01-24 03:13:41.310 16143 18285 W System : A resource failed to call close.
01-24 03:13:41.310 16143 18285 W System : A resource failed to call close.
01-24 03:13:41.311 16143 18285 W System : A resource failed to call close.
01-24 03:13:41.311 16143 18285 W System : A resource failed to call close.
01-24 03:13:41.311 16143 18285 W System : A resource failed to call close.
01-24 03:13:41.311 16143 18285 W System : A resource failed to call close.
01-24 03:13:41.311 16143 18285 W System : A resource failed to call close.
01-24 03:13:41.311 16143 18285 W System : A resource failed to call close.
01-24 03:13:41.311 16143 18285 W System : A resource failed to call close.
01-24 03:13:41.311 16143 18285 W System : A resource failed to call close.
01-24 03:13:41.311 16143 18285 W System : A resource failed to call close.
01-24 03:13:41.312 16143 18285 W System : A resource failed to call close.
01-24 03:13:41.312 16143 18285 W System : A resource failed to call close.
01-24 03:13:41.312 16143 18285 W System : A resource failed to call close.
01-24 03:13:41.312 16143 18285 W System : A resource failed to call close.
01-24 03:13:41.312 16143 18285 W System : A resource failed to call close.
01-24 03:13:41.312 16143 18285 W System : A resource failed to call close.
01-24 03:13:41.312 16143 18285 W System : A resource failed to call close.
01-24 03:13:41.312 16143 18285 W System : A resource failed to call close.
01-24 03:13:41.313 16143 18285 W System : A resource failed to call close.
01-24 03:13:41.313 16143 18285 W System : A resource failed to call close.
01-24 03:13:41.313 16143 18285 W System : A resource failed to call close.
01-24 03:13:41.313 16143 18285 W System : A resource failed to call close.
01-24 03:13:41.313 16143 18285 W System : A resource failed to call close.
01-24 03:13:41.313 16143 18285 W System : A resource failed to call close.
01-24 03:13:41.313 16143 18285 W System : A resource failed to call close.
01-24 03:13:41.313 16143 18285 W System : A resource failed to call close.
01-24 03:13:41.313 16143 18285 W System : A resource failed to call close.
01-24 03:13:41.314 16143 18285 W System : A resource failed to call close.
01-24 03:13:41.314 16143 18285 W System : A resource failed to call close.
01-24 03:13:41.314 16143 18285 W System : A resource failed to call close.
01-24 03:13:41.314 16143 18285 W System : A resource failed to call close.
01-24 03:13:41.314 16143 18285 W System : A resource failed to call close.
01-24 03:13:41.314 16143 18285 W System : A resource failed to call close.
01-24 03:13:41.314 16143 18285 W System : A resource failed to call close.
01-24 03:13:41.315 16143 18285 W System : A resource failed to call close.
01-24 03:13:41.315 16143 18285 W System : A resource failed to call close.
01-24 03:13:41.315 16143 18285 W System : A resource failed to call close.
01-24 03:13:41.315 16143 18285 W System : A resource failed to call close.
01-24 03:13:41.315 16143 18285 W System : A resource failed to call close.
01-24 03:13:41.315 16143 18285 W System : A resource failed to call close.
01-24 03:13:41.315 16143 18285 W System : A resource failed to call close.
01-24 03:13:41.315 16143 18285 W System : A resource failed to call close.
01-24 03:13:41.315 16143 18285 W System : A resource failed to call close.
01-24 03:13:41.316 16143 18285 W System : A resource failed to call close.
01-24 03:13:41.316 16143 18285 W System : A resource failed to call close.
01-24 03:13:41.316 16143 18285 W System : A resource failed to call close.
01-24 03:13:41.316 16143 18285 W System : A resource failed to call close.
01-24 03:13:41.316 16143 18285 W System : A resource failed to call close.
01-24 03:13:41.316 16143 18285 W System : A resource failed to call close.
01-24 03:13:41.316 16143 18285 W System : A resource failed to call close.
01-24 03:13:41.316 16143 18285 W System : A resource failed to call close.
01-24 03:13:41.316 16143 18285 W System : A resource failed to call close.
01-24 03:13:41.317 16143 18285 W System : A resource failed to call close.
01-24 03:13:41.317 16143 18285 W System : A resource failed to call close.
01-24 03:13:41.317 16143 18285 W System : A resource failed to call close.
01-24 03:13:41.317 16143 18285 W System : A resource failed to call close.
01-24 03:13:41.317 16143 18285 W System : A resource failed to call close.
01-24 03:13:41.317 16143 18285 W System : A resource failed to call close.
01-24 03:13:41.317 16143 18285 W System : A resource failed to call close.
01-24 03:13:41.317 16143 18285 W System : A resource failed to call close.
01-24 03:13:41.317 16143 18285 W System : A resource failed to call close.
01-24 03:13:41.317 16143 18285 W System : A resource failed to call close.
01-24 03:13:41.318 16143 18285 W System : A resource failed to call close.
01-24 03:13:41.318 16143 18285 W System : A resource failed to call close.
01-24 03:13:41.318 16143 18285 W System : A resource failed to call close.
01-24 03:13:41.318 16143 18285 W System : A resource failed to call close.
01-24 03:13:41.318 16143 18285 W System : A resource failed to call close.
01-24 03:13:41.318 16143 18285 W System : A resource failed to call close.
01-24 03:13:41.318 16143 18285 W System : A resource failed to call close.
01-24 03:13:41.318 16143 18285 W System : A resource failed to call close.
01-24 03:13:41.318 16143 18285 W System : A resource failed to call close.
01-24 03:13:41.319 16143 18285 W System : A resource failed to call close.
01-24 03:13:41.319 16143 18285 W System : A resource failed to call close.
01-24 03:13:41.319 16143 18285 W System : A resource failed to call close.
01-24 03:13:41.319 16143 18285 W System : A resource failed to call close.
01-24 03:13:41.319 16143 18285 W System : A resource failed to call close.
01-24 03:13:41.319 16143 18285 W System : A resource failed to call close.
01-24 03:13:41.319 16143 18285 W System : A resource failed to call close.
01-24 03:13:41.319 16143 18285 W System : A resource failed to call close.
01-24 03:13:41.319 16143 18285 W System : A resource failed to call close.
01-24 03:13:41.320 16143 18285 W System : A resource failed to call close.
01-24 03:13:41.320 16143 18285 W System : A resource failed to call close.
01-24 03:13:41.320 16143 18285 W System : A resource failed to call close.
01-24 03:13:41.320 16143 18285 W System : A resource failed to call close.
01-24 03:13:41.320 16143 18285 W System : A resource failed to call close.
01-24 03:13:41.320 16143 18285 W System : A resource failed to call close.
01-24 03:13:41.320 16143 18285 W System : A resource failed to call close.
01-24 03:13:41.320 16143 18285 W System : A resource failed to call close.
01-24 03:13:41.320 16143 18285 W System : A resource failed to call close.
01-24 03:13:41.321 16143 18285 W System : A resource failed to call close.
01-24 03:13:41.321 16143 18285 W System : A resource failed to call close.
01-24 03:13:41.321 16143 18285 W System : A resource failed to call close.
01-24 03:13:41.321 16143 18285 W System : A resource failed to call close.
01-24 03:13:41.321 16143 18285 W System : A resource failed to call close.
01-24 03:13:41.321 16143 18285 W System : A resource failed to call close.
01-24 03:13:41.321 16143 18285 W System : A resource failed to call close.
01-24 03:13:41.321 16143 18285 W System : A resource failed to call close.
01-24 03:13:41.322 16143 18285 W System : A resource failed to call close.
01-24 03:13:41.322 16143 18285 W System : A resource failed to call close.
01-24 03:13:41.322 16143 18285 W System : A resource failed to call close.
01-24 03:13:41.322 16143 18285 W System : A resource failed to call close.
01-24 03:13:41.322 16143 18285 W System : A resource failed to call close.
01-24 03:13:41.322 16143 18285 W System : A resource failed to call close.
01-24 03:13:41.322 16143 18285 W System : A resource failed to call close.
01-24 03:13:41.322 16143 18285 W System : A resource failed to call close.
01-24 03:13:41.322 16143 18285 W System : A resource failed to call close.
01-24 03:13:41.322 16143 18285 W System : A resource failed to call close.
01-24 03:13:41.323 16143 18285 W System : A resource failed to call close.
01-24 03:13:41.323 16143 18285 W System : A resource failed to call close.
01-24 03:13:41.323 16143 18285 W System : A resource failed to call close.
01-24 03:13:41.323 16143 18285 W System : A resource failed to call close.
01-24 03:13:41.323 16143 18285 W System : A resource failed to call close.
01-24 03:13:41.323 16143 18285 W System : A resource failed to call close.
01-24 03:13:41.323 16143 18285 W System : A resource failed to call close.
01-24 03:13:41.323 16143 18285 W System : A resource failed to call close.
01-24 03:13:41.323 16143 18285 W System : A resource failed to call close.
01-24 03:13:41.324 16143 18285 W System : A resource failed to call close.
01-24 03:13:41.324 16143 18285 W System : A resource failed to call close.
01-24 03:13:41.324 16143 18285 W System : A resource failed to call close.
01-24 03:13:41.324 16143 18285 W System : A resource failed to call close.
01-24 03:13:41.324 16143 18285 W System : A resource failed to call close.
01-24 03:13:41.324 16143 18285 W System : A resource failed to call close.
01-24 03:13:41.324 16143 18285 W System : A resource failed to call close.
01-24 03:13:41.325 16143 18285 W System : A resource failed to call close.
01-24 03:13:41.325 16143 18285 W System : A resource failed to call close.
01-24 03:13:41.325 16143 18285 W System : A resource failed to call close.
01-24 03:13:41.325 16143 18285 W System : A resource failed to call close.
01-24 03:13:41.325 16143 18285 W System : A resource failed to call close.
01-24 03:13:41.325 16143 18285 W System : A resource failed to call close.
01-24 03:13:41.325 16143 18285 W System : A resource failed to call close.
01-24 03:13:41.325 16143 18285 W System : A resource failed to call close.
01-24 03:13:41.325 16143 18285 W System : A resource failed to call close.
01-24 03:13:41.325 16143 18285 W System : A resource failed to call close.
01-24 03:13:41.326 16143 18285 W System : A resource failed to call close.
01-24 03:13:41.326 16143 18285 W System : A resource failed to call close.
01-24 03:13:41.326 16143 18285 W System : A resource failed to call close.
01-24 03:13:41.326 16143 18285 W System : A resource failed to call close.
01-24 03:13:41.326 16143 18285 W System : A resource failed to call close.
01-24 03:13:41.326 16143 18285 W System : A resource failed to call close.
01-24 03:13:41.326 16143 18285 W System : A resource failed to call close.
01-24 03:13:41.326 16143 18285 W System : A resource failed to call close.
01-24 03:13:41.326 16143 18285 W System : A resource failed to call close.
01-24 03:13:41.327 16143 18285 W System : A resource failed to call close.
01-24 03:13:41.327 16143 18285 W System : A resource failed to call close.
01-24 03:13:41.327 16143 18285 W System : A resource failed to call close.
01-24 03:13:41.327 16143 18285 W System : A resource failed to call close.
01-24 03:13:41.327 16143 18285 W System : A resource failed to call close.
01-24 03:13:41.327 16143 18285 W System : A resource failed to call close.
01-24 03:13:41.327 16143 18285 W System : A resource failed to call close.
01-24 03:13:41.327 16143 18285 W System : A resource failed to call close.
01-24 03:13:41.327 16143 18285 W System : A resource failed to call close.
01-24 03:13:41.328 16143 18285 W System : A resource failed to call close.
01-24 03:13:41.328 16143 18285 W System : A resource failed to call close.
01-24 03:13:41.328 16143 18285 W System : A resource failed to call close.
01-24 03:13:41.328 16143 18285 W System : A resource failed to call close.
01-24 03:13:41.328 16143 18285 W System : A resource failed to call close.
01-24 03:13:41.328 16143 18285 W System : A resource failed to call close.
01-24 03:13:41.328 16143 18285 W System : A resource failed to call close.
01-24 03:13:41.328 16143 18285 W System : A resource failed to call close.
01-24 03:13:41.328 16143 18285 W System : A resource failed to call close.
01-24 03:13:41.329 16143 18285 W System : A resource failed to call close.
01-24 03:13:41.329 16143 18285 W System : A resource failed to call close.
