03-11 09:04:50.991 19701 19701 D Drawable: getShouldDeclineWhiteColor false
03-11 09:04:50.996 19701 19728 E gralloc4: Empty SMPTE 2094-40 data
03-11 09:04:51.015 19701 19908 W CAM_A : PORTRAIT > rel Δ(result sensor
timestamp) = 0,67 > 0,25
03-11 09:04:51.025 19701 19701 D Drawable: getShouldDeclineWhiteColor false
03-11 09:04:51.030 19701 19728 E gralloc4: Empty SMPTE 2094-40 data
03-11 09:04:51.115 19701 19908 W CAM_A : PORTRAIT > abs Δ(result sensor
timestamp) = 100,68 ms > 70,00 ms
03-11 09:04:51.115 19701 19908 W CAM_A : PORTRAIT > rel Δ(result sensor
timestamp) = 2,00 > 0,25
03-11 09:04:51.115 19701 19908 W CAM_A : PORTRAIT > result sensor delay = 3,02 >
1,10
03-11 09:04:51.125 19701 19701 D Drawable: getShouldDeclineWhiteColor false
03-11 09:04:51.130 19701 19728 E gralloc4: Empty SMPTE 2094-40 data
03-11 09:04:51.146 19701 19908 W CAM_A : PORTRAIT > rel Δ(result sensor
timestamp) = 0,67 > 0,25
03-11 09:04:51.158 19701 19701 D Drawable: getShouldDeclineWhiteColor false
03-11 09:04:51.160 19701 19728 E gralloc4: Empty SMPTE 2094-40 data
03-11 09:04:51.249 19701 19908 W CAM_A : PORTRAIT > abs Δ(result sensor
timestamp) = 100,68 ms > 70,00 ms
03-11 09:04:51.249 19701 19908 W CAM_A : PORTRAIT > rel Δ(result sensor
timestamp) = 2,00 > 0,25
03-11 09:04:51.250 19701 19908 W CAM_A : PORTRAIT > result sensor delay = 3,02 >
1,10
03-11 09:04:51.258 19701 19701 D Drawable: getShouldDeclineWhiteColor false
03-11 09:04:51.261 19701 19728 E gralloc4: Empty SMPTE 2094-40 data
03-11 09:04:51.288 19701 19908 W CAM_A : PORTRAIT > rel Δ(result sensor
timestamp) = 0,67 > 0,25
03-11 09:04:51.292 19701 19701 D Drawable: getShouldDeclineWhiteColor false
03-11 09:04:51.295 19701 19728 E gralloc4: Empty SMPTE 2094-40 data
03-11 09:04:51.387 19701 19908 W CAM_A : PORTRAIT > abs Δ(result sensor
timestamp) = 100,68 ms > 70,00 ms
03-11 09:04:51.387 19701 19908 W CAM_A : PORTRAIT > rel Δ(result sensor
timestamp) = 2,00 > 0,25
03-11 09:04:51.387 19701 19908 W CAM_A : PORTRAIT > result sensor delay = 3,02 >
1,10
03-11 09:04:51.390 19701 19727 W gralloc4: Could not find component description for
FourCC value 20363152
03-11 09:04:51.392 19701 19701 D Drawable: getShouldDeclineWhiteColor false
03-11 09:04:51.398 19701 19728 E gralloc4: Empty SMPTE 2094-40 data
03-11 09:04:51.421 19701 19908 W CAM_A : PORTRAIT > rel Δ(result sensor
timestamp) = 0,67 > 0,25
03-11 09:04:51.426 19701 19701 D Drawable: getShouldDeclineWhiteColor false
03-11 09:04:51.431 19701 19728 E gralloc4: Empty SMPTE 2094-40 data
03-11 09:04:51.519 19701 19908 W CAM_A : PORTRAIT > abs Δ(result sensor
timestamp) = 100,68 ms > 70,00 ms
03-11 09:04:51.519 19701 19908 W CAM_A : PORTRAIT > rel Δ(result sensor
timestamp) = 2,00 > 0,25
03-11 09:04:51.520 19701 19908 W CAM_A : PORTRAIT > result sensor delay = 3,02 >
1,10
03-11 09:04:51.526 19701 19701 D Drawable: getShouldDeclineWhiteColor false
03-11 09:04:51.532 19701 19728 E gralloc4: Empty SMPTE 2094-40 data
03-11 09:04:51.558 19701 19908 W CAM_A : PORTRAIT > rel Δ(result sensor
timestamp) = 0,67 > 0,25
03-11 09:04:51.560 19701 19701 D Drawable: getShouldDeclineWhiteColor false
03-11 09:04:51.565 19701 19728 E gralloc4: Empty SMPTE 2094-40 data
03-11 09:04:51.650 19701 19908 W CAM_A : PORTRAIT > abs Δ(result sensor
timestamp) = 100,68 ms > 70,00 ms
03-11 09:04:51.650 19701 19908 W CAM_A : PORTRAIT > rel Δ(result sensor
timestamp) = 2,00 > 0,25
03-11 09:04:51.650 19701 19908 W CAM_A : PORTRAIT > result sensor delay = 3,02 >
1,10
03-11 09:04:51.660 19701 19701 D Drawable: getShouldDeclineWhiteColor false
03-11 09:04:51.664 19701 19728 E gralloc4: Empty SMPTE 2094-40 data
03-11 09:04:51.686 19701 19908 W CAM_A : PORTRAIT > rel Δ(result sensor
timestamp) = 0,67 > 0,25
03-11 09:04:51.693 19701 19701 D Drawable: getShouldDeclineWhiteColor false
03-11 09:04:51.699 19701 19728 E gralloc4: Empty SMPTE 2094-40 data
03-11 09:04:51.787 19701 19908 W CAM_A : PORTRAIT > abs Δ(result sensor
timestamp) = 100,68 ms > 70,00 ms
03-11 09:04:51.787 19701 19908 W CAM_A : PORTRAIT > rel Δ(result sensor
timestamp) = 2,00 > 0,25
03-11 09:04:51.787 19701 19908 W CAM_A : PORTRAIT > result sensor delay = 3,02 >
1,10
03-11 09:04:51.791 19701 19727 W gralloc4: Could not find component description for
FourCC value 20363152
03-11 09:04:51.793 19701 19701 D Drawable: getShouldDeclineWhiteColor false
03-11 09:04:51.797 19701 19728 E gralloc4: Empty SMPTE 2094-40 data
03-11 09:04:51.824 19701 19908 W CAM_A : PORTRAIT > rel Δ(result sensor
timestamp) = 0,67 > 0,25
03-11 09:04:51.827 19701 19701 D Drawable: getShouldDeclineWhiteColor false
03-11 09:04:51.833 19701 19728 E gralloc4: Empty SMPTE 2094-40 data
03-11 09:04:51.927 19701 19908 W CAM_A : PORTRAIT > abs Δ(result sensor
timestamp) = 100,68 ms > 70,00 ms
03-11 09:04:51.928 19701 19908 W CAM_A : PORTRAIT > rel Δ(result sensor
timestamp) = 2,00 > 0,25
03-11 09:04:51.928 19701 19908 W CAM_A : PORTRAIT > result sensor delay = 3,02 >
1,10
03-11 09:04:51.944 19701 19701 D Drawable: getShouldDeclineWhiteColor false
03-11 09:04:51.952 19701 19728 E gralloc4: Empty SMPTE 2094-40 data
03-11 09:04:51.958 19701 19908 W CAM_A : PORTRAIT > rel Δ(result sensor
timestamp) = 0,67 > 0,25
03-11 09:04:51.961 19701 19701 D Drawable: getShouldDeclineWhiteColor false
03-11 09:04:51.964 19701 19728 E gralloc4: Empty SMPTE 2094-40 data
03-11 09:04:52.063 19701 19908 W CAM_A : PORTRAIT > abs Δ(result sensor
timestamp) = 100,68 ms > 70,00 ms
03-11 09:04:52.063 19701 19908 W CAM_A : PORTRAIT > rel Δ(result sensor
timestamp) = 2,00 > 0,25
03-11 09:04:52.063 19701 19908 W CAM_A : PORTRAIT > result sensor delay = 3,02 >
1,10
03-11 09:04:52.077 19701 19701 D Drawable: getShouldDeclineWhiteColor false
03-11 09:04:52.084 19701 19728 E gralloc4: Empty SMPTE 2094-40 data
03-11 09:04:52.095 19701 19908 W CAM_A : PORTRAIT > rel Δ(result sensor
timestamp) = 0,67 > 0,25
03-11 09:04:52.111 19701 19701 D Drawable: getShouldDeclineWhiteColor false
03-11 09:04:52.119 19701 19728 E gralloc4: Empty SMPTE 2094-40 data
03-11 09:04:52.191 19701 19908 W CAM_A : PORTRAIT > abs Δ(result sensor
timestamp) = 100,68 ms > 70,00 ms
03-11 09:04:52.191 19701 19908 W CAM_A : PORTRAIT > rel Δ(result sensor
timestamp) = 2,00 > 0,25
03-11 09:04:52.191 19701 19908 W CAM_A : PORTRAIT > result sensor delay = 3,02 >
1,10
03-11 09:04:52.195 19701 19736 W gralloc4: Could not find component description for
FourCC value 20363152
03-11 09:04:52.196 19701 19701 D Drawable: getShouldDeclineWhiteColor false
03-11 09:04:52.201 19701 19728 E gralloc4: Empty SMPTE 2094-40 data
03-11 09:04:52.223 19701 19908 W CAM_A : PORTRAIT > rel Δ(result sensor
timestamp) = 0,67 > 0,25
03-11 09:04:52.228 19701 19701 D Drawable: getShouldDeclineWhiteColor false
03-11 09:04:52.235 19701 19728 E gralloc4: Empty SMPTE 2094-40 data
03-11 09:04:52.322 19701 19908 W CAM_A : PORTRAIT > abs Δ(result sensor
timestamp) = 100,68 ms > 70,00 ms
03-11 09:04:52.323 19701 19908 W CAM_A : PORTRAIT > rel Δ(result sensor
timestamp) = 2,00 > 0,25
03-11 09:04:52.323 19701 19908 W CAM_A : PORTRAIT > result sensor delay = 3,02 >
1,10
03-11 09:04:52.330 19701 19701 D Drawable: getShouldDeclineWhiteColor false
03-11 09:04:52.337 19701 19728 E gralloc4: Empty SMPTE 2094-40 data
03-11 09:04:52.364 19701 19908 W CAM_A : PORTRAIT > rel Δ(result sensor
timestamp) = 0,67 > 0,25
03-11 09:04:52.378 19701 19701 D Drawable: getShouldDeclineWhiteColor false
03-11 09:04:52.385 19701 19728 E gralloc4: Empty SMPTE 2094-40 data
03-11 09:04:52.469 19701 19908 W CAM_A : PORTRAIT > abs Δ(result sensor
timestamp) = 100,68 ms > 70,00 ms
03-11 09:04:52.469 19701 19908 W CAM_A : PORTRAIT > rel Δ(result sensor
timestamp) = 2,00 > 0,25
03-11 09:04:52.469 19701 19908 W CAM_A : PORTRAIT > result sensor delay = 3,02 >
1,10
03-11 09:04:52.478 19701 19701 D Drawable: getShouldDeclineWhiteColor false
03-11 09:04:52.483 19701 19728 E gralloc4: Empty SMPTE 2094-40 data
03-11 09:04:52.495 19701 19908 W CAM_A : PORTRAIT > rel Δ(result sensor
timestamp) = 0,67 > 0,25
03-11 09:04:52.512 19701 19701 D Drawable: getShouldDeclineWhiteColor false
03-11 09:04:52.519 19701 19728 E gralloc4: Empty SMPTE 2094-40 data
03-11 09:04:52.590 19701 19908 W CAM_A : PORTRAIT > abs Δ(result sensor
timestamp) = 100,68 ms > 70,00 ms
03-11 09:04:52.590 19701 19908 W CAM_A : PORTRAIT > rel Δ(result sensor
timestamp) = 2,00 > 0,25
03-11 09:04:52.590 19701 19908 W CAM_A : PORTRAIT > result sensor delay = 3,02 >
1,10
03-11 09:04:52.592 19701 19727 W gralloc4: Could not find component description for
FourCC value 20363152
03-11 09:04:52.595 19701 19701 D Drawable: getShouldDeclineWhiteColor false
03-11 09:04:52.598 19701 19728 E gralloc4: Empty SMPTE 2094-40 data
03-11 09:04:52.628 19701 19908 W CAM_A : PORTRAIT > rel Δ(result sensor
timestamp) = 0,67 > 0,25
03-11 09:04:52.631 19701 19701 D Drawable: getShouldDeclineWhiteColor false
03-11 09:04:52.636 19701 19728 E gralloc4: Empty SMPTE 2094-40 data
03-11 09:04:52.719 19701 19908 W CAM_A : PORTRAIT > abs Δ(result sensor
timestamp) = 100,68 ms > 70,00 ms
03-11 09:04:52.719 19701 19908 W CAM_A : PORTRAIT > rel Δ(result sensor
timestamp) = 2,00 > 0,25
03-11 09:04:52.719 19701 19908 W CAM_A : PORTRAIT > result sensor delay = 3,02 >
1,10
03-11 09:04:52.729 19701 19701 D Drawable: getShouldDeclineWhiteColor false
03-11 09:04:52.735 19701 19728 E gralloc4: Empty SMPTE 2094-40 data
03-11 09:04:52.760 19701 19908 W CAM_A : PORTRAIT > rel Δ(result sensor
timestamp) = 0,67 > 0,25
03-11 09:04:52.763 19701 19701 D Drawable: getShouldDeclineWhiteColor false
03-11 09:04:52.768 19701 19728 E gralloc4: Empty SMPTE 2094-40 data
03-11 09:04:52.864 19701 19908 W CAM_A : PORTRAIT > abs Δ(result sensor
timestamp) = 100,68 ms > 70,00 ms
03-11 09:04:52.865 19701 19908 W CAM_A : PORTRAIT > rel Δ(result sensor
timestamp) = 2,00 > 0,25
03-11 09:04:52.865 19701 19908 W CAM_A : PORTRAIT > result sensor delay = 3,02 >
1,10
03-11 09:04:52.880 19701 19701 D Drawable: getShouldDeclineWhiteColor false
03-11 09:04:52.888 19701 19728 E gralloc4: Empty SMPTE 2094-40 data
03-11 09:04:52.899 19701 19908 W CAM_A : PORTRAIT > rel Δ(result sensor
timestamp) = 0,67 > 0,25
03-11 09:04:52.913 19701 19701 D Drawable: getShouldDeclineWhiteColor false
03-11 09:04:52.917 19701 19728 E gralloc4: Empty SMPTE 2094-40 data
03-11 09:04:53.011 19701 19908 W CAM_A : PORTRAIT > abs Δ(result sensor
timestamp) = 100,68 ms > 70,00 ms
03-11 09:04:53.011 19701 19908 W CAM_A : PORTRAIT > rel Δ(result sensor
timestamp) = 2,00 > 0,25
03-11 09:04:53.012 19701 19908 W CAM_A : PORTRAIT > result sensor delay = 3,02 >
1,10
03-11 09:04:53.016 19701 19736 W gralloc4: Could not find component description for
FourCC value 20363152
03-11 09:04:53.017 19701 19701 D Drawable: getShouldDeclineWhiteColor false
03-11 09:04:53.025 19701 19728 E gralloc4: Empty SMPTE 2094-40 data
03-11 09:04:53.031 19701 19908 W CAM_A : PORTRAIT > rel Δ(result sensor
timestamp) = 0,67 > 0,25
03-11 09:04:53.047 19701 19701 D Drawable: getShouldDeclineWhiteColor false
03-11 09:04:53.053 19701 19728 E gralloc4: Empty SMPTE 2094-40 data
03-11 09:04:53.133 19701 19908 W CAM_A : PORTRAIT > abs Δ(result sensor
timestamp) = 100,68 ms > 70,00 ms
03-11 09:04:53.133 19701 19908 W CAM_A : PORTRAIT > rel Δ(result sensor
timestamp) = 2,00 > 0,25
03-11 09:04:53.133 19701 19908 W CAM_A : PORTRAIT > result sensor delay = 3,02 >
1,10
03-11 09:04:53.148 19701 19701 D Drawable: getShouldDeclineWhiteColor false
03-11 09:04:53.154 19701 19728 E gralloc4: Empty SMPTE 2094-40 data
03-11 09:04:53.169 19701 19908 W CAM_A : PORTRAIT > rel Δ(result sensor
timestamp) = 0,67 > 0,25
03-11 09:04:53.181 19701 19701 D Drawable: getShouldDeclineWhiteColor false
03-11 09:04:53.187 19701 19728 E gralloc4: Empty SMPTE 2094-40 data
03-11 09:04:53.269 19701 19908 W CAM_A : PORTRAIT > abs Δ(result sensor
timestamp) = 100,68 ms > 70,00 ms
03-11 09:04:53.269 19701 19908 W CAM_A : PORTRAIT > rel Δ(result sensor
timestamp) = 2,00 > 0,25
03-11 09:04:53.269 19701 19908 W CAM_A : PORTRAIT > result sensor delay = 3,02 >
1,10
03-11 09:04:53.281 19701 19701 D Drawable: getShouldDeclineWhiteColor false
03-11 09:04:53.288 19701 19728 E gralloc4: Empty SMPTE 2094-40 data
03-11 09:04:53.302 19701 19908 W CAM_A : PORTRAIT > rel Δ(result sensor
timestamp) = 0,67 > 0,25
03-11 09:04:53.314 19701 19701 D Drawable: getShouldDeclineWhiteColor false
03-11 09:04:53.321 19701 19728 E gralloc4: Empty SMPTE 2094-40 data
03-11 09:04:53.385 19701 19908 W CAM_A : PORTRAIT > abs Δ(result sensor
timestamp) = 100,68 ms > 70,00 ms
03-11 09:04:53.385 19701 19908 W CAM_A : PORTRAIT > rel Δ(result sensor
timestamp) = 2,00 > 0,25
03-11 09:04:53.385 19701 19908 W CAM_A : PORTRAIT > result sensor delay = 3,02 >
1,10
03-11 09:04:53.387 19701 19736 W gralloc4: Could not find component description for
FourCC value 20363152
03-11 09:04:53.397 19701 19701 D Drawable: getShouldDeclineWhiteColor false
03-11 09:04:53.401 19701 19728 E gralloc4: Empty SMPTE 2094-40 data
03-11 09:04:53.419 19701 19908 W CAM_A : PORTRAIT > rel Δ(result sensor
timestamp) = 0,67 > 0,25
03-11 09:04:53.431 19701 19701 D Drawable: getShouldDeclineWhiteColor false
03-11 09:04:53.434 19701 19728 E gralloc4: Empty SMPTE 2094-40 data
03-11 09:04:53.469 19701 19728 E gralloc4: Empty SMPTE 2094-40 data
03-11 09:04:53.491 19701 19728 E gralloc4: Empty SMPTE 2094-40 data
03-11 09:04:53.519 19701 19701 W MediaFsQModule: Returning Q MediaFs implementation
03-11 09:04:53.533 19701 19908 W CAM_A : PORTRAIT > abs Δ(result sensor
timestamp) = 100,68 ms > 70,00 ms
03-11 09:04:53.534 19701 19908 W CAM_A : PORTRAIT > rel Δ(result sensor
timestamp) = 2,00 > 0,25
03-11 09:04:53.534 19701 19908 W CAM_A : PORTRAIT > result sensor delay = 3,02 >
1,10
03-11 09:04:53.547 19701 19701 D Drawable: getShouldDeclineWhiteColor false
03-11 09:04:53.548 19701 19701 D Drawable: getShouldDeclineWhiteColor false
03-11 09:04:53.548 19701 19701 D Drawable: getShouldDeclineWhiteColor false
03-11 09:04:53.548 19701 19701 D Drawable: getShouldDeclineWhiteColor false
03-11 09:04:53.548 19701 19701 D Drawable: getShouldDeclineWhiteColor false
03-11 09:04:53.549 19701 19978 W CAM_PckLongExposureCmd: Capture session not a
LongExposureCaptureSession: hqq@3cc48ef
03-11 09:04:53.549 19701 19701 D Drawable: getShouldDeclineWhiteColor false
03-11 09:04:53.556 19701 19728 E gralloc4: Empty SMPTE 2094-40 data
03-11 09:04:53.559 19701 19908 W CAM_A : PORTRAIT > rel Δ(result sensor
timestamp) = 0,67 > 0,25
03-11 09:04:53.571 19701 19701 D Drawable: getShouldDeclineWhiteColor false
03-11 09:04:53.575 19701 19728 E gralloc4: Empty SMPTE 2094-40 data
03-11 09:04:53.585 19701 19728 E gralloc4: Empty SMPTE 2094-40 data
03-11 09:04:53.594 19701 19807 D CompatibilityChangeReporter: Compat change id
reported: 150939131; UID 10166; state: DISABLED
03-11 09:04:53.605 19701 19728 E gralloc4: Empty SMPTE 2094-40 data
03-11 09:04:53.618 19701 19728 E gralloc4: Empty SMPTE 2094-40 data
03-11 09:04:53.637 19701 19728 E gralloc4: Empty SMPTE 2094-40 data
03-11 09:04:53.653 19701 19728 E gralloc4: Empty SMPTE 2094-40 data
03-11 09:04:53.668 19701 19908 W CAM_A : PORTRAIT > abs Δ(result sensor
timestamp) = 100,68 ms > 70,00 ms
03-11 09:04:53.669 19701 19908 W CAM_A : PORTRAIT > rel Δ(result sensor
timestamp) = 2,00 > 0,25
03-11 09:04:53.669 19701 19908 W CAM_A : PORTRAIT > result sensor delay = 3,02 >
1,10
03-11 09:04:53.670 19701 19728 E gralloc4: Empty SMPTE 2094-40 data
03-11 09:04:53.682 19701 19701 D Drawable: getShouldDeclineWhiteColor false
03-11 09:04:53.690 19701 19728 E gralloc4: Empty SMPTE 2094-40 data
03-11 09:04:53.704 19701 19728 E gralloc4: Empty SMPTE 2094-40 data
03-11 09:04:53.706 19701 19908 W CAM_A : PORTRAIT > rel Δ(result sensor
timestamp) = 0,67 > 0,25
03-11 09:04:53.715 19701 19701 D Drawable: getShouldDeclineWhiteColor false
03-11 09:04:53.720 19701 19728 E gralloc4: Empty SMPTE 2094-40 data
03-11 09:04:53.737 19701 19728 E gralloc4: Empty SMPTE 2094-40 data
03-11 09:04:53.755 19701 19728 E gralloc4: Empty SMPTE 2094-40 data
03-11 09:04:53.768 19701 19728 E gralloc4: Empty SMPTE 2094-40 data
03-11 09:04:53.786 19701 19728 E gralloc4: Empty SMPTE 2094-40 data
03-11 09:04:53.798 19701 19908 W CAM_A : PORTRAIT > abs Δ(result sensor
timestamp) = 100,68 ms > 70,00 ms
03-11 09:04:53.799 19701 19908 W CAM_A : PORTRAIT > rel Δ(result sensor
timestamp) = 2,00 > 0,25
03-11 09:04:53.799 19701 19908 W CAM_A : PORTRAIT > result sensor delay = 3,02 >
1,10
03-11 09:04:53.803 19701 19727 W gralloc4: Could not find component description for
FourCC value 20363152
03-11 09:04:53.815 19701 19701 D Drawable: getShouldDeclineWhiteColor false
03-11 09:04:53.819 19701 19728 E gralloc4: Empty SMPTE 2094-40 data
03-11 09:04:53.833 19701 19908 W CAM_A : PORTRAIT > rel Δ(result sensor
timestamp) = 0,67 > 0,25
03-11 09:04:53.850 19701 19701 D Drawable: getShouldDeclineWhiteColor false
03-11 09:04:53.857 19701 19728 E gralloc4: Empty SMPTE 2094-40 data
03-11 09:04:53.933 19701 19908 W CAM_A : PORTRAIT > abs Δ(result sensor
timestamp) = 100,68 ms > 70,00 ms
03-11 09:04:53.933 19701 19908 W CAM_A : PORTRAIT > rel Δ(result sensor
timestamp) = 2,00 > 0,25
03-11 09:04:53.933 19701 19908 W CAM_A : PORTRAIT > result sensor delay = 3,02 >
1,10
03-11 09:04:53.949 19701 19701 D Drawable: getShouldDeclineWhiteColor false
03-11 09:04:53.953 19701 19728 E gralloc4: Empty SMPTE 2094-40 data
03-11 09:04:53.972 19701 19908 W CAM_A : PORTRAIT > rel Δ(result sensor
timestamp) = 0,67 > 0,25
03-11 09:04:53.983 19701 19701 D Drawable: getShouldDeclineWhiteColor false
03-11 09:04:53.987 19701 19728 E gralloc4: Empty SMPTE 2094-40 data
03-11 09:04:54.043 19701 19728 E gralloc4: Empty SMPTE 2094-40 data
03-11 09:04:54.058 19701 19728 E gralloc4: Empty SMPTE 2094-40 data
03-11 09:04:54.074 19701 19728 E gralloc4: Empty SMPTE 2094-40 data
03-11 09:04:54.089 19701 19908 W CAM_A : PORTRAIT > abs Δ(result sensor
timestamp) = 100,68 ms > 70,00 ms
03-11 09:04:54.090 19701 19908 W CAM_A : PORTRAIT > rel Δ(result sensor
timestamp) = 2,00 > 0,25
03-11 09:04:54.090 19701 19908 W CAM_A : PORTRAIT > result sensor delay = 3,02 >
1,10
03-11 09:04:54.091 19701 19728 E gralloc4: Empty SMPTE 2094-40 data
03-11 09:04:54.101 19701 19701 D Drawable: getShouldDeclineWhiteColor false
03-11 09:04:54.105 19701 19908 W CAM_A : PORTRAIT > rel Δ(result sensor
timestamp) = 0,67 > 0,25
03-11 09:04:54.109 19701 19728 E gralloc4: Empty SMPTE 2094-40 data
03-11 09:04:54.116 19701 19701 D Drawable: getShouldDeclineWhiteColor false
03-11 09:04:54.121 19701 19728 E gralloc4: Empty SMPTE 2094-40 data
03-11 09:04:54.201 19701 19908 W CAM_A : PORTRAIT > abs Δ(result sensor
timestamp) = 100,68 ms > 70,00 ms
03-11 09:04:54.201 19701 19908 W CAM_A : PORTRAIT > rel Δ(result sensor
timestamp) = 2,00 > 0,25
03-11 09:04:54.201 19701 19908 W CAM_A : PORTRAIT > result sensor delay = 3,02 >
1,10
03-11 09:04:54.216 19701 19701 D Drawable: getShouldDeclineWhiteColor false
03-11 09:04:54.219 19701 19728 E gralloc4: Empty SMPTE 2094-40 data
03-11 09:04:54.232 19701 19908 W CAM_A : PORTRAIT > rel Δ(result sensor
timestamp) = 0,67 > 0,25
03-11 09:04:54.241 19701 19728 E gralloc4: Empty SMPTE 2094-40 data
03-11 09:04:54.250 19701 19701 D Drawable: getShouldDeclineWhiteColor false
03-11 09:04:54.254 19701 19728 E gralloc4: Empty SMPTE 2094-40 data
03-11 09:04:54.273 19701 19728 E gralloc4: Empty SMPTE 2094-40 data
03-11 09:04:54.288 19701 19728 E gralloc4: Empty SMPTE 2094-40 data
03-11 09:04:54.335 19701 19908 W CAM_A : PORTRAIT > abs Δ(result sensor
timestamp) = 100,68 ms > 70,00 ms
03-11 09:04:54.335 19701 19908 W CAM_A : PORTRAIT > rel Δ(result sensor
timestamp) = 2,00 > 0,25
03-11 09:04:54.335 19701 19908 W CAM_A : PORTRAIT > result sensor delay = 3,02 >
1,10
03-11 09:04:54.338 19701 19727 W gralloc4: Could not find component description for
FourCC value 20363152
03-11 09:04:54.350 19701 19701 D Drawable: getShouldDeclineWhiteColor false
03-11 09:04:54.357 19701 19728 E gralloc4: Empty SMPTE 2094-40 data
03-11 09:04:54.373 19701 19908 W CAM_A : PORTRAIT > rel Δ(result sensor
timestamp) = 0,67 > 0,25
03-11 09:04:54.383 19701 19701 D Drawable: getShouldDeclineWhiteColor false
03-11 09:04:54.389 19701 19728 E gralloc4: Empty SMPTE 2094-40 data
03-11 09:04:54.478 19701 19908 W CAM_A : PORTRAIT > abs Δ(result sensor
timestamp) = 100,68 ms > 70,00 ms
03-11 09:04:54.478 19701 19908 W CAM_A : PORTRAIT > rel Δ(result sensor
timestamp) = 2,00 > 0,25
03-11 09:04:54.479 19701 19908 W CAM_A : PORTRAIT > result sensor delay = 3,02 >
1,10
03-11 09:04:54.484 19701 19701 D Drawable: getShouldDeclineWhiteColor false
03-11 09:04:54.489 19701 19728 E gralloc4: Empty SMPTE 2094-40 data
03-11 09:04:54.497 19701 19908 W CAM_A : PORTRAIT > rel Δ(result sensor
timestamp) = 0,50 > 0,25
03-11 09:04:54.497 19701 19908 W CAM_A : PORTRAIT > result sensor delay = 1,50 >
1,10
03-11 09:04:54.508 19701 19728 E gralloc4: Empty SMPTE 2094-40 data
03-11 09:04:54.517 19701 19701 D Drawable: getShouldDeclineWhiteColor false
03-11 09:04:54.522 19701 19728 E gralloc4: Empty SMPTE 2094-40 data
03-11 09:04:54.525 19701 19978 W gralloc4: Could not find component description for
FourCC value 20363152
03-11 09:04:54.530 19701 19852 E libgcam : [camera_motion_blur_estimator.cc:57]:
EstimateCameraMotionBlur: Can't estimate camera motion blur, because gyro data is
missing.
03-11 09:04:54.596 19701 19908 W CAM_A : PORTRAIT > abs Δ(result sensor
timestamp) = 99,99 ms > 70,00 ms
03-11 09:04:54.596 19701 19908 W CAM_A : PORTRAIT > rel Δ(result sensor
timestamp) = 1,00 > 0,25
03-11 09:04:54.597 19701 19908 W CAM_A : PORTRAIT > result sensor delay = 3,00 >
1,10
03-11 09:04:54.607 19701 19728 E gralloc4: Empty SMPTE 2094-40 data
03-11 09:04:54.618 19701 19701 D Drawable: getShouldDeclineWhiteColor false
03-11 09:04:54.622 19701 19728 E gralloc4: Empty SMPTE 2094-40 data
03-11 09:04:54.622 19701 19978 W gralloc4: Could not find component description for
FourCC value 20363152
03-11 09:04:54.625 19701 19852 E libgcam : [camera_motion_blur_estimator.cc:57]:
EstimateCameraMotionBlur: Can't estimate camera motion blur, because gyro data is
missing.
03-11 09:04:54.631 19701 19908 W CAM_A : PORTRAIT > rel Δ(result sensor
timestamp) = 0,67 > 0,25
03-11 09:04:54.645 19701 19728 E gralloc4: Empty SMPTE 2094-40 data
03-11 09:04:54.651 19701 19701 D Drawable: getShouldDeclineWhiteColor false
03-11 09:04:54.655 19701 19728 E gralloc4: Empty SMPTE 2094-40 data
03-11 09:04:54.659 19701 19978 W gralloc4: Could not find component description for
FourCC value 20363152
03-11 09:04:54.661 19701 19852 E libgcam : [camera_motion_blur_estimator.cc:57]:
EstimateCameraMotionBlur: Can't estimate camera motion blur, because gyro data is
missing.
03-11 09:04:54.736 19701 19908 W CAM_A : PORTRAIT > abs Δ(result sensor
timestamp) = 99,99 ms > 70,00 ms
03-11 09:04:54.737 19701 19908 W CAM_A : PORTRAIT > rel Δ(result sensor
timestamp) = 2,00 > 0,25
03-11 09:04:54.737 19701 19908 W CAM_A : PORTRAIT > result sensor delay = 3,00 >
1,10
03-11 09:04:54.748 19701 19728 E gralloc4: Empty SMPTE 2094-40 data
03-11 09:04:54.751 19701 19701 D Drawable: getShouldDeclineWhiteColor false
03-11 09:04:54.755 19701 19728 E gralloc4: Empty SMPTE 2094-40 data
03-11 09:04:54.758 19701 19908 W CAM_A : PORTRAIT > rel Δ(result sensor
timestamp) = 0,67 > 0,25
03-11 09:04:54.761 19701 19978 W gralloc4: Could not find component description for
FourCC value 20363152
03-11 09:04:54.764 19701 19852 E libgcam : [camera_motion_blur_estimator.cc:57]:
EstimateCameraMotionBlur: Can't estimate camera motion blur, because gyro data is
missing.
03-11 09:04:54.773 19701 19728 E gralloc4: Empty SMPTE 2094-40 data
03-11 09:04:54.785 19701 19701 D Drawable: getShouldDeclineWhiteColor false
03-11 09:04:54.786 19701 19978 W gralloc4: Could not find component description for
FourCC value 20363152
03-11 09:04:54.790 19701 19852 E libgcam : [camera_motion_blur_estimator.cc:57]:
EstimateCameraMotionBlur: Can't estimate camera motion blur, because gyro data is
missing.
03-11 09:04:54.791 19701 19728 E gralloc4: Empty SMPTE 2094-40 data
03-11 09:04:54.897 19701 19908 W CAM_A : PORTRAIT > abs Δ(result sensor
timestamp) = 133,32 ms > 70,00 ms
03-11 09:04:54.897 19701 19908 W CAM_A : PORTRAIT > rel Δ(result sensor
timestamp) = 3,00 > 0,25
03-11 09:04:54.897 19701 19908 W CAM_A : PORTRAIT > result sensor delay = 4,00 >
1,10
03-11 09:04:54.905 19701 19744 D AudioTrack: INSP:
type=audio,case=1,set=0x7c8e0d3600,stream_type=7,sample_rate=44100,format=0x1,chann
el_mask=0x1,frame_count=0,flags=0x4,notification_frames=0,session_id=0,transfer_typ
e=0,uid=-1,pid=-1
03-11 09:04:54.906 19701 19744 D AudioTrack: INSP:
type=audio,case=1,attributes=1,content_type=4,usage=13,source=0,flags=0x801
03-11 09:04:54.906 19701 19744 D AudioTrack: getCallingPackageName
packagename_processed is com.google.android.GoogleCameraEngR15
03-11 09:04:54.908 19701 19744 D AudioTrack: set: mPowerTrackStatus=0
03-11 09:04:54.910 19701 19728 E gralloc4: Empty SMPTE 2094-40 data
03-11 09:04:54.918 19701 19701 D Drawable: getShouldDeclineWhiteColor false
03-11 09:04:54.922 19701 19728 E gralloc4: Empty SMPTE 2094-40 data
03-11 09:04:54.924 19701 19978 W gralloc4: Could not find component description for
FourCC value 20363152
03-11 09:04:54.929 19701 19852 E libgcam : [camera_motion_blur_estimator.cc:57]:
EstimateCameraMotionBlur: Can't estimate camera motion blur, because gyro data is
missing.
03-11 09:04:54.929 19701 19852 W libgcam : [shot_helper.cc:352]:
LogViewfinderAeWarnings: viewfinder_short_tet (0.000ms) is further than expected
from the capture TET (81.330ms). Relative error: 100%.
03-11 09:04:54.940 19701 19908 W CAM_A : PORTRAIT > rel Δ(result sensor
timestamp) = 0,87 > 0,25
03-11 09:04:54.941 19701 19728 E gralloc4: Empty SMPTE 2094-40 data
03-11 09:04:54.942 19701 19736 W gralloc4: Could not find component description for
FourCC value 20363152
03-11 09:04:54.943 19701 19744 D AudioTrack: createTrack_l(7184): 0x7c8e0d3600,
mCblk = 0x7ddd32b000, mLatency = 324, mAfLatency = 42, frameCount = 12440,
mSampleRate = 44100, mFlags = 0, mReqFrameCount = 12440, mNotificationFramesAct = 0
03-11 09:04:54.945 19701 19744 D AudioTrack: setVolume(7184): 0x7c8e0d3600, left =
0.600000, right = 0.600000
03-11 09:04:54.945 19701 19744 D AudioTrack: start(7184): 0x7c8e0d3600, prior
state:STATE_STOPPED
03-11 09:04:54.951 19701 19701 D Drawable: getShouldDeclineWhiteColor false
03-11 09:04:54.953 19701 19728 E gralloc4: Empty SMPTE 2094-40 data
03-11 09:04:55.027 19701 19908 W CAM_A : PORTRAIT > abs Δ(result sensor
timestamp) = 100,68 ms > 70,00 ms
03-11 09:04:55.027 19701 19908 W CAM_A : PORTRAIT > rel Δ(result sensor
timestamp) = 4,96 > 0,25
03-11 09:04:55.027 19701 19908 W CAM_A : PORTRAIT > result sensor delay = 3,02 >
1,10
03-11 09:04:55.035 19701 19701 D Drawable: getShouldDeclineWhiteColor false
03-11 09:04:55.040 19701 19728 E gralloc4: Empty SMPTE 2094-40 data
03-11 09:04:55.064 19701 19908 W CAM_A : PORTRAIT > rel Δ(result sensor
timestamp) = 0,67 > 0,25
03-11 09:04:55.072 19701 19701 D Drawable: getShouldDeclineWhiteColor false
03-11 09:04:55.076 19701 19728 E gralloc4: Empty SMPTE 2094-40 data
03-11 09:04:55.087 19701 19728 E gralloc4: Empty SMPTE 2094-40 data
03-11 09:04:55.099 19701 19984 W libgcam : [shot_helper.cc:202]:
CheckFrameDuration: Unexpected timestamp gap between payload frames 0 and 1 (of 6).
Expected 33.3 ms gap; actual gap was 100.0 ms. This could indicate dropped frames.
03-11 09:04:55.099 19701 19984 W libgcam : [shot_helper.cc:202]:
CheckFrameDuration: Unexpected timestamp gap between payload frames 2 and 3 (of 6).
Expected 33.3 ms gap; actual gap was 100.0 ms. This could indicate dropped frames.
03-11 09:04:55.099 19701 19984 W libgcam : [shot_helper.cc:202]:
CheckFrameDuration: Unexpected timestamp gap between payload frames 4 and 5 (of 6).
Expected 33.3 ms gap; actual gap was 133.3 ms. This could indicate dropped frames.
03-11 09:04:55.109 19701 19728 E gralloc4: Empty SMPTE 2094-40 data
03-11 09:04:55.121 19701 19736 I tflite : Replacing 5 node(s) with delegate
(TfLiteXNNPackDelegate) node, yielding 1 partitions.
03-11 09:04:55.121 19701 19846 E GoLog : INFO: Replacing 5 node(s) with delegate
(TfLiteXNNPackDelegate) node, yielding 1 partitions.
03-11 09:04:55.133 19701 19701 D Drawable: getShouldDeclineWhiteColor false
03-11 09:04:55.133 19701 19701 D Drawable: getShouldDeclineWhiteColor false
03-11 09:04:55.134 19701 19701 D Drawable: getShouldDeclineWhiteColor false
03-11 09:04:55.134 19701 19701 D Drawable: getShouldDeclineWhiteColor false
03-11 09:04:55.136 19701 19701 D Drawable: getShouldDeclineWhiteColor false
03-11 09:04:55.137 19701 19701 D Drawable: getShouldDeclineWhiteColor false
03-11 09:04:55.137 19701 19701 D Drawable: getShouldDeclineWhiteColor false
03-11 09:04:55.138 19701 19701 D Drawable: getShouldDeclineWhiteColor false
03-11 09:04:55.142 19701 19701 D Drawable: getShouldDeclineWhiteColor false
03-11 09:04:55.143 19701 19701 D Drawable: getShouldDeclineWhiteColor false
03-11 09:04:55.143 19701 19701 D Drawable: getShouldDeclineWhiteColor false
03-11 09:04:55.146 19701 19728 E gralloc4: Empty SMPTE 2094-40 data
03-11 09:04:55.152 19701 19701 D Drawable: getShouldDeclineWhiteColor false
03-11 09:04:55.152 19701 19701 D Drawable: getShouldDeclineWhiteColor false
03-11 09:04:55.152 19701 19701 D Drawable: getShouldDeclineWhiteColor false
03-11 09:04:55.153 19701 19728 E gralloc4: Empty SMPTE 2094-40 data
03-11 09:04:55.159 19701 19728 E gralloc4: Empty SMPTE 2094-40 data
03-11 09:04:55.164 19701 19908 W CAM_A : PORTRAIT > abs Δ(result sensor
timestamp) = 100,68 ms > 70,00 ms
03-11 09:04:55.164 19701 19908 W CAM_A : PORTRAIT > rel Δ(result sensor
timestamp) = 2,00 > 0,25
03-11 09:04:55.165 19701 19908 W CAM_A : PORTRAIT > result sensor delay = 3,02 >
1,10
03-11 09:04:55.172 19701 19701 D Drawable: getShouldDeclineWhiteColor false
03-11 09:04:55.172 19701 19701 D Drawable: getShouldDeclineWhiteColor false
03-11 09:04:55.173 19701 19701 D Drawable: getShouldDeclineWhiteColor false
03-11 09:04:55.173 19701 19701 D Drawable: getShouldDeclineWhiteColor false
03-11 09:04:55.179 19701 19728 E gralloc4: Empty SMPTE 2094-40 data
03-11 09:04:55.180 19701 19710 I gleCameraEngR15: NativeAlloc concurrent copying GC
freed 389473(14MB) AllocSpace objects, 3(17MB) LOS objects, 49% free, 12MB/24MB,
paused 211us,523us total 145.421ms
03-11 09:04:55.185 19701 19701 D Drawable: getShouldDeclineWhiteColor false
03-11 09:04:55.185 19701 19701 D Drawable: getShouldDeclineWhiteColor false
03-11 09:04:55.185 19701 19701 D Drawable: getShouldDeclineWhiteColor false
03-11 09:04:55.185 19701 19701 D Drawable: getShouldDeclineWhiteColor false
03-11 09:04:55.190 19701 19728 E gralloc4: Empty SMPTE 2094-40 data
03-11 09:04:55.198 19701 19908 W CAM_A : PORTRAIT > rel Δ(result sensor
timestamp) = 0,67 > 0,25
03-11 09:04:55.203 19701 19701 D Drawable: getShouldDeclineWhiteColor false
03-11 09:04:55.203 19701 19701 D Drawable: getShouldDeclineWhiteColor false
03-11 09:04:55.204 19701 19701 D Drawable: getShouldDeclineWhiteColor false
03-11 09:04:55.204 19701 19701 D Drawable: getShouldDeclineWhiteColor false
03-11 09:04:55.210 19701 19728 E gralloc4: Empty SMPTE 2094-40 data
03-11 09:04:55.218 19701 19701 D Drawable: getShouldDeclineWhiteColor false
03-11 09:04:55.219 19701 19701 D Drawable: getShouldDeclineWhiteColor false
03-11 09:04:55.219 19701 19701 D Drawable: getShouldDeclineWhiteColor false
03-11 09:04:55.219 19701 19701 D Drawable: getShouldDeclineWhiteColor false
03-11 09:04:55.222 19701 19728 E gralloc4: Empty SMPTE 2094-40 data
03-11 09:04:55.236 19701 19701 D Drawable: getShouldDeclineWhiteColor false
03-11 09:04:55.239 19701 19701 D Drawable: getShouldDeclineWhiteColor false
03-11 09:04:55.239 19701 19701 D Drawable: getShouldDeclineWhiteColor false
03-11 09:04:55.240 19701 19701 D Drawable: getShouldDeclineWhiteColor false
03-11 09:04:55.243 19701 19728 E gralloc4: Empty SMPTE 2094-40 data
03-11 09:04:55.252 19701 19701 D Drawable: getShouldDeclineWhiteColor false
03-11 09:04:55.252 19701 19701 D Drawable: getShouldDeclineWhiteColor false
03-11 09:04:55.252 19701 19701 D Drawable: getShouldDeclineWhiteColor false
03-11 09:04:55.252 19701 19701 D Drawable: getShouldDeclineWhiteColor false
03-11 09:04:55.254 19701 19728 E gralloc4: Empty SMPTE 2094-40 data
03-11 09:04:55.269 19701 19701 D Drawable: getShouldDeclineWhiteColor false
03-11 09:04:55.270 19701 19701 D Drawable: getShouldDeclineWhiteColor false
03-11 09:04:55.271 19701 19701 D Drawable: getShouldDeclineWhiteColor false
03-11 09:04:55.271 19701 19701 D Drawable: getShouldDeclineWhiteColor false
03-11 09:04:55.276 19701 19728 E gralloc4: Empty SMPTE 2094-40 data
03-11 09:04:55.302 19701 19701 W CAM_A : isListed: unknown activity.
mimeType=image/* className=com.discord.share.ShareActivity
03-11 09:04:55.302 19701 19701 W CAM_A : isListed: unknown activity.
mimeType=image/*
className=com.facebook.timeline.stagingground.Fb4aProfilePictureShareActivityAlias
03-11 09:04:55.302 19701 19701 W CAM_A : isListed: unknown activity.
mimeType=image/*
className=com.facebook.composer.shareintent.ImplicitShareIntentHandlerDefaultAlias
03-11 09:04:55.302 19701 19701 W CAM_A : isListed: unknown activity.
mimeType=image/* className=com.facebook.composer.shareintent.ShareToGroupsAlias
03-11 09:04:55.302 19701 19701 W CAM_A : isListed: unknown activity.
mimeType=image/*
className=com.facebook.lite.composer.activities.ShareIntentMultiPhotoAlphabeticalAl
ias
03-11 09:04:55.302 19701 19701 W CAM_A : isListed: unknown activity.
mimeType=image/*
className=com.facebook.messenger.intents.MediaEditShareIntentHandler
03-11 09:04:55.302 19701 19701 W CAM_A : isListed: unknown activity.
mimeType=image/* className=com.instagram.share.handleractivity.ShareHandlerActivity
03-11 09:04:55.302 19701 19701 W CAM_A : isListed: unknown activity.
mimeType=image/*
className=com.instagram.share.handleractivity.ReelShareHandlerActivity
03-11 09:04:55.302 19701 19701 W CAM_A : isListed: unknown activity.
mimeType=image/*
className=com.instagram.direct.share.handler.DirectExternalMediaShareActivityPhotoI
nterop
03-11 09:04:55.309 19701 19908 W CAM_A : PORTRAIT > abs Δ(result sensor
timestamp) = 100,68 ms > 70,00 ms
03-11 09:04:55.309 19701 19908 W CAM_A : PORTRAIT > rel Δ(result sensor
timestamp) = 2,00 > 0,25
03-11 09:04:55.309 19701 19908 W CAM_A : PORTRAIT > result sensor delay = 3,02 >
1,10
03-11 09:04:55.310 19701 19701 W CAM_A : isListed: unknown activity.
mimeType=video/* className=com.discord.share.ShareActivity
03-11 09:04:55.310 19701 19701 W CAM_A : isListed: unknown activity.
mimeType=video/*
className=com.facebook.composer.shareintent.ImplicitShareIntentHandlerDefaultAlias
03-11 09:04:55.310 19701 19701 W CAM_A : isListed: unknown activity.
mimeType=video/* className=com.facebook.composer.shareintent.ShareToGroupsAlias
03-11 09:04:55.310 19701 19701 W CAM_A : isListed: unknown activity.
mimeType=video/*
className=com.facebook.inspiration.fbshorts.shareintent.InpirationFbShortsShareAlia
s
03-11 09:04:55.310 19701 19701 W CAM_A : isListed: unknown activity.
mimeType=video/*
className=com.facebook.lite.composer.activities.ShareIntentVideoAlphabeticalAlias
03-11 09:04:55.310 19701 19701 W CAM_A : isListed: unknown activity.
mimeType=video/*
className=com.facebook.messenger.intents.MediaEditShareIntentHandler
03-11 09:04:55.310 19701 19701 W CAM_A : isListed: unknown activity.
mimeType=video/* className=com.instagram.share.handleractivity.ShareHandlerActivity
03-11 09:04:55.310 19701 19701 W CAM_A : isListed: unknown activity.
mimeType=video/*
className=com.instagram.share.handleractivity.ReelShareHandlerActivity
03-11 09:04:55.310 19701 19701 W CAM_A : isListed: unknown activity.
mimeType=video/*
className=com.instagram.direct.share.handler.DirectExternalMediaShareActivityVideoI
nterop
03-11 09:04:55.327 19701 19993 D AudioTrack: stop(7184): 0x7c8e0d3600, prior
state:STATE_ACTIVE
03-11 09:04:55.327 19701 19993 D AudioTrackShared: this(0x7c13a10440),
mCblk(0x7ddd32b000), front(3), mIsOut 1, interrupt() FUTEX_WAKE
03-11 09:04:55.330 19701 19993 D AudioTrack: stop(7184): 0x7c8e0d3600 stop done
03-11 09:04:55.337 19701 19908 W CAM_A : PORTRAIT > rel Δ(result sensor
timestamp) = 0,67 > 0,25
03-11 09:04:55.343 19701 19736 W gralloc4: Could not find component description for
FourCC value 20363152
03-11 09:04:55.384 19701 19701 D Drawable: getShouldDeclineWhiteColor false
03-11 09:04:55.385 19701 19701 D Drawable: getShouldDeclineWhiteColor false
03-11 09:04:55.385 19701 19701 D Drawable: getShouldDeclineWhiteColor false
03-11 09:04:55.385 19701 19701 D Drawable: getShouldDeclineWhiteColor false
03-11 09:04:55.387 19701 19728 E gralloc4: Empty SMPTE 2094-40 data
03-11 09:04:55.388 19701 19701 D Drawable: getShouldDeclineWhiteColor false
03-11 09:04:55.390 19701 19728 E gralloc4: Empty SMPTE 2094-40 data
03-11 09:04:55.399 19701 19740 W IconCustomizer: getCustomizedIconW 168
03-11 09:04:55.403 19701 19701 D Drawable: getShouldDeclineWhiteColor false
03-11 09:04:55.406 19701 19728 E gralloc4: Empty SMPTE 2094-40 data
03-11 09:04:55.420 19701 19701 D Drawable: getShouldDeclineWhiteColor false
03-11 09:04:55.425 19701 19728 E gralloc4: Empty SMPTE 2094-40 data
03-11 09:04:55.433 19701 19908 W CAM_A : PORTRAIT > abs Δ(result sensor
timestamp) = 100,68 ms > 70,00 ms
03-11 09:04:55.433 19701 19908 W CAM_A : PORTRAIT > rel Δ(result sensor
timestamp) = 2,00 > 0,25
03-11 09:04:55.433 19701 19908 W CAM_A : PORTRAIT > result sensor delay = 3,02 >
1,10
03-11 09:04:55.436 19701 19701 D Drawable: getShouldDeclineWhiteColor false
03-11 09:04:55.443 19701 19728 E gralloc4: Empty SMPTE 2094-40 data
03-11 09:04:55.454 19701 19701 D Drawable: getShouldDeclineWhiteColor false
03-11 09:04:55.458 19701 19728 E gralloc4: Empty SMPTE 2094-40 data
03-11 09:04:55.460 19701 19740 I DeviceLevelUtils: platform:mt6833
03-11 09:04:55.460 19701 19740 I MiSpeedRecord: Connecting to PerfShielder service.
03-11 09:04:55.462 19701 19908 W CAM_A : PORTRAIT > rel Δ(result sensor
timestamp) = 0,67 > 0,25
03-11 09:04:55.463 19701 19740 E DeviceLevel: MiDeviceLevelBridge(): Load
Exception:java.lang.NoSuchFieldException: No field IS_MIUI_MIDDLE_VERSION in class
Lcom/miui/performance/DeviceLevelUtils; (declaration of
'com.miui.performance.DeviceLevelUtils' appears in
/system/framework/MiuiBooster.jar)
03-11 09:04:55.469 19701 19701 D Drawable: getShouldDeclineWhiteColor false
03-11 09:04:55.474 19701 19728 E gralloc4: Empty SMPTE 2094-40 data
03-11 09:04:55.486 19701 19701 D Drawable: getShouldDeclineWhiteColor false
03-11 09:04:55.490 19701 19728 E gralloc4: Empty SMPTE 2094-40 data
03-11 09:04:55.503 19701 19701 D Drawable: getShouldDeclineWhiteColor false
03-11 09:04:55.511 19701 19728 E gralloc4: Empty SMPTE 2094-40 data
03-11 09:04:55.527 19701 19995 D Drawable: getShouldDeclineWhiteColor false
03-11 09:04:55.530 19701 19995 D Drawable: getShouldDeclineWhiteColor false
03-11 09:04:55.531 19701 19996 D Drawable: getShouldDeclineWhiteColor false
03-11 09:04:55.534 19701 19996 D Drawable: getShouldDeclineWhiteColor false
03-11 09:04:55.534 19701 19998 D Drawable: getShouldDeclineWhiteColor false
03-11 09:04:55.534 19701 19998 D Drawable: getShouldDeclineWhiteColor false
03-11 09:04:55.541 19701 19997 D Drawable: getShouldDeclineWhiteColor false
03-11 09:04:55.542 19701 19997 D Drawable: getShouldDeclineWhiteColor false
03-11 09:04:55.544 19701 19701 D Drawable: getShouldDeclineWhiteColor false
03-11 09:04:55.544 19701 19701 D Drawable: getShouldDeclineWhiteColor false
03-11 09:04:55.545 19701 19701 D Drawable: getShouldDeclineWhiteColor false
03-11 09:04:55.548 19701 19728 E gralloc4: Empty SMPTE 2094-40 data
03-11 09:04:55.550 19701 19701 D Drawable: getShouldDeclineWhiteColor false
03-11 09:04:55.551 19701 19701 D Drawable: getShouldDeclineWhiteColor false
03-11 09:04:55.551 19701 19701 D Drawable: getShouldDeclineWhiteColor false
03-11 09:04:55.551 19701 19701 D Drawable: getShouldDeclineWhiteColor false
03-11 09:04:55.552 19701 19701 D Drawable: getShouldDeclineWhiteColor false
03-11 09:04:55.552 19701 19701 D Drawable: getShouldDeclineWhiteColor false
03-11 09:04:55.552 19701 19701 D Drawable: getShouldDeclineWhiteColor false
03-11 09:04:55.556 19701 19728 E gralloc4: Empty SMPTE 2094-40 data
03-11 09:04:55.560 19701 19701 D Drawable: getShouldDeclineWhiteColor false
03-11 09:04:55.561 19701 19701 D Drawable: getShouldDeclineWhiteColor false
03-11 09:04:55.561 19701 19701 D Drawable: getShouldDeclineWhiteColor false
03-11 09:04:55.562 19701 19701 D Drawable: getShouldDeclineWhiteColor false
03-11 09:04:55.562 19701 19701 D Drawable: getShouldDeclineWhiteColor false
03-11 09:04:55.562 19701 19701 D Drawable: getShouldDeclineWhiteColor false
03-11 09:04:55.562 19701 19701 D Drawable: getShouldDeclineWhiteColor false
03-11 09:04:55.569 19701 19728 E gralloc4: Empty SMPTE 2094-40 data
03-11 09:04:55.577 19701 19701 D Drawable: getShouldDeclineWhiteColor false
03-11 09:04:55.577 19701 19701 D Drawable: getShouldDeclineWhiteColor false
03-11 09:04:55.578 19701 19701 D Drawable: getShouldDeclineWhiteColor false
03-11 09:04:55.578 19701 19701 D Drawable: getShouldDeclineWhiteColor false
03-11 09:04:55.579 19701 19908 W CAM_A : PORTRAIT > abs Δ(result sensor
timestamp) = 100,68 ms > 70,00 ms
03-11 09:04:55.579 19701 19908 W CAM_A : PORTRAIT > rel Δ(result sensor
timestamp) = 2,00 > 0,25
03-11 09:04:55.579 19701 19908 W CAM_A : PORTRAIT > result sensor delay = 3,02 >
1,10
03-11 09:04:55.581 19701 19701 D Drawable: getShouldDeclineWhiteColor false
03-11 09:04:55.581 19701 19701 D Drawable: getShouldDeclineWhiteColor false
03-11 09:04:55.584 19701 19728 E gralloc4: Empty SMPTE 2094-40 data
03-11 09:04:55.588 19701 19701 D Drawable: getShouldDeclineWhiteColor false
03-11 09:04:55.588 19701 19701 D Drawable: getShouldDeclineWhiteColor false
03-11 09:04:55.589 19701 19701 D Drawable: getShouldDeclineWhiteColor false
03-11 09:04:55.589 19701 19701 D Drawable: getShouldDeclineWhiteColor false
03-11 09:04:55.589 19701 19701 D Drawable: getShouldDeclineWhiteColor false
03-11 09:04:55.589 19701 19701 D Drawable: getShouldDeclineWhiteColor false
03-11 09:04:55.589 19701 19701 D Drawable: getShouldDeclineWhiteColor false
03-11 09:04:55.591 19701 19728 E gralloc4: Empty SMPTE 2094-40 data
03-11 09:04:55.601 19701 19908 W CAM_A : PORTRAIT > rel Δ(result sensor
timestamp) = 0,67 > 0,25
03-11 09:04:55.605 19701 19701 D Drawable: getShouldDeclineWhiteColor false
03-11 09:04:55.605 19701 19701 D Drawable: getShouldDeclineWhiteColor false
03-11 09:04:55.605 19701 19701 D Drawable: getShouldDeclineWhiteColor false
03-11 09:04:55.605 19701 19701 D Drawable: getShouldDeclineWhiteColor false
03-11 09:04:55.606 19701 19701 D Drawable: getShouldDeclineWhiteColor false
03-11 09:04:55.606 19701 19701 D Drawable: getShouldDeclineWhiteColor false
03-11 09:04:55.606 19701 19701 D Drawable: getShouldDeclineWhiteColor false
03-11 09:04:55.606 19701 19701 D Drawable: getShouldDeclineWhiteColor false
03-11 09:04:55.609 19701 19728 E gralloc4: Empty SMPTE 2094-40 data
03-11 09:04:55.622 19701 19701 D Drawable: getShouldDeclineWhiteColor false
03-11 09:04:55.622 19701 19701 D Drawable: getShouldDeclineWhiteColor false
03-11 09:04:55.622 19701 19701 D Drawable: getShouldDeclineWhiteColor false
03-11 09:04:55.622 19701 19701 D Drawable: getShouldDeclineWhiteColor false
03-11 09:04:55.622 19701 19701 D Drawable: getShouldDeclineWhiteColor false
03-11 09:04:55.622 19701 19701 D Drawable: getShouldDeclineWhiteColor false
03-11 09:04:55.622 19701 19701 D Drawable: getShouldDeclineWhiteColor false
03-11 09:04:55.622 19701 19701 D Drawable: getShouldDeclineWhiteColor false
03-11 09:04:55.625 19701 19728 E gralloc4: Empty SMPTE 2094-40 data
03-11 09:04:55.640 19701 19701 D Drawable: getShouldDeclineWhiteColor false
03-11 09:04:55.640 19701 19701 D Drawable: getShouldDeclineWhiteColor false
03-11 09:04:55.640 19701 19701 D Drawable: getShouldDeclineWhiteColor false
03-11 09:04:55.641 19701 19701 D Drawable: getShouldDeclineWhiteColor false
03-11 09:04:55.641 19701 19701 D Drawable: getShouldDeclineWhiteColor false
03-11 09:04:55.641 19701 19701 D Drawable: getShouldDeclineWhiteColor false
03-11 09:04:55.641 19701 19701 D Drawable: getShouldDeclineWhiteColor false
03-11 09:04:55.646 19701 19728 E gralloc4: Empty SMPTE 2094-40 data
03-11 09:04:55.664 19701 19701 D Drawable: getShouldDeclineWhiteColor false
03-11 09:04:55.664 19701 19701 D Drawable: getShouldDeclineWhiteColor false
03-11 09:04:55.665 19701 19701 D Drawable: getShouldDeclineWhiteColor false
03-11 09:04:55.665 19701 19701 D Drawable: getShouldDeclineWhiteColor false
03-11 09:04:55.665 19701 19701 D Drawable: getShouldDeclineWhiteColor false
03-11 09:04:55.665 19701 19701 D Drawable: getShouldDeclineWhiteColor false
03-11 09:04:55.666 19701 19701 D Drawable: getShouldDeclineWhiteColor false
03-11 09:04:55.672 19701 19728 E gralloc4: Empty SMPTE 2094-40 data
03-11 09:04:55.676 19701 19701 D Drawable: getShouldDeclineWhiteColor false
03-11 09:04:55.676 19701 19701 D Drawable: getShouldDeclineWhiteColor false
03-11 09:04:55.678 19701 19701 D Drawable: getShouldDeclineWhiteColor false
03-11 09:04:55.678 19701 19701 D Drawable: getShouldDeclineWhiteColor false
03-11 09:04:55.678 19701 19701 D Drawable: getShouldDeclineWhiteColor false
03-11 09:04:55.678 19701 19701 D Drawable: getShouldDeclineWhiteColor false
03-11 09:04:55.678 19701 19701 D Drawable: getShouldDeclineWhiteColor false
03-11 09:04:55.684 19701 19728 E gralloc4: Empty SMPTE 2094-40 data
03-11 09:04:55.686 19701 19701 D Drawable: getShouldDeclineWhiteColor false
03-11 09:04:55.687 19701 19701 D Drawable: getShouldDeclineWhiteColor false
03-11 09:04:55.687 19701 19701 D Drawable: getShouldDeclineWhiteColor false
03-11 09:04:55.687 19701 19701 D Drawable: getShouldDeclineWhiteColor false
03-11 09:04:55.687 19701 19701 D Drawable: getShouldDeclineWhiteColor false
03-11 09:04:55.691 19701 19728 E gralloc4: Empty SMPTE 2094-40 data
03-11 09:04:55.703 19701 19701 D Drawable: getShouldDeclineWhiteColor false
03-11 09:04:55.704 19701 19701 D Drawable: getShouldDeclineWhiteColor false
03-11 09:04:55.704 19701 19701 D Drawable: getShouldDeclineWhiteColor false
03-11 09:04:55.704 19701 19701 D Drawable: getShouldDeclineWhiteColor false
03-11 09:04:55.704 19701 19855 W CAM_A : MergePD failed (shotId = 0)
03-11 09:04:55.709 19701 19728 E gralloc4: Empty SMPTE 2094-40 data
03-11 09:04:55.720 19701 19701 D Drawable: getShouldDeclineWhiteColor false
03-11 09:04:55.721 19701 19701 D Drawable: getShouldDeclineWhiteColor false
03-11 09:04:55.721 19701 19701 D Drawable: getShouldDeclineWhiteColor false
03-11 09:04:55.721 19701 19701 D Drawable: getShouldDeclineWhiteColor false
03-11 09:04:55.722 19701 19855 W CAM_A : Attempting to close the session but no
RGB image has been received.
03-11 09:04:55.723 19701 19728 E gralloc4: Empty SMPTE 2094-40 data
03-11 09:04:55.737 19701 19701 D Drawable: getShouldDeclineWhiteColor false
03-11 09:04:55.737 19701 19701 D Drawable: getShouldDeclineWhiteColor false
03-11 09:04:55.737 19701 19701 D Drawable: getShouldDeclineWhiteColor false
03-11 09:04:55.737 19701 19701 D Drawable: getShouldDeclineWhiteColor false
03-11 09:04:55.746 19701 19728 E gralloc4: Empty SMPTE 2094-40 data
03-11 09:04:55.754 19701 19701 D Drawable: getShouldDeclineWhiteColor false
03-11 09:04:55.754 19701 19701 D Drawable: getShouldDeclineWhiteColor false
03-11 09:04:55.754 19701 19701 D Drawable: getShouldDeclineWhiteColor false
03-11 09:04:55.754 19701 19701 D Drawable: getShouldDeclineWhiteColor false
03-11 09:04:55.758 19701 19728 E gralloc4: Empty SMPTE 2094-40 data
03-11 09:04:55.770 19701 19701 D Drawable: getShouldDeclineWhiteColor false
03-11 09:04:55.770 19701 19701 D Drawable: getShouldDeclineWhiteColor false
03-11 09:04:55.770 19701 19701 D Drawable: getShouldDeclineWhiteColor false
03-11 09:04:55.770 19701 19701 D Drawable: getShouldDeclineWhiteColor false
03-11 09:04:55.775 19701 19728 E gralloc4: Empty SMPTE 2094-40 data
03-11 09:04:55.791 19701 19728 E gralloc4: Empty SMPTE 2094-40 data
03-11 09:04:55.807 19701 19908 W CAM_A : PORTRAIT > abs Δ(result sensor
timestamp) = 201,36 ms > 70,00 ms
03-11 09:04:55.807 19701 19908 W CAM_A : PORTRAIT > rel Δ(result sensor
timestamp) = 5,00 > 0,25
03-11 09:04:55.807 19701 19908 W CAM_A : PORTRAIT > result sensor delay = 6,04 >
1,10
03-11 09:04:55.820 19701 19701 D Drawable: getShouldDeclineWhiteColor false
03-11 09:04:55.823 19701 19728 E gralloc4: Empty SMPTE 2094-40 data
03-11 09:04:55.838 19701 19908 W CAM_A : PORTRAIT > rel Δ(result sensor
timestamp) = 0,83 > 0,25
03-11 09:04:55.840 19701 19736 W gralloc4: Could not find component description for
FourCC value 20363152
03-11 09:04:55.853 19701 19701 D Drawable: getShouldDeclineWhiteColor false
03-11 09:04:55.856 19701 19728 E gralloc4: Empty SMPTE 2094-40 data
03-11 09:04:55.907 19701 19728 E gralloc4: Empty SMPTE 2094-40 data
03-11 09:04:55.923 19701 19728 E gralloc4: Empty SMPTE 2094-40 data
03-11 09:04:55.937 19701 19908 W CAM_A : PORTRAIT > abs Δ(result sensor
timestamp) = 100,68 ms > 70,00 ms
03-11 09:04:55.937 19701 19908 W CAM_A : PORTRAIT > rel Δ(result sensor
timestamp) = 2,00 > 0,25
03-11 09:04:55.937 19701 19908 W CAM_A : PORTRAIT > result sensor delay = 3,02 >
1,10
03-11 09:04:55.954 19701 19701 D Drawable: getShouldDeclineWhiteColor false
03-11 09:04:55.958 19701 19728 E gralloc4: Empty SMPTE 2094-40 data
03-11 09:04:55.976 19701 19908 W CAM_A : PORTRAIT > rel Δ(result sensor
timestamp) = 0,67 > 0,25
03-11 09:04:55.978 19701 19728 E gralloc4: Empty SMPTE 2094-40 data
03-11 09:04:55.987 19701 19701 D Drawable: getShouldDeclineWhiteColor false
03-11 09:04:55.990 19701 19728 E gralloc4: Empty SMPTE 2094-40 data
03-11 09:04:56.042 19701 19728 E gralloc4: Empty SMPTE 2094-40 data
03-11 09:04:56.057 19701 19728 E gralloc4: Empty SMPTE 2094-40 data
03-11 09:04:56.074 19701 19908 W CAM_A : PORTRAIT > abs Δ(result sensor
timestamp) = 100,68 ms > 70,00 ms
