01-11 22:30:11.337 29843 30038 I SAMP : Load vehicle upgrade: 1010 (times: 30)
01-11 22:30:11.338 29843 30038 I SAMP : Load vehicle upgrade -- loaded
01-11 22:30:11.338 29843 30038 I SAMP : Packet_CustomPacket, type: 14
01-11 22:30:11.382 29843 30038 I SAMP : Packet_CustomPacket, type: 12
01-11 22:30:11.504 29843 30038 I SAMP : Packet_CustomPacket, type: 12
01-11 22:30:11.696 29843 29843 V AutofillManager: requestHideFillUi(null): anchor =
null
01-11 22:30:12.053 29843 30038 I SAMP : Packet_CustomPacket, type: 12
01-11 22:30:12.187 29843 30038 I SAMP : Packet_CustomPacket, type: 12
01-11 22:30:12.187 29843 30038 I SAMP : Packet_CustomPacket, type: 12
01-11 22:30:12.187 29843 30038 I SAMP : Packet_CustomPacket, type: 12
01-11 22:30:12.604 29843 30038 I SAMP : Packet_CustomPacket, type: 12
01-11 22:30:13.157 29843 30038 I SAMP : Packet_CustomPacket, type: 12
01-11 22:30:13.202 29843 30038 I SAMP : Packet_CustomPacket, type: 12
01-11 22:30:13.202 29843 30038 I SAMP : Packet_CustomPacket, type: 12
01-11 22:30:13.202 29843 30038 I SAMP : Packet_CustomPacket, type: 12
01-11 22:30:13.628 29843 30038 I SAMP : Packet_CustomPacket, type: 12
01-11 22:30:13.759 29843 30038 I SAMP : Packet_CustomPacket, type: 12
01-11 22:30:13.961 29843 29843 V AutofillManager: requestHideFillUi(null): anchor =
null
01-11 22:30:14.043 29843 30038 I SAMP : Packet_CustomPacket, type: 14
01-11 22:30:14.176 29843 30038 I SAMP : Packet_CustomPacket, type: 12
01-11 22:30:14.257 29843 30038 I SAMP : Packet_CustomPacket, type: 12
01-11 22:30:14.257 29843 30038 I SAMP : Packet_CustomPacket, type: 12
01-11 22:30:14.257 29843 30038 I SAMP : Packet_CustomPacket, type: 12
01-11 22:30:14.257 29843 30038 I SAMP : Packet_CustomPacket, type: 12
01-11 22:30:14.283 29843 30038 I SAMP : Packet_CustomPacket, type: 12
01-11 22:30:14.406 29843 30038 I SAMP : Packet_CustomPacket, type: 12
01-11 22:30:14.704 29843 30038 I SAMP : Packet_CustomPacket, type: 12
01-11 22:30:14.836 29843 30038 I SAMP : Packet_CustomPacket, type: 12
01-11 22:30:14.941 29843 30038 I SAMP : Packet_CustomPacket, type: 12
01-11 22:30:15.298 29843 30038 I SAMP : Packet_CustomPacket, type: 12
01-11 22:30:15.298 29843 30038 I SAMP : Packet_CustomPacket, type: 12
01-11 22:30:15.298 29843 30038 I SAMP : Packet_CustomPacket, type: 12
01-11 22:30:15.298 29843 30038 I SAMP : Packet_CustomPacket, type: 12
01-11 22:30:15.298 29843 30038 I SAMP : Packet_CustomPacket, type: 12
01-11 22:30:15.383 29843 30038 I SAMP : Packet_CustomPacket, type: 12
01-11 22:30:15.503 29843 30038 I SAMP : Packet_CustomPacket, type: 12
01-11 22:30:15.845 29843 30038 I SAMP : Packet_CustomPacket, type: 12
01-11 22:30:15.951 29843 30038 I SAMP : Packet_CustomPacket, type: 12
01-11 22:30:16.058 29843 30038 I SAMP : Packet_CustomPacket, type: 12
01-11 22:30:16.358 29843 30038 I SAMP : Packet_CustomPacket, type: 12
01-11 22:30:16.359 29843 30038 I SAMP : Packet_CustomPacket, type: 12
01-11 22:30:16.359 29843 30038 I SAMP : Packet_CustomPacket, type: 12
01-11 22:30:16.518 29843 30038 I SAMP : Packet_CustomPacket, type: 12
01-11 22:30:16.634 29843 30038 I SAMP : Packet_CustomPacket, type: 12
01-11 22:30:17.087 29843 30038 I SAMP : Packet_CustomPacket, type: 12
01-11 22:30:17.378 29843 30038 I SAMP : Packet_CustomPacket, type: 12
01-11 22:30:17.378 29843 30038 I SAMP : Packet_CustomPacket, type: 12
01-11 22:30:17.646 29843 30038 I SAMP : Packet_CustomPacket, type: 12
01-11 22:30:18.176 29843 30038 I SAMP : Packet_CustomPacket, type: 12
01-11 22:30:18.393 29843 30038 I SAMP : Packet_CustomPacket, type: 12
01-11 22:30:18.394 29843 30038 I SAMP : Packet_CustomPacket, type: 12
01-11 22:30:18.730 29843 30038 I SAMP : Packet_CustomPacket, type: 12
01-11 22:30:19.292 29843 30038 I SAMP : Packet_CustomPacket, type: 12
01-11 22:30:19.457 29843 30038 I SAMP : Packet_CustomPacket, type: 12
01-11 22:30:19.458 29843 30038 I SAMP : Packet_CustomPacket, type: 12
01-11 22:30:19.843 29843 30038 I SAMP : Packet_CustomPacket, type: 12
01-11 22:30:20.398 29843 30038 I SAMP : Packet_CustomPacket, type: 12
01-11 22:30:20.505 29843 30038 I SAMP : Packet_CustomPacket, type: 12
01-11 22:30:20.505 29843 30038 I SAMP : Packet_CustomPacket, type: 12
01-11 22:30:20.958 29843 30038 I SAMP : Packet_CustomPacket, type: 12
01-11 22:30:21.508 29843 30038 I SAMP : Packet_CustomPacket, type: 12
01-11 22:30:21.535 29843 30038 I SAMP : Packet_CustomPacket, type: 12
01-11 22:30:21.535 29843 30038 I SAMP : Packet_CustomPacket, type: 12
01-11 22:30:22.092 29843 30038 I SAMP : Packet_CustomPacket, type: 12
01-11 22:30:22.586 29843 30038 I SAMP : Packet_CustomPacket, type: 12
01-11 22:30:22.586 29843 30038 I SAMP : Packet_CustomPacket, type: 12
01-11 22:30:22.642 29843 30038 I SAMP : Packet_CustomPacket, type: 12
01-11 22:30:23.137 29843 30038 I SAMP : Packet_CustomPacket, type: 14
01-11 22:30:23.219 29843 30038 I SAMP : Packet_CustomPacket, type: 12
01-11 22:30:23.615 29843 30038 I SAMP : Packet_CustomPacket, type: 12
01-11 22:30:23.616 29843 30038 I SAMP : Packet_CustomPacket, type: 12
01-11 22:30:23.756 29843 30038 I SAMP : Packet_CustomPacket, type: 12
01-11 22:30:24.322 29843 30038 I SAMP : Packet_CustomPacket, type: 12
01-11 22:30:24.665 29843 30038 I SAMP : Packet_CustomPacket, type: 12
01-11 22:30:24.665 29843 30038 I SAMP : Packet_CustomPacket, type: 12
01-11 22:30:24.872 29843 30038 I SAMP : Packet_CustomPacket, type: 12
01-11 22:30:25.450 29843 30038 I SAMP : Packet_CustomPacket, type: 12
01-11 22:30:25.721 29843 30038 I SAMP : Packet_CustomPacket, type: 12
01-11 22:30:25.722 29843 30038 I SAMP : Packet_CustomPacket, type: 12
01-11 22:30:26.008 29843 30038 I SAMP : Packet_CustomPacket, type: 12
01-11 22:30:26.552 29843 30038 I SAMP : Packet_CustomPacket, type: 12
01-11 22:30:26.738 29843 30038 I SAMP : Packet_CustomPacket, type: 12
01-11 22:30:27.144 29843 29843 V AutofillManager: requestHideFillUi(null): anchor =
null
01-11 22:30:27.792 29843 29843 V AutofillManager: requestHideFillUi(null): anchor =
null
01-11 22:30:27.824 29843 30038 I SAMP : Packet_CustomPacket, type: 12
01-11 22:30:28.824 29843 30038 I SAMP : Packet_CustomPacket, type: 12
01-11 22:30:29.808 29843 30038 I SAMP : Packet_CustomPacket, type: 12
01-11 22:30:30.314 29843 30038 I SAMP : Packet_CustomPacket, type: 14
01-11 22:30:30.845 29843 30038 I SAMP : Packet_CustomPacket, type: 12
01-11 22:30:31.839 29843 30038 I SAMP : Packet_CustomPacket, type: 12
01-11 22:30:32.845 29843 30038 I SAMP : Packet_CustomPacket, type: 12
01-11 22:30:33.872 29843 30038 I SAMP : Packet_CustomPacket, type: 12
01-11 22:30:33.971 29843 30038 I SAMP : Packet_CustomPacket, type: 14
01-11 22:30:34.074 29843 30038 I SAMP : Packet_CustomPacket, type: 12
01-11 22:30:34.600 29843 30038 I SAMP : Packet_CustomPacket, type: 12
01-11 22:30:34.888 29843 30038 I SAMP : Load vehicle upgrade: 1010 (times: 30)
01-11 22:30:34.889 29843 30038 I SAMP : Load vehicle upgrade -- loaded
01-11 22:30:34.889 29843 30038 I SAMP : Packet_CustomPacket, type: 14
01-11 22:30:34.889 29843 30038 I SAMP : Packet_CustomPacket, type: 14
01-11 22:30:34.890 29843 30038 I SAMP : Load vehicle upgrade: 1010 (times: 30)
01-11 22:30:34.890 29843 30038 I SAMP : Load vehicle upgrade -- loaded
01-11 22:30:34.890 29843 30038 I SAMP : Packet_CustomPacket, type: 14
01-11 22:30:34.921 29843 30038 I SAMP : Packet_CustomPacket, type: 12
01-11 22:30:34.921 29843 30038 I SAMP : Packet_CustomPacket, type: 12
01-11 22:30:35.161 29843 30038 I SAMP : Packet_CustomPacket, type: 12
01-11 22:30:35.684 29843 30038 I SAMP : Packet_CustomPacket, type: 12
01-11 22:30:35.883 29843 30038 I SAMP : Packet_CustomPacket, type: 12
01-11 22:30:35.884 29843 30038 I SAMP : Packet_CustomPacket, type: 12
01-11 22:30:36.258 29843 30038 I SAMP : Packet_CustomPacket, type: 12
01-11 22:30:36.748 29843 30038 I SAMP : Packet_CustomPacket, type: 12
01-11 22:30:36.882 29843 30038 I SAMP : Packet_CustomPacket, type: 12
01-11 22:30:36.882 29843 30038 I SAMP : Packet_CustomPacket, type: 12
01-11 22:30:37.315 29843 30038 I SAMP : Packet_CustomPacket, type: 12
01-11 22:30:37.826 29843 30038 I SAMP : Packet_CustomPacket, type: 12
01-11 22:30:37.881 29843 30038 I SAMP : Packet_CustomPacket, type: 12
01-11 22:30:37.882 29843 30038 I SAMP : Packet_CustomPacket, type: 12
01-11 22:30:38.400 29843 30038 I SAMP : Packet_CustomPacket, type: 12
01-11 22:30:38.886 29843 30038 I SAMP : Packet_CustomPacket, type: 12
01-11 22:30:38.886 29843 30038 I SAMP : Packet_CustomPacket, type: 12
01-11 22:30:38.914 29843 30038 I SAMP : Packet_CustomPacket, type: 12
01-11 22:30:39.235 29843 30038 I SAMP : Packet_CustomPacket, type: 14
01-11 22:30:39.236 29843 30038 I SAMP : Packet_CustomPacket, type: 14
01-11 22:30:39.459 29843 30038 I SAMP : Packet_CustomPacket, type: 12
01-11 22:30:39.511 29843 30038 I SAMP : Packet_CustomPacket, type: 12
01-11 22:30:39.628 29843 30038 I SAMP : Packet_CustomPacket, type: 12
01-11 22:30:39.930 29843 30038 I SAMP : Packet_CustomPacket, type: 12
01-11 22:30:39.930 29843 30038 I SAMP : Packet_CustomPacket, type: 12
01-11 22:30:39.930 29843 30038 I SAMP : Packet_CustomPacket, type: 12
01-11 22:30:39.930 29843 30038 I SAMP : Packet_CustomPacket, type: 12
01-11 22:30:40.015 29843 30038 I SAMP : Packet_CustomPacket, type: 12
01-11 22:30:40.044 29843 30038 I SAMP : Packet_CustomPacket, type: 12
01-11 22:30:40.179 29843 30038 I SAMP : Packet_CustomPacket, type: 12
01-11 22:30:40.528 29843 30038 I SAMP : Packet_CustomPacket, type: 12
01-11 22:30:40.573 29843 30038 I SAMP : Packet_CustomPacket, type: 12
01-11 22:30:40.736 29843 30038 I SAMP : Packet_CustomPacket, type: 12
01-11 22:30:40.938 29843 30038 I SAMP : Packet_CustomPacket, type: 12
01-11 22:30:40.938 29843 30038 I SAMP : Packet_CustomPacket, type: 12
01-11 22:30:40.938 29843 30038 I SAMP : Packet_CustomPacket, type: 12
01-11 22:30:40.938 29843 30038 I SAMP : Packet_CustomPacket, type: 12
01-11 22:30:41.086 29843 30038 I SAMP : Packet_CustomPacket, type: 12
01-11 22:30:41.114 29843 30038 I SAMP : Packet_CustomPacket, type: 14
01-11 22:30:41.119 29843 30038 I SAMP : Packet_CustomPacket, type: 12
01-11 22:30:41.291 29843 30038 I SAMP : Packet_CustomPacket, type: 12
01-11 22:30:41.570 29843 30038 I SAMP : Packet_CustomPacket, type: 12
01-11 22:30:41.596 29843 30038 I SAMP : Packet_CustomPacket, type: 12
01-11 22:30:41.665 29843 30038 I SAMP : Packet_CustomPacket, type: 12
01-11 22:30:41.805 29843 30038 I SAMP : Packet_CustomPacket, type: 12
01-11 22:30:41.976 29843 30038 I SAMP : Packet_CustomPacket, type: 12
01-11 22:30:41.977 29843 30038 I SAMP : Packet_CustomPacket, type: 12
01-11 22:30:41.977 29843 30038 I SAMP : Packet_CustomPacket, type: 12
01-11 22:30:41.977 29843 30038 I SAMP : Packet_CustomPacket, type: 12
01-11 22:30:41.977 29843 30038 I SAMP : Packet_CustomPacket, type: 12
01-11 22:30:41.978 29843 30038 I SAMP : Packet_CustomPacket, type: 14
01-11 22:30:42.128 29843 30038 I SAMP : Packet_CustomPacket, type: 12
01-11 22:30:42.166 29843 30038 I SAMP : Packet_CustomPacket, type: 12
01-11 22:30:42.245 29843 30038 I SAMP : Packet_CustomPacket, type: 12
01-11 22:30:42.372 29843 30038 I SAMP : Packet_CustomPacket, type: 12
01-11 22:30:42.655 29843 30038 I SAMP : Packet_CustomPacket, type: 12
01-11 22:30:42.694 29843 30038 I SAMP : Packet_CustomPacket, type: 12
01-11 22:30:42.756 29843 30038 I SAMP : Packet_CustomPacket, type: 12
01-11 22:30:42.886 29843 30038 I SAMP : Packet_CustomPacket, type: 12
01-11 22:30:42.978 29843 30038 I SAMP : Packet_CustomPacket, type: 12
01-11 22:30:42.978 29843 30038 I SAMP : Packet_CustomPacket, type: 12
01-11 22:30:42.978 29843 30038 I SAMP : Packet_CustomPacket, type: 12
01-11 22:30:42.978 29843 30038 I SAMP : Packet_CustomPacket, type: 12
01-11 22:30:42.978 29843 30038 I SAMP : Packet_CustomPacket, type: 12
01-11 22:30:43.195 29843 30038 I SAMP : Packet_CustomPacket, type: 12
01-11 22:30:43.218 29843 30038 I SAMP : Packet_CustomPacket, type: 12
01-11 22:30:43.322 29843 30038 I SAMP : Packet_CustomPacket, type: 12
01-11 22:30:43.434 29843 30038 I SAMP : Packet_CustomPacket, type: 12
01-11 22:30:43.732 29843 30038 I SAMP : Packet_CustomPacket, type: 12
01-11 22:30:43.755 29843 30038 I SAMP : Packet_CustomPacket, type: 12
01-11 22:30:43.850 29843 30038 I SAMP : Packet_CustomPacket, type: 12
01-11 22:30:43.959 29843 30038 I SAMP : Packet_CustomPacket, type: 12
01-11 22:30:43.982 29843 30038 I SAMP : Packet_CustomPacket, type: 12
01-11 22:30:43.982 29843 30038 I SAMP : Packet_CustomPacket, type: 12
01-11 22:30:43.982 29843 30038 I SAMP : Packet_CustomPacket, type: 12
01-11 22:30:43.982 29843 30038 I SAMP : Packet_CustomPacket, type: 12
01-11 22:30:43.982 29843 30038 I SAMP : Packet_CustomPacket, type: 12
01-11 22:30:44.364 29843 30038 I SAMP : Packet_CustomPacket, type: 12
01-11 22:30:44.365 29843 30038 I SAMP : Packet_CustomPacket, type: 12
01-11 22:30:44.388 29843 30038 I SAMP : Packet_CustomPacket, type: 12
01-11 22:30:44.495 29843 30038 I SAMP : Packet_CustomPacket, type: 12
01-11 22:30:44.893 29843 30038 I SAMP : Packet_CustomPacket, type: 12
01-11 22:30:44.893 29843 30038 I SAMP : Packet_CustomPacket, type: 12
01-11 22:30:44.950 29843 30038 I SAMP : Packet_CustomPacket, type: 12
01-11 22:30:45.051 29843 30038 I SAMP : Packet_CustomPacket, type: 12
01-11 22:30:45.052 29843 30038 I SAMP : Packet_CustomPacket, type: 12
01-11 22:30:45.052 29843 30038 I SAMP : Packet_CustomPacket, type: 12
01-11 22:30:45.052 29843 30038 I SAMP : Packet_CustomPacket, type: 12
01-11 22:30:45.052 29843 30038 I SAMP : Packet_CustomPacket, type: 12
01-11 22:30:45.052 29843 30038 I SAMP : Packet_CustomPacket, type: 12
01-11 22:30:45.417 29843 30038 I SAMP : Packet_CustomPacket, type: 12
01-11 22:30:45.417 29843 30038 I SAMP : Packet_CustomPacket, type: 12
01-11 22:30:45.471 29843 30038 I SAMP : Packet_CustomPacket, type: 12
01-11 22:30:45.580 29843 30038 I SAMP : Packet_CustomPacket, type: 12
01-11 22:30:45.940 29843 30038 I SAMP : Packet_CustomPacket, type: 12
01-11 22:30:45.967 29843 30038 I SAMP : Packet_CustomPacket, type: 12
01-11 22:30:46.056 29843 30038 I SAMP : Packet_CustomPacket, type: 12
01-11 22:30:46.056 29843 30038 I SAMP : Packet_CustomPacket, type: 12
01-11 22:30:46.056 29843 30038 I SAMP : Packet_CustomPacket, type: 12
01-11 22:30:46.056 29843 30038 I SAMP : Packet_CustomPacket, type: 12
01-11 22:30:46.056 29843 30038 I SAMP : Packet_CustomPacket, type: 12
01-11 22:30:46.056 29843 30038 I SAMP : Packet_CustomPacket, type: 12
01-11 22:30:46.114 29843 30038 I SAMP : Packet_CustomPacket, type: 12
01-11 22:30:46.307 29843 29843 V AutofillManager: requestHideFillUi(null): anchor =
null
01-11 22:30:46.515 29843 30038 I SAMP : Packet_CustomPacket, type: 12
01-11 22:30:46.515 29843 30038 I SAMP : Packet_CustomPacket, type: 12
01-11 22:30:46.584 29843 30038 I SAMP : Packet_CustomPacket, type: 12
01-11 22:30:46.671 29843 30038 I SAMP : Packet_CustomPacket, type: 12
01-11 22:30:47.054 29843 30038 I SAMP : Packet_CustomPacket, type: 12
01-11 22:30:47.055 29843 30038 I SAMP : Packet_CustomPacket, type: 12
01-11 22:30:47.055 29843 30038 I SAMP : Packet_CustomPacket, type: 12
01-11 22:30:47.055 29843 30038 I SAMP : Packet_CustomPacket, type: 12
01-11 22:30:47.055 29843 30038 I SAMP : Packet_CustomPacket, type: 12
01-11 22:30:47.055 29843 30038 I SAMP : Packet_CustomPacket, type: 12
01-11 22:30:47.091 29843 30038 I SAMP : Packet_CustomPacket, type: 12
01-11 22:30:47.162 29843 30038 I SAMP : Packet_CustomPacket, type: 12
01-11 22:30:47.202 29843 30038 I SAMP : Packet_CustomPacket, type: 12
01-11 22:30:47.643 29843 30038 I SAMP : Packet_CustomPacket, type: 12
01-11 22:30:47.643 29843 30038 I SAMP : Packet_CustomPacket, type: 12
01-11 22:30:47.698 29843 30038 I SAMP : Packet_CustomPacket, type: 12
01-11 22:30:47.793 29843 30038 I SAMP : Packet_CustomPacket, type: 12
01-11 22:30:48.052 29843 30038 I SAMP : Packet_CustomPacket, type: 12
01-11 22:30:48.053 29843 30038 I SAMP : Packet_CustomPacket, type: 12
01-11 22:30:48.053 29843 30038 I SAMP : Packet_CustomPacket, type: 12
01-11 22:30:48.053 29843 30038 I SAMP : Packet_CustomPacket, type: 12
01-11 22:30:48.053 29843 30038 I SAMP : Packet_CustomPacket, type: 12
01-11 22:30:48.145 29843 30038 I SAMP : Packet_CustomPacket, type: 12
01-11 22:30:48.244 29843 30038 I SAMP : Packet_CustomPacket, type: 12
01-11 22:30:48.325 29843 30038 I SAMP : Packet_CustomPacket, type: 12
01-11 22:30:48.715 29843 30038 I SAMP : Packet_CustomPacket, type: 12
01-11 22:30:48.810 29843 30038 I SAMP : Packet_CustomPacket, type: 12
01-11 22:30:48.866 29843 30038 I SAMP : Packet_CustomPacket, type: 12
01-11 22:30:49.045 29843 30038 I SAMP : Packet_CustomPacket, type: 14
01-11 22:30:49.075 29843 30038 I SAMP : Packet_CustomPacket, type: 12
01-11 22:30:49.075 29843 30038 I SAMP : Packet_CustomPacket, type: 12
01-11 22:30:49.075 29843 30038 I SAMP : Packet_CustomPacket, type: 12
01-11 22:30:49.075 29843 30038 I SAMP : Packet_CustomPacket, type: 12
01-11 22:30:49.220 29843 30038 I SAMP : Packet_CustomPacket, type: 12
01-11 22:30:49.395 29843 30038 I SAMP : Packet_CustomPacket, type: 12
01-11 22:30:49.395 29843 30038 I SAMP : Packet_CustomPacket, type: 12
01-11 22:30:49.760 29843 30038 I SAMP : Packet_CustomPacket, type: 12
01-11 22:30:49.918 29843 30038 I SAMP : Packet_CustomPacket, type: 12
01-11 22:30:49.943 29843 30038 I SAMP : Packet_CustomPacket, type: 12
01-11 22:30:50.100 29843 30038 I SAMP : Packet_CustomPacket, type: 12
01-11 22:30:50.101 29843 30038 I SAMP : Packet_CustomPacket, type: 12
01-11 22:30:50.101 29843 30038 I SAMP : Packet_CustomPacket, type: 12
01-11 22:30:50.101 29843 30038 I SAMP : Packet_CustomPacket, type: 12
01-11 22:30:50.324 29843 30038 I SAMP : Packet_CustomPacket, type: 12
01-11 22:30:50.484 29843 30038 I SAMP : Packet_CustomPacket, type: 12
01-11 22:30:50.484 29843 30038 I SAMP : Packet_CustomPacket, type: 12
01-11 22:30:50.855 29843 30038 I SAMP : Packet_CustomPacket, type: 12
01-11 22:30:51.008 29843 30038 I SAMP : Packet_CustomPacket, type: 12
01-11 22:30:51.008 29843 30038 I SAMP : Packet_CustomPacket, type: 12
01-11 22:30:51.126 29843 30038 I SAMP : Packet_CustomPacket, type: 12
01-11 22:30:51.126 29843 30038 I SAMP : Packet_CustomPacket, type: 12
01-11 22:30:51.126 29843 30038 I SAMP : Packet_CustomPacket, type: 12
01-11 22:30:51.126 29843 30038 I SAMP : Packet_CustomPacket, type: 12
01-11 22:30:51.386 29843 30038 I SAMP : Packet_CustomPacket, type: 12
01-11 22:30:51.590 29843 30038 I SAMP : Packet_CustomPacket, type: 12
01-11 22:30:51.590 29843 30038 I SAMP : Packet_CustomPacket, type: 12
01-11 22:30:51.921 29843 30038 I SAMP : Packet_CustomPacket, type: 12
01-11 22:30:52.108 29843 30038 I SAMP : Packet_CustomPacket, type: 12
01-11 22:30:52.108 29843 30038 I SAMP : Packet_CustomPacket, type: 12
01-11 22:30:52.132 29843 30038 I SAMP : Packet_CustomPacket, type: 12
01-11 22:30:52.132 29843 30038 I SAMP : Packet_CustomPacket, type: 12
01-11 22:30:52.133 29843 30038 I SAMP : Packet_CustomPacket, type: 12
01-11 22:30:52.133 29843 30038 I SAMP : Packet_CustomPacket, type: 12
01-11 22:30:52.462 29843 30038 I SAMP : Packet_CustomPacket, type: 12
01-11 22:30:52.655 29843 30038 I SAMP : Packet_CustomPacket, type: 12
01-11 22:30:52.655 29843 30038 I SAMP : Packet_CustomPacket, type: 12
01-11 22:30:53.009 29843 30038 I SAMP : Packet_CustomPacket, type: 12
01-11 22:30:53.087 29843 29843 V AutofillManager: requestHideFillUi(null): anchor =
null
01-11 22:30:53.134 29843 30038 I SAMP : Packet_CustomPacket, type: 12
01-11 22:30:53.134 29843 30038 I SAMP : Packet_CustomPacket, type: 12
01-11 22:30:53.134 29843 30038 I SAMP : Packet_CustomPacket, type: 12
01-11 22:30:53.135 29843 30038 I SAMP : Packet_CustomPacket, type: 12
01-11 22:30:53.185 29843 30038 I SAMP : Packet_CustomPacket, type: 12
01-11 22:30:53.186 29843 30038 I SAMP : Packet_CustomPacket, type: 12
01-11 22:30:53.283 29843 29843 I oplus.android.OplusFrameworkFactoryImpl: get
feature:IOplusDynamicVsyncFeature
01-11 22:30:53.283 29843 29843 I oplus.android.OplusFrameworkFactoryImpl: get
feature:IOplusDynamicVsyncFeature
01-11 22:30:53.283 29843 29843 I oplus.android.OplusFrameworkFactoryImpl: get
feature:IOplusDynamicVsyncFeature
01-11 22:30:53.285 29843 29843 I oplus.android.OplusFrameworkFactoryImpl: get
feature:IOplusDynamicVsyncFeature
01-11 22:30:53.285 29843 29843 I oplus.android.OplusFrameworkFactoryImpl: get
feature:IOplusDynamicVsyncFeature
01-11 22:30:53.285 29843 29843 I oplus.android.OplusFrameworkFactoryImpl: get
feature:IOplusDynamicVsyncFeature
01-11 22:30:53.286 29843 29843 I oplus.android.OplusFrameworkFactoryImpl: get
feature:IOplusDynamicVsyncFeature
01-11 22:30:53.286 29843 29843 I oplus.android.OplusFrameworkFactoryImpl: get
feature:IOplusDynamicVsyncFeature
01-11 22:30:53.286 29843 29843 I oplus.android.OplusFrameworkFactoryImpl: get
feature:IOplusDynamicVsyncFeature
01-11 22:30:53.290 29843 29843 V TextView: notifyAutoFillManagerAfterTextChanged
01-11 22:30:53.290 29843 29843 V AutofillManager: notifyValueChanged(1073741871):
ignoring on state FINISHED
01-11 22:30:53.290 29843 29843 V TextView: notifyAutoFillManagerAfterTextChanged
01-11 22:30:53.290 29843 29843 V AutofillManager: notifyValueChanged(1073741871):
ignoring on state FINISHED
01-11 22:30:53.310 29843 29843 D WindowManager: Add to mViews:
DecorView@f8ce75c[GTASA],pkg= com.rockstargames.samp
01-11 22:30:53.370 29843 29843 V OplusZoomWindowDecorViewHelper:
setLastReportedMergedConfiguration mZoomDisplayHeight: 720 getDecorView.260892508
01-11 22:30:53.399 29843 29843 I Quality : Skipped: false 3 cost 61.227703
refreshRate 0 processName com.rockstargames.samp
01-11 22:30:53.407 29843 30080 D SurfaceComposerClient: VRR [FRTC] client handle
[bufferId:18446744073709551615 framenumber:0] [ffffffff, ffffffff]
01-11 22:30:53.432 29843 29886 E BLASTBufferQueue:
BLASTBufferItemConsumer::onDisconnect()
01-11 22:30:53.438 29843 29843 I Quality : Skipped: false 1 cost 33.284164
refreshRate 0 processName com.rockstargames.samp
01-11 22:30:53.540 29843 30038 I SAMP : Packet_CustomPacket, type: 12
01-11 22:30:53.729 29843 30038 I SAMP : Packet_CustomPacket, type: 12
01-11 22:30:54.076 29843 30038 I SAMP : Packet_CustomPacket, type: 12
01-11 22:30:54.150 29843 30038 I SAMP : Packet_CustomPacket, type: 12
01-11 22:30:54.150 29843 30038 I SAMP : Packet_CustomPacket, type: 12
01-11 22:30:54.150 29843 30038 I SAMP : Packet_CustomPacket, type: 12
01-11 22:30:54.150 29843 30038 I SAMP : Packet_CustomPacket, type: 12
01-11 22:30:54.624 29843 29843 V AutofillManager: requestHideFillUi(null): anchor =
null
01-11 22:30:54.646 29843 30038 I SAMP : Packet_CustomPacket, type: 12
01-11 22:30:54.702 29843 29843 D OplusScrollToTopManager:
unregisterGuidePopupDismissReceiverInSystemUI
01-11 22:30:54.702 29843 29843 D OplusScrollToTopManager: Receiver not registered:
android.view.OplusScrollToTopManager$1@f6e9ac1
01-11 22:30:54.702 29843 29843 D OplusScrollToTopManager:
unregisterSystemUIBroadcastReceiver
01-11 22:30:54.702 29843 29843 D OplusScrollToTopManager:
java.lang.IllegalArgumentException: Receiver not registered:
android.view.OplusScrollToTopManager$2@784e266
01-11 22:30:54.703 29843 29843 V OplusZoomWindowDecorViewHelper: removeZoomView
01-11 22:30:54.737 29843 29886 E BLASTBufferQueue:
BLASTBufferItemConsumer::onDisconnect()
01-11 22:30:54.764 29843 29843 I Quality : Skipped: true 3 cost 59.467907
refreshRate 0 processName com.rockstargames.samp
01-11 22:30:54.791 29843 29843 I oplus.android.OplusFrameworkFactoryImpl: get
feature:IOplusDynamicVsyncFeature
01-11 22:30:54.791 29843 29843 I oplus.android.OplusFrameworkFactoryImpl: get
feature:IOplusDynamicVsyncFeature
01-11 22:30:54.791 29843 29843 I oplus.android.OplusFrameworkFactoryImpl: get
feature:IOplusDynamicVsyncFeature
01-11 22:30:54.793 29843 29843 I oplus.android.OplusFrameworkFactoryImpl: get
feature:IOplusDynamicVsyncFeature
01-11 22:30:54.793 29843 29843 I oplus.android.OplusFrameworkFactoryImpl: get
feature:IOplusDynamicVsyncFeature
01-11 22:30:54.793 29843 29843 I oplus.android.OplusFrameworkFactoryImpl: get
feature:IOplusDynamicVsyncFeature
01-11 22:30:54.794 29843 29843 I oplus.android.OplusFrameworkFactoryImpl: get
feature:IOplusDynamicVsyncFeature
01-11 22:30:54.794 29843 29843 I oplus.android.OplusFrameworkFactoryImpl: get
feature:IOplusDynamicVsyncFeature
01-11 22:30:54.794 29843 29843 I oplus.android.OplusFrameworkFactoryImpl: get
feature:IOplusDynamicVsyncFeature
01-11 22:30:54.797 29843 29843 V TextView: notifyAutoFillManagerAfterTextChanged
01-11 22:30:54.797 29843 29843 V AutofillManager: notifyValueChanged(1073741873):
ignoring on state FINISHED
01-11 22:30:54.797 29843 29843 V TextView: notifyAutoFillManagerAfterTextChanged
01-11 22:30:54.797 29843 29843 V AutofillManager: notifyValueChanged(1073741873):
ignoring on state FINISHED
01-11 22:30:54.814 29843 29843 D WindowManager: Add to mViews:
DecorView@5e75208[GTASA],pkg= com.rockstargames.samp
01-11 22:30:54.865 29843 29843 V OplusZoomWindowDecorViewHelper:
setLastReportedMergedConfiguration mZoomDisplayHeight: 720 getDecorView.99045896
01-11 22:30:54.891 29843 30010 D SurfaceComposerClient: VRR [FRTC] client handle
[bufferId:18446744073709551615 framenumber:0] [ffffffff, ffffffff]
01-11 22:30:54.901 29843 29843 I Quality : Skipped: false 3 cost 63.484383
refreshRate 0 processName com.rockstargames.samp
01-11 22:30:54.929 29843 29843 I Quality : Skipped: false 1 cost 24.68545
refreshRate 0 processName com.rockstargames.samp
01-11 22:30:55.186 29843 30038 I SAMP : Packet_CustomPacket, type: 12
01-11 22:30:55.186 29843 30038 I SAMP : Packet_CustomPacket, type: 12
01-11 22:30:55.186 29843 30038 I SAMP : Packet_CustomPacket, type: 12
01-11 22:30:55.186 29843 30038 I SAMP : Packet_CustomPacket, type: 12
01-11 22:30:55.489 29843 29843 V AutofillManager: requestHideFillUi(null): anchor =
null
01-11 22:30:55.576 29843 29843 D OplusScrollToTopManager:
unregisterGuidePopupDismissReceiverInSystemUI
01-11 22:30:55.576 29843 29843 D OplusScrollToTopManager: Receiver not registered:
android.view.OplusScrollToTopManager$1@5966526
01-11 22:30:55.576 29843 29843 D OplusScrollToTopManager:
unregisterSystemUIBroadcastReceiver
01-11 22:30:55.576 29843 29843 D OplusScrollToTopManager:
java.lang.IllegalArgumentException: Receiver not registered:
android.view.OplusScrollToTopManager$2@53ed567
01-11 22:30:55.577 29843 29843 V OplusZoomWindowDecorViewHelper: removeZoomView
01-11 22:30:55.627 29843 29886 E BLASTBufferQueue:
BLASTBufferItemConsumer::onDisconnect()
01-11 22:30:55.640 29843 29843 I Quality : Skipped: true 4 cost 68.71489
refreshRate 0 processName com.rockstargames.samp
01-11 22:30:55.710 29843 30038 I SAMP : Packet_CustomPacket, type: 12
01-11 22:30:55.874 29843 29843 V AutofillManager: requestHideFillUi(null): anchor =
null
01-11 22:30:56.188 29843 30038 I SAMP : Packet_CustomPacket, type: 12
01-11 22:30:56.189 29843 30038 I SAMP : Packet_CustomPacket, type: 12
01-11 22:30:56.189 29843 30038 I SAMP : Packet_CustomPacket, type: 12
01-11 22:30:56.250 29843 30038 I SAMP : Packet_CustomPacket, type: 12
01-11 22:30:56.797 29843 30038 I SAMP : Packet_CustomPacket, type: 12
01-11 22:30:57.204 29843 30038 I SAMP : Packet_CustomPacket, type: 12
01-11 22:30:57.205 29843 30038 I SAMP : Packet_CustomPacket, type: 12
01-11 22:30:57.205 29843 30038 I SAMP : Packet_CustomPacket, type: 12
01-11 22:30:57.344 29843 30038 I SAMP : Packet_CustomPacket, type: 12
01-11 22:30:57.502 29843 30038 I SAMP : Packet_CustomPacket, type: 14
01-11 22:30:57.902 29843 30038 I SAMP : Packet_CustomPacket, type: 12
01-11 22:30:58.072 29843 30038 I SAMP : Packet_CustomPacket, type: 12
01-11 22:30:58.207 29843 30038 I SAMP : Packet_CustomPacket, type: 12
01-11 22:30:58.207 29843 30038 I SAMP : Packet_CustomPacket, type: 12
01-11 22:30:58.207 29843 30038 I SAMP : Packet_CustomPacket, type: 12
01-11 22:30:58.207 29843 30038 I SAMP : Packet_CustomPacket, type: 12
01-11 22:30:58.408 29843 30038 I SAMP : Packet_CustomPacket, type: 12
01-11 22:30:58.440 29843 30038 I SAMP : Packet_CustomPacket, type: 14
01-11 22:30:58.440 29843 30038 I SAMP : Load vehicle upgrade: 1010 (times: 30)
01-11 22:30:58.440 29843 30038 I SAMP : Load vehicle upgrade -- loaded
01-11 22:30:58.440 29843 30038 I SAMP : Packet_CustomPacket, type: 14
01-11 22:30:58.640 29843 30038 I SAMP : Packet_CustomPacket, type: 12
01-11 22:30:58.987 29843 30038 I SAMP : Packet_CustomPacket, type: 12
01-11 22:30:59.228 29843 30038 I SAMP : Packet_CustomPacket, type: 12
01-11 22:30:59.255 29843 30038 I SAMP : Packet_CustomPacket, type: 12
01-11 22:30:59.256 29843 30038 I SAMP : Packet_CustomPacket, type: 12
01-11 22:30:59.256 29843 30038 I SAMP : Packet_CustomPacket, type: 12
01-11 22:30:59.256 29843 30038 I SAMP : Packet_CustomPacket, type: 12
01-11 22:30:59.320 29843 30038 I SAMP : Load vehicle upgrade: 1010 (times: 30)
01-11 22:30:59.320 29843 30038 I SAMP : Load vehicle upgrade -- loaded
01-11 22:30:59.320 29843 30038 I SAMP : Packet_CustomPacket, type: 14
01-11 22:30:59.482 29843 30038 I SAMP : Packet_CustomPacket, type: 12
01-11 22:30:59.708 29843 30038 I SAMP : Packet_CustomPacket, type: 12
01-11 22:31:00.027 29843 30038 I SAMP : Packet_CustomPacket, type: 12
01-11 22:31:00.229 29843 30038 I SAMP : Packet_CustomPacket, type: 12
01-11 22:31:00.229 29843 30038 I SAMP : Packet_CustomPacket, type: 12
01-11 22:31:00.229 29843 30038 I SAMP : Packet_CustomPacket, type: 12
01-11 22:31:00.229 29843 30038 I SAMP : Packet_CustomPacket, type: 12
01-11 22:31:00.265 29843 30038 I SAMP : Packet_CustomPacket, type: 12
01-11 22:31:00.569 29843 30038 I SAMP : Packet_CustomPacket, type: 12
01-11 22:31:00.807 29843 30038 I SAMP : Packet_CustomPacket, type: 12
01-11 22:31:01.130 29843 30038 I SAMP : Packet_CustomPacket, type: 12
01-11 22:31:01.260 29843 30038 I SAMP : Packet_CustomPacket, type: 12
01-11 22:31:01.260 29843 30038 I SAMP : Packet_CustomPacket, type: 12
01-11 22:31:01.261 29843 30038 I SAMP : Packet_CustomPacket, type: 12
01-11 22:31:01.261 29843 30038 I SAMP : Packet_CustomPacket, type: 12
01-11 22:31:01.361 29843 30038 I SAMP : Packet_CustomPacket, type: 12
01-11 22:31:01.684 29843 30038 I SAMP : Packet_CustomPacket, type: 12
01-11 22:31:01.926 29843 30038 I SAMP : Packet_CustomPacket, type: 12
01-11 22:31:02.038 29843 30038 I SAMP : Packet_CustomPacket, type: 14
01-11 22:31:02.243 29843 30038 I SAMP : Packet_CustomPacket, type: 12
01-11 22:31:02.243 29843 30038 I SAMP : Packet_CustomPacket, type: 12
01-11 22:31:02.334 29843 30038 I SAMP : Packet_CustomPacket, type: 12
01-11 22:31:02.335 29843 30038 I SAMP : Packet_CustomPacket, type: 12
01-11 22:31:02.335 29843 30038 I SAMP : Packet_CustomPacket, type: 12
01-11 22:31:02.335 29843 30038 I SAMP : Packet_CustomPacket, type: 12
01-11 22:31:02.335 29843 30038 I SAMP : Packet_CustomPacket, type: 12
01-11 22:31:02.460 29843 30038 I SAMP : Packet_CustomPacket, type: 12
01-11 22:31:02.834 29843 30038 I SAMP : Packet_CustomPacket, type: 12
01-11 22:31:02.834 29843 30038 I SAMP : Packet_CustomPacket, type: 12
01-11 22:31:03.050 29843 30038 I SAMP : Packet_CustomPacket, type: 12
01-11 22:31:03.343 29843 30038 I SAMP : Packet_CustomPacket, type: 12
01-11 22:31:03.343 29843 30038 I SAMP : Packet_CustomPacket, type: 12
01-11 22:31:03.343 29843 30038 I SAMP : Packet_CustomPacket, type: 12
01-11 22:31:03.343 29843 30038 I SAMP : Packet_CustomPacket, type: 12
01-11 22:31:03.343 29843 30038 I SAMP : Packet_CustomPacket, type: 12
01-11 22:31:03.343 29843 30038 I SAMP : Packet_CustomPacket, type: 12
01-11 22:31:03.394 29843 30038 I SAMP : Packet_CustomPacket, type: 12
01-11 22:31:03.557 29843 30038 I SAMP : Packet_CustomPacket, type: 12
01-11 22:31:03.822 29843 30038 I SAMP : Packet_CustomPacket, type: 14
01-11 22:31:03.900 29843 30038 I SAMP : Packet_CustomPacket, type: 12
01-11 22:31:03.928 29843 30038 I SAMP : Packet_CustomPacket, type: 12
01-11 22:31:04.146 29843 30038 I SAMP : Packet_CustomPacket, type: 12
01-11 22:31:04.397 29843 30038 I SAMP : Packet_CustomPacket, type: 12
01-11 22:31:04.397 29843 30038 I SAMP : Packet_CustomPacket, type: 12
01-11 22:31:04.397 29843 30038 I SAMP : Packet_CustomPacket, type: 12
01-11 22:31:04.397 29843 30038 I SAMP : Packet_CustomPacket, type: 12
01-11 22:31:04.491 29843 30038 I SAMP : Packet_CustomPacket, type: 12
01-11 22:31:04.491 29843 30038 I SAMP : Packet_CustomPacket, type: 12
01-11 22:31:04.718 29843 30038 I SAMP : Packet_CustomPacket, type: 12
01-11 22:31:05.051 29843 30038 I SAMP : Packet_CustomPacket, type: 12
01-11 22:31:05.051 29843 30038 I SAMP : Packet_CustomPacket, type: 12
01-11 22:31:05.415 29843 30038 I SAMP : Packet_CustomPacket, type: 12
01-11 22:31:05.415 29843 30038 I SAMP : Packet_CustomPacket, type: 12
01-11 22:31:05.415 29843 30038 I SAMP : Packet_CustomPacket, type: 12
01-11 22:31:05.593 29843 30038 I SAMP : Packet_CustomPacket, type: 12
01-11 22:31:05.593 29843 30038 I SAMP : Packet_CustomPacket, type: 12
01-11 22:31:06.164 29843 30038 I SAMP : Packet_CustomPacket, type: 12
01-11 22:31:06.447 29843 30038 I SAMP : Packet_CustomPacket, type: 12
01-11 22:31:06.447 29843 30038 I SAMP : Packet_CustomPacket, type: 12
01-11 22:31:06.447 29843 30038 I SAMP : Packet_CustomPacket, type: 12
01-11 22:31:07.546 29843 30038 I SAMP : Packet_CustomPacket, type: 12
01-11 22:31:07.547 29843 30038 I SAMP : Packet_CustomPacket, type: 12
01-11 22:31:07.547 29843 30038 I SAMP : Packet_CustomPacket, type: 12
01-11 22:31:07.823 29843 30038 I SAMP : Packet_CustomPacket, type: 12
01-11 22:31:08.362 29843 30038 I SAMP : Packet_CustomPacket, type: 12
01-11 22:31:08.563 29843 30038 I SAMP : Packet_CustomPacket, type: 12
01-11 22:31:08.563 29843 30038 I SAMP : Packet_CustomPacket, type: 12
01-11 22:31:08.563 29843 30038 I SAMP : Packet_CustomPacket, type: 12
01-11 22:31:08.925 29843 30038 I SAMP : Packet_CustomPacket, type: 12
01-11 22:31:09.531 29843 30038 I SAMP : Packet_CustomPacket, type: 12
01-11 22:31:09.605 29843 30038 I SAMP : Packet_CustomPacket, type: 12
01-11 22:31:09.606 29843 30038 I SAMP : Packet_CustomPacket, type: 12
01-11 22:31:09.606 29843 30038 I SAMP : Packet_CustomPacket, type: 12
01-11 22:31:10.062 29843 30038 I SAMP : Packet_CustomPacket, type: 12
01-11 22:31:10.601 29843 30038 I SAMP : Packet_CustomPacket, type: 12
01-11 22:31:10.625 29843 30038 I SAMP : Packet_CustomPacket, type: 12
01-11 22:31:10.625 29843 30038 I SAMP : Packet_CustomPacket, type: 12
01-11 22:31:10.625 29843 30038 I SAMP : Packet_CustomPacket, type: 12
01-11 22:31:11.157 29843 30038 I SAMP : Packet_CustomPacket, type: 12
01-11 22:31:11.679 29843 30038 I SAMP : Packet_CustomPacket, type: 12
01-11 22:31:11.679 29843 30038 I SAMP : Packet_CustomPacket, type: 12
01-11 22:31:11.679 29843 30038 I SAMP : Packet_CustomPacket, type: 12
01-11 22:31:11.718 29843 30038 I SAMP : Packet_CustomPacket, type: 12
01-11 22:31:12.278 29843 30038 I SAMP : Packet_CustomPacket, type: 12
01-11 22:31:12.587 29843 29843 V AutofillManager: requestHideFillUi(null): anchor =
null
01-11 22:31:12.713 29843 30038 I SAMP : Packet_CustomPacket, type: 12
01-11 22:31:12.713 29843 30038 I SAMP : Packet_CustomPacket, type: 12
01-11 22:31:12.713 29843 30038 I SAMP : Packet_CustomPacket, type: 12
01-11 22:31:12.924 29843 30038 I SAMP : Packet_CustomPacket, type: 12
01-11 22:31:13.170 29843 29843 V AutofillManager: requestHideFillUi(null): anchor =
null
01-11 22:31:13.464 29843 30038 I SAMP : Packet_CustomPacket, type: 12
01-11 22:31:13.720 29843 30038 I SAMP : Packet_CustomPacket, type: 12
01-11 22:31:13.720 29843 30038 I SAMP : Packet_CustomPacket, type: 12
01-11 22:31:13.720 29843 30038 I SAMP : Packet_CustomPacket, type: 12
01-11 22:31:13.979 29843 30038 I SAMP : Packet_CustomPacket, type: 12
01-11 22:31:14.538 29843 30038 I SAMP : Packet_CustomPacket, type: 12
01-11 22:31:14.641 29843 30038 I SAMP : Packet_CustomPacket, type: 14
01-11 22:31:14.666 29843 30038 I SAMP : Packet_CustomPacket, type: 12
01-11 22:31:14.745 29843 30038 I SAMP : Packet_CustomPacket, type: 12
01-11 22:31:14.745 29843 30038 I SAMP : Packet_CustomPacket, type: 12
01-11 22:31:14.745 29843 30038 I SAMP : Packet_CustomPacket, type: 12
01-11 22:31:14.745 29843 30038 I SAMP : Packet_CustomPacket, type: 12
01-11 22:31:15.076 29843 30038 I SAMP : Packet_CustomPacket, type: 12
01-11 22:31:15.219 29843 30038 I SAMP : Packet_CustomPacket, type: 12
01-11 22:31:15.613 29843 30038 I SAMP : Packet_CustomPacket, type: 12
01-11 22:31:15.749 29843 30038 I SAMP : Packet_CustomPacket, type: 12
01-11 22:31:15.750 29843 30038 I SAMP : Packet_CustomPacket, type: 12
01-11 22:31:15.750 29843 30038 I SAMP : Packet_CustomPacket, type: 12
01-11 22:31:15.750 29843 30038 I SAMP : Packet_CustomPacket, type: 12
01-11 22:31:15.750 29843 30038 I SAMP : Packet_CustomPacket, type: 12
01-11 22:31:16.157 29843 30038 I SAMP : Packet_CustomPacket, type: 12
01-11 22:31:16.307 29843 30038 I SAMP : Packet_CustomPacket, type: 12
01-11 22:31:16.443 29843 30038 I SAMP : Packet_CustomPacket, type: 14
01-11 22:31:16.706 29843 30038 I SAMP : Packet_CustomPacket, type: 12
01-11 22:31:16.804 29843 30038 I SAMP : Packet_CustomPacket, type: 12
01-11 22:31:16.804 29843 30038 I SAMP : Packet_CustomPacket, type: 12
01-11 22:31:16.804 29843 30038 I SAMP : Packet_CustomPacket, type: 12
01-11 22:31:16.804 29843 30038 I SAMP : Packet_CustomPacket, type: 12
01-11 22:31:16.823 29843 30038 I SAMP : Packet_CustomPacket, type: 12
01-11 22:31:17.246 29843 30038 I SAMP : Packet_CustomPacket, type: 12
01-11 22:31:17.378 29843 30038 I SAMP : Packet_CustomPacket, type: 12
01-11 22:31:17.802 29843 30038 I SAMP : Packet_CustomPacket, type: 12
01-11 22:31:17.803 29843 30038 I SAMP : Packet_CustomPacket, type: 12
01-11 22:31:17.803 29843 30038 I SAMP : Packet_CustomPacket, type: 12
01-11 22:31:17.803 29843 30038 I SAMP : Packet_CustomPacket, type: 12
01-11 22:31:17.826 29843 30038 I SAMP : Packet_CustomPacket, type: 12
01-11 22:31:17.939 29843 30038 I SAMP : Packet_CustomPacket, type: 12
01-11 22:31:18.427 29843 30038 I SAMP : Packet_CustomPacket, type: 12
01-11 22:31:18.485 29843 30038 I SAMP : Packet_CustomPacket, type: 12
01-11 22:31:18.838 29843 30038 I SAMP : Packet_CustomPacket, type: 12
01-11 22:31:18.839 29843 30038 I SAMP : Packet_CustomPacket, type: 12
01-11 22:31:18.839 29843 30038 I SAMP : Packet_CustomPacket, type: 12
01-11 22:31:18.839 29843 30038 I SAMP : Packet_CustomPacket, type: 12
01-11 22:31:18.969 29843 30038 I SAMP : Packet_CustomPacket, type: 12
01-11 22:31:19.049 29843 30038 I SAMP : Packet_CustomPacket, type: 12
01-11 22:31:19.508 29843 30038 I SAMP : Packet_CustomPacket, type: 12
01-11 22:31:19.598 29843 30038 I SAMP : Packet_CustomPacket, type: 12
01-11 22:31:19.878 29843 30038 I SAMP : Packet_CustomPacket, type: 12
01-11 22:31:19.878 29843 30038 I SAMP : Packet_CustomPacket, type: 12
01-11 22:31:19.878 29843 30038 I SAMP : Packet_CustomPacket, type: 12
01-11 22:31:19.878 29843 30038 I SAMP : Packet_CustomPacket, type: 12
01-11 22:31:20.068 29843 30038 I SAMP : Packet_CustomPacket, type: 14
01-11 22:31:20.069 29843 30038 I SAMP : Load vehicle upgrade: 1010 (times: 30)
01-11 22:31:20.069 29843 30038 I SAMP : Load vehicle upgrade -- loaded
01-11 22:31:20.069 29843 30038 I SAMP : Packet_CustomPacket, type: 14
01-11 22:31:20.069 29843 30038 I SAMP : Packet_CustomPacket, type: 12
01-11 22:31:20.138 29843 30038 I SAMP : Packet_CustomPacket, type: 12
01-11 22:31:20.636 29843 30038 I SAMP : Packet_CustomPacket, type: 12
01-11 22:31:20.717 29843 30038 I SAMP : Packet_CustomPacket, type: 12
01-11 22:31:20.959 29843 30038 I SAMP : Packet_CustomPacket, type: 12
01-11 22:31:20.960 29843 30038 I SAMP : Packet_CustomPacket, type: 12
01-11 22:31:20.960 29843 30038 I SAMP : Packet_CustomPacket, type: 12
01-11 22:31:20.960 29843 30038 I SAMP : Packet_CustomPacket, type: 12
01-11 22:31:20.989 29843 30038 I SAMP : Load vehicle upgrade: 1010 (times: 30)
01-11 22:31:20.989 29843 30038 I SAMP : Load vehicle upgrade -- loaded
01-11 22:31:20.989 29843 30038 I SAMP : Packet_CustomPacket, type: 14
01-11 22:31:20.990 29843 30038 I SAMP : Packet_CustomPacket, type: 14
01-11 22:31:21.178 29843 30038 I SAMP : Packet_CustomPacket, type: 12
01-11 22:31:21.269 29843 30038 I SAMP : Packet_CustomPacket, type: 12
01-11 22:31:21.269 29843 30038 I SAMP : Packet_CustomPacket, type: 12
01-11 22:31:21.741 29843 30038 I SAMP : Packet_CustomPacket, type: 12
01-11 22:31:21.792 29843 30038 I SAMP : Packet_CustomPacket, type: 12
01-11 22:31:21.855 29843 30038 I SAMP : Packet_CustomPacket, type: 12
01-11 22:31:21.923 29843 30038 I SAMP : Packet_CustomPacket, type: 14
01-11 22:31:21.955 29843 30038 I SAMP : Packet_CustomPacket, type: 12
01-11 22:31:21.955 29843 30038 I SAMP : Packet_CustomPacket, type: 12
01-11 22:31:21.955 29843 30038 I SAMP : Packet_CustomPacket, type: 12
01-11 22:31:21.956 29843 30038 I SAMP : Packet_CustomPacket, type: 12
01-11 22:31:21.956 29843 30038 I SAMP : Packet_CustomPacket, type: 12
01-11 22:31:21.956 29843 30038 I SAMP : Packet_CustomPacket, type: 12
01-11 22:31:22.289 29843 30038 I SAMP : Packet_CustomPacket, type: 12
01-11 22:31:22.356 29843 30038 I SAMP : Packet_CustomPacket, type: 12
01-11 22:31:22.384 29843 30038 I SAMP : Packet_CustomPacket, type: 12
01-11 22:31:22.415 29843 30038 I SAMP : Packet_CustomPacket, type: 12
01-11 22:31:22.882 29843 30038 I SAMP : Packet_CustomPacket, type: 12
01-11 22:31:22.916 29843 30038 I SAMP : Packet_CustomPacket, type: 12
01-11 22:31:22.916 29843 30038 I SAMP : Packet_CustomPacket, type: 12
01-11 22:31:23.004 29843 30038 I SAMP : Packet_CustomPacket, type: 12
01-11 22:31:23.004 29843 30038 I SAMP : Packet_CustomPacket, type: 12
01-11 22:31:23.004 29843 30038 I SAMP : Packet_CustomPacket, type: 12
01-11 22:31:23.004 29843 30038 I SAMP : Packet_CustomPacket, type: 12
01-11 22:31:23.004 29843 30038 I SAMP : Packet_CustomPacket, type: 12
01-11 22:31:23.005 29843 30038 I SAMP : Packet_CustomPacket, type: 12
01-11 22:31:23.005 29843 30038 I SAMP : Packet_CustomPacket, type: 12
01-11 22:31:23.005 29843 30038 I SAMP : Packet_CustomPacket, type: 12
01-11 22:31:23.398 29843 30038 I SAMP : Packet_CustomPacket, type: 12
01-11 22:31:23.459 29843 30038 I SAMP : Packet_CustomPacket, type: 12
01-11 22:31:23.459 29843 30038 I SAMP : Packet_CustomPacket, type: 12
01-11 22:31:23.554 29843 30038 I SAMP : Packet_CustomPacket, type: 12
01-11 22:31:23.554 29843 30038 I SAMP : Packet_CustomPacket, type: 12
01-11 22:31:23.925 29843 30038 I SAMP : Packet_CustomPacket, type: 12
01-11 22:31:24.010 29843 30038 I SAMP : Packet_CustomPacket, type: 12
01-11 22:31:24.010 29843 30038 I SAMP : Packet_CustomPacket, type: 12
01-11 22:31:24.036 29843 30038 I SAMP : Packet_CustomPacket, type: 12
01-11 22:31:24.036 29843 30038 I SAMP : Packet_CustomPacket, type: 12
01-11 22:31:24.036 29843 30038 I SAMP : Packet_CustomPacket, type: 12
01-11 22:31:24.036 29843 30038 I SAMP : Packet_CustomPacket, type: 12
01-11 22:31:24.036 29843 30038 I SAMP : Packet_CustomPacket, type: 12
01-11 22:31:24.037 29843 30038 I SAMP : Packet_CustomPacket, type: 12
01-11 22:31:24.093 29843 30038 I SAMP : Packet_CustomPacket, type: 12
01-11 22:31:24.093 29843 30038 I SAMP : Packet_CustomPacket, type: 12
01-11 22:31:24.478 29843 30038 I SAMP : Packet_CustomPacket, type: 12
01-11 22:31:24.597 29843 30038 I SAMP : Packet_CustomPacket, type: 12
01-11 22:31:24.597 29843 30038 I SAMP : Packet_CustomPacket, type: 12
01-11 22:31:24.655 29843 30038 I SAMP : Packet_CustomPacket, type: 12
01-11 22:31:24.655 29843 30038 I SAMP : Packet_CustomPacket, type: 12
01-11 22:31:25.047 29843 30038 I SAMP : Packet_CustomPacket, type: 12
01-11 22:31:25.105 29843 30038 I SAMP : Packet_CustomPacket, type: 12
01-11 22:31:25.105 29843 30038 I SAMP : Packet_CustomPacket, type: 12
01-11 22:31:25.106 29843 30038 I SAMP : Packet_CustomPacket, type: 12
01-11 22:31:25.106 29843 30038 I SAMP : Packet_CustomPacket, type: 12
01-11 22:31:25.106 29843 30038 I SAMP : Packet_CustomPacket, type: 12
01-11 22:31:25.106 29843 30038 I SAMP : Packet_CustomPacket, type: 12
01-11 22:31:25.133 29843 30038 I SAMP : Packet_CustomPacket, type: 12
01-11 22:31:25.164 29843 30038 I SAMP : Packet_CustomPacket, type: 12
01-11 22:31:25.225 29843 30038 I SAMP : Packet_CustomPacket, type: 12
01-11 22:31:25.225 29843 30038 I SAMP : Packet_CustomPacket, type: 12
01-11 22:31:25.536 29843 30038 I SAMP : Packet_CustomPacket, type: 14
01-11 22:31:25.614 29843 30038 I SAMP : Packet_CustomPacket, type: 12
01-11 22:31:25.676 29843 30038 I SAMP : Packet_CustomPacket, type: 12
01-11 22:31:25.706 29843 30038 I SAMP : Packet_CustomPacket, type: 12
01-11 22:31:25.779 29843 30038 I SAMP : Packet_CustomPacket, type: 12
01-11 22:31:25.779 29843 30038 I SAMP : Packet_CustomPacket, type: 12
01-11 22:31:25.826 29843 29843 D CompatibilityChangeReporter: Compat change id
reported: 150939131; UID 10288; state: DISABLED
01-11 22:31:26.146 29843 30038 I SAMP : Packet_CustomPacket, type: 12
01-11 22:31:26.146 29843 30038 I SAMP : Packet_CustomPacket, type: 12
01-11 22:31:26.146 29843 30038 I SAMP : Packet_CustomPacket, type: 12
01-11 22:31:26.146 29843 30038 I SAMP : Packet_CustomPacket, type: 12
01-11 22:31:26.146 29843 30038 I SAMP : Packet_CustomPacket, type: 12
01-11 22:31:26.146 29843 30038 I SAMP : Packet_CustomPacket, type: 12
01-11 22:31:26.146 29843 30038 I SAMP : Packet_CustomPacket, type: 12
01-11 22:31:26.251 29843 30038 I SAMP : Packet_CustomPacket, type: 12
01-11 22:31:26.252 29843 30038 I SAMP : Packet_CustomPacket, type: 12
01-11 22:31:26.330 29843 30038 I SAMP : Packet_CustomPacket, type: 12
01-11 22:31:26.330 29843 30038 I SAMP : Packet_CustomPacket, type: 12
01-11 22:31:26.803 29843 30038 I SAMP : Packet_CustomPacket, type: 12
01-11 22:31:26.803 29843 30038 I SAMP : Packet_CustomPacket, type: 12
01-11 22:31:26.863 29843 30038 I SAMP : Packet_CustomPacket, type: 12
01-11 22:31:26.895 29843 30038 I SAMP : Packet_CustomPacket, type: 12
01-11 22:31:27.152 29843 30038 I SAMP : Packet_CustomPacket, type: 12
01-11 22:31:27.152 29843 30038 I SAMP : Packet_CustomPacket, type: 12
01-11 22:31:27.152 29843 30038 I SAMP : Packet_CustomPacket, type: 12
01-11 22:31:27.152 29843 30038 I SAMP : Packet_CustomPacket, type: 12
01-11 22:31:27.152 29843 30038 I SAMP : Packet_CustomPacket, type: 12
01-11 22:31:27.152 29843 30038 I SAMP : Packet_CustomPacket, type: 12
01-11 22:31:27.340 29843 30038 I SAMP : Packet_CustomPacket, type: 12
01-11 22:31:27.341 29843 30038 I SAMP : Packet_CustomPacket, type: 12
01-11 22:31:27.414 29843 30038 I SAMP : Packet_CustomPacket, type: 12
01-11 22:31:27.415 29843 30038 I SAMP : Packet_CustomPacket, type: 12
01-11 22:31:27.878 29843 30038 I SAMP : Packet_CustomPacket, type: 12
01-11 22:31:27.878 29843 30038 I SAMP : Packet_CustomPacket, type: 12
01-11 22:31:27.980 29843 30038 I SAMP : Packet_CustomPacket, type: 12
01-11 22:31:27.980 29843 30038 I SAMP : Packet_CustomPacket, type: 12
01-11 22:31:28.180 29843 30038 I SAMP : Packet_CustomPacket, type: 12
01-11 22:31:28.180 29843 30038 I SAMP : Packet_CustomPacket, type: 12
01-11 22:31:28.180 29843 30038 I SAMP : Packet_CustomPacket, type: 12
01-11 22:31:28.180 29843 30038 I SAMP : Packet_CustomPacket, type: 12
01-11 22:31:28.180 29843 30038 I SAMP : Packet_CustomPacket, type: 12
01-11 22:31:28.180 29843 30038 I SAMP : Packet_CustomPacket, type: 12
01-11 22:31:28.445 29843 30038 I SAMP : Packet_CustomPacket, type: 12
01-11 22:31:28.445 29843 30038 I SAMP : Packet_CustomPacket, type: 12
01-11 22:31:28.512 29843 30038 I SAMP : Packet_CustomPacket, type: 12
01-11 22:31:28.513 29843 30038 I SAMP : Packet_CustomPacket, type: 12
01-11 22:31:28.972 29843 30038 I SAMP : Packet_CustomPacket, type: 12
01-11 22:31:28.975 29843 30038 I SAMP : Packet_CustomPacket, type: 12
01-11 22:31:29.078 29843 30038 I SAMP : Packet_CustomPacket, type: 12
01-11 22:31:29.078 29843 30038 I SAMP : Packet_CustomPacket, type: 12
01-11 22:31:29.228 29843 30038 I SAMP : Packet_CustomPacket, type: 12
01-11 22:31:29.229 29843 30038 I SAMP : Packet_CustomPacket, type: 12
01-11 22:31:29.229 29843 30038 I SAMP : Packet_CustomPacket, type: 12
01-11 22:31:29.229 29843 30038 I SAMP : Packet_CustomPacket, type: 12
01-11 22:31:29.229 29843 30038 I SAMP : Packet_CustomPacket, type: 12
01-11 22:31:29.461 29843 30038 I SAMP : Packet_CustomPacket, type: 12
01-11 22:31:29.520 29843 30038 I SAMP : Packet_CustomPacket, type: 12
01-11 22:31:29.603 29843 30038 I SAMP : Packet_CustomPacket, type: 12
01-11 22:31:30.036 29843 30038 I SAMP : Packet_CustomPacket, type: 12
01-11 22:31:30.161 29843 30038 I SAMP : Packet_CustomPacket, type: 12
01-11 22:31:30.228 29843 30038 I SAMP : Packet_CustomPacket, type: 12
01-11 22:31:30.228 29843 30038 I SAMP : Packet_CustomPacket, type: 12
01-11 22:31:30.228 29843 30038 I SAMP : Packet_CustomPacket, type: 12
01-11 22:31:30.229 29843 30038 I SAMP : Packet_CustomPacket, type: 12
01-11 22:31:30.556 29843 30038 I SAMP : Packet_CustomPacket, type: 12
01-11 22:31:30.712 29843 30038 I SAMP : Packet_CustomPacket, type: 12
01-11 22:31:30.815 29843 29843 V AutofillManager: requestHideFillUi(null): anchor =
null
01-11 22:31:31.147 29843 30038 I SAMP : Packet_CustomPacket, type: 12
01-11 22:31:31.256 29843 30038 I SAMP : Packet_CustomPacket, type: 12
01-11 22:31:31.256 29843 30038 I SAMP : Packet_CustomPacket, type: 12
01-11 22:31:31.256 29843 30038 I SAMP : Packet_CustomPacket, type: 12
01-11 22:31:31.256 29843 30038 I SAMP : Packet_CustomPacket, type: 12
01-11 22:31:31.256 29843 30038 I SAMP : Packet_CustomPacket, type: 12
01-11 22:31:31.632 29843 29843 V AutofillManager: requestHideFillUi(null): anchor =
null
01-11 22:31:31.648 29843 30038 I SAMP : Packet_CustomPacket, type: 12
01-11 22:31:31.691 29843 30038 I SAMP : Packet_CustomPacket, type: 12
01-11 22:31:31.806 29843 30038 I SAMP : Packet_CustomPacket, type: 12
01-11 22:31:32.199 29843 30038 I SAMP : Packet_CustomPacket, type: 12
01-11 22:31:32.281 29843 30038 I SAMP : Packet_CustomPacket, type: 12
01-11 22:31:32.281 29843 30038 I SAMP : Packet_CustomPacket, type: 12
01-11 22:31:32.281 29843 30038 I SAMP : Packet_CustomPacket, type: 12
01-11 22:31:32.281 29843 30038 I SAMP : Packet_CustomPacket, type: 12
