BLASTBufferItemConsumer::onDisconnect()
01-11 22:28:12.929 29843 30038 I SAMP : Packet_CustomPacket, type: 12
01-11 22:28:12.998 29843 29886 E BLASTBufferQueue:
BLASTBufferItemConsumer::onDisconnect()
01-11 22:28:13.001 29843 29843 I Quality : Skipped: false 2 cost 36.532608
refreshRate 0 processName com.rockstargames.samp
01-11 22:28:13.044 29843 29886 E BLASTBufferQueue:
BLASTBufferItemConsumer::onDisconnect()
01-11 22:28:13.087 29843 29886 E BLASTBufferQueue:
BLASTBufferItemConsumer::onDisconnect()
01-11 22:28:13.160 29843 30038 I SAMP : Packet_CustomPacket, type: 12
01-11 22:28:13.182 29843 29886 E BLASTBufferQueue:
BLASTBufferItemConsumer::onDisconnect()
01-11 22:28:13.193 29843 29843 I Quality : Skipped: false 3 cost 61.130863
refreshRate 0 processName com.rockstargames.samp
01-11 22:28:13.251 29843 29886 E BLASTBufferQueue:
BLASTBufferItemConsumer::onDisconnect()
01-11 22:28:13.253 29843 29843 I Quality : Skipped: false 2 cost 38.35416
refreshRate 0 processName com.rockstargames.samp
01-11 22:28:13.305 29843 30038 I SAMP : Packet_CustomPacket, type: 12
01-11 22:28:13.349 29843 29886 E BLASTBufferQueue:
BLASTBufferItemConsumer::onDisconnect()
01-11 22:28:13.362 29843 29843 I Quality : Skipped: false 3 cost 63.987835
refreshRate 0 processName com.rockstargames.samp
01-11 22:28:13.412 29843 29886 E BLASTBufferQueue:
BLASTBufferItemConsumer::onDisconnect()
01-11 22:28:13.414 29843 29843 I Quality : Skipped: false 1 cost 32.961895
refreshRate 0 processName com.rockstargames.samp
01-11 22:28:13.498 29843 30038 I SAMP : Packet_CustomPacket, type: 12
01-11 22:28:13.525 29843 29886 E BLASTBufferQueue:
BLASTBufferItemConsumer::onDisconnect()
01-11 22:28:13.533 29843 29843 I Quality : Skipped: false 3 cost 51.690636
refreshRate 0 processName com.rockstargames.samp
01-11 22:28:13.597 29843 29886 E BLASTBufferQueue:
BLASTBufferItemConsumer::onDisconnect()
01-11 22:28:13.599 29843 29843 I Quality : Skipped: false 2 cost 34.22876
refreshRate 0 processName com.rockstargames.samp
01-11 22:28:13.691 29843 29886 E BLASTBufferQueue:
BLASTBufferItemConsumer::onDisconnect()
01-11 22:28:13.699 29843 29843 I Quality : Skipped: false 3 cost 50.83512
refreshRate 0 processName com.rockstargames.samp
01-11 22:28:13.748 29843 30038 I SAMP : Packet_CustomPacket, type: 12
01-11 22:28:13.756 29843 29886 E BLASTBufferQueue:
BLASTBufferItemConsumer::onDisconnect()
01-11 22:28:13.758 29843 29843 I Quality : Skipped: false 1 cost 26.926773
refreshRate 0 processName com.rockstargames.samp
01-11 22:28:13.806 29843 30038 I SAMP : Packet_CustomPacket, type: 12
01-11 22:28:13.806 29843 30038 I SAMP : Packet_CustomPacket, type: 12
01-11 22:28:13.807 29843 30038 I SAMP : Packet_CustomPacket, type: 12
01-11 22:28:13.807 29843 30038 I SAMP : Packet_CustomPacket, type: 12
01-11 22:28:13.807 29843 30038 I SAMP : Packet_CustomPacket, type: 12
01-11 22:28:13.807 29843 30038 I SAMP : Packet_CustomPacket, type: 12
01-11 22:28:13.807 29843 30038 I SAMP : Packet_CustomPacket, type: 12
01-11 22:28:13.861 29843 30038 I SAMP : Packet_CustomPacket, type: 12
01-11 22:28:13.885 29843 29886 E BLASTBufferQueue:
BLASTBufferItemConsumer::onDisconnect()
01-11 22:28:13.890 29843 29843 I Quality : Skipped: false 4 cost 75.02013
refreshRate 0 processName com.rockstargames.samp
01-11 22:28:13.921 29843 29886 E BLASTBufferQueue:
BLASTBufferItemConsumer::onDisconnect()
01-11 22:28:14.024 29843 29886 E BLASTBufferQueue:
BLASTBufferItemConsumer::onDisconnect()
01-11 22:28:14.027 29843 30038 I SAMP : Packet_CustomPacket, type: 12
01-11 22:28:14.035 29843 29843 I Quality : Skipped: false 3 cost 53.685936
refreshRate 0 processName com.rockstargames.samp
01-11 22:28:14.068 29843 29886 E BLASTBufferQueue:
BLASTBufferItemConsumer::onDisconnect()
01-11 22:28:14.204 29843 29886 E BLASTBufferQueue:
BLASTBufferItemConsumer::onDisconnect()
01-11 22:28:14.218 29843 29843 I Quality : Skipped: false 4 cost 69.629776
refreshRate 0 processName com.rockstargames.samp
01-11 22:28:14.264 29843 30038 I SAMP : Packet_CustomPacket, type: 12
01-11 22:28:14.435 29843 30038 I SAMP : Packet_CustomPacket, type: 12
01-11 22:28:14.535 29843 30038 I SAMP : Packet_CustomPacket, type: 12
01-11 22:28:14.581 29843 29843 V AutofillManager: requestHideFillUi(null): anchor =
null
01-11 22:28:14.674 29843 29843 D OplusScrollToTopManager:
unregisterGuidePopupDismissReceiverInSystemUI
01-11 22:28:14.674 29843 29843 D OplusScrollToTopManager: Receiver not registered:
android.view.OplusScrollToTopManager$1@7124a1b
01-11 22:28:14.674 29843 29843 D OplusScrollToTopManager:
unregisterSystemUIBroadcastReceiver
01-11 22:28:14.674 29843 29843 D OplusScrollToTopManager:
java.lang.IllegalArgumentException: Receiver not registered:
android.view.OplusScrollToTopManager$2@13ff7b8
01-11 22:28:14.675 29843 29843 V OplusZoomWindowDecorViewHelper: removeZoomView
01-11 22:28:14.759 29843 29886 E BLASTBufferQueue:
BLASTBufferItemConsumer::onDisconnect()
01-11 22:28:14.783 29843 29843 I Quality : Skipped: true 7 cost 118.7961
refreshRate 0 processName com.rockstargames.samp
01-11 22:28:14.805 29843 30038 I SAMP : Packet_CustomPacket, type: 12
01-11 22:28:14.806 29843 30038 I SAMP : Packet_CustomPacket, type: 12
01-11 22:28:14.806 29843 30038 I SAMP : Packet_CustomPacket, type: 12
01-11 22:28:14.806 29843 30038 I SAMP : Packet_CustomPacket, type: 12
01-11 22:28:14.806 29843 30038 I SAMP : Packet_CustomPacket, type: 12
01-11 22:28:14.806 29843 30038 I SAMP : Packet_CustomPacket, type: 12
01-11 22:28:14.806 29843 30038 I SAMP : Packet_CustomPacket, type: 12
01-11 22:28:14.806 29843 30038 I SAMP : Packet_CustomPacket, type: 12
01-11 22:28:14.844 29843 29843 I oplus.android.OplusFrameworkFactoryImpl: get
feature:IOplusDynamicVsyncFeature
01-11 22:28:14.844 29843 29843 I oplus.android.OplusFrameworkFactoryImpl: get
feature:IOplusDynamicVsyncFeature
01-11 22:28:14.844 29843 29843 I oplus.android.OplusFrameworkFactoryImpl: get
feature:IOplusDynamicVsyncFeature
01-11 22:28:14.846 29843 29843 I oplus.android.OplusFrameworkFactoryImpl: get
feature:IOplusDynamicVsyncFeature
01-11 22:28:14.847 29843 29843 I oplus.android.OplusFrameworkFactoryImpl: get
feature:IOplusDynamicVsyncFeature
01-11 22:28:14.847 29843 29843 I oplus.android.OplusFrameworkFactoryImpl: get
feature:IOplusDynamicVsyncFeature
01-11 22:28:14.847 29843 29843 I oplus.android.OplusFrameworkFactoryImpl: get
feature:IOplusDynamicVsyncFeature
01-11 22:28:14.848 29843 29843 I oplus.android.OplusFrameworkFactoryImpl: get
feature:IOplusDynamicVsyncFeature
01-11 22:28:14.848 29843 29843 I oplus.android.OplusFrameworkFactoryImpl: get
feature:IOplusDynamicVsyncFeature
01-11 22:28:14.852 29843 29843 V TextView: notifyAutoFillManagerAfterTextChanged
01-11 22:28:14.852 29843 29843 V AutofillManager: notifyValueChanged(1073741855):
ignoring on state FINISHED
01-11 22:28:14.852 29843 29843 V TextView: notifyAutoFillManagerAfterTextChanged
01-11 22:28:14.852 29843 29843 V AutofillManager: notifyValueChanged(1073741855):
ignoring on state FINISHED
01-11 22:28:14.873 29843 29843 D WindowManager: Add to mViews:
DecorView@17ba573[GTASA],pkg= com.rockstargames.samp
01-11 22:28:14.918 29843 29843 I Quality : Skipped: false 2 cost 36.910244
refreshRate 0 processName com.rockstargames.samp
01-11 22:28:14.938 29843 30038 I SAMP : Packet_CustomPacket, type: 12
01-11 22:28:14.959 29843 29843 V OplusZoomWindowDecorViewHelper:
setLastReportedMergedConfiguration mZoomDisplayHeight: 720 getDecorView.24880499
01-11 22:28:14.977 29843 29843 I Quality : Skipped: false 2 cost 45.94551
refreshRate 0 processName com.rockstargames.samp
01-11 22:28:14.999 29843 29843 I Quality : Skipped: false 1 cost 18.163195
refreshRate 0 processName com.rockstargames.samp
01-11 22:28:15.004 29843 29862 D SurfaceComposerClient: VRR [FRTC] client handle
[bufferId:18446744073709551615 framenumber:0] [ffffffff, ffffffff]
01-11 22:28:15.074 29843 30038 I SAMP : Packet_CustomPacket, type: 12
01-11 22:28:15.233 29843 29843 V AutofillManager: requestHideFillUi(null): anchor =
null
01-11 22:28:15.343 29843 30038 I SAMP : Packet_CustomPacket, type: 12
01-11 22:28:15.521 29843 30038 I SAMP : Packet_CustomPacket, type: 12
01-11 22:28:15.619 29843 30038 I SAMP : Packet_CustomPacket, type: 12
01-11 22:28:15.831 29843 30038 I SAMP : Packet_CustomPacket, type: 12
01-11 22:28:15.831 29843 30038 I SAMP : Packet_CustomPacket, type: 12
01-11 22:28:15.831 29843 30038 I SAMP : Packet_CustomPacket, type: 12
01-11 22:28:15.831 29843 30038 I SAMP : Packet_CustomPacket, type: 12
01-11 22:28:15.832 29843 30038 I SAMP : Packet_CustomPacket, type: 12
01-11 22:28:15.832 29843 30038 I SAMP : Packet_CustomPacket, type: 12
01-11 22:28:15.832 29843 30038 I SAMP : Packet_CustomPacket, type: 12
01-11 22:28:15.894 29843 30038 I SAMP : Packet_CustomPacket, type: 12
01-11 22:28:15.946 29843 29843 V AutofillManager: requestHideFillUi(null): anchor =
null
01-11 22:28:16.034 29843 30038 I SAMP : Packet_CustomPacket, type: 12
01-11 22:28:16.036 29843 29843 D OplusScrollToTopManager:
unregisterGuidePopupDismissReceiverInSystemUI
01-11 22:28:16.037 29843 29843 D OplusScrollToTopManager: Receiver not registered:
android.view.OplusScrollToTopManager$1@d12a19e
01-11 22:28:16.037 29843 29843 D OplusScrollToTopManager:
unregisterSystemUIBroadcastReceiver
01-11 22:28:16.037 29843 29843 D OplusScrollToTopManager:
java.lang.IllegalArgumentException: Receiver not registered:
android.view.OplusScrollToTopManager$2@c61247f
01-11 22:28:16.038 29843 29843 V OplusZoomWindowDecorViewHelper: removeZoomView
01-11 22:28:16.093 29843 29886 E BLASTBufferQueue:
BLASTBufferItemConsumer::onDisconnect()
01-11 22:28:16.118 29843 29843 I Quality : Skipped: true 5 cost 86.8749 refreshRate
0 processName com.rockstargames.samp
01-11 22:28:16.175 29843 30038 I SAMP : Packet_CustomPacket, type: 12
01-11 22:28:16.247 29843 29843 V AutofillManager: requestHideFillUi(null): anchor =
null
01-11 22:28:16.479 29843 30038 I SAMP : Packet_CustomPacket, type: 12
01-11 22:28:16.641 29843 30038 I SAMP : Packet_CustomPacket, type: 12
01-11 22:28:16.719 29843 30038 I SAMP : Packet_CustomPacket, type: 12
01-11 22:28:16.874 29843 30038 I SAMP : Packet_CustomPacket, type: 12
01-11 22:28:16.874 29843 30038 I SAMP : Packet_CustomPacket, type: 12
01-11 22:28:16.874 29843 30038 I SAMP : Packet_CustomPacket, type: 12
01-11 22:28:16.874 29843 30038 I SAMP : Packet_CustomPacket, type: 12
01-11 22:28:16.874 29843 30038 I SAMP : Packet_CustomPacket, type: 12
01-11 22:28:16.874 29843 30038 I SAMP : Packet_CustomPacket, type: 12
01-11 22:28:16.874 29843 30038 I SAMP : Packet_CustomPacket, type: 12
01-11 22:28:17.010 29843 30038 I SAMP : Packet_CustomPacket, type: 12
01-11 22:28:17.141 29843 30038 I SAMP : Packet_CustomPacket, type: 12
01-11 22:28:17.295 29843 30038 I SAMP : Packet_CustomPacket, type: 12
01-11 22:28:17.561 29843 30038 I SAMP : Packet_CustomPacket, type: 12
01-11 22:28:17.712 29843 30038 I SAMP : Packet_CustomPacket, type: 12
01-11 22:28:17.886 29843 30038 I SAMP : Packet_CustomPacket, type: 12
01-11 22:28:17.951 29843 30038 I SAMP : Packet_CustomPacket, type: 12
01-11 22:28:17.951 29843 30038 I SAMP : Packet_CustomPacket, type: 12
01-11 22:28:17.951 29843 30038 I SAMP : Packet_CustomPacket, type: 12
01-11 22:28:17.951 29843 30038 I SAMP : Packet_CustomPacket, type: 12
01-11 22:28:17.951 29843 30038 I SAMP : Packet_CustomPacket, type: 12
01-11 22:28:17.951 29843 30038 I SAMP : Packet_CustomPacket, type: 12
01-11 22:28:17.951 29843 30038 I SAMP : Packet_CustomPacket, type: 12
01-11 22:28:18.123 29843 30038 I SAMP : Packet_CustomPacket, type: 12
01-11 22:28:18.253 29843 30038 I SAMP : Packet_CustomPacket, type: 12
01-11 22:28:18.415 29843 30038 I SAMP : Packet_CustomPacket, type: 12
01-11 22:28:18.679 29843 30038 I SAMP : Packet_CustomPacket, type: 12
01-11 22:28:18.737 29843 30038 I SAMP : Load vehicle upgrade: 1010 (times: 30)
01-11 22:28:18.738 29843 30038 I SAMP : Load vehicle upgrade -- loaded
01-11 22:28:18.739 29843 30038 I SAMP : Packet_CustomPacket, type: 14
01-11 22:28:18.827 29843 30038 I SAMP : Packet_CustomPacket, type: 12
01-11 22:28:18.827 29843 30038 I SAMP : Packet_CustomPacket, type: 12
01-11 22:28:18.986 29843 30038 I SAMP : Packet_CustomPacket, type: 12
01-11 22:28:18.987 29843 30038 I SAMP : Packet_CustomPacket, type: 12
01-11 22:28:18.987 29843 30038 I SAMP : Packet_CustomPacket, type: 12
01-11 22:28:18.987 29843 30038 I SAMP : Packet_CustomPacket, type: 12
01-11 22:28:18.987 29843 30038 I SAMP : Packet_CustomPacket, type: 12
01-11 22:28:18.987 29843 30038 I SAMP : Packet_CustomPacket, type: 12
01-11 22:28:18.987 29843 30038 I SAMP : Packet_CustomPacket, type: 12
01-11 22:28:18.987 29843 30038 I SAMP : Packet_CustomPacket, type: 12
01-11 22:28:18.987 29843 30038 I SAMP : Packet_CustomPacket, type: 12
01-11 22:28:19.262 29843 30038 I SAMP : Packet_CustomPacket, type: 12
01-11 22:28:19.372 29843 30038 I SAMP : Packet_CustomPacket, type: 12
01-11 22:28:19.372 29843 30038 I SAMP : Packet_CustomPacket, type: 12
01-11 22:28:19.534 29843 30038 I SAMP : Packet_CustomPacket, type: 12
01-11 22:28:19.927 29843 30038 I SAMP : Packet_CustomPacket, type: 12
01-11 22:28:19.927 29843 30038 I SAMP : Packet_CustomPacket, type: 12
01-11 22:28:20.012 29843 30038 I SAMP : Packet_CustomPacket, type: 12
01-11 22:28:20.012 29843 30038 I SAMP : Packet_CustomPacket, type: 12
01-11 22:28:20.012 29843 30038 I SAMP : Packet_CustomPacket, type: 12
01-11 22:28:20.012 29843 30038 I SAMP : Packet_CustomPacket, type: 12
01-11 22:28:20.012 29843 30038 I SAMP : Packet_CustomPacket, type: 12
01-11 22:28:20.012 29843 30038 I SAMP : Packet_CustomPacket, type: 12
01-11 22:28:20.012 29843 30038 I SAMP : Packet_CustomPacket, type: 12
01-11 22:28:20.091 29843 30038 I SAMP : Packet_CustomPacket, type: 12
01-11 22:28:20.486 29843 30038 I SAMP : Packet_CustomPacket, type: 12
01-11 22:28:20.669 29843 30038 I SAMP : Packet_CustomPacket, type: 12
01-11 22:28:21.076 29843 30038 I SAMP : Packet_CustomPacket, type: 12
01-11 22:28:21.077 29843 30038 I SAMP : Packet_CustomPacket, type: 12
01-11 22:28:21.077 29843 30038 I SAMP : Packet_CustomPacket, type: 12
01-11 22:28:21.077 29843 30038 I SAMP : Packet_CustomPacket, type: 12
01-11 22:28:21.077 29843 30038 I SAMP : Packet_CustomPacket, type: 12
01-11 22:28:21.077 29843 30038 I SAMP : Packet_CustomPacket, type: 12
01-11 22:28:21.077 29843 30038 I SAMP : Packet_CustomPacket, type: 12
01-11 22:28:21.077 29843 30038 I SAMP : Packet_CustomPacket, type: 12
01-11 22:28:21.222 29843 30038 I SAMP : Packet_CustomPacket, type: 12
01-11 22:28:21.583 29843 30038 I SAMP : Packet_CustomPacket, type: 12
01-11 22:28:21.774 29843 30038 I SAMP : Packet_CustomPacket, type: 12
01-11 22:28:22.091 29843 30038 I SAMP : Packet_CustomPacket, type: 12
01-11 22:28:22.092 29843 30038 I SAMP : Packet_CustomPacket, type: 12
01-11 22:28:22.092 29843 30038 I SAMP : Packet_CustomPacket, type: 12
01-11 22:28:22.092 29843 30038 I SAMP : Packet_CustomPacket, type: 12
01-11 22:28:22.092 29843 30038 I SAMP : Packet_CustomPacket, type: 12
01-11 22:28:22.092 29843 30038 I SAMP : Packet_CustomPacket, type: 12
01-11 22:28:22.092 29843 30038 I SAMP : Packet_CustomPacket, type: 12
01-11 22:28:22.149 29843 30038 I SAMP : Packet_CustomPacket, type: 12
01-11 22:28:22.338 29843 30038 I SAMP : Packet_CustomPacket, type: 12
01-11 22:28:22.711 29843 30038 I SAMP : Packet_CustomPacket, type: 12
01-11 22:28:22.902 29843 30038 I SAMP : Packet_CustomPacket, type: 12
01-11 22:28:23.154 29843 30038 I SAMP : Packet_CustomPacket, type: 12
01-11 22:28:23.154 29843 30038 I SAMP : Packet_CustomPacket, type: 12
01-11 22:28:23.154 29843 30038 I SAMP : Packet_CustomPacket, type: 12
01-11 22:28:23.154 29843 30038 I SAMP : Packet_CustomPacket, type: 12
01-11 22:28:23.154 29843 30038 I SAMP : Packet_CustomPacket, type: 12
01-11 22:28:23.154 29843 30038 I SAMP : Packet_CustomPacket, type: 12
01-11 22:28:23.462 29843 30038 I SAMP : Packet_CustomPacket, type: 12
01-11 22:28:24.009 29843 30038 I SAMP : Packet_CustomPacket, type: 12
01-11 22:28:24.170 29843 30038 I SAMP : Packet_CustomPacket, type: 12
01-11 22:28:24.170 29843 30038 I SAMP : Packet_CustomPacket, type: 12
01-11 22:28:24.170 29843 30038 I SAMP : Packet_CustomPacket, type: 12
01-11 22:28:24.170 29843 30038 I SAMP : Packet_CustomPacket, type: 12
01-11 22:28:24.170 29843 30038 I SAMP : Packet_CustomPacket, type: 12
01-11 22:28:24.561 29843 30038 I SAMP : Packet_CustomPacket, type: 12
01-11 22:28:25.135 29843 30038 I SAMP : Packet_CustomPacket, type: 12
01-11 22:28:25.211 29843 29843 V AutofillManager: requestHideFillUi(null): anchor =
null
01-11 22:28:25.214 29843 30038 I SAMP : Packet_CustomPacket, type: 12
01-11 22:28:25.214 29843 30038 I SAMP : Packet_CustomPacket, type: 12
01-11 22:28:25.214 29843 30038 I SAMP : Packet_CustomPacket, type: 12
01-11 22:28:25.214 29843 30038 I SAMP : Packet_CustomPacket, type: 12
01-11 22:28:25.214 29843 30038 I SAMP : Packet_CustomPacket, type: 12
01-11 22:28:25.705 29843 30038 I SAMP : Packet_CustomPacket, type: 12
01-11 22:28:25.917 29843 29843 I oplus.android.OplusFrameworkFactoryImpl: get
feature:IOplusDynamicVsyncFeature
01-11 22:28:25.917 29843 29843 I oplus.android.OplusFrameworkFactoryImpl: get
feature:IOplusDynamicVsyncFeature
01-11 22:28:25.917 29843 29843 I oplus.android.OplusFrameworkFactoryImpl: get
feature:IOplusDynamicVsyncFeature
01-11 22:28:25.919 29843 29843 I oplus.android.OplusFrameworkFactoryImpl: get
feature:IOplusDynamicVsyncFeature
01-11 22:28:25.920 29843 29843 I oplus.android.OplusFrameworkFactoryImpl: get
feature:IOplusDynamicVsyncFeature
01-11 22:28:25.920 29843 29843 I oplus.android.OplusFrameworkFactoryImpl: get
feature:IOplusDynamicVsyncFeature
01-11 22:28:25.920 29843 29843 I oplus.android.OplusFrameworkFactoryImpl: get
feature:IOplusDynamicVsyncFeature
01-11 22:28:25.921 29843 29843 I oplus.android.OplusFrameworkFactoryImpl: get
feature:IOplusDynamicVsyncFeature
01-11 22:28:25.921 29843 29843 I oplus.android.OplusFrameworkFactoryImpl: get
feature:IOplusDynamicVsyncFeature
01-11 22:28:25.924 29843 29843 V TextView: notifyAutoFillManagerAfterTextChanged
01-11 22:28:25.924 29843 29843 V AutofillManager: notifyValueChanged(1073741857):
ignoring on state FINISHED
01-11 22:28:25.924 29843 29843 V TextView: notifyAutoFillManagerAfterTextChanged
01-11 22:28:25.924 29843 29843 V AutofillManager: notifyValueChanged(1073741857):
ignoring on state FINISHED
01-11 22:28:25.944 29843 30038 I SAMP : Packet_CustomPacket, type: 14
01-11 22:28:25.945 29843 29843 D WindowManager: Add to mViews:
DecorView@377f17b[GTASA],pkg= com.rockstargames.samp
01-11 22:28:25.958 29843 29843 I Quality : Skipped: false 2 cost 45.042614
refreshRate 0 processName com.rockstargames.samp
01-11 22:28:25.990 29843 29843 V OplusZoomWindowDecorViewHelper:
setLastReportedMergedConfiguration mZoomDisplayHeight: 720 getDecorView.58192251
01-11 22:28:26.008 29843 30038 I SAMP : Packet_CustomPacket, type: 12
01-11 22:28:26.019 29843 29843 I Quality : Skipped: false 3 cost 56.289062
refreshRate 0 processName com.rockstargames.samp
01-11 22:28:26.034 29843 30010 D SurfaceComposerClient: VRR [FRTC] client handle
[bufferId:18446744073709551615 framenumber:0] [ffffffff, ffffffff]
01-11 22:28:26.037 29843 29886 E BLASTBufferQueue:
BLASTBufferItemConsumer::onDisconnect()
01-11 22:28:26.093 29843 29843 I Quality : Skipped: false 2 cost 46.529655
refreshRate 0 processName com.rockstargames.samp
01-11 22:28:26.271 29843 30038 I SAMP : Packet_CustomPacket, type: 12
01-11 22:28:26.293 29843 30038 I SAMP : Packet_CustomPacket, type: 12
01-11 22:28:26.294 29843 30038 I SAMP : Packet_CustomPacket, type: 12
01-11 22:28:26.294 29843 30038 I SAMP : Packet_CustomPacket, type: 12
01-11 22:28:26.294 29843 30038 I SAMP : Packet_CustomPacket, type: 12
01-11 22:28:26.294 29843 30038 I SAMP : Packet_CustomPacket, type: 12
01-11 22:28:26.294 29843 30038 I SAMP : Packet_CustomPacket, type: 12
01-11 22:28:26.567 29843 30038 I SAMP : Packet_CustomPacket, type: 12
01-11 22:28:26.845 29843 30038 I SAMP : Packet_CustomPacket, type: 12
01-11 22:28:26.899 29843 29843 V AutofillManager: requestHideFillUi(null): anchor =
null
01-11 22:28:26.986 29843 29843 D OplusScrollToTopManager:
unregisterGuidePopupDismissReceiverInSystemUI
01-11 22:28:26.986 29843 29843 D OplusScrollToTopManager: Receiver not registered:
android.view.OplusScrollToTopManager$1@365ae0
01-11 22:28:26.986 29843 29843 D OplusScrollToTopManager:
unregisterSystemUIBroadcastReceiver
01-11 22:28:26.986 29843 29843 D OplusScrollToTopManager:
java.lang.IllegalArgumentException: Receiver not registered:
android.view.OplusScrollToTopManager$2@152199
01-11 22:28:26.987 29843 29843 V OplusZoomWindowDecorViewHelper: removeZoomView
01-11 22:28:27.021 29843 29886 E BLASTBufferQueue:
BLASTBufferItemConsumer::onDisconnect()
01-11 22:28:27.038 29843 29843 I Quality : Skipped: true 2 cost 42.437126
refreshRate 0 processName com.rockstargames.samp
01-11 22:28:27.088 29843 30038 I SAMP : Packet_CustomPacket, type: 14
01-11 22:28:27.112 29843 30038 I SAMP : Packet_CustomPacket, type: 12
01-11 22:28:27.277 29843 30038 I SAMP : Packet_CustomPacket, type: 12
01-11 22:28:27.355 29843 30038 I SAMP : Packet_CustomPacket, type: 12
01-11 22:28:27.355 29843 30038 I SAMP : Packet_CustomPacket, type: 12
01-11 22:28:27.355 29843 30038 I SAMP : Packet_CustomPacket, type: 12
01-11 22:28:27.355 29843 30038 I SAMP : Packet_CustomPacket, type: 12
01-11 22:28:27.355 29843 30038 I SAMP : Packet_CustomPacket, type: 12
01-11 22:28:27.355 29843 30038 I SAMP : Packet_CustomPacket, type: 12
01-11 22:28:27.355 29843 30038 I SAMP : Packet_CustomPacket, type: 12
01-11 22:28:27.355 29843 30038 I SAMP : Packet_CustomPacket, type: 12
01-11 22:28:27.380 29843 30038 I SAMP : Packet_CustomPacket, type: 12
01-11 22:28:27.408 29843 30038 I SAMP : Packet_CustomPacket, type: 12
01-11 22:28:27.676 29843 30038 I SAMP : Packet_CustomPacket, type: 12
01-11 22:28:27.951 29843 30038 I SAMP : Packet_CustomPacket, type: 12
01-11 22:28:27.971 29843 30038 I SAMP : Packet_CustomPacket, type: 12
01-11 22:28:28.213 29843 29843 V AutofillManager: requestHideFillUi(null): anchor =
null
01-11 22:28:28.226 29843 30038 I SAMP : Packet_CustomPacket, type: 4
01-11 22:28:28.255 29843 30038 I SAMP : Packet_CustomPacket, type: 12
01-11 22:28:28.269 29843 29843 D WindowManager: Add to mViews:
android.widget.PopupWindow$PopupDecorView{a4f0fd2 V.E...... R.....I. 0,0-0,0},pkg=
com.rockstargames.samp
01-11 22:28:28.319 29843 29843 I Quality : Skipped: false 1 cost 23.603107
refreshRate 0 processName com.rockstargames.samp
01-11 22:28:28.331 29843 29862 D SurfaceComposerClient: VRR [FRTC] client handle
[bufferId:18446744073709551615 framenumber:0] [ffffffff, ffffffff]
01-11 22:28:28.414 29843 30038 I SAMP : Packet_CustomPacket, type: 12
01-11 22:28:28.414 29843 30038 I SAMP : Packet_CustomPacket, type: 12
01-11 22:28:28.414 29843 30038 I SAMP : Packet_CustomPacket, type: 12
01-11 22:28:28.414 29843 30038 I SAMP : Packet_CustomPacket, type: 12
01-11 22:28:28.414 29843 30038 I SAMP : Packet_CustomPacket, type: 12
01-11 22:28:28.414 29843 30038 I SAMP : Packet_CustomPacket, type: 12
01-11 22:28:28.415 29843 30038 I SAMP : Packet_CustomPacket, type: 12
01-11 22:28:28.415 29843 30038 I SAMP : Packet_CustomPacket, type: 12
01-11 22:28:28.509 29843 30038 I SAMP : Packet_CustomPacket, type: 12
01-11 22:28:28.525 29843 30038 I SAMP : Packet_CustomPacket, type: 12
01-11 22:28:28.830 29843 30038 I SAMP : Packet_CustomPacket, type: 12
01-11 22:28:28.956 29843 30038 I SAMP : Packet_CustomPacket, type: 12
01-11 22:28:29.055 29843 30038 I SAMP : Packet_CustomPacket, type: 12
01-11 22:28:29.103 29843 30038 I SAMP : Packet_CustomPacket, type: 12
01-11 22:28:29.389 29843 30038 I SAMP : Packet_CustomPacket, type: 12
01-11 22:28:29.465 29843 30038 I SAMP : Packet_CustomPacket, type: 12
01-11 22:28:29.466 29843 30038 I SAMP : Packet_CustomPacket, type: 12
01-11 22:28:29.466 29843 30038 I SAMP : Packet_CustomPacket, type: 12
01-11 22:28:29.466 29843 30038 I SAMP : Packet_CustomPacket, type: 12
01-11 22:28:29.466 29843 30038 I SAMP : Packet_CustomPacket, type: 12
01-11 22:28:29.466 29843 30038 I SAMP : Packet_CustomPacket, type: 12
01-11 22:28:29.466 29843 30038 I SAMP : Packet_CustomPacket, type: 12
01-11 22:28:29.466 29843 30038 I SAMP : Packet_CustomPacket, type: 12
01-11 22:28:29.513 29843 30038 I SAMP : Packet_CustomPacket, type: 12
01-11 22:28:29.656 29843 30038 I SAMP : Packet_CustomPacket, type: 12
01-11 22:28:30.045 29843 30038 I SAMP : Packet_CustomPacket, type: 12
01-11 22:28:30.121 29843 30038 I SAMP : Packet_CustomPacket, type: 12
01-11 22:28:30.143 29843 30038 I SAMP : Packet_CustomPacket, type: 12
01-11 22:28:30.220 29843 30038 I SAMP : Packet_CustomPacket, type: 12
01-11 22:28:30.220 29843 30038 I SAMP : Packet_CustomPacket, type: 12
01-11 22:28:30.526 29843 30038 I SAMP : Packet_CustomPacket, type: 12
01-11 22:28:30.526 29843 30038 I SAMP : Packet_CustomPacket, type: 12
01-11 22:28:30.526 29843 30038 I SAMP : Packet_CustomPacket, type: 12
01-11 22:28:30.526 29843 30038 I SAMP : Packet_CustomPacket, type: 12
01-11 22:28:30.526 29843 30038 I SAMP : Packet_CustomPacket, type: 12
01-11 22:28:30.526 29843 30038 I SAMP : Packet_CustomPacket, type: 12
01-11 22:28:30.650 29843 30038 I SAMP : Packet_CustomPacket, type: 12
01-11 22:28:30.800 29843 30038 I SAMP : Packet_CustomPacket, type: 12
01-11 22:28:30.800 29843 30038 I SAMP : Packet_CustomPacket, type: 12
01-11 22:28:31.061 29843 29843 V AutofillManager: requestHideFillUi(null): anchor =
null
01-11 22:28:31.147 29843 29843 I Quality : Skipped: true 1 cost 18.139029
refreshRate 0 processName com.rockstargames.samp
01-11 22:28:31.218 29843 30038 I SAMP : Packet_CustomPacket, type: 12
01-11 22:28:31.321 29843 29843 I Quality : Skipped: true 1 cost 25.9663 refreshRate
0 processName com.rockstargames.samp
01-11 22:28:31.362 29843 30038 I SAMP : Packet_CustomPacket, type: 12
01-11 22:28:31.362 29843 30038 I SAMP : Packet_CustomPacket, type: 12
01-11 22:28:31.439 29843 29843 I Quality : Skipped: false 1 cost 27.49753
refreshRate 0 processName com.rockstargames.samp
01-11 22:28:31.576 29843 30038 I SAMP : Packet_CustomPacket, type: 12
01-11 22:28:31.576 29843 30038 I SAMP : Packet_CustomPacket, type: 12
01-11 22:28:31.576 29843 30038 I SAMP : Packet_CustomPacket, type: 12
01-11 22:28:31.576 29843 30038 I SAMP : Packet_CustomPacket, type: 12
01-11 22:28:31.576 29843 30038 I SAMP : Packet_CustomPacket, type: 12
01-11 22:28:31.577 29843 30038 I SAMP : Packet_CustomPacket, type: 12
01-11 22:28:31.764 29843 30038 I SAMP : Packet_CustomPacket, type: 12
01-11 22:28:31.944 29843 30038 I SAMP : Packet_CustomPacket, type: 12
01-11 22:28:31.944 29843 30038 I SAMP : Packet_CustomPacket, type: 12
01-11 22:28:32.220 29843 30038 I SAMP : Packet_CustomPacket, type: 14
01-11 22:28:32.314 29843 30038 I SAMP : Packet_CustomPacket, type: 12
01-11 22:28:32.394 29843 29843 V AutofillManager: requestHideFillUi(null): anchor =
null
01-11 22:28:32.454 29843 30038 I SAMP : Packet_CustomPacket, type: 12
01-11 22:28:32.476 29843 30038 I SAMP : Packet_CustomPacket, type: 12
01-11 22:28:32.602 29843 30038 I SAMP : Packet_CustomPacket, type: 12
01-11 22:28:32.602 29843 30038 I SAMP : Packet_CustomPacket, type: 12
01-11 22:28:32.602 29843 30038 I SAMP : Packet_CustomPacket, type: 12
01-11 22:28:32.602 29843 30038 I SAMP : Packet_CustomPacket, type: 12
01-11 22:28:32.602 29843 30038 I SAMP : Packet_CustomPacket, type: 12
01-11 22:28:32.602 29843 30038 I SAMP : Packet_CustomPacket, type: 12
01-11 22:28:32.602 29843 30038 I SAMP : Packet_CustomPacket, type: 12
01-11 22:28:32.665 29843 29843 I Quality : Skipped: true 1 cost 20.22614
refreshRate 0 processName com.rockstargames.samp
01-11 22:28:32.860 29843 30038 I SAMP : Packet_CustomPacket, type: 12
01-11 22:28:33.026 29843 30038 I SAMP : Packet_CustomPacket, type: 12
01-11 22:28:33.026 29843 30038 I SAMP : Packet_CustomPacket, type: 12
01-11 22:28:33.270 29843 30038 I SAMP : Packet_CustomPacket, type: 12
01-11 22:28:33.306 29843 29843 D OplusScrollToTopManager:
unregisterGuidePopupDismissReceiverInSystemUI
01-11 22:28:33.306 29843 29843 D OplusScrollToTopManager: Receiver not registered:
android.view.OplusScrollToTopManager$1@5294806
01-11 22:28:33.306 29843 29843 D OplusScrollToTopManager:
unregisterSystemUIBroadcastReceiver
01-11 22:28:33.306 29843 29843 D OplusScrollToTopManager:
java.lang.IllegalArgumentException: Receiver not registered:
android.view.OplusScrollToTopManager$2@129aec7
01-11 22:28:33.307 29843 29843 V OplusZoomWindowDecorViewHelper: removeZoomView
01-11 22:28:33.322 29843 29886 E BLASTBufferQueue:
BLASTBufferItemConsumer::onDisconnect()
01-11 22:28:33.333 29843 29843 I Quality : Skipped: true 1 cost 21.46941
refreshRate 0 processName com.rockstargames.samp
01-11 22:28:33.426 29843 30038 I SAMP : Packet_CustomPacket, type: 12
01-11 22:28:33.530 29843 29843 V AutofillManager: requestHideFillUi(null): anchor =
null
01-11 22:28:33.602 29843 30038 I SAMP : Packet_CustomPacket, type: 12
01-11 22:28:33.602 29843 30038 I SAMP : Packet_CustomPacket, type: 12
01-11 22:28:33.648 29843 30038 I SAMP : Packet_CustomPacket, type: 12
01-11 22:28:33.648 29843 30038 I SAMP : Packet_CustomPacket, type: 12
01-11 22:28:33.649 29843 30038 I SAMP : Packet_CustomPacket, type: 12
01-11 22:28:33.649 29843 30038 I SAMP : Packet_CustomPacket, type: 12
01-11 22:28:33.649 29843 30038 I SAMP : Packet_CustomPacket, type: 12
01-11 22:28:33.649 29843 30038 I SAMP : Packet_CustomPacket, type: 12
01-11 22:28:33.649 29843 30038 I SAMP : Packet_CustomPacket, type: 12
01-11 22:28:33.949 29843 30038 I SAMP : Packet_CustomPacket, type: 12
01-11 22:28:33.950 29843 30038 I SAMP : Packet_CustomPacket, type: 14
01-11 22:28:33.980 29843 30038 I SAMP : Packet_CustomPacket, type: 12
01-11 22:28:34.011 29843 29843 V AutofillManager: requestHideFillUi(null): anchor =
null
01-11 22:28:34.158 29843 30038 I SAMP : Packet_CustomPacket, type: 12
01-11 22:28:34.158 29843 30038 I SAMP : Packet_CustomPacket, type: 12
01-11 22:28:34.575 29843 30038 I SAMP : Packet_CustomPacket, type: 12
01-11 22:28:34.672 29843 30038 I SAMP : Packet_CustomPacket, type: 12
01-11 22:28:34.673 29843 30038 I SAMP : Packet_CustomPacket, type: 12
01-11 22:28:34.673 29843 30038 I SAMP : Packet_CustomPacket, type: 12
01-11 22:28:34.673 29843 30038 I SAMP : Packet_CustomPacket, type: 12
01-11 22:28:34.673 29843 30038 I SAMP : Packet_CustomPacket, type: 12
01-11 22:28:34.673 29843 30038 I SAMP : Packet_CustomPacket, type: 12
01-11 22:28:34.673 29843 30038 I SAMP : Packet_CustomPacket, type: 12
01-11 22:28:34.673 29843 30038 I SAMP : Packet_CustomPacket, type: 12
01-11 22:28:34.705 29843 30038 I SAMP : Packet_CustomPacket, type: 12
01-11 22:28:34.706 29843 30038 I SAMP : Packet_CustomPacket, type: 12
01-11 22:28:34.979 29843 29843 V AutofillManager: requestHideFillUi(null): anchor =
null
01-11 22:28:35.032 29843 29843 V TextView: notifyAutoFillManagerAfterTextChanged
01-11 22:28:35.032 29843 29843 V AutofillManager: notifyValueChanged(1073741824):
ignoring on state FINISHED
01-11 22:28:35.033 29843 29843 V AutofillManager: ignoring
notifyViewEntered(flags=0, view=1073741824) on state FINISHED because view was
already entered: {1073741824, 1073741826}
01-11 22:28:35.184 29843 30038 I SAMP : Packet_CustomPacket, type: 12
01-11 22:28:35.281 29843 30038 I SAMP : Packet_CustomPacket, type: 12
01-11 22:28:35.281 29843 30038 I SAMP : Packet_CustomPacket, type: 12
01-11 22:28:35.657 29843 30038 I SAMP : Packet_CustomPacket, type: 12
01-11 22:28:35.716 29843 30038 I SAMP : Packet_CustomPacket, type: 12
01-11 22:28:35.747 29843 30038 I SAMP : Packet_CustomPacket, type: 12
01-11 22:28:35.747 29843 30038 I SAMP : Packet_CustomPacket, type: 12
01-11 22:28:35.747 29843 30038 I SAMP : Packet_CustomPacket, type: 12
01-11 22:28:35.747 29843 30038 I SAMP : Packet_CustomPacket, type: 12
01-11 22:28:35.747 29843 30038 I SAMP : Packet_CustomPacket, type: 12
01-11 22:28:35.747 29843 30038 I SAMP : Packet_CustomPacket, type: 12
01-11 22:28:35.747 29843 30038 I SAMP : Packet_CustomPacket, type: 12
01-11 22:28:35.747 29843 30038 I SAMP : Packet_CustomPacket, type: 12
01-11 22:28:35.840 29843 30038 I SAMP : Packet_CustomPacket, type: 12
01-11 22:28:35.840 29843 30038 I SAMP : Packet_CustomPacket, type: 12
01-11 22:28:36.238 29843 30038 I SAMP : Packet_CustomPacket, type: 12
01-11 22:28:36.269 29843 30038 I SAMP : Packet_CustomPacket, type: 12
01-11 22:28:36.385 29843 30038 I SAMP : Packet_CustomPacket, type: 12
01-11 22:28:36.385 29843 30038 I SAMP : Packet_CustomPacket, type: 12
01-11 22:28:36.476 29843 29843 V AutofillManager: requestHideFillUi(null): anchor =
null
01-11 22:28:36.519 29843 29843 V TextView: notifyAutoFillManagerAfterTextChanged
01-11 22:28:36.519 29843 29843 V AutofillManager: notifyValueChanged(1073741824):
ignoring on state FINISHED
01-11 22:28:36.568 29843 30038 I SAMP : Packet_CustomPacket, type: 12
01-11 22:28:36.749 29843 30038 I SAMP : Packet_CustomPacket, type: 12
01-11 22:28:36.750 29843 30038 I SAMP : Packet_CustomPacket, type: 12
01-11 22:28:36.750 29843 30038 I SAMP : Packet_CustomPacket, type: 12
01-11 22:28:36.750 29843 30038 I SAMP : Packet_CustomPacket, type: 12
01-11 22:28:36.750 29843 30038 I SAMP : Packet_CustomPacket, type: 12
01-11 22:28:36.750 29843 30038 I SAMP : Packet_CustomPacket, type: 12
01-11 22:28:36.750 29843 30038 I SAMP : Packet_CustomPacket, type: 12
01-11 22:28:36.750 29843 30038 I SAMP : Packet_CustomPacket, type: 12
01-11 22:28:36.750 29843 30038 I SAMP : Packet_CustomPacket, type: 12
01-11 22:28:36.779 29843 30038 I SAMP : Packet_CustomPacket, type: 12
01-11 22:28:36.943 29843 30038 I SAMP : Packet_CustomPacket, type: 12
01-11 22:28:36.943 29843 30038 I SAMP : Packet_CustomPacket, type: 12
01-11 22:28:36.979 29843 29843 V AutofillManager: requestHideFillUi(null): anchor =
null
01-11 22:28:37.051 29843 29843 V TextView: notifyAutoFillManagerAfterTextChanged
01-11 22:28:37.051 29843 29843 V AutofillManager: notifyValueChanged(1073741824):
ignoring on state FINISHED
01-11 22:28:37.144 29843 29843 V AutofillManager: requestHideFillUi(null): anchor =
null
01-11 22:28:37.216 29843 29843 V TextView: notifyAutoFillManagerAfterTextChanged
01-11 22:28:37.216 29843 29843 V AutofillManager: notifyValueChanged(1073741824):
ignoring on state FINISHED
01-11 22:28:37.311 29843 29843 V AutofillManager: requestHideFillUi(null): anchor =
null
01-11 22:28:37.348 29843 30038 I SAMP : Packet_CustomPacket, type: 12
01-11 22:28:37.382 29843 29843 V TextView: notifyAutoFillManagerAfterTextChanged
01-11 22:28:37.382 29843 29843 V AutofillManager: notifyValueChanged(1073741824):
ignoring on state FINISHED
01-11 22:28:37.458 29843 30038 I SAMP : Packet_CustomPacket, type: 12
01-11 22:28:37.485 29843 30038 I SAMP : Packet_CustomPacket, type: 12
01-11 22:28:37.537 29843 29843 V AutofillManager: requestHideFillUi(null): anchor =
null
01-11 22:28:37.648 29843 29843 I oplus.android.OplusFrameworkFactoryImpl: get
feature:IOplusDynamicVsyncFeature
01-11 22:28:37.648 29843 29843 I oplus.android.OplusFrameworkFactoryImpl: get
feature:IOplusDynamicVsyncFeature
01-11 22:28:37.648 29843 29843 I oplus.android.OplusFrameworkFactoryImpl: get
feature:IOplusDynamicVsyncFeature
01-11 22:28:37.650 29843 29843 I oplus.android.OplusFrameworkFactoryImpl: get
feature:IOplusDynamicVsyncFeature
01-11 22:28:37.650 29843 29843 I oplus.android.OplusFrameworkFactoryImpl: get
feature:IOplusDynamicVsyncFeature
01-11 22:28:37.650 29843 29843 I oplus.android.OplusFrameworkFactoryImpl: get
feature:IOplusDynamicVsyncFeature
01-11 22:28:37.651 29843 29843 I oplus.android.OplusFrameworkFactoryImpl: get
feature:IOplusDynamicVsyncFeature
01-11 22:28:37.651 29843 29843 I oplus.android.OplusFrameworkFactoryImpl: get
feature:IOplusDynamicVsyncFeature
01-11 22:28:37.651 29843 29843 I oplus.android.OplusFrameworkFactoryImpl: get
feature:IOplusDynamicVsyncFeature
01-11 22:28:37.655 29843 29843 V TextView: notifyAutoFillManagerAfterTextChanged
01-11 22:28:37.655 29843 29843 V AutofillManager: notifyValueChanged(1073741859):
ignoring on state FINISHED
01-11 22:28:37.655 29843 29843 V TextView: notifyAutoFillManagerAfterTextChanged
01-11 22:28:37.655 29843 29843 V AutofillManager: notifyValueChanged(1073741859):
ignoring on state FINISHED
01-11 22:28:37.674 29843 29843 D WindowManager: Add to mViews:
DecorView@961ca7[GTASA],pkg= com.rockstargames.samp
01-11 22:28:37.722 29843 29843 I Quality : Skipped: false 1 cost 27.75096
refreshRate 0 processName com.rockstargames.samp
01-11 22:28:37.751 29843 30038 I SAMP : Packet_CustomPacket, type: 12
01-11 22:28:37.751 29843 30038 I SAMP : Packet_CustomPacket, type: 12
01-11 22:28:37.751 29843 30038 I SAMP : Packet_CustomPacket, type: 12
01-11 22:28:37.751 29843 30038 I SAMP : Packet_CustomPacket, type: 12
01-11 22:28:37.751 29843 30038 I SAMP : Packet_CustomPacket, type: 12
01-11 22:28:37.752 29843 30038 I SAMP : Packet_CustomPacket, type: 12
01-11 22:28:37.760 29843 29843 V OplusZoomWindowDecorViewHelper:
setLastReportedMergedConfiguration mZoomDisplayHeight: 720 getDecorView.9837735
01-11 22:28:37.776 29843 29843 I Quality : Skipped: false 2 cost 48.92024
refreshRate 0 processName com.rockstargames.samp
01-11 22:28:37.780 29843 30080 D SurfaceComposerClient: VRR [FRTC] client handle
[bufferId:18446744073709551615 framenumber:0] [ffffffff, ffffffff]
01-11 22:28:37.808 29843 30038 I SAMP : Packet_CustomPacket, type: 12
01-11 22:28:37.809 29843 30038 I SAMP : Packet_CustomPacket, type: 12
01-11 22:28:37.890 29843 30038 I SAMP : Packet_CustomPacket, type: 12
01-11 22:28:37.976 29843 30038 I SAMP : Packet_CustomPacket, type: 14
01-11 22:28:38.009 29843 30038 I SAMP : Packet_CustomPacket, type: 12
01-11 22:28:38.029 29843 30038 I SAMP : Packet_CustomPacket, type: 12
01-11 22:28:38.198 29843 30038 I SAMP : Packet_CustomPacket, type: 12
01-11 22:28:38.335 29843 30038 I SAMP : Packet_CustomPacket, type: 12
01-11 22:28:38.416 29843 30038 I SAMP : Packet_CustomPacket, type: 12
01-11 22:28:38.555 29843 30038 I SAMP : Packet_CustomPacket, type: 12
01-11 22:28:38.609 29843 30038 I SAMP : Packet_CustomPacket, type: 12
01-11 22:28:38.740 29843 30038 I SAMP : Packet_CustomPacket, type: 12
01-11 22:28:38.780 29843 30038 I SAMP : Packet_CustomPacket, type: 12
01-11 22:28:38.780 29843 30038 I SAMP : Packet_CustomPacket, type: 12
01-11 22:28:38.780 29843 30038 I SAMP : Packet_CustomPacket, type: 12
01-11 22:28:38.809 29843 30038 I SAMP : Packet_CustomPacket, type: 12
01-11 22:28:38.809 29843 30038 I SAMP : Packet_CustomPacket, type: 12
01-11 22:28:38.809 29843 30038 I SAMP : Packet_CustomPacket, type: 12
01-11 22:28:38.809 29843 30038 I SAMP : Packet_CustomPacket, type: 12
01-11 22:28:38.809 29843 30038 I SAMP : Packet_CustomPacket, type: 12
01-11 22:28:38.809 29843 30038 I SAMP : Packet_CustomPacket, type: 12
01-11 22:28:38.896 29843 30038 I SAMP : Packet_CustomPacket, type: 12
01-11 22:28:38.984 29843 30038 I SAMP : Packet_CustomPacket, type: 12
01-11 22:28:39.135 29843 30038 I SAMP : Packet_CustomPacket, type: 12
01-11 22:28:39.172 29843 30038 I SAMP : Packet_CustomPacket, type: 12
01-11 22:28:39.308 29843 30038 I SAMP : Packet_CustomPacket, type: 12
01-11 22:28:39.454 29843 30038 I SAMP : Packet_CustomPacket, type: 12
01-11 22:28:39.544 29843 30038 I SAMP : Packet_CustomPacket, type: 12
01-11 22:28:39.722 29843 30038 I SAMP : Packet_CustomPacket, type: 12
01-11 22:28:39.722 29843 30038 I SAMP : Packet_CustomPacket, type: 12
01-11 22:28:39.832 29843 30038 I SAMP : Packet_CustomPacket, type: 12
01-11 22:28:39.833 29843 30038 I SAMP : Packet_CustomPacket, type: 12
01-11 22:28:39.833 29843 30038 I SAMP : Packet_CustomPacket, type: 12
01-11 22:28:39.833 29843 30038 I SAMP : Packet_CustomPacket, type: 12
01-11 22:28:39.833 29843 30038 I SAMP : Packet_CustomPacket, type: 12
01-11 22:28:39.833 29843 30038 I SAMP : Packet_CustomPacket, type: 12
01-11 22:28:39.833 29843 30038 I SAMP : Packet_CustomPacket, type: 12
01-11 22:28:39.833 29843 30038 I SAMP : Packet_CustomPacket, type: 12
01-11 22:28:39.833 29843 30038 I SAMP : Packet_CustomPacket, type: 12
01-11 22:28:39.833 29843 30038 I SAMP : Packet_CustomPacket, type: 12
01-11 22:28:39.991 29843 30038 I SAMP : Packet_CustomPacket, type: 12
01-11 22:28:40.096 29843 29843 V AutofillManager: requestHideFillUi(null): anchor =
null
01-11 22:28:40.132 29843 30038 I SAMP : Packet_CustomPacket, type: 12
01-11 22:28:40.250 29843 30038 I SAMP : Packet_CustomPacket, type: 12
01-11 22:28:40.297 29843 29843 V AutofillManager: requestHideFillUi(null): anchor =
null
01-11 22:28:40.299 29843 29843 I Quality : Skipped: false 1 cost 21.750746
refreshRate 0 processName com.rockstargames.samp
01-11 22:28:40.334 29843 29843 D OplusScrollToTopManager:
unregisterGuidePopupDismissReceiverInSystemUI
01-11 22:28:40.335 29843 29843 D OplusScrollToTopManager: Receiver not registered:
android.view.OplusScrollToTopManager$1@336f662
01-11 22:28:40.335 29843 29843 D OplusScrollToTopManager:
unregisterSystemUIBroadcastReceiver
01-11 22:28:40.335 29843 29843 D OplusScrollToTopManager:
java.lang.IllegalArgumentException: Receiver not registered:
android.view.OplusScrollToTopManager$2@f44f3f3
01-11 22:28:40.335 29843 29843 V OplusZoomWindowDecorViewHelper: removeZoomView
01-11 22:28:40.338 29843 30038 I SAMP : Packet_CustomPacket, type: 12
01-11 22:28:40.382 29843 29886 E BLASTBufferQueue:
BLASTBufferItemConsumer::onDisconnect()
01-11 22:28:40.393 29843 30038 I SAMP : Packet_CustomPacket, type: 12
01-11 22:28:40.399 29843 29843 I Quality : Skipped: false 3 cost 55.164997
refreshRate 0 processName com.rockstargames.samp
01-11 22:28:40.425 29843 29843 I oplus.android.OplusFrameworkFactoryImpl: get
feature:IOplusDynamicVsyncFeature
01-11 22:28:40.426 29843 29843 I oplus.android.OplusFrameworkFactoryImpl: get
feature:IOplusDynamicVsyncFeature
01-11 22:28:40.426 29843 29843 I oplus.android.OplusFrameworkFactoryImpl: get
feature:IOplusDynamicVsyncFeature
01-11 22:28:40.428 29843 29843 I oplus.android.OplusFrameworkFactoryImpl: get
feature:IOplusDynamicVsyncFeature
01-11 22:28:40.428 29843 29843 I oplus.android.OplusFrameworkFactoryImpl: get
feature:IOplusDynamicVsyncFeature
01-11 22:28:40.428 29843 29843 I oplus.android.OplusFrameworkFactoryImpl: get
feature:IOplusDynamicVsyncFeature
01-11 22:28:40.429 29843 29843 I oplus.android.OplusFrameworkFactoryImpl: get
feature:IOplusDynamicVsyncFeature
01-11 22:28:40.429 29843 29843 I oplus.android.OplusFrameworkFactoryImpl: get
feature:IOplusDynamicVsyncFeature
01-11 22:28:40.429 29843 29843 I oplus.android.OplusFrameworkFactoryImpl: get
feature:IOplusDynamicVsyncFeature
01-11 22:28:40.433 29843 29843 V TextView: notifyAutoFillManagerAfterTextChanged
01-11 22:28:40.433 29843 29843 V AutofillManager: notifyValueChanged(1073741861):
ignoring on state FINISHED
01-11 22:28:40.433 29843 29843 V TextView: notifyAutoFillManagerAfterTextChanged
01-11 22:28:40.433 29843 29843 V AutofillManager: notifyValueChanged(1073741861):
ignoring on state FINISHED
01-11 22:28:40.454 29843 29843 D WindowManager: Add to mViews:
DecorView@9b2ae2f[GTASA],pkg= com.rockstargames.samp
01-11 22:28:40.542 29843 29843 I Quality : Skipped: false 4 cost 81.21447
refreshRate 0 processName com.rockstargames.samp
01-11 22:28:40.559 29843 30038 I SAMP : Packet_CustomPacket, type: 12
01-11 22:28:40.616 29843 29843 V OplusZoomWindowDecorViewHelper:
setLastReportedMergedConfiguration mZoomDisplayHeight: 720 getDecorView.162704943
01-11 22:28:40.646 29843 29861 D SurfaceComposerClient: VRR [FRTC] client handle
[bufferId:18446744073709551615 framenumber:0] [ffffffff, ffffffff]
01-11 22:28:40.663 29843 29843 I Quality : Skipped: false 6 cost 103.00965
refreshRate 0 processName com.rockstargames.samp
01-11 22:28:40.679 29843 30038 I SAMP : Packet_CustomPacket, type: 12
01-11 22:28:40.696 29843 29843 I Quality : Skipped: false 1 cost 18.738768
refreshRate 0 processName com.rockstargames.samp
01-11 22:28:40.790 29843 30038 I SAMP : Packet_CustomPacket, type: 12
01-11 22:28:40.844 29843 30038 I SAMP : Packet_CustomPacket, type: 12
01-11 22:28:40.872 29843 30038 I SAMP : Packet_CustomPacket, type: 12
01-11 22:28:40.872 29843 30038 I SAMP : Packet_CustomPacket, type: 12
01-11 22:28:40.872 29843 30038 I SAMP : Packet_CustomPacket, type: 12
01-11 22:28:40.929 29843 30038 I SAMP : Packet_CustomPacket, type: 12
01-11 22:28:40.929 29843 30038 I SAMP : Packet_CustomPacket, type: 12
01-11 22:28:40.929 29843 30038 I SAMP : Packet_CustomPacket, type: 12
01-11 22:28:40.929 29843 30038 I SAMP : Packet_CustomPacket, type: 12
01-11 22:28:40.929 29843 30038 I SAMP : Packet_CustomPacket, type: 12
01-11 22:28:40.929 29843 30038 I SAMP : Packet_CustomPacket, type: 12
01-11 22:28:40.957 29843 30038 I SAMP : Packet_CustomPacket, type: 12
01-11 22:28:41.102 29843 30038 I SAMP : Packet_CustomPacket, type: 12
01-11 22:28:41.255 29843 30038 I SAMP : Packet_CustomPacket, type: 12
01-11 22:28:41.355 29843 30038 I SAMP : Packet_CustomPacket, type: 12
01-11 22:28:41.409 29843 30038 I SAMP : Packet_CustomPacket, type: 12
01-11 22:28:41.536 29843 30038 I SAMP : Packet_CustomPacket, type: 12
01-11 22:28:41.664 29843 30038 I SAMP : Packet_CustomPacket, type: 12
01-11 22:28:41.810 29843 30038 I SAMP : Packet_CustomPacket, type: 12
01-11 22:28:41.896 29843 30038 I SAMP : Packet_CustomPacket, type: 12
01-11 22:28:41.924 29843 30038 I SAMP : Packet_CustomPacket, type: 12
01-11 22:28:41.925 29843 30038 I SAMP : Packet_CustomPacket, type: 12
01-11 22:28:41.925 29843 30038 I SAMP : Packet_CustomPacket, type: 12
01-11 22:28:41.925 29843 30038 I SAMP : Packet_CustomPacket, type: 12
01-11 22:28:41.925 29843 30038 I SAMP : Packet_CustomPacket, type: 12
01-11 22:28:41.925 29843 30038 I SAMP : Packet_CustomPacket, type: 12
01-11 22:28:41.925 29843 30038 I SAMP : Packet_CustomPacket, type: 12
01-11 22:28:41.925 29843 30038 I SAMP : Packet_CustomPacket, type: 12
01-11 22:28:41.925 29843 30038 I SAMP : Packet_CustomPacket, type: 12
01-11 22:28:41.979 29843 29843 V AutofillManager: requestHideFillUi(null): anchor =
null
01-11 22:28:41.984 29843 30038 I SAMP : Packet_CustomPacket, type: 12
01-11 22:28:42.084 29843 30038 I SAMP : Packet_CustomPacket, type: 12
01-11 22:28:42.183 29843 29843 I Quality : Skipped: false 1 cost 23.240309
refreshRate 0 processName com.rockstargames.samp
01-11 22:28:42.246 29843 29843 I Quality : Skipped: false 1 cost 19.533684
refreshRate 0 processName com.rockstargames.samp
01-11 22:28:42.256 29843 30038 I SAMP : Packet_CustomPacket, type: 12
01-11 22:28:42.306 29843 29843 I Quality : Skipped: false 1 cost 29.560026
refreshRate 0 processName com.rockstargames.samp
01-11 22:28:42.319 29843 30038 I SAMP : Packet_CustomPacket, type: 12
01-11 22:28:42.349 29843 30038 I SAMP : Packet_CustomPacket, type: 12
01-11 22:28:42.367 29843 29843 I Quality : Skipped: false 1 cost 24.107124
refreshRate 0 processName com.rockstargames.samp
01-11 22:28:42.398 29843 29843 I Quality : Skipped: false 1 cost 20.974302
refreshRate 0 processName com.rockstargames.samp
01-11 22:28:42.427 29843 29843 I Quality : Skipped: false 1 cost 16.976093
refreshRate 0 processName com.rockstargames.samp
01-11 22:28:42.515 29843 29843 I Quality : Skipped: false 2 cost 38.831825
refreshRate 0 processName com.rockstargames.samp
01-11 22:28:42.527 29843 30038 I SAMP : Packet_CustomPacket, type: 12
01-11 22:28:42.620 29843 30038 I SAMP : Packet_CustomPacket, type: 12
01-11 22:28:42.667 29843 29843 I Quality : Skipped: false 1 cost 23.933832
refreshRate 0 processName com.rockstargames.samp
01-11 22:28:42.697 29843 29843 I Quality : Skipped: false 1 cost 20.612703
refreshRate 0 processName com.rockstargames.samp
01-11 22:28:42.728 29843 29843 I Quality : Skipped: false 1 cost 18.37374
refreshRate 0 processName com.rockstargames.samp
01-11 22:28:42.784 29843 30038 I SAMP : Packet_CustomPacket, type: 12
01-11 22:28:42.896 29843 29843 I Quality : Skipped: false 1 cost 19.790829
refreshRate 0 processName com.rockstargames.samp
01-11 22:28:42.907 29843 30038 I SAMP : Packet_CustomPacket, type: 12
01-11 22:28:42.927 29843 29843 I Quality : Skipped: true 1 cost 17.728205
refreshRate 0 processName com.rockstargames.samp
01-11 22:28:42.969 29843 30038 I SAMP : Packet_CustomPacket, type: 12
01-11 22:28:42.970 29843 30038 I SAMP : Packet_CustomPacket, type: 12
01-11 22:28:42.970 29843 30038 I SAMP : Packet_CustomPacket, type: 12
01-11 22:28:42.970 29843 30038 I SAMP : Packet_CustomPacket, type: 12
01-11 22:28:42.970 29843 30038 I SAMP : Packet_CustomPacket, type: 12
01-11 22:28:42.970 29843 30038 I SAMP : Packet_CustomPacket, type: 12
01-11 22:28:42.970 29843 30038 I SAMP : Packet_CustomPacket, type: 12
01-11 22:28:42.970 29843 30038 I SAMP : Packet_CustomPacket, type: 12
01-11 22:28:42.970 29843 30038 I SAMP : Packet_CustomPacket, type: 12
01-11 22:28:43.020 29843 29843 I Quality : Skipped: true 1 cost 27.023024
refreshRate 0 processName com.rockstargames.samp
01-11 22:28:43.062 29843 30038 I SAMP : Packet_CustomPacket, type: 12
01-11 22:28:43.080 29843 29843 I Quality : Skipped: true 2 cost 37.308655
refreshRate 0 processName com.rockstargames.samp
01-11 22:28:43.153 29843 30038 I SAMP : Packet_CustomPacket, type: 12
01-11 22:28:43.171 29843 29843 I Quality : Skipped: true 1 cost 28.207687
refreshRate 0 processName com.rockstargames.samp
01-11 22:28:43.231 29843 29843 I Quality : Skipped: true 2 cost 38.101017
refreshRate 0 processName com.rockstargames.samp
01-11 22:28:43.323 29843 29843 I Quality : Skipped: false 1 cost 29.79248
refreshRate 0 processName com.rockstargames.samp
01-11 22:28:43.335 29843 30038 I SAMP : Packet_CustomPacket, type: 12
01-11 22:28:43.424 29843 30038 I SAMP : Packet_CustomPacket, type: 12
01-11 22:28:43.486 29843 30038 I SAMP : Packet_CustomPacket, type: 12
01-11 22:28:43.631 29843 30038 I SAMP : Packet_CustomPacket, type: 12
01-11 22:28:43.714 29843 30038 I SAMP : Packet_CustomPacket, type: 12
01-11 22:28:43.778 29843 29843 V AutofillManager: requestHideFillUi(null): anchor =
null
01-11 22:28:43.845 29843 29843 D OplusScrollToTopManager:
