unregisterGuidePopupDismissReceiverInSystemUI
01-11 22:28:43.845 29843 29843 D OplusScrollToTopManager: Receiver not registered:
android.view.OplusScrollToTopManager$1@c2189ff
01-11 22:28:43.845 29843 29843 D OplusScrollToTopManager:
unregisterSystemUIBroadcastReceiver
01-11 22:28:43.845 29843 29843 D OplusScrollToTopManager:
java.lang.IllegalArgumentException: Receiver not registered:
android.view.OplusScrollToTopManager$2@c8da3cc
01-11 22:28:43.846 29843 29843 V OplusZoomWindowDecorViewHelper: removeZoomView
01-11 22:28:43.848 29843 29886 E BLASTBufferQueue:
BLASTBufferItemConsumer::onDisconnect()
01-11 22:28:43.864 29843 29843 I Quality : Skipped: false 1 cost 21.111063
refreshRate 0 processName com.rockstargames.samp
01-11 22:28:43.865 29843 30038 I SAMP : Packet_CustomPacket, type: 12
01-11 22:28:43.954 29843 30038 I SAMP : Packet_CustomPacket, type: 12
01-11 22:28:44.003 29843 30038 I SAMP : Packet_CustomPacket, type: 12
01-11 22:28:44.003 29843 30038 I SAMP : Packet_CustomPacket, type: 12
01-11 22:28:44.003 29843 30038 I SAMP : Packet_CustomPacket, type: 12
01-11 22:28:44.003 29843 30038 I SAMP : Packet_CustomPacket, type: 12
01-11 22:28:44.003 29843 30038 I SAMP : Packet_CustomPacket, type: 12
01-11 22:28:44.004 29843 30038 I SAMP : Packet_CustomPacket, type: 12
01-11 22:28:44.004 29843 30038 I SAMP : Packet_CustomPacket, type: 12
01-11 22:28:44.004 29843 30038 I SAMP : Packet_CustomPacket, type: 12
01-11 22:28:44.004 29843 30038 I SAMP : Packet_CustomPacket, type: 12
01-11 22:28:44.022 29843 30038 I SAMP : Packet_CustomPacket, type: 12
01-11 22:28:44.287 29843 30038 I SAMP : Packet_CustomPacket, type: 12
01-11 22:28:44.432 29843 30038 I SAMP : Packet_CustomPacket, type: 12
01-11 22:28:44.521 29843 30038 I SAMP : Packet_CustomPacket, type: 12
01-11 22:28:44.579 29843 30038 I SAMP : Packet_CustomPacket, type: 12
01-11 22:28:44.858 29843 30038 I SAMP : Packet_CustomPacket, type: 12
01-11 22:28:44.971 29843 30038 I SAMP : Packet_CustomPacket, type: 12
01-11 22:28:45.054 29843 30038 I SAMP : Packet_CustomPacket, type: 12
01-11 22:28:45.054 29843 30038 I SAMP : Packet_CustomPacket, type: 12
01-11 22:28:45.055 29843 30038 I SAMP : Packet_CustomPacket, type: 12
01-11 22:28:45.055 29843 30038 I SAMP : Packet_CustomPacket, type: 12
01-11 22:28:45.055 29843 30038 I SAMP : Packet_CustomPacket, type: 12
01-11 22:28:45.055 29843 30038 I SAMP : Packet_CustomPacket, type: 12
01-11 22:28:45.055 29843 30038 I SAMP : Packet_CustomPacket, type: 12
01-11 22:28:45.055 29843 30038 I SAMP : Packet_CustomPacket, type: 12
01-11 22:28:45.055 29843 30038 I SAMP : Packet_CustomPacket, type: 12
01-11 22:28:45.090 29843 30038 I SAMP : Load vehicle upgrade: 1010 (times: 30)
01-11 22:28:45.090 29843 30038 I SAMP : Load vehicle upgrade -- loaded
01-11 22:28:45.090 29843 30038 I SAMP : Packet_CustomPacket, type: 14
01-11 22:28:45.205 29843 30038 I SAMP : Packet_CustomPacket, type: 12
01-11 22:28:45.206 29843 30038 I SAMP : Packet_CustomPacket, type: 12
01-11 22:28:45.360 29843 29843 V AutofillManager: requestHideFillUi(null): anchor =
null
01-11 22:28:45.522 29843 30091 D AudioRecord: stop(195): mActive:0
01-11 22:28:45.530 29843 30038 I SAMP : Packet_CustomPacket, type: 12
01-11 22:28:45.530 29843 30038 I SAMP : Packet_CustomPacket, type: 12
01-11 22:28:46.461 29843 29843 V AutofillManager: requestHideFillUi(null): anchor =
null
01-11 22:28:47.515 29843 29843 V AutofillManager: requestHideFillUi(null): anchor =
null
01-11 22:28:48.095 29843 29843 V AutofillManager: requestHideFillUi(null): anchor =
null
01-11 22:28:49.420 29843 29843 V AutofillManager: requestHideFillUi(null): anchor =
null
01-11 22:28:50.197 29843 29843 V AutofillManager: requestHideFillUi(null): anchor =
null
01-11 22:28:50.302 29843 30038 I SAMP : Packet_CustomPacket, type: 12
01-11 22:28:50.302 29843 30038 I SAMP : Packet_CustomPacket, type: 12
01-11 22:28:50.302 29843 30038 I SAMP : Packet_CustomPacket, type: 12
01-11 22:28:50.303 29843 30038 I SAMP : Packet_CustomPacket, type: 12
01-11 22:28:50.303 29843 30038 I SAMP : Packet_CustomPacket, type: 12
01-11 22:28:50.303 29843 30038 I SAMP : Packet_CustomPacket, type: 12
01-11 22:28:50.303 29843 30038 I SAMP : Packet_CustomPacket, type: 12
01-11 22:28:50.303 29843 30038 I SAMP : Packet_CustomPacket, type: 12
01-11 22:28:50.303 29843 30038 I SAMP : Packet_CustomPacket, type: 12
01-11 22:28:50.303 29843 30038 I SAMP : Packet_CustomPacket, type: 12
01-11 22:28:50.303 29843 30038 I SAMP : Packet_CustomPacket, type: 12
01-11 22:28:50.303 29843 30038 I SAMP : Packet_CustomPacket, type: 12
01-11 22:28:50.303 29843 30038 I SAMP : Packet_CustomPacket, type: 12
01-11 22:28:50.303 29843 30038 I SAMP : Packet_CustomPacket, type: 12
01-11 22:28:50.303 29843 30038 I SAMP : Packet_CustomPacket, type: 12
01-11 22:28:50.303 29843 30038 I SAMP : Packet_CustomPacket, type: 12
01-11 22:28:50.303 29843 30038 I SAMP : Packet_CustomPacket, type: 12
01-11 22:28:50.304 29843 30038 I SAMP : Packet_CustomPacket, type: 12
01-11 22:28:50.304 29843 30038 I SAMP : Packet_CustomPacket, type: 12
01-11 22:28:50.304 29843 30038 I SAMP : Packet_CustomPacket, type: 12
01-11 22:28:50.304 29843 30038 I SAMP : Packet_CustomPacket, type: 12
01-11 22:28:50.304 29843 30038 I SAMP : Packet_CustomPacket, type: 12
01-11 22:28:50.304 29843 30038 I SAMP : Packet_CustomPacket, type: 12
01-11 22:28:50.304 29843 30038 I SAMP : Packet_CustomPacket, type: 12
01-11 22:28:50.304 29843 30038 I SAMP : Packet_CustomPacket, type: 12
01-11 22:28:50.304 29843 30038 I SAMP : Packet_CustomPacket, type: 12
01-11 22:28:50.304 29843 30038 I SAMP : Packet_CustomPacket, type: 12
01-11 22:28:50.304 29843 30038 I SAMP : Packet_CustomPacket, type: 12
01-11 22:28:50.305 29843 30038 I SAMP : Packet_CustomPacket, type: 12
01-11 22:28:50.305 29843 30038 I SAMP : Packet_CustomPacket, type: 12
01-11 22:28:50.305 29843 30038 I SAMP : Packet_CustomPacket, type: 12
01-11 22:28:50.305 29843 30038 I SAMP : Packet_CustomPacket, type: 12
01-11 22:28:50.305 29843 30038 I SAMP : Packet_CustomPacket, type: 12
01-11 22:28:50.305 29843 30038 I SAMP : Packet_CustomPacket, type: 12
01-11 22:28:50.305 29843 30038 I SAMP : Packet_CustomPacket, type: 12
01-11 22:28:50.305 29843 30038 I SAMP : Packet_CustomPacket, type: 12
01-11 22:28:50.305 29843 30038 I SAMP : Packet_CustomPacket, type: 12
01-11 22:28:50.305 29843 30038 I SAMP : Packet_CustomPacket, type: 12
01-11 22:28:50.305 29843 30038 I SAMP : Packet_CustomPacket, type: 12
01-11 22:28:50.305 29843 30038 I SAMP : Packet_CustomPacket, type: 12
01-11 22:28:50.305 29843 30038 I SAMP : Packet_CustomPacket, type: 12
01-11 22:28:50.306 29843 30038 I SAMP : Packet_CustomPacket, type: 12
01-11 22:28:50.306 29843 30038 I SAMP : Packet_CustomPacket, type: 12
01-11 22:28:50.306 29843 30038 I SAMP : Packet_CustomPacket, type: 12
01-11 22:28:50.306 29843 30038 I SAMP : Packet_CustomPacket, type: 12
01-11 22:28:50.306 29843 30038 I SAMP : Packet_CustomPacket, type: 12
01-11 22:28:50.306 29843 30038 I SAMP : Packet_CustomPacket, type: 12
01-11 22:28:50.306 29843 30038 I SAMP : Packet_CustomPacket, type: 12
01-11 22:28:50.306 29843 30038 I SAMP : Packet_CustomPacket, type: 12
01-11 22:28:50.306 29843 30038 I SAMP : Packet_CustomPacket, type: 12
01-11 22:28:50.306 29843 30038 I SAMP : Packet_CustomPacket, type: 12
01-11 22:28:50.306 29843 30038 I SAMP : Packet_CustomPacket, type: 12
01-11 22:28:50.306 29843 30038 I SAMP : Packet_CustomPacket, type: 12
01-11 22:28:50.306 29843 30038 I SAMP : Packet_CustomPacket, type: 12
01-11 22:28:50.307 29843 30038 I SAMP : Packet_CustomPacket, type: 12
01-11 22:28:50.307 29843 30038 I SAMP : Packet_CustomPacket, type: 12
01-11 22:28:50.307 29843 30038 I SAMP : Packet_CustomPacket, type: 12
01-11 22:28:50.307 29843 30038 I SAMP : Packet_CustomPacket, type: 12
01-11 22:28:50.307 29843 30038 I SAMP : Packet_CustomPacket, type: 12
01-11 22:28:50.307 29843 30038 I SAMP : Packet_CustomPacket, type: 12
01-11 22:28:50.307 29843 30038 I SAMP : Packet_CustomPacket, type: 12
01-11 22:28:50.307 29843 30038 I SAMP : Packet_CustomPacket, type: 12
01-11 22:28:50.307 29843 30038 I SAMP : Packet_CustomPacket, type: 12
01-11 22:28:50.307 29843 30038 I SAMP : Packet_CustomPacket, type: 12
01-11 22:28:50.307 29843 30038 I SAMP : Packet_CustomPacket, type: 12
01-11 22:28:50.308 29843 30038 I SAMP : Packet_CustomPacket, type: 12
01-11 22:28:50.308 29843 30038 I SAMP : Packet_CustomPacket, type: 12
01-11 22:28:50.310 29843 30038 I SAMP : Packet_CustomPacket, type: 12
01-11 22:28:50.310 29843 30038 I SAMP : Packet_CustomPacket, type: 12
01-11 22:28:50.310 29843 30038 I SAMP : Packet_CustomPacket, type: 12
01-11 22:28:50.311 29843 30038 I SAMP : Packet_CustomPacket, type: 12
01-11 22:28:50.311 29843 30038 I SAMP : Packet_CustomPacket, type: 12
01-11 22:28:50.311 29843 30038 I SAMP : Packet_CustomPacket, type: 12
01-11 22:28:50.311 29843 30038 I SAMP : Packet_CustomPacket, type: 12
01-11 22:28:50.311 29843 30038 I SAMP : Packet_CustomPacket, type: 12
01-11 22:28:50.311 29843 30038 I SAMP : Packet_CustomPacket, type: 12
01-11 22:28:50.311 29843 30038 I SAMP : Packet_CustomPacket, type: 12
01-11 22:28:50.311 29843 30038 I SAMP : Packet_CustomPacket, type: 12
01-11 22:28:50.311 29843 30038 I SAMP : Packet_CustomPacket, type: 12
01-11 22:28:50.311 29843 30038 I SAMP : Packet_CustomPacket, type: 12
01-11 22:28:50.312 29843 30038 I SAMP : Packet_CustomPacket, type: 12
01-11 22:28:50.312 29843 30038 I SAMP : Packet_CustomPacket, type: 12
01-11 22:28:50.398 29843 30038 I SAMP : Packet_CustomPacket, type: 12
01-11 22:28:50.567 29843 30038 I SAMP : Packet_CustomPacket, type: 12
01-11 22:28:50.656 29843 30038 I SAMP : Packet_CustomPacket, type: 12
01-11 22:28:50.762 29843 29843 V AutofillManager: requestHideFillUi(null): anchor =
null
01-11 22:28:50.871 29843 30038 I SAMP : Packet_CustomPacket, type: 12
01-11 22:28:50.956 29843 30038 I SAMP : Packet_CustomPacket, type: 12
01-11 22:28:51.109 29843 30038 I SAMP : Packet_CustomPacket, type: 12
01-11 22:28:51.109 29843 30038 I SAMP : Packet_CustomPacket, type: 12
01-11 22:28:51.231 29843 30038 I SAMP : Packet_CustomPacket, type: 12
01-11 22:28:51.231 29843 30038 I SAMP : Packet_CustomPacket, type: 12
01-11 22:28:51.231 29843 30038 I SAMP : Packet_CustomPacket, type: 12
01-11 22:28:51.231 29843 30038 I SAMP : Packet_CustomPacket, type: 12
01-11 22:28:51.231 29843 30038 I SAMP : Packet_CustomPacket, type: 12
01-11 22:28:51.232 29843 30038 I SAMP : Packet_CustomPacket, type: 12
01-11 22:28:51.232 29843 30038 I SAMP : Packet_CustomPacket, type: 12
01-11 22:28:51.232 29843 30038 I SAMP : Packet_CustomPacket, type: 12
01-11 22:28:51.513 29843 30038 I SAMP : Packet_CustomPacket, type: 12
01-11 22:28:51.646 29843 30038 I SAMP : Packet_CustomPacket, type: 12
01-11 22:28:51.678 29843 30038 I SAMP : Packet_CustomPacket, type: 12
01-11 22:28:51.785 29843 30038 I SAMP : Packet_CustomPacket, type: 12
01-11 22:28:52.035 29843 30038 I SAMP : Packet_CustomPacket, type: 12
01-11 22:28:52.189 29843 30038 I SAMP : Packet_CustomPacket, type: 12
01-11 22:28:52.214 29843 30038 I SAMP : Packet_CustomPacket, type: 12
01-11 22:28:52.241 29843 30038 I SAMP : Packet_CustomPacket, type: 12
01-11 22:28:52.241 29843 30038 I SAMP : Packet_CustomPacket, type: 12
01-11 22:28:52.244 29843 29843 V AutofillManager: requestHideFillUi(null): anchor =
null
01-11 22:28:52.267 29843 30038 I SAMP : Packet_CustomPacket, type: 12
01-11 22:28:52.267 29843 30038 I SAMP : Packet_CustomPacket, type: 12
01-11 22:28:52.268 29843 30038 I SAMP : Packet_CustomPacket, type: 12
01-11 22:28:52.268 29843 30038 I SAMP : Packet_CustomPacket, type: 12
01-11 22:28:52.268 29843 30038 I SAMP : Packet_CustomPacket, type: 12
01-11 22:28:52.395 29843 30038 I SAMP : Packet_CustomPacket, type: 12
01-11 22:28:52.599 29843 30038 I SAMP : Packet_CustomPacket, type: 12
01-11 22:28:52.747 29843 30038 I SAMP : Packet_CustomPacket, type: 12
01-11 22:28:52.747 29843 30038 I SAMP : Packet_CustomPacket, type: 12
01-11 22:28:52.964 29843 30038 I SAMP : Packet_CustomPacket, type: 12
01-11 22:28:53.129 29843 30038 I SAMP : Packet_CustomPacket, type: 12
01-11 22:28:53.255 29843 30038 I SAMP : Packet_CustomPacket, type: 12
01-11 22:28:53.255 29843 30038 I SAMP : Packet_CustomPacket, type: 12
01-11 22:28:53.255 29843 30038 I SAMP : Packet_CustomPacket, type: 12
01-11 22:28:53.255 29843 30038 I SAMP : Packet_CustomPacket, type: 12
01-11 22:28:53.255 29843 30038 I SAMP : Packet_CustomPacket, type: 12
01-11 22:28:53.255 29843 30038 I SAMP : Packet_CustomPacket, type: 12
01-11 22:28:53.255 29843 30038 I SAMP : Packet_CustomPacket, type: 12
01-11 22:28:53.301 29843 30038 I SAMP : Packet_CustomPacket, type: 12
01-11 22:28:53.301 29843 30038 I SAMP : Packet_CustomPacket, type: 12
01-11 22:28:53.328 29843 29843 V AutofillManager: requestHideFillUi(null): anchor =
null
01-11 22:28:53.688 29843 30038 I SAMP : Packet_CustomPacket, type: 12
01-11 22:28:53.742 29843 29843 V AutofillManager: requestHideFillUi(null): anchor =
null
01-11 22:28:53.840 29843 30038 I SAMP : Packet_CustomPacket, type: 12
01-11 22:28:53.840 29843 30038 I SAMP : Packet_CustomPacket, type: 12
01-11 22:28:54.141 29843 30038 I SAMP : Load vehicle upgrade: 1010 (times: 30)
01-11 22:28:54.141 29843 30038 I SAMP : Load vehicle upgrade -- loaded
01-11 22:28:54.141 29843 30038 I SAMP : Packet_CustomPacket, type: 14
01-11 22:28:54.142 29843 30038 I SAMP : Packet_CustomPacket, type: 12
01-11 22:28:54.232 29843 30038 I SAMP : Packet_CustomPacket, type: 12
01-11 22:28:54.283 29843 30038 I SAMP : Packet_CustomPacket, type: 12
01-11 22:28:54.284 29843 30038 I SAMP : Packet_CustomPacket, type: 12
01-11 22:28:54.284 29843 30038 I SAMP : Packet_CustomPacket, type: 12
01-11 22:28:54.284 29843 30038 I SAMP : Packet_CustomPacket, type: 12
01-11 22:28:54.284 29843 30038 I SAMP : Packet_CustomPacket, type: 12
01-11 22:28:54.284 29843 30038 I SAMP : Packet_CustomPacket, type: 12
01-11 22:28:54.284 29843 30038 I SAMP : Packet_CustomPacket, type: 12
01-11 22:28:54.347 29843 30038 I SAMP : Packet_CustomPacket, type: 12
01-11 22:28:54.390 29843 30038 I SAMP : Packet_CustomPacket, type: 12
01-11 22:28:54.390 29843 30038 I SAMP : Packet_CustomPacket, type: 12
01-11 22:28:54.668 29843 30038 I SAMP : Packet_CustomPacket, type: 12
01-11 22:28:54.763 29843 30038 I SAMP : Packet_CustomPacket, type: 12
01-11 22:28:54.923 29843 30038 I SAMP : Packet_CustomPacket, type: 12
01-11 22:28:54.924 29843 30038 I SAMP : Packet_CustomPacket, type: 12
01-11 22:28:55.200 29843 30038 I SAMP : Packet_CustomPacket, type: 12
01-11 22:28:55.296 29843 30038 I SAMP : Packet_CustomPacket, type: 12
01-11 22:28:55.296 29843 30038 I SAMP : Packet_CustomPacket, type: 12
01-11 22:28:55.296 29843 30038 I SAMP : Packet_CustomPacket, type: 12
01-11 22:28:55.296 29843 30038 I SAMP : Packet_CustomPacket, type: 12
01-11 22:28:55.296 29843 30038 I SAMP : Packet_CustomPacket, type: 12
01-11 22:28:55.299 29843 30038 I SAMP : Packet_CustomPacket, type: 12
01-11 22:28:55.299 29843 30038 I SAMP : Packet_CustomPacket, type: 12
01-11 22:28:55.320 29843 30038 I SAMP : Packet_CustomPacket, type: 12
01-11 22:28:55.472 29843 30038 I SAMP : Packet_CustomPacket, type: 12
01-11 22:28:55.497 29843 30038 I SAMP : Packet_CustomPacket, type: 12
01-11 22:28:55.753 29843 30038 I SAMP : Packet_CustomPacket, type: 12
01-11 22:28:55.878 29843 30038 I SAMP : Packet_CustomPacket, type: 12
01-11 22:28:55.935 29843 30038 I SAMP : Load vehicle upgrade: 1010 (times: 30)
01-11 22:28:55.936 29843 30038 I SAMP : Load vehicle upgrade -- loaded
01-11 22:28:55.936 29843 30038 I SAMP : Load vehicle upgrade: 1079 (times: 30)
01-11 22:28:55.938 29843 30038 I SAMP : Load vehicle upgrade -- loaded
01-11 22:28:55.938 29843 30038 I SAMP : Packet_CustomPacket, type: 14
01-11 22:28:56.008 29843 30038 I SAMP : Packet_CustomPacket, type: 12
01-11 22:28:56.046 29843 30038 I SAMP : Packet_CustomPacket, type: 12
01-11 22:28:56.363 29843 30038 I SAMP : Packet_CustomPacket, type: 12
01-11 22:28:56.363 29843 30038 I SAMP : Packet_CustomPacket, type: 12
01-11 22:28:56.363 29843 30038 I SAMP : Packet_CustomPacket, type: 12
01-11 22:28:56.363 29843 30038 I SAMP : Packet_CustomPacket, type: 12
01-11 22:28:56.363 29843 30038 I SAMP : Packet_CustomPacket, type: 12
01-11 22:28:56.363 29843 30038 I SAMP : Packet_CustomPacket, type: 12
01-11 22:28:56.452 29843 30038 I SAMP : Packet_CustomPacket, type: 12
01-11 22:28:56.548 29843 30038 I SAMP : Packet_CustomPacket, type: 12
01-11 22:28:56.621 29843 30038 I SAMP : Packet_CustomPacket, type: 12
01-11 22:28:56.904 29843 30038 I SAMP : Packet_CustomPacket, type: 14
01-11 22:28:56.928 29843 30038 I SAMP : Packet_CustomPacket, type: 14
01-11 22:28:57.018 29843 30038 I SAMP : Packet_CustomPacket, type: 12
01-11 22:28:57.106 29843 30038 I SAMP : Packet_CustomPacket, type: 12
01-11 22:28:57.209 29843 30038 I SAMP : Packet_CustomPacket, type: 12
01-11 22:28:57.209 29843 30038 I SAMP : Packet_CustomPacket, type: 12
01-11 22:28:57.382 29843 30038 I SAMP : Packet_CustomPacket, type: 12
01-11 22:28:57.382 29843 30038 I SAMP : Packet_CustomPacket, type: 12
01-11 22:28:57.382 29843 30038 I SAMP : Packet_CustomPacket, type: 12
01-11 22:28:57.382 29843 30038 I SAMP : Packet_CustomPacket, type: 12
01-11 22:28:57.382 29843 30038 I SAMP : Packet_CustomPacket, type: 12
01-11 22:28:57.382 29843 30038 I SAMP : Packet_CustomPacket, type: 12
01-11 22:28:57.590 29843 30038 I SAMP : Packet_CustomPacket, type: 12
01-11 22:28:57.687 29843 30038 I SAMP : Packet_CustomPacket, type: 12
01-11 22:28:57.765 29843 30038 I SAMP : Packet_CustomPacket, type: 12
01-11 22:28:57.901 29843 30038 I SAMP : Packet_CustomPacket, type: 14
01-11 22:28:57.901 29843 30038 I SAMP : Packet_CustomPacket, type: 14
01-11 22:28:57.902 29843 30038 I SAMP : Packet_CustomPacket, type: 14
01-11 22:28:58.254 29843 30038 I SAMP : Packet_CustomPacket, type: 12
01-11 22:28:58.347 29843 30038 I SAMP : Packet_CustomPacket, type: 12
01-11 22:28:58.403 29843 30038 I SAMP : Packet_CustomPacket, type: 12
01-11 22:28:58.403 29843 30038 I SAMP : Packet_CustomPacket, type: 12
01-11 22:28:58.403 29843 30038 I SAMP : Packet_CustomPacket, type: 12
01-11 22:28:58.404 29843 30038 I SAMP : Packet_CustomPacket, type: 12
01-11 22:28:58.404 29843 30038 I SAMP : Packet_CustomPacket, type: 12
01-11 22:28:58.404 29843 30038 I SAMP : Packet_CustomPacket, type: 12
01-11 22:28:58.813 29843 30038 I SAMP : Load vehicle upgrade: 1010 (times: 30)
01-11 22:28:58.813 29843 30038 I SAMP : Load vehicle upgrade -- loaded
01-11 22:28:58.813 29843 30038 I SAMP : Packet_CustomPacket, type: 14
01-11 22:28:58.814 29843 30038 I SAMP : Packet_CustomPacket, type: 12
01-11 22:28:58.905 29843 30038 I SAMP : Packet_CustomPacket, type: 12
01-11 22:28:58.963 29843 30038 I SAMP : Packet_CustomPacket, type: 12
01-11 22:28:59.107 29843 29843 V AutofillManager: requestHideFillUi(null): anchor =
null
01-11 22:28:59.338 29843 30038 I SAMP : Packet_CustomPacket, type: 12
01-11 22:28:59.405 29843 29843 V AutofillManager: requestHideFillUi(null): anchor =
null
01-11 22:28:59.465 29843 30038 I SAMP : Packet_CustomPacket, type: 12
01-11 22:28:59.465 29843 30038 I SAMP : Packet_CustomPacket, type: 12
01-11 22:28:59.465 29843 30038 I SAMP : Packet_CustomPacket, type: 12
01-11 22:28:59.465 29843 30038 I SAMP : Packet_CustomPacket, type: 12
01-11 22:28:59.465 29843 30038 I SAMP : Packet_CustomPacket, type: 12
01-11 22:28:59.465 29843 30038 I SAMP : Packet_CustomPacket, type: 12
01-11 22:28:59.465 29843 30038 I SAMP : Packet_CustomPacket, type: 12
01-11 22:28:59.524 29843 30038 I SAMP : Packet_CustomPacket, type: 12
01-11 22:28:59.898 29843 30038 I SAMP : Packet_CustomPacket, type: 12
01-11 22:29:00.035 29843 30038 I SAMP : Packet_CustomPacket, type: 12
01-11 22:29:00.055 29843 30038 I SAMP : Packet_CustomPacket, type: 12
01-11 22:29:00.429 29843 30038 I SAMP : Packet_CustomPacket, type: 12
01-11 22:29:00.494 29843 30038 I SAMP : Packet_CustomPacket, type: 12
01-11 22:29:00.494 29843 30038 I SAMP : Packet_CustomPacket, type: 12
01-11 22:29:00.494 29843 30038 I SAMP : Packet_CustomPacket, type: 12
01-11 22:29:00.495 29843 30038 I SAMP : Packet_CustomPacket, type: 12
01-11 22:29:00.495 29843 30038 I SAMP : Packet_CustomPacket, type: 12
01-11 22:29:00.495 29843 30038 I SAMP : Packet_CustomPacket, type: 12
01-11 22:29:00.575 29843 30038 I SAMP : Packet_CustomPacket, type: 12
01-11 22:29:00.596 29843 30038 I SAMP : Packet_CustomPacket, type: 12
01-11 22:29:00.995 29843 30038 I SAMP : Packet_CustomPacket, type: 12
01-11 22:29:01.129 29843 30038 I SAMP : Packet_CustomPacket, type: 12
01-11 22:29:01.150 29843 30038 I SAMP : Packet_CustomPacket, type: 12
01-11 22:29:01.188 29843 29843 V AutofillManager: requestHideFillUi(null): anchor =
null
01-11 22:29:01.535 29843 30038 I SAMP : Packet_CustomPacket, type: 12
01-11 22:29:01.535 29843 30038 I SAMP : Packet_CustomPacket, type: 12
01-11 22:29:01.535 29843 30038 I SAMP : Packet_CustomPacket, type: 12
01-11 22:29:01.535 29843 30038 I SAMP : Packet_CustomPacket, type: 12
01-11 22:29:01.536 29843 30038 I SAMP : Packet_CustomPacket, type: 12
01-11 22:29:01.536 29843 30038 I SAMP : Packet_CustomPacket, type: 12
01-11 22:29:01.548 29843 30038 I SAMP : Packet_CustomPacket, type: 14
01-11 22:29:01.556 29843 30038 I SAMP : Packet_CustomPacket, type: 12
01-11 22:29:01.645 29843 30038 I SAMP : Packet_CustomPacket, type: 12
01-11 22:29:01.672 29843 30038 I SAMP : Packet_CustomPacket, type: 12
01-11 22:29:01.701 29843 30038 I SAMP : Packet_CustomPacket, type: 12
01-11 22:29:01.872 29843 29843 V AutofillManager: requestHideFillUi(null): anchor =
null
01-11 22:29:02.102 29843 30038 I SAMP : Packet_CustomPacket, type: 12
01-11 22:29:02.211 29843 30038 I SAMP : Packet_CustomPacket, type: 12
01-11 22:29:02.234 29843 30038 I SAMP : Packet_CustomPacket, type: 12
01-11 22:29:02.257 29843 30038 I SAMP : Packet_CustomPacket, type: 12
01-11 22:29:02.457 29843 29843 V AutofillManager: requestHideFillUi(null): anchor =
null
01-11 22:29:02.585 29843 30038 I SAMP : Packet_CustomPacket, type: 12
01-11 22:29:02.585 29843 30038 I SAMP : Packet_CustomPacket, type: 12
01-11 22:29:02.585 29843 30038 I SAMP : Packet_CustomPacket, type: 12
01-11 22:29:02.585 29843 30038 I SAMP : Packet_CustomPacket, type: 12
01-11 22:29:02.585 29843 30038 I SAMP : Packet_CustomPacket, type: 12
01-11 22:29:02.585 29843 30038 I SAMP : Packet_CustomPacket, type: 12
01-11 22:29:02.585 29843 30038 I SAMP : Packet_CustomPacket, type: 12
01-11 22:29:02.673 29843 30038 I SAMP : Packet_CustomPacket, type: 12
01-11 22:29:02.770 29843 30038 I SAMP : Packet_CustomPacket, type: 12
01-11 22:29:02.793 29843 30038 I SAMP : Packet_CustomPacket, type: 12
01-11 22:29:02.815 29843 30038 I SAMP : Packet_CustomPacket, type: 12
01-11 22:29:02.989 29843 29843 V AutofillManager: requestHideFillUi(null): anchor =
null
01-11 22:29:03.226 29843 30038 I SAMP : Packet_CustomPacket, type: 12
01-11 22:29:03.315 29843 30038 I SAMP : Packet_CustomPacket, type: 12
01-11 22:29:03.387 29843 30038 I SAMP : Packet_CustomPacket, type: 12
01-11 22:29:03.387 29843 30038 I SAMP : Packet_CustomPacket, type: 12
01-11 22:29:03.471 29843 30038 I SAMP : Packet_CustomPacket, type: 14
01-11 22:29:03.607 29843 30038 I SAMP : Packet_CustomPacket, type: 12
01-11 22:29:03.607 29843 30038 I SAMP : Packet_CustomPacket, type: 12
01-11 22:29:03.608 29843 30038 I SAMP : Packet_CustomPacket, type: 12
01-11 22:29:03.608 29843 30038 I SAMP : Packet_CustomPacket, type: 12
01-11 22:29:03.608 29843 30038 I SAMP : Packet_CustomPacket, type: 12
01-11 22:29:03.608 29843 30038 I SAMP : Packet_CustomPacket, type: 12
01-11 22:29:03.608 29843 30038 I SAMP : Packet_CustomPacket, type: 12
01-11 22:29:03.608 29843 30038 I SAMP : Packet_CustomPacket, type: 12
01-11 22:29:03.710 29843 30038 I SAMP : Packet_CustomPacket, type: 12
01-11 22:29:03.795 29843 30038 I SAMP : Packet_CustomPacket, type: 12
01-11 22:29:03.872 29843 30038 I SAMP : Packet_CustomPacket, type: 12
01-11 22:29:03.898 29843 30038 I SAMP : Packet_CustomPacket, type: 12
01-11 22:29:03.949 29843 30038 I SAMP : Packet_CustomPacket, type: 12
01-11 22:29:04.278 29843 30038 I SAMP : Packet_CustomPacket, type: 12
01-11 22:29:04.330 29843 30038 I SAMP : Packet_CustomPacket, type: 12
01-11 22:29:04.406 29843 29843 V AutofillManager: requestHideFillUi(null): anchor =
null
01-11 22:29:04.426 29843 30038 I SAMP : Packet_CustomPacket, type: 12
01-11 22:29:04.469 29843 30038 I SAMP : Packet_CustomPacket, type: 12
01-11 22:29:04.489 29843 30038 I SAMP : Packet_CustomPacket, type: 12
01-11 22:29:04.682 29843 30038 I SAMP : Packet_CustomPacket, type: 12
01-11 22:29:04.682 29843 30038 I SAMP : Packet_CustomPacket, type: 12
01-11 22:29:04.682 29843 30038 I SAMP : Packet_CustomPacket, type: 12
01-11 22:29:04.682 29843 30038 I SAMP : Packet_CustomPacket, type: 12
01-11 22:29:04.682 29843 30038 I SAMP : Packet_CustomPacket, type: 12
01-11 22:29:04.682 29843 30038 I SAMP : Packet_CustomPacket, type: 12
01-11 22:29:04.682 29843 30038 I SAMP : Packet_CustomPacket, type: 12
01-11 22:29:04.682 29843 30038 I SAMP : Packet_CustomPacket, type: 12
01-11 22:29:04.833 29843 30038 I SAMP : Packet_CustomPacket, type: 12
01-11 22:29:04.874 29843 30038 I SAMP : Packet_CustomPacket, type: 12
01-11 22:29:04.991 29843 30038 I SAMP : Packet_CustomPacket, type: 12
01-11 22:29:05.014 29843 30038 I SAMP : Packet_CustomPacket, type: 12
01-11 22:29:05.095 29843 30038 I SAMP : Packet_CustomPacket, type: 12
01-11 22:29:05.393 29843 30038 I SAMP : Packet_CustomPacket, type: 12
01-11 22:29:05.451 29843 30038 I SAMP : Packet_CustomPacket, type: 12
01-11 22:29:05.547 29843 30038 I SAMP : Packet_CustomPacket, type: 12
01-11 22:29:05.590 29843 30038 I SAMP : Packet_CustomPacket, type: 12
01-11 22:29:05.630 29843 30038 I SAMP : Packet_CustomPacket, type: 12
01-11 22:29:05.672 29843 29843 V AutofillManager: requestHideFillUi(null): anchor =
null
01-11 22:29:05.716 29843 30038 I SAMP : Packet_CustomPacket, type: 12
01-11 22:29:05.717 29843 30038 I SAMP : Packet_CustomPacket, type: 12
01-11 22:29:05.717 29843 30038 I SAMP : Packet_CustomPacket, type: 12
01-11 22:29:05.717 29843 30038 I SAMP : Packet_CustomPacket, type: 12
01-11 22:29:05.717 29843 30038 I SAMP : Packet_CustomPacket, type: 12
01-11 22:29:05.717 29843 30038 I SAMP : Packet_CustomPacket, type: 12
01-11 22:29:05.717 29843 30038 I SAMP : Packet_CustomPacket, type: 12
01-11 22:29:05.731 29843 30038 I SAMP : Packet_CustomPacket, type: 12
01-11 22:29:05.940 29843 29843 V AutofillManager: requestHideFillUi(null): anchor =
null
01-11 22:29:05.966 29843 30038 I SAMP : Packet_CustomPacket, type: 12
01-11 22:29:06.000 29843 30038 I SAMP : Packet_CustomPacket, type: 12
01-11 22:29:06.105 29843 30038 I SAMP : Packet_CustomPacket, type: 12
01-11 22:29:06.139 29843 30038 I SAMP : Packet_CustomPacket, type: 12
01-11 22:29:06.196 29843 30038 I SAMP : Packet_CustomPacket, type: 12
01-11 22:29:06.565 29843 30038 I SAMP : Packet_CustomPacket, type: 12
01-11 22:29:06.566 29843 30038 I SAMP : Packet_CustomPacket, type: 12
01-11 22:29:06.663 29843 30038 I SAMP : Packet_CustomPacket, type: 12
01-11 22:29:06.703 29843 30038 I SAMP : Packet_CustomPacket, type: 12
01-11 22:29:06.745 29843 30038 I SAMP : Packet_CustomPacket, type: 12
01-11 22:29:06.766 29843 30038 I SAMP : Packet_CustomPacket, type: 12
01-11 22:29:06.767 29843 30038 I SAMP : Packet_CustomPacket, type: 12
01-11 22:29:06.767 29843 30038 I SAMP : Packet_CustomPacket, type: 12
01-11 22:29:06.767 29843 30038 I SAMP : Packet_CustomPacket, type: 12
01-11 22:29:06.767 29843 30038 I SAMP : Packet_CustomPacket, type: 12
01-11 22:29:06.767 29843 30038 I SAMP : Packet_CustomPacket, type: 12
01-11 22:29:06.767 29843 30038 I SAMP : Packet_CustomPacket, type: 12
01-11 22:29:06.767 29843 30038 I SAMP : Packet_CustomPacket, type: 12
01-11 22:29:07.127 29843 30038 I SAMP : Load vehicle upgrade: 1010 (times: 30)
01-11 22:29:07.127 29843 30038 I SAMP : Load vehicle upgrade -- loaded
01-11 22:29:07.127 29843 30038 I SAMP : Packet_CustomPacket, type: 14
01-11 22:29:07.149 29843 30038 I SAMP : Packet_CustomPacket, type: 14
01-11 22:29:07.150 29843 30038 I SAMP : Packet_CustomPacket, type: 14
01-11 22:29:07.150 29843 30038 I SAMP : Packet_CustomPacket, type: 12
01-11 22:29:07.151 29843 30038 I SAMP : Packet_CustomPacket, type: 12
01-11 22:29:07.219 29843 30038 I SAMP : Packet_CustomPacket, type: 12
01-11 22:29:07.263 29843 30038 I SAMP : Packet_CustomPacket, type: 12
01-11 22:29:07.263 29843 30038 I SAMP : Packet_CustomPacket, type: 12
01-11 22:29:07.328 29843 30038 I SAMP : Packet_CustomPacket, type: 12
01-11 22:29:07.623 29843 29843 V AutofillManager: requestHideFillUi(null): anchor =
null
01-11 22:29:07.658 29843 30038 I SAMP : Packet_CustomPacket, type: 12
01-11 22:29:07.681 29843 30038 I SAMP : Packet_CustomPacket, type: 12
01-11 22:29:07.832 29843 30038 I SAMP : Packet_CustomPacket, type: 12
01-11 22:29:07.832 29843 30038 I SAMP : Packet_CustomPacket, type: 12
01-11 22:29:07.835 29843 30038 I SAMP : Packet_CustomPacket, type: 12
01-11 22:29:07.835 29843 30038 I SAMP : Packet_CustomPacket, type: 12
01-11 22:29:07.835 29843 30038 I SAMP : Packet_CustomPacket, type: 12
01-11 22:29:07.836 29843 30038 I SAMP : Packet_CustomPacket, type: 12
01-11 22:29:07.836 29843 30038 I SAMP : Packet_CustomPacket, type: 12
01-11 22:29:07.836 29843 30038 I SAMP : Packet_CustomPacket, type: 12
01-11 22:29:07.836 29843 30038 I SAMP : Packet_CustomPacket, type: 12
01-11 22:29:07.836 29843 30038 I SAMP : Packet_CustomPacket, type: 12
01-11 22:29:07.837 29843 30038 I SAMP : Packet_CustomPacket, type: 12
01-11 22:29:07.837 29843 30038 I SAMP : Packet_CustomPacket, type: 12
01-11 22:29:07.892 29843 30038 I SAMP : Packet_CustomPacket, type: 12
01-11 22:29:07.964 29843 30038 I SAMP : Packet_CustomPacket, type: 14
01-11 22:29:07.982 29843 30038 I SAMP : Load vehicle upgrade: 1010 (times: 30)
01-11 22:29:07.982 29843 30038 I SAMP : Load vehicle upgrade -- loaded
01-11 22:29:07.982 29843 30038 I SAMP : Packet_CustomPacket, type: 14
01-11 22:29:07.983 29843 30038 I SAMP : Packet_CustomPacket, type: 14
01-11 22:29:08.033 29843 30038 I SAMP : Packet_CustomPacket, type: 12
01-11 22:29:08.219 29843 30038 I SAMP : Packet_CustomPacket, type: 12
01-11 22:29:08.233 29843 30038 I SAMP : Packet_CustomPacket, type: 12
01-11 22:29:08.313 29843 30038 I SAMP : Packet_CustomPacket, type: 12
01-11 22:29:08.335 29843 30038 I SAMP : Packet_CustomPacket, type: 12
01-11 22:29:08.363 29843 30038 I SAMP : Packet_CustomPacket, type: 12
01-11 22:29:08.382 29843 30038 I SAMP : Packet_CustomPacket, type: 12
01-11 22:29:08.467 29843 30038 I SAMP : Packet_CustomPacket, type: 12
01-11 22:29:08.768 29843 30038 I SAMP : Packet_CustomPacket, type: 12
01-11 22:29:08.788 29843 30038 I SAMP : Packet_CustomPacket, type: 12
01-11 22:29:08.858 29843 30038 I SAMP : Packet_CustomPacket, type: 12
01-11 22:29:08.858 29843 30038 I SAMP : Packet_CustomPacket, type: 12
01-11 22:29:08.858 29843 30038 I SAMP : Packet_CustomPacket, type: 12
01-11 22:29:08.859 29843 30038 I SAMP : Packet_CustomPacket, type: 12
01-11 22:29:08.859 29843 30038 I SAMP : Packet_CustomPacket, type: 12
01-11 22:29:08.859 29843 30038 I SAMP : Packet_CustomPacket, type: 12
01-11 22:29:08.859 29843 30038 I SAMP : Packet_CustomPacket, type: 12
01-11 22:29:08.859 29843 30038 I SAMP : Packet_CustomPacket, type: 12
01-11 22:29:08.859 29843 30038 I SAMP : Packet_CustomPacket, type: 12
01-11 22:29:08.859 29843 30038 I SAMP : Packet_CustomPacket, type: 12
01-11 22:29:08.870 29843 30038 I SAMP : Packet_CustomPacket, type: 14
01-11 22:29:08.937 29843 30038 I SAMP : Packet_CustomPacket, type: 12
01-11 22:29:08.937 29843 30038 I SAMP : Packet_CustomPacket, type: 12
01-11 22:29:08.937 29843 30038 I SAMP : Packet_CustomPacket, type: 12
01-11 22:29:08.937 29843 30038 I SAMP : Packet_CustomPacket, type: 12
01-11 22:29:09.006 29843 30038 I SAMP : Packet_CustomPacket, type: 12
01-11 22:29:09.371 29843 30038 I SAMP : Packet_CustomPacket, type: 12
01-11 22:29:09.452 29843 30038 I SAMP : Packet_CustomPacket, type: 12
01-11 22:29:09.453 29843 30038 I SAMP : Packet_CustomPacket, type: 12
01-11 22:29:09.493 29843 30038 I SAMP : Packet_CustomPacket, type: 12
01-11 22:29:09.493 29843 30038 I SAMP : Packet_CustomPacket, type: 12
01-11 22:29:09.557 29843 30038 I SAMP : Packet_CustomPacket, type: 12
01-11 22:29:09.829 29843 30038 I SAMP : Load vehicle upgrade: 1010 (times: 30)
01-11 22:29:09.829 29843 30038 I SAMP : Load vehicle upgrade -- loaded
01-11 22:29:09.829 29843 30038 I SAMP : Packet_CustomPacket, type: 14
01-11 22:29:09.860 29843 30038 I SAMP : Packet_CustomPacket, type: 14
01-11 22:29:09.900 29843 30038 I SAMP : Packet_CustomPacket, type: 12
01-11 22:29:09.900 29843 30038 I SAMP : Packet_CustomPacket, type: 12
01-11 22:29:09.900 29843 30038 I SAMP : Packet_CustomPacket, type: 12
01-11 22:29:09.900 29843 30038 I SAMP : Packet_CustomPacket, type: 12
01-11 22:29:09.901 29843 30038 I SAMP : Packet_CustomPacket, type: 12
01-11 22:29:09.901 29843 30038 I SAMP : Packet_CustomPacket, type: 12
01-11 22:29:09.901 29843 30038 I SAMP : Packet_CustomPacket, type: 12
01-11 22:29:09.901 29843 30038 I SAMP : Packet_CustomPacket, type: 12
01-11 22:29:09.901 29843 30038 I SAMP : Packet_CustomPacket, type: 12
01-11 22:29:09.901 29843 30038 I SAMP : Packet_CustomPacket, type: 12
01-11 22:29:10.079 29843 30038 I SAMP : Packet_CustomPacket, type: 12
01-11 22:29:10.080 29843 30038 I SAMP : Packet_CustomPacket, type: 12
01-11 22:29:10.080 29843 30038 I SAMP : Packet_CustomPacket, type: 12
01-11 22:29:10.116 29843 30038 I SAMP : Packet_CustomPacket, type: 12
01-11 22:29:10.445 29843 30038 I SAMP : Packet_CustomPacket, type: 12
01-11 22:29:10.445 29843 30038 I SAMP : Packet_CustomPacket, type: 12
01-11 22:29:10.580 29843 30038 I SAMP : Packet_CustomPacket, type: 12
01-11 22:29:10.580 29843 30038 I SAMP : Packet_CustomPacket, type: 12
01-11 22:29:10.622 29843 30038 I SAMP : Packet_CustomPacket, type: 12
01-11 22:29:10.697 29843 30038 I SAMP : Packet_CustomPacket, type: 12
01-11 22:29:10.955 29843 30038 I SAMP : Packet_CustomPacket, type: 12
01-11 22:29:10.955 29843 30038 I SAMP : Packet_CustomPacket, type: 12
01-11 22:29:10.955 29843 30038 I SAMP : Packet_CustomPacket, type: 12
01-11 22:29:10.955 29843 30038 I SAMP : Packet_CustomPacket, type: 12
01-11 22:29:10.956 29843 30038 I SAMP : Packet_CustomPacket, type: 12
01-11 22:29:10.956 29843 30038 I SAMP : Packet_CustomPacket, type: 12
01-11 22:29:10.956 29843 30038 I SAMP : Packet_CustomPacket, type: 12
01-11 22:29:10.956 29843 30038 I SAMP : Packet_CustomPacket, type: 12
01-11 22:29:11.044 29843 30038 I SAMP : Packet_CustomPacket, type: 12
01-11 22:29:11.044 29843 30038 I SAMP : Packet_CustomPacket, type: 12
01-11 22:29:11.131 29843 30038 I SAMP : Packet_CustomPacket, type: 12
01-11 22:29:11.131 29843 30038 I SAMP : Packet_CustomPacket, type: 12
01-11 22:29:11.176 29843 30038 I SAMP : Packet_CustomPacket, type: 12
01-11 22:29:11.245 29843 30038 I SAMP : Packet_CustomPacket, type: 12
01-11 22:29:11.523 29843 29843 V AutofillManager: requestHideFillUi(null): anchor =
null
01-11 22:29:11.606 29843 30038 I SAMP : Packet_CustomPacket, type: 12
01-11 22:29:11.607 29843 30038 I SAMP : Packet_CustomPacket, type: 12
01-11 22:29:11.712 29843 30038 I SAMP : Packet_CustomPacket, type: 12
01-11 22:29:11.712 29843 30038 I SAMP : Packet_CustomPacket, type: 12
01-11 22:29:11.743 29843 30038 I SAMP : Packet_CustomPacket, type: 12
01-11 22:29:11.793 29843 30038 I SAMP : Packet_CustomPacket, type: 12
01-11 22:29:12.011 29843 30038 I SAMP : Packet_CustomPacket, type: 12
01-11 22:29:12.012 29843 30038 I SAMP : Packet_CustomPacket, type: 12
01-11 22:29:12.012 29843 30038 I SAMP : Packet_CustomPacket, type: 12
01-11 22:29:12.012 29843 30038 I SAMP : Packet_CustomPacket, type: 12
01-11 22:29:12.012 29843 30038 I SAMP : Packet_CustomPacket, type: 12
01-11 22:29:12.012 29843 30038 I SAMP : Packet_CustomPacket, type: 12
01-11 22:29:12.012 29843 30038 I SAMP : Packet_CustomPacket, type: 12
01-11 22:29:12.012 29843 30038 I SAMP : Packet_CustomPacket, type: 12
01-11 22:29:12.121 29843 30038 I SAMP : Packet_CustomPacket, type: 12
01-11 22:29:12.143 29843 30038 I SAMP : Packet_CustomPacket, type: 12
01-11 22:29:12.244 29843 30038 I SAMP : Packet_CustomPacket, type: 12
01-11 22:29:12.244 29843 30038 I SAMP : Packet_CustomPacket, type: 12
01-11 22:29:12.311 29843 30038 I SAMP : Packet_CustomPacket, type: 12
01-11 22:29:12.366 29843 30038 I SAMP : Packet_CustomPacket, type: 12
01-11 22:29:12.688 29843 30038 I SAMP : Load vehicle upgrade: 1010 (times: 30)
01-11 22:29:12.688 29843 30038 I SAMP : Load vehicle upgrade -- loaded
01-11 22:29:12.688 29843 30038 I SAMP : Packet_CustomPacket, type: 14
01-11 22:29:12.732 29843 30038 I SAMP : Load vehicle upgrade: 1010 (times: 30)
01-11 22:29:12.732 29843 30038 I SAMP : Load vehicle upgrade -- loaded
01-11 22:29:12.732 29843 30038 I SAMP : Packet_CustomPacket, type: 14
01-11 22:29:12.739 29843 30038 I SAMP : Packet_CustomPacket, type: 12
01-11 22:29:12.739 29843 30038 I SAMP : Packet_CustomPacket, type: 12
01-11 22:29:12.801 29843 30038 I SAMP : Packet_CustomPacket, type: 12
01-11 22:29:12.801 29843 30038 I SAMP : Packet_CustomPacket, type: 12
01-11 22:29:12.869 29843 30038 I SAMP : Packet_CustomPacket, type: 12
01-11 22:29:12.926 29843 30038 I SAMP : Packet_CustomPacket, type: 12
01-11 22:29:13.058 29843 30038 I SAMP : Packet_CustomPacket, type: 12
01-11 22:29:13.058 29843 30038 I SAMP : Packet_CustomPacket, type: 12
01-11 22:29:13.058 29843 30038 I SAMP : Packet_CustomPacket, type: 12
01-11 22:29:13.058 29843 30038 I SAMP : Packet_CustomPacket, type: 12
01-11 22:29:13.058 29843 30038 I SAMP : Packet_CustomPacket, type: 12
01-11 22:29:13.058 29843 30038 I SAMP : Packet_CustomPacket, type: 12
01-11 22:29:13.058 29843 30038 I SAMP : Packet_CustomPacket, type: 12
01-11 22:29:13.058 29843 30038 I SAMP : Packet_CustomPacket, type: 12
01-11 22:29:13.227 29843 30038 I SAMP : Packet_CustomPacket, type: 12
01-11 22:29:13.246 29843 30038 I SAMP : Packet_CustomPacket, type: 12
01-11 22:29:13.351 29843 30038 I SAMP : Packet_CustomPacket, type: 12
01-11 22:29:13.351 29843 30038 I SAMP : Packet_CustomPacket, type: 12
01-11 22:29:13.404 29843 29843 V AutofillManager: requestHideFillUi(null): anchor =
null
01-11 22:29:13.413 29843 30038 I SAMP : Packet_CustomPacket, type: 12
01-11 22:29:13.454 29843 30038 I SAMP : Packet_CustomPacket, type: 12
01-11 22:29:13.613 29843 30038 I SAMP : Packet_CustomPacket, type: 14
01-11 22:29:13.614 29843 30038 I SAMP : Packet_CustomPacket, type: 14
01-11 22:29:13.800 29843 30038 I SAMP : Packet_CustomPacket, type: 12
01-11 22:29:13.902 29843 30038 I SAMP : Packet_CustomPacket, type: 12
01-11 22:29:13.975 29843 30038 I SAMP : Packet_CustomPacket, type: 12
01-11 22:29:14.046 29843 30038 I SAMP : Packet_CustomPacket, type: 12
01-11 22:29:14.063 29843 30038 I SAMP : Packet_CustomPacket, type: 12
01-11 22:29:14.063 29843 30038 I SAMP : Packet_CustomPacket, type: 12
01-11 22:29:14.063 29843 30038 I SAMP : Packet_CustomPacket, type: 12
01-11 22:29:14.063 29843 30038 I SAMP : Packet_CustomPacket, type: 12
01-11 22:29:14.063 29843 30038 I SAMP : Packet_CustomPacket, type: 12
01-11 22:29:14.063 29843 30038 I SAMP : Packet_CustomPacket, type: 12
01-11 22:29:14.063 29843 30038 I SAMP : Packet_CustomPacket, type: 12
01-11 22:29:14.364 29843 30038 I SAMP : Packet_CustomPacket, type: 12
01-11 22:29:14.454 29843 30038 I SAMP : Packet_CustomPacket, type: 12
01-11 22:29:14.553 29843 30038 I SAMP : Packet_CustomPacket, type: 12
01-11 22:29:14.658 29843 30038 I SAMP : Packet_CustomPacket, type: 14
01-11 22:29:14.679 29843 30038 I SAMP : Packet_CustomPacket, type: 14
01-11 22:29:14.700 29843 30038 I SAMP : Packet_CustomPacket, type: 12
01-11 22:29:14.920 29843 30038 I SAMP : Packet_CustomPacket, type: 12
01-11 22:29:15.027 29843 30038 I SAMP : Packet_CustomPacket, type: 12
01-11 22:29:15.096 29843 30038 I SAMP : Packet_CustomPacket, type: 12
01-11 22:29:15.119 29843 30038 I SAMP : Packet_CustomPacket, type: 12
01-11 22:29:15.119 29843 30038 I SAMP : Packet_CustomPacket, type: 12
01-11 22:29:15.119 29843 30038 I SAMP : Packet_CustomPacket, type: 12
01-11 22:29:15.119 29843 30038 I SAMP : Packet_CustomPacket, type: 12
01-11 22:29:15.119 29843 30038 I SAMP : Packet_CustomPacket, type: 12
01-11 22:29:15.119 29843 30038 I SAMP : Packet_CustomPacket, type: 12
01-11 22:29:15.119 29843 30038 I SAMP : Packet_CustomPacket, type: 12
01-11 22:29:15.191 29843 30038 I SAMP : Packet_CustomPacket, type: 12
01-11 22:29:15.453 29843 30038 I SAMP : Packet_CustomPacket, type: 12
01-11 22:29:15.608 29843 30038 I SAMP : Packet_CustomPacket, type: 12
01-11 22:29:15.649 29843 30038 I SAMP : Packet_CustomPacket, type: 12
01-11 22:29:15.750 29843 30038 I SAMP : Packet_CustomPacket, type: 12
01-11 22:29:16.050 29843 30038 I SAMP : Packet_CustomPacket, type: 12
01-11 22:29:16.154 29843 30038 I SAMP : Packet_CustomPacket, type: 12
01-11 22:29:16.155 29843 30038 I SAMP : Packet_CustomPacket, type: 12
01-11 22:29:16.155 29843 30038 I SAMP : Packet_CustomPacket, type: 12
01-11 22:29:16.155 29843 30038 I SAMP : Packet_CustomPacket, type: 12
01-11 22:29:16.155 29843 30038 I SAMP : Packet_CustomPacket, type: 12
01-11 22:29:16.155 29843 30038 I SAMP : Packet_CustomPacket, type: 12
01-11 22:29:16.155 29843 30038 I SAMP : Packet_CustomPacket, type: 12
01-11 22:29:16.155 29843 30038 I SAMP : Packet_CustomPacket, type: 12
01-11 22:29:16.228 29843 30038 I SAMP : Packet_CustomPacket, type: 12
01-11 22:29:16.295 29843 30038 I SAMP : Packet_CustomPacket, type: 12
01-11 22:29:16.408 29843 29843 V AutofillManager: requestHideFillUi(null): anchor =
null
01-11 22:29:16.534 29843 30038 I SAMP : Packet_CustomPacket, type: 14
01-11 22:29:16.534 29843 30038 I SAMP : Packet_CustomPacket, type: 14
01-11 22:29:16.619 29843 30038 I SAMP : Packet_CustomPacket, type: 12
01-11 22:29:16.674 29843 30038 I SAMP : Packet_CustomPacket, type: 12
01-11 22:29:16.788 29843 30038 I SAMP : Packet_CustomPacket, type: 12
01-11 22:29:16.862 29843 30038 I SAMP : Packet_CustomPacket, type: 12
01-11 22:29:17.199 29843 30038 I SAMP : Packet_CustomPacket, type: 12
01-11 22:29:17.199 29843 30038 I SAMP : Packet_CustomPacket, type: 12
01-11 22:29:17.200 29843 30038 I SAMP : Packet_CustomPacket, type: 12
01-11 22:29:17.200 29843 30038 I SAMP : Packet_CustomPacket, type: 12
01-11 22:29:17.200 29843 30038 I SAMP : Packet_CustomPacket, type: 12
01-11 22:29:17.200 29843 30038 I SAMP : Packet_CustomPacket, type: 12
01-11 22:29:17.200 29843 30038 I SAMP : Packet_CustomPacket, type: 12
01-11 22:29:17.200 29843 30038 I SAMP : Packet_CustomPacket, type: 12
01-11 22:29:17.258 29843 30038 I SAMP : Packet_CustomPacket, type: 12
01-11 22:29:17.338 29843 30038 I SAMP : Packet_CustomPacket, type: 12
01-11 22:29:17.422 29843 30038 I SAMP : Packet_CustomPacket, type: 12
01-11 22:29:17.588 29843 29843 V AutofillManager: requestHideFillUi(null): anchor =
null
01-11 22:29:17.753 29843 30038 I SAMP : Packet_CustomPacket, type: 12
01-11 22:29:17.816 29843 30038 I SAMP : Packet_CustomPacket, type: 12
01-11 22:29:17.905 29843 30038 I SAMP : Packet_CustomPacket, type: 12
01-11 22:29:18.234 29843 30038 I SAMP : Packet_CustomPacket, type: 12
01-11 22:29:18.234 29843 30038 I SAMP : Packet_CustomPacket, type: 12
01-11 22:29:18.234 29843 30038 I SAMP : Packet_CustomPacket, type: 12
01-11 22:29:18.234 29843 30038 I SAMP : Packet_CustomPacket, type: 12
01-11 22:29:18.234 29843 30038 I SAMP : Packet_CustomPacket, type: 12
01-11 22:29:18.235 29843 30038 I SAMP : Packet_CustomPacket, type: 12
01-11 22:29:18.303 29843 29843 V AutofillManager: requestHideFillUi(null): anchor =
null
01-11 22:29:18.330 29843 30038 I SAMP : Packet_CustomPacket, type: 12
01-11 22:29:18.373 29843 30038 I SAMP : Packet_CustomPacket, type: 12
01-11 22:29:18.457 29843 30038 I SAMP : Packet_CustomPacket, type: 12
01-11 22:29:18.537 29843 29843 V AutofillManager: requestHideFillUi(null): anchor =
null
01-11 22:29:18.896 29843 30038 I SAMP : Packet_CustomPacket, type: 12
01-11 22:29:18.943 29843 30038 I SAMP : Packet_CustomPacket, type: 12
01-11 22:29:19.006 29843 29843 V AutofillManager: requestHideFillUi(null): anchor =
null
01-11 22:29:19.010 29843 30038 I SAMP : Packet_CustomPacket, type: 12
01-11 22:29:19.242 29843 30038 I SAMP : Packet_CustomPacket, type: 12
01-11 22:29:19.337 29843 30038 I SAMP : Load vehicle upgrade: 1138 (times: 30)
01-11 22:29:19.340 29843 30038 I SAMP : Load vehicle upgrade -- loaded
01-11 22:29:19.341 29843 30038 I SAMP : Load vehicle upgrade: 1031 (times: 30)
01-11 22:29:19.345 29843 30038 I SAMP : Load vehicle upgrade -- loaded
01-11 22:29:19.345 29843 30038 I SAMP : Load vehicle upgrade: 1010 (times: 30)
01-11 22:29:19.345 29843 30038 I SAMP : Load vehicle upgrade -- loaded
01-11 22:29:19.345 29843 30038 I SAMP : Load vehicle upgrade: 1029 (times: 30)
01-11 22:29:19.347 29843 30038 I SAMP : Load vehicle upgrade -- loaded
01-11 22:29:19.348 29843 30038 I SAMP : Load vehicle upgrade: 1081 (times: 30)
01-11 22:29:19.349 29843 30038 I SAMP : Load vehicle upgrade -- loaded
01-11 22:29:19.350 29843 30038 I SAMP : Load vehicle upgrade: 1169 (times: 30)
01-11 22:29:19.353 29843 30038 I SAMP : Load vehicle upgrade -- loaded
01-11 22:29:19.353 29843 30038 I SAMP : Load vehicle upgrade: 1140 (times: 30)
01-11 22:29:19.354 29843 30038 I SAMP : Load vehicle upgrade -- loaded
01-11 22:29:19.355 29843 30038 I SAMP : Packet_CustomPacket, type: 14
01-11 22:29:19.364 29843 30038 I SAMP : Packet_CustomPacket, type: 14
01-11 22:29:19.385 29843 30038 I SAMP : Packet_CustomPacket, type: 12
01-11 22:29:19.385 29843 30038 I SAMP : Packet_CustomPacket, type: 12
01-11 22:29:19.385 29843 30038 I SAMP : Packet_CustomPacket, type: 12
01-11 22:29:19.385 29843 30038 I SAMP : Packet_CustomPacket, type: 12
01-11 22:29:19.385 29843 30038 I SAMP : Packet_CustomPacket, type: 12
01-11 22:29:19.385 29843 30038 I SAMP : Packet_CustomPacket, type: 12
01-11 22:29:19.385 29843 30038 I SAMP : Packet_CustomPacket, type: 12
01-11 22:29:19.462 29843 30038 I SAMP : Packet_CustomPacket, type: 12
01-11 22:29:19.482 29843 30038 I SAMP : Packet_CustomPacket, type: 12
01-11 22:29:19.525 29843 30038 I SAMP : Packet_CustomPacket, type: 12
01-11 22:29:19.571 29843 30038 I SAMP : Packet_CustomPacket, type: 12
01-11 22:29:19.793 29843 30038 I SAMP : Packet_CustomPacket, type: 12
01-11 22:29:19.838 29843 29843 V AutofillManager: requestHideFillUi(null): anchor =
null
01-11 22:29:20.029 29843 30038 I SAMP : Packet_CustomPacket, type: 12
01-11 22:29:20.030 29843 30038 I SAMP : Packet_CustomPacket, type: 12
01-11 22:29:20.072 29843 30038 I SAMP : Packet_CustomPacket, type: 12
01-11 22:29:20.120 29843 30038 I SAMP : Packet_CustomPacket, type: 12
01-11 22:29:20.307 29843 30038 I SAMP : Packet_CustomPacket, type: 12
01-11 22:29:20.307 29843 30038 I SAMP : Packet_CustomPacket, type: 12
01-11 22:29:20.307 29843 30038 I SAMP : Packet_CustomPacket, type: 12
01-11 22:29:20.308 29843 30038 I SAMP : Packet_CustomPacket, type: 12
01-11 22:29:20.308 29843 30038 I SAMP : Packet_CustomPacket, type: 12
01-11 22:29:20.308 29843 30038 I SAMP : Packet_CustomPacket, type: 12
01-11 22:29:20.308 29843 30038 I SAMP : Packet_CustomPacket, type: 12
01-11 22:29:20.327 29843 30038 I SAMP : Packet_CustomPacket, type: 12
01-11 22:29:20.369 29843 29843 V AutofillManager: requestHideFillUi(null): anchor =
null
01-11 22:29:20.553 29843 29843 V AutofillManager: requestHideFillUi(null): anchor =
null
01-11 22:29:20.555 29843 30038 I SAMP : Packet_CustomPacket, type: 12
01-11 22:29:20.575 29843 30038 I SAMP : Packet_CustomPacket, type: 12
01-11 22:29:20.640 29843 30038 I SAMP : Packet_CustomPacket, type: 12
01-11 22:29:20.662 29843 30038 I SAMP : Packet_CustomPacket, type: 12
01-11 22:29:20.710 29843 30038 I SAMP : Packet_CustomPacket, type: 12
01-11 22:29:20.888 29843 30038 I SAMP : Packet_CustomPacket, type: 12
01-11 22:29:21.147 29843 30038 I SAMP : Packet_CustomPacket, type: 12
01-11 22:29:21.147 29843 30038 I SAMP : Packet_CustomPacket, type: 12
01-11 22:29:21.148 29843 30038 I SAMP : Packet_CustomPacket, type: 14
01-11 22:29:21.209 29843 30038 I SAMP : Packet_CustomPacket, type: 12
01-11 22:29:21.241 29843 30038 I SAMP : Packet_CustomPacket, type: 12
01-11 22:29:21.353 29843 30038 I SAMP : Packet_CustomPacket, type: 12
01-11 22:29:21.354 29843 30038 I SAMP : Packet_CustomPacket, type: 12
01-11 22:29:21.355 29843 30038 I SAMP : Packet_CustomPacket, type: 12
01-11 22:29:21.355 29843 30038 I SAMP : Packet_CustomPacket, type: 12
01-11 22:29:21.355 29843 30038 I SAMP : Packet_CustomPacket, type: 12
01-11 22:29:21.355 29843 30038 I SAMP : Packet_CustomPacket, type: 12
01-11 22:29:21.355 29843 30038 I SAMP : Packet_CustomPacket, type: 12
01-11 22:29:21.355 29843 30038 I SAMP : Packet_CustomPacket, type: 12
01-11 22:29:21.670 29843 30038 I SAMP : Packet_CustomPacket, type: 12
01-11 22:29:21.670 29843 30038 I SAMP : Packet_CustomPacket, type: 12
01-11 22:29:21.734 29843 30038 I SAMP : Packet_CustomPacket, type: 12
01-11 22:29:21.734 29843 30038 I SAMP : Packet_CustomPacket, type: 12
01-11 22:29:21.785 29843 30038 I SAMP : Packet_CustomPacket, type: 12
01-11 22:29:22.052 29843 29843 V AutofillManager: requestHideFillUi(null): anchor =
null
01-11 22:29:22.192 29843 30038 I SAMP : Packet_CustomPacket, type: 12
01-11 22:29:22.224 29843 30038 I SAMP : Packet_CustomPacket, type: 12
01-11 22:29:22.295 29843 30038 I SAMP : Packet_CustomPacket, type: 12
01-11 22:29:22.362 29843 30038 I SAMP : Packet_CustomPacket, type: 12
01-11 22:29:22.408 29843 30038 I SAMP : Packet_CustomPacket, type: 12
01-11 22:29:22.408 29843 30038 I SAMP : Packet_CustomPacket, type: 12
01-11 22:29:22.408 29843 30038 I SAMP : Packet_CustomPacket, type: 12
01-11 22:29:22.408 29843 30038 I SAMP : Packet_CustomPacket, type: 12
01-11 22:29:22.408 29843 30038 I SAMP : Packet_CustomPacket, type: 12
01-11 22:29:22.408 29843 30038 I SAMP : Packet_CustomPacket, type: 12
01-11 22:29:22.766 29843 30038 I SAMP : Packet_CustomPacket, type: 12
01-11 22:29:22.781 29843 30038 I SAMP : Packet_CustomPacket, type: 12
