01-11 22:29:22.869 29843 30038 I SAMP : Packet_CustomPacket, type: 14
01-11 22:29:22.870 29843 30038 I SAMP : Packet_CustomPacket, type: 12
01-11 22:29:22.904 29843 29843 V AutofillManager: requestHideFillUi(null): anchor =
null
01-11 22:29:22.915 29843 30038 I SAMP : Packet_CustomPacket, type: 12
01-11 22:29:23.219 29843 29843 V AutofillManager: requestHideFillUi(null): anchor =
null
01-11 22:29:23.312 29843 30038 I SAMP : Packet_CustomPacket, type: 12
01-11 22:29:23.336 29843 30038 I SAMP : Packet_CustomPacket, type: 12
01-11 22:29:23.391 29843 30038 I SAMP : Packet_CustomPacket, type: 12
01-11 22:29:23.416 29843 30038 I SAMP : Packet_CustomPacket, type: 12
01-11 22:29:23.442 29843 30038 I SAMP : Packet_CustomPacket, type: 12
01-11 22:29:23.442 29843 30038 I SAMP : Packet_CustomPacket, type: 12
01-11 22:29:23.442 29843 30038 I SAMP : Packet_CustomPacket, type: 12
01-11 22:29:23.442 29843 30038 I SAMP : Packet_CustomPacket, type: 12
01-11 22:29:23.442 29843 30038 I SAMP : Packet_CustomPacket, type: 12
01-11 22:29:23.442 29843 30038 I SAMP : Packet_CustomPacket, type: 12
01-11 22:29:23.442 29843 30038 I SAMP : Packet_CustomPacket, type: 12
01-11 22:29:23.491 29843 30038 I SAMP : Packet_CustomPacket, type: 12
01-11 22:29:23.882 29843 30038 I SAMP : Packet_CustomPacket, type: 12
01-11 22:29:23.905 29843 29843 V AutofillManager: requestHideFillUi(null): anchor =
null
01-11 22:29:23.936 29843 30038 I SAMP : Packet_CustomPacket, type: 12
01-11 22:29:23.965 29843 30038 I SAMP : Packet_CustomPacket, type: 12
01-11 22:29:24.064 29843 30038 I SAMP : Packet_CustomPacket, type: 12
01-11 22:29:24.472 29843 30038 I SAMP : Packet_CustomPacket, type: 12
01-11 22:29:24.493 29843 30038 I SAMP : Packet_CustomPacket, type: 12
01-11 22:29:24.493 29843 30038 I SAMP : Packet_CustomPacket, type: 12
01-11 22:29:24.493 29843 30038 I SAMP : Packet_CustomPacket, type: 12
01-11 22:29:24.493 29843 30038 I SAMP : Packet_CustomPacket, type: 12
01-11 22:29:24.493 29843 30038 I SAMP : Packet_CustomPacket, type: 12
01-11 22:29:24.493 29843 30038 I SAMP : Packet_CustomPacket, type: 12
01-11 22:29:24.494 29843 30038 I SAMP : Packet_CustomPacket, type: 12
01-11 22:29:24.578 29843 30038 I SAMP : Packet_CustomPacket, type: 12
01-11 22:29:24.637 29843 30038 I SAMP : Packet_CustomPacket, type: 12
01-11 22:29:24.873 29843 29843 V AutofillManager: requestHideFillUi(null): anchor =
null
01-11 22:29:24.998 29843 30038 I SAMP : Packet_CustomPacket, type: 12
01-11 22:29:25.049 29843 30038 I SAMP : Packet_CustomPacket, type: 12
01-11 22:29:25.111 29843 30038 I SAMP : Packet_CustomPacket, type: 12
01-11 22:29:25.195 29843 30038 I SAMP : Packet_CustomPacket, type: 12
01-11 22:29:25.301 29843 29843 V AutofillManager: requestHideFillUi(null): anchor =
null
01-11 22:29:25.559 29843 30038 I SAMP : Packet_CustomPacket, type: 12
01-11 22:29:25.559 29843 30038 I SAMP : Packet_CustomPacket, type: 12
01-11 22:29:25.560 29843 30038 I SAMP : Packet_CustomPacket, type: 12
01-11 22:29:25.560 29843 30038 I SAMP : Packet_CustomPacket, type: 12
01-11 22:29:25.560 29843 30038 I SAMP : Packet_CustomPacket, type: 12
01-11 22:29:25.560 29843 30038 I SAMP : Packet_CustomPacket, type: 12
01-11 22:29:25.560 29843 30038 I SAMP : Packet_CustomPacket, type: 12
01-11 22:29:25.589 29843 30038 I SAMP : Packet_CustomPacket, type: 12
01-11 22:29:25.738 29843 30038 I SAMP : Packet_CustomPacket, type: 12
01-11 22:29:26.097 29843 30038 I SAMP : Packet_CustomPacket, type: 12
01-11 22:29:26.159 29843 30038 I SAMP : Packet_CustomPacket, type: 12
01-11 22:29:26.280 29843 30038 I SAMP : Packet_CustomPacket, type: 12
01-11 22:29:26.403 29843 29843 V AutofillManager: requestHideFillUi(null): anchor =
null
01-11 22:29:26.554 29843 30038 I SAMP : Packet_CustomPacket, type: 12
01-11 22:29:26.554 29843 30038 I SAMP : Packet_CustomPacket, type: 12
01-11 22:29:26.554 29843 30038 I SAMP : Packet_CustomPacket, type: 12
01-11 22:29:26.554 29843 30038 I SAMP : Packet_CustomPacket, type: 12
01-11 22:29:26.554 29843 30038 I SAMP : Packet_CustomPacket, type: 12
01-11 22:29:26.592 29843 30038 I SAMP : Packet_CustomPacket, type: 14
01-11 22:29:26.703 29843 30038 I SAMP : Packet_CustomPacket, type: 12
01-11 22:29:26.823 29843 30038 I SAMP : Packet_CustomPacket, type: 12
01-11 22:29:27.238 29843 30038 I SAMP : Packet_CustomPacket, type: 12
01-11 22:29:27.320 29843 29843 V AutofillManager: requestHideFillUi(null): anchor =
null
01-11 22:29:27.580 29843 30038 I SAMP : Packet_CustomPacket, type: 12
01-11 22:29:27.615 29843 30038 I SAMP : Packet_CustomPacket, type: 12
01-11 22:29:27.616 29843 30038 I SAMP : Packet_CustomPacket, type: 12
01-11 22:29:27.616 29843 30038 I SAMP : Packet_CustomPacket, type: 12
01-11 22:29:27.616 29843 30038 I SAMP : Packet_CustomPacket, type: 12
01-11 22:29:27.805 29843 30038 I SAMP : Packet_CustomPacket, type: 12
01-11 22:29:28.173 29843 29843 V AutofillManager: requestHideFillUi(null): anchor =
null
01-11 22:29:28.389 29843 30038 I SAMP : Packet_CustomPacket, type: 12
01-11 22:29:28.419 29843 30038 I SAMP : Packet_CustomPacket, type: 14
01-11 22:29:28.611 29843 30038 I SAMP : Packet_CustomPacket, type: 12
01-11 22:29:28.611 29843 30038 I SAMP : Packet_CustomPacket, type: 12
01-11 22:29:28.611 29843 30038 I SAMP : Packet_CustomPacket, type: 12
01-11 22:29:28.611 29843 30038 I SAMP : Packet_CustomPacket, type: 12
01-11 22:29:28.926 29843 30038 I SAMP : Packet_CustomPacket, type: 12
01-11 22:29:29.053 29843 29843 V AutofillManager: requestHideFillUi(null): anchor =
null
01-11 22:29:29.660 29843 30038 I SAMP : Packet_CustomPacket, type: 12
01-11 22:29:29.661 29843 30038 I SAMP : Packet_CustomPacket, type: 12
01-11 22:29:29.661 29843 30038 I SAMP : Packet_CustomPacket, type: 12
01-11 22:29:30.298 29843 30038 I SAMP : Packet_CustomPacket, type: 14
01-11 22:29:30.565 29843 30038 I SAMP : Packet_CustomPacket, type: 12
01-11 22:29:30.682 29843 30038 I SAMP : Packet_CustomPacket, type: 12
01-11 22:29:30.682 29843 30038 I SAMP : Packet_CustomPacket, type: 12
01-11 22:29:30.683 29843 30038 I SAMP : Packet_CustomPacket, type: 12
01-11 22:29:30.683 29843 30038 I SAMP : Packet_CustomPacket, type: 12
01-11 22:29:31.138 29843 30038 I SAMP : Packet_CustomPacket, type: 12
01-11 22:29:31.675 29843 30038 I SAMP : Packet_CustomPacket, type: 12
01-11 22:29:31.732 29843 30038 I SAMP : Packet_CustomPacket, type: 12
01-11 22:29:31.732 29843 30038 I SAMP : Packet_CustomPacket, type: 12
01-11 22:29:31.733 29843 30038 I SAMP : Packet_CustomPacket, type: 12
01-11 22:29:31.733 29843 30038 I SAMP : Packet_CustomPacket, type: 12
01-11 22:29:32.265 29843 30038 I SAMP : Packet_CustomPacket, type: 12
01-11 22:29:32.767 29843 30038 I SAMP : Packet_CustomPacket, type: 12
01-11 22:29:32.767 29843 30038 I SAMP : Packet_CustomPacket, type: 12
01-11 22:29:32.768 29843 30038 I SAMP : Packet_CustomPacket, type: 12
01-11 22:29:32.768 29843 30038 I SAMP : Packet_CustomPacket, type: 12
01-11 22:29:32.845 29843 30038 I SAMP : Packet_CustomPacket, type: 12
01-11 22:29:33.384 29843 30038 I SAMP : Packet_CustomPacket, type: 12
01-11 22:29:33.810 29843 30038 I SAMP : Packet_CustomPacket, type: 12
01-11 22:29:33.811 29843 30038 I SAMP : Packet_CustomPacket, type: 12
01-11 22:29:33.811 29843 30038 I SAMP : Packet_CustomPacket, type: 12
01-11 22:29:33.811 29843 30038 I SAMP : Packet_CustomPacket, type: 12
01-11 22:29:33.943 29843 30038 I SAMP : Packet_CustomPacket, type: 12
01-11 22:29:34.103 29843 30038 I SAMP : Packet_CustomPacket, type: 14
01-11 22:29:34.354 29843 30038 I SAMP : Packet_CustomPacket, type: 12
01-11 22:29:34.482 29843 30038 I SAMP : Packet_CustomPacket, type: 12
01-11 22:29:34.866 29843 30038 I SAMP : Packet_CustomPacket, type: 12
01-11 22:29:34.866 29843 30038 I SAMP : Packet_CustomPacket, type: 12
01-11 22:29:34.866 29843 30038 I SAMP : Packet_CustomPacket, type: 12
01-11 22:29:34.866 29843 30038 I SAMP : Packet_CustomPacket, type: 12
01-11 22:29:34.867 29843 30038 I SAMP : Packet_CustomPacket, type: 12
01-11 22:29:34.942 29843 30038 I SAMP : Packet_CustomPacket, type: 12
01-11 22:29:35.075 29843 30038 I SAMP : Packet_CustomPacket, type: 12
01-11 22:29:35.533 29843 30038 I SAMP : Packet_CustomPacket, type: 12
01-11 22:29:35.586 29843 29843 V AutofillManager: requestHideFillUi(null): anchor =
null
01-11 22:29:35.653 29843 30038 I SAMP : Packet_CustomPacket, type: 12
01-11 22:29:35.917 29843 30038 I SAMP : Packet_CustomPacket, type: 12
01-11 22:29:35.918 29843 30038 I SAMP : Packet_CustomPacket, type: 12
01-11 22:29:35.918 29843 30038 I SAMP : Packet_CustomPacket, type: 12
01-11 22:29:35.920 29843 30038 I SAMP : Packet_CustomPacket, type: 12
01-11 22:29:35.920 29843 30038 I SAMP : Packet_CustomPacket, type: 12
01-11 22:29:36.055 29843 30038 I SAMP : Packet_CustomPacket, type: 12
01-11 22:29:36.192 29843 30038 I SAMP : Packet_CustomPacket, type: 12
01-11 22:29:36.589 29843 30038 I SAMP : Packet_CustomPacket, type: 12
01-11 22:29:36.754 29843 30038 I SAMP : Packet_CustomPacket, type: 12
01-11 22:29:36.943 29843 30038 I SAMP : Packet_CustomPacket, type: 12
01-11 22:29:36.943 29843 30038 I SAMP : Packet_CustomPacket, type: 12
01-11 22:29:36.943 29843 30038 I SAMP : Packet_CustomPacket, type: 12
01-11 22:29:36.943 29843 30038 I SAMP : Packet_CustomPacket, type: 12
01-11 22:29:36.943 29843 30038 I SAMP : Packet_CustomPacket, type: 12
01-11 22:29:37.295 29843 30038 I SAMP : Packet_CustomPacket, type: 12
01-11 22:29:37.863 29843 30038 I SAMP : Packet_CustomPacket, type: 12
01-11 22:29:37.923 29843 30038 I SAMP : Packet_CustomPacket, type: 12
01-11 22:29:37.979 29843 30038 I SAMP : Packet_CustomPacket, type: 12
01-11 22:29:37.979 29843 30038 I SAMP : Packet_CustomPacket, type: 12
01-11 22:29:37.979 29843 30038 I SAMP : Packet_CustomPacket, type: 12
01-11 22:29:37.979 29843 30038 I SAMP : Packet_CustomPacket, type: 12
01-11 22:29:38.237 29843 29843 V AutofillManager: requestHideFillUi(null): anchor =
null
01-11 22:29:38.410 29843 30038 I SAMP : Packet_CustomPacket, type: 12
01-11 22:29:38.440 29843 30038 I SAMP : Packet_CustomPacket, type: 12
01-11 22:29:38.824 29843 30038 I SAMP : Load vehicle upgrade: 1010 (times: 30)
01-11 22:29:38.824 29843 30038 I SAMP : Load vehicle upgrade -- loaded
01-11 22:29:38.824 29843 30038 I SAMP : Packet_CustomPacket, type: 14
01-11 22:29:38.969 29843 30038 I SAMP : Packet_CustomPacket, type: 12
01-11 22:29:38.969 29843 30038 I SAMP : Packet_CustomPacket, type: 12
01-11 22:29:39.028 29843 30038 I SAMP : Packet_CustomPacket, type: 12
01-11 22:29:39.063 29843 30038 I SAMP : Packet_CustomPacket, type: 12
01-11 22:29:39.063 29843 30038 I SAMP : Packet_CustomPacket, type: 12
01-11 22:29:39.064 29843 30038 I SAMP : Packet_CustomPacket, type: 12
01-11 22:29:39.064 29843 30038 I SAMP : Packet_CustomPacket, type: 12
01-11 22:29:39.064 29843 30038 I SAMP : Packet_CustomPacket, type: 12
01-11 22:29:39.521 29843 30038 I SAMP : Packet_CustomPacket, type: 12
01-11 22:29:39.521 29843 30038 I SAMP : Packet_CustomPacket, type: 12
01-11 22:29:39.567 29843 30038 I SAMP : Packet_CustomPacket, type: 12
01-11 22:29:40.068 29843 30038 I SAMP : Packet_CustomPacket, type: 12
01-11 22:29:40.069 29843 30038 I SAMP : Packet_CustomPacket, type: 12
01-11 22:29:40.069 29843 30038 I SAMP : Packet_CustomPacket, type: 12
01-11 22:29:40.069 29843 30038 I SAMP : Packet_CustomPacket, type: 12
01-11 22:29:40.069 29843 30038 I SAMP : Packet_CustomPacket, type: 12
01-11 22:29:40.069 29843 30038 I SAMP : Packet_CustomPacket, type: 12
01-11 22:29:40.091 29843 30038 I SAMP : Packet_CustomPacket, type: 12
01-11 22:29:40.116 29843 30038 I SAMP : Packet_CustomPacket, type: 12
01-11 22:29:40.631 29843 30038 I SAMP : Packet_CustomPacket, type: 12
01-11 22:29:40.631 29843 30038 I SAMP : Packet_CustomPacket, type: 12
01-11 22:29:40.663 29843 30038 I SAMP : Packet_CustomPacket, type: 12
01-11 22:29:40.754 29843 29843 V AutofillManager: requestHideFillUi(null): anchor =
null
01-11 22:29:41.115 29843 30038 I SAMP : Packet_CustomPacket, type: 12
01-11 22:29:41.115 29843 30038 I SAMP : Packet_CustomPacket, type: 12
01-11 22:29:41.116 29843 30038 I SAMP : Packet_CustomPacket, type: 12
01-11 22:29:41.116 29843 30038 I SAMP : Packet_CustomPacket, type: 12
01-11 22:29:41.116 29843 30038 I SAMP : Packet_CustomPacket, type: 12
01-11 22:29:41.214 29843 30038 I SAMP : Packet_CustomPacket, type: 12
01-11 22:29:41.215 29843 30038 I SAMP : Packet_CustomPacket, type: 12
01-11 22:29:41.504 29843 30038 I SAMP : Packet_CustomPacket, type: 12
01-11 22:29:41.835 29843 30038 I SAMP : Packet_CustomPacket, type: 12
01-11 22:29:41.835 29843 30038 I SAMP : Packet_CustomPacket, type: 12
01-11 22:29:42.029 29843 30038 I SAMP : Packet_CustomPacket, type: 12
01-11 22:29:42.226 29843 30038 I SAMP : Packet_CustomPacket, type: 12
01-11 22:29:42.227 29843 30038 I SAMP : Packet_CustomPacket, type: 12
01-11 22:29:42.227 29843 30038 I SAMP : Packet_CustomPacket, type: 12
01-11 22:29:42.227 29843 30038 I SAMP : Packet_CustomPacket, type: 12
01-11 22:29:42.227 29843 30038 I SAMP : Packet_CustomPacket, type: 12
01-11 22:29:42.280 29843 30038 I SAMP : Packet_CustomPacket, type: 12
01-11 22:29:42.307 29843 30038 I SAMP : Packet_CustomPacket, type: 12
01-11 22:29:42.525 29843 30038 I SAMP : Packet_CustomPacket, type: 12
01-11 22:29:42.813 29843 30038 I SAMP : Packet_CustomPacket, type: 12
01-11 22:29:42.844 29843 30038 I SAMP : Packet_CustomPacket, type: 12
01-11 22:29:42.981 29843 30038 I SAMP : Packet_CustomPacket, type: 12
01-11 22:29:43.150 29843 30038 I SAMP : Packet_CustomPacket, type: 12
01-11 22:29:43.193 29843 30038 I SAMP : Packet_CustomPacket, type: 12
01-11 22:29:43.194 29843 30038 I SAMP : Packet_CustomPacket, type: 12
01-11 22:29:43.194 29843 30038 I SAMP : Packet_CustomPacket, type: 12
01-11 22:29:43.194 29843 30038 I SAMP : Packet_CustomPacket, type: 12
01-11 22:29:43.194 29843 30038 I SAMP : Packet_CustomPacket, type: 12
01-11 22:29:43.367 29843 30038 I SAMP : Packet_CustomPacket, type: 12
01-11 22:29:43.411 29843 30038 I SAMP : Packet_CustomPacket, type: 12
01-11 22:29:43.411 29843 30038 I SAMP : Packet_CustomPacket, type: 12
01-11 22:29:43.647 29843 30038 I SAMP : Packet_CustomPacket, type: 12
01-11 22:29:43.962 29843 30038 I SAMP : Packet_CustomPacket, type: 12
01-11 22:29:43.962 29843 30038 I SAMP : Packet_CustomPacket, type: 12
01-11 22:29:43.962 29843 30038 I SAMP : Packet_CustomPacket, type: 12
01-11 22:29:44.165 29843 30038 I SAMP : Packet_CustomPacket, type: 12
01-11 22:29:44.226 29843 30038 I SAMP : Packet_CustomPacket, type: 12
01-11 22:29:44.226 29843 30038 I SAMP : Packet_CustomPacket, type: 12
01-11 22:29:44.259 29843 30038 I SAMP : Packet_CustomPacket, type: 12
01-11 22:29:44.259 29843 30038 I SAMP : Packet_CustomPacket, type: 12
01-11 22:29:44.259 29843 30038 I SAMP : Packet_CustomPacket, type: 12
01-11 22:29:44.540 29843 30038 I SAMP : Packet_CustomPacket, type: 12
01-11 22:29:44.540 29843 30038 I SAMP : Packet_CustomPacket, type: 12
01-11 22:29:44.540 29843 30038 I SAMP : Packet_CustomPacket, type: 12
01-11 22:29:44.758 29843 30038 I SAMP : Packet_CustomPacket, type: 12
01-11 22:29:45.081 29843 30038 I SAMP : Packet_CustomPacket, type: 12
01-11 22:29:45.081 29843 30038 I SAMP : Packet_CustomPacket, type: 12
01-11 22:29:45.109 29843 30038 I SAMP : Packet_CustomPacket, type: 12
01-11 22:29:45.259 29843 30038 I SAMP : Packet_CustomPacket, type: 12
01-11 22:29:45.259 29843 30038 I SAMP : Packet_CustomPacket, type: 12
01-11 22:29:45.259 29843 30038 I SAMP : Packet_CustomPacket, type: 12
01-11 22:29:45.259 29843 30038 I SAMP : Packet_CustomPacket, type: 12
01-11 22:29:45.259 29843 30038 I SAMP : Packet_CustomPacket, type: 12
01-11 22:29:45.303 29843 30038 I SAMP : Packet_CustomPacket, type: 12
01-11 22:29:45.642 29843 30038 I SAMP : Packet_CustomPacket, type: 12
01-11 22:29:45.642 29843 30038 I SAMP : Packet_CustomPacket, type: 12
01-11 22:29:45.642 29843 30038 I SAMP : Packet_CustomPacket, type: 12
01-11 22:29:45.856 29843 30038 I SAMP : Packet_CustomPacket, type: 12
01-11 22:29:45.947 29843 29843 I oplus.android.OplusFrameworkFactoryImpl: get
feature:IOplusDynamicVsyncFeature
01-11 22:29:45.947 29843 29843 I oplus.android.OplusFrameworkFactoryImpl: get
feature:IOplusDynamicVsyncFeature
01-11 22:29:45.947 29843 29843 I oplus.android.OplusFrameworkFactoryImpl: get
feature:IOplusDynamicVsyncFeature
01-11 22:29:45.950 29843 29843 I oplus.android.OplusFrameworkFactoryImpl: get
feature:IOplusDynamicVsyncFeature
01-11 22:29:45.950 29843 29843 I oplus.android.OplusFrameworkFactoryImpl: get
feature:IOplusDynamicVsyncFeature
01-11 22:29:45.950 29843 29843 I oplus.android.OplusFrameworkFactoryImpl: get
feature:IOplusDynamicVsyncFeature
01-11 22:29:45.951 29843 29843 I oplus.android.OplusFrameworkFactoryImpl: get
feature:IOplusDynamicVsyncFeature
01-11 22:29:45.952 29843 29843 I oplus.android.OplusFrameworkFactoryImpl: get
feature:IOplusDynamicVsyncFeature
01-11 22:29:45.952 29843 29843 I oplus.android.OplusFrameworkFactoryImpl: get
feature:IOplusDynamicVsyncFeature
01-11 22:29:45.959 29843 29843 V TextView: notifyAutoFillManagerAfterTextChanged
01-11 22:29:45.959 29843 29843 V AutofillManager: notifyValueChanged(1073741863):
ignoring on state FINISHED
01-11 22:29:45.959 29843 29843 V TextView: notifyAutoFillManagerAfterTextChanged
01-11 22:29:45.959 29843 29843 V AutofillManager: notifyValueChanged(1073741863):
ignoring on state FINISHED
01-11 22:29:45.984 29843 29843 D WindowManager: Add to mViews:
DecorView@b3b85a9[GTASA],pkg= com.rockstargames.samp
01-11 22:29:46.004 29843 29843 I Quality : Skipped: false 3 cost 54.89856
refreshRate 0 processName com.rockstargames.samp
01-11 22:29:46.031 29843 30038 I SAMP : Packet_CustomPacket, type: 14
01-11 22:29:46.041 29843 29843 V OplusZoomWindowDecorViewHelper:
setLastReportedMergedConfiguration mZoomDisplayHeight: 720 getDecorView.188450217
01-11 22:29:46.067 29843 30010 D SurfaceComposerClient: VRR [FRTC] client handle
[bufferId:18446744073709551615 framenumber:0] [ffffffff, ffffffff]
01-11 22:29:46.072 29843 29843 I Quality : Skipped: false 3 cost 56.14876
refreshRate 0 processName com.rockstargames.samp
01-11 22:29:46.107 29843 29886 E BLASTBufferQueue:
BLASTBufferItemConsumer::onDisconnect()
01-11 22:29:46.114 29843 29843 I Quality : Skipped: false 1 cost 31.653944
refreshRate 0 processName com.rockstargames.samp
01-11 22:29:46.144 29843 29843 I Quality : Skipped: false 1 cost 27.76002
refreshRate 0 processName com.rockstargames.samp
01-11 22:29:46.230 29843 30038 I SAMP : Packet_CustomPacket, type: 12
01-11 22:29:46.230 29843 30038 I SAMP : Packet_CustomPacket, type: 12
01-11 22:29:46.230 29843 30038 I SAMP : Packet_CustomPacket, type: 12
01-11 22:29:46.304 29843 30038 I SAMP : Packet_CustomPacket, type: 12
01-11 22:29:46.304 29843 30038 I SAMP : Packet_CustomPacket, type: 12
01-11 22:29:46.304 29843 30038 I SAMP : Packet_CustomPacket, type: 12
01-11 22:29:46.304 29843 30038 I SAMP : Packet_CustomPacket, type: 12
01-11 22:29:46.304 29843 30038 I SAMP : Packet_CustomPacket, type: 12
01-11 22:29:46.400 29843 30038 I SAMP : Packet_CustomPacket, type: 12
01-11 22:29:46.749 29843 30038 I SAMP : Packet_CustomPacket, type: 12
01-11 22:29:46.750 29843 30038 I SAMP : Packet_CustomPacket, type: 12
01-11 22:29:46.750 29843 30038 I SAMP : Packet_CustomPacket, type: 12
01-11 22:29:46.966 29843 30038 I SAMP : Packet_CustomPacket, type: 12
01-11 22:29:47.301 29843 30038 I SAMP : Packet_CustomPacket, type: 12
01-11 22:29:47.325 29843 30038 I SAMP : Packet_CustomPacket, type: 12
01-11 22:29:47.326 29843 30038 I SAMP : Packet_CustomPacket, type: 12
01-11 22:29:47.351 29843 30038 I SAMP : Packet_CustomPacket, type: 12
01-11 22:29:47.351 29843 30038 I SAMP : Packet_CustomPacket, type: 12
01-11 22:29:47.351 29843 30038 I SAMP : Packet_CustomPacket, type: 12
01-11 22:29:47.351 29843 30038 I SAMP : Packet_CustomPacket, type: 12
01-11 22:29:47.351 29843 30038 I SAMP : Packet_CustomPacket, type: 12
01-11 22:29:47.526 29843 30038 I SAMP : Packet_CustomPacket, type: 12
01-11 22:29:47.873 29843 30038 I SAMP : Packet_CustomPacket, type: 12
01-11 22:29:47.874 29843 30038 I SAMP : Packet_CustomPacket, type: 12
01-11 22:29:47.923 29843 30038 I SAMP : Packet_CustomPacket, type: 12
01-11 22:29:48.112 29843 30038 I SAMP : Packet_CustomPacket, type: 12
01-11 22:29:48.393 29843 30038 I SAMP : Packet_CustomPacket, type: 12
01-11 22:29:48.394 29843 30038 I SAMP : Packet_CustomPacket, type: 12
01-11 22:29:48.394 29843 30038 I SAMP : Packet_CustomPacket, type: 12
01-11 22:29:48.394 29843 30038 I SAMP : Packet_CustomPacket, type: 12
01-11 22:29:48.421 29843 30038 I SAMP : Packet_CustomPacket, type: 12
01-11 22:29:48.489 29843 30038 I SAMP : Packet_CustomPacket, type: 12
01-11 22:29:48.629 29843 30038 I SAMP : Packet_CustomPacket, type: 12
01-11 22:29:48.975 29843 30038 I SAMP : Packet_CustomPacket, type: 12
01-11 22:29:49.012 29843 30038 I SAMP : Packet_CustomPacket, type: 12
01-11 22:29:49.215 29843 30038 I SAMP : Packet_CustomPacket, type: 12
01-11 22:29:49.417 29843 29843 V AutofillManager: requestHideFillUi(null): anchor =
null
01-11 22:29:49.476 29843 30038 I SAMP : Packet_CustomPacket, type: 12
01-11 22:29:49.476 29843 30038 I SAMP : Packet_CustomPacket, type: 12
01-11 22:29:49.476 29843 30038 I SAMP : Packet_CustomPacket, type: 12
01-11 22:29:49.476 29843 30038 I SAMP : Packet_CustomPacket, type: 12
01-11 22:29:49.535 29843 30038 I SAMP : Packet_CustomPacket, type: 12
01-11 22:29:49.584 29843 30038 I SAMP : Packet_CustomPacket, type: 12
01-11 22:29:49.921 29843 29843 D OplusScrollToTopManager:
unregisterGuidePopupDismissReceiverInSystemUI
01-11 22:29:49.921 29843 29843 D OplusScrollToTopManager: Receiver not registered:
android.view.OplusScrollToTopManager$1@f1083f2
01-11 22:29:49.921 29843 29843 D OplusScrollToTopManager:
unregisterSystemUIBroadcastReceiver
01-11 22:29:49.921 29843 29843 D OplusScrollToTopManager:
java.lang.IllegalArgumentException: Receiver not registered:
android.view.OplusScrollToTopManager$2@1681a43
01-11 22:29:49.922 29843 29843 V OplusZoomWindowDecorViewHelper: removeZoomView
01-11 22:29:49.924 29843 29886 E BLASTBufferQueue:
BLASTBufferItemConsumer::onDisconnect()
01-11 22:29:50.127 29843 30038 I SAMP : Packet_CustomPacket, type: 12
01-11 22:29:50.127 29843 30038 I SAMP : Packet_CustomPacket, type: 12
01-11 22:29:50.312 29843 30038 I SAMP : Load vehicle upgrade: 1010 (times: 30)
01-11 22:29:50.312 29843 30038 I SAMP : Load vehicle upgrade -- loaded
01-11 22:29:50.313 29843 30038 I SAMP : Packet_CustomPacket, type: 14
01-11 22:29:50.335 29843 30038 I SAMP : Load vehicle upgrade: 1010 (times: 30)
01-11 22:29:50.335 29843 30038 I SAMP : Load vehicle upgrade -- loaded
01-11 22:29:50.335 29843 30038 I SAMP : Packet_CustomPacket, type: 14
01-11 22:29:50.349 29843 29843 V AutofillManager: requestHideFillUi(null): anchor =
null
01-11 22:29:50.470 29843 30038 I SAMP : Packet_CustomPacket, type: 12
01-11 22:29:50.471 29843 30038 I SAMP : Packet_CustomPacket, type: 12
01-11 22:29:50.471 29843 30038 I SAMP : Packet_CustomPacket, type: 12
01-11 22:29:50.471 29843 30038 I SAMP : Packet_CustomPacket, type: 12
01-11 22:29:50.471 29843 30038 I SAMP : Packet_CustomPacket, type: 12
01-11 22:29:50.471 29843 30038 I SAMP : Packet_CustomPacket, type: 12
01-11 22:29:50.527 29843 30038 I SAMP : Packet_CustomPacket, type: 12
01-11 22:29:50.702 29843 30038 I SAMP : Packet_CustomPacket, type: 12
01-11 22:29:50.703 29843 30038 I SAMP : Packet_CustomPacket, type: 12
01-11 22:29:50.766 29843 30038 I SAMP : Packet_CustomPacket, type: 12
01-11 22:29:51.098 29843 30038 I SAMP : Packet_CustomPacket, type: 12
01-11 22:29:51.215 29843 30038 I SAMP : Packet_CustomPacket, type: 12
01-11 22:29:51.284 29843 30038 I SAMP : Packet_CustomPacket, type: 12
01-11 22:29:51.521 29843 30038 I SAMP : Packet_CustomPacket, type: 12
01-11 22:29:51.521 29843 30038 I SAMP : Packet_CustomPacket, type: 12
01-11 22:29:51.521 29843 30038 I SAMP : Packet_CustomPacket, type: 12
01-11 22:29:51.521 29843 30038 I SAMP : Packet_CustomPacket, type: 12
01-11 22:29:51.521 29843 30038 I SAMP : Packet_CustomPacket, type: 12
01-11 22:29:51.661 29843 30038 I SAMP : Packet_CustomPacket, type: 12
01-11 22:29:51.763 29843 30038 I SAMP : Packet_CustomPacket, type: 12
01-11 22:29:51.797 29843 30038 I SAMP : Packet_CustomPacket, type: 12
01-11 22:29:52.135 29843 30038 I SAMP : Load vehicle upgrade: 1010 (times: 30)
01-11 22:29:52.136 29843 30038 I SAMP : Load vehicle upgrade -- loaded
01-11 22:29:52.136 29843 30038 I SAMP : Packet_CustomPacket, type: 14
01-11 22:29:52.169 29843 29843 I oplus.android.OplusFrameworkFactoryImpl: get
feature:IOplusDynamicVsyncFeature
01-11 22:29:52.169 29843 29843 I oplus.android.OplusFrameworkFactoryImpl: get
feature:IOplusDynamicVsyncFeature
01-11 22:29:52.169 29843 29843 I oplus.android.OplusFrameworkFactoryImpl: get
feature:IOplusDynamicVsyncFeature
01-11 22:29:52.172 29843 29843 I oplus.android.OplusFrameworkFactoryImpl: get
feature:IOplusDynamicVsyncFeature
01-11 22:29:52.172 29843 29843 I oplus.android.OplusFrameworkFactoryImpl: get
feature:IOplusDynamicVsyncFeature
01-11 22:29:52.172 29843 29843 I oplus.android.OplusFrameworkFactoryImpl: get
feature:IOplusDynamicVsyncFeature
01-11 22:29:52.174 29843 29843 I oplus.android.OplusFrameworkFactoryImpl: get
feature:IOplusDynamicVsyncFeature
01-11 22:29:52.174 29843 29843 I oplus.android.OplusFrameworkFactoryImpl: get
feature:IOplusDynamicVsyncFeature
01-11 22:29:52.174 29843 29843 I oplus.android.OplusFrameworkFactoryImpl: get
feature:IOplusDynamicVsyncFeature
01-11 22:29:52.177 29843 29843 V TextView: notifyAutoFillManagerAfterTextChanged
01-11 22:29:52.178 29843 29843 V AutofillManager: notifyValueChanged(1073741865):
ignoring on state FINISHED
01-11 22:29:52.178 29843 29843 V TextView: notifyAutoFillManagerAfterTextChanged
01-11 22:29:52.178 29843 29843 V AutofillManager: notifyValueChanged(1073741865):
ignoring on state FINISHED
01-11 22:29:52.196 29843 29843 D WindowManager: Add to mViews:
DecorView@9279bdd[GTASA],pkg= com.rockstargames.samp
01-11 22:29:52.209 29843 29843 I Quality : Skipped: false 2 cost 44.147663
refreshRate 0 processName com.rockstargames.samp
01-11 22:29:52.238 29843 29843 V OplusZoomWindowDecorViewHelper:
setLastReportedMergedConfiguration mZoomDisplayHeight: 720 getDecorView.153590749
01-11 22:29:52.260 29843 29843 I Quality : Skipped: false 2 cost 44.892723
refreshRate 0 processName com.rockstargames.samp
01-11 22:29:52.270 29843 29894 D SurfaceComposerClient: VRR [FRTC] client handle
[bufferId:18446744073709551615 framenumber:0] [ffffffff, ffffffff]
01-11 22:29:52.293 29843 29843 I Quality : Skipped: false 1 cost 28.54758
refreshRate 0 processName com.rockstargames.samp
01-11 22:29:52.386 29843 30038 I SAMP : Packet_CustomPacket, type: 12
01-11 22:29:52.386 29843 30038 I SAMP : Packet_CustomPacket, type: 12
01-11 22:29:52.551 29843 30038 I SAMP : Packet_CustomPacket, type: 12
01-11 22:29:52.551 29843 30038 I SAMP : Packet_CustomPacket, type: 12
01-11 22:29:52.551 29843 30038 I SAMP : Packet_CustomPacket, type: 12
01-11 22:29:52.551 29843 30038 I SAMP : Packet_CustomPacket, type: 12
01-11 22:29:52.551 29843 30038 I SAMP : Packet_CustomPacket, type: 12
01-11 22:29:52.866 29843 30038 I SAMP : Packet_CustomPacket, type: 12
01-11 22:29:52.941 29843 30038 I SAMP : Packet_CustomPacket, type: 12
01-11 22:29:52.982 29843 29843 V AutofillManager: requestHideFillUi(null): anchor =
null
01-11 22:29:53.034 29843 29843 D OplusScrollToTopManager:
unregisterGuidePopupDismissReceiverInSystemUI
01-11 22:29:53.035 29843 29843 D OplusScrollToTopManager: Receiver not registered:
android.view.OplusScrollToTopManager$1@b56697c
01-11 22:29:53.035 29843 29843 D OplusScrollToTopManager:
unregisterSystemUIBroadcastReceiver
01-11 22:29:53.035 29843 29843 D OplusScrollToTopManager:
java.lang.IllegalArgumentException: Receiver not registered:
android.view.OplusScrollToTopManager$2@9d6e205
01-11 22:29:53.036 29843 29843 V OplusZoomWindowDecorViewHelper: removeZoomView
01-11 22:29:53.071 29843 29886 E BLASTBufferQueue:
BLASTBufferItemConsumer::onDisconnect()
01-11 22:29:53.088 29843 29843 I Quality : Skipped: true 2 cost 39.856297
refreshRate 0 processName com.rockstargames.samp
01-11 22:29:53.242 29843 30038 I SAMP : Load vehicle upgrade: 1010 (times: 30)
01-11 22:29:53.243 29843 30038 I SAMP : Load vehicle upgrade -- loaded
01-11 22:29:53.243 29843 30038 I SAMP : Packet_CustomPacket, type: 14
01-11 22:29:53.422 29843 30038 I SAMP : Packet_CustomPacket, type: 12
01-11 22:29:53.476 29843 30038 I SAMP : Packet_CustomPacket, type: 12
01-11 22:29:53.567 29843 29843 V AutofillManager: requestHideFillUi(null): anchor =
null
01-11 22:29:53.584 29843 30038 I SAMP : Packet_CustomPacket, type: 12
01-11 22:29:53.584 29843 30038 I SAMP : Packet_CustomPacket, type: 12
01-11 22:29:53.584 29843 30038 I SAMP : Packet_CustomPacket, type: 12
01-11 22:29:53.585 29843 30038 I SAMP : Packet_CustomPacket, type: 12
01-11 22:29:53.585 29843 30038 I SAMP : Packet_CustomPacket, type: 12
01-11 22:29:53.980 29843 30038 I SAMP : Packet_CustomPacket, type: 12
01-11 22:29:54.044 29843 30038 I SAMP : Packet_CustomPacket, type: 12
01-11 22:29:54.576 29843 30038 I SAMP : Packet_CustomPacket, type: 12
01-11 22:29:54.594 29843 30038 I SAMP : Packet_CustomPacket, type: 12
01-11 22:29:54.667 29843 30038 I SAMP : Packet_CustomPacket, type: 12
01-11 22:29:54.668 29843 30038 I SAMP : Packet_CustomPacket, type: 12
01-11 22:29:54.668 29843 30038 I SAMP : Packet_CustomPacket, type: 12
01-11 22:29:54.668 29843 30038 I SAMP : Packet_CustomPacket, type: 12
01-11 22:29:54.668 29843 30038 I SAMP : Packet_CustomPacket, type: 12
01-11 22:29:55.135 29843 30038 I SAMP : Packet_CustomPacket, type: 12
01-11 22:29:55.159 29843 30038 I SAMP : Packet_CustomPacket, type: 12
01-11 22:29:55.691 29843 30038 I SAMP : Packet_CustomPacket, type: 12
01-11 22:29:55.691 29843 30038 I SAMP : Packet_CustomPacket, type: 12
01-11 22:29:55.691 29843 30038 I SAMP : Packet_CustomPacket, type: 12
01-11 22:29:55.691 29843 30038 I SAMP : Packet_CustomPacket, type: 12
01-11 22:29:55.691 29843 30038 I SAMP : Packet_CustomPacket, type: 12
01-11 22:29:55.691 29843 30038 I SAMP : Packet_CustomPacket, type: 12
01-11 22:29:55.714 29843 30038 I SAMP : Packet_CustomPacket, type: 12
01-11 22:29:55.933 29843 29843 V AutofillManager: requestHideFillUi(null): anchor =
null
01-11 22:29:56.268 29843 30038 I SAMP : Packet_CustomPacket, type: 12
01-11 22:29:56.727 29843 30038 I SAMP : Packet_CustomPacket, type: 12
01-11 22:29:56.727 29843 30038 I SAMP : Packet_CustomPacket, type: 12
01-11 22:29:56.727 29843 30038 I SAMP : Packet_CustomPacket, type: 12
01-11 22:29:56.727 29843 30038 I SAMP : Packet_CustomPacket, type: 12
01-11 22:29:56.851 29843 30038 I SAMP : Packet_CustomPacket, type: 12
01-11 22:29:56.865 29843 29843 V AutofillManager: requestHideFillUi(null): anchor =
null
01-11 22:29:56.980 29843 30038 I SAMP : Packet_CustomPacket, type: 12
01-11 22:29:57.101 29843 30038 I SAMP : Packet_CustomPacket, type: 14
01-11 22:29:57.201 29843 30038 I SAMP : Packet_CustomPacket, type: 12
01-11 22:29:57.374 29843 30038 I SAMP : Packet_CustomPacket, type: 12
01-11 22:29:57.556 29843 30038 I SAMP : Packet_CustomPacket, type: 12
01-11 22:29:57.748 29843 29843 V AutofillManager: requestHideFillUi(null): anchor =
null
01-11 22:29:57.780 29843 30038 I SAMP : Packet_CustomPacket, type: 12
01-11 22:29:57.780 29843 30038 I SAMP : Packet_CustomPacket, type: 12
01-11 22:29:57.780 29843 30038 I SAMP : Packet_CustomPacket, type: 12
01-11 22:29:57.781 29843 30038 I SAMP : Packet_CustomPacket, type: 12
01-11 22:29:57.781 29843 30038 I SAMP : Packet_CustomPacket, type: 12
01-11 22:29:57.781 29843 30038 I SAMP : Packet_CustomPacket, type: 12
01-11 22:29:57.836 29843 29843 V TextView: notifyAutoFillManagerAfterTextChanged
01-11 22:29:57.836 29843 29843 V AutofillManager: notifyValueChanged(1073741824):
ignoring on state FINISHED
01-11 22:29:57.837 29843 29843 V AutofillManager: ignoring
notifyViewEntered(flags=0, view=1073741824) on state FINISHED because view was
already entered: {1073741824, 1073741826}
01-11 22:29:57.949 29843 30038 I SAMP : Packet_CustomPacket, type: 12
01-11 22:29:58.088 29843 30038 I SAMP : Packet_CustomPacket, type: 12
01-11 22:29:58.313 29843 30038 I SAMP : Packet_CustomPacket, type: 12
01-11 22:29:58.492 29843 30038 I SAMP : Packet_CustomPacket, type: 12
01-11 22:29:58.623 29843 30038 I SAMP : Packet_CustomPacket, type: 12
01-11 22:29:58.811 29843 30038 I SAMP : Packet_CustomPacket, type: 12
01-11 22:29:58.811 29843 30038 I SAMP : Packet_CustomPacket, type: 12
01-11 22:29:58.811 29843 30038 I SAMP : Packet_CustomPacket, type: 12
01-11 22:29:58.811 29843 30038 I SAMP : Packet_CustomPacket, type: 12
01-11 22:29:58.811 29843 30038 I SAMP : Packet_CustomPacket, type: 12
01-11 22:29:58.897 29843 30038 I SAMP : Packet_CustomPacket, type: 12
01-11 22:29:58.943 29843 29843 V AutofillManager: requestHideFillUi(null): anchor =
null
01-11 22:29:59.025 29843 29843 V TextView: notifyAutoFillManagerAfterTextChanged
01-11 22:29:59.025 29843 29843 V AutofillManager: notifyValueChanged(1073741824):
ignoring on state FINISHED
01-11 22:29:59.042 29843 30038 I SAMP : Packet_CustomPacket, type: 12
01-11 22:29:59.201 29843 30038 I SAMP : Packet_CustomPacket, type: 12
01-11 22:29:59.431 29843 29843 V AutofillManager: requestHideFillUi(null): anchor =
null
01-11 22:29:59.481 29843 30038 I SAMP : Packet_CustomPacket, type: 12
01-11 22:29:59.488 29843 29843 V TextView: notifyAutoFillManagerAfterTextChanged
01-11 22:29:59.489 29843 29843 V AutofillManager: notifyValueChanged(1073741824):
ignoring on state FINISHED
01-11 22:29:59.780 29843 30038 I SAMP : Packet_CustomPacket, type: 12
01-11 22:29:59.856 29843 30038 I SAMP : Packet_CustomPacket, type: 12
01-11 22:29:59.857 29843 30038 I SAMP : Packet_CustomPacket, type: 12
01-11 22:29:59.857 29843 30038 I SAMP : Packet_CustomPacket, type: 12
01-11 22:29:59.857 29843 30038 I SAMP : Packet_CustomPacket, type: 12
01-11 22:30:00.039 29843 30038 I SAMP : Packet_CustomPacket, type: 12
01-11 22:30:00.306 29843 30038 I SAMP : Packet_CustomPacket, type: 12
01-11 22:30:00.407 29843 30038 I SAMP : Packet_CustomPacket, type: 12
01-11 22:30:00.468 29843 30038 I SAMP : Packet_CustomPacket, type: 14
01-11 22:30:00.538 29843 30038 I SAMP : Packet_CustomPacket, type: 12
01-11 22:30:00.593 29843 30038 I SAMP : Packet_CustomPacket, type: 12
01-11 22:30:00.840 29843 30038 I SAMP : Packet_CustomPacket, type: 12
01-11 22:30:00.898 29843 30038 I SAMP : Packet_CustomPacket, type: 12
01-11 22:30:00.899 29843 30038 I SAMP : Packet_CustomPacket, type: 12
01-11 22:30:00.899 29843 30038 I SAMP : Packet_CustomPacket, type: 12
01-11 22:30:00.899 29843 30038 I SAMP : Packet_CustomPacket, type: 12
01-11 22:30:00.899 29843 30038 I SAMP : Packet_CustomPacket, type: 12
01-11 22:30:00.899 29843 30038 I SAMP : Packet_CustomPacket, type: 12
01-11 22:30:00.913 29843 29843 V AutofillManager: requestHideFillUi(null): anchor =
null
01-11 22:30:00.940 29843 29843 V TextView: notifyAutoFillManagerAfterTextChanged
01-11 22:30:00.940 29843 29843 V AutofillManager: notifyValueChanged(1073741824):
ignoring on state FINISHED
01-11 22:30:00.994 29843 30038 I SAMP : Packet_CustomPacket, type: 12
01-11 22:30:01.121 29843 30038 I SAMP : Packet_CustomPacket, type: 12
01-11 22:30:01.152 29843 30038 I SAMP : Packet_CustomPacket, type: 12
01-11 22:30:01.405 29843 30038 I SAMP : Packet_CustomPacket, type: 12
01-11 22:30:01.432 29843 29843 V AutofillManager: requestHideFillUi(null): anchor =
null
01-11 22:30:01.535 29843 29843 V TextView: notifyAutoFillManagerAfterTextChanged
01-11 22:30:01.535 29843 29843 V AutofillManager: notifyValueChanged(1073741824):
ignoring on state FINISHED
01-11 22:30:01.597 29843 30038 I SAMP : Packet_CustomPacket, type: 12
01-11 22:30:01.661 29843 30038 I SAMP : Packet_CustomPacket, type: 12
01-11 22:30:01.681 29843 29843 V AutofillManager: requestHideFillUi(null): anchor =
null
01-11 22:30:01.772 29843 29843 V TextView: notifyAutoFillManagerAfterTextChanged
01-11 22:30:01.772 29843 29843 V AutofillManager: notifyValueChanged(1073741824):
ignoring on state FINISHED
01-11 22:30:01.880 29843 29843 V AutofillManager: requestHideFillUi(null): anchor =
null
01-11 22:30:01.890 29843 30038 I SAMP : Packet_CustomPacket, type: 12
01-11 22:30:01.922 29843 30038 I SAMP : Packet_CustomPacket, type: 12
01-11 22:30:01.922 29843 30038 I SAMP : Packet_CustomPacket, type: 12
01-11 22:30:01.922 29843 30038 I SAMP : Packet_CustomPacket, type: 12
01-11 22:30:01.923 29843 30038 I SAMP : Packet_CustomPacket, type: 12
01-11 22:30:01.923 29843 30038 I SAMP : Packet_CustomPacket, type: 12
01-11 22:30:01.952 29843 29843 V TextView: notifyAutoFillManagerAfterTextChanged
01-11 22:30:01.952 29843 29843 V AutofillManager: notifyValueChanged(1073741824):
ignoring on state FINISHED
01-11 22:30:02.095 29843 29843 V AutofillManager: requestHideFillUi(null): anchor =
null
01-11 22:30:02.179 29843 30038 I SAMP : Packet_CustomPacket, type: 12
01-11 22:30:02.189 29843 29843 V TextView: notifyAutoFillManagerAfterTextChanged
01-11 22:30:02.190 29843 29843 V AutofillManager: notifyValueChanged(1073741824):
ignoring on state FINISHED
01-11 22:30:02.217 29843 30038 I SAMP : Packet_CustomPacket, type: 12
01-11 22:30:02.473 29843 30038 I SAMP : Packet_CustomPacket, type: 12
01-11 22:30:02.675 29843 30038 I SAMP : Packet_CustomPacket, type: 12
01-11 22:30:02.753 29843 30038 I SAMP : Packet_CustomPacket, type: 12
01-11 22:30:02.939 29843 30038 I SAMP : Packet_CustomPacket, type: 12
01-11 22:30:02.939 29843 30038 I SAMP : Packet_CustomPacket, type: 12
01-11 22:30:02.939 29843 30038 I SAMP : Packet_CustomPacket, type: 12
01-11 22:30:02.939 29843 30038 I SAMP : Packet_CustomPacket, type: 12
01-11 22:30:02.971 29843 30038 I SAMP : Packet_CustomPacket, type: 12
01-11 22:30:03.003 29843 30038 I SAMP : Packet_CustomPacket, type: 12
01-11 22:30:03.229 29843 30038 I SAMP : Packet_CustomPacket, type: 12
01-11 22:30:03.295 29843 30038 I SAMP : Packet_CustomPacket, type: 12
01-11 22:30:03.590 29843 30038 I SAMP : Packet_CustomPacket, type: 12
01-11 22:30:03.781 29843 30038 I SAMP : Packet_CustomPacket, type: 12
01-11 22:30:03.814 29843 30038 I SAMP : Packet_CustomPacket, type: 12
01-11 22:30:03.974 29843 30038 I SAMP : Packet_CustomPacket, type: 12
01-11 22:30:03.974 29843 30038 I SAMP : Packet_CustomPacket, type: 12
01-11 22:30:03.975 29843 30038 I SAMP : Packet_CustomPacket, type: 12
01-11 22:30:03.975 29843 30038 I SAMP : Packet_CustomPacket, type: 12
01-11 22:30:04.310 29843 30038 I SAMP : Packet_CustomPacket, type: 12
01-11 22:30:04.373 29843 30038 I SAMP : Packet_CustomPacket, type: 12
01-11 22:30:04.855 29843 30038 I SAMP : Packet_CustomPacket, type: 12
01-11 22:30:04.882 29843 29843 V AutofillManager: requestHideFillUi(null): anchor =
null
01-11 22:30:04.907 29843 30038 I SAMP : Packet_CustomPacket, type: 12
01-11 22:30:04.939 29843 29843 V TextView: notifyAutoFillManagerAfterTextChanged
01-11 22:30:04.939 29843 29843 V AutofillManager: notifyValueChanged(1073741824):
ignoring on state FINISHED
01-11 22:30:04.988 29843 30038 I SAMP : Packet_CustomPacket, type: 12
01-11 22:30:04.988 29843 30038 I SAMP : Packet_CustomPacket, type: 12
01-11 22:30:04.988 29843 30038 I SAMP : Packet_CustomPacket, type: 12
01-11 22:30:04.988 29843 30038 I SAMP : Packet_CustomPacket, type: 12
01-11 22:30:05.063 29843 29843 V AutofillManager: requestHideFillUi(null): anchor =
null
01-11 22:30:05.138 29843 29843 V TextView: notifyAutoFillManagerAfterTextChanged
01-11 22:30:05.138 29843 29843 V AutofillManager: notifyValueChanged(1073741824):
ignoring on state FINISHED
01-11 22:30:05.392 29843 30038 I SAMP : Packet_CustomPacket, type: 12
01-11 22:30:05.483 29843 30038 I SAMP : Packet_CustomPacket, type: 12
01-11 22:30:05.917 29843 30038 I SAMP : Packet_CustomPacket, type: 12
01-11 22:30:05.980 29843 30038 I SAMP : Packet_CustomPacket, type: 12
01-11 22:30:05.981 29843 30038 I SAMP : Packet_CustomPacket, type: 12
01-11 22:30:05.981 29843 30038 I SAMP : Packet_CustomPacket, type: 12
01-11 22:30:05.981 29843 30038 I SAMP : Packet_CustomPacket, type: 12
01-11 22:30:06.011 29843 30038 I SAMP : Packet_CustomPacket, type: 12
01-11 22:30:06.032 29843 29843 V AutofillManager: requestHideFillUi(null): anchor =
null
01-11 22:30:06.100 29843 29843 V TextView: notifyAutoFillManagerAfterTextChanged
01-11 22:30:06.100 29843 29843 V AutofillManager: notifyValueChanged(1073741824):
ignoring on state FINISHED
01-11 22:30:06.455 29843 30038 I SAMP : Packet_CustomPacket, type: 12
01-11 22:30:06.549 29843 29843 V AutofillManager: requestHideFillUi(null): anchor =
null
01-11 22:30:06.555 29843 30038 I SAMP : Packet_CustomPacket, type: 12
01-11 22:30:06.637 29843 29843 V TextView: notifyAutoFillManagerAfterTextChanged
01-11 22:30:06.637 29843 29843 V AutofillManager: notifyValueChanged(1073741824):
ignoring on state FINISHED
01-11 22:30:06.878 29843 29843 V AutofillManager: requestHideFillUi(null): anchor =
null
01-11 22:30:06.976 29843 30038 I SAMP : Packet_CustomPacket, type: 12
01-11 22:30:07.007 29843 30038 I SAMP : Packet_CustomPacket, type: 12
01-11 22:30:07.008 29843 30038 I SAMP : Packet_CustomPacket, type: 12
01-11 22:30:07.008 29843 30038 I SAMP : Packet_CustomPacket, type: 12
01-11 22:30:07.008 29843 30038 I SAMP : Packet_CustomPacket, type: 12
01-11 22:30:07.012 29843 29843 I oplus.android.OplusFrameworkFactoryImpl: get
feature:IOplusDynamicVsyncFeature
01-11 22:30:07.013 29843 29843 I oplus.android.OplusFrameworkFactoryImpl: get
feature:IOplusDynamicVsyncFeature
01-11 22:30:07.013 29843 29843 I oplus.android.OplusFrameworkFactoryImpl: get
feature:IOplusDynamicVsyncFeature
01-11 22:30:07.015 29843 29843 I oplus.android.OplusFrameworkFactoryImpl: get
feature:IOplusDynamicVsyncFeature
01-11 22:30:07.015 29843 29843 I oplus.android.OplusFrameworkFactoryImpl: get
feature:IOplusDynamicVsyncFeature
01-11 22:30:07.015 29843 29843 I oplus.android.OplusFrameworkFactoryImpl: get
feature:IOplusDynamicVsyncFeature
01-11 22:30:07.016 29843 29843 I oplus.android.OplusFrameworkFactoryImpl: get
feature:IOplusDynamicVsyncFeature
01-11 22:30:07.016 29843 29843 I oplus.android.OplusFrameworkFactoryImpl: get
feature:IOplusDynamicVsyncFeature
01-11 22:30:07.016 29843 29843 I oplus.android.OplusFrameworkFactoryImpl: get
feature:IOplusDynamicVsyncFeature
01-11 22:30:07.019 29843 29843 V TextView: notifyAutoFillManagerAfterTextChanged
01-11 22:30:07.019 29843 29843 V AutofillManager: notifyValueChanged(1073741867):
ignoring on state FINISHED
01-11 22:30:07.020 29843 29843 V TextView: notifyAutoFillManagerAfterTextChanged
01-11 22:30:07.020 29843 29843 V AutofillManager: notifyValueChanged(1073741867):
ignoring on state FINISHED
01-11 22:30:07.038 29843 29843 D WindowManager: Add to mViews:
DecorView@33c55dc[GTASA],pkg= com.rockstargames.samp
01-11 22:30:07.087 29843 29843 V OplusZoomWindowDecorViewHelper:
setLastReportedMergedConfiguration mZoomDisplayHeight: 720 getDecorView.54285788
01-11 22:30:07.106 29843 29843 I Quality : Skipped: false 2 cost 43.984997
refreshRate 0 processName com.rockstargames.samp
01-11 22:30:07.115 29843 29894 D SurfaceComposerClient: VRR [FRTC] client handle
[bufferId:18446744073709551615 framenumber:0] [ffffffff, ffffffff]
01-11 22:30:07.148 29843 30038 I SAMP : Packet_CustomPacket, type: 12
01-11 22:30:07.158 29843 29886 E BLASTBufferQueue:
BLASTBufferItemConsumer::onDisconnect()
01-11 22:30:07.160 29843 29843 I Quality : Skipped: false 2 cost 48.153088
refreshRate 0 processName com.rockstargames.samp
01-11 22:30:07.196 29843 29843 I Quality : Skipped: false 2 cost 33.816227
refreshRate 0 processName com.rockstargames.samp
01-11 22:30:07.530 29843 30038 I SAMP : Packet_CustomPacket, type: 12
01-11 22:30:07.648 29843 29843 V AutofillManager: requestHideFillUi(null): anchor =
null
01-11 22:30:07.664 29843 30038 I SAMP : Packet_CustomPacket, type: 12
01-11 22:30:07.718 29843 29843 D OplusScrollToTopManager:
unregisterGuidePopupDismissReceiverInSystemUI
01-11 22:30:07.718 29843 29843 D OplusScrollToTopManager: Receiver not registered:
android.view.OplusScrollToTopManager$1@3c1ed37
01-11 22:30:07.718 29843 29843 D OplusScrollToTopManager:
unregisterSystemUIBroadcastReceiver
01-11 22:30:07.718 29843 29843 D OplusScrollToTopManager:
java.lang.IllegalArgumentException: Receiver not registered:
android.view.OplusScrollToTopManager$2@f62f2a4
01-11 22:30:07.719 29843 29843 V OplusZoomWindowDecorViewHelper: removeZoomView
01-11 22:30:07.803 29843 29886 E BLASTBufferQueue:
BLASTBufferItemConsumer::onDisconnect()
01-11 22:30:07.816 29843 29843 I Quality : Skipped: true 5 cost 86.94555
refreshRate 0 processName com.rockstargames.samp
01-11 22:30:08.008 29843 30038 I SAMP : Packet_CustomPacket, type: 12
01-11 22:30:08.009 29843 30038 I SAMP : Packet_CustomPacket, type: 12
01-11 22:30:08.009 29843 30038 I SAMP : Packet_CustomPacket, type: 12
01-11 22:30:08.009 29843 30038 I SAMP : Packet_CustomPacket, type: 12
01-11 22:30:08.035 29843 30038 I SAMP : Packet_CustomPacket, type: 12
01-11 22:30:08.180 29843 30038 I SAMP : Packet_CustomPacket, type: 12
01-11 22:30:08.647 29843 29843 V AutofillManager: requestHideFillUi(null): anchor =
null
01-11 22:30:08.744 29843 30038 I SAMP : Packet_CustomPacket, type: 12
01-11 22:30:08.868 29843 30038 I SAMP : Packet_CustomPacket, type: 12
01-11 22:30:09.043 29843 30038 I SAMP : Packet_CustomPacket, type: 12
01-11 22:30:09.043 29843 30038 I SAMP : Packet_CustomPacket, type: 12
01-11 22:30:09.043 29843 30038 I SAMP : Packet_CustomPacket, type: 12
01-11 22:30:09.043 29843 30038 I SAMP : Packet_CustomPacket, type: 12
01-11 22:30:09.305 29843 30038 I SAMP : Packet_CustomPacket, type: 12
01-11 22:30:09.404 29843 30038 I SAMP : Packet_CustomPacket, type: 12
01-11 22:30:09.738 29843 30038 I SAMP : Packet_CustomPacket, type: 12
01-11 22:30:09.841 29843 30038 I SAMP : Packet_CustomPacket, type: 12
01-11 22:30:09.996 29843 30038 I SAMP : Packet_CustomPacket, type: 12
01-11 22:30:10.022 29843 30038 I SAMP : Load vehicle upgrade: 1010 (times: 30)
01-11 22:30:10.022 29843 30038 I SAMP : Load vehicle upgrade -- loaded
01-11 22:30:10.022 29843 30038 I SAMP : Packet_CustomPacket, type: 14
01-11 22:30:10.101 29843 30038 I SAMP : Packet_CustomPacket, type: 12
01-11 22:30:10.101 29843 30038 I SAMP : Packet_CustomPacket, type: 12
01-11 22:30:10.101 29843 30038 I SAMP : Packet_CustomPacket, type: 12
01-11 22:30:10.101 29843 30038 I SAMP : Packet_CustomPacket, type: 12
01-11 22:30:10.281 29843 30038 I SAMP : Packet_CustomPacket, type: 12
01-11 22:30:10.410 29843 30038 I SAMP : Packet_CustomPacket, type: 12
01-11 22:30:10.526 29843 29843 I oplus.android.OplusFrameworkFactoryImpl: get
feature:IOplusDynamicVsyncFeature
01-11 22:30:10.526 29843 29843 I oplus.android.OplusFrameworkFactoryImpl: get
feature:IOplusDynamicVsyncFeature
01-11 22:30:10.526 29843 29843 I oplus.android.OplusFrameworkFactoryImpl: get
feature:IOplusDynamicVsyncFeature
01-11 22:30:10.529 29843 29843 I oplus.android.OplusFrameworkFactoryImpl: get
feature:IOplusDynamicVsyncFeature
01-11 22:30:10.529 29843 29843 I oplus.android.OplusFrameworkFactoryImpl: get
feature:IOplusDynamicVsyncFeature
01-11 22:30:10.529 29843 29843 I oplus.android.OplusFrameworkFactoryImpl: get
feature:IOplusDynamicVsyncFeature
01-11 22:30:10.530 29843 29843 I oplus.android.OplusFrameworkFactoryImpl: get
feature:IOplusDynamicVsyncFeature
01-11 22:30:10.530 29843 29843 I oplus.android.OplusFrameworkFactoryImpl: get
feature:IOplusDynamicVsyncFeature
01-11 22:30:10.530 29843 29843 I oplus.android.OplusFrameworkFactoryImpl: get
feature:IOplusDynamicVsyncFeature
01-11 22:30:10.534 29843 29843 V TextView: notifyAutoFillManagerAfterTextChanged
01-11 22:30:10.534 29843 29843 V AutofillManager: notifyValueChanged(1073741869):
ignoring on state FINISHED
01-11 22:30:10.535 29843 29843 V TextView: notifyAutoFillManagerAfterTextChanged
01-11 22:30:10.535 29843 29843 V AutofillManager: notifyValueChanged(1073741869):
ignoring on state FINISHED
01-11 22:30:10.558 29843 29843 D WindowManager: Add to mViews:
DecorView@3a93e9c[GTASA],pkg= com.rockstargames.samp
01-11 22:30:10.576 29843 30038 I SAMP : Packet_CustomPacket, type: 12
01-11 22:30:10.604 29843 29843 V OplusZoomWindowDecorViewHelper:
setLastReportedMergedConfiguration mZoomDisplayHeight: 720 getDecorView.61423260
01-11 22:30:10.623 29843 29843 I Quality : Skipped: false 1 cost 28.122242
refreshRate 0 processName com.rockstargames.samp
01-11 22:30:10.630 29843 29861 D SurfaceComposerClient: VRR [FRTC] client handle
[bufferId:18446744073709551615 framenumber:0] [ffffffff, ffffffff]
01-11 22:30:10.651 29843 29843 I Quality : Skipped: false 1 cost 22.541449
refreshRate 0 processName com.rockstargames.samp
01-11 22:30:10.847 29843 30038 I SAMP : Packet_CustomPacket, type: 12
01-11 22:30:10.951 29843 30038 I SAMP : Packet_CustomPacket, type: 12
01-11 22:30:11.098 29843 29843 V AutofillManager: requestHideFillUi(null): anchor =
null
01-11 22:30:11.127 29843 30038 I SAMP : Packet_CustomPacket, type: 12
01-11 22:30:11.128 29843 30038 I SAMP : Packet_CustomPacket, type: 12
01-11 22:30:11.128 29843 30038 I SAMP : Packet_CustomPacket, type: 12
01-11 22:30:11.128 29843 30038 I SAMP : Packet_CustomPacket, type: 12
01-11 22:30:11.128 29843 30038 I SAMP : Packet_CustomPacket, type: 12
01-11 22:30:11.150 29843 29843 D OplusScrollToTopManager:
unregisterGuidePopupDismissReceiverInSystemUI
01-11 22:30:11.150 29843 29843 D OplusScrollToTopManager: Receiver not registered:
android.view.OplusScrollToTopManager$1@14328f7
01-11 22:30:11.150 29843 29843 D OplusScrollToTopManager:
unregisterSystemUIBroadcastReceiver
01-11 22:30:11.151 29843 29843 D OplusScrollToTopManager:
java.lang.IllegalArgumentException: Receiver not registered:
android.view.OplusScrollToTopManager$2@61de364
01-11 22:30:11.151 29843 29843 V OplusZoomWindowDecorViewHelper: removeZoomView
01-11 22:30:11.182 29843 29886 E BLASTBufferQueue:
BLASTBufferItemConsumer::onDisconnect()
01-11 22:30:11.199 29843 29843 I Quality : Skipped: true 2 cost 37.71362
refreshRate 0 processName com.rockstargames.samp
