01-25 14:53:12.289 5933 5933 E ArmVmp : Match on catch block at 0xc3 in for 0x91
01-25 14:53:12.296 5933 5933 E ArmVmp : Match on catch block at 0xc3 in for 0x95
01-25 14:53:12.390 5933 5933 E ArmVmp : Match on catch block at 0xc3 in for 0x95
01-25 14:53:12.398 5933 5933 E ArmVmp : Match on catch block at 0xc3 in for 0x99
01-25 14:53:12.415 5933 5933 E ArmVmp : Match on catch block at 0xc3 in for 0x99
01-25 14:53:12.421 5933 5933 E ArmVmp : Match on catch block at 0xc3 in for 0x91
01-25 14:53:12.448 5933 5933 E ArmVmp : Match on catch block at 0xc3 in for 0x91
01-25 14:53:12.454 5933 5933 E ArmVmp : Match on catch block at 0xc3 in for 0x95
01-25 14:53:12.949 5933 5933 E ArmVmp : Match on catch block at 0xc3 in for 0x95
01-25 14:53:12.960 5933 5933 E ArmVmp : Match on catch block at 0xc3 in for 0x99
01-25 14:53:13.451 5933 5933 E ArmVmp : Match on catch block at 0xc3 in for 0x99
01-25 14:53:13.459 5933 5933 E ArmVmp : Match on catch block at 0xc3 in for 0x91
01-25 14:53:13.510 5933 5933 E ArmVmp : Match on catch block at 0xc3 in for 0x95
01-25 14:53:13.519 5933 5933 E ArmVmp : Match on catch block at 0xc3 in for 0x99
01-25 14:53:13.527 5933 5933 E ArmVmp : Match on catch block at 0xc3 in for 0x99
01-25 14:53:13.536 5933 5933 E ArmVmp : Match on catch block at 0xc3 in for 0x91
01-25 14:53:13.551 5933 5933 E ArmVmp : Match on catch block at 0xc3 in for 0x91
01-25 14:53:13.558 5933 5933 E ArmVmp : Match on catch block at 0xc3 in for 0x95
01-25 14:53:13.567 5933 5933 E ArmVmp : Match on catch block at 0xc3 in for 0x95
01-25 14:53:13.574 5933 5933 E ArmVmp : Match on catch block at 0xc3 in for 0x99
01-25 14:53:13.586 5933 5933 E ArmVmp : Match on catch block at 0xc3 in for 0x99
01-25 14:53:13.593 5933 5933 E ArmVmp : Match on catch block at 0xc3 in for 0x91
01-25 14:53:13.609 5933 5933 E ArmVmp : Match on catch block at 0xc3 in for 0x91
01-25 14:53:13.618 5933 5933 E ArmVmp : Match on catch block at 0xc3 in for 0x95
01-25 14:53:13.634 5933 5933 E ArmVmp : Match on catch block at 0xc3 in for 0x95
01-25 14:53:13.641 5933 5933 E ArmVmp : Match on catch block at 0xc3 in for 0x99
01-25 14:53:13.651 5933 5933 E ArmVmp : Match on catch block at 0xc3 in for 0x99
01-25 14:53:13.658 5933 5933 E ArmVmp : Match on catch block at 0xc3 in for 0x91
01-25 14:53:13.668 5933 5933 E ArmVmp : Match on catch block at 0xc3 in for 0x91
01-25 14:53:13.674 5933 5933 E ArmVmp : Match on catch block at 0xc3 in for 0x95
01-25 14:53:13.685 5933 5933 E ArmVmp : Match on catch block at 0xc3 in for 0x95
01-25 14:53:13.691 5933 5933 E ArmVmp : Match on catch block at 0xc3 in for 0x99
01-25 14:53:13.702 5933 5933 E ArmVmp : Match on catch block at 0xc3 in for 0x99
01-25 14:53:13.708 5933 5933 E ArmVmp : Match on catch block at 0xc3 in for 0x91
01-25 14:53:13.718 5933 5933 E ArmVmp : Match on catch block at 0xc3 in for 0x91
01-25 14:53:13.725 5933 5933 E ArmVmp : Match on catch block at 0xc3 in for 0x95
01-25 14:53:13.734 5933 5933 E ArmVmp : Match on catch block at 0xc3 in for 0x95
01-25 14:53:13.740 5933 5933 E ArmVmp : Match on catch block at 0xc3 in for 0x99
01-25 14:53:13.752 5933 5933 E ArmVmp : Match on catch block at 0xc3 in for 0x99
01-25 14:53:13.758 5933 5933 E ArmVmp : Match on catch block at 0xc3 in for 0x91
01-25 14:53:13.767 5933 5933 E ArmVmp : Match on catch block at 0xc3 in for 0x91
01-25 14:53:13.774 5933 5933 E ArmVmp : Match on catch block at 0xc3 in for 0x95
01-25 14:53:13.785 5933 5933 E ArmVmp : Match on catch block at 0xc3 in for 0x95
01-25 14:53:13.791 5933 5933 E ArmVmp : Match on catch block at 0xc3 in for 0x99
01-25 14:53:13.801 5933 5933 E ArmVmp : Match on catch block at 0xc3 in for 0x99
01-25 14:53:13.808 5933 5933 E ArmVmp : Match on catch block at 0xc3 in for 0x91
01-25 14:53:13.818 5933 5933 E ArmVmp : Match on catch block at 0xc3 in for 0x91
01-25 14:53:13.824 5933 5933 E ArmVmp : Match on catch block at 0xc3 in for 0x95
01-25 14:53:13.835 5933 5933 E ArmVmp : Match on catch block at 0xc3 in for 0x95
01-25 14:53:13.841 5933 5933 E ArmVmp : Match on catch block at 0xc3 in for 0x99
01-25 14:53:13.851 5933 5933 E ArmVmp : Match on catch block at 0xc3 in for 0x99
01-25 14:53:13.858 5933 5933 E ArmVmp : Match on catch block at 0xc3 in for 0x91
01-25 14:53:13.868 5933 5933 E ArmVmp : Match on catch block at 0xc3 in for 0x91
01-25 14:53:13.875 5933 5933 E ArmVmp : Match on catch block at 0xc3 in for 0x95
01-25 14:53:13.885 5933 5933 E ArmVmp : Match on catch block at 0xc3 in for 0x95
01-25 14:53:13.891 5933 5933 E ArmVmp : Match on catch block at 0xc3 in for 0x99
01-25 14:53:13.901 5933 5933 E ArmVmp : Match on catch block at 0xc3 in for 0x99
01-25 14:53:13.908 5933 5933 E ArmVmp : Match on catch block at 0xc3 in for 0x91
01-25 14:53:13.919 5933 5933 E ArmVmp : Match on catch block at 0xc3 in for 0x91
01-25 14:53:13.927 5933 5933 E ArmVmp : Match on catch block at 0xc3 in for 0x95
01-25 14:53:13.952 5933 5933 E ArmVmp : Match on catch block at 0xc3 in for 0x95
01-25 14:53:13.959 5933 5933 E ArmVmp : Match on catch block at 0xc3 in for 0x99
01-25 14:53:13.969 5933 5933 E ArmVmp : Match on catch block at 0xc3 in for 0x99
01-25 14:53:13.976 5933 5933 E ArmVmp : Match on catch block at 0xc3 in for 0x91
01-25 14:53:13.985 5933 5933 E ArmVmp : Match on catch block at 0xc3 in for 0x91
01-25 14:53:13.992 5933 5933 E ArmVmp : Match on catch block at 0xc3 in for 0x95
01-25 14:53:14.004 5933 5933 E ArmVmp : Match on catch block at 0xc3 in for 0x95
01-25 14:53:14.010 5933 5933 E ArmVmp : Match on catch block at 0xc3 in for 0x99
01-25 14:53:14.021 5933 5933 E ArmVmp : Match on catch block at 0xc3 in for 0x99
01-25 14:53:14.027 5933 5933 E ArmVmp : Match on catch block at 0xc3 in for 0x91
01-25 14:53:14.042 5933 5933 E ArmVmp : Match on catch block at 0xc3 in for 0x99
01-25 14:53:14.050 5933 5933 E ArmVmp : Match on catch block at 0xc3 in for 0x91
01-25 14:53:14.068 5933 5933 E ArmVmp : Match on catch block at 0xc3 in for 0x91
01-25 14:53:14.074 5933 5933 E ArmVmp : Match on catch block at 0xc3 in for 0x95
01-25 14:53:14.100 5933 5933 E ArmVmp : Match on catch block at 0xc3 in for 0x99
01-25 14:53:14.106 5933 5933 E ArmVmp : Match on catch block at 0xc3 in for 0x91
01-25 14:53:14.120 5933 5933 E ArmVmp : Match on catch block at 0xc3 in for 0x99
01-25 14:53:14.125 5933 5933 E ArmVmp : Match on catch block at 0xc3 in for 0x91
01-25 14:53:14.221 5933 5933 E ArmVmp : Match on catch block at 0xc3 in for 0x95
01-25 14:53:14.229 5933 5933 E ArmVmp : Match on catch block at 0xc3 in for 0x99
01-25 14:53:14.275 5933 5933 E ArmVmp : Match on catch block at 0xc3 in for 0x95
01-25 14:53:14.281 5933 5933 E ArmVmp : Match on catch block at 0xc3 in for 0x99
01-25 14:53:14.323 5933 5933 E ArmVmp : Match on catch block at 0xc3 in for 0x95
01-25 14:53:14.329 5933 5933 E ArmVmp : Match on catch block at 0xc3 in for 0x99
01-25 14:53:14.377 5933 5933 E ArmVmp : Match on catch block at 0xc3 in for 0x91
01-25 14:53:14.384 5933 5933 E ArmVmp : Match on catch block at 0xc3 in for 0x95
01-25 14:53:14.408 5933 5933 E ArmVmp : Match on catch block at 0xc3 in for 0x95
01-25 14:53:14.415 5933 5933 E ArmVmp : Match on catch block at 0xc3 in for 0x99
01-25 14:53:14.511 5933 5933 E ArmVmp : Match on catch block at 0xc3 in for 0x99
01-25 14:53:14.518 5933 5933 E ArmVmp : Match on catch block at 0xc3 in for 0x91
01-25 14:53:15.091 5933 5933 E ArmVmp : Match on catch block at 0xc3 in for 0x91
01-25 14:53:15.097 5933 5933 E ArmVmp : Match on catch block at 0xc3 in for 0x95
01-25 14:53:15.557 5933 5933 E ArmVmp : Match on catch block at 0xc3 in for 0x95
01-25 14:53:15.566 5933 5933 E ArmVmp : Match on catch block at 0xc3 in for 0x99
01-25 14:53:15.941 5933 5933 E ArmVmp : Match on catch block at 0xc3 in for 0x99
01-25 14:53:15.949 5933 5933 E ArmVmp : Match on catch block at 0xc3 in for 0x91
01-25 14:53:15.959 5933 5933 E ArmVmp : Match on catch block at 0xc3 in for 0x91
01-25 14:53:15.969 5933 5933 E ArmVmp : Match on catch block at 0xc3 in for 0x95
01-25 14:53:15.981 5933 5933 E ArmVmp : Match on catch block at 0xc3 in for 0x95
01-25 14:53:15.991 5933 5933 E ArmVmp : Match on catch block at 0xc3 in for 0x99
01-25 14:53:16.009 5933 5933 E ArmVmp : Match on catch block at 0xc3 in for 0x99
01-25 14:53:16.016 5933 5933 E ArmVmp : Match on catch block at 0xc3 in for 0x91
01-25 14:53:16.024 5933 5933 E ArmVmp : Match on catch block at 0xc3 in for 0x91
01-25 14:53:16.031 5933 5933 E ArmVmp : Match on catch block at 0xc3 in for 0x95
01-25 14:53:16.043 5933 5933 E ArmVmp : Match on catch block at 0xc3 in for 0x95
01-25 14:53:16.050 5933 5933 E ArmVmp : Match on catch block at 0xc3 in for 0x99
01-25 14:53:16.067 5933 5933 E ArmVmp : Match on catch block at 0xc3 in for 0x99
01-25 14:53:16.078 5933 5933 E ArmVmp : Match on catch block at 0xc3 in for 0x91
01-25 14:53:16.091 5933 5933 E ArmVmp : Match on catch block at 0xc3 in for 0x91
01-25 14:53:16.100 5933 5933 E ArmVmp : Match on catch block at 0xc3 in for 0x95
01-25 14:53:16.113 5933 5933 E ArmVmp : Match on catch block at 0xc3 in for 0x95
01-25 14:53:16.120 5933 5933 E ArmVmp : Match on catch block at 0xc3 in for 0x99
01-25 14:53:16.137 5933 5933 E ArmVmp : Match on catch block at 0xc3 in for 0x99
01-25 14:53:16.145 5933 5933 E ArmVmp : Match on catch block at 0xc3 in for 0x91
01-25 14:53:16.162 5933 5933 E ArmVmp : Match on catch block at 0xc3 in for 0x91
01-25 14:53:16.171 5933 5933 E ArmVmp : Match on catch block at 0xc3 in for 0x95
01-25 14:53:16.191 5933 5933 E ArmVmp : Match on catch block at 0xc3 in for 0x95
01-25 14:53:16.197 5933 5933 E ArmVmp : Match on catch block at 0xc3 in for 0x99
01-25 14:53:16.209 5933 5933 E ArmVmp : Match on catch block at 0xc3 in for 0x99
01-25 14:53:16.215 5933 5933 E ArmVmp : Match on catch block at 0xc3 in for 0x91
01-25 14:53:16.576 5933 5933 E ArmVmp : Match on catch block at 0xc3 in for 0x99
01-25 14:53:16.582 5933 5933 E ArmVmp : Match on catch block at 0xc3 in for 0x91
01-25 14:53:16.593 5933 5933 E ArmVmp : Match on catch block at 0xc3 in for 0x95
01-25 14:53:16.599 5933 5933 E ArmVmp : Match on catch block at 0xc3 in for 0x99
01-25 14:53:16.679 5933 5933 E ArmVmp : Match on catch block at 0xc3 in for 0x99
01-25 14:53:16.686 5933 5933 E ArmVmp : Match on catch block at 0xc3 in for 0x91
01-25 14:53:16.689 5933 5933 W ActivityThread: handleWindowVisibility: no
activity for token android.os.BinderProxy@57b1a83
01-25 14:53:16.842 5933 5933 W TabLayout: MODE_SCROLLABLE + GRAVITY_FILL is not
supported, GRAVITY_START will be used instead
01-25 14:53:16.941 5933 5933 W BottomSheetBehavior: BottomSheetBehavior now
supports multiple callbacks. `setBottomSheetCallback()` removes all existing
callbacks, including ones set internally by library authors, which may result in
unintended behavior. This may change in the future. Please use
`addBottomSheetCallback()` and `removeBottomSheetCallback()` instead to set your
own callbacks.
01-25 14:53:17.013 5933 6086 E Camera_APM : : [APM]APM's Thread is started
01-25 14:53:17.014 5933 6086 E Camera_APM : : [APM] This app is forground app
01-25 14:53:17.799 5933 5933 W View : requestLayout() improperly called by
com.whatsapp.WaImageView{6f1b0c3 VF.D..CL. ......ID 0,0-112,112 #7f0b1814
app:id/shutter} during layout: running second layout pass
01-25 14:53:17.799 5933 5933 W View : requestLayout() improperly called by
com.whatsapp.CircularProgressBar{295dd40 V.ED..... ......ID 0,0-112,112 #7f0b14fc
app:id/recording_progress} during layout: running second layout pass
01-25 14:53:17.799 5933 5933 W View : requestLayout() improperly called by
com.whatsapp.WaImageView{2b8e479 VF.D..C.. ......ID 0,0-84,84 #7f0b1976
app:id/switch_camera_btn} during layout: running second layout pass
01-25 14:53:17.799 5933 5933 W View : requestLayout() improperly called by
com.whatsapp.WaImageView{cec55be VFED..C.. ......ID 0,0-84,84 #7f0b0b0d
app:id/gallery_btn} during layout: running second layout pass
01-25 14:53:17.799 5933 5933 W View : requestLayout() improperly called by
com.whatsapp.WaImageView{1b4961f VF.D..C.. ......ID 0,0-84,84 #7f0b0a9c
app:id/flash_btn} during layout: running second layout pass
01-25 14:53:17.799 5933 5933 W View : requestLayout() improperly called by
com.whatsapp.WaImageView{a9b8d6c VFED..C.. ......ID 0,0-84,84 #7f0b057f
app:id/close_camera_btn} during layout: running second layout pass
01-25 14:53:17.799 5933 5933 W View : requestLayout() improperly called by
X.4Ki{6da4f35 V.ED..... ......ID 0,4-720,88} during layout: running second layout
pass
01-25 14:53:17.799 5933 5933 W View : requestLayout() improperly called by
androidx.appcompat.view.menu.ActionMenuItemView{7140fca VFED..CL. ......ID 0,7-
84,91 #7f0b0fe8 app:id/more} during layout: running second layout pass
01-25 14:53:17.799 5933 5933 W View : requestLayout() improperly called by
androidx.appcompat.widget.ActionMenuView{96753b V.E...... ......ID 636,0-720,98}
during layout: running second layout pass
01-25 14:53:17.816 5933 5933 E ArmVmp : Match on catch block at 0xc3 in for 0x99
01-25 14:53:17.822 5933 5933 E ArmVmp : Match on catch block at 0xc3 in for 0x91
01-25 14:53:17.927 5933 5933 W View : requestLayout() improperly called by
com.whatsapp.WaImageView{6f1b0c3 VF.D..CL. ......ID 304,1136-416,1248 #7f0b1814
app:id/shutter} during layout: running second layout pass
01-25 14:53:17.927 5933 5933 W View : requestLayout() improperly called by
com.whatsapp.CircularProgressBar{295dd40 V.ED..... ......ID 304,1136-416,1248
#7f0b14fc app:id/recording_progress} during layout: running second layout pass
01-25 14:53:17.927 5933 5933 W View : requestLayout() improperly called by
com.whatsapp.WaImageView{2b8e479 VF.D..C.. ......ID 620,1148-704,1232 #7f0b1976
app:id/switch_camera_btn} during layout: running second layout pass
01-25 14:53:17.928 5933 5933 W View : requestLayout() improperly called by
com.whatsapp.WaImageView{cec55be VFED..C.. ......ID 16,1148-100,1232 #7f0b0b0d
app:id/gallery_btn} during layout: running second layout pass
01-25 14:53:17.928 5933 5933 W View : requestLayout() improperly called by
com.whatsapp.WaImageView{1b4961f VF.D..C.. ......ID 620,16-704,100 #7f0b0a9c
app:id/flash_btn} during layout: running second layout pass
01-25 14:53:17.928 5933 5933 W View : requestLayout() improperly called by
com.whatsapp.WaImageView{a9b8d6c VFED..C.. ......ID 16,16-100,100 #7f0b057f
app:id/close_camera_btn} during layout: running second layout pass
01-25 14:53:18.964 5933 5933 E ArmVmp : Match on catch block at 0xc3 in for 0x99
01-25 14:53:18.973 5933 5933 E ArmVmp : Match on catch block at 0xc3 in for 0x91
01-25 14:53:19.917 5933 5941 W System : A resource failed to call close.
01-25 14:53:21.013 5933 5933 W ActivityThread: handleWindowVisibility: no
activity for token android.os.BinderProxy@4c1113a
01-25 14:53:22.159 5933 6044 W AudioCapabilities: Unsupported mime audio/ac4
01-25 14:53:22.161 5933 6044 W AudioCapabilities: Unsupported mime audio/x-ima
01-25 14:53:22.168 5933 6044 W AudioCapabilities: Unsupported mime audio/eac3-joc
01-25 14:53:22.177 5933 6044 W AudioCapabilities: Unsupported mime audio/mpeg-L1
01-25 14:53:22.178 5933 6044 W AudioCapabilities: Unsupported mime audio/mpeg-L2
01-25 14:53:22.185 5933 6044 W AudioCapabilities: Unsupported mime audio/x-ms-wma
01-25 14:53:22.224 5933 6044 W VideoCapabilities: Unrecognized profile 4 for
video/hevc
01-25 14:53:22.231 5933 6044 W VideoCapabilities: Unsupported mime video/mp43
01-25 14:53:22.240 5933 6044 W VideoCapabilities: Unrecognized profile/level 1/32
for video/mp4v-es
01-25 14:53:22.240 5933 6044 W VideoCapabilities: Unrecognized profile/level
32768/2 for video/mp4v-es
01-25 14:53:22.240 5933 6044 W VideoCapabilities: Unrecognized profile/level
32768/64 for video/mp4v-es
01-25 14:53:22.244 5933 6044 W VideoCapabilities: Unsupported mime video/wvc1
01-25 14:53:22.260 5933 6044 W VideoCapabilities: Unsupported mime video/x-ms-
wmv7
01-25 14:53:22.263 5933 6044 W VideoCapabilities: Unsupported mime video/x-ms-
wmv8
01-25 14:53:23.059 5933 6173 W MapperHal: buffer descriptor with invalid usage
bits 0x2000
01-25 14:53:23.061 5933 6173 W MapperHal: buffer descriptor with invalid usage
bits 0x2000
01-25 14:53:23.064 5933 6173 W MapperHal: buffer descriptor with invalid usage
bits 0x2000
01-25 14:53:23.066 5933 6173 W MapperHal: buffer descriptor with invalid usage
bits 0x2000
01-25 14:53:23.149 5933 6173 W MapperHal: buffer descriptor with invalid usage
bits 0x2000
01-25 14:53:23.150 5933 6173 W MapperHal: buffer descriptor with invalid usage
bits 0x2000
01-25 14:53:23.256 5933 6173 W MapperHal: buffer descriptor with invalid usage
bits 0x2000
01-25 14:53:23.761 5933 6168 W com.whatsapp: Accessing hidden method
Landroid/media/AudioTrack$Builder;->setOffloadedPlayback(Z)Landroid/media/
AudioTrack$Builder; (dark greylist, linking)
01-25 14:53:23.823 5933 6173 W MapperHal: buffer descriptor with invalid usage
bits 0x2000
01-25 14:53:27.095 5933 5933 E ArmVmp : Match on catch block at 0x0a in for 0xb1
01-25 14:53:27.112 5933 5933 E ArmVmp : Match on catch block at 0x0a in for 0xb9
01-25 14:53:27.483 5933 5933 E ArmVmp : Match on catch block at 0xc3 in for 0x99
01-25 14:53:27.502 5933 5933 E ArmVmp : Match on catch block at 0xc3 in for 0x91
01-25 14:53:27.538 5933 5933 E ArmVmp : Match on catch block at 0xc3 in for 0x91
01-25 14:53:27.546 5933 5933 E ArmVmp : Match on catch block at 0xc3 in for 0x95
01-25 14:53:27.757 5933 5933 E ArmVmp : Match on catch block at 0xc3 in for 0x95
01-25 14:53:27.763 5933 5933 E ArmVmp : Match on catch block at 0xc3 in for 0x99
01-25 14:53:27.833 5933 5933 E ArmVmp : Match on catch block at 0xc3 in for 0x91
01-25 14:53:27.840 5933 5933 E ArmVmp : Match on catch block at 0xc3 in for 0x95
01-25 14:53:27.900 5933 5933 E ArmVmp : Match on catch block at 0xc3 in for 0x95
01-25 14:53:27.909 5933 5933 E ArmVmp : Match on catch block at 0xc3 in for 0x99
01-25 14:53:27.938 5933 5933 E ArmVmp : Match on catch block at 0xc3 in for 0x91
01-25 14:53:27.947 5933 5933 E ArmVmp : Match on catch block at 0xc3 in for 0x95
01-25 14:53:27.996 5933 5933 E ArmVmp : Match on catch block at 0xc3 in for 0x91
01-25 14:53:28.010 5933 5980 E SQLiteDatabase: Error inserting media_duration=13
file_path=/data/user/0/com.whatsapp/files/.Shared/a385775c-5363-4cd3-92de-
2e2490c966a5.mp4 transferred=0 thumbnail_height_width_ratio=1.7560976 face_y=0
face_x=0 trim_from=0 media_caption=null transcoded=1 message_url=null
first_scan_sidecar=null direct_path=null original_file_hash=null
is_animated_sticker=0 media_name=a385775c-5363-4cd3-92de-2e2490c966a5.mp4
has_streaming_sidecar=0 partial_media_enc_hash=null media_key=null
multicast_id=null page_count=0 height=0 partial_media_hash=null gif_attribution=0
mute_video=0 autotransfer_retry_enabled=1 first_scan_length=0 trim_to=0
media_key_timestamp=0 file_size=8534044 chat_row_id=20 media_job_uuid=a8343574-
b357-435b-8aaf-e4def854ea1b message_row_id=39 enc_file_hash=null file_hash=null
mime_type=null media_upload_handle=null suspicious_content=0 width=0
file_length=8534044
01-25 14:53:28.010 5933 5980 E SQLiteDatabase:
android.database.sqlite.SQLiteConstraintException: UNIQUE constraint failed:
message_media.message_row_id (code 1555 SQLITE_CONSTRAINT_PRIMARYKEY[1555])
01-25 14:53:28.010 5933 5980 E SQLiteDatabase: at
android.database.sqlite.SQLiteConnection.nativeExecuteForLastInsertedRowId(Native
Method)
01-25 14:53:28.010 5933 5980 E SQLiteDatabase: at
android.database.sqlite.SQLiteConnection.executeForLastInsertedRowId(SQLiteConnecti
on.java:995)
01-25 14:53:28.010 5933 5980 E SQLiteDatabase: at
android.database.sqlite.SQLiteSession.executeForLastInsertedRowId(SQLiteSession.jav
a:788)
01-25 14:53:28.010 5933 5980 E SQLiteDatabase: at
android.database.sqlite.SQLiteStatement.executeInsert(SQLiteStatement.java:86)
01-25 14:53:28.010 5933 5980 E SQLiteDatabase: at
android.database.sqlite.SQLiteDatabase.insertWithOnConflict(SQLiteDatabase.java:202
1)
01-25 14:53:28.010 5933 5980 E SQLiteDatabase: at
android.database.sqlite.SQLiteDatabase.insert(SQLiteDatabase.java:1890)
01-25 14:53:28.010 5933 5980 E SQLiteDatabase: at X.2tm.A08(Unknown
Source:6)
01-25 14:53:28.010 5933 5980 E SQLiteDatabase: at X.35Y.A07(Unknown
Source:212)
01-25 14:53:28.010 5933 5980 E SQLiteDatabase: at X.3QF.A14(Unknown
Source:470)
01-25 14:53:28.010 5933 5980 E SQLiteDatabase: at X.3gU.run(Unknown
Source:982)
01-25 14:53:28.010 5933 5980 E SQLiteDatabase: at
android.os.Handler.handleCallback(Handler.java:873)
01-25 14:53:28.010 5933 5980 E SQLiteDatabase: at
android.os.Handler.dispatchMessage(Handler.java:99)
01-25 14:53:28.010 5933 5980 E SQLiteDatabase: at
X.0zq.dispatchMessage(Unknown Source:4)
01-25 14:53:28.010 5933 5980 E SQLiteDatabase: at
android.os.Looper.loop(Looper.java:214)
01-25 14:53:28.010 5933 5980 E SQLiteDatabase: at
android.os.HandlerThread.run(HandlerThread.java:65)
01-25 14:53:28.011 5933 5933 E ArmVmp : Match on catch block at 0xc3 in for 0x95
01-25 14:53:28.028 5933 5933 E ArmVmp : Match on catch block at 0xc3 in for 0x95
01-25 14:53:28.036 5933 5933 E ArmVmp : Match on catch block at 0xc3 in for 0x99
01-25 14:53:28.145 5933 5933 E ArmVmp : Match on catch block at 0xc3 in for 0x95
01-25 14:53:28.154 5933 5933 E ArmVmp : Match on catch block at 0xc3 in for 0x99
01-25 14:53:28.265 5933 5933 E ArmVmp : Match on catch block at 0xc3 in for 0x99
01-25 14:53:28.274 5933 5933 E ArmVmp : Match on catch block at 0xc3 in for 0x91
01-25 14:53:28.325 5933 5933 E ArmVmp : Match on catch block at 0xc3 in for 0x99
01-25 14:53:28.332 5933 5933 E ArmVmp : Match on catch block at 0xc3 in for 0x91
01-25 14:53:28.351 5933 5933 E ArmVmp : Match on catch block at 0xc3 in for 0x91
01-25 14:53:28.362 5933 5933 E ArmVmp : Match on catch block at 0xc3 in for 0x95
01-25 14:53:28.372 5933 5933 E ArmVmp : Match on catch block at 0xc3 in for 0x95
01-25 14:53:28.379 5933 5933 E ArmVmp : Match on catch block at 0xc3 in for 0x99
01-25 14:53:28.390 5933 5933 E ArmVmp : Match on catch block at 0xc3 in for 0x99
01-25 14:53:28.399 5933 5933 E ArmVmp : Match on catch block at 0xc3 in for 0x91
01-25 14:53:28.437 5933 5933 E ArmVmp : Match on catch block at 0xc3 in for 0x95
01-25 14:53:28.443 5933 5933 E ArmVmp : Match on catch block at 0xc3 in for 0x99
01-25 14:53:28.458 5933 5933 E ArmVmp : Match on catch block at 0xc3 in for 0x99
01-25 14:53:28.464 5933 5933 E ArmVmp : Match on catch block at 0xc3 in for 0x91
01-25 14:53:28.475 5933 5933 E ArmVmp : Match on catch block at 0xc3 in for 0x91
01-25 14:53:28.482 5933 5933 E ArmVmp : Match on catch block at 0xc3 in for 0x95
01-25 14:53:28.512 5933 5933 E ArmVmp : Match on catch block at 0xc3 in for 0x95
01-25 14:53:28.530 5933 5933 E ArmVmp : Match on catch block at 0xc3 in for 0x99
01-25 14:53:28.539 5933 5933 E ArmVmp : Match on catch block at 0xc3 in for 0x99
01-25 14:53:28.547 5933 5933 E ArmVmp : Match on catch block at 0xc3 in for 0x91
01-25 14:53:28.558 5933 5933 E ArmVmp : Match on catch block at 0xc3 in for 0x91
01-25 14:53:28.574 5933 5933 E ArmVmp : Match on catch block at 0xc3 in for 0x95
01-25 14:53:28.590 5933 5933 E ArmVmp : Match on catch block at 0xc3 in for 0x99
01-25 14:53:28.607 5933 5933 E ArmVmp : Match on catch block at 0xc3 in for 0x91
01-25 14:53:28.641 5933 5933 E ArmVmp : Match on catch block at 0xc3 in for 0x99
01-25 14:53:28.649 5933 5933 E ArmVmp : Match on catch block at 0xc3 in for 0x91
01-25 14:53:28.661 5933 5933 E ArmVmp : Match on catch block at 0xc3 in for 0x91
01-25 14:53:28.669 5933 5933 E ArmVmp : Match on catch block at 0xc3 in for 0x95
01-25 14:53:28.691 5933 5933 E ArmVmp : Match on catch block at 0xc3 in for 0x95
01-25 14:53:28.698 5933 5933 E ArmVmp : Match on catch block at 0xc3 in for 0x99
01-25 14:53:28.705 5933 5933 E ArmVmp : Match on catch block at 0xc3 in for 0x99
01-25 14:53:28.712 5933 5933 E ArmVmp : Match on catch block at 0xc3 in for 0x91
01-25 14:53:28.722 5933 5933 E ArmVmp : Match on catch block at 0xc3 in for 0x91
01-25 14:53:28.730 5933 5933 E ArmVmp : Match on catch block at 0xc3 in for 0x95
01-25 14:53:28.741 5933 5933 E ArmVmp : Match on catch block at 0xc3 in for 0x95
01-25 14:53:28.748 5933 5933 E ArmVmp : Match on catch block at 0xc3 in for 0x99
01-25 14:53:28.765 5933 5933 E ArmVmp : Match on catch block at 0xc3 in for 0x99
01-25 14:53:28.772 5933 5933 E ArmVmp : Match on catch block at 0xc3 in for 0x91
01-25 14:53:28.790 5933 5933 E ArmVmp : Match on catch block at 0xc3 in for 0x91
01-25 14:53:28.796 5933 5933 E ArmVmp : Match on catch block at 0xc3 in for 0x95
01-25 14:53:28.806 5933 5933 E ArmVmp : Match on catch block at 0xc3 in for 0x95
01-25 14:53:28.815 5933 5933 E ArmVmp : Match on catch block at 0xc3 in for 0x99
01-25 14:53:28.839 5933 5933 E ArmVmp : Match on catch block at 0xc3 in for 0x99
01-25 14:53:28.849 5933 5933 E ArmVmp : Match on catch block at 0xc3 in for 0x91
01-25 14:53:28.860 5933 5933 E ArmVmp : Match on catch block at 0xc3 in for 0x91
01-25 14:53:28.868 5933 5933 E ArmVmp : Match on catch block at 0xc3 in for 0x95
01-25 14:53:28.891 5933 5933 E ArmVmp : Match on catch block at 0xc3 in for 0x95
01-25 14:53:28.901 5933 5933 E ArmVmp : Match on catch block at 0xc3 in for 0x99
01-25 14:53:28.923 5933 5933 E ArmVmp : Match on catch block at 0xc3 in for 0x99
01-25 14:53:28.931 5933 5933 E ArmVmp : Match on catch block at 0xc3 in for 0x91
01-25 14:53:28.941 5933 5933 E ArmVmp : Match on catch block at 0xc3 in for 0x91
01-25 14:53:28.950 5933 5933 E ArmVmp : Match on catch block at 0xc3 in for 0x95
01-25 14:53:28.973 5933 5933 E ArmVmp : Match on catch block at 0xc3 in for 0x95
01-25 14:53:28.980 5933 5933 E ArmVmp : Match on catch block at 0xc3 in for 0x99
01-25 14:53:28.990 5933 5933 E ArmVmp : Match on catch block at 0xc3 in for 0x99
01-25 14:53:29.000 5933 5933 E ArmVmp : Match on catch block at 0xc3 in for 0x91
01-25 14:53:29.023 5933 5933 E ArmVmp : Match on catch block at 0xc3 in for 0x91
01-25 14:53:29.029 5933 5933 E ArmVmp : Match on catch block at 0xc3 in for 0x95
01-25 14:53:29.059 5933 5933 E ArmVmp : Match on catch block at 0xc3 in for 0x95
01-25 14:53:29.065 5933 5933 E ArmVmp : Match on catch block at 0xc3 in for 0x99
01-25 14:53:29.073 5933 5933 E ArmVmp : Match on catch block at 0xc3 in for 0x99
01-25 14:53:29.085 5933 5933 E ArmVmp : Match on catch block at 0xc3 in for 0x91
01-25 14:53:29.106 5933 5933 E ArmVmp : Match on catch block at 0xc3 in for 0x91
01-25 14:53:29.113 5933 5933 E ArmVmp : Match on catch block at 0xc3 in for 0x95
01-25 14:53:29.123 5933 5933 E ArmVmp : Match on catch block at 0xc3 in for 0x95
01-25 14:53:29.131 5933 5933 E ArmVmp : Match on catch block at 0xc3 in for 0x99
01-25 14:53:29.132 5933 6195 W com.whatsapp: Unsupported class loader
01-25 14:53:29.144 5933 5933 E ArmVmp : Match on catch block at 0xc3 in for 0x99
01-25 14:53:29.150 5933 6195 W com.whatsapp: Skipping duplicate class check due
to unsupported classloader
01-25 14:53:29.151 5933 5933 E ArmVmp : Match on catch block at 0xc3 in for 0x91
01-25 14:53:29.174 5933 5933 E ArmVmp : Match on catch block at 0xc3 in for 0x91
01-25 14:53:29.180 5933 5933 E ArmVmp : Match on catch block at 0xc3 in for 0x95
01-25 14:53:29.190 5933 5933 E ArmVmp : Match on catch block at 0xc3 in for 0x95
01-25 14:53:29.198 5933 5933 E ArmVmp : Match on catch block at 0xc3 in for 0x99
01-25 14:53:29.207 5933 5933 E ArmVmp : Match on catch block at 0xc3 in for 0x99
01-25 14:53:29.213 5933 5933 E ArmVmp : Match on catch block at 0xc3 in for 0x91
01-25 14:53:29.228 5933 5933 E ArmVmp : Match on catch block at 0xc3 in for 0x91
01-25 14:53:29.237 5933 5933 E ArmVmp : Match on catch block at 0xc3 in for 0x95
01-25 14:53:29.257 5933 5933 E ArmVmp : Match on catch block at 0xc3 in for 0x95
01-25 14:53:29.264 5933 5933 E ArmVmp : Match on catch block at 0xc3 in for 0x99
01-25 14:53:29.273 5933 5933 E ArmVmp : Match on catch block at 0xc3 in for 0x99
01-25 14:53:29.280 5933 5933 E ArmVmp : Match on catch block at 0xc3 in for 0x91
01-25 14:53:29.290 5933 5933 E ArmVmp : Match on catch block at 0xc3 in for 0x91
01-25 14:53:29.296 5933 5933 E ArmVmp : Match on catch block at 0xc3 in for 0x95
01-25 14:53:29.307 5933 5933 E ArmVmp : Match on catch block at 0xc3 in for 0x95
01-25 14:53:29.313 5933 5933 E ArmVmp : Match on catch block at 0xc3 in for 0x99
01-25 14:53:29.324 5933 5933 E ArmVmp : Match on catch block at 0xc3 in for 0x99
01-25 14:53:29.330 5933 5933 E ArmVmp : Match on catch block at 0xc3 in for 0x91
01-25 14:53:29.341 5933 5933 E ArmVmp : Match on catch block at 0xc3 in for 0x91
01-25 14:53:29.347 5933 5933 E ArmVmp : Match on catch block at 0xc3 in for 0x95
01-25 14:53:29.358 5933 5933 E ArmVmp : Match on catch block at 0xc3 in for 0x95
01-25 14:53:29.360 5933 6195 W com.whatsapp: Unknown chunk type '200'.
01-25 14:53:29.364 5933 5933 E ArmVmp : Match on catch block at 0xc3 in for 0x99
01-25 14:53:29.374 5933 5933 E ArmVmp : Match on catch block at 0xc3 in for 0x99
01-25 14:53:29.381 5933 5933 E ArmVmp : Match on catch block at 0xc3 in for 0x91
01-25 14:53:29.391 5933 5933 E ArmVmp : Match on catch block at 0xc3 in for 0x91
01-25 14:53:29.397 5933 5933 E ArmVmp : Match on catch block at 0xc3 in for 0x95
01-25 14:53:29.409 5933 5933 E ArmVmp : Match on catch block at 0xc3 in for 0x95
01-25 14:53:29.416 5933 5933 E ArmVmp : Match on catch block at 0xc3 in for 0x99
01-25 14:53:29.425 5933 5933 E ArmVmp : Match on catch block at 0xc3 in for 0x99
01-25 14:53:29.429 5933 6195 W com.whatsapp: Unsupported class loader
01-25 14:53:29.434 5933 5933 E ArmVmp : Match on catch block at 0xc3 in for 0x91
01-25 14:53:29.441 5933 5933 E ArmVmp : Match on catch block at 0xc3 in for 0x91
01-25 14:53:29.445 5933 6195 W com.whatsapp: Skipping duplicate class check due
to unsupported classloader
01-25 14:53:29.447 5933 5933 E ArmVmp : Match on catch block at 0xc3 in for 0x95
01-25 14:53:29.458 5933 5933 E ArmVmp : Match on catch block at 0xc3 in for 0x95
01-25 14:53:29.464 5933 5933 E ArmVmp : Match on catch block at 0xc3 in for 0x99
01-25 14:53:29.474 5933 5933 E ArmVmp : Match on catch block at 0xc3 in for 0x99
01-25 14:53:29.481 5933 5933 E ArmVmp : Match on catch block at 0xc3 in for 0x91
01-25 14:53:29.493 5933 5933 E ArmVmp : Match on catch block at 0xc3 in for 0x91
01-25 14:53:29.501 5933 5933 E ArmVmp : Match on catch block at 0xc3 in for 0x95
01-25 14:53:29.526 5933 5933 E ArmVmp : Match on catch block at 0xc3 in for 0x95
01-25 14:53:29.532 5933 5933 E ArmVmp : Match on catch block at 0xc3 in for 0x99
01-25 14:53:29.542 5933 5933 E ArmVmp : Match on catch block at 0xc3 in for 0x99
01-25 14:53:29.550 5933 5933 E ArmVmp : Match on catch block at 0xc3 in for 0x91
01-25 14:53:29.563 5933 5933 E ArmVmp : Match on catch block at 0xc3 in for 0x91
01-25 14:53:29.570 5933 5933 E ArmVmp : Match on catch block at 0xc3 in for 0x95
01-25 14:53:29.593 5933 5933 E ArmVmp : Match on catch block at 0xc3 in for 0x95
01-25 14:53:29.599 5933 5933 E ArmVmp : Match on catch block at 0xc3 in for 0x99
01-25 14:53:29.610 5933 5933 E ArmVmp : Match on catch block at 0xc3 in for 0x99
01-25 14:53:29.618 5933 5933 E ArmVmp : Match on catch block at 0xc3 in for 0x91
01-25 14:53:29.642 5933 5933 E ArmVmp : Match on catch block at 0xc3 in for 0x91
01-25 14:53:29.649 5933 5933 E ArmVmp : Match on catch block at 0xc3 in for 0x95
01-25 14:53:29.658 5933 5933 E ArmVmp : Match on catch block at 0xc3 in for 0x95
01-25 14:53:29.664 5933 5933 E ArmVmp : Match on catch block at 0xc3 in for 0x99
01-25 14:53:29.674 5933 5933 E ArmVmp : Match on catch block at 0xc3 in for 0x99
01-25 14:53:29.681 5933 5933 E ArmVmp : Match on catch block at 0xc3 in for 0x91
01-25 14:53:29.691 5933 5933 E ArmVmp : Match on catch block at 0xc3 in for 0x91
01-25 14:53:29.698 5933 5933 E ArmVmp : Match on catch block at 0xc3 in for 0x95
01-25 14:53:29.708 5933 5933 E ArmVmp : Match on catch block at 0xc3 in for 0x95
01-25 14:53:29.717 5933 5933 E ArmVmp : Match on catch block at 0xc3 in for 0x99
01-25 14:53:29.726 5933 5933 E ArmVmp : Match on catch block at 0xc3 in for 0x99
01-25 14:53:29.735 5933 5933 E ArmVmp : Match on catch block at 0xc3 in for 0x91
01-25 14:53:29.749 5933 5933 E ArmVmp : Match on catch block at 0xc3 in for 0x91
01-25 14:53:29.760 5933 5933 E ArmVmp : Match on catch block at 0xc3 in for 0x95
01-25 14:53:29.777 5933 5933 E ArmVmp : Match on catch block at 0xc3 in for 0x95
01-25 14:53:29.784 5933 5933 E ArmVmp : Match on catch block at 0xc3 in for 0x99
01-25 14:53:29.791 5933 5933 E ArmVmp : Match on catch block at 0xc3 in for 0x99
01-25 14:53:29.798 5933 5933 E ArmVmp : Match on catch block at 0xc3 in for 0x91
01-25 14:53:29.811 5933 5933 E ArmVmp : Match on catch block at 0xc3 in for 0x91
01-25 14:53:29.822 5933 5933 E ArmVmp : Match on catch block at 0xc3 in for 0x95
01-25 14:53:29.842 5933 5933 E ArmVmp : Match on catch block at 0xc3 in for 0x95
01-25 14:53:29.849 5933 5933 E ArmVmp : Match on catch block at 0xc3 in for 0x99
01-25 14:53:29.859 5933 5933 E ArmVmp : Match on catch block at 0xc3 in for 0x99
01-25 14:53:29.872 5933 5933 E ArmVmp : Match on catch block at 0xc3 in for 0x91
01-25 14:53:29.888 5933 6203 E chromium:
[0125/145329.888183:ERROR:cronet_context.cc(156)] Invalid QUIC hint
host: .whatsapp.com
01-25 14:53:29.888 5933 6203 E chromium:
[0125/145329.888461:ERROR:cronet_context.cc(156)] Invalid QUIC hint
host: .cdninstagram.com
01-25 14:53:29.888 5933 6203 E chromium:
[0125/145329.888545:ERROR:cronet_context.cc(156)] Invalid QUIC hint
host: .fbcdn.net
01-25 14:53:29.888 5933 6203 E chromium:
[0125/145329.888615:ERROR:cronet_context.cc(156)] Invalid QUIC hint
host: .facebook.com
01-25 14:53:29.888 5933 6203 E chromium:
[0125/145329.888685:ERROR:cronet_context.cc(156)] Invalid QUIC hint
host: .instagram.com
01-25 14:53:29.889 5933 6203 E chromium:
[0125/145329.888777:ERROR:cronet_context.cc(156)] Invalid QUIC hint
host: .whatsapp.net
01-25 14:53:29.893 5933 5933 E ArmVmp : Match on catch block at 0xc3 in for 0x91
01-25 14:53:29.899 5933 5933 E ArmVmp : Match on catch block at 0xc3 in for 0x95
01-25 14:53:29.910 5933 5933 E ArmVmp : Match on catch block at 0xc3 in for 0x95
01-25 14:53:29.916 5933 5933 E ArmVmp : Match on catch block at 0xc3 in for 0x99
01-25 14:53:29.925 5933 5933 E ArmVmp : Match on catch block at 0xc3 in for 0x99
01-25 14:53:29.931 5933 5933 E ArmVmp : Match on catch block at 0xc3 in for 0x91
01-25 14:53:29.942 5933 5933 E ArmVmp : Match on catch block at 0xc3 in for 0x91
01-25 14:53:29.948 5933 5933 E ArmVmp : Match on catch block at 0xc3 in for 0x95
01-25 14:53:29.959 5933 5933 E ArmVmp : Match on catch block at 0xc3 in for 0x95
01-25 14:53:29.964 5933 5933 E ArmVmp : Match on catch block at 0xc3 in for 0x99
01-25 14:53:29.976 5933 5933 E ArmVmp : Match on catch block at 0xc3 in for 0x99
01-25 14:53:29.982 5933 5933 E ArmVmp : Match on catch block at 0xc3 in for 0x91
01-25 14:53:29.992 5933 5933 E ArmVmp : Match on catch block at 0xc3 in for 0x91
01-25 14:53:29.999 5933 5933 E ArmVmp : Match on catch block at 0xc3 in for 0x95
01-25 14:53:30.010 5933 5933 E ArmVmp : Match on catch block at 0xc3 in for 0x95
01-25 14:53:30.016 5933 5933 E ArmVmp : Match on catch block at 0xc3 in for 0x99
01-25 14:53:30.027 5933 5933 E ArmVmp : Match on catch block at 0xc3 in for 0x99
01-25 14:53:30.033 5933 5933 E ArmVmp : Match on catch block at 0xc3 in for 0x91
01-25 14:53:30.047 5933 5933 E ArmVmp : Match on catch block at 0xc3 in for 0x91
01-25 14:53:30.053 5933 5933 E ArmVmp : Match on catch block at 0xc3 in for 0x95
01-25 14:53:30.062 5933 5933 E ArmVmp : Match on catch block at 0xc3 in for 0x95
01-25 14:53:30.073 5933 5933 E ArmVmp : Match on catch block at 0xc3 in for 0x99
01-25 14:53:30.094 5933 5933 E ArmVmp : Match on catch block at 0xc3 in for 0x99
01-25 14:53:30.100 5933 5933 E ArmVmp : Match on catch block at 0xc3 in for 0x91
01-25 14:53:30.110 5933 5933 E ArmVmp : Match on catch block at 0xc3 in for 0x91
01-25 14:53:30.118 5933 5933 E ArmVmp : Match on catch block at 0xc3 in for 0x95
01-25 14:53:30.134 5933 5933 E ArmVmp : Match on catch block at 0xc3 in for 0x95
01-25 14:53:30.146 5933 5933 E ArmVmp : Match on catch block at 0xc3 in for 0x99
01-25 14:53:30.159 5933 5933 E ArmVmp : Match on catch block at 0xc3 in for 0x99
01-25 14:53:30.166 5933 5933 E ArmVmp : Match on catch block at 0xc3 in for 0x91
01-25 14:53:30.181 5933 5933 E ArmVmp : Match on catch block at 0xc3 in for 0x99
01-25 14:53:30.187 5933 5933 E ArmVmp : Match on catch block at 0xc3 in for 0x91
01-25 14:53:30.194 5933 5933 E ArmVmp : Match on catch block at 0xc3 in for 0x91
01-25 14:53:30.204 5933 5933 E ArmVmp : Match on catch block at 0xc3 in for 0x95
01-25 14:53:30.214 5933 5933 E ArmVmp : Match on catch block at 0xc3 in for 0x95
01-25 14:53:30.221 5933 5933 E ArmVmp : Match on catch block at 0xc3 in for 0x99
01-25 14:53:30.228 5933 5933 E ArmVmp : Match on catch block at 0xc3 in for 0x99
01-25 14:53:30.240 5933 5933 E ArmVmp : Match on catch block at 0xc3 in for 0x91
01-25 14:53:30.260 5933 5933 E ArmVmp : Match on catch block at 0xc3 in for 0x91
01-25 14:53:30.267 5933 5933 E ArmVmp : Match on catch block at 0xc3 in for 0x95
01-25 14:53:30.276 5933 5933 E ArmVmp : Match on catch block at 0xc3 in for 0x95
01-25 14:53:30.284 5933 5933 E ArmVmp : Match on catch block at 0xc3 in for 0x99
01-25 14:53:30.293 5933 5933 E ArmVmp : Match on catch block at 0xc3 in for 0x99
01-25 14:53:30.300 5933 5933 E ArmVmp : Match on catch block at 0xc3 in for 0x91
01-25 14:53:30.310 5933 5933 E ArmVmp : Match on catch block at 0xc3 in for 0x91
01-25 14:53:30.317 5933 5933 E ArmVmp : Match on catch block at 0xc3 in for 0x95
01-25 14:53:30.332 5933 5933 E ArmVmp : Match on catch block at 0xc3 in for 0x95
01-25 14:53:30.343 5933 5933 E ArmVmp : Match on catch block at 0xc3 in for 0x99
01-25 14:53:30.360 5933 5933 E ArmVmp : Match on catch block at 0xc3 in for 0x99
01-25 14:53:30.366 5933 5933 E ArmVmp : Match on catch block at 0xc3 in for 0x91
01-25 14:53:30.376 5933 5933 E ArmVmp : Match on catch block at 0xc3 in for 0x91
01-25 14:53:30.382 5933 5933 E ArmVmp : Match on catch block at 0xc3 in for 0x95
01-25 14:53:30.393 5933 5933 E ArmVmp : Match on catch block at 0xc3 in for 0x95
01-25 14:53:30.400 5933 5933 E ArmVmp : Match on catch block at 0xc3 in for 0x99
01-25 14:53:30.410 5933 5933 E ArmVmp : Match on catch block at 0xc3 in for 0x99
01-25 14:53:30.416 5933 5933 E ArmVmp : Match on catch block at 0xc3 in for 0x91
01-25 14:53:30.426 5933 5933 E ArmVmp : Match on catch block at 0xc3 in for 0x91
01-25 14:53:30.432 5933 5933 E ArmVmp : Match on catch block at 0xc3 in for 0x95
01-25 14:53:30.443 5933 5933 E ArmVmp : Match on catch block at 0xc3 in for 0x95
01-25 14:53:30.449 5933 5933 E ArmVmp : Match on catch block at 0xc3 in for 0x99
01-25 14:53:30.460 5933 5933 E ArmVmp : Match on catch block at 0xc3 in for 0x99
01-25 14:53:30.467 5933 5933 E ArmVmp : Match on catch block at 0xc3 in for 0x91
01-25 14:53:30.477 5933 5933 E ArmVmp : Match on catch block at 0xc3 in for 0x91
01-25 14:53:30.482 5933 5933 E ArmVmp : Match on catch block at 0xc3 in for 0x95
01-25 14:53:30.493 5933 5933 E ArmVmp : Match on catch block at 0xc3 in for 0x95
01-25 14:53:30.500 5933 5933 E ArmVmp : Match on catch block at 0xc3 in for 0x99
01-25 14:53:30.510 5933 5933 E ArmVmp : Match on catch block at 0xc3 in for 0x99
01-25 14:53:30.516 5933 5933 E ArmVmp : Match on catch block at 0xc3 in for 0x91
01-25 14:53:30.527 5933 5933 E ArmVmp : Match on catch block at 0xc3 in for 0x91
01-25 14:53:30.533 5933 5933 E ArmVmp : Match on catch block at 0xc3 in for 0x95
01-25 14:53:30.543 5933 5933 E ArmVmp : Match on catch block at 0xc3 in for 0x95
01-25 14:53:30.550 5933 5933 E ArmVmp : Match on catch block at 0xc3 in for 0x99
01-25 14:53:30.560 5933 5933 E ArmVmp : Match on catch block at 0xc3 in for 0x99
01-25 14:53:30.566 5933 5933 E ArmVmp : Match on catch block at 0xc3 in for 0x91
01-25 14:53:30.579 5933 5933 E ArmVmp : Match on catch block at 0xc3 in for 0x91
01-25 14:53:30.586 5933 5933 E ArmVmp : Match on catch block at 0xc3 in for 0x95
01-25 14:53:30.595 5933 5933 E ArmVmp : Match on catch block at 0xc3 in for 0x95
01-25 14:53:30.601 5933 5933 E ArmVmp : Match on catch block at 0xc3 in for 0x99
01-25 14:53:30.613 5933 5933 E ArmVmp : Match on catch block at 0xc3 in for 0x99
01-25 14:53:30.619 5933 5933 E ArmVmp : Match on catch block at 0xc3 in for 0x91
01-25 14:53:30.627 5933 5933 E ArmVmp : Match on catch block at 0xc3 in for 0x91
01-25 14:53:30.633 5933 5933 E ArmVmp : Match on catch block at 0xc3 in for 0x95
01-25 14:53:30.644 5933 5933 E ArmVmp : Match on catch block at 0xc3 in for 0x95
01-25 14:53:30.650 5933 5933 E ArmVmp : Match on catch block at 0xc3 in for 0x99
01-25 14:53:30.674 5933 5933 E ArmVmp : Match on catch block at 0xc3 in for 0x95
01-25 14:53:30.681 5933 5933 E ArmVmp : Match on catch block at 0xc3 in for 0x99
01-25 14:53:30.716 5933 5933 E ArmVmp : Match on catch block at 0xc3 in for 0x91
01-25 14:53:30.723 5933 5933 E ArmVmp : Match on catch block at 0xc3 in for 0x95
01-25 14:53:30.756 5933 5933 E ArmVmp : Match on catch block at 0xc3 in for 0x99
01-25 14:53:30.764 5933 5933 E ArmVmp : Match on catch block at 0xc3 in for 0x91
01-25 14:53:30.795 5933 5933 E ArmVmp : Match on catch block at 0xc3 in for 0x99
01-25 14:53:30.804 5933 5933 E ArmVmp : Match on catch block at 0xc3 in for 0x91
01-25 14:53:30.844 5933 5933 E ArmVmp : Match on catch block at 0xc3 in for 0x91
01-25 14:53:30.852 5933 5933 E ArmVmp : Match on catch block at 0xc3 in for 0x95
01-25 14:53:30.880 5933 5933 E ArmVmp : Match on catch block at 0xc3 in for 0x99
01-25 14:53:30.886 5933 5933 E ArmVmp : Match on catch block at 0xc3 in for 0x91
01-25 14:53:30.912 5933 5933 E ArmVmp : Match on catch block at 0xc3 in for 0x95
01-25 14:53:30.920 5933 5933 E ArmVmp : Match on catch block at 0xc3 in for 0x99
01-25 14:53:31.312 5933 5933 E ArmVmp : Match on catch block at 0xc3 in for 0x91
01-25 14:53:31.319 5933 5933 E ArmVmp : Match on catch block at 0xc3 in for 0x95
01-25 14:53:31.815 5933 5933 E ArmVmp : Match on catch block at 0xc3 in for 0x95
01-25 14:53:31.822 5933 5933 E ArmVmp : Match on catch block at 0xc3 in for 0x99
01-25 14:53:31.915 5933 5933 E ArmVmp : Match on catch block at 0xc3 in for 0x91
01-25 14:53:31.924 5933 5933 E ArmVmp : Match on catch block at 0xc3 in for 0x95
01-25 14:53:31.947 5933 5933 E ArmVmp : Match on catch block at 0xc3 in for 0x99
01-25 14:53:31.953 5933 5933 E ArmVmp : Match on catch block at 0xc3 in for 0x91
01-25 14:53:31.973 5933 5933 E ArmVmp : Match on catch block at 0xc3 in for 0x95
01-25 14:53:31.980 5933 5933 E ArmVmp : Match on catch block at 0xc3 in for 0x99
01-25 14:53:32.002 5933 6009 W MediaPlayer: Use of stream types is deprecated for
operations other than volume control
01-25 14:53:32.002 5933 6009 W MediaPlayer: See the documentation of
setAudioStreamType() for what to use instead with android.media.AudioAttributes to
qualify your playback use case
01-25 14:53:32.065 5933 6167 W MediaPlayerNative: info/warning (10973, 0)
01-25 14:53:32.315 5933 5933 E ArmVmp : Match on catch block at 0xc3 in for 0x95
01-25 14:53:32.323 5933 5933 E ArmVmp : Match on catch block at 0xc3 in for 0x99
01-25 14:53:32.349 5933 5933 E ArmVmp : Match on catch block at 0xc3 in for 0x91
01-25 14:53:32.361 5933 5933 E ArmVmp : Match on catch block at 0xc3 in for 0x95
01-25 14:53:32.383 5933 5933 E ArmVmp : Match on catch block at 0xc3 in for 0x99
01-25 14:53:32.390 5933 5933 E ArmVmp : Match on catch block at 0xc3 in for 0x91
01-25 14:53:32.404 5933 5933 E ArmVmp : Match on catch block at 0xc3 in for 0x95
01-25 14:53:32.414 5933 5933 E ArmVmp : Match on catch block at 0xc3 in for 0x99
01-25 14:53:32.766 5933 5933 E ArmVmp : Match on catch block at 0xc3 in for 0x91
01-25 14:53:32.772 5933 5933 E ArmVmp : Match on catch block at 0xc3 in for 0x95
01-25 14:53:32.799 5933 5933 E ArmVmp : Match on catch block at 0xc3 in for 0x99
01-25 14:53:32.806 5933 5933 E ArmVmp : Match on catch block at 0xc3 in for 0x91
01-25 14:53:32.835 5933 5933 E ArmVmp : Match on catch block at 0xc3 in for 0x99
01-25 14:53:32.841 5933 5933 E ArmVmp : Match on catch block at 0xc3 in for 0x91
01-25 14:53:33.300 5933 5933 E ArmVmp : Match on catch block at 0xc3 in for 0x95
01-25 14:53:33.307 5933 5933 E ArmVmp : Match on catch block at 0xc3 in for 0x99
01-25 14:53:33.334 5933 5933 E ArmVmp : Match on catch block at 0xc3 in for 0x91
01-25 14:53:33.340 5933 5933 E ArmVmp : Match on catch block at 0xc3 in for 0x95
01-25 14:53:33.367 5933 5933 E ArmVmp : Match on catch block at 0xc3 in for 0x91
01-25 14:53:33.373 5933 5933 E ArmVmp : Match on catch block at 0xc3 in for 0x95
01-25 14:53:33.391 5933 5933 E ArmVmp : Match on catch block at 0xc3 in for 0x99
01-25 14:53:33.398 5933 5933 E ArmVmp : Match on catch block at 0xc3 in for 0x91
01-25 14:53:33.868 5933 5933 E ArmVmp : Match on catch block at 0xc3 in for 0x91
01-25 14:53:33.875 5933 5933 E ArmVmp : Match on catch block at 0xc3 in for 0x95
01-25 14:53:34.370 5933 5933 E ArmVmp : Match on catch block at 0xc3 in for 0x95
01-25 14:53:34.376 5933 5933 E ArmVmp : Match on catch block at 0xc3 in for 0x99
01-25 14:53:34.871 5933 5933 E ArmVmp : Match on catch block at 0xc3 in for 0x99
01-25 14:53:34.878 5933 5933 E ArmVmp : Match on catch block at 0xc3 in for 0x91
01-25 14:53:35.372 5933 5933 E ArmVmp : Match on catch block at 0xc3 in for 0x91
01-25 14:53:35.378 5933 5933 E ArmVmp : Match on catch block at 0xc3 in for 0x95
01-25 14:53:35.875 5933 5933 E ArmVmp : Match on catch block at 0xc3 in for 0x95
01-25 14:53:35.882 5933 5933 E ArmVmp : Match on catch block at 0xc3 in for 0x99
01-25 14:53:36.359 5933 5933 E ArmVmp : Match on catch block at 0xc3 in for 0x99
01-25 14:53:36.367 5933 5933 E ArmVmp : Match on catch block at 0xc3 in for 0x91
01-25 14:53:36.860 5933 5933 E ArmVmp : Match on catch block at 0xc3 in for 0x91
01-25 14:53:36.867 5933 5933 E ArmVmp : Match on catch block at 0xc3 in for 0x95
01-25 14:53:37.361 5933 5933 E ArmVmp : Match on catch block at 0xc3 in for 0x95
01-25 14:53:37.369 5933 5933 E ArmVmp : Match on catch block at 0xc3 in for 0x99
01-25 14:53:37.862 5933 5933 E ArmVmp : Match on catch block at 0xc3 in for 0x99
01-25 14:53:37.868 5933 5933 E ArmVmp : Match on catch block at 0xc3 in for 0x91
01-25 14:53:38.362 5933 5933 E ArmVmp : Match on catch block at 0xc3 in for 0x91
01-25 14:53:38.369 5933 5933 E ArmVmp : Match on catch block at 0xc3 in for 0x95
01-25 14:53:38.864 5933 5933 E ArmVmp : Match on catch block at 0xc3 in for 0x95
01-25 14:53:38.872 5933 5933 E ArmVmp : Match on catch block at 0xc3 in for 0x99
01-25 14:53:39.366 5933 5933 E ArmVmp : Match on catch block at 0xc3 in for 0x99
01-25 14:53:39.373 5933 5933 E ArmVmp : Match on catch block at 0xc3 in for 0x91
01-25 14:53:39.850 5933 5933 E ArmVmp : Match on catch block at 0xc3 in for 0x99
01-25 14:53:39.856 5933 5933 E ArmVmp : Match on catch block at 0xc3 in for 0x91
01-25 14:53:39.877 5933 5933 E ArmVmp : Match on catch block at 0xc3 in for 0x99
01-25 14:53:39.884 5933 5933 E ArmVmp : Match on catch block at 0xc3 in for 0x91
01-25 14:53:40.007 5933 5933 E ArmVmp : Match on catch block at 0xc3 in for 0x95
01-25 14:53:40.013 5933 5933 E ArmVmp : Match on catch block at 0xc3 in for 0x99
01-25 14:53:40.320 5933 5933 E ArmVmp : Match on catch block at 0xc3 in for 0x95
01-25 14:53:40.326 5933 5933 E ArmVmp : Match on catch block at 0xc3 in for 0x99
01-25 14:53:40.497 5933 5933 E ArmVmp : Match on catch block at 0xc3 in for 0x99
01-25 14:53:40.505 5933 5933 E ArmVmp : Match on catch block at 0xc3 in for 0x91
01-25 14:54:40.097 5933 5980 E SQLiteDatabase: Error inserting media_duration=13
file_path=Media/WhatsApp Video/Sent/VID-20240125-WA0001.mp4 transferred=1
thumbnail_height_width_ratio=1.7560976 face_y=0 face_x=0 trim_from=0
media_caption=null transcoded=1 message_url=https://mmg.whatsapp.net/v/t62.7161-
24/30542470_355371027429322_3103993694690430326_n.enc?ccb=11-4&oh=01_AdRHhZvLjsEP-
Q_67eQ_x4r8CQlds8acz-geUt9oZIN-LA&oe=65D9796D&_nc_sid=5e03e0&mms3=true
first_scan_sidecar=null direct_path=/v/t62.7161-
24/30542470_355371027429322_3103993694690430326_n.enc?ccb=11-4&oh=01_AdRHhZvLjsEP-
Q_67eQ_x4r8CQlds8acz-geUt9oZIN-LA&oe=65D9796D&_nc_sid=5e03e0
original_file_hash=null is_animated_sticker=0 media_name=a385775c-5363-4cd3-92de-
2e2490c966a5.mp4 has_streaming_sidecar=1 partial_media_enc_hash=null
media_key=[B@34db522 multicast_id=null page_count=0 height=1280
partial_media_hash=null gif_attribution=0 mute_video=0 autotransfer_retry_enabled=0
first_scan_length=0 trim_to=0 media_key_timestamp=1706169208175 file_size=8534044
chat_row_id=20 media_job_uuid=a8343574-b357-435b-8aaf-e4def854ea1b
message_row_id=39 enc_file_hash=d6qaVVqfpx+5bJeRjdfL740YgNl1RVVIBh6B2NFubOA=
file_hash=0nlOUxm65qoJQW3tdoO7Bx6ON0Do4oS8ic9CialcaCM= mime_type=video/mp4
media_upload_handle=null suspicious_content=0 width=720 file_length=8534044
01-25 14:54:40.097 5933 5980 E SQLiteDatabase:
android.database.sqlite.SQLiteConstraintException: UNIQUE constraint failed:
message_media.message_row_id (code 1555 SQLITE_CONSTRAINT_PRIMARYKEY[1555])
01-25 14:54:40.097 5933 5980 E SQLiteDatabase: at
android.database.sqlite.SQLiteConnection.nativeExecuteForLastInsertedRowId(Native
Method)
01-25 14:54:40.097 5933 5980 E SQLiteDatabase: at
android.database.sqlite.SQLiteConnection.executeForLastInsertedRowId(SQLiteConnecti
on.java:995)
01-25 14:54:40.097 5933 5980 E SQLiteDatabase: at
android.database.sqlite.SQLiteSession.executeForLastInsertedRowId(SQLiteSession.jav
a:788)
01-25 14:54:40.097 5933 5980 E SQLiteDatabase: at
android.database.sqlite.SQLiteStatement.executeInsert(SQLiteStatement.java:86)
01-25 14:54:40.097 5933 5980 E SQLiteDatabase: at
android.database.sqlite.SQLiteDatabase.insertWithOnConflict(SQLiteDatabase.java:202
1)
01-25 14:54:40.097 5933 5980 E SQLiteDatabase: at
android.database.sqlite.SQLiteDatabase.insert(SQLiteDatabase.java:1890)
01-25 14:54:40.097 5933 5980 E SQLiteDatabase: at X.2tm.A08(Unknown
Source:6)
01-25 14:54:40.097 5933 5980 E SQLiteDatabase: at X.35Y.A07(Unknown
Source:212)
01-25 14:54:40.097 5933 5980 E SQLiteDatabase: at X.3QF.A14(Unknown
Source:470)
