com.whatsapp.WaImageView{9219342 VFED..CL. ......ID 0,0-248,248 #7f0b19fb
app:id/thumb} during layout: running second layout pass
01-27 18:14:02.043 17930 17930 E ArmVmp : Match on catch block at 0xc3 in for 0xa5
01-27 18:14:02.062 17930 17930 E ArmVmp : Match on catch block at 0xc3 in for 0xa1
01-27 18:14:02.133 17930 17930 E ArmVmp : Match on catch block at 0xc3 in for 0x91
01-27 18:14:02.146 17930 17930 E ArmVmp : Match on catch block at 0xc3 in for 0x99
01-27 18:14:02.309 17930 17930 W View : requestLayout() improperly called by
X.4rh{cce11b6 V.E....L. ......ID 0,109-720,711} during second layout pass: posting
in next frame
01-27 18:14:02.310 17930 17930 W View : requestLayout() improperly called by
android.widget.LinearLayout{5e72eb7 V.E...... ......ID 177,75-695,593 #7f0b0e50
app:id/main_layout} during second layout pass: posting in next frame
01-27 18:14:02.364 17930 17930 E ArmVmp : Match on catch block at 0xc3 in for 0x91
01-27 18:14:02.373 17930 17930 E ArmVmp : Match on catch block at 0xc3 in for 0x95
01-27 18:14:02.417 17930 17930 E ArmVmp : Match on catch block at 0xc3 in for 0x95
01-27 18:14:02.431 17930 17930 E ArmVmp : Match on catch block at 0xc3 in for 0x99
01-27 18:14:02.477 17930 17930 E ArmVmp : Match on catch block at 0xc3 in for 0x95
01-27 18:14:02.488 17930 17930 E ArmVmp : Match on catch block at 0xc3 in for 0x99
01-27 18:14:02.501 17930 17930 E ArmVmp : Match on catch block at 0xc3 in for 0x99
01-27 18:14:02.516 17930 17930 E ArmVmp : Match on catch block at 0xc3 in for 0x91
01-27 18:14:02.543 17930 17930 E ArmVmp : Match on catch block at 0xc3 in for 0x91
01-27 18:14:02.561 17930 17930 E ArmVmp : Match on catch block at 0xc3 in for 0x95
01-27 18:14:02.575 17930 17930 E ArmVmp : Match on catch block at 0xc3 in for 0x95
01-27 18:14:02.591 17930 17930 E ArmVmp : Match on catch block at 0xc3 in for 0x99
01-27 18:14:02.650 17930 17930 E ArmVmp : Match on catch block at 0xc3 in for 0x99
01-27 18:14:02.658 17930 17930 E ArmVmp : Match on catch block at 0xc3 in for 0x91
01-27 18:14:02.675 17930 17930 E ArmVmp : Match on catch block at 0xc3 in for 0x91
01-27 18:14:02.683 17930 17930 E ArmVmp : Match on catch block at 0xc3 in for 0x95
01-27 18:14:02.699 17930 17930 E ArmVmp : Match on catch block at 0xc3 in for 0x91
01-27 18:14:02.707 17930 17930 E ArmVmp : Match on catch block at 0xc3 in for 0x95
01-27 18:14:02.726 17930 17930 E ArmVmp : Match on catch block at 0xc3 in for 0x95
01-27 18:14:02.734 17930 17930 E ArmVmp : Match on catch block at 0xc3 in for 0x99
01-27 18:14:02.791 17930 17930 E ArmVmp : Match on catch block at 0xc3 in for 0x99
01-27 18:14:02.798 17930 17930 E ArmVmp : Match on catch block at 0xc3 in for 0x91
01-27 18:14:03.293 17930 17930 E ArmVmp : Match on catch block at 0xc3 in for 0x91
01-27 18:14:03.301 17930 17930 E ArmVmp : Match on catch block at 0xc3 in for 0x95
01-27 18:14:03.796 17930 17930 E ArmVmp : Match on catch block at 0xc3 in for 0x95
01-27 18:14:03.816 17930 17930 E ArmVmp : Match on catch block at 0xc3 in for 0x99
01-27 18:14:04.297 17930 17930 E ArmVmp : Match on catch block at 0xc3 in for 0x95
01-27 18:14:04.310 17930 17930 E ArmVmp : Match on catch block at 0xc3 in for 0x99
01-27 18:14:04.332 17930 17930 E ArmVmp : Match on catch block at 0xc3 in for 0x99
01-27 18:14:04.340 17930 17930 E ArmVmp : Match on catch block at 0xc3 in for 0x91
01-27 18:14:04.348 17930 17930 E ArmVmp : Match on catch block at 0xc3 in for 0x91
01-27 18:14:04.357 17930 17930 E ArmVmp : Match on catch block at 0xc3 in for 0x95
01-27 18:14:04.367 17930 17930 E ArmVmp : Match on catch block at 0xc3 in for 0x95
01-27 18:14:04.378 17930 17930 E ArmVmp : Match on catch block at 0xc3 in for 0x99
01-27 18:14:04.396 17930 17930 E ArmVmp : Match on catch block at 0xc3 in for 0x99
01-27 18:14:04.404 17930 17930 E ArmVmp : Match on catch block at 0xc3 in for 0x91
01-27 18:14:04.412 17930 17930 E ArmVmp : Match on catch block at 0xc3 in for 0x91
01-27 18:14:04.420 17930 17930 E ArmVmp : Match on catch block at 0xc3 in for 0x95
01-27 18:14:04.431 17930 17930 E ArmVmp : Match on catch block at 0xc3 in for 0x95
01-27 18:14:04.442 17930 17930 E ArmVmp : Match on catch block at 0xc3 in for 0x99
01-27 18:14:04.451 17930 17930 E ArmVmp : Match on catch block at 0xc3 in for 0x99
01-27 18:14:04.468 17930 17930 E ArmVmp : Match on catch block at 0xc3 in for 0x91
01-27 18:14:04.479 17930 17930 E ArmVmp : Match on catch block at 0xc3 in for 0x91
01-27 18:14:04.487 17930 17930 E ArmVmp : Match on catch block at 0xc3 in for 0x95
01-27 18:14:04.497 17930 17930 E ArmVmp : Match on catch block at 0xc3 in for 0x95
01-27 18:14:04.507 17930 17930 E ArmVmp : Match on catch block at 0xc3 in for 0x99
01-27 18:14:04.518 17930 17930 E ArmVmp : Match on catch block at 0xc3 in for 0x99
01-27 18:14:04.531 17930 17930 E ArmVmp : Match on catch block at 0xc3 in for 0x91
01-27 18:14:04.548 17930 17930 E ArmVmp : Match on catch block at 0xc3 in for 0x91
01-27 18:14:04.557 17930 17930 E ArmVmp : Match on catch block at 0xc3 in for 0x95
01-27 18:14:04.565 17930 17930 E ArmVmp : Match on catch block at 0xc3 in for 0x95
01-27 18:14:04.578 17930 17930 E ArmVmp : Match on catch block at 0xc3 in for 0x99
01-27 18:14:04.596 17930 17930 E ArmVmp : Match on catch block at 0xc3 in for 0x99
01-27 18:14:04.604 17930 17930 E ArmVmp : Match on catch block at 0xc3 in for 0x91
01-27 18:14:04.795 17930 17930 E ArmVmp : Match on catch block at 0xc3 in for 0x91
01-27 18:14:04.804 17930 17930 E ArmVmp : Match on catch block at 0xc3 in for 0x95
01-27 18:14:05.299 17930 17930 E ArmVmp : Match on catch block at 0xc3 in for 0x95
01-27 18:14:05.308 17930 17930 E ArmVmp : Match on catch block at 0xc3 in for 0x99
01-27 18:14:05.800 17930 17930 E ArmVmp : Match on catch block at 0xc3 in for 0x99
01-27 18:14:05.808 17930 17930 E ArmVmp : Match on catch block at 0xc3 in for 0x91
01-27 18:14:06.299 17930 17930 E ArmVmp : Match on catch block at 0xc3 in for 0x91
01-27 18:14:06.309 17930 17930 E ArmVmp : Match on catch block at 0xc3 in for 0x95
01-27 18:14:06.802 17930 17930 E ArmVmp : Match on catch block at 0xc3 in for 0x99
01-27 18:14:06.810 17930 17930 E ArmVmp : Match on catch block at 0xc3 in for 0x91
01-27 18:14:07.302 17930 17930 E ArmVmp : Match on catch block at 0xc3 in for 0x91
01-27 18:14:07.309 17930 17930 E ArmVmp : Match on catch block at 0xc3 in for 0x95
01-27 18:14:07.805 17930 17930 E ArmVmp : Match on catch block at 0xc3 in for 0x95
01-27 18:14:07.814 17930 17930 E ArmVmp : Match on catch block at 0xc3 in for 0x99
01-27 18:14:08.305 17930 17930 E ArmVmp : Match on catch block at 0xc3 in for 0x99
01-27 18:14:08.314 17930 17930 E ArmVmp : Match on catch block at 0xc3 in for 0x91
01-27 18:14:08.806 17930 17930 E ArmVmp : Match on catch block at 0xc3 in for 0x91
01-27 18:14:08.815 17930 17930 E ArmVmp : Match on catch block at 0xc3 in for 0x95
01-27 18:14:09.309 17930 17930 E ArmVmp : Match on catch block at 0xc3 in for 0x95
01-27 18:14:09.318 17930 17930 E ArmVmp : Match on catch block at 0xc3 in for 0x99
01-27 18:14:09.810 17930 17930 E ArmVmp : Match on catch block at 0xc3 in for 0x99
01-27 18:14:09.818 17930 17930 E ArmVmp : Match on catch block at 0xc3 in for 0x91
01-27 18:14:10.300 17930 17930 E ArmVmp : Match on catch block at 0xc3 in for 0x91
01-27 18:14:10.308 17930 17930 E ArmVmp : Match on catch block at 0xc3 in for 0x95
01-27 18:14:10.797 17930 17930 E ArmVmp : Match on catch block at 0xc3 in for 0x95
01-27 18:14:10.806 17930 17930 E ArmVmp : Match on catch block at 0xc3 in for 0x99
01-27 18:14:11.304 17930 17930 E ArmVmp : Match on catch block at 0xc3 in for 0x99
01-27 18:14:11.313 17930 17930 E ArmVmp : Match on catch block at 0xc3 in for 0x91
01-27 18:14:11.805 17930 17930 E ArmVmp : Match on catch block at 0xc3 in for 0x91
01-27 18:14:11.814 17930 17930 E ArmVmp : Match on catch block at 0xc3 in for 0x95
01-27 18:14:12.314 17930 17930 E ArmVmp : Match on catch block at 0xc3 in for 0x95
01-27 18:14:12.324 17930 17930 E ArmVmp : Match on catch block at 0xc3 in for 0x99
01-27 18:14:12.817 17930 17930 E ArmVmp : Match on catch block at 0xc3 in for 0x99
01-27 18:14:12.827 17930 17930 E ArmVmp : Match on catch block at 0xc3 in for 0x91
01-27 18:14:13.317 17930 17930 E ArmVmp : Match on catch block at 0xc3 in for 0x91
01-27 18:14:13.326 17930 17930 E ArmVmp : Match on catch block at 0xc3 in for 0x95
01-27 18:14:13.821 17930 17930 E ArmVmp : Match on catch block at 0xc3 in for 0x95
01-27 18:14:13.832 17930 17930 E ArmVmp : Match on catch block at 0xc3 in for 0x99
01-27 18:14:14.323 17930 17930 E ArmVmp : Match on catch block at 0xc3 in for 0x99
01-27 18:14:14.333 17930 17930 E ArmVmp : Match on catch block at 0xc3 in for 0x91
01-27 18:14:14.823 17930 17930 E ArmVmp : Match on catch block at 0xc3 in for 0x91
01-27 18:14:14.832 17930 17930 E ArmVmp : Match on catch block at 0xc3 in for 0x95
01-27 18:14:15.322 17930 17930 E ArmVmp : Match on catch block at 0xc3 in for 0x95
01-27 18:14:15.331 17930 17930 E ArmVmp : Match on catch block at 0xc3 in for 0x99
01-27 18:14:15.822 17930 17930 E ArmVmp : Match on catch block at 0xc3 in for 0x99
01-27 18:14:15.833 17930 17930 E ArmVmp : Match on catch block at 0xc3 in for 0x91
01-27 18:14:16.318 17930 17930 E ArmVmp : Match on catch block at 0xc3 in for 0x91
01-27 18:14:16.327 17930 17930 E ArmVmp : Match on catch block at 0xc3 in for 0x95
01-27 18:14:16.828 17930 17930 E ArmVmp : Match on catch block at 0xc3 in for 0x95
01-27 18:14:16.838 17930 17930 E ArmVmp : Match on catch block at 0xc3 in for 0x99
01-27 18:14:17.329 17930 17930 E ArmVmp : Match on catch block at 0xc3 in for 0x99
01-27 18:14:17.337 17930 17930 E ArmVmp : Match on catch block at 0xc3 in for 0x91
01-27 18:14:17.831 17930 17930 E ArmVmp : Match on catch block at 0xc3 in for 0x91
01-27 18:14:17.839 17930 17930 E ArmVmp : Match on catch block at 0xc3 in for 0x95
01-27 18:14:18.323 17930 17930 E ArmVmp : Match on catch block at 0xc3 in for 0x95
01-27 18:14:18.332 17930 17930 E ArmVmp : Match on catch block at 0xc3 in for 0x99
01-27 18:14:18.831 17930 17930 E ArmVmp : Match on catch block at 0xc3 in for 0x99
01-27 18:14:18.838 17930 17930 E ArmVmp : Match on catch block at 0xc3 in for 0x91
01-27 18:14:19.333 17930 17930 E ArmVmp : Match on catch block at 0xc3 in for 0x91
01-27 18:14:19.343 17930 17930 E ArmVmp : Match on catch block at 0xc3 in for 0x95
01-27 18:14:19.834 17930 17930 E ArmVmp : Match on catch block at 0xc3 in for 0x95
01-27 18:14:19.843 17930 17930 E ArmVmp : Match on catch block at 0xc3 in for 0x99
01-27 18:14:20.338 17930 17930 E ArmVmp : Match on catch block at 0xc3 in for 0x99
01-27 18:14:20.347 17930 17930 E ArmVmp : Match on catch block at 0xc3 in for 0x91
01-27 18:14:20.837 17930 17930 E ArmVmp : Match on catch block at 0xc3 in for 0x91
01-27 18:14:20.847 17930 17930 E ArmVmp : Match on catch block at 0xc3 in for 0x95
01-27 18:14:21.255 17930 17930 E ArmVmp : Match on catch block at 0xc3 in for 0x91
01-27 18:14:21.265 17930 17930 E ArmVmp : Match on catch block at 0xc3 in for 0x95
01-27 18:14:21.364 17930 17930 E ArmVmp : Match on catch block at 0xc3 in for 0x95
01-27 18:14:21.379 17930 17930 E ArmVmp : Match on catch block at 0xc3 in for 0x99
01-27 18:14:21.536 17930 17930 W TabLayout: MODE_SCROLLABLE + GRAVITY_FILL is not
supported, GRAVITY_START will be used instead
01-27 18:14:21.645 17930 17930 W BottomSheetBehavior: BottomSheetBehavior now
supports multiple callbacks. `setBottomSheetCallback()` removes all existing
callbacks, including ones set internally by library authors, which may result in
unintended behavior. This may change in the future. Please use
`addBottomSheetCallback()` and `removeBottomSheetCallback()` instead to set your
own callbacks.
01-27 18:14:21.741 17930 18138 E Camera_APM : : [APM]APM's Thread is started
01-27 18:14:21.744 17930 18138 E Camera_APM : : [APM] This app is forground app
01-27 18:14:21.850 17930 17930 E ArmVmp : Match on catch block at 0xc3 in for 0x91
01-27 18:14:21.859 17930 17930 E ArmVmp : Match on catch block at 0xc3 in for 0x95
01-27 18:14:22.651 17930 17930 W View : requestLayout() improperly called by
androidx.appcompat.view.menu.ActionMenuItemView{6d3df3d VFED..CL. ......ID 0,7-
84,91 #7f0b0fe8 app:id/more} during layout: running second layout pass
01-27 18:14:22.651 17930 17930 W View : requestLayout() improperly called by
androidx.appcompat.widget.ActionMenuView{c68d332 V.E...... ......ID 636,0-720,98}
during layout: running second layout pass
01-27 18:14:22.652 17930 17930 W View : requestLayout() improperly called by
com.whatsapp.WaImageView{3a75883 VF.D..CL. ......ID 0,0-112,112 #7f0b1814
app:id/shutter} during layout: running second layout pass
01-27 18:14:22.653 17930 17930 W View : requestLayout() improperly called by
com.whatsapp.CircularProgressBar{38aca00 V.ED..... ......ID 0,0-112,112 #7f0b14fc
app:id/recording_progress} during layout: running second layout pass
01-27 18:14:22.654 17930 17930 W View : requestLayout() improperly called by
com.whatsapp.WaImageView{7a43239 VF.D..C.. ......ID 0,0-84,84 #7f0b1976
app:id/switch_camera_btn} during layout: running second layout pass
01-27 18:14:22.655 17930 17930 W View : requestLayout() improperly called by
com.whatsapp.WaImageView{94cf07e VFED..C.. ......ID 0,0-84,84 #7f0b0b0d
app:id/gallery_btn} during layout: running second layout pass
01-27 18:14:22.655 17930 17930 W View : requestLayout() improperly called by
com.whatsapp.WaImageView{67cf9df VF.D..C.. ......ID 0,0-84,84 #7f0b0a9c
app:id/flash_btn} during layout: running second layout pass
01-27 18:14:22.656 17930 17930 W View : requestLayout() improperly called by
com.whatsapp.WaImageView{8d2862c VFED..C.. ......ID 0,0-84,84 #7f0b057f
app:id/close_camera_btn} during layout: running second layout pass
01-27 18:14:22.656 17930 17930 W View : requestLayout() improperly called by
X.4Ki{88cb8f5 V.ED..... ......ID 0,4-720,88} during layout: running second layout
pass
01-27 18:14:22.922 17930 17930 W View : requestLayout() improperly called by
com.whatsapp.WaImageView{3a75883 VF.D..CL. ......ID 304,1136-416,1248 #7f0b1814
app:id/shutter} during layout: running second layout pass
01-27 18:14:22.922 17930 17930 W View : requestLayout() improperly called by
com.whatsapp.CircularProgressBar{38aca00 V.ED..... ......ID 304,1136-416,1248
#7f0b14fc app:id/recording_progress} during layout: running second layout pass
01-27 18:14:22.922 17930 17930 W View : requestLayout() improperly called by
com.whatsapp.WaImageView{7a43239 VF.D..C.. ......ID 620,1148-704,1232 #7f0b1976
app:id/switch_camera_btn} during layout: running second layout pass
01-27 18:14:22.922 17930 17930 W View : requestLayout() improperly called by
com.whatsapp.WaImageView{94cf07e VFED..C.. ......ID 16,1148-100,1232 #7f0b0b0d
app:id/gallery_btn} during layout: running second layout pass
01-27 18:14:22.922 17930 17930 W View : requestLayout() improperly called by
com.whatsapp.WaImageView{67cf9df VF.D..C.. ......ID 620,16-704,100 #7f0b0a9c
app:id/flash_btn} during layout: running second layout pass
01-27 18:14:22.922 17930 17930 W View : requestLayout() improperly called by
com.whatsapp.WaImageView{8d2862c VFED..C.. ......ID 16,16-100,100 #7f0b057f
app:id/close_camera_btn} during layout: running second layout pass
01-27 18:14:24.105 17930 17930 E ArmVmp : Match on catch block at 0xc3 in for 0x91
01-27 18:14:24.188 17930 17930 E ArmVmp : Match on catch block at 0xc3 in for 0x95
01-27 18:14:27.063 17930 17938 W System : A resource failed to call close.
01-27 18:14:30.368 17930 17930 W ActivityThread: handleWindowVisibility: no
activity for token android.os.BinderProxy@7292a3f
01-27 18:14:32.648 17930 18041 W AudioCapabilities: Unsupported mime audio/ac4
01-27 18:14:32.691 17930 18041 W AudioCapabilities: Unsupported mime audio/x-ima
01-27 18:14:32.739 17930 18041 W AudioCapabilities: Unsupported mime audio/eac3-joc
01-27 18:14:32.985 17930 18041 W AudioCapabilities: Unsupported mime audio/mpeg-L1
01-27 18:14:32.999 17930 18041 W AudioCapabilities: Unsupported mime audio/mpeg-L2
01-27 18:14:33.252 17930 18041 W AudioCapabilities: Unsupported mime audio/x-ms-wma
01-27 18:14:34.140 17930 18041 W VideoCapabilities: Unrecognized profile 4 for
video/hevc
01-27 18:14:34.176 17930 18041 W VideoCapabilities: Unsupported mime video/mp43
01-27 18:14:34.277 17930 18041 W VideoCapabilities: Unrecognized profile/level 1/32
for video/mp4v-es
01-27 18:14:34.277 17930 18041 W VideoCapabilities: Unrecognized profile/level
32768/2 for video/mp4v-es
01-27 18:14:34.277 17930 18041 W VideoCapabilities: Unrecognized profile/level
32768/64 for video/mp4v-es
01-27 18:14:34.406 17930 18041 W VideoCapabilities: Unsupported mime video/wvc1
01-27 18:14:34.670 17930 18041 W VideoCapabilities: Unsupported mime video/x-ms-
wmv7
01-27 18:14:34.714 17930 18041 W VideoCapabilities: Unsupported mime video/x-ms-
wmv8
01-27 18:14:38.802 17930 18492 W MapperHal: buffer descriptor with invalid usage
bits 0x2000
01-27 18:14:38.811 17930 18492 W MapperHal: buffer descriptor with invalid usage
bits 0x2000
01-27 18:14:38.820 17930 18492 W MapperHal: buffer descriptor with invalid usage
bits 0x2000
01-27 18:14:38.828 17930 18492 W MapperHal: buffer descriptor with invalid usage
bits 0x2000
01-27 18:14:38.893 17930 18492 W MapperHal: buffer descriptor with invalid usage
bits 0x2000
01-27 18:14:38.907 17930 18492 W MapperHal: buffer descriptor with invalid usage
bits 0x2000
01-27 18:14:38.986 17930 18492 W MapperHal: buffer descriptor with invalid usage
bits 0x2000
01-27 18:14:38.995 17930 18492 W MapperHal: buffer descriptor with invalid usage
bits 0x2000
01-27 18:14:39.007 17930 18492 W MapperHal: buffer descriptor with invalid usage
bits 0x2000
01-27 18:14:39.045 17930 18484 W com.whatsapp: Accessing hidden method
Landroid/media/AudioTrack$Builder;->setOffloadedPlayback(Z)Landroid/media/
AudioTrack$Builder; (dark greylist, linking)
01-27 18:14:39.144 17930 18492 W MapperHal: buffer descriptor with invalid usage
bits 0x2000
01-27 18:14:39.793 17930 18492 W MapperHal: buffer descriptor with invalid usage
bits 0x2000
01-27 18:14:45.681 17930 17930 E ArmVmp : Match on catch block at 0x0a in for 0xb9
01-27 18:14:45.710 17930 17930 E ArmVmp : Match on catch block at 0x0a in for 0xb5
01-27 18:14:46.367 17930 17930 E ArmVmp : Match on catch block at 0xc3 in for 0x99
01-27 18:14:46.435 17930 17930 E ArmVmp : Match on catch block at 0xc3 in for 0x91
01-27 18:14:46.708 17930 17930 E ArmVmp : Match on catch block at 0xc3 in for 0x95
01-27 18:14:46.727 17930 17930 E ArmVmp : Match on catch block at 0xc3 in for 0x99
01-27 18:14:46.818 17930 17975 E SQLiteDatabase: Error inserting media_duration=19
file_path=/data/user/0/com.whatsapp/files/.Shared/2630c072-da1f-49d0-9f3e-
6d061841fefe.mp4 transferred=0 thumbnail_height_width_ratio=1.7560976 face_y=0
face_x=0 trim_from=0 media_caption=null transcoded=1 message_url=null
first_scan_sidecar=null direct_path=null original_file_hash=null
is_animated_sticker=0 media_name=2630c072-da1f-49d0-9f3e-6d061841fefe.mp4
has_streaming_sidecar=0 partial_media_enc_hash=null media_key=null
multicast_id=null page_count=0 height=0 partial_media_hash=null gif_attribution=0
mute_video=0 autotransfer_retry_enabled=1 first_scan_length=0 trim_to=0
media_key_timestamp=0 file_size=531335 chat_row_id=20 media_job_uuid=a1f0bf20-dc89-
4080-8ff0-d95b4b3c4344 message_row_id=70 enc_file_hash=null file_hash=null
mime_type=null media_upload_handle=null suspicious_content=0 width=0
file_length=531335
01-27 18:14:46.818 17930 17975 E SQLiteDatabase:
android.database.sqlite.SQLiteConstraintException: UNIQUE constraint failed:
message_media.message_row_id (code 1555 SQLITE_CONSTRAINT_PRIMARYKEY[1555])
01-27 18:14:46.818 17930 17975 E SQLiteDatabase: at
android.database.sqlite.SQLiteConnection.nativeExecuteForLastInsertedRowId(Native
Method)
01-27 18:14:46.818 17930 17975 E SQLiteDatabase: at
android.database.sqlite.SQLiteConnection.executeForLastInsertedRowId(SQLiteConnecti
on.java:995)
01-27 18:14:46.818 17930 17975 E SQLiteDatabase: at
android.database.sqlite.SQLiteSession.executeForLastInsertedRowId(SQLiteSession.jav
a:788)
01-27 18:14:46.818 17930 17975 E SQLiteDatabase: at
android.database.sqlite.SQLiteStatement.executeInsert(SQLiteStatement.java:86)
01-27 18:14:46.818 17930 17975 E SQLiteDatabase: at
android.database.sqlite.SQLiteDatabase.insertWithOnConflict(SQLiteDatabase.java:202
1)
01-27 18:14:46.818 17930 17975 E SQLiteDatabase: at
android.database.sqlite.SQLiteDatabase.insert(SQLiteDatabase.java:1890)
01-27 18:14:46.818 17930 17975 E SQLiteDatabase: at X.2tm.A08(Unknown
Source:6)
01-27 18:14:46.818 17930 17975 E SQLiteDatabase: at X.35Y.A07(Unknown
Source:212)
01-27 18:14:46.818 17930 17975 E SQLiteDatabase: at X.3QF.A14(Unknown
Source:470)
01-27 18:14:46.818 17930 17975 E SQLiteDatabase: at X.3gU.run(Unknown
Source:982)
01-27 18:14:46.818 17930 17975 E SQLiteDatabase: at
android.os.Handler.handleCallback(Handler.java:873)
01-27 18:14:46.818 17930 17975 E SQLiteDatabase: at
android.os.Handler.dispatchMessage(Handler.java:99)
01-27 18:14:46.818 17930 17975 E SQLiteDatabase: at
X.0zq.dispatchMessage(Unknown Source:4)
01-27 18:14:46.818 17930 17975 E SQLiteDatabase: at
android.os.Looper.loop(Looper.java:214)
01-27 18:14:46.818 17930 17975 E SQLiteDatabase: at
android.os.HandlerThread.run(HandlerThread.java:65)
01-27 18:14:47.411 17930 17930 E ArmVmp : Match on catch block at 0xc3 in for 0x95
01-27 18:14:47.432 17930 17930 E ArmVmp : Match on catch block at 0xc3 in for 0x99
01-27 18:14:47.731 17930 18557 W com.whatsapp: Unsupported class loader
01-27 18:14:47.844 17930 18557 W com.whatsapp: Skipping duplicate class check due
to unsupported classloader
01-27 18:14:47.914 17930 17930 E ArmVmp : Match on catch block at 0xc3 in for 0x91
01-27 18:14:47.929 17930 17930 E ArmVmp : Match on catch block at 0xc3 in for 0x95
01-27 18:14:48.214 17930 17930 E ArmVmp : Match on catch block at 0xc3 in for 0x91
01-27 18:14:48.256 17930 18557 W com.whatsapp: Unknown chunk type '200'.
01-27 18:14:48.261 17930 17930 E ArmVmp : Match on catch block at 0xc3 in for 0x95
01-27 18:14:48.391 17930 17930 E ArmVmp : Match on catch block at 0xc3 in for 0x95
01-27 18:14:48.408 17930 17930 E ArmVmp : Match on catch block at 0xc3 in for 0x99
01-27 18:14:48.422 17930 18557 W com.whatsapp: Unsupported class loader
01-27 18:14:48.433 17930 17930 E ArmVmp : Match on catch block at 0xc3 in for 0x99
01-27 18:14:48.434 17930 18557 W com.whatsapp: Skipping duplicate class check due
to unsupported classloader
01-27 18:14:48.456 17930 17930 E ArmVmp : Match on catch block at 0xc3 in for 0x91
01-27 18:14:48.507 17930 17930 E ArmVmp : Match on catch block at 0xc3 in for 0x95
01-27 18:14:48.527 17930 17930 E ArmVmp : Match on catch block at 0xc3 in for 0x99
01-27 18:14:48.566 17930 17930 E ArmVmp : Match on catch block at 0xc3 in for 0x91
01-27 18:14:48.575 17930 17930 E ArmVmp : Match on catch block at 0xc3 in for 0x95
01-27 18:14:48.593 17930 17930 E ArmVmp : Match on catch block at 0xc3 in for 0x95
01-27 18:14:48.601 17930 17930 E ArmVmp : Match on catch block at 0xc3 in for 0x99
01-27 18:14:48.627 17930 17930 E ArmVmp : Match on catch block at 0xc3 in for 0x99
01-27 18:14:48.642 17930 17930 E ArmVmp : Match on catch block at 0xc3 in for 0x91
01-27 18:14:48.658 17930 17930 E ArmVmp : Match on catch block at 0xc3 in for 0x91
01-27 18:14:48.668 17930 17930 E ArmVmp : Match on catch block at 0xc3 in for 0x95
01-27 18:14:48.695 17930 17930 E ArmVmp : Match on catch block at 0xc3 in for 0x95
01-27 18:14:48.741 17930 17930 E ArmVmp : Match on catch block at 0xc3 in for 0x99
01-27 18:14:48.759 17930 17930 E ArmVmp : Match on catch block at 0xc3 in for 0x99
01-27 18:14:48.773 17930 17930 E ArmVmp : Match on catch block at 0xc3 in for 0x91
01-27 18:14:48.792 17930 17930 E ArmVmp : Match on catch block at 0xc3 in for 0x91
01-27 18:14:48.804 17930 17930 E ArmVmp : Match on catch block at 0xc3 in for 0x95
01-27 18:14:48.825 17930 17930 E ArmVmp : Match on catch block at 0xc3 in for 0x95
01-27 18:14:48.838 17930 17930 E ArmVmp : Match on catch block at 0xc3 in for 0x99
01-27 18:14:48.891 17930 17930 E ArmVmp : Match on catch block at 0xc3 in for 0x95
01-27 18:14:48.913 17930 17930 E ArmVmp : Match on catch block at 0xc3 in for 0x99
01-27 18:14:48.927 17930 17930 E ArmVmp : Match on catch block at 0xc3 in for 0x99
01-27 18:14:48.949 17930 17930 E ArmVmp : Match on catch block at 0xc3 in for 0x91
01-27 18:14:48.975 17930 17930 E ArmVmp : Match on catch block at 0xc3 in for 0x91
01-27 18:14:48.989 17930 17930 E ArmVmp : Match on catch block at 0xc3 in for 0x95
01-27 18:14:49.028 17930 17930 E ArmVmp : Match on catch block at 0xc3 in for 0x95
01-27 18:14:49.040 17930 17930 E ArmVmp : Match on catch block at 0xc3 in for 0x99
01-27 18:14:49.060 17930 17930 E ArmVmp : Match on catch block at 0xc3 in for 0x99
01-27 18:14:49.072 17930 17930 E ArmVmp : Match on catch block at 0xc3 in for 0x91
01-27 18:14:49.093 17930 17930 E ArmVmp : Match on catch block at 0xc3 in for 0x91
01-27 18:14:49.109 17930 17930 E ArmVmp : Match on catch block at 0xc3 in for 0x95
01-27 18:14:49.126 17930 17930 E ArmVmp : Match on catch block at 0xc3 in for 0x95
01-27 18:14:49.143 17930 17930 E ArmVmp : Match on catch block at 0xc3 in for 0x99
01-27 18:14:49.159 17930 17930 E ArmVmp : Match on catch block at 0xc3 in for 0x99
01-27 18:14:49.169 17930 17930 E ArmVmp : Match on catch block at 0xc3 in for 0x91
01-27 18:14:49.194 17930 17930 E ArmVmp : Match on catch block at 0xc3 in for 0x91
01-27 18:14:49.204 17930 17930 E ArmVmp : Match on catch block at 0xc3 in for 0x95
01-27 18:14:49.226 17930 17930 E ArmVmp : Match on catch block at 0xc3 in for 0x95
01-27 18:14:49.238 17930 17930 E ArmVmp : Match on catch block at 0xc3 in for 0x99
01-27 18:14:49.255 17930 18567 E chromium:
[0127/181449.253660:ERROR:cronet_context.cc(156)] Invalid QUIC hint
host: .whatsapp.com
01-27 18:14:49.258 17930 18567 E chromium:
[0127/181449.255577:ERROR:cronet_context.cc(156)] Invalid QUIC hint
host: .cdninstagram.com
01-27 18:14:49.258 17930 18567 E chromium:
[0127/181449.258185:ERROR:cronet_context.cc(156)] Invalid QUIC hint
host: .fbcdn.net
01-27 18:14:49.258 17930 18567 E chromium:
[0127/181449.258283:ERROR:cronet_context.cc(156)] Invalid QUIC hint
host: .facebook.com
01-27 18:14:49.259 17930 17930 E ArmVmp : Match on catch block at 0xc3 in for 0x99
01-27 18:14:49.262 17930 18567 E chromium:
[0127/181449.262884:ERROR:cronet_context.cc(156)] Invalid QUIC hint
host: .instagram.com
01-27 18:14:49.263 17930 18567 E chromium:
[0127/181449.263049:ERROR:cronet_context.cc(156)] Invalid QUIC hint
host: .whatsapp.net
01-27 18:14:49.272 17930 17930 E ArmVmp : Match on catch block at 0xc3 in for 0x91
01-27 18:14:49.293 17930 17930 E ArmVmp : Match on catch block at 0xc3 in for 0x91
01-27 18:14:49.301 17930 17930 E ArmVmp : Match on catch block at 0xc3 in for 0x95
01-27 18:14:49.327 17930 17930 E ArmVmp : Match on catch block at 0xc3 in for 0x95
01-27 18:14:49.341 17930 17930 E ArmVmp : Match on catch block at 0xc3 in for 0x99
01-27 18:14:49.359 17930 17930 E ArmVmp : Match on catch block at 0xc3 in for 0x99
01-27 18:14:49.374 17930 17930 E ArmVmp : Match on catch block at 0xc3 in for 0x91
01-27 18:14:49.393 17930 17930 E ArmVmp : Match on catch block at 0xc3 in for 0x91
01-27 18:14:49.410 17930 17930 E ArmVmp : Match on catch block at 0xc3 in for 0x95
01-27 18:14:49.426 17930 17930 E ArmVmp : Match on catch block at 0xc3 in for 0x95
01-27 18:14:49.438 17930 17930 E ArmVmp : Match on catch block at 0xc3 in for 0x99
01-27 18:14:49.481 17930 17930 E ArmVmp : Match on catch block at 0xc3 in for 0x99
01-27 18:14:49.513 17930 17930 E ArmVmp : Match on catch block at 0xc3 in for 0x91
01-27 18:14:49.547 17930 17930 E ArmVmp : Match on catch block at 0xc3 in for 0x91
01-27 18:14:49.558 17930 17930 E ArmVmp : Match on catch block at 0xc3 in for 0x95
01-27 18:14:49.583 17930 17930 E ArmVmp : Match on catch block at 0xc3 in for 0x95
01-27 18:14:49.593 17930 17930 E ArmVmp : Match on catch block at 0xc3 in for 0x99
01-27 18:14:49.615 17930 17930 E ArmVmp : Match on catch block at 0xc3 in for 0x99
01-27 18:14:49.626 17930 17930 E ArmVmp : Match on catch block at 0xc3 in for 0x91
01-27 18:14:49.749 17930 17930 E ArmVmp : Match on catch block at 0xc3 in for 0x91
01-27 18:14:49.759 17930 17930 E ArmVmp : Match on catch block at 0xc3 in for 0x95
01-27 18:14:50.376 17930 17930 E ArmVmp : Match on catch block at 0xc3 in for 0x91
01-27 18:14:50.390 17930 17930 E ArmVmp : Match on catch block at 0xc3 in for 0x95
01-27 18:14:50.648 17930 17930 E ArmVmp : Match on catch block at 0xc3 in for 0x91
01-27 18:14:50.667 17930 17930 E ArmVmp : Match on catch block at 0xc3 in for 0x95
01-27 18:14:50.691 17930 17930 E ArmVmp : Match on catch block at 0xc3 in for 0x95
01-27 18:14:50.731 17930 17930 E ArmVmp : Match on catch block at 0xc3 in for 0x99
01-27 18:14:50.760 17930 17930 E ArmVmp : Match on catch block at 0xc3 in for 0x95
01-27 18:14:50.769 17930 17930 E ArmVmp : Match on catch block at 0xc3 in for 0x99
01-27 18:14:50.782 17930 17930 E ArmVmp : Match on catch block at 0xc3 in for 0x99
01-27 18:14:50.794 17930 17930 E ArmVmp : Match on catch block at 0xc3 in for 0x91
01-27 18:14:50.813 17930 17930 E ArmVmp : Match on catch block at 0xc3 in for 0x91
01-27 18:14:50.824 17930 17930 E ArmVmp : Match on catch block at 0xc3 in for 0x95
01-27 18:14:50.846 17930 17930 E ArmVmp : Match on catch block at 0xc3 in for 0x95
01-27 18:14:50.855 17930 17930 E ArmVmp : Match on catch block at 0xc3 in for 0x99
01-27 18:14:50.880 17930 17930 E ArmVmp : Match on catch block at 0xc3 in for 0x99
01-27 18:14:50.892 17930 17930 E ArmVmp : Match on catch block at 0xc3 in for 0x91
01-27 18:14:50.913 17930 17930 E ArmVmp : Match on catch block at 0xc3 in for 0x91
01-27 18:14:50.923 17930 17930 E ArmVmp : Match on catch block at 0xc3 in for 0x95
01-27 18:14:50.946 17930 17930 E ArmVmp : Match on catch block at 0xc3 in for 0x95
01-27 18:14:50.954 17930 17930 E ArmVmp : Match on catch block at 0xc3 in for 0x99
01-27 18:14:50.962 17930 17930 E ArmVmp : Match on catch block at 0xc3 in for 0x99
01-27 18:14:50.973 17930 17930 E ArmVmp : Match on catch block at 0xc3 in for 0x91
01-27 18:14:51.155 17930 17930 E ArmVmp : Match on catch block at 0xc3 in for 0x95
01-27 18:14:51.168 17930 17930 E ArmVmp : Match on catch block at 0xc3 in for 0x99
01-27 18:14:51.180 17930 17930 E ArmVmp : Match on catch block at 0xc3 in for 0x99
01-27 18:14:51.190 17930 17930 E ArmVmp : Match on catch block at 0xc3 in for 0x91
01-27 18:14:51.197 17930 17930 E ArmVmp : Match on catch block at 0xc3 in for 0x91
01-27 18:14:51.209 17930 17930 E ArmVmp : Match on catch block at 0xc3 in for 0x95
01-27 18:14:51.230 17930 17930 E ArmVmp : Match on catch block at 0xc3 in for 0x95
01-27 18:14:51.245 17930 17930 E ArmVmp : Match on catch block at 0xc3 in for 0x99
01-27 18:14:51.265 17930 17930 E ArmVmp : Match on catch block at 0xc3 in for 0x99
01-27 18:14:51.275 17930 17930 E ArmVmp : Match on catch block at 0xc3 in for 0x91
01-27 18:14:51.296 17930 17930 E ArmVmp : Match on catch block at 0xc3 in for 0x91
01-27 18:14:51.309 17930 17930 E ArmVmp : Match on catch block at 0xc3 in for 0x95
01-27 18:14:51.331 17930 17930 E ArmVmp : Match on catch block at 0xc3 in for 0x95
01-27 18:14:51.340 17930 17930 E ArmVmp : Match on catch block at 0xc3 in for 0x99
01-27 18:14:51.363 17930 17930 E ArmVmp : Match on catch block at 0xc3 in for 0x99
01-27 18:14:51.373 17930 17930 E ArmVmp : Match on catch block at 0xc3 in for 0x91
01-27 18:14:51.381 17930 17930 E ArmVmp : Match on catch block at 0xc3 in for 0x91
01-27 18:14:51.395 17930 17930 E ArmVmp : Match on catch block at 0xc3 in for 0x95
01-27 18:14:51.426 17930 17930 E ArmVmp : Match on catch block at 0xc3 in for 0x95
01-27 18:14:51.435 17930 17930 E ArmVmp : Match on catch block at 0xc3 in for 0x99
01-27 18:14:51.452 17930 17930 E ArmVmp : Match on catch block at 0xc3 in for 0x99
01-27 18:14:51.464 17930 17930 E ArmVmp : Match on catch block at 0xc3 in for 0x91
01-27 18:14:51.481 17930 17930 E ArmVmp : Match on catch block at 0xc3 in for 0x91
01-27 18:14:51.492 17930 17930 E ArmVmp : Match on catch block at 0xc3 in for 0x95
01-27 18:14:51.499 17930 17930 E ArmVmp : Match on catch block at 0xc3 in for 0x95
01-27 18:14:51.508 17930 17930 E ArmVmp : Match on catch block at 0xc3 in for 0x99
01-27 18:14:51.518 17930 17930 E ArmVmp : Match on catch block at 0xc3 in for 0x99
01-27 18:14:51.528 17930 17930 E ArmVmp : Match on catch block at 0xc3 in for 0x91
01-27 18:14:51.553 17930 17930 E ArmVmp : Match on catch block at 0xc3 in for 0x91
01-27 18:14:51.603 17930 17930 E ArmVmp : Match on catch block at 0xc3 in for 0x95
01-27 18:14:51.647 17930 17930 E ArmVmp : Match on catch block at 0xc3 in for 0x95
01-27 18:14:51.667 17930 17930 E ArmVmp : Match on catch block at 0xc3 in for 0x99
01-27 18:14:51.716 17930 17930 E ArmVmp : Match on catch block at 0xc3 in for 0x95
01-27 18:14:51.752 17930 17930 E ArmVmp : Match on catch block at 0xc3 in for 0x99
01-27 18:14:51.872 17930 17930 E ArmVmp : Match on catch block at 0xc3 in for 0x99
01-27 18:14:51.876 17930 17975 E SQLiteDatabase: Error inserting media_duration=19
file_path=Media/WhatsApp Video/Sent/VID-20240127-WA0004.mp4 transferred=1
thumbnail_height_width_ratio=1.7560976 face_y=0 face_x=0 trim_from=0
media_caption=null transcoded=1 message_url=https://mmg.whatsapp.net/v/t62.7161-
24/41005867_1110885233250247_6398378030270924340_n.enc?ccb=11-
4&oh=01_AdQd4qlz5eCeo_kkwyWXEaCmNjy-
In_2i0jdylwlwsvreg&oe=65DC5C8A&_nc_sid=5e03e0&mms3=true first_scan_sidecar=null
direct_path=/v/t62.7161-24/41005867_1110885233250247_6398378030270924340_n.enc?
ccb=11-4&oh=01_AdQd4qlz5eCeo_kkwyWXEaCmNjy-
In_2i0jdylwlwsvreg&oe=65DC5C8A&_nc_sid=5e03e0 original_file_hash=null
is_animated_sticker=0 media_name=2630c072-da1f-49d0-9f3e-6d061841fefe.mp4
has_streaming_sidecar=1 partial_media_enc_hash=null media_key=[B@18e6ddd
multicast_id=null page_count=0 height=1920 partial_media_hash=null
gif_attribution=0 mute_video=0 autotransfer_retry_enabled=0 first_scan_length=0
trim_to=0 media_key_timestamp=1706354087380 file_size=531335 chat_row_id=20
media_job_uuid=a1f0bf20-dc89-4080-8ff0-d95b4b3c4344 message_row_id=70
enc_file_hash=I2qSURx+IRnNzeVQiEHJzI/tnw16cEr1JLTHuOyn8OM=
file_hash=XEONuK27lBBDXkVwEx5e8fhqer6p1a5qckTH1movaUE= mime_type=video/mp4
media_upload_handle=null suspicious_content=0 width=1080 file_length=531335
01-27 18:14:51.876 17930 17975 E SQLiteDatabase:
android.database.sqlite.SQLiteConstraintException: UNIQUE constraint failed:
message_media.message_row_id (code 1555 SQLITE_CONSTRAINT_PRIMARYKEY[1555])
01-27 18:14:51.876 17930 17975 E SQLiteDatabase: at
android.database.sqlite.SQLiteConnection.nativeExecuteForLastInsertedRowId(Native
Method)
01-27 18:14:51.876 17930 17975 E SQLiteDatabase: at
android.database.sqlite.SQLiteConnection.executeForLastInsertedRowId(SQLiteConnecti
on.java:995)
01-27 18:14:51.876 17930 17975 E SQLiteDatabase: at
android.database.sqlite.SQLiteSession.executeForLastInsertedRowId(SQLiteSession.jav
a:788)
01-27 18:14:51.876 17930 17975 E SQLiteDatabase: at
android.database.sqlite.SQLiteStatement.executeInsert(SQLiteStatement.java:86)
01-27 18:14:51.876 17930 17975 E SQLiteDatabase: at
android.database.sqlite.SQLiteDatabase.insertWithOnConflict(SQLiteDatabase.java:202
1)
01-27 18:14:51.876 17930 17975 E SQLiteDatabase: at
android.database.sqlite.SQLiteDatabase.insert(SQLiteDatabase.java:1890)
01-27 18:14:51.876 17930 17975 E SQLiteDatabase: at X.2tm.A08(Unknown
Source:6)
01-27 18:14:51.876 17930 17975 E SQLiteDatabase: at X.35Y.A07(Unknown
Source:212)
01-27 18:14:51.876 17930 17975 E SQLiteDatabase: at X.3QF.A14(Unknown
Source:470)
01-27 18:14:51.876 17930 17975 E SQLiteDatabase: at X.3gU.run(Unknown
Source:982)
01-27 18:14:51.876 17930 17975 E SQLiteDatabase: at
android.os.Handler.handleCallback(Handler.java:873)
01-27 18:14:51.876 17930 17975 E SQLiteDatabase: at
android.os.Handler.dispatchMessage(Handler.java:99)
01-27 18:14:51.876 17930 17975 E SQLiteDatabase: at
X.0zq.dispatchMessage(Unknown Source:4)
01-27 18:14:51.876 17930 17975 E SQLiteDatabase: at
android.os.Looper.loop(Looper.java:214)
01-27 18:14:51.876 17930 17975 E SQLiteDatabase: at
android.os.HandlerThread.run(HandlerThread.java:65)
01-27 18:14:51.886 17930 17930 E ArmVmp : Match on catch block at 0xc3 in for 0x91
01-27 18:14:51.914 17930 17930 E ArmVmp : Match on catch block at 0xc3 in for 0x91
01-27 18:14:51.944 17930 17930 E ArmVmp : Match on catch block at 0xc3 in for 0x95
01-27 18:14:51.974 17930 17930 E ArmVmp : Match on catch block at 0xc3 in for 0x95
01-27 18:14:52.021 17930 17930 E ArmVmp : Match on catch block at 0xc3 in for 0x99
01-27 18:14:52.479 17930 17930 E ArmVmp : Match on catch block at 0xc3 in for 0x91
01-27 18:14:52.492 17930 17930 E ArmVmp : Match on catch block at 0xc3 in for 0x95
01-27 18:14:52.522 17930 17930 E ArmVmp : Match on catch block at 0xc3 in for 0x95
01-27 18:14:52.531 17930 17930 E ArmVmp : Match on catch block at 0xc3 in for 0x99
01-27 18:14:52.597 17930 18000 W MediaPlayer: Use of stream types is deprecated for
operations other than volume control
01-27 18:14:52.597 17930 18000 W MediaPlayer: See the documentation of
setAudioStreamType() for what to use instead with android.media.AudioAttributes to
qualify your playback use case
01-27 18:14:52.783 17930 18483 W MediaPlayerNative: info/warning (10973, 0)
01-27 18:14:53.325 17930 17930 E ArmVmp : Match on catch block at 0xc3 in for 0x99
01-27 18:14:53.403 17930 17930 E ArmVmp : Match on catch block at 0xc3 in for 0x91
01-27 18:14:53.473 17930 17930 E ArmVmp : Match on catch block at 0xc3 in for 0x91
01-27 18:14:53.483 17930 17930 E ArmVmp : Match on catch block at 0xc3 in for 0x95
01-27 18:14:53.504 17930 18000 W MediaPlayer: Use of stream types is deprecated for
operations other than volume control
01-27 18:14:53.504 17930 18000 W MediaPlayer: See the documentation of
setAudioStreamType() for what to use instead with android.media.AudioAttributes to
qualify your playback use case
01-27 18:14:53.510 17930 17930 E ArmVmp : Match on catch block at 0xc3 in for 0x95
01-27 18:14:53.522 17930 17930 E ArmVmp : Match on catch block at 0xc3 in for 0x99
01-27 18:14:53.600 17930 17941 W MediaPlayerNative: info/warning (10973, 0)
01-27 18:14:53.781 17930 17930 E ArmVmp : Match on catch block at 0xc3 in for 0x95
01-27 18:14:53.796 17930 17930 E ArmVmp : Match on catch block at 0xc3 in for 0x99
01-27 18:14:54.243 17930 17930 E ArmVmp : Match on catch block at 0xc3 in for 0x99
01-27 18:14:54.256 17930 17930 E ArmVmp : Match on catch block at 0xc3 in for 0x91
01-27 18:14:54.284 17930 17930 E ArmVmp : Match on catch block at 0xc3 in for 0x91
01-27 18:14:54.294 17930 17930 E ArmVmp : Match on catch block at 0xc3 in for 0x95
01-27 18:14:54.311 17930 17930 E ArmVmp : Match on catch block at 0xc3 in for 0x95
01-27 18:14:54.321 17930 17930 E ArmVmp : Match on catch block at 0xc3 in for 0x99
01-27 18:14:54.823 17930 17930 E ArmVmp : Match on catch block at 0xc3 in for 0x99
01-27 18:14:54.832 17930 17930 E ArmVmp : Match on catch block at 0xc3 in for 0x91
01-27 18:14:55.013 17930 17930 E ArmVmp : Match on catch block at 0xc3 in for 0x91
01-27 18:14:55.024 17930 17930 E ArmVmp : Match on catch block at 0xc3 in for 0x95
01-27 18:14:55.044 17930 17930 E ArmVmp : Match on catch block at 0xc3 in for 0x95
01-27 18:14:55.052 17930 17930 E ArmVmp : Match on catch block at 0xc3 in for 0x99
01-27 18:14:55.116 17930 17930 E ArmVmp : Match on catch block at 0xc3 in for 0x95
01-27 18:14:55.126 17930 17930 E ArmVmp : Match on catch block at 0xc3 in for 0x99
01-27 18:14:55.140 17930 17930 E ArmVmp : Match on catch block at 0xc3 in for 0x99
01-27 18:14:55.148 17930 17930 E ArmVmp : Match on catch block at 0xc3 in for 0x91
01-27 18:14:55.323 17930 17930 E ArmVmp : Match on catch block at 0xc3 in for 0x99
01-27 18:14:55.333 17930 17930 E ArmVmp : Match on catch block at 0xc3 in for 0x91
01-27 18:14:55.826 17930 17930 E ArmVmp : Match on catch block at 0xc3 in for 0x95
01-27 18:14:55.836 17930 17930 E ArmVmp : Match on catch block at 0xc3 in for 0x99
01-27 18:14:56.326 17930 17930 E ArmVmp : Match on catch block at 0xc3 in for 0x99
01-27 18:14:56.339 17930 17930 E ArmVmp : Match on catch block at 0xc3 in for 0x91
01-27 18:14:56.711 17930 17930 E ArmVmp : Match on catch block at 0xc3 in for 0x91
01-27 18:14:56.719 17930 17930 E ArmVmp : Match on catch block at 0xc3 in for 0x95
01-27 18:14:56.735 17930 17930 E ArmVmp : Match on catch block at 0xc3 in for 0x95
01-27 18:14:56.747 17930 17930 E ArmVmp : Match on catch block at 0xc3 in for 0x99
01-27 18:14:56.761 17930 17930 E ArmVmp : Match on catch block at 0xc3 in for 0x99
01-27 18:14:56.770 17930 17930 E ArmVmp : Match on catch block at 0xc3 in for 0x91
01-27 18:14:56.783 17930 17930 E ArmVmp : Match on catch block at 0xc3 in for 0x91
01-27 18:14:56.792 17930 17930 E ArmVmp : Match on catch block at 0xc3 in for 0x95
01-27 18:14:56.811 17930 17930 E ArmVmp : Match on catch block at 0xc3 in for 0x95
01-27 18:14:56.818 17930 17930 E ArmVmp : Match on catch block at 0xc3 in for 0x99
01-27 18:14:56.826 17930 17930 E ArmVmp : Match on catch block at 0xc3 in for 0x99
01-27 18:14:56.841 17930 17930 E ArmVmp : Match on catch block at 0xc3 in for 0x91
01-27 18:14:56.861 17930 17930 E ArmVmp : Match on catch block at 0xc3 in for 0x91
01-27 18:14:56.870 17930 17930 E ArmVmp : Match on catch block at 0xc3 in for 0x95
01-27 18:14:56.877 17930 17930 E ArmVmp : Match on catch block at 0xc3 in for 0x95
01-27 18:14:56.886 17930 17930 E ArmVmp : Match on catch block at 0xc3 in for 0x99
01-27 18:14:56.895 17930 17930 E ArmVmp : Match on catch block at 0xc3 in for 0x99
01-27 18:14:56.903 17930 17930 E ArmVmp : Match on catch block at 0xc3 in for 0x91
01-27 18:14:56.911 17930 17930 E ArmVmp : Match on catch block at 0xc3 in for 0x91
01-27 18:14:56.919 17930 17930 E ArmVmp : Match on catch block at 0xc3 in for 0x95
01-27 18:14:56.928 17930 17930 E ArmVmp : Match on catch block at 0xc3 in for 0x95
01-27 18:14:56.936 17930 17930 E ArmVmp : Match on catch block at 0xc3 in for 0x99
01-27 18:14:56.944 17930 17930 E ArmVmp : Match on catch block at 0xc3 in for 0x99
01-27 18:14:56.952 17930 17930 E ArmVmp : Match on catch block at 0xc3 in for 0x91
01-27 18:14:56.962 17930 17930 E ArmVmp : Match on catch block at 0xc3 in for 0x91
01-27 18:14:56.980 17930 17930 E ArmVmp : Match on catch block at 0xc3 in for 0x95
01-27 18:14:57.328 17930 17930 E ArmVmp : Match on catch block at 0xc3 in for 0x95
01-27 18:14:57.336 17930 17930 E ArmVmp : Match on catch block at 0xc3 in for 0x99
01-27 18:14:57.829 17930 17930 E ArmVmp : Match on catch block at 0xc3 in for 0x99
01-27 18:14:57.837 17930 17930 E ArmVmp : Match on catch block at 0xc3 in for 0x91
01-27 18:14:58.331 17930 17930 E ArmVmp : Match on catch block at 0xc3 in for 0x91
01-27 18:14:58.339 17930 17930 E ArmVmp : Match on catch block at 0xc3 in for 0x95
01-27 18:14:58.832 17930 17930 E ArmVmp : Match on catch block at 0xc3 in for 0x95
01-27 18:14:58.839 17930 17930 E ArmVmp : Match on catch block at 0xc3 in for 0x99
01-27 18:14:59.333 17930 17930 E ArmVmp : Match on catch block at 0xc3 in for 0x99
01-27 18:14:59.344 17930 17930 E ArmVmp : Match on catch block at 0xc3 in for 0x91
01-27 18:14:59.835 17930 17930 E ArmVmp : Match on catch block at 0xc3 in for 0x91
01-27 18:14:59.843 17930 17930 E ArmVmp : Match on catch block at 0xc3 in for 0x95
01-27 18:15:00.336 17930 17930 E ArmVmp : Match on catch block at 0xc3 in for 0x95
01-27 18:15:00.344 17930 17930 E ArmVmp : Match on catch block at 0xc3 in for 0x99
01-27 18:15:00.837 17930 17930 E ArmVmp : Match on catch block at 0xc3 in for 0x99
01-27 18:15:00.844 17930 17930 E ArmVmp : Match on catch block at 0xc3 in for 0x91
01-27 18:15:01.338 17930 17930 E ArmVmp : Match on catch block at 0xc3 in for 0x91
01-27 18:15:01.345 17930 17930 E ArmVmp : Match on catch block at 0xc3 in for 0x95
01-27 18:15:01.839 17930 17930 E ArmVmp : Match on catch block at 0xc3 in for 0x95
01-27 18:15:01.847 17930 17930 E ArmVmp : Match on catch block at 0xc3 in for 0x99
01-27 18:15:02.341 17930 17930 E ArmVmp : Match on catch block at 0xc3 in for 0x99
01-27 18:15:02.349 17930 17930 E ArmVmp : Match on catch block at 0xc3 in for 0x91
01-27 18:15:02.842 17930 17930 E ArmVmp : Match on catch block at 0xc3 in for 0x91
01-27 18:15:02.850 17930 17930 E ArmVmp : Match on catch block at 0xc3 in for 0x95
01-27 18:15:03.344 17930 17930 E ArmVmp : Match on catch block at 0xc3 in for 0x95
01-27 18:15:03.351 17930 17930 E ArmVmp : Match on catch block at 0xc3 in for 0x99
01-27 18:15:03.845 17930 17930 E ArmVmp : Match on catch block at 0xc3 in for 0x99
01-27 18:15:03.853 17930 17930 E ArmVmp : Match on catch block at 0xc3 in for 0x91
01-27 18:15:04.346 17930 17930 E ArmVmp : Match on catch block at 0xc3 in for 0x91
01-27 18:15:04.356 17930 17930 E ArmVmp : Match on catch block at 0xc3 in for 0x95
01-27 18:15:04.847 17930 17930 E ArmVmp : Match on catch block at 0xc3 in for 0x95
01-27 18:15:04.856 17930 17930 E ArmVmp : Match on catch block at 0xc3 in for 0x99
01-27 18:15:05.349 17930 17930 E ArmVmp : Match on catch block at 0xc3 in for 0x99
01-27 18:15:05.356 17930 17930 E ArmVmp : Match on catch block at 0xc3 in for 0x91
01-27 18:15:05.849 17930 17930 E ArmVmp : Match on catch block at 0xc3 in for 0x91
01-27 18:15:05.856 17930 17930 E ArmVmp : Match on catch block at 0xc3 in for 0x95
01-27 18:15:06.352 17930 17930 E ArmVmp : Match on catch block at 0xc3 in for 0x95
01-27 18:15:06.363 17930 17930 E ArmVmp : Match on catch block at 0xc3 in for 0x99
01-27 18:15:06.852 17930 17930 E ArmVmp : Match on catch block at 0xc3 in for 0x99
01-27 18:15:06.867 17930 17930 E ArmVmp : Match on catch block at 0xc3 in for 0x91
01-27 18:15:07.354 17930 17930 E ArmVmp : Match on catch block at 0xc3 in for 0x91
01-27 18:15:07.363 17930 17930 E ArmVmp : Match on catch block at 0xc3 in for 0x95
01-27 18:15:07.854 17930 17930 E ArmVmp : Match on catch block at 0xc3 in for 0x95
01-27 18:15:07.862 17930 17930 E ArmVmp : Match on catch block at 0xc3 in for 0x99
01-27 18:15:08.356 17930 17930 E ArmVmp : Match on catch block at 0xc3 in for 0x99
01-27 18:15:08.364 17930 17930 E ArmVmp : Match on catch block at 0xc3 in for 0x91
01-27 18:15:08.857 17930 17930 E ArmVmp : Match on catch block at 0xc3 in for 0x91
01-27 18:15:08.865 17930 17930 E ArmVmp : Match on catch block at 0xc3 in for 0x95
01-27 18:15:09.358 17930 17930 E ArmVmp : Match on catch block at 0xc3 in for 0x95
01-27 18:15:09.366 17930 17930 E ArmVmp : Match on catch block at 0xc3 in for 0x99
01-27 18:15:09.859 17930 17930 E ArmVmp : Match on catch block at 0xc3 in for 0x99
01-27 18:15:09.867 17930 17930 E ArmVmp : Match on catch block at 0xc3 in for 0x91
01-27 18:15:10.361 17930 17930 E ArmVmp : Match on catch block at 0xc3 in for 0x91
01-27 18:15:10.369 17930 17930 E ArmVmp : Match on catch block at 0xc3 in for 0x95
01-27 18:15:10.862 17930 17930 E ArmVmp : Match on catch block at 0xc3 in for 0x95
01-27 18:15:10.869 17930 17930 E ArmVmp : Match on catch block at 0xc3 in for 0x99
01-27 18:15:11.364 17930 17930 E ArmVmp : Match on catch block at 0xc3 in for 0x99
01-27 18:15:11.372 17930 17930 E ArmVmp : Match on catch block at 0xc3 in for 0x91
01-27 18:15:11.864 17930 17930 E ArmVmp : Match on catch block at 0xc3 in for 0x91
01-27 18:15:11.873 17930 17930 E ArmVmp : Match on catch block at 0xc3 in for 0x95
01-27 18:15:12.366 17930 17930 E ArmVmp : Match on catch block at 0xc3 in for 0x95
01-27 18:15:12.374 17930 17930 E ArmVmp : Match on catch block at 0xc3 in for 0x99
01-27 18:15:12.867 17930 17930 E ArmVmp : Match on catch block at 0xc3 in for 0x99
01-27 18:15:12.875 17930 17930 E ArmVmp : Match on catch block at 0xc3 in for 0x91
01-27 18:15:13.369 17930 17930 E ArmVmp : Match on catch block at 0xc3 in for 0x91
01-27 18:15:13.376 17930 17930 E ArmVmp : Match on catch block at 0xc3 in for 0x95
01-27 18:15:13.870 17930 17930 E ArmVmp : Match on catch block at 0xc3 in for 0x95
01-27 18:15:13.878 17930 17930 E ArmVmp : Match on catch block at 0xc3 in for 0x99
01-27 18:15:14.371 17930 17930 E ArmVmp : Match on catch block at 0xc3 in for 0x99
01-27 18:15:14.380 17930 17930 E ArmVmp : Match on catch block at 0xc3 in for 0x91
01-27 18:15:14.872 17930 17930 E ArmVmp : Match on catch block at 0xc3 in for 0x91
01-27 18:15:14.881 17930 17930 E ArmVmp : Match on catch block at 0xc3 in for 0x95
01-27 18:15:15.373 17930 17930 E ArmVmp : Match on catch block at 0xc3 in for 0x95
01-27 18:15:15.382 17930 17930 E ArmVmp : Match on catch block at 0xc3 in for 0x99
01-27 18:15:15.647 17930 17930 E ArmVmp : Match on catch block at 0xc3 in for 0x99
01-27 18:15:15.693 17930 17930 E ArmVmp : Match on catch block at 0xc3 in for 0x91
01-27 18:15:20.272 17930 17930 E ArmVmp : Match on catch block at 0xc3 in for 0x91
01-27 18:15:20.282 17930 17930 E ArmVmp : Match on catch block at 0xc3 in for 0x95
01-27 18:15:39.432 17930 17975 E SQLiteDatabase: Error inserting media_duration=0
file_path=Media/.Statuses/93bcea9cbf88434088d295a93da95101.jpg transferred=1
thumbnail_height_width_ratio=1.7333333 face_y=0 face_x=0 trim_from=0
media_caption=null transcoded=0 message_url=https://mmg.whatsapp.net/o1/v/t62.7118-
24/f1/m234/up-oil-image-6270d3c5-0733-4ca9-bed7-dca245353e30?ccb=9-
4&oh=01_AdQCikeKYvFuStYJ0y49LeCcbrae0SmnTiy5mJvI6SsQPA&oe=65DC5757&_nc_sid=000000&m
ms3=true first_scan_sidecar=[B@27752c direct_path=/o1/v/t62.7118-24/f1/m234/up-oil-
image-6270d3c5-0733-4ca9-bed7-dca245353e30?ccb=9-
4&oh=01_AdQCikeKYvFuStYJ0y49LeCcbrae0SmnTiy5mJvI6SsQPA&oe=65DC5757&_nc_sid=000000
original_file_hash=null is_animated_sticker=0 media_name=null
has_streaming_sidecar=1 partial_media_enc_hash=null media_key=[B@2887bf5
multicast_id=null page_count=0 height=1251
partial_media_hash=yXEMxQOTiy1yWtRgAP7UAYscm2fxGVFSmWN9VQDexos= gif_attribution=0
mute_video=0 autotransfer_retry_enabled=1 first_scan_length=16267 trim_to=0
media_key_timestamp=1706354129000 file_size=288798 chat_row_id=4
