01-27 13:09:28.398 22320 22320 W BottomSheetBehavior: BottomSheetBehavior now
supports multiple callbacks. `setBottomSheetCallback()` removes all existing
callbacks, including ones set internally by library authors, which may result in
unintended behavior. This may change in the future. Please use
`addBottomSheetCallback()` and `removeBottomSheetCallback()` instead to set your
own callbacks.
01-27 13:09:28.446 22320 22320 E ArmVmp : Match on catch block at 0xc3 in for 0x95
01-27 13:09:28.452 22320 22320 E ArmVmp : Match on catch block at 0xc3 in for 0x99
01-27 13:09:28.481 22320 22320 E ArmVmp : Match on catch block at 0xc3 in for 0x99
01-27 13:09:28.491 22320 22320 E ArmVmp : Match on catch block at 0xc3 in for 0x91
01-27 13:09:28.511 22320 22988 W com.whatsapp: Unsupported class loader
01-27 13:09:28.537 22320 22988 W com.whatsapp: Skipping duplicate class check due
to unsupported classloader
01-27 13:09:28.595 22320 22320 E ArmVmp : Match on catch block at 0xc3 in for 0x95
01-27 13:09:28.606 22320 22320 E ArmVmp : Match on catch block at 0xc3 in for 0x99
01-27 13:09:28.882 22320 22988 W com.whatsapp: Unknown chunk type '200'.
01-27 13:09:29.053 22320 22988 W com.whatsapp: Unsupported class loader
01-27 13:09:29.070 22320 22988 W com.whatsapp: Skipping duplicate class check due
to unsupported classloader
01-27 13:09:29.097 22320 22320 E ArmVmp : Match on catch block at 0xc3 in for 0x95
01-27 13:09:29.107 22320 22320 E ArmVmp : Match on catch block at 0xc3 in for 0x99
01-27 13:09:29.460 22320 23021 E chromium:
[0127/130929.460053:ERROR:cronet_context.cc(156)] Invalid QUIC hint
host: .whatsapp.com
01-27 13:09:29.460 22320 23021 E chromium:
[0127/130929.460382:ERROR:cronet_context.cc(156)] Invalid QUIC hint
host: .cdninstagram.com
01-27 13:09:29.460 22320 23021 E chromium:
[0127/130929.460465:ERROR:cronet_context.cc(156)] Invalid QUIC hint
host: .fbcdn.net
01-27 13:09:29.460 22320 23021 E chromium:
[0127/130929.460533:ERROR:cronet_context.cc(156)] Invalid QUIC hint
host: .facebook.com
01-27 13:09:29.460 22320 23021 E chromium:
[0127/130929.460599:ERROR:cronet_context.cc(156)] Invalid QUIC hint
host: .instagram.com
01-27 13:09:29.460 22320 23021 E chromium:
[0127/130929.460665:ERROR:cronet_context.cc(156)] Invalid QUIC hint
host: .whatsapp.net
01-27 13:09:29.600 22320 22320 E ArmVmp : Match on catch block at 0xc3 in for 0x99
01-27 13:09:29.608 22320 22320 E ArmVmp : Match on catch block at 0xc3 in for 0x91
01-27 13:09:29.766 22320 22320 E ArmVmp : Match on catch block at 0xc3 in for 0x91
01-27 13:09:29.773 22320 22320 E ArmVmp : Match on catch block at 0xc3 in for 0x95
01-27 13:09:29.782 22320 22320 E ArmVmp : Match on catch block at 0xc3 in for 0x95
01-27 13:09:29.791 22320 22320 E ArmVmp : Match on catch block at 0xc3 in for 0x99
01-27 13:09:29.801 22320 22320 E ArmVmp : Match on catch block at 0xc3 in for 0x99
01-27 13:09:29.809 22320 22320 E ArmVmp : Match on catch block at 0xc3 in for 0x91
01-27 13:09:29.816 22320 22320 E ArmVmp : Match on catch block at 0xc3 in for 0x91
01-27 13:09:29.828 22320 22320 E ArmVmp : Match on catch block at 0xc3 in for 0x95
01-27 13:09:29.844 22320 22320 E ArmVmp : Match on catch block at 0xc3 in for 0x95
01-27 13:09:29.852 22320 22320 E ArmVmp : Match on catch block at 0xc3 in for 0x99
01-27 13:09:29.880 22320 22320 E ArmVmp : Match on catch block at 0xc3 in for 0x99
01-27 13:09:29.889 22320 22320 E ArmVmp : Match on catch block at 0xc3 in for 0x91
01-27 13:09:29.903 22320 22320 E ArmVmp : Match on catch block at 0xc3 in for 0x91
01-27 13:09:29.911 22320 22320 E ArmVmp : Match on catch block at 0xc3 in for 0x95
01-27 13:09:29.920 22320 22320 E ArmVmp : Match on catch block at 0xc3 in for 0x95
01-27 13:09:29.926 22320 22320 E ArmVmp : Match on catch block at 0xc3 in for 0x99
01-27 13:09:29.935 22320 22320 E ArmVmp : Match on catch block at 0xc3 in for 0x99
01-27 13:09:29.945 22320 22320 E ArmVmp : Match on catch block at 0xc3 in for 0x91
01-27 13:09:29.953 22320 22320 E ArmVmp : Match on catch block at 0xc3 in for 0x91
01-27 13:09:29.966 22320 22320 E ArmVmp : Match on catch block at 0xc3 in for 0x95
01-27 13:09:29.985 22320 22320 E ArmVmp : Match on catch block at 0xc3 in for 0x95
01-27 13:09:29.992 22320 22320 E ArmVmp : Match on catch block at 0xc3 in for 0x99
01-27 13:09:30.009 22320 22320 E ArmVmp : Match on catch block at 0xc3 in for 0x99
01-27 13:09:30.025 22320 22320 E ArmVmp : Match on catch block at 0xc3 in for 0x91
01-27 13:09:30.036 22320 22320 E ArmVmp : Match on catch block at 0xc3 in for 0x91
01-27 13:09:30.051 22320 22320 E ArmVmp : Match on catch block at 0xc3 in for 0x95
01-27 13:09:30.086 22320 22320 E ArmVmp : Match on catch block at 0xc3 in for 0x99
01-27 13:09:30.092 22320 22320 E ArmVmp : Match on catch block at 0xc3 in for 0x91
01-27 13:09:30.138 22320 22320 E ArmVmp : Match on catch block at 0xc3 in for 0x91
01-27 13:09:30.145 22320 22320 E ArmVmp : Match on catch block at 0xc3 in for 0x95
01-27 13:09:30.201 22320 22320 E ArmVmp : Match on catch block at 0xc3 in for 0x91
01-27 13:09:30.208 22320 22320 E ArmVmp : Match on catch block at 0xc3 in for 0x95
01-27 13:09:30.254 22320 22320 E ArmVmp : Match on catch block at 0xc3 in for 0x95
01-27 13:09:30.271 22320 22320 E ArmVmp : Match on catch block at 0xc3 in for 0x99
01-27 13:09:30.300 22320 22320 E ArmVmp : Match on catch block at 0xc3 in for 0x99
01-27 13:09:30.307 22320 22320 E ArmVmp : Match on catch block at 0xc3 in for 0x91
01-27 13:09:30.346 22320 22320 E ArmVmp : Match on catch block at 0xc3 in for 0x91
01-27 13:09:30.356 22320 22320 E ArmVmp : Match on catch block at 0xc3 in for 0x95
01-27 13:09:30.404 22320 22320 E ArmVmp : Match on catch block at 0xc3 in for 0x95
01-27 13:09:30.465 22320 22320 E ArmVmp : Match on catch block at 0xc3 in for 0x99
01-27 13:09:30.543 22320 22320 E ArmVmp : Match on catch block at 0xc3 in for 0x99
01-27 13:09:30.549 22320 22320 E ArmVmp : Match on catch block at 0xc3 in for 0x91
01-27 13:09:30.568 22320 22320 E ArmVmp : Match on catch block at 0xc3 in for 0x95
01-27 13:09:30.575 22320 22320 E ArmVmp : Match on catch block at 0xc3 in for 0x99
01-27 13:09:30.602 22320 22320 E ArmVmp : Match on catch block at 0xc3 in for 0x99
01-27 13:09:30.609 22320 22320 E ArmVmp : Match on catch block at 0xc3 in for 0x91
01-27 13:09:30.618 22320 22320 E ArmVmp : Match on catch block at 0xc3 in for 0x91
01-27 13:09:30.624 22320 22320 E ArmVmp : Match on catch block at 0xc3 in for 0x95
01-27 13:09:30.636 22320 22320 E ArmVmp : Match on catch block at 0xc3 in for 0x95
01-27 13:09:30.642 22320 22320 E ArmVmp : Match on catch block at 0xc3 in for 0x99
01-27 13:09:30.653 22320 22320 E ArmVmp : Match on catch block at 0xc3 in for 0x99
01-27 13:09:30.660 22320 22320 E ArmVmp : Match on catch block at 0xc3 in for 0x91
01-27 13:09:30.670 22320 22320 E ArmVmp : Match on catch block at 0xc3 in for 0x91
01-27 13:09:30.678 22320 22320 E ArmVmp : Match on catch block at 0xc3 in for 0x95
01-27 13:09:30.703 22320 22320 E ArmVmp : Match on catch block at 0xc3 in for 0x95
01-27 13:09:30.718 22320 22320 E ArmVmp : Match on catch block at 0xc3 in for 0x99
01-27 13:09:30.736 22320 22320 E ArmVmp : Match on catch block at 0xc3 in for 0x99
01-27 13:09:30.742 22320 22320 E ArmVmp : Match on catch block at 0xc3 in for 0x91
01-27 13:09:30.752 22320 22320 E ArmVmp : Match on catch block at 0xc3 in for 0x91
01-27 13:09:30.762 22320 22320 E ArmVmp : Match on catch block at 0xc3 in for 0x95
01-27 13:09:30.770 22320 22320 E ArmVmp : Match on catch block at 0xc3 in for 0x95
01-27 13:09:30.778 22320 22320 E ArmVmp : Match on catch block at 0xc3 in for 0x99
01-27 13:09:30.786 22320 22320 E ArmVmp : Match on catch block at 0xc3 in for 0x99
01-27 13:09:30.795 22320 22320 E ArmVmp : Match on catch block at 0xc3 in for 0x91
01-27 13:09:30.825 22320 22320 E ArmVmp : Match on catch block at 0xc3 in for 0x91
01-27 13:09:30.838 22320 22320 E ArmVmp : Match on catch block at 0xc3 in for 0x95
01-27 13:09:30.852 22320 22320 E ArmVmp : Match on catch block at 0xc3 in for 0x95
01-27 13:09:30.862 22320 22320 E ArmVmp : Match on catch block at 0xc3 in for 0x99
01-27 13:09:30.888 22320 22320 E ArmVmp : Match on catch block at 0xc3 in for 0x99
01-27 13:09:30.896 22320 22320 E ArmVmp : Match on catch block at 0xc3 in for 0x91
01-27 13:09:30.918 22320 22320 E ArmVmp : Match on catch block at 0xc3 in for 0x91
01-27 13:09:30.943 22320 22320 E ArmVmp : Match on catch block at 0xc3 in for 0x95
01-27 13:09:30.952 22320 22320 E ArmVmp : Match on catch block at 0xc3 in for 0x95
01-27 13:09:30.958 22320 22320 E ArmVmp : Match on catch block at 0xc3 in for 0x99
01-27 13:09:30.968 22320 22320 E ArmVmp : Match on catch block at 0xc3 in for 0x99
01-27 13:09:30.976 22320 22320 E ArmVmp : Match on catch block at 0xc3 in for 0x91
01-27 13:09:30.985 22320 22320 E ArmVmp : Match on catch block at 0xc3 in for 0x91
01-27 13:09:30.992 22320 22320 E ArmVmp : Match on catch block at 0xc3 in for 0x95
01-27 13:09:31.005 22320 22320 E ArmVmp : Match on catch block at 0xc3 in for 0x95
01-27 13:09:31.014 22320 22320 E ArmVmp : Match on catch block at 0xc3 in for 0x99
01-27 13:09:31.035 22320 22320 E ArmVmp : Match on catch block at 0xc3 in for 0x99
01-27 13:09:31.056 22320 22320 E ArmVmp : Match on catch block at 0xc3 in for 0x91
01-27 13:09:31.085 22320 22320 E ArmVmp : Match on catch block at 0xc3 in for 0x91
01-27 13:09:31.092 22320 22320 E ArmVmp : Match on catch block at 0xc3 in for 0x95
01-27 13:09:31.102 22320 22320 E ArmVmp : Match on catch block at 0xc3 in for 0x95
01-27 13:09:31.109 22320 22320 E ArmVmp : Match on catch block at 0xc3 in for 0x99
01-27 13:09:31.124 22320 22320 E ArmVmp : Match on catch block at 0xc3 in for 0x99
01-27 13:09:31.132 22320 22320 E ArmVmp : Match on catch block at 0xc3 in for 0x91
01-27 13:09:31.153 22320 22320 E ArmVmp : Match on catch block at 0xc3 in for 0x91
01-27 13:09:31.163 22320 22320 E ArmVmp : Match on catch block at 0xc3 in for 0x95
01-27 13:09:31.186 22320 22320 E ArmVmp : Match on catch block at 0xc3 in for 0x95
01-27 13:09:31.202 22320 22320 E ArmVmp : Match on catch block at 0xc3 in for 0x99
01-27 13:09:31.222 22320 22320 E ArmVmp : Match on catch block at 0xc3 in for 0x99
01-27 13:09:31.233 22320 22320 E ArmVmp : Match on catch block at 0xc3 in for 0x91
01-27 13:09:31.254 22320 22320 E ArmVmp : Match on catch block at 0xc3 in for 0x91
01-27 13:09:31.262 22320 22320 E ArmVmp : Match on catch block at 0xc3 in for 0x95
01-27 13:09:31.288 22320 22320 E ArmVmp : Match on catch block at 0xc3 in for 0x95
01-27 13:09:31.294 22320 22320 E ArmVmp : Match on catch block at 0xc3 in for 0x99
01-27 13:09:31.303 22320 22320 E ArmVmp : Match on catch block at 0xc3 in for 0x99
01-27 13:09:31.309 22320 22320 E ArmVmp : Match on catch block at 0xc3 in for 0x91
01-27 13:09:31.336 22320 22320 E ArmVmp : Match on catch block at 0xc3 in for 0x91
01-27 13:09:31.345 22320 22320 E ArmVmp : Match on catch block at 0xc3 in for 0x95
01-27 13:09:31.353 22320 22320 E ArmVmp : Match on catch block at 0xc3 in for 0x95
01-27 13:09:31.361 22320 22320 E ArmVmp : Match on catch block at 0xc3 in for 0x99
01-27 13:09:31.370 22320 22320 E ArmVmp : Match on catch block at 0xc3 in for 0x99
01-27 13:09:31.376 22320 22320 E ArmVmp : Match on catch block at 0xc3 in for 0x91
01-27 13:09:31.386 22320 22320 E ArmVmp : Match on catch block at 0xc3 in for 0x91
01-27 13:09:31.395 22320 22320 E ArmVmp : Match on catch block at 0xc3 in for 0x95
01-27 13:09:31.420 22320 22320 E ArmVmp : Match on catch block at 0xc3 in for 0x95
01-27 13:09:31.429 22320 22320 E ArmVmp : Match on catch block at 0xc3 in for 0x99
01-27 13:09:31.454 22320 22320 E ArmVmp : Match on catch block at 0xc3 in for 0x99
01-27 13:09:31.461 22320 22320 E ArmVmp : Match on catch block at 0xc3 in for 0x91
01-27 13:09:31.475 22320 22320 E ArmVmp : Match on catch block at 0xc3 in for 0x91
01-27 13:09:31.482 22320 22320 E ArmVmp : Match on catch block at 0xc3 in for 0x95
01-27 13:09:31.505 22320 22320 E ArmVmp : Match on catch block at 0xc3 in for 0x95
01-27 13:09:31.515 22320 22320 E ArmVmp : Match on catch block at 0xc3 in for 0x99
01-27 13:09:31.540 22320 22320 E ArmVmp : Match on catch block at 0xc3 in for 0x99
01-27 13:09:31.554 22320 22320 E ArmVmp : Match on catch block at 0xc3 in for 0x91
01-27 13:09:31.572 22320 22320 E ArmVmp : Match on catch block at 0xc3 in for 0x91
01-27 13:09:31.579 22320 22320 E ArmVmp : Match on catch block at 0xc3 in for 0x95
01-27 13:09:31.590 22320 22320 E ArmVmp : Match on catch block at 0xc3 in for 0x95
01-27 13:09:31.598 22320 22320 E ArmVmp : Match on catch block at 0xc3 in for 0x99
01-27 13:09:31.620 22320 22320 E ArmVmp : Match on catch block at 0xc3 in for 0x99
01-27 13:09:31.627 22320 22320 E ArmVmp : Match on catch block at 0xc3 in for 0x91
01-27 13:09:31.643 22320 22320 E ArmVmp : Match on catch block at 0xc3 in for 0x91
01-27 13:09:31.648 22320 22320 E ArmVmp : Match on catch block at 0xc3 in for 0x95
01-27 13:09:31.671 22320 22320 E ArmVmp : Match on catch block at 0xc3 in for 0x95
01-27 13:09:31.680 22320 22320 E ArmVmp : Match on catch block at 0xc3 in for 0x99
01-27 13:09:31.698 22320 22396 W MediaPlayer: Use of stream types is deprecated for
operations other than volume control
01-27 13:09:31.698 22320 22396 W MediaPlayer: See the documentation of
setAudioStreamType() for what to use instead with android.media.AudioAttributes to
qualify your playback use case
01-27 13:09:31.706 22320 22320 E ArmVmp : Match on catch block at 0xc3 in for 0x95
01-27 13:09:31.712 22320 22320 E ArmVmp : Match on catch block at 0xc3 in for 0x99
01-27 13:09:31.722 22320 22320 E ArmVmp : Match on catch block at 0xc3 in for 0x99
01-27 13:09:31.729 22320 22320 E ArmVmp : Match on catch block at 0xc3 in for 0x91
01-27 13:09:31.739 22320 22320 E ArmVmp : Match on catch block at 0xc3 in for 0x91
01-27 13:09:31.745 22320 22320 E ArmVmp : Match on catch block at 0xc3 in for 0x95
01-27 13:09:31.760 22320 22320 E ArmVmp : Match on catch block at 0xc3 in for 0x95
01-27 13:09:31.775 22320 22320 E ArmVmp : Match on catch block at 0xc3 in for 0x99
01-27 13:09:31.789 22320 22320 E ArmVmp : Match on catch block at 0xc3 in for 0x99
01-27 13:09:31.797 22320 22320 E ArmVmp : Match on catch block at 0xc3 in for 0x91
01-27 13:09:31.805 22320 22320 E ArmVmp : Match on catch block at 0xc3 in for 0x91
01-27 13:09:31.812 22320 22320 E ArmVmp : Match on catch block at 0xc3 in for 0x95
01-27 13:09:31.838 22320 22320 E ArmVmp : Match on catch block at 0xc3 in for 0x95
01-27 13:09:31.845 22320 22320 E ArmVmp : Match on catch block at 0xc3 in for 0x99
01-27 13:09:31.854 22320 22320 E ArmVmp : Match on catch block at 0xc3 in for 0x99
01-27 13:09:31.858 22320 22331 W MediaPlayerNative: info/warning (10973, 0)
01-27 13:09:31.860 22320 22320 E ArmVmp : Match on catch block at 0xc3 in for 0x91
01-27 13:09:31.906 22320 22320 E ArmVmp : Match on catch block at 0xc3 in for 0x91
01-27 13:09:31.912 22320 22320 E ArmVmp : Match on catch block at 0xc3 in for 0x95
01-27 13:09:31.922 22320 22320 E ArmVmp : Match on catch block at 0xc3 in for 0x95
01-27 13:09:31.928 22320 22320 E ArmVmp : Match on catch block at 0xc3 in for 0x99
01-27 13:09:31.942 22320 22320 E ArmVmp : Match on catch block at 0xc3 in for 0x99
01-27 13:09:31.958 22320 22320 E ArmVmp : Match on catch block at 0xc3 in for 0x91
01-27 13:09:31.975 22320 22320 E ArmVmp : Match on catch block at 0xc3 in for 0x91
01-27 13:09:31.988 22320 22320 E ArmVmp : Match on catch block at 0xc3 in for 0x95
01-27 13:09:32.005 22320 22320 E ArmVmp : Match on catch block at 0xc3 in for 0x95
01-27 13:09:32.012 22320 22320 E ArmVmp : Match on catch block at 0xc3 in for 0x99
01-27 13:09:32.022 22320 22320 E ArmVmp : Match on catch block at 0xc3 in for 0x99
01-27 13:09:32.031 22320 22320 E ArmVmp : Match on catch block at 0xc3 in for 0x91
01-27 13:09:32.055 22320 22320 E ArmVmp : Match on catch block at 0xc3 in for 0x95
01-27 13:09:32.062 22320 22320 E ArmVmp : Match on catch block at 0xc3 in for 0x99
01-27 13:09:32.073 22320 22320 E ArmVmp : Match on catch block at 0xc3 in for 0x99
01-27 13:09:32.080 22320 22320 E ArmVmp : Match on catch block at 0xc3 in for 0x91
01-27 13:09:32.090 22320 22320 E ArmVmp : Match on catch block at 0xc3 in for 0x91
01-27 13:09:32.101 22320 22320 E ArmVmp : Match on catch block at 0xc3 in for 0x95
01-27 13:09:32.124 22320 22320 E ArmVmp : Match on catch block at 0xc3 in for 0x95
01-27 13:09:32.136 22320 22320 E ArmVmp : Match on catch block at 0xc3 in for 0x99
01-27 13:09:32.157 22320 22320 E ArmVmp : Match on catch block at 0xc3 in for 0x99
01-27 13:09:32.164 22320 22320 E ArmVmp : Match on catch block at 0xc3 in for 0x91
01-27 13:09:32.189 22320 22366 E SQLiteDatabase: Error inserting media_duration=0
file_path=Media/WhatsApp Images/Sent/IMG-20240127-WA0000.jpg transferred=1
thumbnail_height_width_ratio=0.4861111 face_y=0 face_x=0 trim_from=0
media_caption=null transcoded=1 message_url=https://mmg.whatsapp.net/v/t62.7118-
24/31804192_302493792380757_6240208708263976339_n.enc?ccb=11-
4&oh=01_AdT4Hk3E1PlRgMU8BnjKtqSRnf3WpP9w-
sH0X5b31B1GTQ&oe=65DC237D&_nc_sid=5e03e0&mms3=true first_scan_sidecar=null
direct_path=/v/t62.7118-24/31804192_302493792380757_6240208708263976339_n.enc?
ccb=11-4&oh=01_AdT4Hk3E1PlRgMU8BnjKtqSRnf3WpP9w-
sH0X5b31B1GTQ&oe=65DC237D&_nc_sid=5e03e0
original_file_hash=FxXzZgh7CiW/m+TyGaxjtRK0uqnjA3iQl0vowvB7/OU=
is_animated_sticker=0 media_name=a74dcbb5-fdf7-463f-abf1-18ec3eaf190e.jpg
has_streaming_sidecar=0 partial_media_enc_hash=null media_key=[B@2949b33
multicast_id=null page_count=0 height=720 partial_media_hash=null gif_attribution=0
mute_video=0 autotransfer_retry_enabled=0 first_scan_length=0 trim_to=0
media_key_timestamp=1706335768667 file_size=530131 chat_row_id=20
media_job_uuid=e7f09be9-befa-4234-9640-1c8db4dc86e7 message_row_id=63
enc_file_hash=5zwd1b4YvBSwVZRjUHGudKoqSGyI4ziArLYIkdkQxjA=
file_hash=FxXzZgh7CiW/m+TyGaxjtRK0uqnjA3iQl0vowvB7/OU= mime_type=null
media_upload_handle=null suspicious_content=0 width=1480 file_length=530131
01-27 13:09:32.189 22320 22366 E SQLiteDatabase:
android.database.sqlite.SQLiteConstraintException: UNIQUE constraint failed:
message_media.message_row_id (code 1555 SQLITE_CONSTRAINT_PRIMARYKEY[1555])
01-27 13:09:32.189 22320 22366 E SQLiteDatabase: at
android.database.sqlite.SQLiteConnection.nativeExecuteForLastInsertedRowId(Native
Method)
01-27 13:09:32.189 22320 22366 E SQLiteDatabase: at
android.database.sqlite.SQLiteConnection.executeForLastInsertedRowId(SQLiteConnecti
on.java:995)
01-27 13:09:32.189 22320 22366 E SQLiteDatabase: at
android.database.sqlite.SQLiteSession.executeForLastInsertedRowId(SQLiteSession.jav
a:788)
01-27 13:09:32.189 22320 22366 E SQLiteDatabase: at
android.database.sqlite.SQLiteStatement.executeInsert(SQLiteStatement.java:86)
01-27 13:09:32.189 22320 22366 E SQLiteDatabase: at
android.database.sqlite.SQLiteDatabase.insertWithOnConflict(SQLiteDatabase.java:202
1)
01-27 13:09:32.189 22320 22366 E SQLiteDatabase: at
android.database.sqlite.SQLiteDatabase.insert(SQLiteDatabase.java:1890)
01-27 13:09:32.189 22320 22366 E SQLiteDatabase: at X.2tm.A08(Unknown
Source:6)
01-27 13:09:32.189 22320 22366 E SQLiteDatabase: at X.35Y.A07(Unknown
Source:212)
01-27 13:09:32.189 22320 22366 E SQLiteDatabase: at X.3QF.A14(Unknown
Source:470)
01-27 13:09:32.189 22320 22366 E SQLiteDatabase: at X.3gU.run(Unknown
Source:982)
01-27 13:09:32.189 22320 22366 E SQLiteDatabase: at
android.os.Handler.handleCallback(Handler.java:873)
01-27 13:09:32.189 22320 22366 E SQLiteDatabase: at
android.os.Handler.dispatchMessage(Handler.java:99)
01-27 13:09:32.189 22320 22366 E SQLiteDatabase: at
X.0zq.dispatchMessage(Unknown Source:4)
01-27 13:09:32.189 22320 22366 E SQLiteDatabase: at
android.os.Looper.loop(Looper.java:214)
01-27 13:09:32.189 22320 22366 E SQLiteDatabase: at
android.os.HandlerThread.run(HandlerThread.java:65)
01-27 13:09:32.191 22320 22320 E ArmVmp : Match on catch block at 0xc3 in for 0x99
01-27 13:09:32.198 22320 22320 E ArmVmp : Match on catch block at 0xc3 in for 0x91
01-27 13:09:32.225 22320 22320 E ArmVmp : Match on catch block at 0xc3 in for 0x91
01-27 13:09:32.231 22320 22320 E ArmVmp : Match on catch block at 0xc3 in for 0x95
01-27 13:09:32.301 22320 22320 E ArmVmp : Match on catch block at 0xc3 in for 0x91
01-27 13:09:32.307 22320 22320 E ArmVmp : Match on catch block at 0xc3 in for 0x95
01-27 13:09:32.342 22320 22320 E ArmVmp : Match on catch block at 0xc3 in for 0x95
01-27 13:09:32.356 22320 22320 E ArmVmp : Match on catch block at 0xc3 in for 0x99
01-27 13:09:32.713 22320 22320 E ArmVmp : Match on catch block at 0xc3 in for 0x99
01-27 13:09:32.721 22320 22320 E ArmVmp : Match on catch block at 0xc3 in for 0x91
01-27 13:09:32.911 22320 22320 E ArmVmp : Match on catch block at 0xc3 in for 0x99
01-27 13:09:32.918 22320 22320 E ArmVmp : Match on catch block at 0xc3 in for 0x91
01-27 13:09:32.941 22320 22320 E ArmVmp : Match on catch block at 0xc3 in for 0x91
01-27 13:09:32.946 22320 22396 W MediaPlayer: Use of stream types is deprecated for
operations other than volume control
01-27 13:09:32.946 22320 22396 W MediaPlayer: See the documentation of
setAudioStreamType() for what to use instead with android.media.AudioAttributes to
qualify your playback use case
01-27 13:09:32.948 22320 22320 E ArmVmp : Match on catch block at 0xc3 in for 0x95
01-27 13:09:32.996 22320 22331 W MediaPlayerNative: info/warning (10973, 0)
01-27 13:09:33.209 22320 22320 E ArmVmp : Match on catch block at 0xc3 in for 0x91
01-27 13:09:33.215 22320 22320 E ArmVmp : Match on catch block at 0xc3 in for 0x95
01-27 13:09:33.752 22320 22320 E ArmVmp : Match on catch block at 0xc3 in for 0x95
01-27 13:09:33.758 22320 22320 E ArmVmp : Match on catch block at 0xc3 in for 0x99
01-27 13:09:33.835 22320 22320 E ArmVmp : Match on catch block at 0xc3 in for 0x99
01-27 13:09:33.842 22320 22320 E ArmVmp : Match on catch block at 0xc3 in for 0x91
01-27 13:09:33.847 22320 22320 W ActivityThread: handleWindowVisibility: no
activity for token android.os.BinderProxy@3d66a1d
01-27 13:09:34.228 22320 22320 E ArmVmp : Match on catch block at 0xc3 in for 0x95
01-27 13:09:34.236 22320 22320 E ArmVmp : Match on catch block at 0xc3 in for 0x99
01-27 13:09:34.574 22320 22320 E ArmVmp : Match on catch block at 0xc3 in for 0x99
01-27 13:09:34.596 22320 22320 E ArmVmp : Match on catch block at 0xc3 in for 0x91
01-27 13:09:34.639 22320 22320 E ArmVmp : Match on catch block at 0xc3 in for 0x99
01-27 13:09:34.646 22320 22320 E ArmVmp : Match on catch block at 0xc3 in for 0x91
01-27 13:09:34.781 22320 22320 E ArmVmp : Match on catch block at 0xc3 in for 0x91
01-27 13:09:34.790 22320 22320 E ArmVmp : Match on catch block at 0xc3 in for 0x95
01-27 13:09:36.066 22320 22320 E ArmVmp : Match on catch block at 0xc3 in for 0x95
01-27 13:09:36.073 22320 22320 E ArmVmp : Match on catch block at 0xc3 in for 0x99
01-27 13:09:36.082 22320 22320 E ArmVmp : Match on catch block at 0xc3 in for 0x99
01-27 13:09:36.090 22320 22320 E ArmVmp : Match on catch block at 0xc3 in for 0x91
01-27 13:09:36.108 22320 22320 E ArmVmp : Match on catch block at 0xc3 in for 0x91
01-27 13:09:36.117 22320 22320 E ArmVmp : Match on catch block at 0xc3 in for 0x95
01-27 13:09:36.133 22320 22320 E ArmVmp : Match on catch block at 0xc3 in for 0x95
01-27 13:09:36.140 22320 22320 E ArmVmp : Match on catch block at 0xc3 in for 0x99
01-27 13:09:36.149 22320 22320 E ArmVmp : Match on catch block at 0xc3 in for 0x99
01-27 13:09:36.158 22320 22320 E ArmVmp : Match on catch block at 0xc3 in for 0x91
01-27 13:09:36.188 22320 22320 E ArmVmp : Match on catch block at 0xc3 in for 0x91
01-27 13:09:36.194 22320 22320 E ArmVmp : Match on catch block at 0xc3 in for 0x95
01-27 13:09:36.205 22320 22320 E ArmVmp : Match on catch block at 0xc3 in for 0x95
01-27 13:09:36.212 22320 22320 E ArmVmp : Match on catch block at 0xc3 in for 0x99
01-27 13:09:36.234 22320 22320 E ArmVmp : Match on catch block at 0xc3 in for 0x99
01-27 13:09:36.240 22320 22320 E ArmVmp : Match on catch block at 0xc3 in for 0x91
01-27 13:09:36.250 22320 22320 E ArmVmp : Match on catch block at 0xc3 in for 0x91
01-27 13:09:36.260 22320 22320 E ArmVmp : Match on catch block at 0xc3 in for 0x95
01-27 13:09:36.272 22320 22320 E ArmVmp : Match on catch block at 0xc3 in for 0x95
01-27 13:09:36.284 22320 22320 E ArmVmp : Match on catch block at 0xc3 in for 0x99
01-27 13:09:36.299 22320 22320 E ArmVmp : Match on catch block at 0xc3 in for 0x99
01-27 13:09:36.305 22320 22320 E ArmVmp : Match on catch block at 0xc3 in for 0x91
01-27 13:09:36.318 22320 22320 E ArmVmp : Match on catch block at 0xc3 in for 0x91
01-27 13:09:36.325 22320 22320 E ArmVmp : Match on catch block at 0xc3 in for 0x95
01-27 13:09:38.164 22320 22320 E ArmVmp : Match on catch block at 0xc3 in for 0x95
01-27 13:09:38.172 22320 22320 E ArmVmp : Match on catch block at 0xc3 in for 0x99
01-27 13:09:38.181 22320 22320 E ArmVmp : Match on catch block at 0xc3 in for 0x99
01-27 13:09:38.187 22320 22320 E ArmVmp : Match on catch block at 0xc3 in for 0x91
01-27 13:09:38.505 22320 22320 E ArmVmp : Match on catch block at 0xc3 in for 0x91
01-27 13:09:38.516 22320 22320 E ArmVmp : Match on catch block at 0xc3 in for 0x95
01-27 13:09:38.557 22320 22320 E ArmVmp : Match on catch block at 0xc3 in for 0x99
01-27 13:09:38.564 22320 22320 E ArmVmp : Match on catch block at 0xc3 in for 0x91
01-27 13:09:38.592 22320 22320 E ArmVmp : Match on catch block at 0xc3 in for 0x91
01-27 13:09:38.602 22320 22320 E ArmVmp : Match on catch block at 0xc3 in for 0x95
01-27 13:09:38.848 22320 22320 E ArmVmp : Match on catch block at 0xc3 in for 0x91
01-27 13:09:38.857 22320 22320 E ArmVmp : Match on catch block at 0xc3 in for 0x95
01-27 13:09:38.965 22320 22320 E ArmVmp : Match on catch block at 0xc3 in for 0x99
01-27 13:09:38.972 22320 22320 E ArmVmp : Match on catch block at 0xc3 in for 0x91
01-27 13:09:38.998 22320 22320 E ArmVmp : Match on catch block at 0xc3 in for 0x95
01-27 13:09:39.014 22320 22320 E ArmVmp : Match on catch block at 0xc3 in for 0x99
01-27 13:09:39.241 22320 22320 E ArmVmp : Match on catch block at 0xc3 in for 0x91
01-27 13:09:39.257 22320 22320 E ArmVmp : Match on catch block at 0xc3 in for 0x95
01-27 13:09:39.728 22320 22320 E ArmVmp : Match on catch block at 0xc3 in for 0x95
01-27 13:09:39.734 22320 22320 E ArmVmp : Match on catch block at 0xc3 in for 0x99
01-27 13:09:41.507 22320 22320 W ActivityThread: handleWindowVisibility: no
activity for token android.os.BinderProxy@e82ae70
01-27 13:09:42.162 22320 22320 E ArmVmp : Match on catch block at 0x0a in for 0xb5
01-27 13:09:42.174 22320 22320 E ArmVmp : Match on catch block at 0x0a in for 0xb1
01-27 13:09:42.791 22320 22320 E ArmVmp : Match on catch block at 0xc3 in for 0xa9
01-27 13:09:42.799 22320 22320 E ArmVmp : Match on catch block at 0xc3 in for 0xa9
01-27 13:09:42.871 22320 22320 E ArmVmp : Match on catch block at 0xc3 in for 0x99
01-27 13:09:42.892 22320 22320 E ArmVmp : Match on catch block at 0xc3 in for 0x91
01-27 13:09:43.090 22320 22320 E ArmVmp : Match on catch block at 0xc3 in for 0x99
01-27 13:09:43.122 22320 22320 E ArmVmp : Match on catch block at 0xc3 in for 0x91
01-27 13:09:43.173 22320 22320 E ArmVmp : Match on catch block at 0xc3 in for 0x99
01-27 13:09:43.181 22320 22320 E ArmVmp : Match on catch block at 0xc3 in for 0x91
01-27 13:09:43.194 22320 22320 E ArmVmp : Match on catch block at 0xc3 in for 0x91
01-27 13:09:43.202 22320 22320 E ArmVmp : Match on catch block at 0xc3 in for 0x95
01-27 13:09:43.216 22320 22320 E ArmVmp : Match on catch block at 0xc3 in for 0x95
01-27 13:09:43.222 22320 22320 E ArmVmp : Match on catch block at 0xc3 in for 0x99
01-27 13:09:43.232 22320 22320 E ArmVmp : Match on catch block at 0xc3 in for 0x99
01-27 13:09:43.252 22320 22320 E ArmVmp : Match on catch block at 0xc3 in for 0x91
01-27 13:09:43.286 22320 22320 E ArmVmp : Match on catch block at 0xc3 in for 0x91
01-27 13:09:43.295 22320 22320 E ArmVmp : Match on catch block at 0xc3 in for 0x95
01-27 13:09:43.316 22320 22320 E ArmVmp : Match on catch block at 0xc3 in for 0x95
01-27 13:09:43.325 22320 22320 E ArmVmp : Match on catch block at 0xc3 in for 0x99
01-27 13:09:43.349 22320 22320 E ArmVmp : Match on catch block at 0xc3 in for 0x99
01-27 13:09:43.356 22320 22320 E ArmVmp : Match on catch block at 0xc3 in for 0x91
01-27 13:09:43.397 22320 22320 E ArmVmp : Match on catch block at 0xc3 in for 0x91
01-27 13:09:43.403 22320 22320 E ArmVmp : Match on catch block at 0xc3 in for 0x95
01-27 13:09:43.420 22320 22320 E ArmVmp : Match on catch block at 0xc3 in for 0x95
01-27 13:09:43.429 22320 22320 E ArmVmp : Match on catch block at 0xc3 in for 0x99
01-27 13:09:43.451 22320 22320 E ArmVmp : Match on catch block at 0xc3 in for 0x99
01-27 13:09:43.458 22320 22320 E ArmVmp : Match on catch block at 0xc3 in for 0x91
01-27 13:09:43.467 22320 22320 E ArmVmp : Match on catch block at 0xc3 in for 0x91
01-27 13:09:43.476 22320 22320 E ArmVmp : Match on catch block at 0xc3 in for 0x95
01-27 13:09:43.502 22320 22320 E ArmVmp : Match on catch block at 0xc3 in for 0x95
01-27 13:09:43.509 22320 22320 E ArmVmp : Match on catch block at 0xc3 in for 0x99
01-27 13:09:44.001 22320 22320 E ArmVmp : Match on catch block at 0xc3 in for 0x99
01-27 13:09:44.007 22320 22320 E ArmVmp : Match on catch block at 0xc3 in for 0x91
01-27 13:09:44.503 22320 22320 E ArmVmp : Match on catch block at 0xc3 in for 0x91
01-27 13:09:44.510 22320 22320 E ArmVmp : Match on catch block at 0xc3 in for 0x95
01-27 13:09:44.580 22320 22320 E ArmVmp : Match on catch block at 0xc3 in for 0x99
01-27 13:09:44.586 22320 22320 E ArmVmp : Match on catch block at 0xc3 in for 0x91
01-27 13:09:44.598 22320 22320 E ArmVmp : Match on catch block at 0xc3 in for 0x91
01-27 13:09:44.610 22320 22320 E ArmVmp : Match on catch block at 0xc3 in for 0x95
01-27 13:09:44.623 22320 22320 E ArmVmp : Match on catch block at 0xc3 in for 0x95
01-27 13:09:44.637 22320 22320 E ArmVmp : Match on catch block at 0xc3 in for 0x99
01-27 13:09:44.656 22320 22320 E ArmVmp : Match on catch block at 0xc3 in for 0x99
01-27 13:09:44.663 22320 22320 E ArmVmp : Match on catch block at 0xc3 in for 0x91
01-27 13:09:44.686 22320 22320 E ArmVmp : Match on catch block at 0xc3 in for 0x91
01-27 13:09:44.693 22320 22320 E ArmVmp : Match on catch block at 0xc3 in for 0x95
01-27 13:09:44.722 22320 22320 E ArmVmp : Match on catch block at 0xc3 in for 0x95
01-27 13:09:44.728 22320 22320 E ArmVmp : Match on catch block at 0xc3 in for 0x99
01-27 13:09:44.742 22320 22320 E ArmVmp : Match on catch block at 0xc3 in for 0x99
01-27 13:09:44.747 22320 22320 E ArmVmp : Match on catch block at 0xc3 in for 0x91
01-27 13:09:44.772 22320 22320 E ArmVmp : Match on catch block at 0xc3 in for 0x91
01-27 13:09:44.777 22320 22320 E ArmVmp : Match on catch block at 0xc3 in for 0x95
01-27 13:09:44.786 22320 22320 E ArmVmp : Match on catch block at 0xc3 in for 0x95
01-27 13:09:44.792 22320 22320 E ArmVmp : Match on catch block at 0xc3 in for 0x99
01-27 13:09:44.804 22320 22320 E ArmVmp : Match on catch block at 0xc3 in for 0x99
01-27 13:09:44.814 22320 22320 E ArmVmp : Match on catch block at 0xc3 in for 0x91
01-27 13:09:44.838 22320 22320 E ArmVmp : Match on catch block at 0xc3 in for 0x91
01-27 13:09:44.844 22320 22320 E ArmVmp : Match on catch block at 0xc3 in for 0x95
01-27 13:09:44.853 22320 22320 E ArmVmp : Match on catch block at 0xc3 in for 0x95
01-27 13:09:44.859 22320 22320 E ArmVmp : Match on catch block at 0xc3 in for 0x99
01-27 13:09:44.870 22320 22320 E ArmVmp : Match on catch block at 0xc3 in for 0x99
01-27 13:09:44.878 22320 22320 E ArmVmp : Match on catch block at 0xc3 in for 0x91
01-27 13:09:44.922 22320 22320 E ArmVmp : Match on catch block at 0xc3 in for 0x91
01-27 13:09:44.928 22320 22320 E ArmVmp : Match on catch block at 0xc3 in for 0x95
01-27 13:09:44.953 22320 22320 E ArmVmp : Match on catch block at 0xc3 in for 0x95
01-27 13:09:44.959 22320 22320 E ArmVmp : Match on catch block at 0xc3 in for 0x99
01-27 13:09:44.970 22320 22320 E ArmVmp : Match on catch block at 0xc3 in for 0x99
01-27 13:09:44.985 22320 22320 E ArmVmp : Match on catch block at 0xc3 in for 0x91
01-27 13:09:45.004 22320 22320 E ArmVmp : Match on catch block at 0xc3 in for 0x91
01-27 13:09:45.010 22320 22320 E ArmVmp : Match on catch block at 0xc3 in for 0x95
01-27 13:09:45.038 22320 22320 E ArmVmp : Match on catch block at 0xc3 in for 0x95
01-27 13:09:45.043 22320 22320 E ArmVmp : Match on catch block at 0xc3 in for 0x99
01-27 13:09:45.055 22320 22320 E ArmVmp : Match on catch block at 0xc3 in for 0x99
01-27 13:09:45.061 22320 22320 E ArmVmp : Match on catch block at 0xc3 in for 0x91
01-27 13:09:45.075 22320 22320 E ArmVmp : Match on catch block at 0xc3 in for 0x91
01-27 13:09:45.103 22320 22320 E ArmVmp : Match on catch block at 0xc3 in for 0x95
01-27 13:09:45.120 22320 22320 E ArmVmp : Match on catch block at 0xc3 in for 0x95
01-27 13:09:45.127 22320 22320 E ArmVmp : Match on catch block at 0xc3 in for 0x99
01-27 13:09:45.143 22320 22320 E ArmVmp : Match on catch block at 0xc3 in for 0x99
01-27 13:09:45.149 22320 22320 E ArmVmp : Match on catch block at 0xc3 in for 0x91
01-27 13:09:45.172 22320 22320 E ArmVmp : Match on catch block at 0xc3 in for 0x91
01-27 13:09:45.178 22320 22320 E ArmVmp : Match on catch block at 0xc3 in for 0x95
01-27 13:09:45.188 22320 22320 E ArmVmp : Match on catch block at 0xc3 in for 0x95
01-27 13:09:45.194 22320 22320 E ArmVmp : Match on catch block at 0xc3 in for 0x99
01-27 13:09:45.209 22320 22320 E ArmVmp : Match on catch block at 0xc3 in for 0x99
01-27 13:09:45.226 22320 22320 E ArmVmp : Match on catch block at 0xc3 in for 0x91
01-27 13:09:45.239 22320 22320 E ArmVmp : Match on catch block at 0xc3 in for 0x91
01-27 13:09:45.257 22320 22320 E ArmVmp : Match on catch block at 0xc3 in for 0x95
01-27 13:09:45.270 22320 22320 E ArmVmp : Match on catch block at 0xc3 in for 0x91
01-27 13:09:45.277 22320 22320 E ArmVmp : Match on catch block at 0xc3 in for 0x95
01-27 13:09:45.287 22320 22320 E ArmVmp : Match on catch block at 0xc3 in for 0x95
01-27 13:09:45.295 22320 22320 E ArmVmp : Match on catch block at 0xc3 in for 0x99
01-27 13:09:45.306 22320 22320 E ArmVmp : Match on catch block at 0xc3 in for 0x99
01-27 13:09:45.317 22320 22320 E ArmVmp : Match on catch block at 0xc3 in for 0x91
01-27 13:09:45.339 22320 22320 E ArmVmp : Match on catch block at 0xc3 in for 0x91
01-27 13:09:45.347 22320 22320 E ArmVmp : Match on catch block at 0xc3 in for 0x95
01-27 13:09:45.371 22320 22320 E ArmVmp : Match on catch block at 0xc3 in for 0x95
01-27 13:09:45.386 22320 22320 E ArmVmp : Match on catch block at 0xc3 in for 0x99
01-27 13:09:45.415 22320 22320 E ArmVmp : Match on catch block at 0xc3 in for 0x91
01-27 13:09:45.422 22320 22320 E ArmVmp : Match on catch block at 0xc3 in for 0x95
01-27 13:09:45.439 22320 22320 E ArmVmp : Match on catch block at 0xc3 in for 0x95
01-27 13:09:45.448 22320 22320 E ArmVmp : Match on catch block at 0xc3 in for 0x99
01-27 13:09:45.505 22320 22320 E ArmVmp : Match on catch block at 0xc3 in for 0x99
01-27 13:09:45.513 22320 22320 E ArmVmp : Match on catch block at 0xc3 in for 0x91
01-27 13:09:46.006 22320 22320 E ArmVmp : Match on catch block at 0xc3 in for 0x91
01-27 13:09:46.012 22320 22320 E ArmVmp : Match on catch block at 0xc3 in for 0x95
01-27 13:09:46.508 22320 22320 E ArmVmp : Match on catch block at 0xc3 in for 0x95
01-27 13:09:46.515 22320 22320 E ArmVmp : Match on catch block at 0xc3 in for 0x99
01-27 13:09:47.008 22320 22320 E ArmVmp : Match on catch block at 0xc3 in for 0x99
01-27 13:09:47.015 22320 22320 E ArmVmp : Match on catch block at 0xc3 in for 0x91
01-27 13:09:47.043 22320 22320 E ArmVmp : Match on catch block at 0xc3 in for 0x91
01-27 13:09:47.050 22320 22320 E ArmVmp : Match on catch block at 0xc3 in for 0x95
01-27 13:09:47.059 22320 22320 E ArmVmp : Match on catch block at 0xc3 in for 0x95
01-27 13:09:47.067 22320 22320 E ArmVmp : Match on catch block at 0xc3 in for 0x99
01-27 13:09:47.076 22320 22320 E ArmVmp : Match on catch block at 0xc3 in for 0x99
01-27 13:09:47.083 22320 22320 E ArmVmp : Match on catch block at 0xc3 in for 0x91
01-27 13:09:47.094 22320 22320 E ArmVmp : Match on catch block at 0xc3 in for 0x91
01-27 13:09:47.101 22320 22320 E ArmVmp : Match on catch block at 0xc3 in for 0x95
01-27 13:09:47.109 22320 22320 E ArmVmp : Match on catch block at 0xc3 in for 0x95
01-27 13:09:47.116 22320 22320 E ArmVmp : Match on catch block at 0xc3 in for 0x99
01-27 13:09:47.125 22320 22320 E ArmVmp : Match on catch block at 0xc3 in for 0x99
01-27 13:09:47.131 22320 22320 E ArmVmp : Match on catch block at 0xc3 in for 0x91
01-27 13:09:47.143 22320 22320 E ArmVmp : Match on catch block at 0xc3 in for 0x91
01-27 13:09:47.149 22320 22320 E ArmVmp : Match on catch block at 0xc3 in for 0x95
01-27 13:09:47.160 22320 22320 E ArmVmp : Match on catch block at 0xc3 in for 0x95
01-27 13:09:47.166 22320 22320 E ArmVmp : Match on catch block at 0xc3 in for 0x99
01-27 13:09:47.177 22320 22320 E ArmVmp : Match on catch block at 0xc3 in for 0x99
01-27 13:09:47.184 22320 22320 E ArmVmp : Match on catch block at 0xc3 in for 0x91
01-27 13:09:47.194 22320 22320 E ArmVmp : Match on catch block at 0xc3 in for 0x91
01-27 13:09:47.202 22320 22320 E ArmVmp : Match on catch block at 0xc3 in for 0x95
01-27 13:09:47.212 22320 22320 E ArmVmp : Match on catch block at 0xc3 in for 0x95
01-27 13:09:47.218 22320 22320 E ArmVmp : Match on catch block at 0xc3 in for 0x99
01-27 13:09:47.228 22320 22320 E ArmVmp : Match on catch block at 0xc3 in for 0x99
01-27 13:09:47.236 22320 22320 E ArmVmp : Match on catch block at 0xc3 in for 0x91
01-27 13:09:47.244 22320 22320 E ArmVmp : Match on catch block at 0xc3 in for 0x91
01-27 13:09:47.252 22320 22320 E ArmVmp : Match on catch block at 0xc3 in for 0x95
01-27 13:09:47.261 22320 22320 E ArmVmp : Match on catch block at 0xc3 in for 0x95
01-27 13:09:47.268 22320 22320 E ArmVmp : Match on catch block at 0xc3 in for 0x99
01-27 13:09:47.279 22320 22320 E ArmVmp : Match on catch block at 0xc3 in for 0x99
01-27 13:09:47.285 22320 22320 E ArmVmp : Match on catch block at 0xc3 in for 0x91
01-27 13:09:47.294 22320 22320 E ArmVmp : Match on catch block at 0xc3 in for 0x91
01-27 13:09:47.301 22320 22320 E ArmVmp : Match on catch block at 0xc3 in for 0x95
01-27 13:09:47.511 22320 22320 E ArmVmp : Match on catch block at 0xc3 in for 0x95
01-27 13:09:47.518 22320 22320 E ArmVmp : Match on catch block at 0xc3 in for 0x99
01-27 13:09:48.012 22320 22320 E ArmVmp : Match on catch block at 0xc3 in for 0x99
01-27 13:09:48.018 22320 22320 E ArmVmp : Match on catch block at 0xc3 in for 0x91
01-27 13:09:48.514 22320 22320 E ArmVmp : Match on catch block at 0xc3 in for 0x91
01-27 13:09:48.521 22320 22320 E ArmVmp : Match on catch block at 0xc3 in for 0x95
01-27 13:09:49.015 22320 22320 E ArmVmp : Match on catch block at 0xc3 in for 0x95
01-27 13:09:49.022 22320 22320 E ArmVmp : Match on catch block at 0xc3 in for 0x99
01-27 13:09:49.515 22320 22320 E ArmVmp : Match on catch block at 0xc3 in for 0x99
01-27 13:09:49.521 22320 22320 E ArmVmp : Match on catch block at 0xc3 in for 0x91
01-27 13:09:50.027 22320 22320 E ArmVmp : Match on catch block at 0xc3 in for 0x99
01-27 13:09:50.036 22320 22320 E ArmVmp : Match on catch block at 0xc3 in for 0x91
01-27 13:09:50.044 22320 22320 E ArmVmp : Match on catch block at 0xc3 in for 0x91
01-27 13:09:50.051 22320 22320 E ArmVmp : Match on catch block at 0xc3 in for 0x95
01-27 13:09:50.140 22320 22320 E ArmVmp : Match on catch block at 0xc3 in for 0x91
01-27 13:09:50.145 22320 22320 E ArmVmp : Match on catch block at 0xc3 in for 0x95
01-27 13:09:50.278 22320 22320 E ArmVmp : Match on catch block at 0xc3 in for 0x99
01-27 13:09:50.284 22320 22320 E ArmVmp : Match on catch block at 0xc3 in for 0x91
01-27 13:09:50.692 22320 22320 E ArmVmp : Match on catch block at 0xc3 in for 0x99
01-27 13:09:50.699 22320 22320 E ArmVmp : Match on catch block at 0xc3 in for 0x91
01-27 13:09:56.258 22320 22320 W com.whatsapp: Accessing hidden method
Landroid/view/View;->setTransitionVisibility(I)V (dark greylist, linking)
01-27 13:09:56.282 22320 22320 W StaticLayout: maxLineHeight should not be -1.
maxLines:1 lineCount:1
01-27 13:09:56.288 22320 22320 W StaticLayout: maxLineHeight should not be -1.
maxLines:1 lineCount:1
01-27 13:10:04.628 22320 22320 W ActivityThread: handleWindowVisibility: no
activity for token android.os.BinderProxy@3511246
01-27 13:10:04.890 22320 22320 W BottomSheetBehavior: BottomSheetBehavior now
supports multiple callbacks. `setBottomSheetCallback()` removes all existing
callbacks, including ones set internally by library authors, which may result in
unintended behavior. This may change in the future. Please use
`addBottomSheetCallback()` and `removeBottomSheetCallback()` instead to set your
own callbacks.
01-27 13:10:04.890 22320 22320 W BottomSheetBehavior: BottomSheetBehavior now
supports multiple callbacks. `setBottomSheetCallback()` removes all existing
callbacks, including ones set internally by library authors, which may result in
unintended behavior. This may change in the future. Please use
`addBottomSheetCallback()` and `removeBottomSheetCallback()` instead to set your
own callbacks.
01-27 13:10:05.201 22320 22320 W BottomSheetBehavior: BottomSheetBehavior now
supports multiple callbacks. `setBottomSheetCallback()` removes all existing
callbacks, including ones set internally by library authors, which may result in
unintended behavior. This may change in the future. Please use
`addBottomSheetCallback()` and `removeBottomSheetCallback()` instead to set your
own callbacks.
01-27 13:10:05.202 22320 22320 W BottomSheetBehavior: BottomSheetBehavior now
supports multiple callbacks. `setBottomSheetCallback()` removes all existing
callbacks, including ones set internally by library authors, which may result in
unintended behavior. This may change in the future. Please use
`addBottomSheetCallback()` and `removeBottomSheetCallback()` instead to set your
own callbacks.
01-27 13:10:05.260 22320 22320 W BottomSheetBehavior: BottomSheetBehavior now
supports multiple callbacks. `setBottomSheetCallback()` removes all existing
callbacks, including ones set internally by library authors, which may result in
unintended behavior. This may change in the future. Please use
`addBottomSheetCallback()` and `removeBottomSheetCallback()` instead to set your
own callbacks.
01-27 13:10:05.260 22320 22320 W BottomSheetBehavior: BottomSheetBehavior now
supports multiple callbacks. `setBottomSheetCallback()` removes all existing
callbacks, including ones set internally by library authors, which may result in
unintended behavior. This may change in the future. Please use
`addBottomSheetCallback()` and `removeBottomSheetCallback()` instead to set your
own callbacks.
01-27 13:10:05.322 22320 22320 E RecyclerView: No adapter attached; skipping layout
01-27 13:10:05.324 22320 22320 E RecyclerView: No adapter attached; skipping layout
01-27 13:10:05.506 22320 23705 W AudioCapabilities: Unsupported mime audio/ac4
01-27 13:10:05.508 22320 23705 W AudioCapabilities: Unsupported mime audio/x-ima
01-27 13:10:05.517 22320 23705 W AudioCapabilities: Unsupported mime audio/eac3-joc
01-27 13:10:05.534 22320 23705 W AudioCapabilities: Unsupported mime audio/mpeg-L1
01-27 13:10:05.539 22320 23705 W AudioCapabilities: Unsupported mime audio/mpeg-L2
01-27 13:10:05.560 22320 23705 W AudioCapabilities: Unsupported mime audio/x-ms-wma
01-27 13:10:05.618 22320 23705 W VideoCapabilities: Unrecognized profile 4 for
video/hevc
01-27 13:10:05.641 22320 23705 W VideoCapabilities: Unsupported mime video/mp43
01-27 13:10:05.656 22320 23705 W VideoCapabilities: Unrecognized profile/level 1/32
for video/mp4v-es
01-27 13:10:05.656 22320 23705 W VideoCapabilities: Unrecognized profile/level
32768/2 for video/mp4v-es
01-27 13:10:05.656 22320 23705 W VideoCapabilities: Unrecognized profile/level
32768/64 for video/mp4v-es
01-27 13:10:05.660 22320 23705 W VideoCapabilities: Unsupported mime video/wvc1
01-27 13:10:05.685 22320 23705 W VideoCapabilities: Unsupported mime video/x-ms-
wmv7
01-27 13:10:05.692 22320 23705 W VideoCapabilities: Unsupported mime video/x-ms-
wmv8
01-27 13:10:05.941 22320 23708 W MapperHal: buffer descriptor with invalid usage
bits 0x2000
01-27 13:10:05.943 22320 23708 W MapperHal: buffer descriptor with invalid usage
bits 0x2000
01-27 13:10:05.947 22320 23708 W MapperHal: buffer descriptor with invalid usage
bits 0x2000
01-27 13:10:05.952 22320 23708 W MapperHal: buffer descriptor with invalid usage
bits 0x2000
01-27 13:10:06.043 22320 23708 W MapperHal: buffer descriptor with invalid usage
bits 0x2000
01-27 13:10:06.045 22320 23708 W MapperHal: buffer descriptor with invalid usage
bits 0x2000
01-27 13:10:06.052 22320 23705 W com.whatsapp: Accessing hidden method
Landroid/media/AudioTrack$Builder;->setOffloadedPlayback(Z)Landroid/media/
AudioTrack$Builder; (dark greylist, linking)
01-27 13:10:06.101 22320 23708 W MapperHal: buffer descriptor with invalid usage
bits 0x2000
01-27 13:10:06.472 22320 23708 W MapperHal: buffer descriptor with invalid usage
bits 0x2000
01-27 13:10:07.645 22320 22366 E SQLiteDatabase: Error inserting media_duration=12
file_path=null transferred=0 thumbnail_height_width_ratio=1.7777778 face_y=0
face_x=0 trim_from=0 media_caption=null transcoded=0
message_url=https://mmg.whatsapp.net/v/t62.7161-
24/35743985_298335396157381_1107666198144583493_n.enc?ccb=11-
4&oh=01_AdS1lzN2M2DitmNzMMBJF-Vp_98tmo3Ni6G1MSO4-
IKIyQ&oe=65DAFD52&_nc_sid=5e03e0&mms3=true first_scan_sidecar=null
direct_path=/v/t62.7161-24/35743985_298335396157381_1107666198144583493_n.enc?
ccb=11-4&oh=01_AdS1lzN2M2DitmNzMMBJF-Vp_98tmo3Ni6G1MSO4-
IKIyQ&oe=65DAFD52&_nc_sid=5e03e0 original_file_hash=null is_animated_sticker=0
media_name=null has_streaming_sidecar=1 partial_media_enc_hash=null
media_key=[B@271d46 multicast_id=null page_count=0 height=1024
partial_media_hash=null gif_attribution=0 mute_video=0 autotransfer_retry_enabled=0
first_scan_length=0 trim_to=0 media_key_timestamp=1706268981000 file_size=0
chat_row_id=4 media_job_uuid=87ea946d-2eca-427a-be50-5d3aa4ff4151 message_row_id=51
enc_file_hash=lz2GfuMDU6ASTQ+vHOuQGZVbcugGwRvKeg3gpVYuZmg=
file_hash=Lkxgj6RXPHirhAg01CcooIuJctQr+WnL/75TiCR2Wj4= mime_type=video/mp4
media_upload_handle=null suspicious_content=0 width=576 file_length=2346277
01-27 13:10:07.645 22320 22366 E SQLiteDatabase:
android.database.sqlite.SQLiteConstraintException: UNIQUE constraint failed:
message_media.message_row_id (code 1555 SQLITE_CONSTRAINT_PRIMARYKEY[1555])
01-27 13:10:07.645 22320 22366 E SQLiteDatabase: at
android.database.sqlite.SQLiteConnection.nativeExecuteForLastInsertedRowId(Native
Method)
01-27 13:10:07.645 22320 22366 E SQLiteDatabase: at
android.database.sqlite.SQLiteConnection.executeForLastInsertedRowId(SQLiteConnecti
on.java:995)
01-27 13:10:07.645 22320 22366 E SQLiteDatabase: at
android.database.sqlite.SQLiteSession.executeForLastInsertedRowId(SQLiteSession.jav
a:788)
01-27 13:10:07.645 22320 22366 E SQLiteDatabase: at
android.database.sqlite.SQLiteStatement.executeInsert(SQLiteStatement.java:86)
01-27 13:10:07.645 22320 22366 E SQLiteDatabase: at
android.database.sqlite.SQLiteDatabase.insertWithOnConflict(SQLiteDatabase.java:202
1)
01-27 13:10:07.645 22320 22366 E SQLiteDatabase: at
android.database.sqlite.SQLiteDatabase.insert(SQLiteDatabase.java:1890)
01-27 13:10:07.645 22320 22366 E SQLiteDatabase: at X.2tm.A08(Unknown
Source:6)
01-27 13:10:07.645 22320 22366 E SQLiteDatabase: at X.35Y.A07(Unknown
Source:212)
01-27 13:10:07.645 22320 22366 E SQLiteDatabase: at X.3QF.A14(Unknown
Source:470)
01-27 13:10:07.645 22320 22366 E SQLiteDatabase: at X.3gU.run(Unknown
Source:982)
01-27 13:10:07.645 22320 22366 E SQLiteDatabase: at
android.os.Handler.handleCallback(Handler.java:873)
01-27 13:10:07.645 22320 22366 E SQLiteDatabase: at
android.os.Handler.dispatchMessage(Handler.java:99)
01-27 13:10:07.645 22320 22366 E SQLiteDatabase: at
X.0zq.dispatchMessage(Unknown Source:4)
01-27 13:10:07.645 22320 22366 E SQLiteDatabase: at
android.os.Looper.loop(Looper.java:214)
01-27 13:10:07.645 22320 22366 E SQLiteDatabase: at
android.os.HandlerThread.run(HandlerThread.java:65)
01-27 13:10:07.800 22320 22366 E SQLiteDatabase: Error inserting media_duration=12
file_path=null transferred=0 thumbnail_height_width_ratio=1.7777778 face_y=0
face_x=0 trim_from=0 media_caption=null transcoded=0
message_url=https://mmg.whatsapp.net/v/t62.7161-
24/35743985_298335396157381_1107666198144583493_n.enc?ccb=11-
4&oh=01_AdS1lzN2M2DitmNzMMBJF-Vp_98tmo3Ni6G1MSO4-
IKIyQ&oe=65DAFD52&_nc_sid=5e03e0&mms3=true first_scan_sidecar=null
direct_path=/v/t62.7161-24/35743985_298335396157381_1107666198144583493_n.enc?
ccb=11-4&oh=01_AdS1lzN2M2DitmNzMMBJF-Vp_98tmo3Ni6G1MSO4-
IKIyQ&oe=65DAFD52&_nc_sid=5e03e0 original_file_hash=null is_animated_sticker=0
media_name=null has_streaming_sidecar=1 partial_media_enc_hash=null
media_key=[B@271d46 multicast_id=null page_count=0 height=1024
partial_media_hash=null gif_attribution=0 mute_video=0 autotransfer_retry_enabled=0
first_scan_length=0 trim_to=0 media_key_timestamp=1706268981000 file_size=0
chat_row_id=4 media_job_uuid=87ea946d-2eca-427a-be50-5d3aa4ff4151 message_row_id=51
enc_file_hash=lz2GfuMDU6ASTQ+vHOuQGZVbcugGwRvKeg3gpVYuZmg=
file_hash=Lkxgj6RXPHirhAg01CcooIuJctQr+WnL/75TiCR2Wj4= mime_type=video/mp4
media_upload_handle=null suspicious_content=0 width=576 file_length=2346277
01-27 13:10:07.800 22320 22366 E SQLiteDatabase:
android.database.sqlite.SQLiteConstraintException: UNIQUE constraint failed:
message_media.message_row_id (code 1555 SQLITE_CONSTRAINT_PRIMARYKEY[1555])
01-27 13:10:07.800 22320 22366 E SQLiteDatabase: at
android.database.sqlite.SQLiteConnection.nativeExecuteForLastInsertedRowId(Native
Method)
01-27 13:10:07.800 22320 22366 E SQLiteDatabase: at
android.database.sqlite.SQLiteConnection.executeForLastInsertedRowId(SQLiteConnecti
on.java:995)
01-27 13:10:07.800 22320 22366 E SQLiteDatabase: at
