01-16 07:35:02.530 5028 5094 E gralloc4: Empty SMPTE 2094-40 data
01-16 07:35:02.548 5028 5094 E gralloc4: Empty SMPTE 2094-40 data
01-16 07:35:02.561 5028 5189 W com.mbwhatsapp: Accessing hidden method
Landroid/app/MiuiNotification;-><init>()V (blocked, reflection, denied)
01-16 07:35:02.565 5028 5094 E gralloc4: Empty SMPTE 2094-40 data
01-16 07:35:02.575 5028 5094 E gralloc4: Empty SMPTE 2094-40 data
01-16 07:35:02.578 5028 5189 W com.mbwhatsapp: Accessing hidden method
Landroid/app/MiuiNotification;-><init>()V (blocked, reflection, denied)
01-16 07:35:02.598 5028 5094 E gralloc4: Empty SMPTE 2094-40 data
01-16 07:35:02.599 5028 5189 W com.mbwhatsapp: Accessing hidden method
Landroid/app/MiuiNotification;-><init>()V (blocked, reflection, denied)
01-16 07:35:02.615 5028 5094 E gralloc4: Empty SMPTE 2094-40 data
01-16 07:35:02.616 5028 5189 W com.mbwhatsapp: Accessing hidden method
Landroid/app/MiuiNotification;-><init>()V (blocked, reflection, denied)
01-16 07:35:02.633 5028 5094 E gralloc4: Empty SMPTE 2094-40 data
01-16 07:35:02.634 5028 5189 W com.mbwhatsapp: Accessing hidden method
Landroid/app/MiuiNotification;-><init>()V (blocked, reflection, denied)
01-16 07:35:02.648 5028 5094 E gralloc4: Empty SMPTE 2094-40 data
01-16 07:35:02.659 5028 5189 W com.mbwhatsapp: Accessing hidden method
Landroid/app/MiuiNotification;-><init>()V (blocked, reflection, denied)
01-16 07:35:02.664 5028 5094 E gralloc4: Empty SMPTE 2094-40 data
01-16 07:35:02.673 5028 5189 W com.mbwhatsapp: Accessing hidden method
Landroid/app/MiuiNotification;-><init>()V (blocked, reflection, denied)
01-16 07:35:02.674 5028 5094 E gralloc4: Empty SMPTE 2094-40 data
01-16 07:35:02.696 5028 5189 W com.mbwhatsapp: Accessing hidden method
Landroid/app/MiuiNotification;-><init>()V (blocked, reflection, denied)
01-16 07:35:02.698 5028 5094 E gralloc4: Empty SMPTE 2094-40 data
01-16 07:35:02.715 5028 5094 E gralloc4: Empty SMPTE 2094-40 data
01-16 07:35:02.716 5028 5189 W com.mbwhatsapp: Accessing hidden method
Landroid/app/MiuiNotification;-><init>()V (blocked, reflection, denied)
01-16 07:35:02.730 5028 5094 E gralloc4: Empty SMPTE 2094-40 data
01-16 07:35:02.735 5028 5189 W com.mbwhatsapp: Accessing hidden method
Landroid/app/MiuiNotification;-><init>()V (blocked, reflection, denied)
01-16 07:35:02.748 5028 5094 E gralloc4: Empty SMPTE 2094-40 data
01-16 07:35:02.760 5028 5189 W com.mbwhatsapp: Accessing hidden method
Landroid/app/MiuiNotification;-><init>()V (blocked, reflection, denied)
01-16 07:35:02.765 5028 5094 E gralloc4: Empty SMPTE 2094-40 data
01-16 07:35:02.774 5028 5094 E gralloc4: Empty SMPTE 2094-40 data
01-16 07:35:02.775 5028 5189 W com.mbwhatsapp: Accessing hidden method
Landroid/app/MiuiNotification;-><init>()V (blocked, reflection, denied)
01-16 07:35:02.798 5028 5094 E gralloc4: Empty SMPTE 2094-40 data
01-16 07:35:02.801 5028 5189 W com.mbwhatsapp: Accessing hidden method
Landroid/app/MiuiNotification;-><init>()V (blocked, reflection, denied)
01-16 07:35:02.815 5028 5189 W com.mbwhatsapp: Accessing hidden method
Landroid/app/MiuiNotification;-><init>()V (blocked, reflection, denied)
01-16 07:35:02.816 5028 5094 E gralloc4: Empty SMPTE 2094-40 data
01-16 07:35:02.830 5028 5094 E gralloc4: Empty SMPTE 2094-40 data
01-16 07:35:02.845 5028 5189 W com.mbwhatsapp: Accessing hidden method
Landroid/app/MiuiNotification;-><init>()V (blocked, reflection, denied)
01-16 07:35:02.846 5028 5094 E gralloc4: Empty SMPTE 2094-40 data
01-16 07:35:02.852 5028 5189 W com.mbwhatsapp: Accessing hidden method
Landroid/app/MiuiNotification;-><init>()V (blocked, reflection, denied)
01-16 07:35:02.864 5028 5094 E gralloc4: Empty SMPTE 2094-40 data
01-16 07:35:02.866 5028 5189 W com.mbwhatsapp: Accessing hidden method
Landroid/app/MiuiNotification;-><init>()V (blocked, reflection, denied)
01-16 07:35:02.879 5028 5094 E gralloc4: Empty SMPTE 2094-40 data
01-16 07:35:02.881 5028 5189 W com.mbwhatsapp: Accessing hidden method
Landroid/app/MiuiNotification;-><init>()V (blocked, reflection, denied)
01-16 07:35:02.896 5028 5094 E gralloc4: Empty SMPTE 2094-40 data
01-16 07:35:02.898 5028 5189 W com.mbwhatsapp: Accessing hidden method
Landroid/app/MiuiNotification;-><init>()V (blocked, reflection, denied)
01-16 07:35:02.914 5028 5094 E gralloc4: Empty SMPTE 2094-40 data
01-16 07:35:02.915 5028 5189 W com.mbwhatsapp: Accessing hidden method
Landroid/app/MiuiNotification;-><init>()V (blocked, reflection, denied)
01-16 07:35:02.929 5028 5094 E gralloc4: Empty SMPTE 2094-40 data
01-16 07:35:02.931 5028 5189 W com.mbwhatsapp: Accessing hidden method
Landroid/app/MiuiNotification;-><init>()V (blocked, reflection, denied)
01-16 07:35:02.946 5028 5094 E gralloc4: Empty SMPTE 2094-40 data
01-16 07:35:02.960 5028 5189 W com.mbwhatsapp: Accessing hidden method
Landroid/app/MiuiNotification;-><init>()V (blocked, reflection, denied)
01-16 07:35:02.963 5028 5094 E gralloc4: Empty SMPTE 2094-40 data
01-16 07:35:02.969 5028 5189 W com.mbwhatsapp: Accessing hidden method
Landroid/app/MiuiNotification;-><init>()V (blocked, reflection, denied)
01-16 07:35:02.984 5028 5094 E gralloc4: Empty SMPTE 2094-40 data
01-16 07:35:02.985 5028 5189 W com.mbwhatsapp: Accessing hidden method
Landroid/app/MiuiNotification;-><init>()V (blocked, reflection, denied)
01-16 07:35:03.000 5028 5094 E gralloc4: Empty SMPTE 2094-40 data
01-16 07:35:03.002 5028 5189 W com.mbwhatsapp: Accessing hidden method
Landroid/app/MiuiNotification;-><init>()V (blocked, reflection, denied)
01-16 07:35:03.016 5028 5094 E gralloc4: Empty SMPTE 2094-40 data
01-16 07:35:03.018 5028 5189 W com.mbwhatsapp: Accessing hidden method
Landroid/app/MiuiNotification;-><init>()V (blocked, reflection, denied)
01-16 07:35:03.034 5028 5094 E gralloc4: Empty SMPTE 2094-40 data
01-16 07:35:03.043 5028 5189 W com.mbwhatsapp: Accessing hidden method
Landroid/app/MiuiNotification;-><init>()V (blocked, reflection, denied)
01-16 07:35:03.047 5028 5094 E gralloc4: Empty SMPTE 2094-40 data
01-16 07:35:03.050 5028 5189 W com.mbwhatsapp: Accessing hidden method
Landroid/app/MiuiNotification;-><init>()V (blocked, reflection, denied)
01-16 07:35:03.064 5028 5094 E gralloc4: Empty SMPTE 2094-40 data
01-16 07:35:03.076 5028 5189 W com.mbwhatsapp: Accessing hidden method
Landroid/app/MiuiNotification;-><init>()V (blocked, reflection, denied)
01-16 07:35:03.080 5028 5094 E gralloc4: Empty SMPTE 2094-40 data
01-16 07:35:03.098 5028 5094 E gralloc4: Empty SMPTE 2094-40 data
01-16 07:35:04.695 5028 5094 E gralloc4: Empty SMPTE 2094-40 data
01-16 07:35:04.706 5028 5094 E gralloc4: Empty SMPTE 2094-40 data
01-16 07:35:04.721 5028 5094 E gralloc4: Empty SMPTE 2094-40 data
01-16 07:35:04.737 5028 5094 E gralloc4: Empty SMPTE 2094-40 data
01-16 07:35:04.754 5028 5094 E gralloc4: Empty SMPTE 2094-40 data
01-16 07:35:04.772 5028 5094 E gralloc4: Empty SMPTE 2094-40 data
01-16 07:35:04.789 5028 5094 E gralloc4: Empty SMPTE 2094-40 data
01-16 07:35:04.805 5028 5094 E gralloc4: Empty SMPTE 2094-40 data
01-16 07:35:04.822 5028 5094 E gralloc4: Empty SMPTE 2094-40 data
01-16 07:35:04.838 5028 5094 E gralloc4: Empty SMPTE 2094-40 data
01-16 07:35:04.855 5028 5094 E gralloc4: Empty SMPTE 2094-40 data
01-16 07:35:04.871 5028 5094 E gralloc4: Empty SMPTE 2094-40 data
01-16 07:35:04.888 5028 5094 E gralloc4: Empty SMPTE 2094-40 data
01-16 07:35:04.904 5028 5094 E gralloc4: Empty SMPTE 2094-40 data
01-16 07:35:04.921 5028 5094 E gralloc4: Empty SMPTE 2094-40 data
01-16 07:35:04.938 5028 5094 E gralloc4: Empty SMPTE 2094-40 data
01-16 07:35:04.954 5028 5094 E gralloc4: Empty SMPTE 2094-40 data
01-16 07:35:05.009 5028 5159 W BpBinder: Slow Binder: BpBinder transact took 1846
ms, interface=android.content.IContentProvider, code=20 oneway=false
01-16 07:35:05.092 5028 5028 W MirrorManager: this model don't Support
01-16 07:35:05.169 5028 5094 E gralloc4: Empty SMPTE 2094-40 data
01-16 07:35:05.188 5028 5094 E gralloc4: Empty SMPTE 2094-40 data
01-16 07:35:05.203 5028 5094 E gralloc4: Empty SMPTE 2094-40 data
01-16 07:35:05.220 5028 5094 E gralloc4: Empty SMPTE 2094-40 data
01-16 07:35:05.237 5028 5094 E gralloc4: Empty SMPTE 2094-40 data
01-16 07:35:05.255 5028 5094 E gralloc4: Empty SMPTE 2094-40 data
01-16 07:35:05.271 5028 5094 E gralloc4: Empty SMPTE 2094-40 data
01-16 07:35:05.287 5028 5094 E gralloc4: Empty SMPTE 2094-40 data
01-16 07:35:05.304 5028 5094 E gralloc4: Empty SMPTE 2094-40 data
01-16 07:35:05.320 5028 5094 E gralloc4: Empty SMPTE 2094-40 data
01-16 07:35:05.337 5028 5094 E gralloc4: Empty SMPTE 2094-40 data
01-16 07:35:05.354 5028 5094 E gralloc4: Empty SMPTE 2094-40 data
01-16 07:35:05.370 5028 5094 E gralloc4: Empty SMPTE 2094-40 data
01-16 07:35:05.387 5028 5094 E gralloc4: Empty SMPTE 2094-40 data
01-16 07:35:05.403 5028 5094 E gralloc4: Empty SMPTE 2094-40 data
01-16 07:35:05.420 5028 5094 E gralloc4: Empty SMPTE 2094-40 data
01-16 07:35:05.437 5028 5094 E gralloc4: Empty SMPTE 2094-40 data
01-16 07:35:05.453 5028 5094 E gralloc4: Empty SMPTE 2094-40 data
01-16 07:35:05.469 5028 5094 E gralloc4: Empty SMPTE 2094-40 data
01-16 07:35:05.487 5028 5094 E gralloc4: Empty SMPTE 2094-40 data
01-16 07:35:05.504 5028 5094 E gralloc4: Empty SMPTE 2094-40 data
01-16 07:35:05.519 5028 5094 E gralloc4: Empty SMPTE 2094-40 data
01-16 07:35:05.536 5028 5094 E gralloc4: Empty SMPTE 2094-40 data
01-16 07:35:05.553 5028 5094 E gralloc4: Empty SMPTE 2094-40 data
01-16 07:35:05.570 5028 5094 E gralloc4: Empty SMPTE 2094-40 data
01-16 07:35:05.585 5028 5094 E gralloc4: Empty SMPTE 2094-40 data
01-16 07:35:05.602 5028 5094 E gralloc4: Empty SMPTE 2094-40 data
01-16 07:35:05.619 5028 5094 E gralloc4: Empty SMPTE 2094-40 data
01-16 07:35:05.635 5028 5094 E gralloc4: Empty SMPTE 2094-40 data
01-16 07:35:06.158 5028 5159 W BpBinder: Slow Binder: BpBinder transact took 1141
ms, interface=android.content.IContentProvider, code=20 oneway=false
01-16 07:35:06.184 5028 5094 E gralloc4: Empty SMPTE 2094-40 data
01-16 07:35:06.201 5028 5094 E gralloc4: Empty SMPTE 2094-40 data
01-16 07:35:06.216 5028 5094 E gralloc4: Empty SMPTE 2094-40 data
01-16 07:35:06.234 5028 5094 E gralloc4: Empty SMPTE 2094-40 data
01-16 07:35:06.251 5028 5094 E gralloc4: Empty SMPTE 2094-40 data
01-16 07:35:06.268 5028 5094 E gralloc4: Empty SMPTE 2094-40 data
01-16 07:35:06.287 5028 5094 E gralloc4: Empty SMPTE 2094-40 data
01-16 07:35:06.301 5028 5094 E gralloc4: Empty SMPTE 2094-40 data
01-16 07:35:06.320 5028 5094 E gralloc4: Empty SMPTE 2094-40 data
01-16 07:35:06.336 5028 5094 E gralloc4: Empty SMPTE 2094-40 data
01-16 07:35:06.352 5028 5094 E gralloc4: Empty SMPTE 2094-40 data
01-16 07:35:06.370 5028 5094 E gralloc4: Empty SMPTE 2094-40 data
01-16 07:35:06.385 5028 5094 E gralloc4: Empty SMPTE 2094-40 data
01-16 07:35:06.402 5028 5094 E gralloc4: Empty SMPTE 2094-40 data
01-16 07:35:06.417 5028 5094 E gralloc4: Empty SMPTE 2094-40 data
01-16 07:35:06.437 5028 5094 E gralloc4: Empty SMPTE 2094-40 data
01-16 07:35:06.469 5028 5094 E gralloc4: Empty SMPTE 2094-40 data
01-16 07:35:06.484 5028 5094 E gralloc4: Empty SMPTE 2094-40 data
01-16 07:35:07.547 5028 5036 W com.mbwhatsapp: Cleared Reference was only
reachable from finalizer (only reported once)
01-16 07:35:07.779 5028 5159 W BpBinder: Slow Binder: BpBinder transact took 1615
ms, interface=android.content.IContentProvider, code=20 oneway=false
01-16 07:35:08.033 5028 5094 E gralloc4: Empty SMPTE 2094-40 data
01-16 07:35:08.049 5028 5094 E gralloc4: Empty SMPTE 2094-40 data
01-16 07:35:08.068 5028 5094 E gralloc4: Empty SMPTE 2094-40 data
01-16 07:35:08.084 5028 5094 E gralloc4: Empty SMPTE 2094-40 data
01-16 07:35:08.098 5028 5094 E gralloc4: Empty SMPTE 2094-40 data
01-16 07:35:08.117 5028 5094 E gralloc4: Empty SMPTE 2094-40 data
01-16 07:35:08.134 5028 5094 E gralloc4: Empty SMPTE 2094-40 data
01-16 07:35:08.153 5028 5094 E gralloc4: Empty SMPTE 2094-40 data
01-16 07:35:08.165 5028 5094 E gralloc4: Empty SMPTE 2094-40 data
01-16 07:35:08.181 5028 5094 E gralloc4: Empty SMPTE 2094-40 data
01-16 07:35:08.198 5028 5094 E gralloc4: Empty SMPTE 2094-40 data
01-16 07:35:08.215 5028 5094 E gralloc4: Empty SMPTE 2094-40 data
01-16 07:35:08.233 5028 5094 E gralloc4: Empty SMPTE 2094-40 data
01-16 07:35:08.248 5028 5094 E gralloc4: Empty SMPTE 2094-40 data
01-16 07:35:08.266 5028 5094 E gralloc4: Empty SMPTE 2094-40 data
01-16 07:35:08.283 5028 5094 E gralloc4: Empty SMPTE 2094-40 data
01-16 07:35:08.300 5028 5094 E gralloc4: Empty SMPTE 2094-40 data
01-16 07:35:08.316 5028 5094 E gralloc4: Empty SMPTE 2094-40 data
01-16 07:35:08.333 5028 5094 E gralloc4: Empty SMPTE 2094-40 data
01-16 07:35:08.349 5028 5094 E gralloc4: Empty SMPTE 2094-40 data
01-16 07:35:08.365 5028 5094 E gralloc4: Empty SMPTE 2094-40 data
01-16 07:35:08.383 5028 5094 E gralloc4: Empty SMPTE 2094-40 data
01-16 07:35:08.399 5028 5094 E gralloc4: Empty SMPTE 2094-40 data
01-16 07:35:08.416 5028 5094 E gralloc4: Empty SMPTE 2094-40 data
01-16 07:35:08.433 5028 5094 E gralloc4: Empty SMPTE 2094-40 data
01-16 07:35:08.448 5028 5094 E gralloc4: Empty SMPTE 2094-40 data
01-16 07:35:08.465 5028 5094 E gralloc4: Empty SMPTE 2094-40 data
01-16 07:35:08.481 5028 5094 E gralloc4: Empty SMPTE 2094-40 data
01-16 07:35:08.499 5028 5094 E gralloc4: Empty SMPTE 2094-40 data
01-16 07:35:08.516 5028 5094 E gralloc4: Empty SMPTE 2094-40 data
01-16 07:35:08.531 5028 5094 E gralloc4: Empty SMPTE 2094-40 data
01-16 07:35:08.550 5028 5094 E gralloc4: Empty SMPTE 2094-40 data
01-16 07:35:08.564 5028 5094 E gralloc4: Empty SMPTE 2094-40 data
01-16 07:35:08.583 5028 5094 E gralloc4: Empty SMPTE 2094-40 data
01-16 07:35:08.599 5028 5094 E gralloc4: Empty SMPTE 2094-40 data
01-16 07:35:08.615 5028 5094 E gralloc4: Empty SMPTE 2094-40 data
01-16 07:35:08.631 5028 5094 E gralloc4: Empty SMPTE 2094-40 data
01-16 07:35:08.650 5028 5094 E gralloc4: Empty SMPTE 2094-40 data
01-16 07:35:08.665 5028 5094 E gralloc4: Empty SMPTE 2094-40 data
01-16 07:35:08.682 5028 5094 E gralloc4: Empty SMPTE 2094-40 data
01-16 07:35:08.699 5028 5094 E gralloc4: Empty SMPTE 2094-40 data
01-16 07:35:08.715 5028 5094 E gralloc4: Empty SMPTE 2094-40 data
01-16 07:35:08.732 5028 5094 E gralloc4: Empty SMPTE 2094-40 data
01-16 07:35:08.749 5028 5094 E gralloc4: Empty SMPTE 2094-40 data
01-16 07:35:08.766 5028 5094 E gralloc4: Empty SMPTE 2094-40 data
01-16 07:35:08.783 5028 5094 E gralloc4: Empty SMPTE 2094-40 data
01-16 07:35:08.797 5028 5094 E gralloc4: Empty SMPTE 2094-40 data
01-16 07:35:08.815 5028 5094 E gralloc4: Empty SMPTE 2094-40 data
01-16 07:35:08.832 5028 5094 E gralloc4: Empty SMPTE 2094-40 data
01-16 07:35:08.849 5028 5094 E gralloc4: Empty SMPTE 2094-40 data
01-16 07:35:08.865 5028 5094 E gralloc4: Empty SMPTE 2094-40 data
01-16 07:35:09.463 5028 5159 W BpBinder: Slow Binder: BpBinder transact took 1669
ms, interface=android.content.IContentProvider, code=20 oneway=false
01-16 07:35:11.338 5028 5159 W BpBinder: Slow Binder: BpBinder transact took 1865
ms, interface=android.content.IContentProvider, code=20 oneway=false
01-16 07:35:11.345 5028 5094 E gralloc4: Empty SMPTE 2094-40 data
01-16 07:35:11.363 5028 5094 E gralloc4: Empty SMPTE 2094-40 data
01-16 07:35:11.378 5028 5094 E gralloc4: Empty SMPTE 2094-40 data
01-16 07:35:11.414 5028 5094 E gralloc4: Empty SMPTE 2094-40 data
01-16 07:35:11.418 5028 5094 E gralloc4: Empty SMPTE 2094-40 data
01-16 07:35:11.427 5028 5094 E gralloc4: Empty SMPTE 2094-40 data
01-16 07:35:11.446 5028 5094 E gralloc4: Empty SMPTE 2094-40 data
01-16 07:35:11.462 5028 5094 E gralloc4: Empty SMPTE 2094-40 data
01-16 07:35:11.478 5028 5094 E gralloc4: Empty SMPTE 2094-40 data
01-16 07:35:11.495 5028 5094 E gralloc4: Empty SMPTE 2094-40 data
01-16 07:35:11.513 5028 5094 E gralloc4: Empty SMPTE 2094-40 data
01-16 07:35:11.529 5028 5094 E gralloc4: Empty SMPTE 2094-40 data
01-16 07:35:11.546 5028 5094 E gralloc4: Empty SMPTE 2094-40 data
01-16 07:35:12.144 5028 5094 E gralloc4: Empty SMPTE 2094-40 data
01-16 07:35:12.162 5028 5094 E gralloc4: Empty SMPTE 2094-40 data
01-16 07:35:12.186 5028 5094 E gralloc4: Empty SMPTE 2094-40 data
01-16 07:35:12.196 5028 5094 E gralloc4: Empty SMPTE 2094-40 data
01-16 07:35:12.212 5028 5094 E gralloc4: Empty SMPTE 2094-40 data
01-16 07:35:12.229 5028 5094 E gralloc4: Empty SMPTE 2094-40 data
01-16 07:35:12.246 5028 5094 E gralloc4: Empty SMPTE 2094-40 data
01-16 07:35:12.263 5028 5094 E gralloc4: Empty SMPTE 2094-40 data
01-16 07:35:12.280 5028 5094 E gralloc4: Empty SMPTE 2094-40 data
01-16 07:35:12.295 5028 5094 E gralloc4: Empty SMPTE 2094-40 data
01-16 07:35:12.312 5028 5094 E gralloc4: Empty SMPTE 2094-40 data
01-16 07:35:12.328 5028 5094 E gralloc4: Empty SMPTE 2094-40 data
01-16 07:35:12.346 5028 5094 E gralloc4: Empty SMPTE 2094-40 data
01-16 07:35:12.361 5028 5094 E gralloc4: Empty SMPTE 2094-40 data
01-16 07:35:12.378 5028 5094 E gralloc4: Empty SMPTE 2094-40 data
01-16 07:35:12.394 5028 5094 E gralloc4: Empty SMPTE 2094-40 data
01-16 07:35:12.411 5028 5094 E gralloc4: Empty SMPTE 2094-40 data
01-16 07:35:12.428 5028 5094 E gralloc4: Empty SMPTE 2094-40 data
01-16 07:35:12.445 5028 5094 E gralloc4: Empty SMPTE 2094-40 data
01-16 07:35:12.461 5028 5094 E gralloc4: Empty SMPTE 2094-40 data
01-16 07:35:12.477 5028 5094 E gralloc4: Empty SMPTE 2094-40 data
01-16 07:35:12.495 5028 5094 E gralloc4: Empty SMPTE 2094-40 data
01-16 07:35:12.512 5028 5094 E gralloc4: Empty SMPTE 2094-40 data
01-16 07:35:12.528 5028 5094 E gralloc4: Empty SMPTE 2094-40 data
01-16 07:35:12.546 5028 5094 E gralloc4: Empty SMPTE 2094-40 data
01-16 07:35:12.562 5028 5094 E gralloc4: Empty SMPTE 2094-40 data
01-16 07:35:12.579 5028 5094 E gralloc4: Empty SMPTE 2094-40 data
01-16 07:35:12.595 5028 5094 E gralloc4: Empty SMPTE 2094-40 data
01-16 07:35:12.611 5028 5094 E gralloc4: Empty SMPTE 2094-40 data
01-16 07:35:12.627 5028 5094 E gralloc4: Empty SMPTE 2094-40 data
01-16 07:35:12.645 5028 5094 E gralloc4: Empty SMPTE 2094-40 data
01-16 07:35:12.710 5028 5159 W BpBinder: Slow Binder: BpBinder transact took 1364
ms, interface=android.content.IContentProvider, code=20 oneway=false
01-16 07:35:12.909 5028 5094 E gralloc4: Empty SMPTE 2094-40 data
01-16 07:35:12.926 5028 5094 E gralloc4: Empty SMPTE 2094-40 data
01-16 07:35:12.945 5028 5094 E gralloc4: Empty SMPTE 2094-40 data
01-16 07:35:12.962 5028 5094 E gralloc4: Empty SMPTE 2094-40 data
01-16 07:35:12.978 5028 5094 E gralloc4: Empty SMPTE 2094-40 data
01-16 07:35:12.995 5028 5094 E gralloc4: Empty SMPTE 2094-40 data
01-16 07:35:13.011 5028 5094 E gralloc4: Empty SMPTE 2094-40 data
01-16 07:35:13.028 5028 5094 E gralloc4: Empty SMPTE 2094-40 data
01-16 07:35:13.046 5028 5094 E gralloc4: Empty SMPTE 2094-40 data
01-16 07:35:13.060 5028 5094 E gralloc4: Empty SMPTE 2094-40 data
01-16 07:35:13.076 5028 5094 E gralloc4: Empty SMPTE 2094-40 data
01-16 07:35:13.094 5028 5094 E gralloc4: Empty SMPTE 2094-40 data
01-16 07:35:13.110 5028 5094 E gralloc4: Empty SMPTE 2094-40 data
01-16 07:35:13.125 5028 5094 E gralloc4: Empty SMPTE 2094-40 data
01-16 07:35:13.144 5028 5094 E gralloc4: Empty SMPTE 2094-40 data
01-16 07:35:13.161 5028 5094 E gralloc4: Empty SMPTE 2094-40 data
01-16 07:35:13.177 5028 5094 E gralloc4: Empty SMPTE 2094-40 data
01-16 07:35:13.194 5028 5094 E gralloc4: Empty SMPTE 2094-40 data
01-16 07:35:13.211 5028 5094 E gralloc4: Empty SMPTE 2094-40 data
01-16 07:35:13.227 5028 5094 E gralloc4: Empty SMPTE 2094-40 data
01-16 07:35:13.244 5028 5094 E gralloc4: Empty SMPTE 2094-40 data
01-16 07:35:13.261 5028 5094 E gralloc4: Empty SMPTE 2094-40 data
01-16 07:35:13.277 5028 5094 E gralloc4: Empty SMPTE 2094-40 data
01-16 07:35:13.294 5028 5094 E gralloc4: Empty SMPTE 2094-40 data
01-16 07:35:13.311 5028 5094 E gralloc4: Empty SMPTE 2094-40 data
01-16 07:35:13.328 5028 5094 E gralloc4: Empty SMPTE 2094-40 data
01-16 07:35:13.345 5028 5094 E gralloc4: Empty SMPTE 2094-40 data
01-16 07:35:14.481 5028 5159 W BpBinder: Slow Binder: BpBinder transact took 1760
ms, interface=android.content.IContentProvider, code=20 oneway=false
01-16 07:35:15.480 5028 5028 W Activity: PerfMonitor: Slow Operation: Activity
com.mbwhatsapp/.contact.picker.ContactPicker onStart took 133ms
01-16 07:35:15.571 5028 5094 E gralloc4: Empty SMPTE 2094-40 data
01-16 07:35:15.573 5028 5094 W Parcel : Expecting binder but got null!
01-16 07:35:15.591 5028 5094 E gralloc4: Empty SMPTE 2094-40 data
01-16 07:35:15.608 5028 5094 E gralloc4: Empty SMPTE 2094-40 data
01-16 07:35:15.630 5028 5094 E gralloc4: Empty SMPTE 2094-40 data
01-16 07:35:15.640 5028 5094 E gralloc4: Empty SMPTE 2094-40 data
01-16 07:35:15.643 5028 5028 W View : requestLayout() improperly called by
androidx.appcompat.view.menu.ActionMenuItemView{f320093 VFED..C.. ......ID 0,8-
96,104 #7f0b0f8a app:id/menuitem_search} during layout: running second layout pass
01-16 07:35:15.643 5028 5028 W View : requestLayout() improperly called by
androidx.appcompat.widget.ActionMenuView{92938d0 V.E...... ......ID 544,0-720,112}
during layout: running second layout pass
01-16 07:35:15.650 5028 5094 E gralloc4: Empty SMPTE 2094-40 data
01-16 07:35:15.656 5028 5094 E gralloc4: Empty SMPTE 2094-40 data
01-16 07:35:15.840 5028 5094 E gralloc4: Empty SMPTE 2094-40 data
01-16 07:35:15.847 5028 5094 E gralloc4: Empty SMPTE 2094-40 data
01-16 07:35:15.854 5028 5094 E gralloc4: Empty SMPTE 2094-40 data
01-16 07:35:15.858 5028 5094 E gralloc4: Empty SMPTE 2094-40 data
01-16 07:35:15.890 5028 5094 E gralloc4: Empty SMPTE 2094-40 data
01-16 07:35:15.907 5028 5094 E gralloc4: Empty SMPTE 2094-40 data
01-16 07:35:15.927 5028 5094 E gralloc4: Empty SMPTE 2094-40 data
01-16 07:35:15.939 5028 5094 E gralloc4: Empty SMPTE 2094-40 data
01-16 07:35:15.955 5028 5094 E gralloc4: Empty SMPTE 2094-40 data
01-16 07:35:15.974 5028 5094 E gralloc4: Empty SMPTE 2094-40 data
01-16 07:35:15.988 5028 5094 E gralloc4: Empty SMPTE 2094-40 data
01-16 07:35:16.005 5028 5094 E gralloc4: Empty SMPTE 2094-40 data
01-16 07:35:16.040 5028 5094 E gralloc4: Empty SMPTE 2094-40 data
01-16 07:35:16.051 5028 5094 E gralloc4: Empty SMPTE 2094-40 data
01-16 07:35:16.065 5028 5094 E gralloc4: Empty SMPTE 2094-40 data
01-16 07:35:16.072 5028 5094 E gralloc4: Empty SMPTE 2094-40 data
01-16 07:35:16.088 5028 5094 E gralloc4: Empty SMPTE 2094-40 data
01-16 07:35:16.106 5028 5094 E gralloc4: Empty SMPTE 2094-40 data
01-16 07:35:16.120 5028 5094 E gralloc4: Empty SMPTE 2094-40 data
01-16 07:35:16.138 5028 5094 E gralloc4: Empty SMPTE 2094-40 data
01-16 07:35:16.153 5028 5094 E gralloc4: Empty SMPTE 2094-40 data
01-16 07:35:16.170 5028 5094 E gralloc4: Empty SMPTE 2094-40 data
01-16 07:35:16.187 5028 5094 E gralloc4: Empty SMPTE 2094-40 data
01-16 07:35:16.204 5028 5094 E gralloc4: Empty SMPTE 2094-40 data
01-16 07:35:16.210 5028 5159 W BpBinder: Slow Binder: BpBinder transact took 1719
ms, interface=android.content.IContentProvider, code=20 oneway=false
01-16 07:35:16.221 5028 5094 E gralloc4: Empty SMPTE 2094-40 data
01-16 07:35:16.237 5028 5094 E gralloc4: Empty SMPTE 2094-40 data
01-16 07:35:16.253 5028 5094 E gralloc4: Empty SMPTE 2094-40 data
01-16 07:35:16.270 5028 5094 E gralloc4: Empty SMPTE 2094-40 data
01-16 07:35:16.287 5028 5094 E gralloc4: Empty SMPTE 2094-40 data
01-16 07:35:16.303 5028 5094 E gralloc4: Empty SMPTE 2094-40 data
01-16 07:35:16.320 5028 5094 E gralloc4: Empty SMPTE 2094-40 data
01-16 07:35:16.337 5028 5094 E gralloc4: Empty SMPTE 2094-40 data
01-16 07:35:16.382 5028 5094 E gralloc4: Empty SMPTE 2094-40 data
01-16 07:35:16.389 5028 5094 E gralloc4: Empty SMPTE 2094-40 data
01-16 07:35:16.410 5028 5094 E gralloc4: Empty SMPTE 2094-40 data
01-16 07:35:16.424 5028 5094 E gralloc4: Empty SMPTE 2094-40 data
01-16 07:35:16.438 5028 5094 E gralloc4: Empty SMPTE 2094-40 data
01-16 07:35:16.456 5028 5094 E gralloc4: Empty SMPTE 2094-40 data
01-16 07:35:16.471 5028 5094 E gralloc4: Empty SMPTE 2094-40 data
01-16 07:35:16.511 5028 5094 E gralloc4: Empty SMPTE 2094-40 data
01-16 07:35:16.521 5028 5094 E gralloc4: Empty SMPTE 2094-40 data
01-16 07:35:16.540 5028 5094 E gralloc4: Empty SMPTE 2094-40 data
01-16 07:35:16.557 5028 5094 E gralloc4: Empty SMPTE 2094-40 data
01-16 07:35:16.585 5028 5094 E gralloc4: Empty SMPTE 2094-40 data
01-16 07:35:16.589 5028 5094 E gralloc4: Empty SMPTE 2094-40 data
01-16 07:35:16.604 5028 5094 E gralloc4: Empty SMPTE 2094-40 data
01-16 07:35:16.621 5028 5094 E gralloc4: Empty SMPTE 2094-40 data
01-16 07:35:16.637 5028 5094 E gralloc4: Empty SMPTE 2094-40 data
01-16 07:35:16.654 5028 5094 E gralloc4: Empty SMPTE 2094-40 data
01-16 07:35:16.671 5028 5094 E gralloc4: Empty SMPTE 2094-40 data
01-16 07:35:16.687 5028 5094 E gralloc4: Empty SMPTE 2094-40 data
01-16 07:35:16.704 5028 5094 E gralloc4: Empty SMPTE 2094-40 data
01-16 07:35:16.720 5028 5094 E gralloc4: Empty SMPTE 2094-40 data
01-16 07:35:16.737 5028 5094 E gralloc4: Empty SMPTE 2094-40 data
01-16 07:35:16.754 5028 5094 E gralloc4: Empty SMPTE 2094-40 data
01-16 07:35:16.769 5028 5094 E gralloc4: Empty SMPTE 2094-40 data
01-16 07:35:16.786 5028 5094 E gralloc4: Empty SMPTE 2094-40 data
01-16 07:35:16.802 5028 5094 E gralloc4: Empty SMPTE 2094-40 data
01-16 07:35:16.819 5028 5094 E gralloc4: Empty SMPTE 2094-40 data
01-16 07:35:16.836 5028 5094 E gralloc4: Empty SMPTE 2094-40 data
01-16 07:35:16.852 5028 5094 E gralloc4: Empty SMPTE 2094-40 data
01-16 07:35:16.869 5028 5094 E gralloc4: Empty SMPTE 2094-40 data
01-16 07:35:16.886 5028 5094 E gralloc4: Empty SMPTE 2094-40 data
01-16 07:35:16.902 5028 5094 E gralloc4: Empty SMPTE 2094-40 data
01-16 07:35:16.919 5028 5094 E gralloc4: Empty SMPTE 2094-40 data
01-16 07:35:16.936 5028 5094 E gralloc4: Empty SMPTE 2094-40 data
01-16 07:35:16.952 5028 5094 E gralloc4: Empty SMPTE 2094-40 data
01-16 07:35:16.970 5028 5094 E gralloc4: Empty SMPTE 2094-40 data
01-16 07:35:16.985 5028 5094 E gralloc4: Empty SMPTE 2094-40 data
01-16 07:35:17.002 5028 5094 E gralloc4: Empty SMPTE 2094-40 data
01-16 07:35:17.019 5028 5094 E gralloc4: Empty SMPTE 2094-40 data
01-16 07:35:17.036 5028 5094 E gralloc4: Empty SMPTE 2094-40 data
01-16 07:35:17.052 5028 5094 E gralloc4: Empty SMPTE 2094-40 data
01-16 07:35:17.069 5028 5094 E gralloc4: Empty SMPTE 2094-40 data
01-16 07:35:17.086 5028 5094 E gralloc4: Empty SMPTE 2094-40 data
01-16 07:35:17.103 5028 5094 E gralloc4: Empty SMPTE 2094-40 data
01-16 07:35:17.119 5028 5094 E gralloc4: Empty SMPTE 2094-40 data
01-16 07:35:17.136 5028 5094 E gralloc4: Empty SMPTE 2094-40 data
01-16 07:35:17.152 5028 5094 E gralloc4: Empty SMPTE 2094-40 data
01-16 07:35:17.169 5028 5094 E gralloc4: Empty SMPTE 2094-40 data
01-16 07:35:17.185 5028 5094 E gralloc4: Empty SMPTE 2094-40 data
01-16 07:35:17.202 5028 5094 E gralloc4: Empty SMPTE 2094-40 data
01-16 07:35:17.219 5028 5094 E gralloc4: Empty SMPTE 2094-40 data
01-16 07:35:17.235 5028 5094 E gralloc4: Empty SMPTE 2094-40 data
01-16 07:35:17.252 5028 5094 E gralloc4: Empty SMPTE 2094-40 data
01-16 07:35:17.269 5028 5094 E gralloc4: Empty SMPTE 2094-40 data
01-16 07:35:17.286 5028 5094 E gralloc4: Empty SMPTE 2094-40 data
01-16 07:35:17.302 5028 5094 E gralloc4: Empty SMPTE 2094-40 data
01-16 07:35:17.318 5028 5094 E gralloc4: Empty SMPTE 2094-40 data
01-16 07:35:17.336 5028 5094 E gralloc4: Empty SMPTE 2094-40 data
01-16 07:35:17.336 5028 5159 W BpBinder: Slow Binder: BpBinder transact took 1118
ms, interface=android.content.IContentProvider, code=20 oneway=false
01-16 07:35:17.352 5028 5094 E gralloc4: Empty SMPTE 2094-40 data
01-16 07:35:17.369 5028 5094 E gralloc4: Empty SMPTE 2094-40 data
01-16 07:35:17.385 5028 5094 E gralloc4: Empty SMPTE 2094-40 data
01-16 07:35:17.402 5028 5094 E gralloc4: Empty SMPTE 2094-40 data
01-16 07:35:17.419 5028 5094 E gralloc4: Empty SMPTE 2094-40 data
01-16 07:35:17.435 5028 5094 E gralloc4: Empty SMPTE 2094-40 data
01-16 07:35:17.452 5028 5094 E gralloc4: Empty SMPTE 2094-40 data
01-16 07:35:17.468 5028 5094 E gralloc4: Empty SMPTE 2094-40 data
01-16 07:35:17.485 5028 5094 E gralloc4: Empty SMPTE 2094-40 data
01-16 07:35:17.502 5028 5094 E gralloc4: Empty SMPTE 2094-40 data
01-16 07:35:17.519 5028 5094 E gralloc4: Empty SMPTE 2094-40 data
01-16 07:35:17.535 5028 5094 E gralloc4: Empty SMPTE 2094-40 data
01-16 07:35:17.552 5028 5094 E gralloc4: Empty SMPTE 2094-40 data
01-16 07:35:17.568 5028 5094 E gralloc4: Empty SMPTE 2094-40 data
01-16 07:35:17.585 5028 5094 E gralloc4: Empty SMPTE 2094-40 data
01-16 07:35:17.601 5028 5094 E gralloc4: Empty SMPTE 2094-40 data
01-16 07:35:17.619 5028 5094 E gralloc4: Empty SMPTE 2094-40 data
01-16 07:35:17.635 5028 5094 E gralloc4: Empty SMPTE 2094-40 data
01-16 07:35:17.651 5028 5094 E gralloc4: Empty SMPTE 2094-40 data
01-16 07:35:17.668 5028 5094 E gralloc4: Empty SMPTE 2094-40 data
01-16 07:35:17.685 5028 5094 E gralloc4: Empty SMPTE 2094-40 data
01-16 07:35:17.701 5028 5094 E gralloc4: Empty SMPTE 2094-40 data
01-16 07:35:17.719 5028 5094 E gralloc4: Empty SMPTE 2094-40 data
01-16 07:35:17.735 5028 5094 E gralloc4: Empty SMPTE 2094-40 data
01-16 07:35:17.752 5028 5094 E gralloc4: Empty SMPTE 2094-40 data
01-16 07:35:17.768 5028 5094 E gralloc4: Empty SMPTE 2094-40 data
01-16 07:35:17.785 5028 5094 E gralloc4: Empty SMPTE 2094-40 data
01-16 07:35:17.801 5028 5094 E gralloc4: Empty SMPTE 2094-40 data
01-16 07:35:17.818 5028 5094 E gralloc4: Empty SMPTE 2094-40 data
01-16 07:35:17.836 5028 5094 E gralloc4: Empty SMPTE 2094-40 data
01-16 07:35:17.852 5028 5094 E gralloc4: Empty SMPTE 2094-40 data
01-16 07:35:17.868 5028 5094 E gralloc4: Empty SMPTE 2094-40 data
01-16 07:35:17.885 5028 5094 E gralloc4: Empty SMPTE 2094-40 data
01-16 07:35:17.901 5028 5094 E gralloc4: Empty SMPTE 2094-40 data
01-16 07:35:17.918 5028 5094 E gralloc4: Empty SMPTE 2094-40 data
01-16 07:35:17.935 5028 5094 E gralloc4: Empty SMPTE 2094-40 data
01-16 07:35:17.952 5028 5094 E gralloc4: Empty SMPTE 2094-40 data
01-16 07:35:17.969 5028 5094 E gralloc4: Empty SMPTE 2094-40 data
01-16 07:35:17.987 5028 5094 E gralloc4: Empty SMPTE 2094-40 data
01-16 07:35:18.003 5028 5094 E gralloc4: Empty SMPTE 2094-40 data
01-16 07:35:18.020 5028 5094 E gralloc4: Empty SMPTE 2094-40 data
01-16 07:35:18.035 5028 5159 W BpBinder: Slow Binder: BpBinder transact took 694
ms, interface=android.content.IContentProvider, code=20 oneway=false
01-16 07:35:18.037 5028 5094 E gralloc4: Empty SMPTE 2094-40 data
01-16 07:35:18.048 5028 5159 W Looper : PerfMonitor longMsg : seq=1
plan=07:34:59.287 late=0ms wall=18760ms h=android.os.Handler c=X.3fp procState=-1
01-16 07:35:18.052 5028 5094 E gralloc4: Empty SMPTE 2094-40 data
01-16 07:35:18.072 5028 5094 E gralloc4: Empty SMPTE 2094-40 data
01-16 07:35:18.089 5028 5094 E gralloc4: Empty SMPTE 2094-40 data
01-16 07:35:18.110 5028 5094 E gralloc4: Empty SMPTE 2094-40 data
01-16 07:35:18.150 5028 5094 E gralloc4: Empty SMPTE 2094-40 data
01-16 07:35:18.174 5028 5094 E gralloc4: Empty SMPTE 2094-40 data
01-16 07:35:18.185 5028 5094 E gralloc4: Empty SMPTE 2094-40 data
01-16 07:35:18.841 5028 5094 E gralloc4: Empty SMPTE 2094-40 data
01-16 07:35:18.854 5028 5094 E gralloc4: Empty SMPTE 2094-40 data
01-16 07:35:18.872 5028 5094 E gralloc4: Empty SMPTE 2094-40 data
01-16 07:35:18.888 5028 5094 E gralloc4: Empty SMPTE 2094-40 data
01-16 07:35:18.905 5028 5094 E gralloc4: Empty SMPTE 2094-40 data
01-16 07:35:18.921 5028 5094 E gralloc4: Empty SMPTE 2094-40 data
01-16 07:35:18.937 5028 5094 E gralloc4: Empty SMPTE 2094-40 data
01-16 07:35:18.954 5028 5094 E gralloc4: Empty SMPTE 2094-40 data
01-16 07:35:18.971 5028 5094 E gralloc4: Empty SMPTE 2094-40 data
01-16 07:35:18.991 5028 5094 E gralloc4: Empty SMPTE 2094-40 data
01-16 07:35:18.995 5028 5094 E gralloc4: Empty SMPTE 2094-40 data
01-16 07:35:19.005 5028 5094 E gralloc4: Empty SMPTE 2094-40 data
01-16 07:35:19.020 5028 5094 E gralloc4: Empty SMPTE 2094-40 data
01-16 07:35:19.035 5028 5094 E gralloc4: Empty SMPTE 2094-40 data
01-16 07:35:19.040 5028 5094 E gralloc4: Empty SMPTE 2094-40 data
01-16 07:35:19.055 5028 5094 E gralloc4: Empty SMPTE 2094-40 data
01-16 07:35:19.072 5028 5094 E gralloc4: Empty SMPTE 2094-40 data
01-16 07:35:19.088 5028 5094 E gralloc4: Empty SMPTE 2094-40 data
01-16 07:35:19.104 5028 5094 E gralloc4: Empty SMPTE 2094-40 data
01-16 07:35:19.106 5028 5272 E RenderScript: Failed loading RS driver: dlopen
failed: library "libRSDriver_mtk.so" not found
01-16 07:35:19.106 5028 5272 E RenderScript: Failed to load runtime
libRSDriver_mtk.so, loading default
01-16 07:35:19.121 5028 5094 E gralloc4: Empty SMPTE 2094-40 data
01-16 07:35:19.138 5028 5094 E gralloc4: Empty SMPTE 2094-40 data
01-16 07:35:19.154 5028 5094 E gralloc4: Empty SMPTE 2094-40 data
01-16 07:35:19.170 5028 5094 E gralloc4: Empty SMPTE 2094-40 data
01-16 07:35:19.187 5028 5094 E gralloc4: Empty SMPTE 2094-40 data
01-16 07:35:19.203 5028 5094 E gralloc4: Empty SMPTE 2094-40 data
01-16 07:35:19.222 5028 5094 E gralloc4: Empty SMPTE 2094-40 data
01-16 07:35:19.240 5028 5146 W LOTTIE : Unknown shape type rd
01-16 07:35:19.243 5028 5094 E gralloc4: Empty SMPTE 2094-40 data
01-16 07:35:19.254 5028 5094 E gralloc4: Empty SMPTE 2094-40 data
01-16 07:35:19.273 5028 5094 E gralloc4: Empty SMPTE 2094-40 data
01-16 07:35:19.287 5028 5094 E gralloc4: Empty SMPTE 2094-40 data
01-16 07:35:19.304 5028 5094 E gralloc4: Empty SMPTE 2094-40 data
01-16 07:35:19.313 5028 5028 E ArmVmp : Match on catch block at 0x0a in for
0x796a35f035
01-16 07:35:19.319 5028 5028 E ArmVmp : Match on catch block at 0x0a in for
0x796a35f035
01-16 07:35:19.321 5028 5094 E gralloc4: Empty SMPTE 2094-40 data
01-16 07:35:19.337 5028 5094 E gralloc4: Empty SMPTE 2094-40 data
01-16 07:35:19.350 5028 5028 E ArmVmp : Match on catch block at 0x0a in for
0x796a35f071
01-16 07:35:19.354 5028 5094 E gralloc4: Empty SMPTE 2094-40 data
01-16 07:35:19.371 5028 5094 E gralloc4: Empty SMPTE 2094-40 data
01-16 07:35:19.387 5028 5094 E gralloc4: Empty SMPTE 2094-40 data
01-16 07:35:19.403 5028 5094 E gralloc4: Empty SMPTE 2094-40 data
01-16 07:35:19.420 5028 5094 E gralloc4: Empty SMPTE 2094-40 data
01-16 07:35:19.437 5028 5094 E gralloc4: Empty SMPTE 2094-40 data
01-16 07:35:19.454 5028 5094 E gralloc4: Empty SMPTE 2094-40 data
01-16 07:35:19.470 5028 5094 E gralloc4: Empty SMPTE 2094-40 data
01-16 07:35:19.487 5028 5094 E gralloc4: Empty SMPTE 2094-40 data
01-16 07:35:19.503 5028 5094 E gralloc4: Empty SMPTE 2094-40 data
01-16 07:35:19.521 5028 5094 E gralloc4: Empty SMPTE 2094-40 data
01-16 07:35:19.539 5028 5094 E gralloc4: Empty SMPTE 2094-40 data
01-16 07:35:19.556 5028 5094 E gralloc4: Empty SMPTE 2094-40 data
01-16 07:35:19.570 5028 5094 E gralloc4: Empty SMPTE 2094-40 data
01-16 07:35:19.586 5028 5094 E gralloc4: Empty SMPTE 2094-40 data
01-16 07:35:19.604 5028 5094 E gralloc4: Empty SMPTE 2094-40 data
01-16 07:35:19.620 5028 5094 E gralloc4: Empty SMPTE 2094-40 data
01-16 07:35:19.636 5028 5094 E gralloc4: Empty SMPTE 2094-40 data
01-16 07:35:19.653 5028 5094 E gralloc4: Empty SMPTE 2094-40 data
01-16 07:35:19.670 5028 5094 E gralloc4: Empty SMPTE 2094-40 data
01-16 07:35:19.686 5028 5094 E gralloc4: Empty SMPTE 2094-40 data
01-16 07:35:19.703 5028 5094 E gralloc4: Empty SMPTE 2094-40 data
01-16 07:35:19.719 5028 5094 E gralloc4: Empty SMPTE 2094-40 data
01-16 07:35:19.736 5028 5094 E gralloc4: Empty SMPTE 2094-40 data
01-16 07:35:19.754 5028 5094 E gralloc4: Empty SMPTE 2094-40 data
01-16 07:35:19.770 5028 5094 E gralloc4: Empty SMPTE 2094-40 data
01-16 07:35:19.788 5028 5094 E gralloc4: Empty SMPTE 2094-40 data
01-16 07:35:19.802 5028 5094 E gralloc4: Empty SMPTE 2094-40 data
01-16 07:35:19.819 5028 5094 E gralloc4: Empty SMPTE 2094-40 data
01-16 07:35:19.836 5028 5094 E gralloc4: Empty SMPTE 2094-40 data
01-16 07:35:19.855 5028 5094 E gralloc4: Empty SMPTE 2094-40 data
01-16 07:35:19.869 5028 5094 E gralloc4: Empty SMPTE 2094-40 data
01-16 07:35:19.886 5028 5094 E gralloc4: Empty SMPTE 2094-40 data
01-16 07:35:19.897 5028 5087 W BpBinder: Slow Binder: BpBinder transact took 634
ms, interface=android.os.storage.IStorageManager, code=35 oneway=false
01-16 07:35:19.899 5028 5162 W com.mbwhatsapp: Long monitor contention with owner
MBWhatsApp Worker #5 (5087) at java.io.File[]
android.app.ContextImpl.getExternalCacheDirs()(ContextImpl.java:913) waiters=0 in
java.io.File android.app.ContextImpl.getDatabasesDir() for 619ms
01-16 07:35:19.899 5028 5161 W com.mbwhatsapp: Long monitor contention with owner
MBWhatsApp Worker #5 (5087) at java.io.File[]
android.app.ContextImpl.getExternalCacheDirs()(ContextImpl.java:913) waiters=1 in
android.content.res.Resources$Theme android.app.ContextImpl.getTheme() for 615ms
01-16 07:35:19.900 5028 5143 W com.mbwhatsapp: Long monitor contention with owner
MBWhatsApp Worker #5 (5087) at java.io.File[]
android.app.ContextImpl.getExternalCacheDirs()(ContextImpl.java:913) waiters=2 in
java.io.File android.app.ContextImpl.getFilesDir() for 522ms
01-16 07:35:19.901 5028 5028 W com.mbwhatsapp: Long monitor contention with owner
MBWhatsApp Worker #9 (5143) at android.content.SharedPreferences
X.2zt.A03(java.lang.String)(:-1) waiters=0 in android.content.SharedPreferences
X.2zt.A03(java.lang.String) for 517ms
01-16 07:35:19.903 5028 5094 E gralloc4: Empty SMPTE 2094-40 data
01-16 07:35:19.922 5028 5094 E gralloc4: Empty SMPTE 2094-40 data
01-16 07:35:19.929 5028 5028 W Looper : PerfMonitor looperActivity :
package=com.mbwhatsapp/.Conversation time=0ms latency=912ms procState=-1
historyMsgCount=20 (msgIndex=20 wall=897ms seq=3159 late=19ms
h=android.app.ActivityThread$H w=159)
01-16 07:35:19.935 5028 5028 W Looper : PerfMonitor looperActivity :
package=com.mbwhatsapp/.HomeActivity time=5ms latency=905ms procState=-1
historyMsgCount=23 (msgIndex=20 wall=897ms seq=3159 late=19ms
h=android.app.ActivityThread$H w=159)
01-16 07:35:19.936 5028 5094 E gralloc4: Empty SMPTE 2094-40 data
01-16 07:35:19.953 5028 5094 E gralloc4: Empty SMPTE 2094-40 data
01-16 07:35:19.958 5028 5094 E gralloc4: Empty SMPTE 2094-40 data
01-16 07:35:19.959 5028 5094 W Parcel : Expecting binder but got null!
01-16 07:35:19.969 5028 5094 E gralloc4: Empty SMPTE 2094-40 data
01-16 07:35:19.986 5028 5094 E gralloc4: Empty SMPTE 2094-40 data
01-16 07:35:20.003 5028 5094 E gralloc4: Empty SMPTE 2094-40 data
01-16 07:35:20.019 5028 5028 E ArmVmp : Match on catch block at 0xc3 in for
0x796a35f021
01-16 07:35:20.020 5028 5094 E gralloc4: Empty SMPTE 2094-40 data
01-16 07:35:20.022 5028 5028 E ArmVmp : Match on catch block at 0xc3 in for
0x796a35f021
01-16 07:35:20.036 5028 5094 E gralloc4: Empty SMPTE 2094-40 data
01-16 07:35:20.064 5028 5094 E gralloc4: Empty SMPTE 2094-40 data
01-16 07:35:20.066 5028 5094 W Parcel : Expecting binder but got null!
01-16 07:35:20.070 5028 5094 E gralloc4: Empty SMPTE 2094-40 data
01-16 07:35:20.079 5028 5028 W Looper : PerfMonitor doFrame : time=144ms
vsyncFrame=0 latency=906ms procState=-1 historyMsgCount=13 (msgIndex=9 wall=897ms
seq=3159 late=19ms h=android.app.ActivityThread$H w=159)
01-16 07:35:20.091 5028 5094 E gralloc4: Empty SMPTE 2094-40 data
01-16 07:35:20.110 5028 5094 E gralloc4: Empty SMPTE 2094-40 data
01-16 07:35:20.118 5028 5028 E ArmVmp : Match on catch block at 0x0a in for
0x796a35f07d
01-16 07:35:20.123 5028 5094 E gralloc4: Empty SMPTE 2094-40 data
01-16 07:35:20.141 5028 5094 E gralloc4: Empty SMPTE 2094-40 data
01-16 07:35:20.158 5028 5094 E gralloc4: Empty SMPTE 2094-40 data
01-16 07:35:20.161 5028 5094 E gralloc4: Empty SMPTE 2094-40 data
01-16 07:35:20.177 5028 5094 E gralloc4: Empty SMPTE 2094-40 data
01-16 07:35:20.180 5028 5028 E ArmVmp : Match on catch block at 0xc3 in for
0x796a35f025
01-16 07:35:20.184 5028 5028 E ArmVmp : Match on catch block at 0xc3 in for
0x796a35f025
01-16 07:35:20.194 5028 5094 E gralloc4: Empty SMPTE 2094-40 data
01-16 07:35:20.320 5028 5094 E gralloc4: Empty SMPTE 2094-40 data
01-16 07:35:20.325 5028 5094 E gralloc4: Empty SMPTE 2094-40 data
01-16 07:35:20.351 5028 5094 E gralloc4: Empty SMPTE 2094-40 data
01-16 07:35:20.352 5028 5094 W Parcel : Expecting binder but got null!
01-16 07:35:20.392 5028 5028 E ArmVmp : Match on catch block at 0xc3 in for
0x796a35f025
01-16 07:35:20.394 5028 5028 E ArmVmp : Match on catch block at 0xc3 in for
0x796a35f025
01-16 07:35:20.416 5028 5094 E gralloc4: Empty SMPTE 2094-40 data
01-16 07:35:20.422 5028 5094 E gralloc4: Empty SMPTE 2094-40 data
01-16 07:35:20.432 5028 5094 E gralloc4: Empty SMPTE 2094-40 data
01-16 07:35:20.454 5028 5028 E ArmVmp : Match on catch block at 0xc3 in for
0x796a35f025
01-16 07:35:20.457 5028 5028 E ArmVmp : Match on catch block at 0xc3 in for
0x796a35f025
01-16 07:35:20.471 5028 5094 E gralloc4: Empty SMPTE 2094-40 data
01-16 07:35:20.477 5028 5094 E gralloc4: Empty SMPTE 2094-40 data
01-16 07:35:20.483 5028 5094 E gralloc4: Empty SMPTE 2094-40 data
01-16 07:35:20.492 5028 5094 E gralloc4: Empty SMPTE 2094-40 data
01-16 07:35:20.500 5028 5094 E gralloc4: Empty SMPTE 2094-40 data
01-16 07:35:20.507 5028 5094 E gralloc4: Empty SMPTE 2094-40 data
01-16 07:35:20.520 5028 5028 E ArmVmp : Match on catch block at 0xc3 in for
0x796a35f025
01-16 07:35:20.521 5028 5028 E ArmVmp : Match on catch block at 0xc3 in for
0x796a35f025
01-16 07:35:20.532 5028 5094 E gralloc4: Empty SMPTE 2094-40 data
01-16 07:35:20.540 5028 5094 E gralloc4: Empty SMPTE 2094-40 data
01-16 07:35:20.547 5028 5094 E gralloc4: Empty SMPTE 2094-40 data
01-16 07:35:20.561 5028 5028 E ArmVmp : Match on catch block at 0xc3 in for
0x796a35f025
01-16 07:35:20.563 5028 5028 E ArmVmp : Match on catch block at 0xc3 in for
0x796a35f025
01-16 07:35:20.577 5028 5094 E gralloc4: Empty SMPTE 2094-40 data
01-16 07:35:20.580 5028 5094 E gralloc4: Empty SMPTE 2094-40 data
01-16 07:35:20.587 5028 5094 E gralloc4: Empty SMPTE 2094-40 data
01-16 07:35:20.607 5028 5028 E ArmVmp : Match on catch block at 0xc3 in for
0x796a35f025
01-16 07:35:20.608 5028 5028 E ArmVmp : Match on catch block at 0xc3 in for
0x796a35f025
01-16 07:35:20.620 5028 5094 E gralloc4: Empty SMPTE 2094-40 data
01-16 07:35:20.629 5028 5094 E gralloc4: Empty SMPTE 2094-40 data
01-16 07:35:20.636 5028 5094 E gralloc4: Empty SMPTE 2094-40 data
01-16 07:35:20.643 5028 5028 E ArmVmp : Match on catch block at 0xc3 in for
0x796a35f025
01-16 07:35:20.644 5028 5028 E ArmVmp : Match on catch block at 0xc3 in for
0x796a35f025
01-16 07:35:20.657 5028 5094 E gralloc4: Empty SMPTE 2094-40 data
01-16 07:35:20.678 5028 5094 E gralloc4: Empty SMPTE 2094-40 data
01-16 07:35:20.684 5028 5094 E gralloc4: Empty SMPTE 2094-40 data
01-16 07:35:20.693 5028 5028 E ArmVmp : Match on catch block at 0xc3 in for
0x796a35f025
01-16 07:35:20.695 5028 5028 E ArmVmp : Match on catch block at 0xc3 in for
0x796a35f025
01-16 07:35:20.705 5028 5094 E gralloc4: Empty SMPTE 2094-40 data
01-16 07:35:20.711 5028 5094 E gralloc4: Empty SMPTE 2094-40 data
01-16 07:35:20.723 5028 5094 E gralloc4: Empty SMPTE 2094-40 data
01-16 07:35:20.741 5028 5028 E ArmVmp : Match on catch block at 0xc3 in for
0x796a35f025
01-16 07:35:20.743 5028 5028 E ArmVmp : Match on catch block at 0xc3 in for
0x796a35f025
01-16 07:35:20.761 5028 5094 E gralloc4: Empty SMPTE 2094-40 data
01-16 07:35:20.766 5028 5094 E gralloc4: Empty SMPTE 2094-40 data
01-16 07:35:20.774 5028 5094 E gralloc4: Empty SMPTE 2094-40 data
01-16 07:35:20.786 5028 5028 E ArmVmp : Match on catch block at 0xc3 in for
0x796a35f025
01-16 07:35:20.788 5028 5028 E ArmVmp : Match on catch block at 0xc3 in for
0x796a35f025
01-16 07:35:20.800 5028 5094 E gralloc4: Empty SMPTE 2094-40 data
01-16 07:35:20.804 5028 5094 E gralloc4: Empty SMPTE 2094-40 data
01-16 07:35:20.813 5028 5094 E gralloc4: Empty SMPTE 2094-40 data
01-16 07:35:20.820 5028 5028 E ArmVmp : Match on catch block at 0xc3 in for
0x796a35f025
01-16 07:35:20.822 5028 5028 E ArmVmp : Match on catch block at 0xc3 in for
0x796a35f025
01-16 07:35:20.833 5028 5094 E gralloc4: Empty SMPTE 2094-40 data
01-16 07:35:20.835 5028 5094 E gralloc4: Empty SMPTE 2094-40 data
01-16 07:35:20.841 5028 5094 E gralloc4: Empty SMPTE 2094-40 data
01-16 07:35:20.851 5028 5028 E ArmVmp : Match on catch block at 0xc3 in for
0x796a35f025
01-16 07:35:20.854 5028 5028 E ArmVmp : Match on catch block at 0xc3 in for
0x796a35f025
01-16 07:35:20.871 5028 5094 E gralloc4: Empty SMPTE 2094-40 data
01-16 07:35:20.875 5028 5094 E gralloc4: Empty SMPTE 2094-40 data
01-16 07:35:20.882 5028 5094 E gralloc4: Empty SMPTE 2094-40 data
01-16 07:35:20.891 5028 5028 E ArmVmp : Match on catch block at 0xc3 in for
0x796a35f025
01-16 07:35:20.892 5028 5028 E ArmVmp : Match on catch block at 0xc3 in for
0x796a35f025
01-16 07:35:20.904 5028 5094 E gralloc4: Empty SMPTE 2094-40 data
01-16 07:35:20.907 5028 5094 E gralloc4: Empty SMPTE 2094-40 data
01-16 07:35:20.912 5028 5094 E gralloc4: Empty SMPTE 2094-40 data
01-16 07:35:20.922 5028 5028 E ArmVmp : Match on catch block at 0xc3 in for
0x796a35f025
01-16 07:35:20.923 5028 5028 E ArmVmp : Match on catch block at 0xc3 in for
0x796a35f025
01-16 07:35:20.933 5028 5094 E gralloc4: Empty SMPTE 2094-40 data
01-16 07:35:20.937 5028 5094 E gralloc4: Empty SMPTE 2094-40 data
01-16 07:35:20.942 5028 5094 E gralloc4: Empty SMPTE 2094-40 data
01-16 07:35:20.952 5028 5028 E ArmVmp : Match on catch block at 0xc3 in for
0x796a35f025
01-16 07:35:20.954 5028 5028 E ArmVmp : Match on catch block at 0xc3 in for
0x796a35f025
01-16 07:35:20.965 5028 5094 E gralloc4: Empty SMPTE 2094-40 data
01-16 07:35:20.969 5028 5094 E gralloc4: Empty SMPTE 2094-40 data
01-16 07:35:20.974 5028 5094 E gralloc4: Empty SMPTE 2094-40 data
01-16 07:35:20.984 5028 5028 E ArmVmp : Match on catch block at 0xc3 in for
0x796a35f025
01-16 07:35:20.986 5028 5028 E ArmVmp : Match on catch block at 0xc3 in for
0x796a35f025
01-16 07:35:20.997 5028 5094 E gralloc4: Empty SMPTE 2094-40 data
01-16 07:35:21.000 5028 5094 E gralloc4: Empty SMPTE 2094-40 data
01-16 07:35:21.005 5028 5094 E gralloc4: Empty SMPTE 2094-40 data
01-16 07:35:21.014 5028 5028 E ArmVmp : Match on catch block at 0xc3 in for
0x796a35f025
01-16 07:35:21.016 5028 5028 E ArmVmp : Match on catch block at 0xc3 in for
0x796a35f025
01-16 07:35:21.026 5028 5094 E gralloc4: Empty SMPTE 2094-40 data
01-16 07:35:21.029 5028 5094 E gralloc4: Empty SMPTE 2094-40 data
01-16 07:35:21.036 5028 5094 E gralloc4: Empty SMPTE 2094-40 data
01-16 07:35:21.047 5028 5028 E ArmVmp : Match on catch block at 0xc3 in for
0x796a35f025
01-16 07:35:21.049 5028 5028 E ArmVmp : Match on catch block at 0xc3 in for
0x796a35f025
01-16 07:35:21.064 5028 5094 E gralloc4: Empty SMPTE 2094-40 data
01-16 07:35:21.067 5028 5094 E gralloc4: Empty SMPTE 2094-40 data
01-16 07:35:21.078 5028 5094 E gralloc4: Empty SMPTE 2094-40 data
01-16 07:35:21.083 5028 5028 E ArmVmp : Match on catch block at 0xc3 in for
0x796a35f025
01-16 07:35:21.084 5028 5028 E ArmVmp : Match on catch block at 0xc3 in for
0x796a35f025
01-16 07:35:21.096 5028 5094 E gralloc4: Empty SMPTE 2094-40 data
01-16 07:35:21.098 5028 5094 E gralloc4: Empty SMPTE 2094-40 data
01-16 07:35:21.104 5028 5094 E gralloc4: Empty SMPTE 2094-40 data
01-16 07:35:21.113 5028 5028 E ArmVmp : Match on catch block at 0xc3 in for
0x796a35f025
01-16 07:35:21.115 5028 5028 E ArmVmp : Match on catch block at 0xc3 in for
0x796a35f025
01-16 07:35:21.126 5028 5094 E gralloc4: Empty SMPTE 2094-40 data
01-16 07:35:21.129 5028 5094 E gralloc4: Empty SMPTE 2094-40 data
01-16 07:35:21.133 5028 5094 E gralloc4: Empty SMPTE 2094-40 data
01-16 07:35:21.142 5028 5028 E ArmVmp : Match on catch block at 0xc3 in for
0x796a35f025
01-16 07:35:21.144 5028 5028 E ArmVmp : Match on catch block at 0xc3 in for
0x796a35f025
01-16 07:35:21.154 5028 5094 E gralloc4: Empty SMPTE 2094-40 data
01-16 07:35:21.158 5028 5094 E gralloc4: Empty SMPTE 2094-40 data
01-16 07:35:21.166 5028 5094 E gralloc4: Empty SMPTE 2094-40 data
01-16 07:35:21.175 5028 5028 E ArmVmp : Match on catch block at 0xc3 in for
0x796a35f025
01-16 07:35:21.177 5028 5028 E ArmVmp : Match on catch block at 0xc3 in for
0x796a35f025
01-16 07:35:21.186 5028 5094 E gralloc4: Empty SMPTE 2094-40 data
01-16 07:35:21.190 5028 5094 E gralloc4: Empty SMPTE 2094-40 data
01-16 07:35:21.195 5028 5094 E gralloc4: Empty SMPTE 2094-40 data
01-16 07:35:21.206 5028 5028 E ArmVmp : Match on catch block at 0xc3 in for
0x796a35f025
01-16 07:35:21.208 5028 5028 E ArmVmp : Match on catch block at 0xc3 in for
0x796a35f025
01-16 07:35:21.219 5028 5094 E gralloc4: Empty SMPTE 2094-40 data
01-16 07:35:21.223 5028 5094 E gralloc4: Empty SMPTE 2094-40 data
01-16 07:35:21.227 5028 5094 E gralloc4: Empty SMPTE 2094-40 data
01-16 07:35:21.237 5028 5028 E ArmVmp : Match on catch block at 0xc3 in for
0x796a35f025
01-16 07:35:21.238 5028 5028 E ArmVmp : Match on catch block at 0xc3 in for
0x796a35f025
01-16 07:35:21.249 5028 5094 E gralloc4: Empty SMPTE 2094-40 data
01-16 07:35:21.253 5028 5094 E gralloc4: Empty SMPTE 2094-40 data
01-16 07:35:21.257 5028 5094 E gralloc4: Empty SMPTE 2094-40 data
01-16 07:35:21.267 5028 5028 E ArmVmp : Match on catch block at 0xc3 in for
0x796a35f025
01-16 07:35:21.269 5028 5028 E ArmVmp : Match on catch block at 0xc3 in for
0x796a35f025
01-16 07:35:21.278 5028 5094 E gralloc4: Empty SMPTE 2094-40 data
01-16 07:35:21.281 5028 5094 E gralloc4: Empty SMPTE 2094-40 data
01-16 07:35:21.285 5028 5094 E gralloc4: Empty SMPTE 2094-40 data
01-16 07:35:21.295 5028 5028 E ArmVmp : Match on catch block at 0xc3 in for
0x796a35f025
01-16 07:35:21.297 5028 5028 E ArmVmp : Match on catch block at 0xc3 in for
0x796a35f025
01-16 07:35:21.305 5028 5094 E gralloc4: Empty SMPTE 2094-40 data
01-16 07:35:21.308 5028 5094 E gralloc4: Empty SMPTE 2094-40 data
01-16 07:35:21.313 5028 5094 E gralloc4: Empty SMPTE 2094-40 data
01-16 07:35:21.323 5028 5028 E ArmVmp : Match on catch block at 0xc3 in for
0x796a35f025
01-16 07:35:21.324 5028 5028 E ArmVmp : Match on catch block at 0xc3 in for
0x796a35f025
01-16 07:35:21.333 5028 5094 E gralloc4: Empty SMPTE 2094-40 data
01-16 07:35:21.335 5028 5094 E gralloc4: Empty SMPTE 2094-40 data
01-16 07:35:21.339 5028 5028 E RippleDrawable: The RippleDrawable.STYLE_PATTERNED
animation is not supported for a non-hardware accelerated Canvas. Skipping
animation.
