01-16 07:32:20.309 32337 32337 W OnBackInvokedCallback: OnBackInvokedCallback is
not enabled for the application.
01-16 07:32:20.309 32337 32337 W OnBackInvokedCallback: Set
'android:enableOnBackInvokedCallback="true"' in the application manifest.
01-16 07:32:20.314 32337 32452 E gralloc4: Empty SMPTE 2094-40 data
01-16 07:32:20.325 32337 32452 E gralloc4: Empty SMPTE 2094-40 data
01-16 07:32:20.330 32337 32452 E gralloc4: Empty SMPTE 2094-40 data
01-16 07:32:20.342 32337 32452 E gralloc4: Empty SMPTE 2094-40 data
01-16 07:32:20.346 32337 32452 E gralloc4: Empty SMPTE 2094-40 data
01-16 07:32:20.357 32337 32452 E gralloc4: Empty SMPTE 2094-40 data
01-16 07:32:20.362 32337 32452 E gralloc4: Empty SMPTE 2094-40 data
01-16 07:32:20.374 32337 32452 E gralloc4: Empty SMPTE 2094-40 data
01-16 07:32:20.377 32337 32452 E gralloc4: Empty SMPTE 2094-40 data
01-16 07:32:20.392 32337 32452 E gralloc4: Empty SMPTE 2094-40 data
01-16 07:32:20.395 32337 32452 E gralloc4: Empty SMPTE 2094-40 data
01-16 07:32:20.407 32337 32452 E gralloc4: Empty SMPTE 2094-40 data
01-16 07:32:20.411 32337 32452 E gralloc4: Empty SMPTE 2094-40 data
01-16 07:32:20.424 32337 32452 E gralloc4: Empty SMPTE 2094-40 data
01-16 07:32:20.428 32337 32452 E gralloc4: Empty SMPTE 2094-40 data
01-16 07:32:20.444 32337 32452 E gralloc4: Empty SMPTE 2094-40 data
01-16 07:32:20.458 32337 32452 E gralloc4: Empty SMPTE 2094-40 data
01-16 07:32:20.475 32337 32452 E gralloc4: Empty SMPTE 2094-40 data
01-16 07:32:20.493 32337 32452 E gralloc4: Empty SMPTE 2094-40 data
01-16 07:32:20.509 32337 32452 E gralloc4: Empty SMPTE 2094-40 data
01-16 07:32:20.528 32337 32452 E gralloc4: Empty SMPTE 2094-40 data
01-16 07:32:20.544 32337 32452 E gralloc4: Empty SMPTE 2094-40 data
01-16 07:32:20.560 32337 32452 E gralloc4: Empty SMPTE 2094-40 data
01-16 07:32:20.578 32337 32452 E gralloc4: Empty SMPTE 2094-40 data
01-16 07:32:20.594 32337 32452 E gralloc4: Empty SMPTE 2094-40 data
01-16 07:32:20.611 32337 32452 E gralloc4: Empty SMPTE 2094-40 data
01-16 07:32:20.627 32337 32452 E gralloc4: Empty SMPTE 2094-40 data
01-16 07:32:20.644 32337 32452 E gralloc4: Empty SMPTE 2094-40 data
01-16 07:32:20.660 32337 32452 E gralloc4: Empty SMPTE 2094-40 data
01-16 07:32:20.677 32337 32452 E gralloc4: Empty SMPTE 2094-40 data
01-16 07:32:20.693 32337 32452 E gralloc4: Empty SMPTE 2094-40 data
01-16 07:32:20.710 32337 32452 E gralloc4: Empty SMPTE 2094-40 data
01-16 07:32:20.727 32337 32452 E gralloc4: Empty SMPTE 2094-40 data
01-16 07:32:20.744 32337 32452 E gralloc4: Empty SMPTE 2094-40 data
01-16 07:32:20.760 32337 32452 E gralloc4: Empty SMPTE 2094-40 data
01-16 07:32:20.777 32337 32452 E gralloc4: Empty SMPTE 2094-40 data
01-16 07:32:20.793 32337 32452 E gralloc4: Empty SMPTE 2094-40 data
01-16 07:32:20.810 32337 32452 E gralloc4: Empty SMPTE 2094-40 data
01-16 07:32:20.826 32337 32452 E gralloc4: Empty SMPTE 2094-40 data
01-16 07:32:20.843 32337 32452 E gralloc4: Empty SMPTE 2094-40 data
01-16 07:32:20.860 32337 32452 E gralloc4: Empty SMPTE 2094-40 data
01-16 07:32:20.876 32337 32452 E gralloc4: Empty SMPTE 2094-40 data
01-16 07:32:20.893 32337 32452 E gralloc4: Empty SMPTE 2094-40 data
01-16 07:32:20.910 32337 32452 E gralloc4: Empty SMPTE 2094-40 data
01-16 07:32:20.927 32337 32452 E gralloc4: Empty SMPTE 2094-40 data
01-16 07:32:20.943 32337 32452 E gralloc4: Empty SMPTE 2094-40 data
01-16 07:32:20.960 32337 32452 E gralloc4: Empty SMPTE 2094-40 data
01-16 07:32:20.976 32337 32452 E gralloc4: Empty SMPTE 2094-40 data
01-16 07:32:20.993 32337 32452 E gralloc4: Empty SMPTE 2094-40 data
01-16 07:32:21.009 32337 32452 E gralloc4: Empty SMPTE 2094-40 data
01-16 07:32:21.026 32337 32452 E gralloc4: Empty SMPTE 2094-40 data
01-16 07:32:21.044 32337 32452 E gralloc4: Empty SMPTE 2094-40 data
01-16 07:32:21.059 32337 32452 E gralloc4: Empty SMPTE 2094-40 data
01-16 07:32:21.077 32337 32452 E gralloc4: Empty SMPTE 2094-40 data
01-16 07:32:21.093 32337 32452 E gralloc4: Empty SMPTE 2094-40 data
01-16 07:32:21.110 32337 32452 E gralloc4: Empty SMPTE 2094-40 data
01-16 07:32:21.126 32337 32452 E gralloc4: Empty SMPTE 2094-40 data
01-16 07:32:21.143 32337 32452 E gralloc4: Empty SMPTE 2094-40 data
01-16 07:32:21.159 32337 32452 E gralloc4: Empty SMPTE 2094-40 data
01-16 07:32:21.176 32337 32452 E gralloc4: Empty SMPTE 2094-40 data
01-16 07:32:21.193 32337 32452 E gralloc4: Empty SMPTE 2094-40 data
01-16 07:32:21.210 32337 32452 E gralloc4: Empty SMPTE 2094-40 data
01-16 07:32:21.226 32337 32452 E gralloc4: Empty SMPTE 2094-40 data
01-16 07:32:21.242 32337 32452 E gralloc4: Empty SMPTE 2094-40 data
01-16 07:32:21.259 32337 32452 E gralloc4: Empty SMPTE 2094-40 data
01-16 07:32:21.276 32337 32452 E gralloc4: Empty SMPTE 2094-40 data
01-16 07:32:21.293 32337 32452 E gralloc4: Empty SMPTE 2094-40 data
01-16 07:32:21.310 32337 32452 E gralloc4: Empty SMPTE 2094-40 data
01-16 07:32:21.326 32337 32452 E gralloc4: Empty SMPTE 2094-40 data
01-16 07:32:21.343 32337 32452 E gralloc4: Empty SMPTE 2094-40 data
01-16 07:32:21.358 32337 32452 E gralloc4: Empty SMPTE 2094-40 data
01-16 07:32:21.374 32337 32452 E gralloc4: Empty SMPTE 2094-40 data
01-16 07:32:21.391 32337 32452 E gralloc4: Empty SMPTE 2094-40 data
01-16 07:32:21.408 32337 32452 E gralloc4: Empty SMPTE 2094-40 data
01-16 07:32:21.424 32337 32452 E gralloc4: Empty SMPTE 2094-40 data
01-16 07:32:21.441 32337 32452 E gralloc4: Empty SMPTE 2094-40 data
01-16 07:32:21.458 32337 32452 E gralloc4: Empty SMPTE 2094-40 data
01-16 07:32:21.463 32337 32452 E gralloc4: Empty SMPTE 2094-40 data
01-16 07:32:21.474 32337 32452 E gralloc4: Empty SMPTE 2094-40 data
01-16 07:32:21.476 32337 32452 E gralloc4: Empty SMPTE 2094-40 data
01-16 07:32:21.491 32337 32452 E gralloc4: Empty SMPTE 2094-40 data
01-16 07:32:21.494 32337 32452 E gralloc4: Empty SMPTE 2094-40 data
01-16 07:32:21.506 32337 32452 E gralloc4: Empty SMPTE 2094-40 data
01-16 07:32:21.509 32337 32452 E gralloc4: Empty SMPTE 2094-40 data
01-16 07:32:21.524 32337 32452 E gralloc4: Empty SMPTE 2094-40 data
01-16 07:32:21.526 32337 32452 E gralloc4: Empty SMPTE 2094-40 data
01-16 07:32:21.541 32337 32452 E gralloc4: Empty SMPTE 2094-40 data
01-16 07:32:21.545 32337 32452 E gralloc4: Empty SMPTE 2094-40 data
01-16 07:32:21.555 32337 32452 E gralloc4: Empty SMPTE 2094-40 data
01-16 07:32:21.559 32337 32452 E gralloc4: Empty SMPTE 2094-40 data
01-16 07:32:21.562 32337 32452 E gralloc4: Empty SMPTE 2094-40 data
01-16 07:32:21.574 32337 32452 E gralloc4: Empty SMPTE 2094-40 data
01-16 07:32:21.578 32337 32452 E gralloc4: Empty SMPTE 2094-40 data
01-16 07:32:21.581 32337 32452 E gralloc4: Empty SMPTE 2094-40 data
01-16 07:32:21.590 32337 32452 E gralloc4: Empty SMPTE 2094-40 data
01-16 07:32:21.594 32337 32452 E gralloc4: Empty SMPTE 2094-40 data
01-16 07:32:21.608 32337 32452 E gralloc4: Empty SMPTE 2094-40 data
01-16 07:32:21.625 32337 32452 E gralloc4: Empty SMPTE 2094-40 data
01-16 07:32:21.630 32337 32452 E gralloc4: Empty SMPTE 2094-40 data
01-16 07:32:21.639 32337 32337 W OnBackInvokedCallback: OnBackInvokedCallback is
not enabled for the application.
01-16 07:32:21.639 32337 32337 W OnBackInvokedCallback: Set
'android:enableOnBackInvokedCallback="true"' in the application manifest.
01-16 07:32:21.640 32337 32452 E gralloc4: Empty SMPTE 2094-40 data
01-16 07:32:21.645 32337 32452 E gralloc4: Empty SMPTE 2094-40 data
01-16 07:32:21.658 32337 32452 E gralloc4: Empty SMPTE 2094-40 data
01-16 07:32:21.663 32337 32452 E gralloc4: Empty SMPTE 2094-40 data
01-16 07:32:21.674 32337 32452 E gralloc4: Empty SMPTE 2094-40 data
01-16 07:32:21.678 32337 32452 E gralloc4: Empty SMPTE 2094-40 data
01-16 07:32:21.693 32337 32452 E gralloc4: Empty SMPTE 2094-40 data
01-16 07:32:21.710 32337 32452 E gralloc4: Empty SMPTE 2094-40 data
01-16 07:32:21.714 32337 32452 E gralloc4: Empty SMPTE 2094-40 data
01-16 07:32:21.724 32337 32452 E gralloc4: Empty SMPTE 2094-40 data
01-16 07:32:21.739 32337 32452 E gralloc4: Empty SMPTE 2094-40 data
01-16 07:32:21.756 32337 32452 E gralloc4: Empty SMPTE 2094-40 data
01-16 07:32:21.773 32337 32452 E gralloc4: Empty SMPTE 2094-40 data
01-16 07:32:21.792 32337 32452 E gralloc4: Empty SMPTE 2094-40 data
01-16 07:32:21.808 32337 32452 E gralloc4: Empty SMPTE 2094-40 data
01-16 07:32:21.825 32337 32452 E gralloc4: Empty SMPTE 2094-40 data
01-16 07:32:21.841 32337 32452 E gralloc4: Empty SMPTE 2094-40 data
01-16 07:32:21.858 32337 32452 E gralloc4: Empty SMPTE 2094-40 data
01-16 07:32:21.870 32337 32452 E gralloc4: Empty SMPTE 2094-40 data
01-16 07:32:21.873 32337 32452 E gralloc4: Empty SMPTE 2094-40 data
01-16 07:32:21.888 32337 32452 E gralloc4: Empty SMPTE 2094-40 data
01-16 07:32:21.905 32337 32452 E gralloc4: Empty SMPTE 2094-40 data
01-16 07:32:21.923 32337 32452 E gralloc4: Empty SMPTE 2094-40 data
01-16 07:32:21.940 32337 32452 E gralloc4: Empty SMPTE 2094-40 data
01-16 07:32:21.957 32337 32452 E gralloc4: Empty SMPTE 2094-40 data
01-16 07:32:21.973 32337 32452 E gralloc4: Empty SMPTE 2094-40 data
01-16 07:32:21.991 32337 32452 E gralloc4: Empty SMPTE 2094-40 data
01-16 07:32:22.006 32337 32452 E gralloc4: Empty SMPTE 2094-40 data
01-16 07:32:22.123 32337 32452 E gralloc4: Empty SMPTE 2094-40 data
01-16 07:32:22.622 32337 32452 E gralloc4: Empty SMPTE 2094-40 data
01-16 07:32:22.674 32337 32452 E gralloc4: Empty SMPTE 2094-40 data
01-16 07:32:23.122 32337 32452 E gralloc4: Empty SMPTE 2094-40 data
01-16 07:32:23.137 32337 32452 E gralloc4: Empty SMPTE 2094-40 data
01-16 07:32:23.154 32337 32452 E gralloc4: Empty SMPTE 2094-40 data
01-16 07:32:23.171 32337 32452 E gralloc4: Empty SMPTE 2094-40 data
01-16 07:32:23.189 32337 32452 E gralloc4: Empty SMPTE 2094-40 data
01-16 07:32:23.205 32337 32452 E gralloc4: Empty SMPTE 2094-40 data
01-16 07:32:23.221 32337 32452 E gralloc4: Empty SMPTE 2094-40 data
01-16 07:32:23.237 32337 32452 E gralloc4: Empty SMPTE 2094-40 data
01-16 07:32:23.255 32337 32452 E gralloc4: Empty SMPTE 2094-40 data
01-16 07:32:23.271 32337 32452 E gralloc4: Empty SMPTE 2094-40 data
01-16 07:32:23.287 32337 32452 E gralloc4: Empty SMPTE 2094-40 data
01-16 07:32:23.305 32337 32452 E gralloc4: Empty SMPTE 2094-40 data
01-16 07:32:23.321 32337 32452 E gralloc4: Empty SMPTE 2094-40 data
01-16 07:32:23.338 32337 32452 E gralloc4: Empty SMPTE 2094-40 data
01-16 07:32:23.355 32337 32452 E gralloc4: Empty SMPTE 2094-40 data
01-16 07:32:23.372 32337 32452 E gralloc4: Empty SMPTE 2094-40 data
01-16 07:32:23.388 32337 32452 E gralloc4: Empty SMPTE 2094-40 data
01-16 07:32:23.404 32337 32452 E gralloc4: Empty SMPTE 2094-40 data
01-16 07:32:23.588 32337 32452 E gralloc4: Empty SMPTE 2094-40 data
01-16 07:32:23.604 32337 32452 E gralloc4: Empty SMPTE 2094-40 data
01-16 07:32:23.620 32337 32452 E gralloc4: Empty SMPTE 2094-40 data
01-16 07:32:23.636 32337 32452 E gralloc4: Empty SMPTE 2094-40 data
01-16 07:32:23.654 32337 32452 E gralloc4: Empty SMPTE 2094-40 data
01-16 07:32:23.669 32337 32452 E gralloc4: Empty SMPTE 2094-40 data
01-16 07:32:23.687 32337 32452 E gralloc4: Empty SMPTE 2094-40 data
01-16 07:32:23.706 32337 32452 E gralloc4: Empty SMPTE 2094-40 data
01-16 07:32:23.712 32337 32348 W System : A resource failed to call end.
01-16 07:32:23.724 32337 32452 E gralloc4: Empty SMPTE 2094-40 data
01-16 07:32:23.741 32337 32452 E gralloc4: Empty SMPTE 2094-40 data
01-16 07:32:23.755 32337 32452 E gralloc4: Empty SMPTE 2094-40 data
01-16 07:32:23.771 32337 32452 E gralloc4: Empty SMPTE 2094-40 data
01-16 07:32:23.788 32337 32452 E gralloc4: Empty SMPTE 2094-40 data
01-16 07:32:23.806 32337 32452 E gralloc4: Empty SMPTE 2094-40 data
01-16 07:32:23.821 32337 32452 E gralloc4: Empty SMPTE 2094-40 data
01-16 07:32:23.838 32337 32452 E gralloc4: Empty SMPTE 2094-40 data
01-16 07:32:23.856 32337 32452 E gralloc4: Empty SMPTE 2094-40 data
01-16 07:32:23.873 32337 32452 E gralloc4: Empty SMPTE 2094-40 data
01-16 07:32:23.888 32337 32452 E gralloc4: Empty SMPTE 2094-40 data
01-16 07:32:23.905 32337 32452 E gralloc4: Empty SMPTE 2094-40 data
01-16 07:32:23.923 32337 32452 E gralloc4: Empty SMPTE 2094-40 data
01-16 07:32:23.938 32337 32452 E gralloc4: Empty SMPTE 2094-40 data
01-16 07:32:23.957 32337 32452 E gralloc4: Empty SMPTE 2094-40 data
01-16 07:32:23.972 32337 32452 E gralloc4: Empty SMPTE 2094-40 data
01-16 07:32:23.991 32337 32452 E gralloc4: Empty SMPTE 2094-40 data
01-16 07:32:24.006 32337 32452 E gralloc4: Empty SMPTE 2094-40 data
01-16 07:32:24.024 32337 32452 E gralloc4: Empty SMPTE 2094-40 data
01-16 07:32:24.041 32337 32452 E gralloc4: Empty SMPTE 2094-40 data
01-16 07:32:24.056 32337 32452 E gralloc4: Empty SMPTE 2094-40 data
01-16 07:32:24.070 32337 32452 E gralloc4: Empty SMPTE 2094-40 data
01-16 07:32:24.089 32337 32452 E gralloc4: Empty SMPTE 2094-40 data
01-16 07:32:24.107 32337 32452 E gralloc4: Empty SMPTE 2094-40 data
01-16 07:32:24.138 32337 32452 E gralloc4: Empty SMPTE 2094-40 data
01-16 07:32:24.155 32337 32452 E gralloc4: Empty SMPTE 2094-40 data
01-16 07:32:24.174 32337 32452 E gralloc4: Empty SMPTE 2094-40 data
01-16 07:32:24.190 32337 32452 E gralloc4: Empty SMPTE 2094-40 data
01-16 07:32:24.207 32337 32452 E gralloc4: Empty SMPTE 2094-40 data
01-16 07:32:24.222 32337 32452 E gralloc4: Empty SMPTE 2094-40 data
01-16 07:32:24.240 32337 32452 E gralloc4: Empty SMPTE 2094-40 data
01-16 07:32:24.256 32337 32452 E gralloc4: Empty SMPTE 2094-40 data
01-16 07:32:24.273 32337 32452 E gralloc4: Empty SMPTE 2094-40 data
01-16 07:32:24.289 32337 32452 E gralloc4: Empty SMPTE 2094-40 data
01-16 07:32:24.306 32337 32452 E gralloc4: Empty SMPTE 2094-40 data
01-16 07:32:24.322 32337 32452 E gralloc4: Empty SMPTE 2094-40 data
01-16 07:32:24.338 32337 32452 E gralloc4: Empty SMPTE 2094-40 data
01-16 07:32:24.355 32337 32452 E gralloc4: Empty SMPTE 2094-40 data
01-16 07:32:24.373 32337 32452 E gralloc4: Empty SMPTE 2094-40 data
01-16 07:32:24.389 32337 32452 E gralloc4: Empty SMPTE 2094-40 data
01-16 07:32:24.404 32337 32452 E gralloc4: Empty SMPTE 2094-40 data
01-16 07:32:24.423 32337 32452 E gralloc4: Empty SMPTE 2094-40 data
01-16 07:32:24.435 32337 32452 E gralloc4: Empty SMPTE 2094-40 data
01-16 07:32:24.453 32337 32452 E gralloc4: Empty SMPTE 2094-40 data
01-16 07:32:24.636 32337 32452 E gralloc4: Empty SMPTE 2094-40 data
01-16 07:32:25.071 32337 32487 W BpBinder: Slow Binder: BpBinder transact took 2693
ms, interface=android.system.keystore2.IKeystoreSecurityLevel, code=2 oneway=false
01-16 07:32:25.087 32337 32452 E gralloc4: Empty SMPTE 2094-40 data
01-16 07:32:25.102 32337 32452 E gralloc4: Empty SMPTE 2094-40 data
01-16 07:32:25.134 32337 32452 E gralloc4: Empty SMPTE 2094-40 data
01-16 07:32:25.637 32337 32452 E gralloc4: Empty SMPTE 2094-40 data
01-16 07:32:26.136 32337 32452 E gralloc4: Empty SMPTE 2094-40 data
01-16 07:32:26.639 32337 32452 E gralloc4: Empty SMPTE 2094-40 data
01-16 07:32:27.135 32337 32452 E gralloc4: Empty SMPTE 2094-40 data
01-16 07:32:27.635 32337 32452 E gralloc4: Empty SMPTE 2094-40 data
01-16 07:32:28.109 32337 32487 W BpBinder: Slow Binder: BpBinder transact took 3032
ms, interface=android.system.keystore2.IKeystoreSecurityLevel, code=2 oneway=false
01-16 07:32:28.152 32337 32452 E gralloc4: Empty SMPTE 2094-40 data
01-16 07:32:28.207 32337 32446 E PlayCore: UID: [10186] PID: [32337]
IntegrityService : Phonesky is not installed.
01-16 07:32:28.208 32337 32337 E playcore: Unexpected error -2 while handling
RequestIntegrityToken.
01-16 07:32:28.648 32337 32452 E gralloc4: Empty SMPTE 2094-40 data
01-16 07:32:29.147 32337 32452 E gralloc4: Empty SMPTE 2094-40 data
01-16 07:32:29.649 32337 32452 E gralloc4: Empty SMPTE 2094-40 data
01-16 07:32:30.092 32337 32452 E gralloc4: Empty SMPTE 2094-40 data
01-16 07:32:30.579 32337 32452 E gralloc4: Empty SMPTE 2094-40 data
01-16 07:32:31.109 32337 32452 E gralloc4: Empty SMPTE 2094-40 data
01-16 07:32:31.129 32337 32452 E gralloc4: Empty SMPTE 2094-40 data
01-16 07:32:31.147 32337 32452 E gralloc4: Empty SMPTE 2094-40 data
01-16 07:32:31.164 32337 32452 E gralloc4: Empty SMPTE 2094-40 data
01-16 07:32:31.180 32337 32452 E gralloc4: Empty SMPTE 2094-40 data
01-16 07:32:31.197 32337 32452 E gralloc4: Empty SMPTE 2094-40 data
01-16 07:32:31.213 32337 32452 E gralloc4: Empty SMPTE 2094-40 data
01-16 07:32:31.230 32337 32452 E gralloc4: Empty SMPTE 2094-40 data
01-16 07:32:31.246 32337 32452 E gralloc4: Empty SMPTE 2094-40 data
01-16 07:32:31.263 32337 32452 E gralloc4: Empty SMPTE 2094-40 data
01-16 07:32:31.279 32337 32452 E gralloc4: Empty SMPTE 2094-40 data
01-16 07:32:31.297 32337 32452 E gralloc4: Empty SMPTE 2094-40 data
01-16 07:32:31.313 32337 32452 E gralloc4: Empty SMPTE 2094-40 data
01-16 07:32:31.329 32337 32452 E gralloc4: Empty SMPTE 2094-40 data
01-16 07:32:31.346 32337 32452 E gralloc4: Empty SMPTE 2094-40 data
01-16 07:32:31.364 32337 32452 E gralloc4: Empty SMPTE 2094-40 data
01-16 07:32:31.379 32337 32452 E gralloc4: Empty SMPTE 2094-40 data
01-16 07:32:31.396 32337 32452 E gralloc4: Empty SMPTE 2094-40 data
01-16 07:32:31.413 32337 32452 E gralloc4: Empty SMPTE 2094-40 data
01-16 07:32:31.431 32337 32452 E gralloc4: Empty SMPTE 2094-40 data
01-16 07:32:31.446 32337 32452 E gralloc4: Empty SMPTE 2094-40 data
01-16 07:32:31.463 32337 32452 E gralloc4: Empty SMPTE 2094-40 data
01-16 07:32:31.479 32337 32452 E gralloc4: Empty SMPTE 2094-40 data
01-16 07:32:31.497 32337 32452 E gralloc4: Empty SMPTE 2094-40 data
01-16 07:32:31.514 32337 32452 E gralloc4: Empty SMPTE 2094-40 data
01-16 07:32:31.530 32337 32452 E gralloc4: Empty SMPTE 2094-40 data
01-16 07:32:31.546 32337 32452 E gralloc4: Empty SMPTE 2094-40 data
01-16 07:32:31.563 32337 32452 E gralloc4: Empty SMPTE 2094-40 data
01-16 07:32:31.579 32337 32452 E gralloc4: Empty SMPTE 2094-40 data
01-16 07:32:31.597 32337 32452 E gralloc4: Empty SMPTE 2094-40 data
01-16 07:32:31.613 32337 32452 E gralloc4: Empty SMPTE 2094-40 data
01-16 07:32:31.630 32337 32452 E gralloc4: Empty SMPTE 2094-40 data
01-16 07:32:31.646 32337 32452 E gralloc4: Empty SMPTE 2094-40 data
01-16 07:32:31.663 32337 32452 E gralloc4: Empty SMPTE 2094-40 data
01-16 07:32:31.680 32337 32452 E gralloc4: Empty SMPTE 2094-40 data
01-16 07:32:31.698 32337 32452 E gralloc4: Empty SMPTE 2094-40 data
01-16 07:32:31.714 32337 32452 E gralloc4: Empty SMPTE 2094-40 data
01-16 07:32:31.729 32337 32452 E gralloc4: Empty SMPTE 2094-40 data
01-16 07:32:31.746 32337 32452 E gralloc4: Empty SMPTE 2094-40 data
01-16 07:32:31.766 32337 32452 E gralloc4: Empty SMPTE 2094-40 data
01-16 07:32:31.778 32337 32452 E gralloc4: Empty SMPTE 2094-40 data
01-16 07:32:31.796 32337 32452 E gralloc4: Empty SMPTE 2094-40 data
01-16 07:32:31.832 32337 32452 E gralloc4: Empty SMPTE 2094-40 data
01-16 07:32:31.837 32337 32452 W Parcel : Expecting binder but got null!
01-16 07:32:31.837 32337 32337 W Looper : PerfMonitor doFrame : time=66ms
vsyncFrame=0 latency=666ms procState=-1 historyMsgCount=3 (msgIndex=2 wall=665ms
seq=6448 late=39ms h=android.view.ViewRootImpl$ViewRootHandler
c=android.view.View$PerformClick)
01-16 07:32:31.841 32337 32452 E gralloc4: Empty SMPTE 2094-40 data
01-16 07:32:31.847 32337 32452 E gralloc4: Empty SMPTE 2094-40 data
01-16 07:32:31.852 32337 32452 E gralloc4: Empty SMPTE 2094-40 data
01-16 07:32:31.860 32337 32452 E gralloc4: Empty SMPTE 2094-40 data
01-16 07:32:31.864 32337 32452 E gralloc4: Empty SMPTE 2094-40 data
01-16 07:32:31.878 32337 32452 E gralloc4: Empty SMPTE 2094-40 data
01-16 07:32:31.884 32337 32452 E gralloc4: Empty SMPTE 2094-40 data
01-16 07:32:31.891 32337 32337 W OnBackInvokedCallback: OnBackInvokedCallback is
not enabled for the application.
01-16 07:32:31.891 32337 32337 W OnBackInvokedCallback: Set
'android:enableOnBackInvokedCallback="true"' in the application manifest.
01-16 07:32:31.895 32337 32452 E gralloc4: Empty SMPTE 2094-40 data
01-16 07:32:31.900 32337 32452 E gralloc4: Empty SMPTE 2094-40 data
01-16 07:32:31.910 32337 32452 E gralloc4: Empty SMPTE 2094-40 data
01-16 07:32:31.914 32337 32452 E gralloc4: Empty SMPTE 2094-40 data
01-16 07:32:31.928 32337 32452 E gralloc4: Empty SMPTE 2094-40 data
01-16 07:32:31.934 32337 32452 E gralloc4: Empty SMPTE 2094-40 data
01-16 07:32:31.946 32337 32452 E gralloc4: Empty SMPTE 2094-40 data
01-16 07:32:31.951 32337 32452 E gralloc4: Empty SMPTE 2094-40 data
01-16 07:32:31.963 32337 32452 E gralloc4: Empty SMPTE 2094-40 data
01-16 07:32:31.968 32337 32452 E gralloc4: Empty SMPTE 2094-40 data
01-16 07:32:31.978 32337 32452 E gralloc4: Empty SMPTE 2094-40 data
01-16 07:32:31.984 32337 32452 E gralloc4: Empty SMPTE 2094-40 data
01-16 07:32:31.999 32337 32452 E gralloc4: Empty SMPTE 2094-40 data
01-16 07:32:32.003 32337 32452 E gralloc4: Empty SMPTE 2094-40 data
01-16 07:32:32.011 32337 32452 E gralloc4: Empty SMPTE 2094-40 data
01-16 07:32:32.014 32337 32452 E gralloc4: Empty SMPTE 2094-40 data
01-16 07:32:32.028 32337 32452 E gralloc4: Empty SMPTE 2094-40 data
01-16 07:32:32.034 32337 32452 E gralloc4: Empty SMPTE 2094-40 data
01-16 07:32:32.046 32337 32452 E gralloc4: Empty SMPTE 2094-40 data
01-16 07:32:32.050 32337 32452 E gralloc4: Empty SMPTE 2094-40 data
01-16 07:32:32.063 32337 32452 E gralloc4: Empty SMPTE 2094-40 data
01-16 07:32:32.068 32337 32452 E gralloc4: Empty SMPTE 2094-40 data
01-16 07:32:32.080 32337 32452 E gralloc4: Empty SMPTE 2094-40 data
01-16 07:32:32.085 32337 32452 E gralloc4: Empty SMPTE 2094-40 data
01-16 07:32:32.097 32337 32452 E gralloc4: Empty SMPTE 2094-40 data
01-16 07:32:32.101 32337 32452 E gralloc4: Empty SMPTE 2094-40 data
01-16 07:32:32.112 32337 32452 E gralloc4: Empty SMPTE 2094-40 data
01-16 07:32:32.117 32337 32452 E gralloc4: Empty SMPTE 2094-40 data
01-16 07:32:32.129 32337 32452 E gralloc4: Empty SMPTE 2094-40 data
01-16 07:32:32.134 32337 32452 E gralloc4: Empty SMPTE 2094-40 data
01-16 07:32:32.146 32337 32452 E gralloc4: Empty SMPTE 2094-40 data
01-16 07:32:32.150 32337 32452 E gralloc4: Empty SMPTE 2094-40 data
01-16 07:32:32.162 32337 32452 E gralloc4: Empty SMPTE 2094-40 data
01-16 07:32:32.168 32337 32452 E gralloc4: Empty SMPTE 2094-40 data
01-16 07:32:32.178 32337 32452 E gralloc4: Empty SMPTE 2094-40 data
01-16 07:32:32.183 32337 32452 E gralloc4: Empty SMPTE 2094-40 data
01-16 07:32:32.193 32337 32452 E gralloc4: Empty SMPTE 2094-40 data
01-16 07:32:32.198 32337 32452 E gralloc4: Empty SMPTE 2094-40 data
01-16 07:32:32.212 32337 32452 E gralloc4: Empty SMPTE 2094-40 data
01-16 07:32:32.229 32337 32452 E gralloc4: Empty SMPTE 2094-40 data
01-16 07:32:32.246 32337 32452 E gralloc4: Empty SMPTE 2094-40 data
01-16 07:32:32.262 32337 32452 E gralloc4: Empty SMPTE 2094-40 data
01-16 07:32:32.281 32337 32452 E gralloc4: Empty SMPTE 2094-40 data
01-16 07:32:32.295 32337 32452 E gralloc4: Empty SMPTE 2094-40 data
01-16 07:32:32.314 32337 32452 E gralloc4: Empty SMPTE 2094-40 data
01-16 07:32:32.329 32337 32452 E gralloc4: Empty SMPTE 2094-40 data
01-16 07:32:32.350 32337 32452 E gralloc4: Empty SMPTE 2094-40 data
01-16 07:32:32.363 32337 32452 E gralloc4: Empty SMPTE 2094-40 data
01-16 07:32:32.382 32337 32452 E gralloc4: Empty SMPTE 2094-40 data
01-16 07:32:32.396 32337 32452 E gralloc4: Empty SMPTE 2094-40 data
01-16 07:32:32.413 32337 32452 E gralloc4: Empty SMPTE 2094-40 data
01-16 07:32:32.428 32337 32452 E gralloc4: Empty SMPTE 2094-40 data
01-16 07:32:32.447 32337 32452 E gralloc4: Empty SMPTE 2094-40 data
01-16 07:32:32.465 32337 32452 E gralloc4: Empty SMPTE 2094-40 data
01-16 07:32:32.478 32337 32452 E gralloc4: Empty SMPTE 2094-40 data
01-16 07:32:32.497 32337 32452 E gralloc4: Empty SMPTE 2094-40 data
01-16 07:32:32.512 32337 32452 E gralloc4: Empty SMPTE 2094-40 data
01-16 07:32:32.531 32337 32452 E gralloc4: Empty SMPTE 2094-40 data
01-16 07:32:32.547 32337 32452 E gralloc4: Empty SMPTE 2094-40 data
01-16 07:32:32.564 32337 32452 E gralloc4: Empty SMPTE 2094-40 data
01-16 07:32:32.579 32337 32452 E gralloc4: Empty SMPTE 2094-40 data
01-16 07:32:32.598 32337 32452 E gralloc4: Empty SMPTE 2094-40 data
01-16 07:32:32.612 32337 32452 E gralloc4: Empty SMPTE 2094-40 data
01-16 07:32:32.631 32337 32452 E gralloc4: Empty SMPTE 2094-40 data
01-16 07:32:32.645 32337 32452 E gralloc4: Empty SMPTE 2094-40 data
01-16 07:32:32.663 32337 32452 E gralloc4: Empty SMPTE 2094-40 data
01-16 07:32:32.680 32337 32452 E gralloc4: Empty SMPTE 2094-40 data
01-16 07:32:32.698 32337 32452 E gralloc4: Empty SMPTE 2094-40 data
01-16 07:32:32.713 32337 32452 E gralloc4: Empty SMPTE 2094-40 data
01-16 07:32:32.729 32337 32452 E gralloc4: Empty SMPTE 2094-40 data
01-16 07:32:32.747 32337 32452 E gralloc4: Empty SMPTE 2094-40 data
01-16 07:32:32.764 32337 32452 E gralloc4: Empty SMPTE 2094-40 data
01-16 07:32:32.780 32337 32452 E gralloc4: Empty SMPTE 2094-40 data
01-16 07:32:32.797 32337 32452 E gralloc4: Empty SMPTE 2094-40 data
01-16 07:32:32.814 32337 32452 E gralloc4: Empty SMPTE 2094-40 data
01-16 07:32:32.829 32337 32452 E gralloc4: Empty SMPTE 2094-40 data
01-16 07:32:32.848 32337 32452 E gralloc4: Empty SMPTE 2094-40 data
01-16 07:32:32.864 32337 32452 E gralloc4: Empty SMPTE 2094-40 data
01-16 07:32:32.881 32337 32452 E gralloc4: Empty SMPTE 2094-40 data
01-16 07:32:32.897 32337 32452 E gralloc4: Empty SMPTE 2094-40 data
01-16 07:32:32.914 32337 32452 E gralloc4: Empty SMPTE 2094-40 data
01-16 07:32:32.929 32337 32452 E gralloc4: Empty SMPTE 2094-40 data
01-16 07:32:32.943 32337 32452 E gralloc4: Empty SMPTE 2094-40 data
01-16 07:32:32.945 32337 32337 W BpBinder: Slow Binder: BpBinder transact took 672
ms, interface=android.app.IActivityTaskManager, code=1 oneway=false
01-16 07:32:32.960 32337 32452 E gralloc4: Empty SMPTE 2094-40 data
01-16 07:32:32.976 32337 32452 E gralloc4: Empty SMPTE 2094-40 data
01-16 07:32:32.993 32337 32452 E gralloc4: Empty SMPTE 2094-40 data
01-16 07:32:33.010 32337 32452 E gralloc4: Empty SMPTE 2094-40 data
01-16 07:32:33.026 32337 32452 E gralloc4: Empty SMPTE 2094-40 data
01-16 07:32:33.043 32337 32452 E gralloc4: Empty SMPTE 2094-40 data
01-16 07:32:33.059 32337 32452 E gralloc4: Empty SMPTE 2094-40 data
01-16 07:32:33.076 32337 32452 E gralloc4: Empty SMPTE 2094-40 data
01-16 07:32:33.093 32337 32452 E gralloc4: Empty SMPTE 2094-40 data
01-16 07:32:33.109 32337 32452 E gralloc4: Empty SMPTE 2094-40 data
01-16 07:32:33.116 32337 32337 W Looper : PerfMonitor doFrame : time=1ms
vsyncFrame=0 latency=861ms procState=-1 historyMsgCount=1 (msgIndex=1 wall=864ms
seq=6540 h=X.0zu w=0)
01-16 07:32:33.127 32337 32452 E gralloc4: Empty SMPTE 2094-40 data
01-16 07:32:33.145 32337 32535 W BpBinder: Slow Binder: BpBinder transact took 292
ms, interface=android.app.job.IJobScheduler, code=1 oneway=false
01-16 07:32:33.158 2461 2461 W ps : type=1400 audit(0.0:7150597): avc:
denied { read } for name="pid_max" dev="proc" ino=92562665
scontext=u:r:untrusted_app:s0:c186,c256,c512,c768
tcontext=u:object_r:proc_pid_max:s0 tclass=file permissive=0 app=com.mbwhatsapp
01-16 07:32:33.277 32337 32337 W com.mbwhatsapp: Method void
com.mbwhatsapp.HomeActivity.A6e() failed lock verification and will run slower.
01-16 07:32:33.277 32337 32337 W com.mbwhatsapp: Common causes for lock
verification issues are non-optimized dex code
01-16 07:32:33.277 32337 32337 W com.mbwhatsapp: and incorrect proguard
optimizations.
01-16 07:32:33.639 32337 32443 W MediaCodec-JNI: try to release MediaCodec from
JMediaCodec::~JMediaCodec()...
01-16 07:32:33.641 32337 32443 W MediaCodec-JNI: done releasing MediaCodec from
JMediaCodec::~JMediaCodec().
01-16 07:32:33.864 32337 32337 E ArmVmp : Match on catch block at 0x0a in for
0x796a35f031
01-16 07:32:33.866 32337 2621 W ColorUtils: expected specified color aspects
(0:0:0:0)
01-16 07:32:33.917 32337 32337 E ArmVmp : Match on catch block at 0x0a in for
0x796a35f04d
01-16 07:32:33.960 32337 2665 W com.mbwhatsapp: Accessing hidden method
Lcom/android/org/conscrypt/ConscryptEngineSocket;->setUseSessionTickets(Z)V (max-
target-q,core-platform-api, reflection, denied)
01-16 07:32:33.960 32337 2665 W com.mbwhatsapp: Accessing hidden method
Lcom/android/org/conscrypt/OpenSSLSocketImpl;->setUseSessionTickets(Z)V (max-
target-q,core-platform-api, reflection, denied)
01-16 07:32:33.961 32337 2665 W com.mbwhatsapp: Accessing hidden method
Lcom/android/org/conscrypt/AbstractConscryptSocket;->setUseSessionTickets(Z)V (max-
target-q, reflection, denied)
01-16 07:32:33.962 32337 2665 W com.mbwhatsapp: Accessing hidden method
Lcom/android/org/conscrypt/ConscryptEngineSocket;->setHostname(Ljava/lang/String;)V
(max-target-q,core-platform-api, reflection, denied)
01-16 07:32:33.962 32337 2665 W com.mbwhatsapp: Accessing hidden method
Lcom/android/org/conscrypt/OpenSSLSocketImpl;->setHostname(Ljava/lang/String;)V
(max-target-q,core-platform-api, reflection, denied)
01-16 07:32:33.962 32337 2665 W com.mbwhatsapp: Accessing hidden method
Lcom/android/org/conscrypt/AbstractConscryptSocket;->setHostname(Ljava/lang/
String;)V (max-target-q, reflection, denied)
01-16 07:32:33.974 32337 2665 W com.mbwhatsapp: Accessing hidden method
Lcom/android/org/conscrypt/OpenSSLSocketImpl;->setAlpnProtocols([B)V (max-target-
q,core-platform-api, reflection, denied)
01-16 07:32:33.974 32337 2665 W com.mbwhatsapp: Accessing hidden method
Lcom/android/org/conscrypt/AbstractConscryptSocket;->setAlpnProtocols([B)V (max-
target-q, reflection, denied)
01-16 07:32:34.033 32337 32337 W Activity: Can request only one set of permissions
at a time
01-16 07:32:34.039 32337 2672 W ColorUtils: expected specified color aspects
(2:0:0:0)
01-16 07:32:34.114 32337 2665 W com.mbwhatsapp: Accessing hidden method
Lcom/android/org/conscrypt/OpenSSLSocketImpl;->getAlpnSelectedProtocol()[B (max-
target-q,core-platform-api, reflection, denied)
01-16 07:32:34.114 32337 2665 W com.mbwhatsapp: Accessing hidden method
Lcom/android/org/conscrypt/AbstractConscryptSocket;->getAlpnSelectedProtocol()[B
(max-target-q, reflection, denied)
01-16 07:32:34.120 32337 2726 W ColorUtils: expected specified color aspects
(2:0:0:0)
01-16 07:32:34.162 32337 32443 W AudioCapabilities: Unsupported mime audio/x-adpcm-
dvi-ima
01-16 07:32:34.162 32337 32443 W AudioCapabilities: Unsupported mime audio/x-adpcm-
dvi-ima
01-16 07:32:34.163 32337 32443 W AudioCapabilities: Unsupported mime audio/x-adpcm-
ms
01-16 07:32:34.163 32337 32443 W AudioCapabilities: Unsupported mime audio/x-adpcm-
ms
01-16 07:32:34.163 32337 32337 W Activity: PerfMonitor: Slow Operation: Activity
com.mbwhatsapp/.HomeActivity onCreate took 849ms
01-16 07:32:34.163 32337 32443 W AudioCapabilities: Unsupported mime audio/alac
01-16 07:32:34.163 32337 32443 W AudioCapabilities: Unsupported mime audio/alac
01-16 07:32:34.171 32337 32443 W VideoCapabilities: Unrecognized profile/level
32768/256 for video/mp4v-es
01-16 07:32:34.171 32337 32443 W VideoCapabilities: Unrecognized profile/level
32768/256 for video/mp4v-es
01-16 07:32:34.203 32337 32337 W Looper : PerfMonitor looperActivity :
package=com.mbwhatsapp/.HomeActivity time=0ms latency=951ms procState=-1
historyMsgCount=5 (msgIndex=4 wall=946ms seq=6568 late=5ms
h=android.app.ActivityThread$H w=159)
01-16 07:32:34.301 32337 32337 W Activity: PerfMonitor: Slow Operation: Activity
com.mbwhatsapp/.HomeActivity onPause took 96ms
01-16 07:32:34.922 32337 32337 E RecyclerView: No adapter attached; skipping layout
01-16 07:32:35.007 32337 32452 E gralloc4: Empty SMPTE 2094-40 data
01-16 07:32:35.010 32337 32452 W Parcel : Expecting binder but got null!
01-16 07:32:35.011 32337 32337 W Looper : PerfMonitor doFrame : time=682ms
vsyncFrame=0 latency=126ms procState=-1 historyMsgCount=17 (msgIndex=8 wall=121ms
seq=6578 late=250ms h=android.app.ActivityThread$H w=159)
01-16 07:32:35.031 32337 32337 E ArmVmp : Match on catch block at 0x0a in for
0x796a35f035
01-16 07:32:35.039 32337 32337 W Looper : PerfMonitor looperActivity :
package=com.mbwhatsapp/mbmodsd.mbmodsw.mbsettings.yo.PauseActivity time=17ms
latency=713ms procState=-1 historyMsgCount=16 (msgIndex=1 wall=121ms seq=6578
late=250ms h=android.app.ActivityThread$H w=159) (msgIndex=11 wall=682ms seq=6588
late=126ms h=android.view.Choreographer$FrameHandler
c=android.view.Choreographer$FrameDisplayEventReceiver)
01-16 07:32:35.048 32337 32337 W Looper : PerfMonitor looperActivity :
package=com.mbwhatsapp/.HomeActivity time=8ms latency=713ms procState=-1
historyMsgCount=17 (msgIndex=10 wall=682ms seq=6588 late=126ms
h=android.view.Choreographer$FrameHandler
c=android.view.Choreographer$FrameDisplayEventReceiver)
01-16 07:32:35.089 32337 32337 W Looper : PerfMonitor doFrame : time=40ms
vsyncFrame=0 latency=714ms procState=-1 historyMsgCount=11 (msgIndex=1 wall=682ms
seq=6588 late=126ms h=android.view.Choreographer$FrameHandler
c=android.view.Choreographer$FrameDisplayEventReceiver)
01-16 07:32:35.100 32337 32337 W Looper : PerfMonitor looperActivity :
package=com.mbwhatsapp/mbmodsd.mbmodsw.mbsettings.yo.PauseActivity time=0ms
latency=443ms procState=-1 historyMsgCount=46 (msgIndex=1 wall=682ms seq=6588
late=126ms h=android.view.Choreographer$FrameHandler
c=android.view.Choreographer$FrameDisplayEventReceiver)
01-16 07:32:35.100 32337 32337 W Looper : PerfMonitor looperActivity :
package=com.mbwhatsapp/mbmodsd.mbmodsw.mbsettings.yo.PauseActivity time=0ms
latency=437ms procState=-1 historyMsgCount=47 (msgIndex=1 wall=682ms seq=6588
late=126ms h=android.view.Choreographer$FrameHandler
c=android.view.Choreographer$FrameDisplayEventReceiver)
01-16 07:32:35.237 32337 2938 W LOTTIE : Animation contains merge paths. Merge
paths are only supported on KitKat+ and must be manually enabled by calling
enableMergePathsForKitKatAndAbove().
01-16 07:32:35.305 32337 32452 E gralloc4: Empty SMPTE 2094-40 data
01-16 07:32:35.462 32337 32337 W LOTTIE : Animation contains merge paths but they
are disabled.
01-16 07:32:35.467 32337 32452 E gralloc4: Empty SMPTE 2094-40 data
01-16 07:32:35.560 32337 32452 E gralloc4: Empty SMPTE 2094-40 data
01-16 07:32:35.628 32337 32452 E gralloc4: Empty SMPTE 2094-40 data
01-16 07:32:35.653 32337 32452 E gralloc4: Empty SMPTE 2094-40 data
01-16 07:32:35.671 32337 32452 E gralloc4: Empty SMPTE 2094-40 data
01-16 07:32:35.732 32337 32452 E gralloc4: Empty SMPTE 2094-40 data
01-16 07:32:36.842 32337 32452 E gralloc4: Empty SMPTE 2094-40 data
01-16 07:32:36.856 32337 32452 E gralloc4: Empty SMPTE 2094-40 data
01-16 07:32:36.872 32337 32452 E gralloc4: Empty SMPTE 2094-40 data
01-16 07:32:36.887 32337 32452 E gralloc4: Empty SMPTE 2094-40 data
01-16 07:32:36.905 32337 32452 E gralloc4: Empty SMPTE 2094-40 data
01-16 07:32:36.921 32337 32452 E gralloc4: Empty SMPTE 2094-40 data
01-16 07:32:36.938 32337 32452 E gralloc4: Empty SMPTE 2094-40 data
01-16 07:32:36.956 32337 32452 E gralloc4: Empty SMPTE 2094-40 data
01-16 07:32:36.972 32337 32452 E gralloc4: Empty SMPTE 2094-40 data
01-16 07:32:36.989 32337 32452 E gralloc4: Empty SMPTE 2094-40 data
01-16 07:32:37.006 32337 32452 E gralloc4: Empty SMPTE 2094-40 data
01-16 07:32:37.022 32337 32452 E gralloc4: Empty SMPTE 2094-40 data
01-16 07:32:37.039 32337 32452 E gralloc4: Empty SMPTE 2094-40 data
01-16 07:32:37.056 32337 32452 E gralloc4: Empty SMPTE 2094-40 data
01-16 07:32:37.072 32337 32452 E gralloc4: Empty SMPTE 2094-40 data
01-16 07:32:37.089 32337 32452 E gralloc4: Empty SMPTE 2094-40 data
01-16 07:32:37.105 32337 32452 E gralloc4: Empty SMPTE 2094-40 data
01-16 07:32:45.873 32337 32452 E gralloc4: Empty SMPTE 2094-40 data
01-16 07:32:45.897 32337 32452 E gralloc4: Empty SMPTE 2094-40 data
01-16 07:32:45.912 32337 32452 E gralloc4: Empty SMPTE 2094-40 data
01-16 07:32:45.928 32337 32452 E gralloc4: Empty SMPTE 2094-40 data
01-16 07:32:45.945 32337 32452 E gralloc4: Empty SMPTE 2094-40 data
01-16 07:32:45.962 32337 32452 E gralloc4: Empty SMPTE 2094-40 data
01-16 07:32:46.010 32337 32452 E gralloc4: Empty SMPTE 2094-40 data
01-16 07:32:46.035 32337 32452 E gralloc4: Empty SMPTE 2094-40 data
01-16 07:32:46.053 32337 32452 E gralloc4: Empty SMPTE 2094-40 data
01-16 07:32:46.060 32337 32452 E gralloc4: Empty SMPTE 2094-40 data
01-16 07:32:46.076 32337 32452 E gralloc4: Empty SMPTE 2094-40 data
01-16 07:32:46.094 32337 32452 E gralloc4: Empty SMPTE 2094-40 data
01-16 07:32:46.111 32337 32452 E gralloc4: Empty SMPTE 2094-40 data
01-16 07:32:46.127 32337 32452 E gralloc4: Empty SMPTE 2094-40 data
01-16 07:32:46.145 32337 32452 E gralloc4: Empty SMPTE 2094-40 data
01-16 07:32:46.163 32337 32452 E gralloc4: Empty SMPTE 2094-40 data
01-16 07:32:46.177 32337 32452 E gralloc4: Empty SMPTE 2094-40 data
01-16 07:32:46.194 32337 32452 E gralloc4: Empty SMPTE 2094-40 data
01-16 07:32:46.210 32337 32452 E gralloc4: Empty SMPTE 2094-40 data
01-16 07:32:46.228 32337 32452 E gralloc4: Empty SMPTE 2094-40 data
01-16 07:32:46.242 32337 32452 E gralloc4: Empty SMPTE 2094-40 data
01-16 07:32:46.259 32337 32452 E gralloc4: Empty SMPTE 2094-40 data
01-16 07:32:46.276 32337 32452 E gralloc4: Empty SMPTE 2094-40 data
01-16 07:32:46.299 32337 32452 E gralloc4: Empty SMPTE 2094-40 data
01-16 07:32:46.330 32337 32452 E gralloc4: Empty SMPTE 2094-40 data
01-16 07:32:46.337 32337 32452 E gralloc4: Empty SMPTE 2094-40 data
01-16 07:32:46.348 32337 32452 E gralloc4: Empty SMPTE 2094-40 data
01-16 07:32:46.361 32337 32452 E gralloc4: Empty SMPTE 2094-40 data
01-16 07:32:46.381 32337 32452 E gralloc4: Empty SMPTE 2094-40 data
01-16 07:32:46.396 32337 32452 E gralloc4: Empty SMPTE 2094-40 data
01-16 07:32:46.412 32337 32452 E gralloc4: Empty SMPTE 2094-40 data
01-16 07:32:46.433 32337 32452 E gralloc4: Empty SMPTE 2094-40 data
01-16 07:32:46.448 32337 32452 E gralloc4: Empty SMPTE 2094-40 data
01-16 07:32:46.462 32337 32452 E gralloc4: Empty SMPTE 2094-40 data
01-16 07:32:46.492 32337 32452 E gralloc4: Empty SMPTE 2094-40 data
01-16 07:32:46.512 32337 32452 E gralloc4: Empty SMPTE 2094-40 data
01-16 07:32:46.517 32337 32452 E gralloc4: Empty SMPTE 2094-40 data
01-16 07:32:46.535 32337 32452 E gralloc4: Empty SMPTE 2094-40 data
01-16 07:32:46.544 32337 32452 E gralloc4: Empty SMPTE 2094-40 data
01-16 07:32:46.560 32337 32452 E gralloc4: Empty SMPTE 2094-40 data
01-16 07:32:46.576 32337 32452 E gralloc4: Empty SMPTE 2094-40 data
01-16 07:32:46.592 32337 32452 E gralloc4: Empty SMPTE 2094-40 data
01-16 07:32:46.615 32337 32452 E gralloc4: Empty SMPTE 2094-40 data
01-16 07:32:46.631 32337 32452 E gralloc4: Empty SMPTE 2094-40 data
01-16 07:32:46.644 32337 32452 E gralloc4: Empty SMPTE 2094-40 data
01-16 07:32:46.664 32337 32452 E gralloc4: Empty SMPTE 2094-40 data
01-16 07:32:46.677 32337 32452 E gralloc4: Empty SMPTE 2094-40 data
01-16 07:32:46.695 32337 32452 E gralloc4: Empty SMPTE 2094-40 data
01-16 07:32:46.714 32337 32452 E gralloc4: Empty SMPTE 2094-40 data
01-16 07:32:46.749 32337 32452 E gralloc4: Empty SMPTE 2094-40 data
01-16 07:32:46.757 32337 32452 E gralloc4: Empty SMPTE 2094-40 data
01-16 07:32:46.764 32337 32452 E gralloc4: Empty SMPTE 2094-40 data
01-16 07:32:46.777 32337 32452 E gralloc4: Empty SMPTE 2094-40 data
01-16 07:32:46.794 32337 32452 E gralloc4: Empty SMPTE 2094-40 data
01-16 07:32:46.810 32337 32452 E gralloc4: Empty SMPTE 2094-40 data
01-16 07:32:46.831 32337 32452 E gralloc4: Empty SMPTE 2094-40 data
01-16 07:32:46.848 32337 32452 E gralloc4: Empty SMPTE 2094-40 data
01-16 07:32:46.861 32337 32452 E gralloc4: Empty SMPTE 2094-40 data
01-16 07:32:46.878 32337 32452 E gralloc4: Empty SMPTE 2094-40 data
01-16 07:32:46.895 32337 32452 E gralloc4: Empty SMPTE 2094-40 data
01-16 07:32:46.911 32337 32452 E gralloc4: Empty SMPTE 2094-40 data
01-16 07:32:46.950 32337 32452 E gralloc4: Empty SMPTE 2094-40 data
01-16 07:32:46.956 32337 32452 E gralloc4: Empty SMPTE 2094-40 data
01-16 07:32:46.970 32337 32452 E gralloc4: Empty SMPTE 2094-40 data
01-16 07:32:46.976 32337 32452 E gralloc4: Empty SMPTE 2094-40 data
01-16 07:32:46.993 32337 32452 E gralloc4: Empty SMPTE 2094-40 data
01-16 07:32:47.015 32337 32452 E gralloc4: Empty SMPTE 2094-40 data
01-16 07:32:47.026 32337 32452 E gralloc4: Empty SMPTE 2094-40 data
01-16 07:32:47.044 32337 32452 E gralloc4: Empty SMPTE 2094-40 data
01-16 07:32:47.083 32337 32452 E gralloc4: Empty SMPTE 2094-40 data
01-16 07:32:47.101 32337 32452 E gralloc4: Empty SMPTE 2094-40 data
01-16 07:32:47.114 32337 32452 E gralloc4: Empty SMPTE 2094-40 data
01-16 07:32:47.125 32337 32452 E gralloc4: Empty SMPTE 2094-40 data
01-16 07:32:47.136 32337 32452 E gralloc4: Empty SMPTE 2094-40 data
01-16 07:32:47.144 32337 32452 E gralloc4: Empty SMPTE 2094-40 data
01-16 07:32:47.161 32337 32452 E gralloc4: Empty SMPTE 2094-40 data
01-16 07:32:47.178 32337 32452 E gralloc4: Empty SMPTE 2094-40 data
01-16 07:32:47.195 32337 32452 E gralloc4: Empty SMPTE 2094-40 data
01-16 07:32:47.212 32337 32452 E gralloc4: Empty SMPTE 2094-40 data
01-16 07:32:47.229 32337 32452 E gralloc4: Empty SMPTE 2094-40 data
01-16 07:32:47.245 32337 32452 E gralloc4: Empty SMPTE 2094-40 data
01-16 07:32:47.263 32337 32452 E gralloc4: Empty SMPTE 2094-40 data
01-16 07:32:47.279 32337 32452 E gralloc4: Empty SMPTE 2094-40 data
01-16 07:32:47.295 32337 32452 E gralloc4: Empty SMPTE 2094-40 data
01-16 07:32:47.311 32337 32452 E gralloc4: Empty SMPTE 2094-40 data
01-16 07:32:47.328 32337 32452 E gralloc4: Empty SMPTE 2094-40 data
01-16 07:32:47.349 32337 32452 E gralloc4: Empty SMPTE 2094-40 data
01-16 07:32:47.366 32337 32452 E gralloc4: Empty SMPTE 2094-40 data
01-16 07:32:47.376 32337 32452 E gralloc4: Empty SMPTE 2094-40 data
01-16 07:32:47.394 32337 32452 E gralloc4: Empty SMPTE 2094-40 data
01-16 07:32:47.414 32337 32452 E gralloc4: Empty SMPTE 2094-40 data
01-16 07:32:47.430 32337 32452 E gralloc4: Empty SMPTE 2094-40 data
01-16 07:32:47.447 32337 32452 E gralloc4: Empty SMPTE 2094-40 data
01-16 07:32:47.486 32337 32452 E gralloc4: Empty SMPTE 2094-40 data
01-16 07:32:47.513 32337 32452 E gralloc4: Empty SMPTE 2094-40 data
01-16 07:32:47.521 32337 32452 E gralloc4: Empty SMPTE 2094-40 data
01-16 07:32:47.527 32337 32452 E gralloc4: Empty SMPTE 2094-40 data
01-16 07:32:47.533 32337 32452 E gralloc4: Empty SMPTE 2094-40 data
01-16 07:32:47.542 32337 32452 E gralloc4: Empty SMPTE 2094-40 data
01-16 07:32:47.559 32337 32452 E gralloc4: Empty SMPTE 2094-40 data
01-16 07:32:47.580 32337 32452 E gralloc4: Empty SMPTE 2094-40 data
01-16 07:32:47.593 32337 32452 E gralloc4: Empty SMPTE 2094-40 data
01-16 07:32:47.609 32337 32452 E gralloc4: Empty SMPTE 2094-40 data
01-16 07:32:47.632 32337 32452 E gralloc4: Empty SMPTE 2094-40 data
01-16 07:32:47.649 32337 32452 E gralloc4: Empty SMPTE 2094-40 data
01-16 07:32:47.659 32337 32452 E gralloc4: Empty SMPTE 2094-40 data
01-16 07:32:47.693 32337 32452 E gralloc4: Empty SMPTE 2094-40 data
01-16 07:32:47.705 32337 32452 E gralloc4: Empty SMPTE 2094-40 data
01-16 07:32:47.710 32337 32452 E gralloc4: Empty SMPTE 2094-40 data
01-16 07:32:47.725 32337 32452 E gralloc4: Empty SMPTE 2094-40 data
01-16 07:32:47.741 32337 32452 E gralloc4: Empty SMPTE 2094-40 data
01-16 07:32:47.758 32337 32452 E gralloc4: Empty SMPTE 2094-40 data
01-16 07:32:47.775 32337 32452 E gralloc4: Empty SMPTE 2094-40 data
01-16 07:32:47.792 32337 32452 E gralloc4: Empty SMPTE 2094-40 data
01-16 07:32:47.814 32337 32452 E gralloc4: Empty SMPTE 2094-40 data
01-16 07:32:47.825 32337 32452 E gralloc4: Empty SMPTE 2094-40 data
01-16 07:32:47.841 32337 32452 E gralloc4: Empty SMPTE 2094-40 data
01-16 07:32:47.857 32337 32452 E gralloc4: Empty SMPTE 2094-40 data
01-16 07:32:47.875 32337 32452 E gralloc4: Empty SMPTE 2094-40 data
01-16 07:32:47.891 32337 32452 E gralloc4: Empty SMPTE 2094-40 data
01-16 07:32:47.908 32337 32452 E gralloc4: Empty SMPTE 2094-40 data
01-16 07:32:47.924 32337 32452 E gralloc4: Empty SMPTE 2094-40 data
01-16 07:32:47.940 32337 32452 E gralloc4: Empty SMPTE 2094-40 data
01-16 07:32:53.133 32337 32452 E gralloc4: Empty SMPTE 2094-40 data
01-16 07:32:53.150 32337 32452 E gralloc4: Empty SMPTE 2094-40 data
01-16 07:32:53.164 32337 32452 E gralloc4: Empty SMPTE 2094-40 data
01-16 07:32:53.183 32337 32452 E gralloc4: Empty SMPTE 2094-40 data
01-16 07:32:53.199 32337 32452 E gralloc4: Empty SMPTE 2094-40 data
01-16 07:32:53.213 32337 32452 E gralloc4: Empty SMPTE 2094-40 data
01-16 07:32:53.230 32337 32452 E gralloc4: Empty SMPTE 2094-40 data
01-16 07:32:54.643 32337 32452 E gralloc4: Empty SMPTE 2094-40 data
01-16 07:32:54.657 32337 32452 E gralloc4: Empty SMPTE 2094-40 data
01-16 07:32:54.675 32337 32452 E gralloc4: Empty SMPTE 2094-40 data
01-16 07:32:54.688 32337 32452 E gralloc4: Empty SMPTE 2094-40 data
01-16 07:32:54.703 32337 32452 E gralloc4: Empty SMPTE 2094-40 data
01-16 07:32:54.720 32337 32452 E gralloc4: Empty SMPTE 2094-40 data
01-16 07:32:54.735 32337 32452 E gralloc4: Empty SMPTE 2094-40 data
01-16 07:32:55.708 32337 32337 E ArmVmp : Match on catch block at 0x0a in for
0x796a35f049
01-16 07:32:55.757 32337 32452 E gralloc4: Empty SMPTE 2094-40 data
01-16 07:32:55.760 32337 32452 W Parcel : Expecting binder but got null!
01-16 07:32:55.783 32337 32452 E gralloc4: Empty SMPTE 2094-40 data
01-16 07:32:55.792 32337 32452 E gralloc4: Empty SMPTE 2094-40 data
01-16 07:32:55.802 32337 32452 E gralloc4: Empty SMPTE 2094-40 data
01-16 07:32:55.813 32337 32452 E gralloc4: Empty SMPTE 2094-40 data
01-16 07:32:55.818 32337 32452 E gralloc4: Empty SMPTE 2094-40 data
01-16 07:32:55.831 32337 32452 E gralloc4: Empty SMPTE 2094-40 data
01-16 07:32:55.839 32337 32452 E gralloc4: Empty SMPTE 2094-40 data
01-16 07:32:55.851 32337 32452 E gralloc4: Empty SMPTE 2094-40 data
01-16 07:32:55.869 32337 32452 E gralloc4: Empty SMPTE 2094-40 data
01-16 07:32:55.885 32337 32452 E gralloc4: Empty SMPTE 2094-40 data
01-16 07:32:55.904 32337 32452 E gralloc4: Empty SMPTE 2094-40 data
01-16 07:32:57.385 32337 32452 E gralloc4: Empty SMPTE 2094-40 data
01-16 07:32:57.401 32337 32452 E gralloc4: Empty SMPTE 2094-40 data
01-16 07:32:57.411 32337 32452 E gralloc4: Empty SMPTE 2094-40 data
01-16 07:32:57.428 32337 32452 E gralloc4: Empty SMPTE 2094-40 data
01-16 07:32:57.444 32337 32452 E gralloc4: Empty SMPTE 2094-40 data
01-16 07:32:57.461 32337 32452 E gralloc4: Empty SMPTE 2094-40 data
01-16 07:32:57.479 32337 32452 E gralloc4: Empty SMPTE 2094-40 data
01-16 07:32:57.497 32337 32452 E gralloc4: Empty SMPTE 2094-40 data
01-16 07:32:57.511 32337 32452 E gralloc4: Empty SMPTE 2094-40 data
01-16 07:32:57.533 32337 32452 E gralloc4: Empty SMPTE 2094-40 data
01-16 07:32:57.545 32337 32452 E gralloc4: Empty SMPTE 2094-40 data
01-16 07:32:57.565 32337 32452 E gralloc4: Empty SMPTE 2094-40 data
01-16 07:32:57.579 32337 32452 E gralloc4: Empty SMPTE 2094-40 data
01-16 07:32:57.595 32337 32452 E gralloc4: Empty SMPTE 2094-40 data
01-16 07:32:57.614 32337 32452 E gralloc4: Empty SMPTE 2094-40 data
01-16 07:32:57.629 32337 32452 E gralloc4: Empty SMPTE 2094-40 data
01-16 07:32:57.645 32337 32452 E gralloc4: Empty SMPTE 2094-40 data
01-16 07:32:57.938 32337 32337 W InputEventReceiver: Attempted to finish an input
event but the input event receiver has already been disposed.
01-16 07:32:58.034 32337 32452 E gralloc4: Empty SMPTE 2094-40 data
01-16 07:32:58.053 32337 32452 E gralloc4: Empty SMPTE 2094-40 data
01-16 07:32:58.074 32337 32452 E gralloc4: Empty SMPTE 2094-40 data
01-16 07:32:58.097 32337 32452 E gralloc4: Empty SMPTE 2094-40 data
01-16 07:32:58.116 32337 32452 E gralloc4: Empty SMPTE 2094-40 data
01-16 07:32:58.136 32337 32452 E gralloc4: Empty SMPTE 2094-40 data
01-16 07:32:59.228 32337 32452 E gralloc4: Empty SMPTE 2094-40 data
01-16 07:32:59.239 32337 32452 E gralloc4: Empty SMPTE 2094-40 data
01-16 07:32:59.250 32337 32452 E gralloc4: Empty SMPTE 2094-40 data
01-16 07:32:59.257 32337 32452 E gralloc4: Empty SMPTE 2094-40 data
01-16 07:32:59.265 32337 32452 E gralloc4: Empty SMPTE 2094-40 data
01-16 07:32:59.277 32337 32452 E gralloc4: Empty SMPTE 2094-40 data
01-16 07:32:59.294 32337 32452 E gralloc4: Empty SMPTE 2094-40 data
01-16 07:32:59.310 32337 32452 E gralloc4: Empty SMPTE 2094-40 data
01-16 07:32:59.327 32337 32452 E gralloc4: Empty SMPTE 2094-40 data
01-16 07:32:59.343 32337 32452 E gralloc4: Empty SMPTE 2094-40 data
01-16 07:32:59.359 32337 32452 E gralloc4: Empty SMPTE 2094-40 data
01-16 07:32:59.376 32337 32452 E gralloc4: Empty SMPTE 2094-40 data
01-16 07:32:59.392 32337 32452 E gralloc4: Empty SMPTE 2094-40 data
01-16 07:32:59.409 32337 32452 E gralloc4: Empty SMPTE 2094-40 data
01-16 07:32:59.426 32337 32452 E gralloc4: Empty SMPTE 2094-40 data
01-16 07:32:59.443 32337 32452 E gralloc4: Empty SMPTE 2094-40 data
01-16 07:32:59.459 32337 32452 E gralloc4: Empty SMPTE 2094-40 data
01-16 07:32:59.476 32337 32452 E gralloc4: Empty SMPTE 2094-40 data
01-16 07:32:59.492 32337 32452 E gralloc4: Empty SMPTE 2094-40 data
01-16 07:32:59.509 32337 32452 E gralloc4: Empty SMPTE 2094-40 data
01-16 07:32:59.526 32337 32452 E gralloc4: Empty SMPTE 2094-40 data
01-16 07:32:59.543 32337 32452 E gralloc4: Empty SMPTE 2094-40 data
01-16 07:32:59.559 32337 32452 E gralloc4: Empty SMPTE 2094-40 data
01-16 07:32:59.575 32337 32452 E gralloc4: Empty SMPTE 2094-40 data
01-16 07:32:59.592 32337 32452 E gralloc4: Empty SMPTE 2094-40 data
01-16 07:32:59.608 32337 32452 E gralloc4: Empty SMPTE 2094-40 data
01-16 07:32:59.626 32337 32452 E gralloc4: Empty SMPTE 2094-40 data
01-16 07:33:01.664 32337 32452 E gralloc4: Empty SMPTE 2094-40 data
01-16 07:33:01.665 32337 32452 W Parcel : Expecting binder but got null!
01-16 07:33:01.677 32337 32452 E gralloc4: Empty SMPTE 2094-40 data
01-16 07:33:01.688 32337 32452 E gralloc4: Empty SMPTE 2094-40 data
01-16 07:33:01.694 32337 32452 E gralloc4: Empty SMPTE 2094-40 data
01-16 07:33:01.698 32337 32452 E gralloc4: Empty SMPTE 2094-40 data
01-16 07:33:01.707 32337 32452 E gralloc4: Empty SMPTE 2094-40 data
01-16 07:33:01.714 32337 32452 E gralloc4: Empty SMPTE 2094-40 data
01-16 07:33:01.723 32337 32452 E gralloc4: Empty SMPTE 2094-40 data
01-16 07:33:01.730 32337 32452 E gralloc4: Empty SMPTE 2094-40 data
01-16 07:33:01.743 32337 32452 E gralloc4: Empty SMPTE 2094-40 data
01-16 07:33:01.745 32337 32452 E gralloc4: Empty SMPTE 2094-40 data
01-16 07:33:01.759 32337 32452 E gralloc4: Empty SMPTE 2094-40 data
